2026-05-26 22:20:04.216 7 INFO neutron.db.ovn_revision_numbers_db [None req-646a5d3c-e632-4782-8390-00dd16bd624e 2dc2f7c41bb6433f91844d78ac4f3119 5fe8982c66c54c38b778c3d49c2115eb - - default default] Successfully bumped revision number for resource 1dc0cbec-2325-41ca-9748-d924531ec9af (type: networks) to 1
2026-05-26 22:20:04.290 7 INFO neutron.plugins.ml2.drivers.ovn.mech_driver.mech_driver [None req-d7f79f53-0663-43fb-a601-d0e74b1f5257 - - - - - -] OVN reports status down for port: cd6fd510-c266-454d-9674-91e467b65588
2026-05-26 22:20:04.319 8 INFO neutron.db.ovn_revision_numbers_db [None req-4185c2f9-6368-4fa4-80fc-1cdb29c39e79 13d36218e2dc4569932ed674c5470410 373a94198dff4f48880912bbf564e275 - - default default] Successfully bumped revision number for resource cd6fd510-c266-454d-9674-91e467b65588 (type: ports) to 1
2026-05-26 22:20:04.574 7 WARNING neutron.scheduler.dhcp_agent_scheduler [None req-646a5d3c-e632-4782-8390-00dd16bd624e 2dc2f7c41bb6433f91844d78ac4f3119 5fe8982c66c54c38b778c3d49c2115eb - - default default] No more DHCP agents
2026-05-26 22:20:04.578 7 WARNING neutron.api.rpc.agentnotifiers.dhcp_rpc_agent_api [None req-646a5d3c-e632-4782-8390-00dd16bd624e 2dc2f7c41bb6433f91844d78ac4f3119 5fe8982c66c54c38b778c3d49c2115eb - - default default] Unable to schedule network 1dc0cbec-2325-41ca-9748-d924531ec9af: no agents available; will retry on subsequent port and subnet creation events.
2026-05-26 22:20:04.698 7 INFO neutron.db.ovn_revision_numbers_db [None req-646a5d3c-e632-4782-8390-00dd16bd624e 2dc2f7c41bb6433f91844d78ac4f3119 5fe8982c66c54c38b778c3d49c2115eb - - default default] Successfully bumped revision number for resource 90fbd6f0-c4bc-4c90-a44f-d0c759c0e76f (type: ports) to 1 [pid: 7|app: 0|req: 900/1745] 10.0.0.215 () {34 vars in 670 bytes} [Tue May 26 22:20:03 2026] POST /v2.0/networks => generated 673 bytes in 805 msecs (HTTP/1.1 201) 4 headers in 162 bytes (1 switches on core 0)
2026-05-26 22:20:04.776 7 INFO neutron.api.v2.resource [None req-255786b1-b96d-4f64-a790-441037c81cec 3036b42283924f69a1c1981f9cd14496 4bd95febfa9b49f5853cb46e0ef16943 - - default default] delete failed (client error): The resource could not be found. [pid: 7|app: 0|req: 901/1746] 10.0.0.215 () {32 vars in 724 bytes} [Tue May 26 22:20:04 2026] DELETE /v2.0/routers/2517f486-1d61-4724-991d-36b90eebcf7f => generated 135 bytes in 37 msecs (HTTP/1.1 404) 4 headers in 164 bytes (1 switches on core 0)
2026-05-26 22:20:04.860 7 INFO neutron.db.ovn_revision_numbers_db [None req-d501507f-2034-43e7-924d-cfb3f25530e0 - - - - - -] Successfully bumped revision number for resource fe6a6973-9b82-4f3e-9e40-c7df877ef344 (type: ports) to 4
2026-05-26 22:20:04.892 7 INFO neutron.plugins.ml2.drivers.ovn.mech_driver.mech_driver [None req-d7f79f53-0663-43fb-a601-d0e74b1f5257 - - - - - -] OVN reports status up for port: cd6fd510-c266-454d-9674-91e467b65588
2026-05-26 22:20:04.940 7 INFO neutron.plugins.ml2.plugin [None req-d7f79f53-0663-43fb-a601-d0e74b1f5257 - - - - - -] Attempt 1 to provision port cd6fd510-c266-454d-9674-91e467b65588 [pid: 7|app: 0|req: 902/1747] 10.0.0.84 () {28 vars in 582 bytes} [Tue May 26 22:20:04 2026] GET /v2.0/routers => generated 1937 bytes in 171 msecs (HTTP/1.1 200) 4 headers in 158 bytes (1 switches on core 0)
2026-05-26 22:20:04.963 8 WARNING neutron.scheduler.dhcp_agent_scheduler [None req-4185c2f9-6368-4fa4-80fc-1cdb29c39e79 13d36218e2dc4569932ed674c5470410 373a94198dff4f48880912bbf564e275 - - default default] No more DHCP agents
2026-05-26 22:20:04.964 8 WARNING neutron.api.rpc.agentnotifiers.dhcp_rpc_agent_api [None req-4185c2f9-6368-4fa4-80fc-1cdb29c39e79 13d36218e2dc4569932ed674c5470410 373a94198dff4f48880912bbf564e275 - - default default] Unable to schedule network 005f8b5e-ed59-4cf9-ab11-001890d83742: no agents available; will retry on subsequent port and subnet creation events. [pid: 7|app: 0|req: 903/1748] 10.0.0.188 () {34 vars in 990 bytes} [Tue May 26 22:20:04 2026] GET /v2.0/ports?device_id=742a4270-0a0d-4241-81b0-1cf12641b8e7 => generated 12 bytes in 55 msecs (HTTP/1.1 200) 4 headers in 156 bytes (1 switches on core 0)
2026-05-26 22:20:05.371 8 INFO neutron.db.ovn_revision_numbers_db [None req-4185c2f9-6368-4fa4-80fc-1cdb29c39e79 13d36218e2dc4569932ed674c5470410 373a94198dff4f48880912bbf564e275 - - default default] Successfully bumped revision number for resource cd6fd510-c266-454d-9674-91e467b65588 (type: router_ports) to 1 [pid: 8|app: 0|req: 846/1749] 10.0.0.215 () {34 vars in 783 bytes} [Tue May 26 22:20:03 2026] PUT /v2.0/routers/decde769-39ea-443f-885a-e4663b8ad3e2/add_router_interface => generated 309 bytes in 1663 msecs (HTTP/1.1 200) 4 headers in 157 bytes (1 switches on core 0)
2026-05-26 22:20:05.393 8 INFO neutron.pecan_wsgi.hooks.translation [None req-6cd114ae-3eb5-402b-beba-49bcfc9ab7c5 3036b42283924f69a1c1981f9cd14496 4bd95febfa9b49f5853cb46e0ef16943 - - default default] DELETE failed (client error): The resource could not be found. [pid: 8|app: 0|req: 847/1750] 10.0.0.215 () {32 vars in 724 bytes} [Tue May 26 22:20:05 2026] DELETE /v2.0/subnets/e64c903b-d761-4149-99c6-c665405fae33 => generated 136 bytes in 17 msecs (HTTP/1.1 404) 4 headers in 164 bytes (1 switches on core 0) [pid: 8|app: 0|req: 848/1751] 10.0.0.84 () {28 vars in 623 bytes} [Tue May 26 22:20:05 2026] GET /v2.0/agents?binary=ovn-controller => generated 416 bytes in 23 msecs (HTTP/1.1 200) 4 headers in 157 bytes (1 switches on core 0) [pid: 8|app: 0|req: 849/1752] 10.0.0.215 () {32 vars in 736 bytes} [Tue May 26 22:20:05 2026] GET /v2.0/ports?device_id=18734349-c17d-4601-8eda-0fa5a42b3c55 => generated 12 bytes in 23 msecs (HTTP/1.1 200) 4 headers in 156 bytes (1 switches on core 0) [pid: 8|app: 0|req: 850/1753] 10.0.0.84 () {28 vars in 582 bytes} [Tue May 26 22:20:05 2026] GET /v2.0/subnets => generated 2649 bytes in 36 msecs (HTTP/1.1 200) 4 headers in 158 bytes (1 switches on core 0)
2026-05-26 22:20:05.498 8 INFO neutron.api.v2.resource [None req-fadcc3b2-3048-4cb4-ac64-351be475e60b 3036b42283924f69a1c1981f9cd14496 4bd95febfa9b49f5853cb46e0ef16943 - - default default] delete failed (client error): The resource could not be found. [pid: 8|app: 0|req: 851/1754] 10.0.0.215 () {32 vars in 724 bytes} [Tue May 26 22:20:05 2026] DELETE /v2.0/routers/18734349-c17d-4601-8eda-0fa5a42b3c55 => generated 135 bytes in 19 msecs (HTTP/1.1 404) 4 headers in 164 bytes (1 switches on core 0) [pid: 8|app: 0|req: 852/1755] 10.0.0.84 () {28 vars in 578 bytes} [Tue May 26 22:20:05 2026] GET /v2.0/ports => generated 14268 bytes in 85 msecs (HTTP/1.1 200) 4 headers in 159 bytes (1 switches on core 0)
2026-05-26 22:20:05.602 8 INFO neutron.pecan_wsgi.hooks.translation [None req-9f9fa6ae-a5ba-42aa-8ae6-7fce56119d61 3036b42283924f69a1c1981f9cd14496 4bd95febfa9b49f5853cb46e0ef16943 - - default default] DELETE failed (client error): The resource could not be found. [pid: 8|app: 0|req: 853/1756] 10.0.0.215 () {32 vars in 724 bytes} [Tue May 26 22:20:05 2026] DELETE /v2.0/subnets/31bbf1c7-fd15-4a44-9cfa-15a45c3f52dd => generated 136 bytes in 20 msecs (HTTP/1.1 404) 4 headers in 164 bytes (1 switches on core 0) [pid: 8|app: 0|req: 854/1757] 10.0.0.84 () {28 vars in 580 bytes} [Tue May 26 22:20:05 2026] GET /v2.0/agents => generated 1214 bytes in 15 msecs (HTTP/1.1 200) 4 headers in 158 bytes (1 switches on core 0) [pid: 8|app: 0|req: 855/1758] 10.0.0.215 () {32 vars in 736 bytes} [Tue May 26 22:20:05 2026] GET /v2.0/ports?device_id=3bd21a64-10e5-40e4-a273-81237765464d => generated 12 bytes in 13 msecs (HTTP/1.1 200) 4 headers in 156 bytes (1 switches on core 0) [pid: 8|app: 0|req: 856/1759] 10.0.0.84 () {28 vars in 618 bytes} [Tue May 26 22:20:05 2026] GET /v2.0/network-ip-availabilities => generated 2758 bytes in 13 msecs (HTTP/1.1 200) 4 headers in 158 bytes (1 switches on core 0)
2026-05-26 22:20:05.671 8 INFO neutron.api.v2.resource [None req-e9cfb60b-a7fc-494a-ba3b-251e7ad119ba 3036b42283924f69a1c1981f9cd14496 4bd95febfa9b49f5853cb46e0ef16943 - - default default] delete failed (client error): The resource could not be found. [pid: 8|app: 0|req: 857/1760] 10.0.0.215 () {32 vars in 724 bytes} [Tue May 26 22:20:05 2026] DELETE /v2.0/routers/3bd21a64-10e5-40e4-a273-81237765464d => generated 135 bytes in 23 msecs (HTTP/1.1 404) 4 headers in 164 bytes (1 switches on core 0) [pid: 8|app: 0|req: 858/1761] 10.0.0.84 () {28 vars in 590 bytes} [Tue May 26 22:20:05 2026] GET /v2.0/floatingips => generated 19 bytes in 26 msecs (HTTP/1.1 200) 4 headers in 156 bytes (1 switches on core 0)
2026-05-26 22:20:05.710 8 INFO neutron.pecan_wsgi.hooks.translation [None req-dcd9caa2-c59d-4caf-8234-596204aa58f2 3036b42283924f69a1c1981f9cd14496 4bd95febfa9b49f5853cb46e0ef16943 - - default default] DELETE failed (client error): The resource could not be found.
2026-05-26 22:20:05.710 7 WARNING neutron.scheduler.dhcp_agent_scheduler [None req-fbcfcd96-a6bd-4621-a367-23a0263ff584 2dc2f7c41bb6433f91844d78ac4f3119 5fe8982c66c54c38b778c3d49c2115eb - - default default] No more DHCP agents [pid: 8|app: 0|req: 859/1762] 10.0.0.215 () {32 vars in 724 bytes} [Tue May 26 22:20:05 2026] DELETE /v2.0/subnets/937631bc-cd3c-4276-b2da-d33792aee0f9 => generated 136 bytes in 14 msecs (HTTP/1.1 404) 4 headers in 164 bytes (1 switches on core 0)
2026-05-26 22:20:05.723 7 WARNING neutron.api.rpc.agentnotifiers.dhcp_rpc_agent_api [None req-fbcfcd96-a6bd-4621-a367-23a0263ff584 2dc2f7c41bb6433f91844d78ac4f3119 5fe8982c66c54c38b778c3d49c2115eb - - default default] Unable to schedule network 1dc0cbec-2325-41ca-9748-d924531ec9af: no agents available; will retry on subsequent port and subnet creation events.
2026-05-26 22:20:05.766 8 INFO neutron.plugins.ml2.drivers.ovn.mech_driver.mech_driver [None req-df40c047-8a52-4f71-bf5a-83944631a208 - - - - - -] OVN reports status down for port: e8a7cb57-a3c5-41f4-9033-9584d5691e77 [pid: 8|app: 0|req: 860/1763] 10.0.0.84 () {28 vars in 598 bytes} [Tue May 26 22:20:05 2026] GET /v2.0/security-groups => generated 34357 bytes in 75 msecs (HTTP/1.1 200) 4 headers in 159 bytes (1 switches on core 0)
2026-05-26 22:20:05.799 7 INFO neutron.db.ovn_revision_numbers_db [None req-fbcfcd96-a6bd-4621-a367-23a0263ff584 2dc2f7c41bb6433f91844d78ac4f3119 5fe8982c66c54c38b778c3d49c2115eb - - default default] Successfully bumped revision number for resource b8fc788b-5df4-4670-af6b-f9a1e388528e (type: subnets) to 0
2026-05-26 22:20:05.818 8 INFO neutron.pecan_wsgi.hooks.translation [None req-8e4e00c2-9fba-4bfb-b901-3220f77735a8 3036b42283924f69a1c1981f9cd14496 4bd95febfa9b49f5853cb46e0ef16943 - - default default] DELETE failed (client error): The resource could not be found. [pid: 8|app: 0|req: 861/1764] 10.0.0.215 () {32 vars in 724 bytes} [Tue May 26 22:20:05 2026] DELETE /v2.0/subnets/61573124-cee9-4a1b-bbc9-dd20d4b7be87 => generated 136 bytes in 34 msecs (HTTP/1.1 404) 4 headers in 164 bytes (1 switches on core 0) [pid: 7|app: 0|req: 904/1765] 10.0.0.215 () {34 vars in 669 bytes} [Tue May 26 22:20:05 2026] POST /v2.0/subnets => generated 646 bytes in 861 msecs (HTTP/1.1 201) 4 headers in 162 bytes (1 switches on core 0)
2026-05-26 22:20:05.891 8 INFO neutron.plugins.ml2.drivers.ovn.mech_driver.mech_driver [None req-df40c047-8a52-4f71-bf5a-83944631a208 - - - - - -] OVN reports status down for port: 90fbd6f0-c4bc-4c90-a44f-d0c759c0e76f [pid: 7|app: 0|req: 905/1766] 199.204.45.4 () {34 vars in 984 bytes} [Tue May 26 22:20:05 2026] GET /v2.0/networks?id=b4f38875-ce44-450f-b290-d9ff4d880ebe => generated 698 bytes in 164 msecs (HTTP/1.1 200) 4 headers in 157 bytes (1 switches on core 0)
2026-05-26 22:20:06.138 7 INFO neutron.db.ovn_revision_numbers_db [None req-d7f79f53-0663-43fb-a601-d0e74b1f5257 - - - - - -] Successfully bumped revision number for resource cd6fd510-c266-454d-9674-91e467b65588 (type: ports) to 2
2026-05-26 22:20:06.151 7 INFO neutron.db.ovn_revision_numbers_db [None req-d501507f-2034-43e7-924d-cfb3f25530e0 - - - - - -] Successfully bumped revision number for resource fe6a6973-9b82-4f3e-9e40-c7df877ef344 (type: ports) to 5 [pid: 7|app: 0|req: 906/1767] 199.204.45.4 () {34 vars in 1048 bytes} [Tue May 26 22:20:06 2026] GET /v2.0/security-groups?fields=id&fields=name&tenant_id=38895afa194a4465985f2332178b1b5d => generated 180 bytes in 102 msecs (HTTP/1.1 200) 4 headers in 157 bytes (1 switches on core 0) [pid: 7|app: 0|req: 907/1768] 10.0.0.188 () {34 vars in 990 bytes} [Tue May 26 22:20:06 2026] GET /v2.0/ports?device_id=742a4270-0a0d-4241-81b0-1cf12641b8e7 => generated 12 bytes in 55 msecs (HTTP/1.1 200) 4 headers in 156 bytes (1 switches on core 0)
2026-05-26 22:20:06.239 8 WARNING neutron.scheduler.dhcp_agent_scheduler [None req-1690a916-144f-4953-ba48-19662087cc59 2dc2f7c41bb6433f91844d78ac4f3119 5fe8982c66c54c38b778c3d49c2115eb - - default default] No more DHCP agents
2026-05-26 22:20:06.241 8 WARNING neutron.api.rpc.agentnotifiers.dhcp_rpc_agent_api [None req-1690a916-144f-4953-ba48-19662087cc59 2dc2f7c41bb6433f91844d78ac4f3119 5fe8982c66c54c38b778c3d49c2115eb - - default default] Unable to schedule network 1dc0cbec-2325-41ca-9748-d924531ec9af: no agents available; will retry on subsequent port and subnet creation events.
2026-05-26 22:20:06.331 8 INFO neutron.plugins.ml2.drivers.ovn.mech_driver.mech_driver [None req-df40c047-8a52-4f71-bf5a-83944631a208 - - - - - -] OVN reports status down for port: 84089bd3-b80b-434b-8a58-4e48676d09eb
2026-05-26 22:20:06.388 8 INFO neutron.db.ovn_revision_numbers_db [None req-1690a916-144f-4953-ba48-19662087cc59 2dc2f7c41bb6433f91844d78ac4f3119 5fe8982c66c54c38b778c3d49c2115eb - - default default] Successfully bumped revision number for resource 84089bd3-b80b-434b-8a58-4e48676d09eb (type: ports) to 1 [pid: 8|app: 0|req: 862/1769] 10.0.0.215 () {34 vars in 665 bytes} [Tue May 26 22:20:05 2026] POST /v2.0/ports => generated 966 bytes in 640 msecs (HTTP/1.1 201) 4 headers in 162 bytes (1 switches on core 0)
2026-05-26 22:20:06.670 7 WARNING neutron.scheduler.dhcp_agent_scheduler [req-50537364-d4d7-4a2d-bd3c-5578b8257da2 req-ce1bea54-7dd4-4972-93ec-b49861af6cbb e20c9e0b3f8741cb898d3ff2bc81e92c 38895afa194a4465985f2332178b1b5d - - default default] No more DHCP agents
2026-05-26 22:20:06.672 7 WARNING neutron.api.rpc.agentnotifiers.dhcp_rpc_agent_api [req-50537364-d4d7-4a2d-bd3c-5578b8257da2 req-ce1bea54-7dd4-4972-93ec-b49861af6cbb e20c9e0b3f8741cb898d3ff2bc81e92c 38895afa194a4465985f2332178b1b5d - - default default] Unable to schedule network b4f38875-ce44-450f-b290-d9ff4d880ebe: no agents available; will retry on subsequent port and subnet creation events. /var/lib/openstack/lib/python3.12/site-packages/pycadf/identifier.py:70: UserWarning: Invalid uuid: neutron. To ensure interoperability, identifiers should be a valid uuid. warnings.warn(('Invalid uuid: %s. To ensure interoperability, ' [pid: 8|app: 0|req: 863/1770] 10.0.0.215 () {32 vars in 774 bytes} [Tue May 26 22:20:06 2026] GET /v2.0/security-groups?tenant_id=4bd95febfa9b49f5853cb46e0ef16943&name=default => generated 2925 bytes in 195 msecs (HTTP/1.1 200) 4 headers in 158 bytes (1 switches on core 0)
2026-05-26 22:20:06.800 7 INFO neutron.db.ovn_revision_numbers_db [req-50537364-d4d7-4a2d-bd3c-5578b8257da2 req-ce1bea54-7dd4-4972-93ec-b49861af6cbb e20c9e0b3f8741cb898d3ff2bc81e92c 38895afa194a4465985f2332178b1b5d - - default default] Successfully bumped revision number for resource 34160e78-e751-47bf-9dd9-243b8f8355e6 (type: ports) to 1 [pid: 7|app: 0|req: 908/1771] 199.204.45.4 () {38 vars in 953 bytes} [Tue May 26 22:20:06 2026] POST /v2.0/ports => generated 958 bytes in 645 msecs (HTTP/1.1 201) 4 headers in 162 bytes (1 switches on core 0) /var/lib/openstack/lib/python3.12/site-packages/pycadf/identifier.py:70: UserWarning: Invalid uuid: neutron. To ensure interoperability, identifiers should be a valid uuid. warnings.warn(('Invalid uuid: %s. To ensure interoperability, '
2026-05-26 22:20:06.862 8 INFO neutron_taas.services.taas.taas_plugin [None req-531eeaa6-3c81-4938-b2af-833c6e7790bb 2dc2f7c41bb6433f91844d78ac4f3119 5fe8982c66c54c38b778c3d49c2115eb - - default default] TaaS: Handle Delete Port: 84089bd3-b80b-434b-8a58-4e48676d09eb
2026-05-26 22:20:06.865 8 INFO neutron_taas.services.taas.tap_mirror_plugin [None req-531eeaa6-3c81-4938-b2af-833c6e7790bb 2dc2f7c41bb6433f91844d78ac4f3119 5fe8982c66c54c38b778c3d49c2115eb - - default default] Tap Mirror: Handle Delete Port: 84089bd3-b80b-434b-8a58-4e48676d09eb [pid: 8|app: 0|req: 864/1772] 10.0.0.215 () {32 vars in 720 bytes} [Tue May 26 22:20:06 2026] DELETE /v2.0/ports/84089bd3-b80b-434b-8a58-4e48676d09eb => generated 0 bytes in 290 msecs (HTTP/1.1 204) 3 headers in 131 bytes (1 switches on core 0)
2026-05-26 22:20:07.048 7 INFO neutron.db.ovn_revision_numbers_db [None req-56dd40af-74ec-456a-9d0f-76166bb25168 13d36218e2dc4569932ed674c5470410 373a94198dff4f48880912bbf564e275 - - default default] Successfully bumped revision number for resource 62ca8594-288d-4529-a2b7-828facb1d86a (type: security_groups) to 1
2026-05-26 22:20:07.057 7 INFO neutron.db.ovn_revision_numbers_db [None req-56dd40af-74ec-456a-9d0f-76166bb25168 13d36218e2dc4569932ed674c5470410 373a94198dff4f48880912bbf564e275 - - default default] Successfully bumped revision number for resource 3cefa8d7-1ec9-4c8c-9bb1-51c76b9cd6dd (type: security_group_rules) to 0
2026-05-26 22:20:07.069 7 INFO neutron.db.ovn_revision_numbers_db [None req-56dd40af-74ec-456a-9d0f-76166bb25168 13d36218e2dc4569932ed674c5470410 373a94198dff4f48880912bbf564e275 - - default default] Successfully bumped revision number for resource 96c3c553-e776-473e-ad57-cdebc2d6d71a (type: security_group_rules) to 0
2026-05-26 22:20:07.079 7 INFO neutron.db.ovn_revision_numbers_db [None req-56dd40af-74ec-456a-9d0f-76166bb25168 13d36218e2dc4569932ed674c5470410 373a94198dff4f48880912bbf564e275 - - default default] Successfully bumped revision number for resource b104fdd6-0acf-4482-aa41-7d1314cb1cca (type: security_group_rules) to 0
2026-05-26 22:20:07.091 7 INFO neutron.db.ovn_revision_numbers_db [None req-56dd40af-74ec-456a-9d0f-76166bb25168 13d36218e2dc4569932ed674c5470410 373a94198dff4f48880912bbf564e275 - - default default] Successfully bumped revision number for resource f03f8869-28dc-49ac-a3d8-8a0966ec635a (type: security_group_rules) to 0
2026-05-26 22:20:07.164 7 INFO neutron.db.segments_db [None req-56dd40af-74ec-456a-9d0f-76166bb25168 13d36218e2dc4569932ed674c5470410 373a94198dff4f48880912bbf564e275 - - default default] Added segment af478f27-9b4f-4ba6-b062-b9e4483ea3be of type geneve for network f374fc18-bcd6-4b53-ac93-63f0f4a06ec8 [pid: 8|app: 0|req: 865/1773] 10.0.0.215 () {32 vars in 740 bytes} [Tue May 26 22:20:06 2026] DELETE /v2.0/security-groups/f8bbe8c7-c08b-49ee-881c-c005dd5f606f => generated 0 bytes in 238 msecs (HTTP/1.1 204) 2 headers in 112 bytes (1 switches on core 0)
2026-05-26 22:20:07.274 7 INFO neutron.db.ovn_revision_numbers_db [None req-56dd40af-74ec-456a-9d0f-76166bb25168 13d36218e2dc4569932ed674c5470410 373a94198dff4f48880912bbf564e275 - - default default] Successfully bumped revision number for resource f374fc18-bcd6-4b53-ac93-63f0f4a06ec8 (type: networks) to 1
2026-05-26 22:20:07.439 7 WARNING neutron.scheduler.dhcp_agent_scheduler [None req-56dd40af-74ec-456a-9d0f-76166bb25168 13d36218e2dc4569932ed674c5470410 373a94198dff4f48880912bbf564e275 - - default default] No more DHCP agents
2026-05-26 22:20:07.447 7 WARNING neutron.api.rpc.agentnotifiers.dhcp_rpc_agent_api [None req-56dd40af-74ec-456a-9d0f-76166bb25168 13d36218e2dc4569932ed674c5470410 373a94198dff4f48880912bbf564e275 - - default default] Unable to schedule network f374fc18-bcd6-4b53-ac93-63f0f4a06ec8: no agents available; will retry on subsequent port and subnet creation events.
2026-05-26 22:20:07.537 7 INFO neutron.db.ovn_revision_numbers_db [None req-56dd40af-74ec-456a-9d0f-76166bb25168 13d36218e2dc4569932ed674c5470410 373a94198dff4f48880912bbf564e275 - - default default] Successfully bumped revision number for resource f7e81025-7132-4e18-9f2e-0e394a0cdcde (type: ports) to 1 [pid: 7|app: 0|req: 909/1774] 10.0.0.215 () {34 vars in 671 bytes} [Tue May 26 22:20:06 2026] POST /v2.0/networks => generated 782 bytes in 701 msecs (HTTP/1.1 201) 4 headers in 162 bytes (1 switches on core 0)
2026-05-26 22:20:07.573 7 INFO neutron.pecan_wsgi.hooks.translation [None req-c010dbf5-547f-4839-b706-30cf62a276fc 2dc2f7c41bb6433f91844d78ac4f3119 5fe8982c66c54c38b778c3d49c2115eb - - default default] DELETE failed (client error): The resource could not be found. [pid: 7|app: 0|req: 910/1775] 10.0.0.215 () {32 vars in 720 bytes} [Tue May 26 22:20:07 2026] DELETE /v2.0/ports/84089bd3-b80b-434b-8a58-4e48676d09eb => generated 132 bytes in 15 msecs (HTTP/1.1 404) 4 headers in 164 bytes (1 switches on core 0)
2026-05-26 22:20:07.614 8 INFO neutron.db.ovn_revision_numbers_db [req-50537364-d4d7-4a2d-bd3c-5578b8257da2 req-11163246-8e32-4c52-a476-388489b8d01f 52d5e903e35f4bdb8460cabf56fd8396 0bbcbd87b2734a92ac95c8b2621139e8 - - 405304edf66b43718b62ed458fabbf70 405304edf66b43718b62ed458fabbf70] Successfully bumped revision number for resource 34160e78-e751-47bf-9dd9-243b8f8355e6 (type: ports) to 2 [pid: 7|app: 0|req: 911/1776] 10.0.0.188 () {34 vars in 990 bytes} [Tue May 26 22:20:07 2026] GET /v2.0/ports?device_id=742a4270-0a0d-4241-81b0-1cf12641b8e7 => generated 973 bytes in 47 msecs (HTTP/1.1 200) 4 headers in 157 bytes (1 switches on core 0)
2026-05-26 22:20:07.753 7 WARNING neutron.scheduler.dhcp_agent_scheduler [None req-ecd84b13-b904-4805-b60b-bc839e88531c 13d36218e2dc4569932ed674c5470410 373a94198dff4f48880912bbf564e275 - - default default] No more DHCP agents
2026-05-26 22:20:07.754 7 WARNING neutron.api.rpc.agentnotifiers.dhcp_rpc_agent_api [None req-ecd84b13-b904-4805-b60b-bc839e88531c 13d36218e2dc4569932ed674c5470410 373a94198dff4f48880912bbf564e275 - - default default] Unable to schedule network f374fc18-bcd6-4b53-ac93-63f0f4a06ec8: no agents available; will retry on subsequent port and subnet creation events.
2026-05-26 22:20:07.817 8 INFO neutron.db.ovn_revision_numbers_db [req-50537364-d4d7-4a2d-bd3c-5578b8257da2 req-11163246-8e32-4c52-a476-388489b8d01f 52d5e903e35f4bdb8460cabf56fd8396 0bbcbd87b2734a92ac95c8b2621139e8 - - 405304edf66b43718b62ed458fabbf70 405304edf66b43718b62ed458fabbf70] Successfully bumped revision number for resource 34160e78-e751-47bf-9dd9-243b8f8355e6 (type: ports) to 4 [pid: 8|app: 0|req: 866/1777] 199.204.45.4 () {38 vars in 1026 bytes} [Tue May 26 22:20:07 2026] PUT /v2.0/ports/34160e78-e751-47bf-9dd9-243b8f8355e6 => generated 1208 bytes in 600 msecs (HTTP/1.1 200) 4 headers in 158 bytes (1 switches on core 0) /var/lib/openstack/lib/python3.12/site-packages/pycadf/identifier.py:70: UserWarning: Invalid uuid: neutron. To ensure interoperability, identifiers should be a valid uuid. warnings.warn(('Invalid uuid: %s. To ensure interoperability, '
2026-05-26 22:20:07.863 8 INFO neutron.pecan_wsgi.hooks.translation [None req-ba2e350b-c486-4d59-882a-3e7b6570a386 2dc2f7c41bb6433f91844d78ac4f3119 5fe8982c66c54c38b778c3d49c2115eb - - default default] GET failed (client error): The resource could not be found. [pid: 8|app: 0|req: 867/1778] 10.0.0.215 () {32 vars in 717 bytes} [Tue May 26 22:20:07 2026] GET /v2.0/ports/84089bd3-b80b-434b-8a58-4e48676d09eb => generated 132 bytes in 28 msecs (HTTP/1.1 404) 4 headers in 164 bytes (1 switches on core 0)
2026-05-26 22:20:07.892 8 INFO neutron.notifiers.nova [-] Nova event matching ['req-7ff9fd41-98f5-43a3-889a-5361b9512a96'] response: {'name': 'network-changed', 'server_uuid': '742a4270-0a0d-4241-81b0-1cf12641b8e7', 'tag': '34160e78-e751-47bf-9dd9-243b8f8355e6', 'status': 'completed', 'code': 200} [pid: 8|app: 0|req: 868/1779] 10.0.0.188 () {34 vars in 1040 bytes} [Tue May 26 22:20:07 2026] GET /v2.0/security-groups?id=89b1087d-395c-4e15-900e-0c1921854b00&fields=id&fields=name => generated 113 bytes in 30 msecs (HTTP/1.1 200) 4 headers in 157 bytes (1 switches on core 0) [pid: 8|app: 0|req: 869/1780] 10.0.0.215 () {32 vars in 724 bytes} [Tue May 26 22:20:07 2026] DELETE /v2.0/subnets/b8fc788b-5df4-4670-af6b-f9a1e388528e => generated 0 bytes in 143 msecs (HTTP/1.1 204) 3 headers in 131 bytes (1 switches on core 0)
2026-05-26 22:20:08.190 8 INFO neutron_taas.services.taas.taas_plugin [None req-73cb9ffc-2181-42e1-91f1-eee55a89be85 2dc2f7c41bb6433f91844d78ac4f3119 5fe8982c66c54c38b778c3d49c2115eb - - default default] TaaS: Handle Delete Port: 90fbd6f0-c4bc-4c90-a44f-d0c759c0e76f
2026-05-26 22:20:08.192 8 INFO neutron_taas.services.taas.tap_mirror_plugin [None req-73cb9ffc-2181-42e1-91f1-eee55a89be85 2dc2f7c41bb6433f91844d78ac4f3119 5fe8982c66c54c38b778c3d49c2115eb - - default default] Tap Mirror: Handle Delete Port: 90fbd6f0-c4bc-4c90-a44f-d0c759c0e76f
2026-05-26 22:20:08.207 7 INFO neutron.db.ovn_revision_numbers_db [None req-f5eedc98-b04a-419f-a37e-6739731e6984 - - - - - -] Successfully bumped revision number for resource f7e81025-7132-4e18-9f2e-0e394a0cdcde (type: ports) to 2
2026-05-26 22:20:08.230 7 INFO neutron.db.ovn_revision_numbers_db [None req-f5eedc98-b04a-419f-a37e-6739731e6984 - - - - - -] Successfully bumped revision number for resource 62c28e4d-c100-489e-b6fd-1e354316bc3f (type: subnets) to 0 [pid: 7|app: 0|req: 912/1781] 10.0.0.215 () {34 vars in 669 bytes} [Tue May 26 22:20:07 2026] POST /v2.0/subnets => generated 688 bytes in 623 msecs (HTTP/1.1 201) 4 headers in 162 bytes (1 switches on core 0)
2026-05-26 22:20:08.368 8 INFO neutron.services.segments.plugin [-] Segment 5eb8a50c-6e94-4c9d-a221-1eb0e3b12312 resource provider aggregate not found
2026-05-26 22:20:08.371 8 INFO neutron.services.segments.plugin [-] Segment 5eb8a50c-6e94-4c9d-a221-1eb0e3b12312 resource provider aggregate not found
2026-05-26 22:20:08.386 8 INFO neutron.services.segments.plugin [-] Segment 5eb8a50c-6e94-4c9d-a221-1eb0e3b12312 resource provider not found; error: Placement Client Error (4xx): {"errors": [{"status": 404, "title": "Not Found", "detail": "The resource could not be found.\n\n No resource provider with uuid 5eb8a50c-6e94-4c9d-a221-1eb0e3b12312 found for delete ", "request_id": "req-9c771d9f-e006-4ec4-a563-28655b280add"}]}
2026-05-26 22:20:08.402 8 INFO neutron.services.segments.plugin [-] Segment 5eb8a50c-6e94-4c9d-a221-1eb0e3b12312 resource provider not found; error: Placement Client Error (4xx): {"errors": [{"status": 404, "title": "Not Found", "detail": "The resource could not be found.\n\n No resource provider with uuid 5eb8a50c-6e94-4c9d-a221-1eb0e3b12312 found for delete ", "request_id": "req-af78621e-1825-4aa5-8f7a-bd2a5400b24d"}]} [pid: 8|app: 0|req: 870/1782] 10.0.0.215 () {32 vars in 726 bytes} [Tue May 26 22:20:08 2026] DELETE /v2.0/networks/1dc0cbec-2325-41ca-9748-d924531ec9af => generated 0 bytes in 370 msecs (HTTP/1.1 204) 3 headers in 131 bytes (1 switches on core 0) [pid: 8|app: 0|req: 871/1783] 199.204.45.4 () {34 vars in 1078 bytes} [Tue May 26 22:20:08 2026] GET /v2.0/ports?tenant_id=38895afa194a4465985f2332178b1b5d&device_id=742a4270-0a0d-4241-81b0-1cf12641b8e7 => generated 1211 bytes in 37 msecs (HTTP/1.1 200) 4 headers in 158 bytes (1 switches on core 0)
2026-05-26 22:20:08.528 8 INFO neutron.db.segments_db [None req-ab30a4b2-2818-4689-9516-297f2b97f427 2dc2f7c41bb6433f91844d78ac4f3119 5fe8982c66c54c38b778c3d49c2115eb - - default default] Added segment 0912453d-3488-41eb-9dbf-21cc7d98c055 of type geneve for network e49a73c8-3ca9-4757-9eba-44684bd21994
2026-05-26 22:20:08.619 8 INFO neutron.db.ovn_revision_numbers_db [None req-ab30a4b2-2818-4689-9516-297f2b97f427 2dc2f7c41bb6433f91844d78ac4f3119 5fe8982c66c54c38b778c3d49c2115eb - - default default] Successfully bumped revision number for resource e49a73c8-3ca9-4757-9eba-44684bd21994 (type: networks) to 1
2026-05-26 22:20:08.664 7 WARNING neutron.scheduler.dhcp_agent_scheduler [None req-0e1452f7-3fdf-42ef-987f-feb0df3f041c 13d36218e2dc4569932ed674c5470410 373a94198dff4f48880912bbf564e275 - - default default] No more DHCP agents
2026-05-26 22:20:08.667 7 WARNING neutron.api.rpc.agentnotifiers.dhcp_rpc_agent_api [None req-0e1452f7-3fdf-42ef-987f-feb0df3f041c 13d36218e2dc4569932ed674c5470410 373a94198dff4f48880912bbf564e275 - - default default] Unable to schedule network feaa694f-c489-4995-b81c-2c4b2af3c2ea: no agents available; will retry on subsequent port and subnet creation events.
2026-05-26 22:20:08.774 8 WARNING neutron.scheduler.dhcp_agent_scheduler [None req-ab30a4b2-2818-4689-9516-297f2b97f427 2dc2f7c41bb6433f91844d78ac4f3119 5fe8982c66c54c38b778c3d49c2115eb - - default default] No more DHCP agents
2026-05-26 22:20:08.776 8 WARNING neutron.api.rpc.agentnotifiers.dhcp_rpc_agent_api [None req-ab30a4b2-2818-4689-9516-297f2b97f427 2dc2f7c41bb6433f91844d78ac4f3119 5fe8982c66c54c38b778c3d49c2115eb - - default default] Unable to schedule network e49a73c8-3ca9-4757-9eba-44684bd21994: no agents available; will retry on subsequent port and subnet creation events.
2026-05-26 22:20:08.796 7 INFO neutron.db.ovn_revision_numbers_db [None req-0e1452f7-3fdf-42ef-987f-feb0df3f041c 13d36218e2dc4569932ed674c5470410 373a94198dff4f48880912bbf564e275 - - default default] Successfully bumped revision number for resource 0dea8820-26e8-48e1-ad9e-db3a21f0bbce (type: ports) to 1
2026-05-26 22:20:08.862 8 INFO neutron.db.ovn_revision_numbers_db [None req-ab30a4b2-2818-4689-9516-297f2b97f427 2dc2f7c41bb6433f91844d78ac4f3119 5fe8982c66c54c38b778c3d49c2115eb - - default default] Successfully bumped revision number for resource 64ba3e7f-41e5-41ef-8a90-6d0d5936ded1 (type: ports) to 1 [pid: 8|app: 0|req: 872/1784] 10.0.0.215 () {34 vars in 670 bytes} [Tue May 26 22:20:08 2026] POST /v2.0/networks => generated 673 bytes in 430 msecs (HTTP/1.1 201) 4 headers in 162 bytes (1 switches on core 0) [pid: 8|app: 0|req: 873/1785] 199.204.45.4 () {34 vars in 1016 bytes} [Tue May 26 22:20:08 2026] GET /v2.0/networks?tenant_id=38895afa194a4465985f2332178b1b5d&shared=False => generated 797 bytes in 42 msecs (HTTP/1.1 200) 4 headers in 157 bytes (1 switches on core 0)
2026-05-26 22:20:09.120 8 WARNING neutron.scheduler.dhcp_agent_scheduler [None req-8312117f-a8bf-4c94-9c89-3850d3e98307 2dc2f7c41bb6433f91844d78ac4f3119 5fe8982c66c54c38b778c3d49c2115eb - - default default] No more DHCP agents
2026-05-26 22:20:09.121 8 WARNING neutron.api.rpc.agentnotifiers.dhcp_rpc_agent_api [None req-8312117f-a8bf-4c94-9c89-3850d3e98307 2dc2f7c41bb6433f91844d78ac4f3119 5fe8982c66c54c38b778c3d49c2115eb - - default default] Unable to schedule network e49a73c8-3ca9-4757-9eba-44684bd21994: no agents available; will retry on subsequent port and subnet creation events.
2026-05-26 22:20:09.148 8 INFO neutron.db.ovn_revision_numbers_db [None req-8312117f-a8bf-4c94-9c89-3850d3e98307 2dc2f7c41bb6433f91844d78ac4f3119 5fe8982c66c54c38b778c3d49c2115eb - - default default] Successfully bumped revision number for resource 0756c2a9-5e89-4e5c-990b-56985dde1896 (type: subnets) to 0 [pid: 8|app: 0|req: 874/1786] 10.0.0.215 () {34 vars in 669 bytes} [Tue May 26 22:20:08 2026] POST /v2.0/subnets => generated 646 bytes in 240 msecs (HTTP/1.1 201) 4 headers in 162 bytes (1 switches on core 0) [pid: 8|app: 0|req: 875/1787] 199.204.45.4 () {34 vars in 928 bytes} [Tue May 26 22:20:09 2026] GET /v2.0/networks?shared=True => generated 791 bytes in 44 msecs (HTTP/1.1 200) 4 headers in 157 bytes (1 switches on core 0) [pid: 8|app: 0|req: 876/1788] 10.0.0.188 () {34 vars in 990 bytes} [Tue May 26 22:20:09 2026] GET /v2.0/ports?device_id=742a4270-0a0d-4241-81b0-1cf12641b8e7 => generated 973 bytes in 70 msecs (HTTP/1.1 200) 4 headers in 157 bytes (1 switches on core 0)
2026-05-26 22:20:09.508 7 INFO neutron.plugins.ml2.drivers.ovn.mech_driver.ovsdb.commands [None req-7d0f3b98-0e01-4220-a2ea-f8fd0d417d61 - - - - - -] Schedule LRP lrp-0dea8820-26e8-48e1-ad9e-db3a21f0bbce on gateway bd630b39-f700-4d38-9785-a47f426a78ed with priority 1
2026-05-26 22:20:09.532 7 INFO neutron.plugins.ml2.drivers.ovn.mech_driver.ovsdb.ovsdb_monitor [None req-d501507f-2034-43e7-924d-cfb3f25530e0 - - - - - -] Router 933e1374-bda3-4ebd-988f-4a9b1afb7fa1 is bound to host instance
2026-05-26 22:20:09.592 8 WARNING neutron.scheduler.dhcp_agent_scheduler [None req-ff0c8318-01f2-4c17-b442-513c364bd0c9 2dc2f7c41bb6433f91844d78ac4f3119 5fe8982c66c54c38b778c3d49c2115eb - - default default] No more DHCP agents
2026-05-26 22:20:09.593 8 WARNING neutron.api.rpc.agentnotifiers.dhcp_rpc_agent_api [None req-ff0c8318-01f2-4c17-b442-513c364bd0c9 2dc2f7c41bb6433f91844d78ac4f3119 5fe8982c66c54c38b778c3d49c2115eb - - default default] Unable to schedule network e49a73c8-3ca9-4757-9eba-44684bd21994: no agents available; will retry on subsequent port and subnet creation events.
2026-05-26 22:20:09.616 7 INFO neutron.db.ovn_revision_numbers_db [None req-0e1452f7-3fdf-42ef-987f-feb0df3f041c 13d36218e2dc4569932ed674c5470410 373a94198dff4f48880912bbf564e275 - - default default] Successfully bumped revision number for resource 0dea8820-26e8-48e1-ad9e-db3a21f0bbce (type: router_ports) to 1
2026-05-26 22:20:09.693 8 INFO neutron.plugins.ml2.drivers.ovn.mech_driver.mech_driver [None req-df40c047-8a52-4f71-bf5a-83944631a208 - - - - - -] OVN reports status down for port: d718262c-8a3d-4ed2-b284-9bd2ab7cb6cb
2026-05-26 22:20:09.773 8 INFO neutron.db.ovn_revision_numbers_db [None req-ff0c8318-01f2-4c17-b442-513c364bd0c9 2dc2f7c41bb6433f91844d78ac4f3119 5fe8982c66c54c38b778c3d49c2115eb - - default default] Successfully bumped revision number for resource d718262c-8a3d-4ed2-b284-9bd2ab7cb6cb (type: ports) to 1 [pid: 8|app: 0|req: 877/1789] 10.0.0.215 () {34 vars in 665 bytes} [Tue May 26 22:20:09 2026] POST /v2.0/ports => generated 928 bytes in 543 msecs (HTTP/1.1 201) 4 headers in 162 bytes (1 switches on core 0)
2026-05-26 22:20:09.835 7 INFO neutron.db.ovn_revision_numbers_db [None req-0e1452f7-3fdf-42ef-987f-feb0df3f041c 13d36218e2dc4569932ed674c5470410 373a94198dff4f48880912bbf564e275 - - default default] Successfully bumped revision number for resource 933e1374-bda3-4ebd-988f-4a9b1afb7fa1 (type: routers) to 2 [pid: 8|app: 0|req: 878/1790] 10.0.0.188 () {34 vars in 1040 bytes} [Tue May 26 22:20:09 2026] GET /v2.0/security-groups?id=89b1087d-395c-4e15-900e-0c1921854b00&fields=id&fields=name => generated 113 bytes in 35 msecs (HTTP/1.1 200) 4 headers in 157 bytes (1 switches on core 0) [pid: 7|app: 0|req: 913/1791] 10.0.0.215 () {34 vars in 669 bytes} [Tue May 26 22:20:08 2026] POST /v2.0/routers => generated 966 bytes in 1618 msecs (HTTP/1.1 201) 4 headers in 162 bytes (1 switches on core 0)
2026-05-26 22:20:10.001 8 INFO neutron_taas.services.taas.taas_plugin [None req-33d6dff2-baa6-48ce-8340-9cae917ac9db 2dc2f7c41bb6433f91844d78ac4f3119 5fe8982c66c54c38b778c3d49c2115eb - - default default] TaaS: Handle Delete Port: d718262c-8a3d-4ed2-b284-9bd2ab7cb6cb
2026-05-26 22:20:10.004 8 INFO neutron_taas.services.taas.tap_mirror_plugin [None req-33d6dff2-baa6-48ce-8340-9cae917ac9db 2dc2f7c41bb6433f91844d78ac4f3119 5fe8982c66c54c38b778c3d49c2115eb - - default default] Tap Mirror: Handle Delete Port: d718262c-8a3d-4ed2-b284-9bd2ab7cb6cb [pid: 8|app: 0|req: 879/1792] 10.0.0.215 () {32 vars in 720 bytes} [Tue May 26 22:20:09 2026] DELETE /v2.0/ports/d718262c-8a3d-4ed2-b284-9bd2ab7cb6cb => generated 0 bytes in 264 msecs (HTTP/1.1 204) 3 headers in 131 bytes (1 switches on core 0)
2026-05-26 22:20:10.151 8 INFO neutron.pecan_wsgi.hooks.translation [None req-34c75bc1-c84d-4f26-b5f5-d3374d1d415e 2dc2f7c41bb6433f91844d78ac4f3119 5fe8982c66c54c38b778c3d49c2115eb - - default default] GET failed (client error): The resource could not be found. [pid: 8|app: 0|req: 882/1795] 10.0.0.215 () {32 vars in 717 bytes} [Tue May 26 22:20:10 2026] GET /v2.0/ports/d718262c-8a3d-4ed2-b284-9bd2ab7cb6cb => generated 132 bytes in 19 msecs (HTTP/1.1 404) 4 headers in 164 bytes (1 switches on core 0) [pid: 8|app: 0|req: 883/1796] 10.0.0.215 () {32 vars in 724 bytes} [Tue May 26 22:20:10 2026] DELETE /v2.0/subnets/0756c2a9-5e89-4e5c-990b-56985dde1896 => generated 0 bytes in 119 msecs (HTTP/1.1 204) 3 headers in 131 bytes (1 switches on core 0) [pid: 8|app: 0|req: 884/1797] 199.204.45.4 () {34 vars in 1078 bytes} [Tue May 26 22:20:10 2026] GET /v2.0/ports?tenant_id=38895afa194a4465985f2332178b1b5d&device_id=742a4270-0a0d-4241-81b0-1cf12641b8e7 => generated 1211 bytes in 29 msecs (HTTP/1.1 200) 4 headers in 158 bytes (1 switches on core 0)
2026-05-26 22:20:10.407 8 INFO neutron_taas.services.taas.taas_plugin [None req-cf0ad657-8a26-4431-8b76-9c6e324e38b5 2dc2f7c41bb6433f91844d78ac4f3119 5fe8982c66c54c38b778c3d49c2115eb - - default default] TaaS: Handle Delete Port: 64ba3e7f-41e5-41ef-8a90-6d0d5936ded1
2026-05-26 22:20:10.411 8 INFO neutron_taas.services.taas.tap_mirror_plugin [None req-cf0ad657-8a26-4431-8b76-9c6e324e38b5 2dc2f7c41bb6433f91844d78ac4f3119 5fe8982c66c54c38b778c3d49c2115eb - - default default] Tap Mirror: Handle Delete Port: 64ba3e7f-41e5-41ef-8a90-6d0d5936ded1
2026-05-26 22:20:10.570 8 INFO neutron.services.segments.plugin [-] Segment 0912453d-3488-41eb-9dbf-21cc7d98c055 resource provider aggregate not found
2026-05-26 22:20:10.571 8 INFO neutron.services.segments.plugin [-] Segment 0912453d-3488-41eb-9dbf-21cc7d98c055 resource provider aggregate not found
2026-05-26 22:20:10.591 8 INFO neutron.services.segments.plugin [-] Segment 0912453d-3488-41eb-9dbf-21cc7d98c055 resource provider not found; error: Placement Client Error (4xx): {"errors": [{"status": 404, "title": "Not Found", "detail": "The resource could not be found.\n\n No resource provider with uuid 0912453d-3488-41eb-9dbf-21cc7d98c055 found for delete ", "request_id": "req-9278e8e8-c69c-4b67-8eb5-098713e0da8c"}]}
2026-05-26 22:20:10.594 8 INFO neutron.services.segments.plugin [-] Segment 0912453d-3488-41eb-9dbf-21cc7d98c055 resource provider not found; error: Placement Client Error (4xx): {"errors": [{"status": 404, "title": "Not Found", "detail": "The resource could not be found.\n\n No resource provider with uuid 0912453d-3488-41eb-9dbf-21cc7d98c055 found for delete ", "request_id": "req-450b2978-627a-4703-87b1-bebf573fc5a8"}]} [pid: 8|app: 0|req: 885/1798] 10.0.0.215 () {32 vars in 726 bytes} [Tue May 26 22:20:10 2026] DELETE /v2.0/networks/e49a73c8-3ca9-4757-9eba-44684bd21994 => generated 0 bytes in 304 msecs (HTTP/1.1 204) 3 headers in 131 bytes (1 switches on core 0) [pid: 8|app: 0|req: 886/1799] 199.204.45.4 () {34 vars in 1058 bytes} [Tue May 26 22:20:10 2026] GET /v2.0/floatingips?fixed_ip_address=10.100.0.11&port_id=34160e78-e751-47bf-9dd9-243b8f8355e6 => generated 19 bytes in 17 msecs (HTTP/1.1 200) 4 headers in 156 bytes (1 switches on core 0)
2026-05-26 22:20:10.647 7 WARNING neutron.scheduler.dhcp_agent_scheduler [None req-99edaf08-863a-46d9-902e-86d141904bc2 13d36218e2dc4569932ed674c5470410 373a94198dff4f48880912bbf564e275 - - default default] No more DHCP agents
2026-05-26 22:20:10.650 7 WARNING neutron.api.rpc.agentnotifiers.dhcp_rpc_agent_api [None req-99edaf08-863a-46d9-902e-86d141904bc2 13d36218e2dc4569932ed674c5470410 373a94198dff4f48880912bbf564e275 - - default default] Unable to schedule network f374fc18-bcd6-4b53-ac93-63f0f4a06ec8: no agents available; will retry on subsequent port and subnet creation events.
2026-05-26 22:20:10.818 8 INFO neutron.db.ovn_revision_numbers_db [None req-d2b680c9-9221-49e5-bcc8-16c8bb5b79d8 13d36218e2dc4569932ed674c5470410 373a94198dff4f48880912bbf564e275 - - default default] Successfully bumped revision number for resource e979d326-0828-4fae-b352-cf9177824f87 (type: security_groups) to 1
2026-05-26 22:20:10.830 8 INFO neutron.db.ovn_revision_numbers_db [None req-d2b680c9-9221-49e5-bcc8-16c8bb5b79d8 13d36218e2dc4569932ed674c5470410 373a94198dff4f48880912bbf564e275 - - default default] Successfully bumped revision number for resource 18148c00-a787-4f97-b3c2-806aea1b09fe (type: security_group_rules) to 0
2026-05-26 22:20:10.847 8 INFO neutron.plugins.ml2.drivers.ovn.mech_driver.mech_driver [None req-df40c047-8a52-4f71-bf5a-83944631a208 - - - - - -] OVN reports status down for port: 130b80da-3d49-4956-99fa-9f30875080d6
2026-05-26 22:20:10.871 8 INFO neutron.db.ovn_revision_numbers_db [None req-d2b680c9-9221-49e5-bcc8-16c8bb5b79d8 13d36218e2dc4569932ed674c5470410 373a94198dff4f48880912bbf564e275 - - default default] Successfully bumped revision number for resource 3363912c-e0b5-489b-9336-19f8cdbaeb29 (type: security_group_rules) to 0
2026-05-26 22:20:10.888 8 INFO neutron.db.ovn_revision_numbers_db [None req-d2b680c9-9221-49e5-bcc8-16c8bb5b79d8 13d36218e2dc4569932ed674c5470410 373a94198dff4f48880912bbf564e275 - - default default] Successfully bumped revision number for resource e24b141b-3592-4cd9-a26a-704cdc35a2bd (type: security_group_rules) to 0
2026-05-26 22:20:10.905 7 INFO neutron.db.ovn_revision_numbers_db [None req-99edaf08-863a-46d9-902e-86d141904bc2 13d36218e2dc4569932ed674c5470410 373a94198dff4f48880912bbf564e275 - - default default] Successfully bumped revision number for resource 130b80da-3d49-4956-99fa-9f30875080d6 (type: ports) to 1
2026-05-26 22:20:10.908 8 INFO neutron.db.ovn_revision_numbers_db [None req-d2b680c9-9221-49e5-bcc8-16c8bb5b79d8 13d36218e2dc4569932ed674c5470410 373a94198dff4f48880912bbf564e275 - - default default] Successfully bumped revision number for resource f8192c53-9fd4-4d25-89b7-54900c1b938c (type: security_group_rules) to 0 [pid: 8|app: 0|req: 887/1800] 10.0.0.215 () {32 vars in 774 bytes} [Tue May 26 22:20:10 2026] GET /v2.0/security-groups?tenant_id=e7ddb476ec564320b6e495ff1eaeb012&name=default => generated 2925 bytes in 333 msecs (HTTP/1.1 200) 4 headers in 158 bytes (1 switches on core 0)
2026-05-26 22:20:10.990 7 INFO neutron.db.ovn_revision_numbers_db [None req-d0876f63-e8f6-4cfb-9df6-934d926239b4 - - - - - -] Successfully bumped revision number for resource 0dea8820-26e8-48e1-ad9e-db3a21f0bbce (type: ports) to 4
2026-05-26 22:20:11.150 8 WARNING neutron.scheduler.dhcp_agent_scheduler [None req-0091bcd9-89ee-4a7e-8eb8-3d9836b98047 2dc2f7c41bb6433f91844d78ac4f3119 5fe8982c66c54c38b778c3d49c2115eb - - default default] No more DHCP agents
2026-05-26 22:20:11.152 8 WARNING neutron.api.rpc.agentnotifiers.dhcp_rpc_agent_api [None req-0091bcd9-89ee-4a7e-8eb8-3d9836b98047 2dc2f7c41bb6433f91844d78ac4f3119 5fe8982c66c54c38b778c3d49c2115eb - - default default] Unable to schedule network 02f063f8-212e-4ede-a8ef-13cf18b0f997: no agents available; will retry on subsequent port and subnet creation events.
2026-05-26 22:20:11.180 7 WARNING neutron.plugins.ml2.drivers.ovn.mech_driver.ovsdb.ovn_client [None req-275dff0b-1445-4adc-a590-114e7404ede5 - - - - - -] No hosting information found for port cd6fd510-c266-454d-9674-91e467b65588: RuntimeError: No hosting information found for port cd6fd510-c266-454d-9674-91e467b65588
2026-05-26 22:20:11.234 8 INFO neutron.db.ovn_revision_numbers_db [None req-0091bcd9-89ee-4a7e-8eb8-3d9836b98047 2dc2f7c41bb6433f91844d78ac4f3119 5fe8982c66c54c38b778c3d49c2115eb - - default default] Successfully bumped revision number for resource 039a213a-40a8-4337-8e6c-02fa73d9b928 (type: ports) to 1 [pid: 8|app: 0|req: 888/1801] 10.0.0.215 () {34 vars in 665 bytes} [Tue May 26 22:20:10 2026] POST /v2.0/ports => generated 778 bytes in 344 msecs (HTTP/1.1 201) 4 headers in 162 bytes (1 switches on core 0) /var/lib/openstack/lib/python3.12/site-packages/pycadf/identifier.py:70: UserWarning: Invalid uuid: neutron. To ensure interoperability, identifiers should be a valid uuid. warnings.warn(('Invalid uuid: %s. To ensure interoperability, ' [pid: 8|app: 0|req: 889/1802] 199.204.45.4 () {34 vars in 982 bytes} [Tue May 26 22:20:11 2026] GET /v2.0/subnets?id=d6495702-f446-4567-95f8-de6827e47182 => generated 677 bytes in 25 msecs (HTTP/1.1 200) 4 headers in 157 bytes (1 switches on core 0) [pid: 8|app: 0|req: 890/1803] 10.0.0.188 () {34 vars in 990 bytes} [Tue May 26 22:20:11 2026] GET /v2.0/ports?device_id=742a4270-0a0d-4241-81b0-1cf12641b8e7 => generated 973 bytes in 42 msecs (HTTP/1.1 200) 4 headers in 157 bytes (1 switches on core 0)
2026-05-26 22:20:11.453 7 INFO neutron.db.ovn_revision_numbers_db [None req-275dff0b-1445-4adc-a590-114e7404ede5 - - - - - -] Successfully bumped revision number for resource cd6fd510-c266-454d-9674-91e467b65588 (type: router_ports) to 2 [pid: 8|app: 0|req: 891/1804] 10.0.0.215 () {32 vars in 740 bytes} [Tue May 26 22:20:11 2026] DELETE /v2.0/security-groups/e979d326-0828-4fae-b352-cf9177824f87 => generated 0 bytes in 201 msecs (HTTP/1.1 204) 2 headers in 112 bytes (1 switches on core 0)
2026-05-26 22:20:11.594 7 INFO neutron.plugins.ml2.drivers.ovn.mech_driver.mech_driver [None req-275dff0b-1445-4adc-a590-114e7404ede5 - - - - - -] OVN reports status down for port: 34160e78-e751-47bf-9dd9-243b8f8355e6
2026-05-26 22:20:11.857 7 INFO neutron.plugins.ml2.drivers.ovn.mech_driver.mech_driver [None req-275dff0b-1445-4adc-a590-114e7404ede5 - - - - - -] OVN reports status down for port: f7e81025-7132-4e18-9f2e-0e394a0cdcde
2026-05-26 22:20:11.886 8 INFO neutron.db.ovn_revision_numbers_db [None req-3e1aaa67-9626-492e-8585-1c05cf0fd43b 2dc2f7c41bb6433f91844d78ac4f3119 5fe8982c66c54c38b778c3d49c2115eb - - default default] Successfully bumped revision number for resource 039a213a-40a8-4337-8e6c-02fa73d9b928 (type: ports) to 2 [pid: 8|app: 0|req: 892/1805] 10.0.0.215 () {34 vars in 737 bytes} [Tue May 26 22:20:11 2026] PUT /v2.0/ports/039a213a-40a8-4337-8e6c-02fa73d9b928 => generated 752 bytes in 326 msecs (HTTP/1.1 200) 4 headers in 157 bytes (1 switches on core 0) /var/lib/openstack/lib/python3.12/site-packages/pycadf/identifier.py:70: UserWarning: Invalid uuid: neutron. To ensure interoperability, identifiers should be a valid uuid. warnings.warn(('Invalid uuid: %s. To ensure interoperability, ' [pid: 8|app: 0|req: 893/1806] 199.204.45.4 () {34 vars in 1050 bytes} [Tue May 26 22:20:11 2026] GET /v2.0/ports?network_id=b4f38875-ce44-450f-b290-d9ff4d880ebe&device_owner=network%3Adhcp => generated 12 bytes in 20 msecs (HTTP/1.1 200) 4 headers in 156 bytes (1 switches on core 0)
2026-05-26 22:20:11.955 7 INFO neutron.notifiers.nova [-] Nova event matching ['req-a1a7ba6f-5351-4c6b-8d86-ab1d688e7b77'] response: {'server_uuid': '742a4270-0a0d-4241-81b0-1cf12641b8e7', 'name': 'network-vif-unplugged', 'status': 'completed', 'tag': '34160e78-e751-47bf-9dd9-243b8f8355e6', 'code': 200} [pid: 8|app: 0|req: 894/1807] 10.0.0.188 () {34 vars in 1040 bytes} [Tue May 26 22:20:11 2026] GET /v2.0/security-groups?id=89b1087d-395c-4e15-900e-0c1921854b00&fields=id&fields=name => generated 113 bytes in 34 msecs (HTTP/1.1 200) 4 headers in 157 bytes (1 switches on core 0)
2026-05-26 22:20:11.986 7 INFO neutron.db.ovn_revision_numbers_db [None req-d0876f63-e8f6-4cfb-9df6-934d926239b4 - - - - - -] Successfully bumped revision number for resource 0dea8820-26e8-48e1-ad9e-db3a21f0bbce (type: ports) to 5
2026-05-26 22:20:12.077 8 INFO neutron_taas.services.taas.taas_plugin [None req-afcde085-2d13-4bf9-a925-6e2a00075a49 2dc2f7c41bb6433f91844d78ac4f3119 5fe8982c66c54c38b778c3d49c2115eb - - default default] TaaS: Handle Delete Port: 039a213a-40a8-4337-8e6c-02fa73d9b928
2026-05-26 22:20:12.081 8 INFO neutron_taas.services.taas.tap_mirror_plugin [None req-afcde085-2d13-4bf9-a925-6e2a00075a49 2dc2f7c41bb6433f91844d78ac4f3119 5fe8982c66c54c38b778c3d49c2115eb - - default default] Tap Mirror: Handle Delete Port: 039a213a-40a8-4337-8e6c-02fa73d9b928 [pid: 8|app: 0|req: 895/1808] 10.0.0.215 () {32 vars in 720 bytes} [Tue May 26 22:20:11 2026] DELETE /v2.0/ports/039a213a-40a8-4337-8e6c-02fa73d9b928 => generated 0 bytes in 227 msecs (HTTP/1.1 204) 3 headers in 131 bytes (1 switches on core 0) [pid: 8|app: 0|req: 896/1809] 199.204.45.4 () {34 vars in 1010 bytes} [Tue May 26 22:20:12 2026] GET /v2.0/networks/b4f38875-ce44-450f-b290-d9ff4d880ebe?fields=segments => generated 14 bytes in 38 msecs (HTTP/1.1 200) 4 headers in 156 bytes (1 switches on core 0) [pid: 8|app: 0|req: 897/1810] 10.0.0.215 () {32 vars in 643 bytes} [Tue May 26 22:20:12 2026] GET /v2.0/ports => generated 1538 bytes in 36 msecs (HTTP/1.1 200) 4 headers in 158 bytes (1 switches on core 0) [pid: 8|app: 0|req: 898/1811] 199.204.45.4 () {34 vars in 1110 bytes} [Tue May 26 22:20:12 2026] GET /v2.0/networks/b4f38875-ce44-450f-b290-d9ff4d880ebe?fields=provider%3Aphysical_network&fields=provider%3Anetwork_type => generated 79 bytes in 58 msecs (HTTP/1.1 200) 4 headers in 156 bytes (1 switches on core 0)
2026-05-26 22:20:12.331 8 INFO neutron.pecan_wsgi.hooks.translation [None req-bddff799-01f0-4b81-9204-48a74679cc05 2dc2f7c41bb6433f91844d78ac4f3119 5fe8982c66c54c38b778c3d49c2115eb - - default default] GET failed (client error): The resource could not be found. [pid: 8|app: 0|req: 899/1812] 10.0.0.215 () {32 vars in 717 bytes} [Tue May 26 22:20:12 2026] GET /v2.0/ports/039a213a-40a8-4337-8e6c-02fa73d9b928 => generated 132 bytes in 17 msecs (HTTP/1.1 404) 4 headers in 164 bytes (1 switches on core 0) [pid: 8|app: 0|req: 900/1813] 10.0.0.215 () {32 vars in 643 bytes} [Tue May 26 22:20:12 2026] GET /v2.0/ports => generated 1538 bytes in 32 msecs (HTTP/1.1 200) 4 headers in 158 bytes (1 switches on core 0) [pid: 8|app: 0|req: 901/1814] 10.0.0.215 () {32 vars in 717 bytes} [Tue May 26 22:20:12 2026] GET /v2.0/ports/e8a7cb57-a3c5-41f4-9033-9584d5691e77 => generated 779 bytes in 41 msecs (HTTP/1.1 200) 4 headers in 157 bytes (1 switches on core 0)
2026-05-26 22:20:12.453 8 INFO neutron.pecan_wsgi.hooks.translation [None req-6a273e2a-a441-4af7-ad90-e10bd6b42218 2dc2f7c41bb6433f91844d78ac4f3119 5fe8982c66c54c38b778c3d49c2115eb - - default default] DELETE failed (client error): The resource could not be found. [pid: 8|app: 0|req: 902/1815] 10.0.0.215 () {32 vars in 720 bytes} [Tue May 26 22:20:12 2026] DELETE /v2.0/ports/d718262c-8a3d-4ed2-b284-9bd2ab7cb6cb => generated 132 bytes in 22 msecs (HTTP/1.1 404) 4 headers in 164 bytes (1 switches on core 0)
