2026-05-26 22:22:07.385 8 INFO neutron.plugins.ml2.drivers.ovn.mech_driver.mech_driver [None req-ff252672-e67e-4c54-8dec-b3fb1e9a9602 - - - - - -] OVN reports status down for port: 67c129bf-dba3-493f-b585-76557691e93a [pid: 8|app: 0|req: 1391/2767] 10.0.0.215 () {32 vars in 731 bytes} [Tue May 26 22:22:07 2026] GET /v2.0/subnets/010871b5-38bb-4067-ba9c-4e607ad3d8ef/tags => generated 30 bytes in 79 msecs (HTTP/1.1 200) 4 headers in 156 bytes (1 switches on core 0) [pid: 8|app: 0|req: 1392/2768] 10.0.0.215 () {32 vars in 748 bytes} [Tue May 26 22:22:07 2026] DELETE /v2.0/vpn/endpoint-groups/03ce4252-a20b-45df-aab4-2e815dba01bf => generated 0 bytes in 56 msecs (HTTP/1.1 204) 2 headers in 112 bytes (1 switches on core 0)
2026-05-26 22:22:07.541 8 WARNING neutron.plugins.ml2.drivers.ovn.mech_driver.ovsdb.ovn_client [None req-ff252672-e67e-4c54-8dec-b3fb1e9a9602 - - - - - -] Logical_Switch_Port 67c129bf-dba3-493f-b585-76557691e93a host information not removed, the port state is up
2026-05-26 22:22:07.542 8 INFO neutron.plugins.ml2.drivers.ovn.mech_driver.mech_driver [None req-ff252672-e67e-4c54-8dec-b3fb1e9a9602 - - - - - -] OVN reports status up for port: 67c129bf-dba3-493f-b585-76557691e93a [pid: 8|app: 0|req: 1393/2769] 10.0.0.84 () {28 vars in 590 bytes} [Tue May 26 22:22:07 2026] GET /v2.0/floatingips => generated 19 bytes in 76 msecs (HTTP/1.1 200) 4 headers in 156 bytes (1 switches on core 0)
2026-05-26 22:22:07.562 7 WARNING neutron.scheduler.dhcp_agent_scheduler [None req-f2d5aa51-f7a1-4883-a4ae-ec6c5e7229be 5fec26408edd46a18a7f269e661496a6 4da2c864dcb2498a8dc2e5894857993e - - default default] No more DHCP agents
2026-05-26 22:22:07.564 7 WARNING neutron.api.rpc.agentnotifiers.dhcp_rpc_agent_api [None req-f2d5aa51-f7a1-4883-a4ae-ec6c5e7229be 5fec26408edd46a18a7f269e661496a6 4da2c864dcb2498a8dc2e5894857993e - - default default] Unable to schedule network 899023c1-e12d-4be1-ae0f-bdc994f44b51: no agents available; will retry on subsequent port and subnet creation events.
2026-05-26 22:22:07.567 8 INFO neutron.plugins.ml2.plugin [None req-ff252672-e67e-4c54-8dec-b3fb1e9a9602 - - - - - -] Attempt 1 to provision port 67c129bf-dba3-493f-b585-76557691e93a
2026-05-26 22:22:07.616 8 INFO neutron.api.v2.resource [None req-da37acbb-429d-4d3f-b527-7b41e2f75366 035d0225965549a4a8ddfae1b3da8732 a5f9b88dd8114bd5b5cdf53d8f55b77f - - default default] delete failed (client error): The resource could not be found. [pid: 8|app: 0|req: 1394/2770] 10.0.0.215 () {32 vars in 746 bytes} [Tue May 26 22:22:07 2026] DELETE /v2.0/subnets/010871b5-38bb-4067-ba9c-4e607ad3d8ef/tags/green => generated 99 bytes in 73 msecs (HTTP/1.1 404) 4 headers in 163 bytes (1 switches on core 0) [pid: 8|app: 0|req: 1395/2771] 10.0.0.215 () {32 vars in 671 bytes} [Tue May 26 22:22:07 2026] GET /v2.0/vpn/endpoint-groups => generated 633 bytes in 20 msecs (HTTP/1.1 200) 4 headers in 157 bytes (1 switches on core 0) [pid: 8|app: 0|req: 1396/2772] 10.0.0.84 () {28 vars in 618 bytes} [Tue May 26 22:22:07 2026] GET /v2.0/network-ip-availabilities => generated 4442 bytes in 37 msecs (HTTP/1.1 200) 4 headers in 158 bytes (1 switches on core 0) [pid: 8|app: 0|req: 1397/2773] 10.0.0.215 () {32 vars in 734 bytes} [Tue May 26 22:22:07 2026] DELETE /v2.0/subnets/010871b5-38bb-4067-ba9c-4e607ad3d8ef/tags => generated 0 bytes in 103 msecs (HTTP/1.1 204) 2 headers in 112 bytes (1 switches on core 0) [pid: 8|app: 0|req: 1398/2774] 10.0.0.215 () {32 vars in 671 bytes} [Tue May 26 22:22:07 2026] GET /v2.0/vpn/endpoint-groups => generated 633 bytes in 17 msecs (HTTP/1.1 200) 4 headers in 157 bytes (1 switches on core 0)
2026-05-26 22:22:07.874 7 INFO neutron.db.ovn_revision_numbers_db [None req-f2d5aa51-f7a1-4883-a4ae-ec6c5e7229be 5fec26408edd46a18a7f269e661496a6 4da2c864dcb2498a8dc2e5894857993e - - default default] Successfully bumped revision number for resource 85ce8dcd-6da6-4f3c-a7aa-7a45d1914598 (type: router_ports) to 1 [pid: 7|app: 0|req: 1377/2775] 10.0.0.215 () {34 vars in 783 bytes} [Tue May 26 22:22:05 2026] PUT /v2.0/routers/d086e73c-b92a-496d-aa0d-a61fe958bd36/add_router_interface => generated 309 bytes in 2410 msecs (HTTP/1.1 200) 4 headers in 157 bytes (1 switches on core 0) [pid: 8|app: 0|req: 1399/2776] 10.0.0.215 () {32 vars in 731 bytes} [Tue May 26 22:22:07 2026] GET /v2.0/subnets/010871b5-38bb-4067-ba9c-4e607ad3d8ef/tags => generated 12 bytes in 119 msecs (HTTP/1.1 200) 4 headers in 156 bytes (1 switches on core 0)
2026-05-26 22:22:08.376 8 INFO neutron.db.ovn_revision_numbers_db [None req-ff252672-e67e-4c54-8dec-b3fb1e9a9602 - - - - - -] Successfully bumped revision number for resource 67c129bf-dba3-493f-b585-76557691e93a (type: ports) to 2 [pid: 8|app: 0|req: 1400/2777] 10.0.0.215 () {32 vars in 724 bytes} [Tue May 26 22:22:07 2026] DELETE /v2.0/subnets/010871b5-38bb-4067-ba9c-4e607ad3d8ef => generated 0 bytes in 442 msecs (HTTP/1.1 204) 3 headers in 131 bytes (1 switches on core 0)
2026-05-26 22:22:08.452 7 WARNING neutron.scheduler.dhcp_agent_scheduler [None req-743e91e8-4215-4ef0-b2b4-ee3dae41dfff 5fec26408edd46a18a7f269e661496a6 4da2c864dcb2498a8dc2e5894857993e - - default default] No more DHCP agents
2026-05-26 22:22:08.453 7 WARNING neutron.api.rpc.agentnotifiers.dhcp_rpc_agent_api [None req-743e91e8-4215-4ef0-b2b4-ee3dae41dfff 5fec26408edd46a18a7f269e661496a6 4da2c864dcb2498a8dc2e5894857993e - - default default] Unable to schedule network 11abb2a9-eb4c-4391-8e9e-cb8b1c664880: no agents available; will retry on subsequent port and subnet creation events. [pid: 8|app: 0|req: 1401/2778] 10.0.0.215 () {34 vars in 685 bytes} [Tue May 26 22:22:08 2026] POST /v2.0/vpn/ikepolicies => generated 403 bytes in 88 msecs (HTTP/1.1 201) 4 headers in 162 bytes (1 switches on core 0)
2026-05-26 22:22:08.536 7 INFO neutron.plugins.ml2.drivers.ovn.mech_driver.mech_driver [None req-c92c90b5-75e6-4867-9e88-8fab321cf0bc - - - - - -] OVN reports status down for port: 0d809820-4213-42b6-9997-8f55e155011c
2026-05-26 22:22:08.593 7 INFO neutron.db.ovn_revision_numbers_db [None req-743e91e8-4215-4ef0-b2b4-ee3dae41dfff 5fec26408edd46a18a7f269e661496a6 4da2c864dcb2498a8dc2e5894857993e - - default default] Successfully bumped revision number for resource 0d809820-4213-42b6-9997-8f55e155011c (type: ports) to 1
2026-05-26 22:22:08.620 8 INFO neutron_taas.services.taas.taas_plugin [None req-2121aebf-2b98-461e-b3e6-5f65daa04400 035d0225965549a4a8ddfae1b3da8732 a5f9b88dd8114bd5b5cdf53d8f55b77f - - default default] TaaS: Handle Delete Port: d4abbc2b-e611-481e-8f2d-d54f0b7cd6c4
2026-05-26 22:22:08.623 8 INFO neutron_taas.services.taas.tap_mirror_plugin [None req-2121aebf-2b98-461e-b3e6-5f65daa04400 035d0225965549a4a8ddfae1b3da8732 a5f9b88dd8114bd5b5cdf53d8f55b77f - - default default] Tap Mirror: Handle Delete Port: d4abbc2b-e611-481e-8f2d-d54f0b7cd6c4
2026-05-26 22:22:08.793 8 INFO neutron.services.segments.plugin [-] Segment 61436be9-94e0-47a2-925e-b7301a1d2692 resource provider aggregate not found
2026-05-26 22:22:08.797 8 INFO neutron.services.segments.plugin [-] Segment 61436be9-94e0-47a2-925e-b7301a1d2692 resource provider aggregate not found
2026-05-26 22:22:08.811 8 INFO neutron.services.segments.plugin [-] Segment 61436be9-94e0-47a2-925e-b7301a1d2692 resource provider not found; error: Placement Client Error (4xx): {"errors": [{"status": 404, "title": "Not Found", "detail": "The resource could not be found.\n\n No resource provider with uuid 61436be9-94e0-47a2-925e-b7301a1d2692 found for delete ", "request_id": "req-46ce1346-172e-441e-8a51-2cab4f6c7575"}]}
2026-05-26 22:22:08.815 8 INFO neutron.services.segments.plugin [-] Segment 61436be9-94e0-47a2-925e-b7301a1d2692 resource provider not found; error: Placement Client Error (4xx): {"errors": [{"status": 404, "title": "Not Found", "detail": "The resource could not be found.\n\n No resource provider with uuid 61436be9-94e0-47a2-925e-b7301a1d2692 found for delete ", "request_id": "req-5ed8f6a8-8a47-4d5f-a40f-e30e76d9c2b1"}]} [pid: 8|app: 0|req: 1402/2779] 10.0.0.215 () {32 vars in 726 bytes} [Tue May 26 22:22:08 2026] DELETE /v2.0/networks/92f3281b-d061-4ade-9437-5f11a14ecd35 => generated 0 bytes in 363 msecs (HTTP/1.1 204) 3 headers in 131 bytes (1 switches on core 0) [pid: 8|app: 0|req: 1403/2780] 10.0.0.215 () {32 vars in 663 bytes} [Tue May 26 22:22:08 2026] GET /v2.0/vpn/ikepolicies => generated 798 bytes in 10 msecs (HTTP/1.1 200) 4 headers in 157 bytes (1 switches on core 0) [pid: 8|app: 0|req: 1404/2781] 10.0.0.215 () {32 vars in 740 bytes} [Tue May 26 22:22:08 2026] DELETE /v2.0/vpn/ikepolicies/657e14a9-0a43-4b27-8c29-bf812b106857 => generated 0 bytes in 35 msecs (HTTP/1.1 204) 2 headers in 112 bytes (1 switches on core 0) [pid: 8|app: 0|req: 1405/2782] 10.0.0.215 () {34 vars in 689 bytes} [Tue May 26 22:22:08 2026] POST /v2.0/vpn/ipsecpolicies => generated 412 bytes in 33 msecs (HTTP/1.1 201) 4 headers in 162 bytes (1 switches on core 0) [pid: 8|app: 0|req: 1406/2783] 10.0.0.215 () {32 vars in 667 bytes} [Tue May 26 22:22:08 2026] GET /v2.0/vpn/ipsecpolicies => generated 813 bytes in 10 msecs (HTTP/1.1 200) 4 headers in 157 bytes (1 switches on core 0) [pid: 8|app: 0|req: 1407/2784] 10.0.0.215 () {32 vars in 744 bytes} [Tue May 26 22:22:08 2026] DELETE /v2.0/vpn/ipsecpolicies/58c41bd6-2860-4142-a389-0c844a58bcce => generated 0 bytes in 28 msecs (HTTP/1.1 204) 2 headers in 112 bytes (1 switches on core 0)
2026-05-26 22:22:09.053 8 INFO neutron.db.segments_db [None req-a14ec54e-8aa3-49b6-b6ce-18d028fef68c c86cf7479ed64864a45c1aca5f14a537 b71ce6880ba343a985f827e53abd0435 - - default default] Added segment c9c99d8b-9121-4edd-92ca-733e7c5cbfb2 of type geneve for network b4920e15-dbfe-4ab5-a271-1d28953ecd3c
2026-05-26 22:22:09.149 8 INFO neutron.db.ovn_revision_numbers_db [None req-a14ec54e-8aa3-49b6-b6ce-18d028fef68c c86cf7479ed64864a45c1aca5f14a537 b71ce6880ba343a985f827e53abd0435 - - default default] Successfully bumped revision number for resource b4920e15-dbfe-4ab5-a271-1d28953ecd3c (type: networks) to 1
2026-05-26 22:22:09.268 7 INFO neutron.plugins.ml2.drivers.ovn.mech_driver.mech_driver [None req-c92c90b5-75e6-4867-9e88-8fab321cf0bc - - - - - -] OVN reports status up for port: 0d809820-4213-42b6-9997-8f55e155011c
2026-05-26 22:22:09.289 7 INFO neutron.plugins.ml2.plugin [None req-c92c90b5-75e6-4867-9e88-8fab321cf0bc - - - - - -] Attempt 1 to provision port 0d809820-4213-42b6-9997-8f55e155011c
2026-05-26 22:22:09.333 8 WARNING neutron.scheduler.dhcp_agent_scheduler [None req-a14ec54e-8aa3-49b6-b6ce-18d028fef68c c86cf7479ed64864a45c1aca5f14a537 b71ce6880ba343a985f827e53abd0435 - - default default] No more DHCP agents
2026-05-26 22:22:09.335 8 WARNING neutron.api.rpc.agentnotifiers.dhcp_rpc_agent_api [None req-a14ec54e-8aa3-49b6-b6ce-18d028fef68c c86cf7479ed64864a45c1aca5f14a537 b71ce6880ba343a985f827e53abd0435 - - default default] Unable to schedule network b4920e15-dbfe-4ab5-a271-1d28953ecd3c: no agents available; will retry on subsequent port and subnet creation events.
2026-05-26 22:22:09.405 8 INFO neutron.db.ovn_revision_numbers_db [None req-a14ec54e-8aa3-49b6-b6ce-18d028fef68c c86cf7479ed64864a45c1aca5f14a537 b71ce6880ba343a985f827e53abd0435 - - default default] Successfully bumped revision number for resource 678a6938-bd1e-466a-8f12-bd163c49ab17 (type: ports) to 1 [pid: 8|app: 0|req: 1408/2785] 10.0.0.215 () {34 vars in 670 bytes} [Tue May 26 22:22:08 2026] POST /v2.0/networks => generated 669 bytes in 447 msecs (HTTP/1.1 201) 4 headers in 162 bytes (1 switches on core 0)
2026-05-26 22:22:09.448 7 WARNING neutron.scheduler.dhcp_agent_scheduler [None req-743e91e8-4215-4ef0-b2b4-ee3dae41dfff 5fec26408edd46a18a7f269e661496a6 4da2c864dcb2498a8dc2e5894857993e - - default default] No more DHCP agents
2026-05-26 22:22:09.451 7 WARNING neutron.api.rpc.agentnotifiers.dhcp_rpc_agent_api [None req-743e91e8-4215-4ef0-b2b4-ee3dae41dfff 5fec26408edd46a18a7f269e661496a6 4da2c864dcb2498a8dc2e5894857993e - - default default] Unable to schedule network 11abb2a9-eb4c-4391-8e9e-cb8b1c664880: no agents available; will retry on subsequent port and subnet creation events.
2026-05-26 22:22:09.591 8 WARNING neutron.scheduler.dhcp_agent_scheduler [None req-bf0d59f7-5c5a-4cd0-923d-9ff45395c495 c86cf7479ed64864a45c1aca5f14a537 b71ce6880ba343a985f827e53abd0435 - - default default] No more DHCP agents
2026-05-26 22:22:09.592 8 WARNING neutron.api.rpc.agentnotifiers.dhcp_rpc_agent_api [None req-bf0d59f7-5c5a-4cd0-923d-9ff45395c495 c86cf7479ed64864a45c1aca5f14a537 b71ce6880ba343a985f827e53abd0435 - - default default] Unable to schedule network b4920e15-dbfe-4ab5-a271-1d28953ecd3c: no agents available; will retry on subsequent port and subnet creation events.
2026-05-26 22:22:10.004 7 INFO neutron.db.ovn_revision_numbers_db [None req-c92c90b5-75e6-4867-9e88-8fab321cf0bc - - - - - -] Successfully bumped revision number for resource 0d809820-4213-42b6-9997-8f55e155011c (type: ports) to 2
2026-05-26 22:22:10.045 8 INFO neutron.db.ovn_revision_numbers_db [None req-eb8de84b-31df-4070-86e8-99b82a922c9c - - - - - -] Successfully bumped revision number for resource 678a6938-bd1e-466a-8f12-bd163c49ab17 (type: ports) to 2
2026-05-26 22:22:10.069 8 INFO neutron.db.ovn_revision_numbers_db [None req-eb8de84b-31df-4070-86e8-99b82a922c9c - - - - - -] Successfully bumped revision number for resource 34d04ea0-eea2-4442-a356-6f09f743159e (type: subnets) to 0 [pid: 8|app: 0|req: 1409/2786] 10.0.0.215 () {34 vars in 669 bytes} [Tue May 26 22:22:09 2026] POST /v2.0/subnets => generated 629 bytes in 653 msecs (HTTP/1.1 201) 4 headers in 162 bytes (1 switches on core 0)
2026-05-26 22:22:10.172 7 INFO neutron.db.ovn_revision_numbers_db [None req-743e91e8-4215-4ef0-b2b4-ee3dae41dfff 5fec26408edd46a18a7f269e661496a6 4da2c864dcb2498a8dc2e5894857993e - - default default] Successfully bumped revision number for resource 0d809820-4213-42b6-9997-8f55e155011c (type: router_ports) to 1 [pid: 7|app: 0|req: 1378/2787] 10.0.0.215 () {34 vars in 783 bytes} [Tue May 26 22:22:07 2026] PUT /v2.0/routers/d086e73c-b92a-496d-aa0d-a61fe958bd36/add_router_interface => generated 309 bytes in 2303 msecs (HTTP/1.1 200) 4 headers in 157 bytes (1 switches on core 0) [pid: 8|app: 0|req: 1410/2790] 10.0.0.215 () {32 vars in 774 bytes} [Tue May 26 22:22:10 2026] GET /v2.0/security-groups?tenant_id=a5f9b88dd8114bd5b5cdf53d8f55b77f&name=default => generated 2929 bytes in 128 msecs (HTTP/1.1 200) 4 headers in 158 bytes (1 switches on core 0) [pid: 8|app: 0|req: 1411/2791] 10.0.0.215 () {32 vars in 740 bytes} [Tue May 26 22:22:10 2026] DELETE /v2.0/security-groups/888e696a-3b07-4f9e-803e-bf7440834429 => generated 0 bytes in 213 msecs (HTTP/1.1 204) 2 headers in 112 bytes (1 switches on core 0)
2026-05-26 22:22:10.555 8 INFO neutron.db.ovn_revision_numbers_db [None req-6f53f274-1550-4c36-a5bf-465a2a112394 5fec26408edd46a18a7f269e661496a6 4da2c864dcb2498a8dc2e5894857993e - - default default] Successfully bumped revision number for resource e1e95bb8-5ddb-45ea-8f7e-05ecbdf0afc2 (type: security_groups) to 1
2026-05-26 22:22:10.567 8 INFO neutron.db.ovn_revision_numbers_db [None req-6f53f274-1550-4c36-a5bf-465a2a112394 5fec26408edd46a18a7f269e661496a6 4da2c864dcb2498a8dc2e5894857993e - - default default] Successfully bumped revision number for resource 3348d2d0-edae-422b-87c1-67f3b56b4d82 (type: security_group_rules) to 0
2026-05-26 22:22:10.578 8 INFO neutron.db.ovn_revision_numbers_db [None req-6f53f274-1550-4c36-a5bf-465a2a112394 5fec26408edd46a18a7f269e661496a6 4da2c864dcb2498a8dc2e5894857993e - - default default] Successfully bumped revision number for resource c5aeb1a5-3d22-4603-a531-96e335265d5b (type: security_group_rules) to 0
2026-05-26 22:22:10.608 7 WARNING neutron.scheduler.dhcp_agent_scheduler [None req-f652f021-f1ac-433a-9f4d-055b65365f6a c86cf7479ed64864a45c1aca5f14a537 b71ce6880ba343a985f827e53abd0435 - - default default] No more DHCP agents [pid: 8|app: 0|req: 1412/2792] 10.0.0.215 () {34 vars in 684 bytes} [Tue May 26 22:22:10 2026] POST /v2.0/security-groups => generated 1629 bytes in 178 msecs (HTTP/1.1 201) 4 headers in 163 bytes (1 switches on core 0)
2026-05-26 22:22:10.615 7 WARNING neutron.api.rpc.agentnotifiers.dhcp_rpc_agent_api [None req-f652f021-f1ac-433a-9f4d-055b65365f6a c86cf7479ed64864a45c1aca5f14a537 b71ce6880ba343a985f827e53abd0435 - - default default] Unable to schedule network feaa694f-c489-4995-b81c-2c4b2af3c2ea: no agents available; will retry on subsequent port and subnet creation events.
2026-05-26 22:22:10.698 8 INFO neutron.db.ovn_revision_numbers_db [None req-0a90f302-bac8-4548-aee2-b149d1376348 13d36218e2dc4569932ed674c5470410 373a94198dff4f48880912bbf564e275 - - default default] Successfully bumped revision number for resource bbf971a5-52e7-42f6-aaf2-15332b161769 (type: security_groups) to 1
2026-05-26 22:22:10.714 8 INFO neutron.db.ovn_revision_numbers_db [None req-0a90f302-bac8-4548-aee2-b149d1376348 13d36218e2dc4569932ed674c5470410 373a94198dff4f48880912bbf564e275 - - default default] Successfully bumped revision number for resource 6e06416f-5a16-473f-ba5b-abbe3e37a61a (type: security_group_rules) to 0
2026-05-26 22:22:10.734 8 INFO neutron.db.ovn_revision_numbers_db [None req-0a90f302-bac8-4548-aee2-b149d1376348 13d36218e2dc4569932ed674c5470410 373a94198dff4f48880912bbf564e275 - - default default] Successfully bumped revision number for resource 7c9b78fe-1588-461d-92ce-740de0492d17 (type: security_group_rules) to 0
2026-05-26 22:22:10.750 8 INFO neutron.db.ovn_revision_numbers_db [None req-0a90f302-bac8-4548-aee2-b149d1376348 13d36218e2dc4569932ed674c5470410 373a94198dff4f48880912bbf564e275 - - default default] Successfully bumped revision number for resource 899a23e7-d389-4e65-9e12-6b42a11875fe (type: security_group_rules) to 0
2026-05-26 22:22:10.752 7 INFO neutron.db.ovn_revision_numbers_db [None req-f652f021-f1ac-433a-9f4d-055b65365f6a c86cf7479ed64864a45c1aca5f14a537 b71ce6880ba343a985f827e53abd0435 - - default default] Successfully bumped revision number for resource 8a837f17-83fd-4177-b9a1-0f6b2557683a (type: ports) to 1
2026-05-26 22:22:10.762 8 INFO neutron.db.ovn_revision_numbers_db [None req-0a90f302-bac8-4548-aee2-b149d1376348 13d36218e2dc4569932ed674c5470410 373a94198dff4f48880912bbf564e275 - - default default] Successfully bumped revision number for resource a3dc5505-a0ae-43b7-acf6-a2091d2ae4d5 (type: security_group_rules) to 0 [pid: 8|app: 0|req: 1413/2793] 10.0.0.215 () {32 vars in 774 bytes} [Tue May 26 22:22:10 2026] GET /v2.0/security-groups?tenant_id=2c475f51cc6b4b07989d899cb82afea8&name=default => generated 2929 bytes in 185 msecs (HTTP/1.1 200) 4 headers in 158 bytes (1 switches on core 0)
2026-05-26 22:22:10.912 8 INFO neutron.db.ovn_revision_numbers_db [None req-bff7e553-2538-4585-ab85-f393d764ffd1 5fec26408edd46a18a7f269e661496a6 4da2c864dcb2498a8dc2e5894857993e - - default default] Successfully bumped revision number for resource 45e8cd60-e21a-48fc-b7cb-fbf969328f94 (type: security_group_rules) to 0 [pid: 8|app: 0|req: 1414/2794] 10.0.0.215 () {34 vars in 695 bytes} [Tue May 26 22:22:10 2026] POST /v2.0/security-group-rules => generated 597 bytes in 148 msecs (HTTP/1.1 201) 4 headers in 162 bytes (1 switches on core 0) [pid: 8|app: 0|req: 1415/2795] 10.0.0.215 () {32 vars in 740 bytes} [Tue May 26 22:22:10 2026] DELETE /v2.0/security-groups/bbf971a5-52e7-42f6-aaf2-15332b161769 => generated 0 bytes in 189 msecs (HTTP/1.1 204) 2 headers in 112 bytes (1 switches on core 0)
2026-05-26 22:22:11.266 8 INFO neutron.db.ovn_revision_numbers_db [None req-0905bf48-6812-4472-8972-7e0653d41cde 5fec26408edd46a18a7f269e661496a6 4da2c864dcb2498a8dc2e5894857993e - - default default] Successfully bumped revision number for resource e23b37c7-aa74-408b-929b-7c5410d9386c (type: security_group_rules) to 0 [pid: 8|app: 0|req: 1416/2796] 10.0.0.215 () {34 vars in 695 bytes} [Tue May 26 22:22:11 2026] POST /v2.0/security-group-rules => generated 597 bytes in 171 msecs (HTTP/1.1 201) 4 headers in 162 bytes (1 switches on core 0)
2026-05-26 22:22:11.380 7 INFO neutron.plugins.ml2.drivers.ovn.mech_driver.ovsdb.commands [None req-7d0f3b98-0e01-4220-a2ea-f8fd0d417d61 - - - - - -] Schedule LRP lrp-8a837f17-83fd-4177-b9a1-0f6b2557683a on gateway bd630b39-f700-4d38-9785-a47f426a78ed with priority 1
2026-05-26 22:22:11.431 7 INFO neutron.db.ovn_revision_numbers_db [None req-f652f021-f1ac-433a-9f4d-055b65365f6a c86cf7479ed64864a45c1aca5f14a537 b71ce6880ba343a985f827e53abd0435 - - default default] Successfully bumped revision number for resource 8a837f17-83fd-4177-b9a1-0f6b2557683a (type: router_ports) to 1
2026-05-26 22:22:11.473 8 INFO neutron.db.ovn_revision_numbers_db [None req-63ee2339-bbf5-470c-975d-43115af81a0c 5fec26408edd46a18a7f269e661496a6 4da2c864dcb2498a8dc2e5894857993e - - default default] Successfully bumped revision number for resource d7e84a86-9328-4fd6-ace7-944e5576a167 (type: security_group_rules) to 0 [pid: 8|app: 0|req: 1417/2797] 10.0.0.215 () {34 vars in 695 bytes} [Tue May 26 22:22:11 2026] POST /v2.0/security-group-rules => generated 599 bytes in 191 msecs (HTTP/1.1 201) 4 headers in 162 bytes (1 switches on core 0)
2026-05-26 22:22:11.509 7 INFO neutron.db.ovn_revision_numbers_db [None req-f652f021-f1ac-433a-9f4d-055b65365f6a c86cf7479ed64864a45c1aca5f14a537 b71ce6880ba343a985f827e53abd0435 - - default default] Successfully bumped revision number for resource de98abf5-35dc-4322-81c9-1352e0621fe6 (type: routers) to 2 [pid: 7|app: 0|req: 1381/2798] 10.0.0.215 () {34 vars in 669 bytes} [Tue May 26 22:22:10 2026] POST /v2.0/routers => generated 937 bytes in 1337 msecs (HTTP/1.1 201) 4 headers in 162 bytes (1 switches on core 0)
2026-05-26 22:22:11.663 8 INFO neutron.db.ovn_revision_numbers_db [None req-a33fcc16-eba5-4a36-a6e1-fc336f44aa69 5fec26408edd46a18a7f269e661496a6 4da2c864dcb2498a8dc2e5894857993e - - default default] Successfully bumped revision number for resource aa668853-e313-4456-8990-4f947f7ab5a4 (type: security_group_rules) to 0 [pid: 8|app: 0|req: 1418/2799] 10.0.0.215 () {34 vars in 695 bytes} [Tue May 26 22:22:11 2026] POST /v2.0/security-group-rules => generated 601 bytes in 186 msecs (HTTP/1.1 201) 4 headers in 162 bytes (1 switches on core 0)
2026-05-26 22:22:11.878 8 INFO neutron.db.ovn_revision_numbers_db [None req-76e73669-6e92-4430-8dec-dcc3777907be 5fec26408edd46a18a7f269e661496a6 4da2c864dcb2498a8dc2e5894857993e - - default default] Successfully bumped revision number for resource 09c7ad52-ce8a-43df-94e1-1ef400133172 (type: security_group_rules) to 0 [pid: 8|app: 0|req: 1419/2800] 10.0.0.215 () {34 vars in 695 bytes} [Tue May 26 22:22:11 2026] POST /v2.0/security-group-rules => generated 601 bytes in 212 msecs (HTTP/1.1 201) 4 headers in 162 bytes (1 switches on core 0)
2026-05-26 22:22:12.091 8 INFO neutron.db.ovn_revision_numbers_db [None req-7d3f9236-79a1-429f-a32c-1bc8514f2bf0 5fec26408edd46a18a7f269e661496a6 4da2c864dcb2498a8dc2e5894857993e - - default default] Successfully bumped revision number for resource 77b9e564-0d09-435e-a04c-7bce16f59ce9 (type: security_group_rules) to 0 [pid: 8|app: 0|req: 1420/2801] 10.0.0.215 () {34 vars in 695 bytes} [Tue May 26 22:22:11 2026] POST /v2.0/security-group-rules => generated 597 bytes in 207 msecs (HTTP/1.1 201) 4 headers in 162 bytes (1 switches on core 0)
2026-05-26 22:22:12.133 7 WARNING neutron.scheduler.dhcp_agent_scheduler [None req-08bfc270-2a62-4210-91c4-a28812332eae c86cf7479ed64864a45c1aca5f14a537 b71ce6880ba343a985f827e53abd0435 - - default default] No more DHCP agents
2026-05-26 22:22:12.135 7 WARNING neutron.api.rpc.agentnotifiers.dhcp_rpc_agent_api [None req-08bfc270-2a62-4210-91c4-a28812332eae c86cf7479ed64864a45c1aca5f14a537 b71ce6880ba343a985f827e53abd0435 - - default default] Unable to schedule network b4920e15-dbfe-4ab5-a271-1d28953ecd3c: no agents available; will retry on subsequent port and subnet creation events.
2026-05-26 22:22:12.284 7 INFO neutron.db.ovn_revision_numbers_db [None req-08bfc270-2a62-4210-91c4-a28812332eae c86cf7479ed64864a45c1aca5f14a537 b71ce6880ba343a985f827e53abd0435 - - default default] Successfully bumped revision number for resource 1cca8fa9-7392-4d0e-8c9b-23d7ab7951dc (type: ports) to 1
2026-05-26 22:22:12.333 8 INFO neutron.db.ovn_revision_numbers_db [None req-e84bdf84-1201-4cc4-8e24-753e93c0c997 5fec26408edd46a18a7f269e661496a6 4da2c864dcb2498a8dc2e5894857993e - - default default] Successfully bumped revision number for resource eb4ec1b7-29d9-4084-8c07-9c9351bb9033 (type: security_group_rules) to 0 [pid: 8|app: 0|req: 1421/2802] 10.0.0.215 () {34 vars in 695 bytes} [Tue May 26 22:22:12 2026] POST /v2.0/security-group-rules => generated 597 bytes in 242 msecs (HTTP/1.1 201) 4 headers in 162 bytes (1 switches on core 0)
2026-05-26 22:22:12.534 8 INFO neutron.db.ovn_revision_numbers_db [None req-32831762-406f-4656-9cda-cc85644aa7ba 5fec26408edd46a18a7f269e661496a6 4da2c864dcb2498a8dc2e5894857993e - - default default] Successfully bumped revision number for resource 2b959c51-3794-4bd0-8c1b-0c9416122296 (type: security_group_rules) to 0 [pid: 8|app: 0|req: 1422/2803] 10.0.0.215 () {34 vars in 695 bytes} [Tue May 26 22:22:12 2026] POST /v2.0/security-group-rules => generated 597 bytes in 191 msecs (HTTP/1.1 201) 4 headers in 162 bytes (1 switches on core 0)
2026-05-26 22:22:12.773 8 INFO neutron.db.ovn_revision_numbers_db [None req-349b52ce-dd5a-4d63-b320-09880f263014 5fec26408edd46a18a7f269e661496a6 4da2c864dcb2498a8dc2e5894857993e - - default default] Successfully bumped revision number for resource 054e35d3-940f-4540-9409-4628dff8c3c0 (type: security_group_rules) to 0 [pid: 8|app: 0|req: 1423/2804] 10.0.0.215 () {34 vars in 695 bytes} [Tue May 26 22:22:12 2026] POST /v2.0/security-group-rules => generated 599 bytes in 227 msecs (HTTP/1.1 201) 4 headers in 162 bytes (1 switches on core 0)
2026-05-26 22:22:12.980 8 INFO neutron.db.ovn_revision_numbers_db [None req-5b468ed7-08d8-4ab2-b139-aac100ae7055 5fec26408edd46a18a7f269e661496a6 4da2c864dcb2498a8dc2e5894857993e - - default default] Successfully bumped revision number for resource fe1d4295-e445-457e-a866-bf9e667d6fb0 (type: security_group_rules) to 0 [pid: 8|app: 0|req: 1424/2805] 10.0.0.215 () {34 vars in 695 bytes} [Tue May 26 22:22:12 2026] POST /v2.0/security-group-rules => generated 601 bytes in 222 msecs (HTTP/1.1 201) 4 headers in 162 bytes (1 switches on core 0)
2026-05-26 22:22:13.063 7 WARNING neutron.scheduler.dhcp_agent_scheduler [None req-08bfc270-2a62-4210-91c4-a28812332eae c86cf7479ed64864a45c1aca5f14a537 b71ce6880ba343a985f827e53abd0435 - - default default] No more DHCP agents
2026-05-26 22:22:13.064 7 WARNING neutron.api.rpc.agentnotifiers.dhcp_rpc_agent_api [None req-08bfc270-2a62-4210-91c4-a28812332eae c86cf7479ed64864a45c1aca5f14a537 b71ce6880ba343a985f827e53abd0435 - - default default] Unable to schedule network b4920e15-dbfe-4ab5-a271-1d28953ecd3c: no agents available; will retry on subsequent port and subnet creation events.
2026-05-26 22:22:13.232 8 INFO neutron.db.ovn_revision_numbers_db [None req-4fa7067f-aab5-496d-8abe-38e901ef39ba 5fec26408edd46a18a7f269e661496a6 4da2c864dcb2498a8dc2e5894857993e - - default default] Successfully bumped revision number for resource df61f5f4-425b-4761-9245-ef7ac133856d (type: security_group_rules) to 0 [pid: 8|app: 0|req: 1425/2806] 10.0.0.215 () {34 vars in 695 bytes} [Tue May 26 22:22:13 2026] POST /v2.0/security-group-rules => generated 597 bytes in 233 msecs (HTTP/1.1 201) 4 headers in 162 bytes (1 switches on core 0)
2026-05-26 22:22:13.412 7 INFO neutron.db.ovn_revision_numbers_db [None req-08bfc270-2a62-4210-91c4-a28812332eae c86cf7479ed64864a45c1aca5f14a537 b71ce6880ba343a985f827e53abd0435 - - default default] Successfully bumped revision number for resource 1cca8fa9-7392-4d0e-8c9b-23d7ab7951dc (type: router_ports) to 1 [pid: 7|app: 0|req: 1382/2807] 10.0.0.215 () {34 vars in 783 bytes} [Tue May 26 22:22:11 2026] PUT /v2.0/routers/de98abf5-35dc-4322-81c9-1352e0621fe6/add_router_interface => generated 309 bytes in 1886 msecs (HTTP/1.1 200) 4 headers in 157 bytes (1 switches on core 0) [pid: 7|app: 0|req: 1383/2808] 10.0.0.188 () {34 vars in 1094 bytes} [Tue May 26 22:22:13 2026] GET /v2.0/security-groups?name=tempest-lb_member_SG-939114873&fields=id&tenant_id=4da2c864dcb2498a8dc2e5894857993e => generated 69 bytes in 62 msecs (HTTP/1.1 200) 4 headers in 156 bytes (1 switches on core 0) [pid: 7|app: 0|req: 1384/2809] 10.0.0.188 () {34 vars in 982 bytes} [Tue May 26 22:22:13 2026] GET /v2.0/networks?id=899023c1-e12d-4be1-ae0f-bdc994f44b51 => generated 743 bytes in 58 msecs (HTTP/1.1 200) 4 headers in 157 bytes (1 switches on core 0) [pid: 7|app: 0|req: 1385/2810] 10.0.0.188 () {34 vars in 965 bytes} [Tue May 26 22:22:13 2026] GET /v2.0/quotas/4da2c864dcb2498a8dc2e5894857993e => generated 292 bytes in 9 msecs (HTTP/1.1 200) 4 headers in 157 bytes (1 switches on core 0)
2026-05-26 22:22:13.781 8 WARNING neutron.plugins.ml2.drivers.ovn.mech_driver.ovsdb.ovn_client [None req-0b4f5ed5-a4bc-4358-a47f-17b17bc6ebea - - - - - -] No hosting information found for port 67c129bf-dba3-493f-b585-76557691e93a: RuntimeError: No hosting information found for port 67c129bf-dba3-493f-b585-76557691e93a [pid: 7|app: 0|req: 1386/2811] 10.0.0.188 () {34 vars in 1002 bytes} [Tue May 26 22:22:13 2026] GET /v2.0/ports?tenant_id=4da2c864dcb2498a8dc2e5894857993e&fields=id => generated 287 bytes in 179 msecs (HTTP/1.1 200) 4 headers in 157 bytes (1 switches on core 0)
2026-05-26 22:22:13.956 8 INFO neutron.db.ovn_revision_numbers_db [None req-0b4f5ed5-a4bc-4358-a47f-17b17bc6ebea - - - - - -] Successfully bumped revision number for resource 67c129bf-dba3-493f-b585-76557691e93a (type: router_ports) to 2
2026-05-26 22:22:13.959 8 INFO neutron.plugins.ml2.drivers.ovn.mech_driver.mech_driver [None req-0b4f5ed5-a4bc-4358-a47f-17b17bc6ebea - - - - - -] OVN reports status down for port: d008c3ef-c7fd-4b44-98a1-576120451bd6 [pid: 7|app: 0|req: 1387/2812] 10.0.0.188 () {34 vars in 1008 bytes} [Tue May 26 22:22:13 2026] GET /v2.0/networks/899023c1-e12d-4be1-ae0f-bdc994f44b51?fields=segments => generated 14 bytes in 31 msecs (HTTP/1.1 200) 4 headers in 156 bytes (1 switches on core 0) [pid: 7|app: 0|req: 1388/2813] 10.0.0.188 () {34 vars in 1108 bytes} [Tue May 26 22:22:13 2026] GET /v2.0/networks/899023c1-e12d-4be1-ae0f-bdc994f44b51?fields=provider%3Aphysical_network&fields=provider%3Anetwork_type => generated 79 bytes in 39 msecs (HTTP/1.1 200) 4 headers in 156 bytes (1 switches on core 0)
2026-05-26 22:22:14.075 8 WARNING neutron.plugins.ml2.drivers.ovn.mech_driver.ovsdb.ovn_client [None req-0b4f5ed5-a4bc-4358-a47f-17b17bc6ebea - - - - - -] Logical_Switch_Port d008c3ef-c7fd-4b44-98a1-576120451bd6 host information not removed, the port state is up
2026-05-26 22:22:14.076 8 INFO neutron.plugins.ml2.drivers.ovn.mech_driver.mech_driver [None req-0b4f5ed5-a4bc-4358-a47f-17b17bc6ebea - - - - - -] OVN reports status down for port: 4e4544ac-40dc-4235-84ee-2c66a84c33a8 [pid: 7|app: 0|req: 1389/2814] 10.0.0.188 () {34 vars in 990 bytes} [Tue May 26 22:22:14 2026] GET /v2.0/ports?device_id=b8053a66-a4f0-4974-8e24-5cf235ce62b8 => generated 12 bytes in 19 msecs (HTTP/1.1 200) 4 headers in 156 bytes (1 switches on core 0)
2026-05-26 22:22:14.157 8 WARNING neutron.plugins.ml2.drivers.ovn.mech_driver.ovsdb.ovn_client [None req-0b4f5ed5-a4bc-4358-a47f-17b17bc6ebea - - - - - -] Logical_Switch_Port 4e4544ac-40dc-4235-84ee-2c66a84c33a8 host information not removed, the port state is up
2026-05-26 22:22:14.158 8 INFO neutron.plugins.ml2.drivers.ovn.mech_driver.mech_driver [None req-0b4f5ed5-a4bc-4358-a47f-17b17bc6ebea - - - - - -] OVN reports status up for port: d008c3ef-c7fd-4b44-98a1-576120451bd6
2026-05-26 22:22:14.176 8 INFO neutron.plugins.ml2.plugin [None req-0b4f5ed5-a4bc-4358-a47f-17b17bc6ebea - - - - - -] Attempt 1 to provision port d008c3ef-c7fd-4b44-98a1-576120451bd6
2026-05-26 22:22:14.218 8 WARNING neutron.scheduler.dhcp_agent_scheduler [None req-92d6c179-89ad-4815-b43b-4dc064f3eb28 - - - - - -] No more DHCP agents
2026-05-26 22:22:14.220 8 WARNING neutron.api.rpc.agentnotifiers.dhcp_rpc_agent_api [None req-92d6c179-89ad-4815-b43b-4dc064f3eb28 - - - - - -] Unable to schedule network feaa694f-c489-4995-b81c-2c4b2af3c2ea: no agents available; will retry on subsequent port and subnet creation events.
2026-05-26 22:22:14.458 8 INFO neutron.db.ovn_revision_numbers_db [None req-92d6c179-89ad-4815-b43b-4dc064f3eb28 - - - - - -] Successfully bumped revision number for resource 26cf38b2-29a8-44f8-90c3-4189622baf58 (type: ports) to 1
2026-05-26 22:22:14.872 8 INFO neutron.db.ovn_revision_numbers_db [None req-0b4f5ed5-a4bc-4358-a47f-17b17bc6ebea - - - - - -] Successfully bumped revision number for resource d008c3ef-c7fd-4b44-98a1-576120451bd6 (type: ports) to 2
2026-05-26 22:22:14.944 8 INFO neutron.db.ovn_revision_numbers_db [None req-92d6c179-89ad-4815-b43b-4dc064f3eb28 - - - - - -] Successfully bumped revision number for resource 26cf38b2-29a8-44f8-90c3-4189622baf58 (type: ports) to 3
2026-05-26 22:22:15.024 8 INFO neutron.db.segments_db [None req-92d6c179-89ad-4815-b43b-4dc064f3eb28 - - - - - -] Added segment 9f246b42-c517-4a4e-9ac1-dc7443b8e90b of type geneve for network b9cffa2e-5966-4c78-884b-0ca0a6863dcb
2026-05-26 22:22:15.132 8 INFO neutron.db.ovn_revision_numbers_db [None req-fc1f9af3-52f6-4314-973d-30e2464a0a0d - - - - - -] Successfully bumped revision number for resource b9cffa2e-5966-4c78-884b-0ca0a6863dcb (type: networks) to 1
2026-05-26 22:22:15.166 7 WARNING neutron.plugins.ml2.drivers.ovn.mech_driver.ovsdb.ovn_client [None req-d67d1055-aaa9-4d5c-adb4-7b05265a8429 - - - - - -] No hosting information found for port 0d809820-4213-42b6-9997-8f55e155011c: RuntimeError: No hosting information found for port 0d809820-4213-42b6-9997-8f55e155011c
2026-05-26 22:22:15.167 7 INFO neutron.plugins.ml2.drivers.ovn.mech_driver.mech_driver [None req-d67d1055-aaa9-4d5c-adb4-7b05265a8429 - - - - - -] OVN reports status down for port: 678a6938-bd1e-466a-8f12-bd163c49ab17
2026-05-26 22:22:15.289 8 WARNING neutron.scheduler.dhcp_agent_scheduler [None req-fc1f9af3-52f6-4314-973d-30e2464a0a0d - - - - - -] No more DHCP agents
2026-05-26 22:22:15.290 8 WARNING neutron.api.rpc.agentnotifiers.dhcp_rpc_agent_api [None req-fc1f9af3-52f6-4314-973d-30e2464a0a0d - - - - - -] Unable to schedule network b9cffa2e-5966-4c78-884b-0ca0a6863dcb: no agents available; will retry on subsequent port and subnet creation events.
2026-05-26 22:22:15.364 7 INFO neutron.db.ovn_revision_numbers_db [None req-d67d1055-aaa9-4d5c-adb4-7b05265a8429 - - - - - -] Successfully bumped revision number for resource 0d809820-4213-42b6-9997-8f55e155011c (type: router_ports) to 2
2026-05-26 22:22:15.367 8 INFO neutron.db.ovn_revision_numbers_db [None req-fc1f9af3-52f6-4314-973d-30e2464a0a0d - - - - - -] Successfully bumped revision number for resource 7eea4e99-6c98-432f-8930-870aa8cd7599 (type: ports) to 1
2026-05-26 22:22:15.476 8 WARNING neutron.scheduler.dhcp_agent_scheduler [None req-fc1f9af3-52f6-4314-973d-30e2464a0a0d - - - - - -] No more DHCP agents
2026-05-26 22:22:15.478 8 WARNING neutron.api.rpc.agentnotifiers.dhcp_rpc_agent_api [None req-fc1f9af3-52f6-4314-973d-30e2464a0a0d - - - - - -] Unable to schedule network b9cffa2e-5966-4c78-884b-0ca0a6863dcb: no agents available; will retry on subsequent port and subnet creation events.
2026-05-26 22:22:15.501 8 INFO neutron.db.ovn_revision_numbers_db [None req-fc1f9af3-52f6-4314-973d-30e2464a0a0d - - - - - -] Successfully bumped revision number for resource 4070c7d9-be19-4f91-a7e0-4c919059e57a (type: subnets) to 0
2026-05-26 22:22:15.806 8 WARNING neutron.scheduler.dhcp_agent_scheduler [None req-fc1f9af3-52f6-4314-973d-30e2464a0a0d - - - - - -] No more DHCP agents
2026-05-26 22:22:15.807 8 WARNING neutron.api.rpc.agentnotifiers.dhcp_rpc_agent_api [None req-fc1f9af3-52f6-4314-973d-30e2464a0a0d - - - - - -] Unable to schedule network b9cffa2e-5966-4c78-884b-0ca0a6863dcb: no agents available; will retry on subsequent port and subnet creation events.
2026-05-26 22:22:15.885 7 INFO neutron.plugins.ml2.drivers.ovn.mech_driver.mech_driver [None req-d67d1055-aaa9-4d5c-adb4-7b05265a8429 - - - - - -] OVN reports status down for port: d5026d6b-6690-49f9-affd-07ff840d05c4
2026-05-26 22:22:15.911 8 INFO neutron.db.ovn_revision_numbers_db [None req-fc1f9af3-52f6-4314-973d-30e2464a0a0d - - - - - -] Successfully bumped revision number for resource d5026d6b-6690-49f9-affd-07ff840d05c4 (type: ports) to 1
2026-05-26 22:22:16.361 7 INFO neutron.plugins.ml2.drivers.ovn.mech_driver.mech_driver [None req-d67d1055-aaa9-4d5c-adb4-7b05265a8429 - - - - - -] OVN reports status up for port: d5026d6b-6690-49f9-affd-07ff840d05c4
2026-05-26 22:22:16.383 7 INFO neutron.plugins.ml2.plugin [None req-d67d1055-aaa9-4d5c-adb4-7b05265a8429 - - - - - -] Attempt 1 to provision port d5026d6b-6690-49f9-affd-07ff840d05c4
2026-05-26 22:22:16.417 8 WARNING neutron.scheduler.dhcp_agent_scheduler [None req-fc1f9af3-52f6-4314-973d-30e2464a0a0d - - - - - -] No more DHCP agents
2026-05-26 22:22:16.418 8 WARNING neutron.api.rpc.agentnotifiers.dhcp_rpc_agent_api [None req-fc1f9af3-52f6-4314-973d-30e2464a0a0d - - - - - -] Unable to schedule network b9cffa2e-5966-4c78-884b-0ca0a6863dcb: no agents available; will retry on subsequent port and subnet creation events.
2026-05-26 22:22:16.702 7 INFO neutron.db.ovn_revision_numbers_db [None req-d67d1055-aaa9-4d5c-adb4-7b05265a8429 - - - - - -] Successfully bumped revision number for resource d5026d6b-6690-49f9-affd-07ff840d05c4 (type: ports) to 2
2026-05-26 22:22:17.613 8 INFO neutron.db.ovn_revision_numbers_db [None req-fc1f9af3-52f6-4314-973d-30e2464a0a0d - - - - - -] Successfully bumped revision number for resource d5026d6b-6690-49f9-affd-07ff840d05c4 (type: router_ports) to 1
2026-05-26 22:22:17.819 8 WARNING neutron.scheduler.dhcp_agent_scheduler [None req-fc1f9af3-52f6-4314-973d-30e2464a0a0d - - - - - -] No more DHCP agents
2026-05-26 22:22:17.821 8 WARNING neutron.api.rpc.agentnotifiers.dhcp_rpc_agent_api [None req-fc1f9af3-52f6-4314-973d-30e2464a0a0d - - - - - -] Unable to schedule network b9cffa2e-5966-4c78-884b-0ca0a6863dcb: no agents available; will retry on subsequent port and subnet creation events.
2026-05-26 22:22:17.949 8 INFO neutron.db.ovn_revision_numbers_db [None req-fc1f9af3-52f6-4314-973d-30e2464a0a0d - - - - - -] Successfully bumped revision number for resource 7ca1fdf8-5602-4467-85b0-9cbc910fad05 (type: ports) to 1
2026-05-26 22:22:18.185 8 INFO neutron.db.ovn_revision_numbers_db [None req-fc1f9af3-52f6-4314-973d-30e2464a0a0d - - - - - -] Successfully bumped revision number for resource 7ca1fdf8-5602-4467-85b0-9cbc910fad05 (type: ports) to 3 [pid: 8|app: 0|req: 1426/2815] 10.0.0.215 () {34 vars in 685 bytes} [Tue May 26 22:22:13 2026] POST /v2.0/vpn/vpnservices => generated 457 bytes in 4956 msecs (HTTP/1.1 201) 4 headers in 162 bytes (1 switches on core 0) [pid: 7|app: 0|req: 1390/2816] 10.0.0.215 () {32 vars in 663 bytes} [Tue May 26 22:22:18 2026] GET /v2.0/vpn/vpnservices => generated 1313 bytes in 15 msecs (HTTP/1.1 200) 4 headers in 158 bytes (1 switches on core 0) [pid: 7|app: 0|req: 1391/2817] 199.204.45.4 () {34 vars in 984 bytes} [Tue May 26 22:22:18 2026] GET /v2.0/networks?id=899023c1-e12d-4be1-ae0f-bdc994f44b51 => generated 743 bytes in 43 msecs (HTTP/1.1 200) 4 headers in 157 bytes (1 switches on core 0) [pid: 7|app: 0|req: 1392/2818] 199.204.45.4 () {34 vars in 1048 bytes} [Tue May 26 22:22:18 2026] GET /v2.0/security-groups?fields=id&fields=name&tenant_id=4da2c864dcb2498a8dc2e5894857993e => generated 178 bytes in 39 msecs (HTTP/1.1 200) 4 headers in 157 bytes (1 switches on core 0)
2026-05-26 22:22:18.637 8 INFO neutron_taas.services.taas.taas_plugin [None req-3a7447b8-14e2-49af-9fbe-14c80199ca09 d41a96800d4645299152abca9eba074f f1895440416f449eae9ccce375683adb - - default default] TaaS: Handle Delete Port: 26cf38b2-29a8-44f8-90c3-4189622baf58
2026-05-26 22:22:18.640 8 INFO neutron_taas.services.taas.tap_mirror_plugin [None req-3a7447b8-14e2-49af-9fbe-14c80199ca09 d41a96800d4645299152abca9eba074f f1895440416f449eae9ccce375683adb - - default default] Tap Mirror: Handle Delete Port: 26cf38b2-29a8-44f8-90c3-4189622baf58
2026-05-26 22:22:18.834 7 WARNING neutron.scheduler.dhcp_agent_scheduler [req-e70e0a98-90e1-4d71-9d0c-11cfd0d1a4bb req-459143d0-4fff-4e8e-ae24-0ee836c725f5 5fec26408edd46a18a7f269e661496a6 4da2c864dcb2498a8dc2e5894857993e - - default default] No more DHCP agents
2026-05-26 22:22:18.837 7 WARNING neutron.api.rpc.agentnotifiers.dhcp_rpc_agent_api [req-e70e0a98-90e1-4d71-9d0c-11cfd0d1a4bb req-459143d0-4fff-4e8e-ae24-0ee836c725f5 5fec26408edd46a18a7f269e661496a6 4da2c864dcb2498a8dc2e5894857993e - - default default] Unable to schedule network 899023c1-e12d-4be1-ae0f-bdc994f44b51: no agents available; will retry on subsequent port and subnet creation events.
2026-05-26 22:22:18.889 8 INFO neutron_taas.services.taas.taas_plugin [None req-315a68e2-ca08-41dd-ae24-2cd61d48583a - - - - - -] TaaS: Handle Delete Port: 7ca1fdf8-5602-4467-85b0-9cbc910fad05
2026-05-26 22:22:18.891 8 INFO neutron_taas.services.taas.tap_mirror_plugin [None req-315a68e2-ca08-41dd-ae24-2cd61d48583a - - - - - -] Tap Mirror: Handle Delete Port: 7ca1fdf8-5602-4467-85b0-9cbc910fad05
2026-05-26 22:22:19.010 7 INFO neutron.db.ovn_revision_numbers_db [req-e70e0a98-90e1-4d71-9d0c-11cfd0d1a4bb req-459143d0-4fff-4e8e-ae24-0ee836c725f5 5fec26408edd46a18a7f269e661496a6 4da2c864dcb2498a8dc2e5894857993e - - default default] Successfully bumped revision number for resource bd6f16a5-9f97-48b9-9571-d1a962f8a5ed (type: ports) to 1 [pid: 7|app: 0|req: 1393/2819] 199.204.45.4 () {38 vars in 953 bytes} [Tue May 26 22:22:18 2026] POST /v2.0/ports => generated 1179 bytes in 556 msecs (HTTP/1.1 201) 4 headers in 163 bytes (1 switches on core 0) /var/lib/openstack/lib/python3.12/site-packages/pycadf/identifier.py:70: UserWarning: Invalid uuid: neutron. To ensure interoperability, identifiers should be a valid uuid. warnings.warn(('Invalid uuid: %s. To ensure interoperability, '
2026-05-26 22:22:19.282 8 INFO neutron_taas.services.taas.taas_plugin [None req-9f169f6e-4671-4c0e-89e7-a20207fc88f3 - - - - - -] TaaS: Handle Delete Port: d5026d6b-6690-49f9-affd-07ff840d05c4
2026-05-26 22:22:19.285 8 INFO neutron_taas.services.taas.tap_mirror_plugin [None req-9f169f6e-4671-4c0e-89e7-a20207fc88f3 - - - - - -] Tap Mirror: Handle Delete Port: d5026d6b-6690-49f9-affd-07ff840d05c4
2026-05-26 22:22:19.456 7 INFO neutron.db.ovn_revision_numbers_db [req-e70e0a98-90e1-4d71-9d0c-11cfd0d1a4bb req-5cd1a554-dfdc-4825-beef-31bfee1395ff 52d5e903e35f4bdb8460cabf56fd8396 0bbcbd87b2734a92ac95c8b2621139e8 - - 405304edf66b43718b62ed458fabbf70 405304edf66b43718b62ed458fabbf70] Successfully bumped revision number for resource bd6f16a5-9f97-48b9-9571-d1a962f8a5ed (type: ports) to 2
2026-05-26 22:22:19.702 7 INFO neutron.db.ovn_revision_numbers_db [req-e70e0a98-90e1-4d71-9d0c-11cfd0d1a4bb req-5cd1a554-dfdc-4825-beef-31bfee1395ff 52d5e903e35f4bdb8460cabf56fd8396 0bbcbd87b2734a92ac95c8b2621139e8 - - 405304edf66b43718b62ed458fabbf70 405304edf66b43718b62ed458fabbf70] Successfully bumped revision number for resource bd6f16a5-9f97-48b9-9571-d1a962f8a5ed (type: ports) to 4 [pid: 7|app: 0|req: 1394/2820] 199.204.45.4 () {38 vars in 1026 bytes} [Tue May 26 22:22:19 2026] PUT /v2.0/ports/bd6f16a5-9f97-48b9-9571-d1a962f8a5ed => generated 1429 bytes in 646 msecs (HTTP/1.1 200) 4 headers in 158 bytes (1 switches on core 0) /var/lib/openstack/lib/python3.12/site-packages/pycadf/identifier.py:70: UserWarning: Invalid uuid: neutron. To ensure interoperability, identifiers should be a valid uuid. warnings.warn(('Invalid uuid: %s. To ensure interoperability, '
2026-05-26 22:22:19.770 7 INFO neutron.notifiers.nova [-] Nova event matching ['req-36f914c0-5755-430a-a6e5-d611f8074a55'] response: {'name': 'network-changed', 'server_uuid': 'b8053a66-a4f0-4974-8e24-5cf235ce62b8', 'tag': 'bd6f16a5-9f97-48b9-9571-d1a962f8a5ed', 'status': 'completed', 'code': 200} [pid: 7|app: 0|req: 1395/2821] 10.0.0.188 () {34 vars in 990 bytes} [Tue May 26 22:22:19 2026] GET /v2.0/ports?device_id=b8053a66-a4f0-4974-8e24-5cf235ce62b8 => generated 1194 bytes in 55 msecs (HTTP/1.1 200) 4 headers in 158 bytes (1 switches on core 0) [pid: 7|app: 0|req: 1396/2822] 10.0.0.188 () {34 vars in 1040 bytes} [Tue May 26 22:22:19 2026] GET /v2.0/security-groups?id=e1e95bb8-5ddb-45ea-8f7e-05ecbdf0afc2&fields=id&fields=name => generated 111 bytes in 55 msecs (HTTP/1.1 200) 4 headers in 157 bytes (1 switches on core 0)
2026-05-26 22:22:20.132 8 INFO neutron_taas.services.taas.taas_plugin [None req-9f169f6e-4671-4c0e-89e7-a20207fc88f3 - - - - - -] TaaS: Handle Delete Port: 7eea4e99-6c98-432f-8930-870aa8cd7599
2026-05-26 22:22:20.134 8 INFO neutron_taas.services.taas.tap_mirror_plugin [None req-9f169f6e-4671-4c0e-89e7-a20207fc88f3 - - - - - -] Tap Mirror: Handle Delete Port: 7eea4e99-6c98-432f-8930-870aa8cd7599
2026-05-26 22:22:20.210 8 WARNING neutron.plugins.ml2.drivers.ovn.mech_driver.ovsdb.ovn_client [None req-7c66d989-90a3-463a-8f14-545f44935f12 - - - - - -] No hosting information found for port d008c3ef-c7fd-4b44-98a1-576120451bd6: RuntimeError: No hosting information found for port d008c3ef-c7fd-4b44-98a1-576120451bd6 [pid: 7|app: 0|req: 1397/2823] 199.204.45.4 () {34 vars in 1078 bytes} [Tue May 26 22:22:20 2026] GET /v2.0/ports?tenant_id=4da2c864dcb2498a8dc2e5894857993e&device_id=b8053a66-a4f0-4974-8e24-5cf235ce62b8 => generated 1432 bytes in 66 msecs (HTTP/1.1 200) 4 headers in 158 bytes (1 switches on core 0)
2026-05-26 22:22:20.350 8 INFO neutron.db.ovn_revision_numbers_db [None req-7c66d989-90a3-463a-8f14-545f44935f12 - - - - - -] Successfully bumped revision number for resource d008c3ef-c7fd-4b44-98a1-576120451bd6 (type: router_ports) to 2
2026-05-26 22:22:20.351 8 INFO neutron.plugins.ml2.drivers.ovn.mech_driver.mech_driver [None req-7c66d989-90a3-463a-8f14-545f44935f12 - - - - - -] OVN reports status down for port: 85ce8dcd-6da6-4f3c-a7aa-7a45d1914598
2026-05-26 22:22:20.388 8 INFO neutron.services.segments.plugin [-] Segment 9f246b42-c517-4a4e-9ac1-dc7443b8e90b resource provider aggregate not found
2026-05-26 22:22:20.392 8 INFO neutron.services.segments.plugin [-] Segment 9f246b42-c517-4a4e-9ac1-dc7443b8e90b resource provider aggregate not found
2026-05-26 22:22:20.416 8 INFO neutron.services.segments.plugin [-] Segment 9f246b42-c517-4a4e-9ac1-dc7443b8e90b resource provider not found; error: Placement Client Error (4xx): {"errors": [{"status": 404, "title": "Not Found", "detail": "The resource could not be found.\n\n No resource provider with uuid 9f246b42-c517-4a4e-9ac1-dc7443b8e90b found for delete ", "request_id": "req-062fff7b-fac1-415d-aded-bfc9943bbe08"}]}
2026-05-26 22:22:20.417 8 INFO neutron.services.segments.plugin [-] Segment 9f246b42-c517-4a4e-9ac1-dc7443b8e90b resource provider not found; error: Placement Client Error (4xx): {"errors": [{"status": 404, "title": "Not Found", "detail": "The resource could not be found.\n\n No resource provider with uuid 9f246b42-c517-4a4e-9ac1-dc7443b8e90b found for delete ", "request_id": "req-90a467ac-fc75-4dc0-b0ac-11ef2ac7c04b"}]} [pid: 7|app: 0|req: 1398/2824] 199.204.45.4 () {34 vars in 1016 bytes} [Tue May 26 22:22:20 2026] GET /v2.0/networks?tenant_id=4da2c864dcb2498a8dc2e5894857993e&shared=False => generated 2498 bytes in 91 msecs (HTTP/1.1 200) 4 headers in 158 bytes (1 switches on core 0)
2026-05-26 22:22:20.483 8 WARNING neutron.plugins.ml2.drivers.ovn.mech_driver.ovsdb.ovn_client [None req-7c66d989-90a3-463a-8f14-545f44935f12 - - - - - -] Logical_Switch_Port 85ce8dcd-6da6-4f3c-a7aa-7a45d1914598 host information not removed, the port state is up
2026-05-26 22:22:20.483 8 INFO neutron.plugins.ml2.drivers.ovn.mech_driver.mech_driver [None req-7c66d989-90a3-463a-8f14-545f44935f12 - - - - - -] OVN reports status up for port: 85ce8dcd-6da6-4f3c-a7aa-7a45d1914598 [pid: 8|app: 0|req: 1427/2825] 10.0.0.215 () {32 vars in 740 bytes} [Tue May 26 22:22:18 2026] DELETE /v2.0/vpn/vpnservices/51359188-ffc7-4f58-9027-e17b088d173f => generated 0 bytes in 2086 msecs (HTTP/1.1 204) 2 headers in 112 bytes (1 switches on core 0)
2026-05-26 22:22:20.498 8 INFO neutron.plugins.ml2.plugin [None req-7c66d989-90a3-463a-8f14-545f44935f12 - - - - - -] Attempt 1 to provision port 85ce8dcd-6da6-4f3c-a7aa-7a45d1914598 [pid: 7|app: 0|req: 1399/2826] 199.204.45.4 () {34 vars in 928 bytes} [Tue May 26 22:22:20 2026] GET /v2.0/networks?shared=True => generated 791 bytes in 55 msecs (HTTP/1.1 200) 4 headers in 157 bytes (1 switches on core 0) /var/lib/openstack/lib/python3.12/site-packages/pycadf/identifier.py:70: UserWarning: Invalid uuid: neutron. To ensure interoperability, identifiers should be a valid uuid. warnings.warn(('Invalid uuid: %s. To ensure interoperability, ' [pid: 8|app: 0|req: 1428/2827] 10.0.0.215 () {34 vars in 693 bytes} [Tue May 26 22:22:20 2026] POST /v2.0/vpn/endpoint-groups => generated 302 bytes in 122 msecs (HTTP/1.1 201) 4 headers in 162 bytes (1 switches on core 0) [pid: 7|app: 0|req: 1400/2828] 10.0.0.215 () {34 vars in 693 bytes} [Tue May 26 22:22:20 2026] POST /v2.0/vpn/endpoint-groups => generated 293 bytes in 69 msecs (HTTP/1.1 201) 4 headers in 162 bytes (1 switches on core 0)
2026-05-26 22:22:20.718 8 WARNING neutron.api.v2.base [None req-ae840d73-6ca8-4111-88c6-11afe65a6314 c86cf7479ed64864a45c1aca5f14a537 b71ce6880ba343a985f827e53abd0435 - - default default] An exception happened while processing the request body. The exception message is [Unrecognized attribute(s) 'peer_cidr'].: webob.exc.HTTPBadRequest: Unrecognized attribute(s) 'peer_cidr'
