2026-05-26 22:19:43.426 7 INFO neutron_taas.services.taas.tap_mirror_plugin [None req-84854abd-bf5b-4fc5-ab32-63cbaaa9229c 3036b42283924f69a1c1981f9cd14496 4bd95febfa9b49f5853cb46e0ef16943 - - default default] Tap Mirror: Handle Delete Port: 3fdc8d27-403e-4159-8282-c11568a09dd6 [pid: 8|app: 0|req: 794/1633] 10.0.0.215 () {32 vars in 740 bytes} [Tue May 26 22:19:43 2026] DELETE /v2.0/security-groups/933b23da-6b2f-4c7f-b4c1-11df1bded69a => generated 0 bytes in 221 msecs (HTTP/1.1 204) 2 headers in 112 bytes (1 switches on core 0) [pid: 7|app: 0|req: 840/1634] 10.0.0.215 () {34 vars in 789 bytes} [Tue May 26 22:19:43 2026] PUT /v2.0/routers/3bd21a64-10e5-40e4-a273-81237765464d/remove_router_interface => generated 309 bytes in 667 msecs (HTTP/1.1 200) 4 headers in 157 bytes (1 switches on core 0) [pid: 8|app: 0|req: 795/1635] 10.0.0.215 () {32 vars in 736 bytes} [Tue May 26 22:19:43 2026] GET /v2.0/ports?device_id=3bd21a64-10e5-40e4-a273-81237765464d => generated 12 bytes in 24 msecs (HTTP/1.1 200) 4 headers in 156 bytes (1 switches on core 0) /var/lib/openstack/lib/python3.12/site-packages/pycadf/identifier.py:70: UserWarning: Invalid uuid: neutron. To ensure interoperability, identifiers should be a valid uuid. warnings.warn(('Invalid uuid: %s. To ensure interoperability, ' [pid: 7|app: 0|req: 841/1636] 10.0.0.215 () {32 vars in 724 bytes} [Tue May 26 22:19:43 2026] DELETE /v2.0/routers/3bd21a64-10e5-40e4-a273-81237765464d => generated 0 bytes in 205 msecs (HTTP/1.1 204) 2 headers in 112 bytes (1 switches on core 0) [pid: 8|app: 0|req: 796/1637] 10.0.0.215 () {32 vars in 724 bytes} [Tue May 26 22:19:44 2026] DELETE /v2.0/subnets/937631bc-cd3c-4276-b2da-d33792aee0f9 => generated 0 bytes in 149 msecs (HTTP/1.1 204) 3 headers in 131 bytes (1 switches on core 0) [pid: 7|app: 0|req: 842/1638] 10.0.0.215 () {32 vars in 724 bytes} [Tue May 26 22:19:44 2026] DELETE /v2.0/subnets/61573124-cee9-4a1b-bbc9-dd20d4b7be87 => generated 0 bytes in 183 msecs (HTTP/1.1 204) 3 headers in 131 bytes (1 switches on core 0)
2026-05-26 22:19:44.482 8 INFO neutron_taas.services.taas.taas_plugin [None req-847eadb2-4986-4164-8080-3918a851caac 3036b42283924f69a1c1981f9cd14496 4bd95febfa9b49f5853cb46e0ef16943 - - default default] TaaS: Handle Delete Port: 910daee3-4be8-41fd-bf02-edf58353d9da
2026-05-26 22:19:44.484 8 INFO neutron_taas.services.taas.tap_mirror_plugin [None req-847eadb2-4986-4164-8080-3918a851caac 3036b42283924f69a1c1981f9cd14496 4bd95febfa9b49f5853cb46e0ef16943 - - default default] Tap Mirror: Handle Delete Port: 910daee3-4be8-41fd-bf02-edf58353d9da
2026-05-26 22:19:44.686 8 INFO neutron.services.segments.plugin [-] Segment 3982c05c-a0a4-4187-ae98-0fe7472d32df resource provider aggregate not found
2026-05-26 22:19:44.692 8 INFO neutron.services.segments.plugin [-] Segment 3982c05c-a0a4-4187-ae98-0fe7472d32df resource provider aggregate not found
2026-05-26 22:19:44.711 8 INFO neutron.services.segments.plugin [-] Segment 3982c05c-a0a4-4187-ae98-0fe7472d32df resource provider not found; error: Placement Client Error (4xx): {"errors": [{"status": 404, "title": "Not Found", "detail": "The resource could not be found.\n\n No resource provider with uuid 3982c05c-a0a4-4187-ae98-0fe7472d32df found for delete ", "request_id": "req-b67c2706-870f-49d3-9c9a-b1cd352eb0ee"}]}
2026-05-26 22:19:44.713 8 INFO neutron.services.segments.plugin [-] Segment 3982c05c-a0a4-4187-ae98-0fe7472d32df resource provider not found; error: Placement Client Error (4xx): {"errors": [{"status": 404, "title": "Not Found", "detail": "The resource could not be found.\n\n No resource provider with uuid 3982c05c-a0a4-4187-ae98-0fe7472d32df found for delete ", "request_id": "req-bb1015fa-6c06-4198-97eb-68e123cb31cc"}]} [pid: 8|app: 0|req: 797/1639] 10.0.0.215 () {32 vars in 726 bytes} [Tue May 26 22:19:44 2026] DELETE /v2.0/networks/4a66824d-56fb-4024-957a-6b9e8a13d86c => generated 0 bytes in 372 msecs (HTTP/1.1 204) 3 headers in 131 bytes (1 switches on core 0)
2026-05-26 22:19:44.862 7 INFO neutron_taas.services.taas.taas_plugin [None req-d2e59241-77e9-4689-8296-871b5ee5e71f 3036b42283924f69a1c1981f9cd14496 4bd95febfa9b49f5853cb46e0ef16943 - - default default] TaaS: Handle Delete Port: 9ccc456f-c4ab-4ae7-b9ad-99db22808939
2026-05-26 22:19:44.865 7 INFO neutron_taas.services.taas.tap_mirror_plugin [None req-d2e59241-77e9-4689-8296-871b5ee5e71f 3036b42283924f69a1c1981f9cd14496 4bd95febfa9b49f5853cb46e0ef16943 - - default default] Tap Mirror: Handle Delete Port: 9ccc456f-c4ab-4ae7-b9ad-99db22808939
2026-05-26 22:19:45.071 7 INFO neutron.services.segments.plugin [-] Segment 9abbd636-b5ae-41d5-92a1-420b70d83306 resource provider aggregate not found
2026-05-26 22:19:45.084 7 INFO neutron.services.segments.plugin [-] Segment 9abbd636-b5ae-41d5-92a1-420b70d83306 resource provider aggregate not found
2026-05-26 22:19:45.094 7 INFO neutron.services.segments.plugin [-] Segment 9abbd636-b5ae-41d5-92a1-420b70d83306 resource provider not found; error: Placement Client Error (4xx): {"errors": [{"status": 404, "title": "Not Found", "detail": "The resource could not be found.\n\n No resource provider with uuid 9abbd636-b5ae-41d5-92a1-420b70d83306 found for delete ", "request_id": "req-d2c8ea85-4ad3-48c0-8647-d56258e82184"}]}
2026-05-26 22:19:45.105 7 INFO neutron.services.segments.plugin [-] Segment 9abbd636-b5ae-41d5-92a1-420b70d83306 resource provider not found; error: Placement Client Error (4xx): {"errors": [{"status": 404, "title": "Not Found", "detail": "The resource could not be found.\n\n No resource provider with uuid 9abbd636-b5ae-41d5-92a1-420b70d83306 found for delete ", "request_id": "req-b59fd30e-5374-4c92-b275-b43069be5165"}]} [pid: 7|app: 0|req: 843/1640] 10.0.0.215 () {32 vars in 726 bytes} [Tue May 26 22:19:44 2026] DELETE /v2.0/networks/32e36755-074f-4974-914c-126d63233076 => generated 0 bytes in 388 msecs (HTTP/1.1 204) 3 headers in 131 bytes (1 switches on core 0)
2026-05-26 22:19:45.191 8 INFO neutron.db.ovn_revision_numbers_db [None req-f8688a16-59fd-489d-bc26-ead600616ba5 13d36218e2dc4569932ed674c5470410 373a94198dff4f48880912bbf564e275 - - default default] Successfully bumped revision number for resource fcc78ec8-4947-4c60-a700-db9633016b70 (type: security_groups) to 1
2026-05-26 22:19:45.205 8 INFO neutron.db.ovn_revision_numbers_db [None req-f8688a16-59fd-489d-bc26-ead600616ba5 13d36218e2dc4569932ed674c5470410 373a94198dff4f48880912bbf564e275 - - default default] Successfully bumped revision number for resource 05bf2251-f845-4b73-91fc-8df573a377f3 (type: security_group_rules) to 0
2026-05-26 22:19:45.218 7 WARNING neutron.plugins.ml2.drivers.ovn.mech_driver.ovsdb.ovn_client [None req-22825092-9ebd-43c5-bf9a-7969b125efcc - - - - - -] No port found with ID 3fdc8d27-403e-4159-8282-c11568a09dd6: RuntimeError: No port found with ID 3fdc8d27-403e-4159-8282-c11568a09dd6
2026-05-26 22:19:45.220 8 INFO neutron.db.ovn_revision_numbers_db [None req-f8688a16-59fd-489d-bc26-ead600616ba5 13d36218e2dc4569932ed674c5470410 373a94198dff4f48880912bbf564e275 - - default default] Successfully bumped revision number for resource b86565d6-e676-4891-a0fe-da435b263918 (type: security_group_rules) to 0
2026-05-26 22:19:45.234 8 INFO neutron.db.ovn_revision_numbers_db [None req-f8688a16-59fd-489d-bc26-ead600616ba5 13d36218e2dc4569932ed674c5470410 373a94198dff4f48880912bbf564e275 - - default default] Successfully bumped revision number for resource c0de5520-b6aa-4c44-918f-01957b332c7e (type: security_group_rules) to 0
2026-05-26 22:19:45.246 8 INFO neutron.db.ovn_revision_numbers_db [None req-f8688a16-59fd-489d-bc26-ead600616ba5 13d36218e2dc4569932ed674c5470410 373a94198dff4f48880912bbf564e275 - - default default] Successfully bumped revision number for resource f9b9c002-9ce1-454d-a272-43415334ba1a (type: security_group_rules) to 0
2026-05-26 22:19:45.271 7 INFO neutron.db.segments_db [None req-1482d410-6a58-449c-ae8b-d159c44cfdc7 3036b42283924f69a1c1981f9cd14496 4bd95febfa9b49f5853cb46e0ef16943 - - default default] Added segment 75c20c92-149e-4c50-a2ab-32feb6ed8dad of type geneve for network d41c13bd-d6cc-4ef9-a1ad-baacfb73ff18 [pid: 8|app: 0|req: 798/1641] 10.0.0.215 () {32 vars in 774 bytes} [Tue May 26 22:19:44 2026] GET /v2.0/security-groups?tenant_id=14a0b13a9761422081b0adc67410f889&name=default => generated 2925 bytes in 331 msecs (HTTP/1.1 200) 4 headers in 158 bytes (1 switches on core 0)
2026-05-26 22:19:45.392 7 INFO neutron.db.ovn_revision_numbers_db [None req-1482d410-6a58-449c-ae8b-d159c44cfdc7 3036b42283924f69a1c1981f9cd14496 4bd95febfa9b49f5853cb46e0ef16943 - - default default] Successfully bumped revision number for resource d41c13bd-d6cc-4ef9-a1ad-baacfb73ff18 (type: networks) to 1 [pid: 8|app: 0|req: 799/1642] 10.0.0.215 () {32 vars in 740 bytes} [Tue May 26 22:19:45 2026] DELETE /v2.0/security-groups/fcc78ec8-4947-4c60-a700-db9633016b70 => generated 0 bytes in 284 msecs (HTTP/1.1 204) 2 headers in 112 bytes (1 switches on core 0)
2026-05-26 22:19:45.604 7 WARNING neutron.scheduler.dhcp_agent_scheduler [None req-1482d410-6a58-449c-ae8b-d159c44cfdc7 3036b42283924f69a1c1981f9cd14496 4bd95febfa9b49f5853cb46e0ef16943 - - default default] No more DHCP agents
2026-05-26 22:19:45.606 7 WARNING neutron.api.rpc.agentnotifiers.dhcp_rpc_agent_api [None req-1482d410-6a58-449c-ae8b-d159c44cfdc7 3036b42283924f69a1c1981f9cd14496 4bd95febfa9b49f5853cb46e0ef16943 - - default default] Unable to schedule network d41c13bd-d6cc-4ef9-a1ad-baacfb73ff18: no agents available; will retry on subsequent port and subnet creation events.
2026-05-26 22:19:45.697 7 INFO neutron.db.ovn_revision_numbers_db [None req-1482d410-6a58-449c-ae8b-d159c44cfdc7 3036b42283924f69a1c1981f9cd14496 4bd95febfa9b49f5853cb46e0ef16943 - - default default] Successfully bumped revision number for resource 024d9f7c-e8e4-4708-9781-a48e24db7ace (type: ports) to 1 [pid: 7|app: 0|req: 844/1643] 10.0.0.215 () {34 vars in 670 bytes} [Tue May 26 22:19:45 2026] POST /v2.0/networks => generated 667 bytes in 581 msecs (HTTP/1.1 201) 4 headers in 162 bytes (1 switches on core 0)
2026-05-26 22:19:45.892 8 INFO neutron.db.ovn_revision_numbers_db [None req-2fe51767-93eb-42d0-bc3a-4c846a7017ea 13d36218e2dc4569932ed674c5470410 373a94198dff4f48880912bbf564e275 - - default default] Successfully bumped revision number for resource 6d5eb30f-63eb-4466-b0b1-be4e012ab2d9 (type: security_groups) to 1
2026-05-26 22:19:45.902 8 INFO neutron.db.ovn_revision_numbers_db [None req-2fe51767-93eb-42d0-bc3a-4c846a7017ea 13d36218e2dc4569932ed674c5470410 373a94198dff4f48880912bbf564e275 - - default default] Successfully bumped revision number for resource 24d8165f-d171-450a-a949-3ba4cd44682f (type: security_group_rules) to 0
2026-05-26 22:19:45.913 8 INFO neutron.db.ovn_revision_numbers_db [None req-2fe51767-93eb-42d0-bc3a-4c846a7017ea 13d36218e2dc4569932ed674c5470410 373a94198dff4f48880912bbf564e275 - - default default] Successfully bumped revision number for resource 430591e5-af5b-4845-851f-51392a7038a8 (type: security_group_rules) to 0
2026-05-26 22:19:45.931 8 INFO neutron.db.ovn_revision_numbers_db [None req-2fe51767-93eb-42d0-bc3a-4c846a7017ea 13d36218e2dc4569932ed674c5470410 373a94198dff4f48880912bbf564e275 - - default default] Successfully bumped revision number for resource 5912ae42-b916-447e-a61d-6893178325ed (type: security_group_rules) to 0
2026-05-26 22:19:45.942 8 INFO neutron.db.ovn_revision_numbers_db [None req-2fe51767-93eb-42d0-bc3a-4c846a7017ea 13d36218e2dc4569932ed674c5470410 373a94198dff4f48880912bbf564e275 - - default default] Successfully bumped revision number for resource ba455760-9fb0-4f36-975c-c87ea7ce4556 (type: security_group_rules) to 0
2026-05-26 22:19:45.949 7 WARNING neutron.scheduler.dhcp_agent_scheduler [None req-1cada8f5-96ed-47e3-a941-be16a0385de6 3036b42283924f69a1c1981f9cd14496 4bd95febfa9b49f5853cb46e0ef16943 - - default default] No more DHCP agents
2026-05-26 22:19:45.950 7 WARNING neutron.api.rpc.agentnotifiers.dhcp_rpc_agent_api [None req-1cada8f5-96ed-47e3-a941-be16a0385de6 3036b42283924f69a1c1981f9cd14496 4bd95febfa9b49f5853cb46e0ef16943 - - default default] Unable to schedule network d41c13bd-d6cc-4ef9-a1ad-baacfb73ff18: no agents available; will retry on subsequent port and subnet creation events. [pid: 8|app: 0|req: 800/1644] 10.0.0.215 () {32 vars in 774 bytes} [Tue May 26 22:19:45 2026] GET /v2.0/security-groups?tenant_id=af706e0370bb47de80463ffb2d9aa67e&name=default => generated 2925 bytes in 410 msecs (HTTP/1.1 200) 4 headers in 158 bytes (1 switches on core 0) [pid: 8|app: 0|req: 801/1645] 10.0.0.215 () {32 vars in 740 bytes} [Tue May 26 22:19:45 2026] DELETE /v2.0/security-groups/6d5eb30f-63eb-4466-b0b1-be4e012ab2d9 => generated 0 bytes in 231 msecs (HTTP/1.1 204) 2 headers in 112 bytes (1 switches on core 0)
2026-05-26 22:19:46.435 7 INFO neutron.db.ovn_revision_numbers_db [None req-ad74be2f-33b8-46a5-ab72-c05863ea4649 - - - - - -] Successfully bumped revision number for resource 024d9f7c-e8e4-4708-9781-a48e24db7ace (type: ports) to 2
2026-05-26 22:19:46.461 7 INFO neutron.db.ovn_revision_numbers_db [None req-ad74be2f-33b8-46a5-ab72-c05863ea4649 - - - - - -] Successfully bumped revision number for resource 31bbf1c7-fd15-4a44-9cfa-15a45c3f52dd (type: subnets) to 0 [pid: 7|app: 0|req: 845/1646] 10.0.0.215 () {34 vars in 669 bytes} [Tue May 26 22:19:45 2026] POST /v2.0/subnets => generated 626 bytes in 764 msecs (HTTP/1.1 201) 4 headers in 162 bytes (1 switches on core 0)
2026-05-26 22:19:46.622 8 INFO neutron.db.ovn_revision_numbers_db [None req-e703f11b-6da4-4148-a67b-2799c39d9c65 3036b42283924f69a1c1981f9cd14496 4bd95febfa9b49f5853cb46e0ef16943 - - default default] Successfully bumped revision number for resource 18734349-c17d-4601-8eda-0fa5a42b3c55 (type: routers) to 1 [pid: 8|app: 0|req: 802/1647] 10.0.0.215 () {34 vars in 669 bytes} [Tue May 26 22:19:46 2026] POST /v2.0/routers => generated 603 bytes in 138 msecs (HTTP/1.1 201) 4 headers in 162 bytes (1 switches on core 0)
2026-05-26 22:19:46.910 7 WARNING neutron.scheduler.dhcp_agent_scheduler [None req-b1635e8f-ca8f-4261-b2f0-175d0b3d7805 3036b42283924f69a1c1981f9cd14496 4bd95febfa9b49f5853cb46e0ef16943 - - default default] No more DHCP agents
2026-05-26 22:19:46.911 7 WARNING neutron.api.rpc.agentnotifiers.dhcp_rpc_agent_api [None req-b1635e8f-ca8f-4261-b2f0-175d0b3d7805 3036b42283924f69a1c1981f9cd14496 4bd95febfa9b49f5853cb46e0ef16943 - - default default] Unable to schedule network d41c13bd-d6cc-4ef9-a1ad-baacfb73ff18: no agents available; will retry on subsequent port and subnet creation events.
2026-05-26 22:19:47.028 7 INFO neutron.plugins.ml2.drivers.ovn.mech_driver.mech_driver [None req-22825092-9ebd-43c5-bf9a-7969b125efcc - - - - - -] OVN reports status down for port: 382de328-4a63-4551-ab69-7d0889b19f24
2026-05-26 22:19:47.051 8 WARNING neutron.plugins.ml2.drivers.ovn.mech_driver.ovsdb.ovn_client [None req-e7abf6d3-b8ae-4765-b9f7-1cb089282979 - - - - - -] No port found with ID 7dc1fbc6-127f-41e4-980b-b3678de195c8: RuntimeError: No port found with ID 7dc1fbc6-127f-41e4-980b-b3678de195c8
2026-05-26 22:19:47.075 8 INFO neutron.plugins.ml2.drivers.ovn.mech_driver.mech_driver [None req-e7abf6d3-b8ae-4765-b9f7-1cb089282979 - - - - - -] OVN reports status down for port: 024d9f7c-e8e4-4708-9781-a48e24db7ace
2026-05-26 22:19:47.095 7 INFO neutron.db.ovn_revision_numbers_db [None req-b1635e8f-ca8f-4261-b2f0-175d0b3d7805 3036b42283924f69a1c1981f9cd14496 4bd95febfa9b49f5853cb46e0ef16943 - - default default] Successfully bumped revision number for resource 382de328-4a63-4551-ab69-7d0889b19f24 (type: ports) to 1 [pid: 7|app: 0|req: 846/1648] 10.0.0.215 () {34 vars in 665 bytes} [Tue May 26 22:19:46 2026] POST /v2.0/ports => generated 947 bytes in 501 msecs (HTTP/1.1 201) 4 headers in 162 bytes (1 switches on core 0) /var/lib/openstack/lib/python3.12/site-packages/pycadf/identifier.py:70: UserWarning: Invalid uuid: neutron. To ensure interoperability, identifiers should be a valid uuid. warnings.warn(('Invalid uuid: %s. To ensure interoperability, '
2026-05-26 22:19:47.458 7 INFO neutron.db.ovn_revision_numbers_db [None req-7431a756-77ce-48fe-a9b1-ead9bfaae3cd 13d36218e2dc4569932ed674c5470410 373a94198dff4f48880912bbf564e275 - - default default] Successfully bumped revision number for resource c637f28f-4550-4d5d-ac79-e8de4e6b95cf (type: security_groups) to 1
2026-05-26 22:19:47.471 7 INFO neutron.db.ovn_revision_numbers_db [None req-7431a756-77ce-48fe-a9b1-ead9bfaae3cd 13d36218e2dc4569932ed674c5470410 373a94198dff4f48880912bbf564e275 - - default default] Successfully bumped revision number for resource 3481a0a6-91ae-4467-bff2-5eceb4d7bc8b (type: security_group_rules) to 0
2026-05-26 22:19:47.491 7 INFO neutron.db.ovn_revision_numbers_db [None req-7431a756-77ce-48fe-a9b1-ead9bfaae3cd 13d36218e2dc4569932ed674c5470410 373a94198dff4f48880912bbf564e275 - - default default] Successfully bumped revision number for resource 7d1115c5-2bcc-40b6-8014-a4f8ac3dc85a (type: security_group_rules) to 0
2026-05-26 22:19:47.502 7 INFO neutron.db.ovn_revision_numbers_db [None req-7431a756-77ce-48fe-a9b1-ead9bfaae3cd 13d36218e2dc4569932ed674c5470410 373a94198dff4f48880912bbf564e275 - - default default] Successfully bumped revision number for resource 965250e8-982e-4dd2-a057-eb71146af93d (type: security_group_rules) to 0
2026-05-26 22:19:47.513 7 INFO neutron.db.ovn_revision_numbers_db [None req-7431a756-77ce-48fe-a9b1-ead9bfaae3cd 13d36218e2dc4569932ed674c5470410 373a94198dff4f48880912bbf564e275 - - default default] Successfully bumped revision number for resource c7c66cfd-2b63-43eb-972f-150124c5b7a0 (type: security_group_rules) to 0 [pid: 7|app: 0|req: 847/1649] 10.0.0.215 () {32 vars in 774 bytes} [Tue May 26 22:19:47 2026] GET /v2.0/security-groups?tenant_id=32a81a9a7c1b46febb0c00590b08096c&name=default => generated 2925 bytes in 318 msecs (HTTP/1.1 200) 4 headers in 158 bytes (1 switches on core 0)
2026-05-26 22:19:47.624 7 INFO neutron.plugins.ml2.drivers.ovn.mech_driver.mech_driver [None req-22825092-9ebd-43c5-bf9a-7969b125efcc - - - - - -] OVN reports status up for port: 382de328-4a63-4551-ab69-7d0889b19f24
2026-05-26 22:19:47.640 8 INFO neutron.db.ovn_revision_numbers_db [None req-724cb04c-71c5-4c99-a778-15ae3f7692e7 3036b42283924f69a1c1981f9cd14496 4bd95febfa9b49f5853cb46e0ef16943 - - default default] Successfully bumped revision number for resource 382de328-4a63-4551-ab69-7d0889b19f24 (type: ports) to 2
2026-05-26 22:19:47.642 7 INFO neutron.plugins.ml2.plugin [None req-22825092-9ebd-43c5-bf9a-7969b125efcc - - - - - -] Attempt 1 to provision port 382de328-4a63-4551-ab69-7d0889b19f24 [pid: 7|app: 0|req: 848/1650] 10.0.0.215 () {32 vars in 740 bytes} [Tue May 26 22:19:47 2026] DELETE /v2.0/security-groups/c637f28f-4550-4d5d-ac79-e8de4e6b95cf => generated 0 bytes in 347 msecs (HTTP/1.1 204) 2 headers in 112 bytes (1 switches on core 0)
2026-05-26 22:19:48.073 7 INFO neutron.db.ovn_revision_numbers_db [None req-22825092-9ebd-43c5-bf9a-7969b125efcc - - - - - -] Successfully bumped revision number for resource 382de328-4a63-4551-ab69-7d0889b19f24 (type: ports) to 3
2026-05-26 22:19:48.215 7 INFO neutron.db.ovn_revision_numbers_db [None req-1a0ca3e0-86e8-4ebb-bf68-aa314de241ad 13d36218e2dc4569932ed674c5470410 373a94198dff4f48880912bbf564e275 - - default default] Successfully bumped revision number for resource ff4888d6-a0ea-4ae6-8aba-9956659e2b72 (type: security_groups) to 1
2026-05-26 22:19:48.229 7 INFO neutron.db.ovn_revision_numbers_db [None req-1a0ca3e0-86e8-4ebb-bf68-aa314de241ad 13d36218e2dc4569932ed674c5470410 373a94198dff4f48880912bbf564e275 - - default default] Successfully bumped revision number for resource 2238d384-ca7b-4029-b028-6caa793b7823 (type: security_group_rules) to 0
2026-05-26 22:19:48.244 7 INFO neutron.db.ovn_revision_numbers_db [None req-1a0ca3e0-86e8-4ebb-bf68-aa314de241ad 13d36218e2dc4569932ed674c5470410 373a94198dff4f48880912bbf564e275 - - default default] Successfully bumped revision number for resource 631fb9c0-4191-45a9-916b-e67b41e15308 (type: security_group_rules) to 0
2026-05-26 22:19:48.260 7 INFO neutron.db.ovn_revision_numbers_db [None req-1a0ca3e0-86e8-4ebb-bf68-aa314de241ad 13d36218e2dc4569932ed674c5470410 373a94198dff4f48880912bbf564e275 - - default default] Successfully bumped revision number for resource 64be324c-b147-4c10-8a03-88c4fb4f02ef (type: security_group_rules) to 0
2026-05-26 22:19:48.277 7 INFO neutron.db.ovn_revision_numbers_db [None req-1a0ca3e0-86e8-4ebb-bf68-aa314de241ad 13d36218e2dc4569932ed674c5470410 373a94198dff4f48880912bbf564e275 - - default default] Successfully bumped revision number for resource 6b20b313-f836-4653-b388-9e001efca663 (type: security_group_rules) to 0 [pid: 7|app: 0|req: 849/1651] 10.0.0.215 () {32 vars in 774 bytes} [Tue May 26 22:19:48 2026] GET /v2.0/security-groups?tenant_id=f56f5d9be4bc4289ae97a466c3da2ada&name=default => generated 2925 bytes in 318 msecs (HTTP/1.1 200) 4 headers in 158 bytes (1 switches on core 0) /var/lib/openstack/lib/python3.12/site-packages/pycadf/identifier.py:70: UserWarning: Invalid uuid: neutron. To ensure interoperability, identifiers should be a valid uuid. warnings.warn(('Invalid uuid: %s. To ensure interoperability, ' [pid: 7|app: 0|req: 850/1652] 10.0.0.215 () {32 vars in 740 bytes} [Tue May 26 22:19:48 2026] DELETE /v2.0/security-groups/ff4888d6-a0ea-4ae6-8aba-9956659e2b72 => generated 0 bytes in 230 msecs (HTTP/1.1 204) 2 headers in 112 bytes (1 switches on core 0)
2026-05-26 22:19:48.901 8 WARNING neutron.scheduler.dhcp_agent_scheduler [None req-724cb04c-71c5-4c99-a778-15ae3f7692e7 3036b42283924f69a1c1981f9cd14496 4bd95febfa9b49f5853cb46e0ef16943 - - default default] No more DHCP agents
2026-05-26 22:19:48.903 8 WARNING neutron.api.rpc.agentnotifiers.dhcp_rpc_agent_api [None req-724cb04c-71c5-4c99-a778-15ae3f7692e7 3036b42283924f69a1c1981f9cd14496 4bd95febfa9b49f5853cb46e0ef16943 - - default default] Unable to schedule network d41c13bd-d6cc-4ef9-a1ad-baacfb73ff18: no agents available; will retry on subsequent port and subnet creation events.
2026-05-26 22:19:49.136 8 INFO neutron.db.ovn_revision_numbers_db [None req-724cb04c-71c5-4c99-a778-15ae3f7692e7 3036b42283924f69a1c1981f9cd14496 4bd95febfa9b49f5853cb46e0ef16943 - - default default] Successfully bumped revision number for resource 382de328-4a63-4551-ab69-7d0889b19f24 (type: router_ports) to 3 [pid: 8|app: 0|req: 803/1653] 10.0.0.215 () {34 vars in 783 bytes} [Tue May 26 22:19:47 2026] PUT /v2.0/routers/18734349-c17d-4601-8eda-0fa5a42b3c55/add_router_interface => generated 309 bytes in 1999 msecs (HTTP/1.1 200) 4 headers in 157 bytes (1 switches on core 0) /var/lib/openstack/lib/python3.12/site-packages/pycadf/identifier.py:70: UserWarning: Invalid uuid: neutron. To ensure interoperability, identifiers should be a valid uuid. warnings.warn(('Invalid uuid: %s. To ensure interoperability, ' [pid: 8|app: 0|req: 804/1654] 10.0.0.215 () {32 vars in 717 bytes} [Tue May 26 22:19:49 2026] GET /v2.0/ports/382de328-4a63-4551-ab69-7d0889b19f24 => generated 1009 bytes in 76 msecs (HTTP/1.1 200) 4 headers in 158 bytes (1 switches on core 0)
2026-05-26 22:19:49.300 7 INFO neutron.db.ovn_revision_numbers_db [None req-598ff3c7-df13-45be-bef5-5cc67b20a7b0 e20c9e0b3f8741cb898d3ff2bc81e92c 38895afa194a4465985f2332178b1b5d - - default default] Successfully bumped revision number for resource 8654ec2b-e485-496a-954f-3f14c4f4144d (type: security_groups) to 1
2026-05-26 22:19:49.314 7 INFO neutron.db.ovn_revision_numbers_db [None req-598ff3c7-df13-45be-bef5-5cc67b20a7b0 e20c9e0b3f8741cb898d3ff2bc81e92c 38895afa194a4465985f2332178b1b5d - - default default] Successfully bumped revision number for resource 20cce03c-426b-40c9-9927-8ca1e40e323f (type: security_group_rules) to 0
2026-05-26 22:19:49.326 7 INFO neutron.db.ovn_revision_numbers_db [None req-598ff3c7-df13-45be-bef5-5cc67b20a7b0 e20c9e0b3f8741cb898d3ff2bc81e92c 38895afa194a4465985f2332178b1b5d - - default default] Successfully bumped revision number for resource c1780755-e85d-4367-946a-a87df7a43b21 (type: security_group_rules) to 0
2026-05-26 22:19:49.338 7 INFO neutron.db.ovn_revision_numbers_db [None req-598ff3c7-df13-45be-bef5-5cc67b20a7b0 e20c9e0b3f8741cb898d3ff2bc81e92c 38895afa194a4465985f2332178b1b5d - - default default] Successfully bumped revision number for resource d66b574c-7e90-4ef9-a9d0-e15c7c65bd5d (type: security_group_rules) to 0
2026-05-26 22:19:49.348 7 INFO neutron.db.ovn_revision_numbers_db [None req-598ff3c7-df13-45be-bef5-5cc67b20a7b0 e20c9e0b3f8741cb898d3ff2bc81e92c 38895afa194a4465985f2332178b1b5d - - default default] Successfully bumped revision number for resource d9169ec5-ffcd-4175-827f-ac99df340213 (type: security_group_rules) to 0
2026-05-26 22:19:49.431 7 INFO neutron.db.segments_db [None req-598ff3c7-df13-45be-bef5-5cc67b20a7b0 e20c9e0b3f8741cb898d3ff2bc81e92c 38895afa194a4465985f2332178b1b5d - - default default] Added segment b3c36510-bf16-43ed-a231-94e2088c66ff of type geneve for network b4f38875-ce44-450f-b290-d9ff4d880ebe
2026-05-26 22:19:49.509 8 INFO neutron_taas.services.taas.taas_plugin [None req-aa10fb88-bae6-404e-bc89-34725a41d566 3036b42283924f69a1c1981f9cd14496 4bd95febfa9b49f5853cb46e0ef16943 - - default default] TaaS: Handle Delete Port: 382de328-4a63-4551-ab69-7d0889b19f24
2026-05-26 22:19:49.514 8 INFO neutron_taas.services.taas.tap_mirror_plugin [None req-aa10fb88-bae6-404e-bc89-34725a41d566 3036b42283924f69a1c1981f9cd14496 4bd95febfa9b49f5853cb46e0ef16943 - - default default] Tap Mirror: Handle Delete Port: 382de328-4a63-4551-ab69-7d0889b19f24
2026-05-26 22:19:49.542 7 INFO neutron.db.ovn_revision_numbers_db [None req-598ff3c7-df13-45be-bef5-5cc67b20a7b0 e20c9e0b3f8741cb898d3ff2bc81e92c 38895afa194a4465985f2332178b1b5d - - default default] Successfully bumped revision number for resource b4f38875-ce44-450f-b290-d9ff4d880ebe (type: networks) to 1
2026-05-26 22:19:49.708 7 WARNING neutron.scheduler.dhcp_agent_scheduler [None req-598ff3c7-df13-45be-bef5-5cc67b20a7b0 e20c9e0b3f8741cb898d3ff2bc81e92c 38895afa194a4465985f2332178b1b5d - - default default] No more DHCP agents
2026-05-26 22:19:49.710 7 WARNING neutron.api.rpc.agentnotifiers.dhcp_rpc_agent_api [None req-598ff3c7-df13-45be-bef5-5cc67b20a7b0 e20c9e0b3f8741cb898d3ff2bc81e92c 38895afa194a4465985f2332178b1b5d - - default default] Unable to schedule network b4f38875-ce44-450f-b290-d9ff4d880ebe: no agents available; will retry on subsequent port and subnet creation events.
2026-05-26 22:19:49.782 7 INFO neutron.db.ovn_revision_numbers_db [None req-598ff3c7-df13-45be-bef5-5cc67b20a7b0 e20c9e0b3f8741cb898d3ff2bc81e92c 38895afa194a4465985f2332178b1b5d - - default default] Successfully bumped revision number for resource fb18499d-106d-40ca-8067-e9a59599c952 (type: ports) to 1
2026-05-26 22:19:49.787 8 INFO neutron.plugins.ml2.drivers.ovn.mech_driver.mech_driver [None req-e7abf6d3-b8ae-4765-b9f7-1cb089282979 - - - - - -] OVN reports status down for port: fb18499d-106d-40ca-8067-e9a59599c952 [pid: 7|app: 0|req: 851/1655] 10.0.0.215 () {34 vars in 671 bytes} [Tue May 26 22:19:48 2026] POST /v2.0/networks => generated 670 bytes in 853 msecs (HTTP/1.1 201) 4 headers in 162 bytes (1 switches on core 0) [pid: 8|app: 0|req: 805/1656] 10.0.0.215 () {34 vars in 789 bytes} [Tue May 26 22:19:49 2026] PUT /v2.0/routers/18734349-c17d-4601-8eda-0fa5a42b3c55/remove_router_interface => generated 309 bytes in 661 msecs (HTTP/1.1 200) 4 headers in 157 bytes (1 switches on core 0) /var/lib/openstack/lib/python3.12/site-packages/pycadf/identifier.py:70: UserWarning: Invalid uuid: neutron. To ensure interoperability, identifiers should be a valid uuid. warnings.warn(('Invalid uuid: %s. To ensure interoperability, ' [pid: 7|app: 0|req: 852/1657] 10.0.0.200 () {32 vars in 802 bytes} [Tue May 26 22:19:49 2026] GET /v2.0/extensions => generated 20541 bytes in 129 msecs (HTTP/1.1 200) 4 headers in 159 bytes (1 switches on core 0)
2026-05-26 22:19:49.994 7 INFO neutron.api.v2.resource [None req-835eb45f-8692-44c3-a3e6-ded78cf1055f 3036b42283924f69a1c1981f9cd14496 4bd95febfa9b49f5853cb46e0ef16943 - - default default] remove_router_interface failed (client error): The resource could not be found. [pid: 7|app: 0|req: 853/1658] 10.0.0.215 () {34 vars in 789 bytes} [Tue May 26 22:19:49 2026] PUT /v2.0/routers/18734349-c17d-4601-8eda-0fa5a42b3c55/remove_router_interface => generated 197 bytes in 58 msecs (HTTP/1.1 404) 4 headers in 164 bytes (1 switches on core 0) [pid: 7|app: 0|req: 854/1659] 10.0.0.215 () {32 vars in 736 bytes} [Tue May 26 22:19:50 2026] GET /v2.0/ports?device_id=18734349-c17d-4601-8eda-0fa5a42b3c55 => generated 12 bytes in 18 msecs (HTTP/1.1 200) 4 headers in 156 bytes (1 switches on core 0) [pid: 7|app: 0|req: 855/1660] 10.0.0.215 () {32 vars in 724 bytes} [Tue May 26 22:19:50 2026] DELETE /v2.0/routers/18734349-c17d-4601-8eda-0fa5a42b3c55 => generated 0 bytes in 187 msecs (HTTP/1.1 204) 2 headers in 112 bytes (1 switches on core 0) [pid: 7|app: 0|req: 856/1661] 10.0.0.200 () {30 vars in 724 bytes} [Tue May 26 22:19:50 2026] GET /v2.0/quotas/781a03b5f5944e0b8de2ffbd91a611b0/details => generated 847 bytes in 92 msecs (HTTP/1.1 200) 4 headers in 157 bytes (1 switches on core 0)
2026-05-26 22:19:50.312 8 WARNING neutron.scheduler.dhcp_agent_scheduler [None req-50d4cda7-eeb3-4680-82f1-235f66cce697 e20c9e0b3f8741cb898d3ff2bc81e92c 38895afa194a4465985f2332178b1b5d - - default default] No more DHCP agents
2026-05-26 22:19:50.314 8 WARNING neutron.api.rpc.agentnotifiers.dhcp_rpc_agent_api [None req-50d4cda7-eeb3-4680-82f1-235f66cce697 e20c9e0b3f8741cb898d3ff2bc81e92c 38895afa194a4465985f2332178b1b5d - - default default] Unable to schedule network feaa694f-c489-4995-b81c-2c4b2af3c2ea: no agents available; will retry on subsequent port and subnet creation events.
2026-05-26 22:19:50.439 8 INFO neutron.db.ovn_revision_numbers_db [None req-50d4cda7-eeb3-4680-82f1-235f66cce697 e20c9e0b3f8741cb898d3ff2bc81e92c 38895afa194a4465985f2332178b1b5d - - default default] Successfully bumped revision number for resource a34cd0a9-728d-4c35-84a7-9b6745aca285 (type: ports) to 1 [pid: 7|app: 0|req: 857/1662] 10.0.0.215 () {32 vars in 724 bytes} [Tue May 26 22:19:50 2026] DELETE /v2.0/subnets/31bbf1c7-fd15-4a44-9cfa-15a45c3f52dd => generated 0 bytes in 184 msecs (HTTP/1.1 204) 3 headers in 131 bytes (1 switches on core 0)
2026-05-26 22:19:50.712 7 INFO neutron.db.ovn_revision_numbers_db [None req-be4a7066-f038-43bb-b226-9337e1fa457c ae7ea2c6d87c406094541feb3bfc27ac f0c2209b8f5e4641bd10cdc64eee081b - - default default] Successfully bumped revision number for resource b17be140-0682-4cd0-9a8e-83ecb2e53105 (type: security_groups) to 1
2026-05-26 22:19:50.723 7 INFO neutron.db.ovn_revision_numbers_db [None req-be4a7066-f038-43bb-b226-9337e1fa457c ae7ea2c6d87c406094541feb3bfc27ac f0c2209b8f5e4641bd10cdc64eee081b - - default default] Successfully bumped revision number for resource 692566d0-4600-4a27-b270-0974851f38d6 (type: security_group_rules) to 0
2026-05-26 22:19:50.745 7 INFO neutron.db.ovn_revision_numbers_db [None req-be4a7066-f038-43bb-b226-9337e1fa457c ae7ea2c6d87c406094541feb3bfc27ac f0c2209b8f5e4641bd10cdc64eee081b - - default default] Successfully bumped revision number for resource 6d049fbc-a48a-4a12-a050-bd962f175cc7 (type: security_group_rules) to 0
2026-05-26 22:19:50.758 7 INFO neutron.db.ovn_revision_numbers_db [None req-be4a7066-f038-43bb-b226-9337e1fa457c ae7ea2c6d87c406094541feb3bfc27ac f0c2209b8f5e4641bd10cdc64eee081b - - default default] Successfully bumped revision number for resource 75788cff-26b4-4ece-b1aa-47c22f1a1cfe (type: security_group_rules) to 0
2026-05-26 22:19:50.770 7 INFO neutron.db.ovn_revision_numbers_db [None req-be4a7066-f038-43bb-b226-9337e1fa457c ae7ea2c6d87c406094541feb3bfc27ac f0c2209b8f5e4641bd10cdc64eee081b - - default default] Successfully bumped revision number for resource 97866cb2-8dec-4157-9ba2-71b677f9d04b (type: security_group_rules) to 0
2026-05-26 22:19:50.844 7 INFO neutron.db.segments_db [None req-be4a7066-f038-43bb-b226-9337e1fa457c ae7ea2c6d87c406094541feb3bfc27ac f0c2209b8f5e4641bd10cdc64eee081b - - default default] Added segment 32f95d75-7bf0-4f99-a388-23f691ea8313 of type geneve for network 23af7421-1b45-4f08-a97d-5b04af8286c4
2026-05-26 22:19:50.962 7 INFO neutron.db.ovn_revision_numbers_db [None req-be4a7066-f038-43bb-b226-9337e1fa457c ae7ea2c6d87c406094541feb3bfc27ac f0c2209b8f5e4641bd10cdc64eee081b - - default default] Successfully bumped revision number for resource 23af7421-1b45-4f08-a97d-5b04af8286c4 (type: networks) to 1
2026-05-26 22:19:51.030 8 INFO neutron.plugins.ml2.drivers.ovn.mech_driver.ovsdb.commands [None req-a98d438a-322e-4080-a1bb-f66e6c49c51b - - - - - -] Schedule LRP lrp-a34cd0a9-728d-4c35-84a7-9b6745aca285 on gateway bd630b39-f700-4d38-9785-a47f426a78ed with priority 1
2026-05-26 22:19:51.131 8 INFO neutron.db.ovn_revision_numbers_db [None req-50d4cda7-eeb3-4680-82f1-235f66cce697 e20c9e0b3f8741cb898d3ff2bc81e92c 38895afa194a4465985f2332178b1b5d - - default default] Successfully bumped revision number for resource a34cd0a9-728d-4c35-84a7-9b6745aca285 (type: router_ports) to 1
2026-05-26 22:19:51.148 8 INFO neutron.plugins.ml2.drivers.ovn.mech_driver.ovsdb.ovsdb_monitor [None req-97082536-8095-43ea-b681-26b5985b2f15 - - - - - -] Router a41f1f0c-4169-4e95-b6ad-fef7fe13c33a is bound to host instance
2026-05-26 22:19:51.197 7 WARNING neutron.scheduler.dhcp_agent_scheduler [None req-be4a7066-f038-43bb-b226-9337e1fa457c ae7ea2c6d87c406094541feb3bfc27ac f0c2209b8f5e4641bd10cdc64eee081b - - default default] No more DHCP agents
2026-05-26 22:19:51.199 7 WARNING neutron.api.rpc.agentnotifiers.dhcp_rpc_agent_api [None req-be4a7066-f038-43bb-b226-9337e1fa457c ae7ea2c6d87c406094541feb3bfc27ac f0c2209b8f5e4641bd10cdc64eee081b - - default default] Unable to schedule network 23af7421-1b45-4f08-a97d-5b04af8286c4: no agents available; will retry on subsequent port and subnet creation events.
2026-05-26 22:19:51.262 8 INFO neutron.db.ovn_revision_numbers_db [None req-50d4cda7-eeb3-4680-82f1-235f66cce697 e20c9e0b3f8741cb898d3ff2bc81e92c 38895afa194a4465985f2332178b1b5d - - default default] Successfully bumped revision number for resource a41f1f0c-4169-4e95-b6ad-fef7fe13c33a (type: routers) to 2 [pid: 8|app: 0|req: 806/1663] 10.0.0.215 () {34 vars in 669 bytes} [Tue May 26 22:19:49 2026] POST /v2.0/routers => generated 955 bytes in 1414 msecs (HTTP/1.1 201) 4 headers in 162 bytes (1 switches on core 0)
2026-05-26 22:19:51.309 7 INFO neutron.db.ovn_revision_numbers_db [None req-be4a7066-f038-43bb-b226-9337e1fa457c ae7ea2c6d87c406094541feb3bfc27ac f0c2209b8f5e4641bd10cdc64eee081b - - default default] Successfully bumped revision number for resource 7a564ee5-8701-43d9-bc2b-6cc1a8316bdd (type: ports) to 1 [pid: 7|app: 0|req: 858/1664] 10.0.0.215 () {34 vars in 670 bytes} [Tue May 26 22:19:50 2026] POST /v2.0/networks => generated 682 bytes in 861 msecs (HTTP/1.1 201) 4 headers in 162 bytes (1 switches on core 0) [pid: 7|app: 0|req: 859/1665] 10.0.0.215 () {32 vars in 776 bytes} [Tue May 26 22:19:51 2026] GET /v2.0/subnets?project_id=38895afa194a4465985f2332178b1b5d&cidr=10.100.0.0%2F28 => generated 14 bytes in 118 msecs (HTTP/1.1 200) 4 headers in 156 bytes (1 switches on core 0)
2026-05-26 22:19:51.568 8 INFO neutron_taas.services.taas.taas_plugin [None req-d761a500-3bda-49fd-ba7b-d034f4610d01 3036b42283924f69a1c1981f9cd14496 4bd95febfa9b49f5853cb46e0ef16943 - - default default] TaaS: Handle Delete Port: 024d9f7c-e8e4-4708-9781-a48e24db7ace
2026-05-26 22:19:51.572 8 INFO neutron_taas.services.taas.tap_mirror_plugin [None req-d761a500-3bda-49fd-ba7b-d034f4610d01 3036b42283924f69a1c1981f9cd14496 4bd95febfa9b49f5853cb46e0ef16943 - - default default] Tap Mirror: Handle Delete Port: 024d9f7c-e8e4-4708-9781-a48e24db7ace
2026-05-26 22:19:51.620 7 WARNING neutron.scheduler.dhcp_agent_scheduler [None req-5fc92dcc-c25d-43c0-937c-452ace6ec787 ae7ea2c6d87c406094541feb3bfc27ac f0c2209b8f5e4641bd10cdc64eee081b - - default default] No more DHCP agents
2026-05-26 22:19:51.621 7 WARNING neutron.api.rpc.agentnotifiers.dhcp_rpc_agent_api [None req-5fc92dcc-c25d-43c0-937c-452ace6ec787 ae7ea2c6d87c406094541feb3bfc27ac f0c2209b8f5e4641bd10cdc64eee081b - - default default] Unable to schedule network 23af7421-1b45-4f08-a97d-5b04af8286c4: no agents available; will retry on subsequent port and subnet creation events.
2026-05-26 22:19:51.916 8 INFO neutron.services.segments.plugin [-] Segment 75c20c92-149e-4c50-a2ab-32feb6ed8dad resource provider aggregate not found
2026-05-26 22:19:51.920 8 INFO neutron.services.segments.plugin [-] Segment 75c20c92-149e-4c50-a2ab-32feb6ed8dad resource provider aggregate not found
2026-05-26 22:19:51.936 8 INFO neutron.services.segments.plugin [-] Segment 75c20c92-149e-4c50-a2ab-32feb6ed8dad resource provider not found; error: Placement Client Error (4xx): {"errors": [{"status": 404, "title": "Not Found", "detail": "The resource could not be found.\n\n No resource provider with uuid 75c20c92-149e-4c50-a2ab-32feb6ed8dad found for delete ", "request_id": "req-9439a4d5-a3c0-4a7f-96ee-ce01a7c6f649"}]}
2026-05-26 22:19:51.942 8 INFO neutron.services.segments.plugin [-] Segment 75c20c92-149e-4c50-a2ab-32feb6ed8dad resource provider not found; error: Placement Client Error (4xx): {"errors": [{"status": 404, "title": "Not Found", "detail": "The resource could not be found.\n\n No resource provider with uuid 75c20c92-149e-4c50-a2ab-32feb6ed8dad found for delete ", "request_id": "req-d7eb9e05-97f8-46ea-990d-a719cea879fc"}]} [pid: 8|app: 0|req: 807/1666] 10.0.0.215 () {32 vars in 726 bytes} [Tue May 26 22:19:51 2026] DELETE /v2.0/networks/d41c13bd-d6cc-4ef9-a1ad-baacfb73ff18 => generated 0 bytes in 728 msecs (HTTP/1.1 204) 3 headers in 131 bytes (1 switches on core 0) [pid: 8|app: 0|req: 808/1667] 10.0.0.215 () {32 vars in 694 bytes} [Tue May 26 22:19:52 2026] GET /v2.0/networks?router%3Aexternal=True => generated 791 bytes in 103 msecs (HTTP/1.1 200) 4 headers in 157 bytes (1 switches on core 0)
2026-05-26 22:19:52.256 8 INFO neutron.db.segments_db [None req-562783bb-a232-42fe-b5e7-fd913781c690 3036b42283924f69a1c1981f9cd14496 4bd95febfa9b49f5853cb46e0ef16943 - - default default] Added segment f3a97162-d948-4c04-9423-c81bc8e117e4 of type geneve for network 50103cf7-435c-4b25-b9a9-0354dfcd2a5e
2026-05-26 22:19:52.474 8 INFO neutron.db.ovn_revision_numbers_db [None req-053bc896-9acf-41f4-9875-b33083e73e6d - - - - - -] Successfully bumped revision number for resource a34cd0a9-728d-4c35-84a7-9b6745aca285 (type: ports) to 4
2026-05-26 22:19:52.517 7 INFO neutron.db.ovn_revision_numbers_db [None req-b9ecd28e-7a1e-425b-93fc-d12ee0c17cf2 - - - - - -] Successfully bumped revision number for resource 7a564ee5-8701-43d9-bc2b-6cc1a8316bdd (type: ports) to 2
2026-05-26 22:19:52.520 8 INFO neutron.db.ovn_revision_numbers_db [None req-562783bb-a232-42fe-b5e7-fd913781c690 3036b42283924f69a1c1981f9cd14496 4bd95febfa9b49f5853cb46e0ef16943 - - default default] Successfully bumped revision number for resource 50103cf7-435c-4b25-b9a9-0354dfcd2a5e (type: networks) to 1
2026-05-26 22:19:52.549 7 INFO neutron.db.ovn_revision_numbers_db [None req-b9ecd28e-7a1e-425b-93fc-d12ee0c17cf2 - - - - - -] Successfully bumped revision number for resource a17ccee7-b22e-4a73-bb34-67f7c145d7fe (type: subnets) to 0 [pid: 7|app: 0|req: 860/1668] 10.0.0.215 () {34 vars in 669 bytes} [Tue May 26 22:19:51 2026] POST /v2.0/subnets => generated 641 bytes in 1096 msecs (HTTP/1.1 201) 4 headers in 162 bytes (1 switches on core 0) [pid: 7|app: 0|req: 861/1669] 10.0.0.215 () {32 vars in 784 bytes} [Tue May 26 22:19:52 2026] GET /v2.0/subnets?network_id=feaa694f-c489-4995-b81c-2c4b2af3c2ea&cidr=10.100.0.0%2F28 => generated 14 bytes in 22 msecs (HTTP/1.1 200) 4 headers in 156 bytes (1 switches on core 0)
2026-05-26 22:19:52.682 7 INFO neutron.db.segments_db [None req-e5f7fed0-767f-413c-8185-7feea5b0d18f ae7ea2c6d87c406094541feb3bfc27ac f0c2209b8f5e4641bd10cdc64eee081b - - default default] Added segment d14253c9-de6b-45cc-9a02-c9e20acf62ec of type geneve for network 1b028da2-ef2c-4f3f-a5bb-2c8a60ec7d66
2026-05-26 22:19:52.773 7 INFO neutron.db.ovn_revision_numbers_db [None req-e5f7fed0-767f-413c-8185-7feea5b0d18f ae7ea2c6d87c406094541feb3bfc27ac f0c2209b8f5e4641bd10cdc64eee081b - - default default] Successfully bumped revision number for resource 1b028da2-ef2c-4f3f-a5bb-2c8a60ec7d66 (type: networks) to 1
2026-05-26 22:19:52.886 8 WARNING neutron.scheduler.dhcp_agent_scheduler [None req-562783bb-a232-42fe-b5e7-fd913781c690 3036b42283924f69a1c1981f9cd14496 4bd95febfa9b49f5853cb46e0ef16943 - - default default] No more DHCP agents
2026-05-26 22:19:52.890 8 WARNING neutron.api.rpc.agentnotifiers.dhcp_rpc_agent_api [None req-562783bb-a232-42fe-b5e7-fd913781c690 3036b42283924f69a1c1981f9cd14496 4bd95febfa9b49f5853cb46e0ef16943 - - default default] Unable to schedule network 50103cf7-435c-4b25-b9a9-0354dfcd2a5e: no agents available; will retry on subsequent port and subnet creation events.
2026-05-26 22:19:52.937 7 WARNING neutron.scheduler.dhcp_agent_scheduler [None req-e5f7fed0-767f-413c-8185-7feea5b0d18f ae7ea2c6d87c406094541feb3bfc27ac f0c2209b8f5e4641bd10cdc64eee081b - - default default] No more DHCP agents
2026-05-26 22:19:52.938 7 WARNING neutron.api.rpc.agentnotifiers.dhcp_rpc_agent_api [None req-e5f7fed0-767f-413c-8185-7feea5b0d18f ae7ea2c6d87c406094541feb3bfc27ac f0c2209b8f5e4641bd10cdc64eee081b - - default default] Unable to schedule network 1b028da2-ef2c-4f3f-a5bb-2c8a60ec7d66: no agents available; will retry on subsequent port and subnet creation events.
2026-05-26 22:19:52.989 8 INFO neutron.plugins.ml2.drivers.ovn.mech_driver.mech_driver [None req-e7abf6d3-b8ae-4765-b9f7-1cb089282979 - - - - - -] OVN reports status down for port: fe1bc5f7-c950-4317-8c1d-8da260f24be6
2026-05-26 22:19:53.055 7 INFO neutron.db.ovn_revision_numbers_db [None req-e5f7fed0-767f-413c-8185-7feea5b0d18f ae7ea2c6d87c406094541feb3bfc27ac f0c2209b8f5e4641bd10cdc64eee081b - - default default] Successfully bumped revision number for resource 645a9bba-61ce-48fc-a779-be80c24870af (type: ports) to 1
2026-05-26 22:19:53.083 8 INFO neutron.db.ovn_revision_numbers_db [None req-562783bb-a232-42fe-b5e7-fd913781c690 3036b42283924f69a1c1981f9cd14496 4bd95febfa9b49f5853cb46e0ef16943 - - default default] Successfully bumped revision number for resource fe1bc5f7-c950-4317-8c1d-8da260f24be6 (type: ports) to 1 [pid: 7|app: 0|req: 862/1670] 10.0.0.215 () {34 vars in 670 bytes} [Tue May 26 22:19:52 2026] POST /v2.0/networks => generated 681 bytes in 497 msecs (HTTP/1.1 201) 4 headers in 162 bytes (1 switches on core 0)
2026-05-26 22:19:53.084 7 WARNING neutron.plugins.ml2.drivers.ovn.mech_driver.ovsdb.ovn_client [None req-b361a2e6-266c-4568-9b9e-c65a00af4ef1 - - - - - -] No port found with ID 382de328-4a63-4551-ab69-7d0889b19f24: RuntimeError: No port found with ID 382de328-4a63-4551-ab69-7d0889b19f24
2026-05-26 22:19:53.104 7 INFO neutron.plugins.ml2.drivers.ovn.mech_driver.mech_driver [None req-b361a2e6-266c-4568-9b9e-c65a00af4ef1 - - - - - -] OVN reports status down for port: a34cd0a9-728d-4c35-84a7-9b6745aca285
2026-05-26 22:19:53.161 8 INFO neutron.db.ovn_revision_numbers_db [None req-053bc896-9acf-41f4-9875-b33083e73e6d - - - - - -] Successfully bumped revision number for resource a34cd0a9-728d-4c35-84a7-9b6745aca285 (type: ports) to 5
2026-05-26 22:19:53.162 8 INFO neutron.plugins.ml2.drivers.ovn.mech_driver.mech_driver [None req-e7abf6d3-b8ae-4765-b9f7-1cb089282979 - - - - - -] OVN reports status down for port: 645a9bba-61ce-48fc-a779-be80c24870af [pid: 8|app: 0|req: 809/1671] 10.0.0.215 () {34 vars in 670 bytes} [Tue May 26 22:19:52 2026] POST /v2.0/networks => generated 668 bytes in 1052 msecs (HTTP/1.1 201) 4 headers in 162 bytes (1 switches on core 0)
2026-05-26 22:19:53.408 7 WARNING neutron.scheduler.dhcp_agent_scheduler [None req-cc41aa0f-0583-404a-98f4-e7ac34a2a419 e20c9e0b3f8741cb898d3ff2bc81e92c 38895afa194a4465985f2332178b1b5d - - default default] No more DHCP agents
2026-05-26 22:19:53.410 7 WARNING neutron.api.rpc.agentnotifiers.dhcp_rpc_agent_api [None req-cc41aa0f-0583-404a-98f4-e7ac34a2a419 e20c9e0b3f8741cb898d3ff2bc81e92c 38895afa194a4465985f2332178b1b5d - - default default] Unable to schedule network b4f38875-ce44-450f-b290-d9ff4d880ebe: no agents available; will retry on subsequent port and subnet creation events.
2026-05-26 22:19:53.440 8 INFO neutron.db.ovn_revision_numbers_db [None req-066ad514-0857-44af-a533-2c6f3cc8be7c ae7ea2c6d87c406094541feb3bfc27ac f0c2209b8f5e4641bd10cdc64eee081b - - default default] Successfully bumped revision number for resource 1b028da2-ef2c-4f3f-a5bb-2c8a60ec7d66 (type: networks) to 2 [pid: 8|app: 0|req: 810/1672] 10.0.0.215 () {34 vars in 743 bytes} [Tue May 26 22:19:53 2026] PUT /v2.0/networks/1b028da2-ef2c-4f3f-a5bb-2c8a60ec7d66 => generated 636 bytes in 258 msecs (HTTP/1.1 200) 4 headers in 157 bytes (1 switches on core 0)
2026-05-26 22:19:53.627 8 WARNING neutron.scheduler.dhcp_agent_scheduler [None req-d460d014-df51-4344-82e0-c09d30896470 3036b42283924f69a1c1981f9cd14496 4bd95febfa9b49f5853cb46e0ef16943 - - default default] No more DHCP agents
2026-05-26 22:19:53.628 8 WARNING neutron.api.rpc.agentnotifiers.dhcp_rpc_agent_api [None req-d460d014-df51-4344-82e0-c09d30896470 3036b42283924f69a1c1981f9cd14496 4bd95febfa9b49f5853cb46e0ef16943 - - default default] Unable to schedule network 50103cf7-435c-4b25-b9a9-0354dfcd2a5e: no agents available; will retry on subsequent port and subnet creation events.
2026-05-26 22:19:53.637 7 INFO neutron.db.ovn_revision_numbers_db [None req-b361a2e6-266c-4568-9b9e-c65a00af4ef1 - - - - - -] Successfully bumped revision number for resource a34cd0a9-728d-4c35-84a7-9b6745aca285 (type: ports) to 6
2026-05-26 22:19:53.774 7 WARNING neutron.plugins.ml2.drivers.ovn.mech_driver.ovsdb.ovn_client [None req-d74fddf4-0965-4364-9e3f-b5beff49dea8 - - - - - -] Logical_Switch_Port a34cd0a9-728d-4c35-84a7-9b6745aca285 host information not removed, the port state is up
2026-05-26 22:19:53.774 7 INFO neutron.plugins.ml2.drivers.ovn.mech_driver.mech_driver [None req-d74fddf4-0965-4364-9e3f-b5beff49dea8 - - - - - -] OVN reports status up for port: a34cd0a9-728d-4c35-84a7-9b6745aca285
2026-05-26 22:19:53.800 7 INFO neutron.plugins.ml2.plugin [None req-d74fddf4-0965-4364-9e3f-b5beff49dea8 - - - - - -] Attempt 1 to provision port a34cd0a9-728d-4c35-84a7-9b6745aca285
2026-05-26 22:19:54.028 8 INFO neutron.db.ovn_revision_numbers_db [None req-20580e80-765e-48f2-a7d7-2fdfb2026f28 - - - - - -] Successfully bumped revision number for resource fe1bc5f7-c950-4317-8c1d-8da260f24be6 (type: ports) to 2
2026-05-26 22:19:54.058 8 INFO neutron.db.ovn_revision_numbers_db [None req-20580e80-765e-48f2-a7d7-2fdfb2026f28 - - - - - -] Successfully bumped revision number for resource e64c903b-d761-4149-99c6-c665405fae33 (type: subnets) to 0 [pid: 8|app: 0|req: 811/1673] 10.0.0.215 () {34 vars in 669 bytes} [Tue May 26 22:19:53 2026] POST /v2.0/subnets => generated 626 bytes in 627 msecs (HTTP/1.1 201) 4 headers in 162 bytes (1 switches on core 0) [pid: 8|app: 0|req: 812/1674] 10.0.0.200 () {32 vars in 802 bytes} [Tue May 26 22:19:54 2026] GET /v2.0/extensions => generated 20541 bytes in 6 msecs (HTTP/1.1 200) 4 headers in 159 bytes (1 switches on core 0)
2026-05-26 22:19:54.178 7 INFO neutron.db.ovn_revision_numbers_db [None req-ebfbce2f-3559-45b1-8e02-a2e3ff883541 - - - - - -] Successfully bumped revision number for resource fb18499d-106d-40ca-8067-e9a59599c952 (type: ports) to 2
2026-05-26 22:19:54.249 7 INFO neutron.db.ovn_revision_numbers_db [None req-ebfbce2f-3559-45b1-8e02-a2e3ff883541 - - - - - -] Successfully bumped revision number for resource d6495702-f446-4567-95f8-de6827e47182 (type: subnets) to 0
2026-05-26 22:19:54.254 8 WARNING neutron.scheduler.dhcp_agent_scheduler [None req-a9d04212-78f9-4c6b-8a19-bf1c78af52ff ae7ea2c6d87c406094541feb3bfc27ac f0c2209b8f5e4641bd10cdc64eee081b - - default default] No more DHCP agents
2026-05-26 22:19:54.255 8 WARNING neutron.api.rpc.agentnotifiers.dhcp_rpc_agent_api [None req-a9d04212-78f9-4c6b-8a19-bf1c78af52ff ae7ea2c6d87c406094541feb3bfc27ac f0c2209b8f5e4641bd10cdc64eee081b - - default default] Unable to schedule network 1b028da2-ef2c-4f3f-a5bb-2c8a60ec7d66: no agents available; will retry on subsequent port and subnet creation events. [pid: 7|app: 0|req: 863/1675] 10.0.0.215 () {34 vars in 669 bytes} [Tue May 26 22:19:53 2026] POST /v2.0/subnets => generated 656 bytes in 1204 msecs (HTTP/1.1 201) 4 headers in 162 bytes (1 switches on core 0)
2026-05-26 22:19:54.401 7 INFO neutron.db.ovn_revision_numbers_db [None req-d74fddf4-0965-4364-9e3f-b5beff49dea8 - - - - - -] Successfully bumped revision number for resource a34cd0a9-728d-4c35-84a7-9b6745aca285 (type: ports) to 7
2026-05-26 22:19:54.483 7 INFO neutron.db.ovn_revision_numbers_db [None req-68756b30-7436-42f6-b20f-efec158abbc0 3036b42283924f69a1c1981f9cd14496 4bd95febfa9b49f5853cb46e0ef16943 - - default default] Successfully bumped revision number for resource 2517f486-1d61-4724-991d-36b90eebcf7f (type: routers) to 1 [pid: 7|app: 0|req: 864/1676] 10.0.0.215 () {34 vars in 669 bytes} [Tue May 26 22:19:54 2026] POST /v2.0/routers => generated 602 bytes in 223 msecs (HTTP/1.1 201) 4 headers in 162 bytes (1 switches on core 0)
2026-05-26 22:19:54.570 7 INFO neutron.plugins.ml2.drivers.ovn.mech_driver.mech_driver [None req-c7813dc9-15ab-45cc-a83f-6ecf21d36d06 - - - - - -] OVN reports status down for port: 7a564ee5-8701-43d9-bc2b-6cc1a8316bdd [pid: 7|app: 0|req: 865/1677] 10.0.0.200 () {30 vars in 724 bytes} [Tue May 26 22:19:54 2026] GET /v2.0/quotas/781a03b5f5944e0b8de2ffbd91a611b0/details => generated 847 bytes in 156 msecs (HTTP/1.1 200) 4 headers in 157 bytes (1 switches on core 0)
2026-05-26 22:19:54.677 8 INFO neutron.db.ovn_revision_numbers_db [None req-a30dbbdf-45bc-4c8f-827b-2d2fe6acb038 - - - - - -] Successfully bumped revision number for resource 645a9bba-61ce-48fc-a779-be80c24870af (type: ports) to 2
