Jul 28 00:12:28.327488 np0000187141 devstack@neutron-api.service[102211]: DEBUG neutron.pecan_wsgi.hooks.policy_enforcement [None req-f6136935-86f4-440b-8b0d-4387dca3256c service manila] Attributes excluded by policy engine: ['standard_attr_id'] {{(pid=102211) _exclude_attributes_by_policy /opt/stack/neutron/neutron/pecan_wsgi/hooks/policy_enforcement.py:259}}
Jul 28 00:12:28.327751 np0000187141 devstack@neutron-api.service[102211]: DEBUG neutron_lib.callbacks.manager [None req-f6136935-86f4-440b-8b0d-4387dca3256c service manila] Publish callbacks ['neutron.notifiers.nova.Notifier._send_nova_notification-3980971'] for port (None), before_response {{(pid=102211) _notify_loop /opt/stack/data/venv/lib/python3.12/site-packages/neutron_lib/callbacks/manager.py:184}}
Jul 28 00:12:28.339300 np0000187141 devstack@neutron-api.service[102211]: [pid: 102211|app: 0|req: 27/104] 199.204.45.240 () {68 vars in 1304 bytes} [Tue Jul 28 00:12:27 2026] POST /networking/v2.0/ports => generated 926 bytes in 486 msecs (HTTP/1.1 201) 4 headers in 162 bytes (1 switches on core 0)
Jul 28 00:12:28.581949 np0000187141 devstack@neutron-api.service[102208]: DEBUG neutron.plugins.ml2.drivers.ovn.mech_driver.ovsdb.ovsdb_monitor [None req-81a05e7c-2bef-4e11-98a2-fa87844ad939 None None] Hash Ring: Node f1a93e428afc5380bcf8d171f186738e (host: np0000187141) handling event "update" for row 5785f0e8-196f-4323-83bf-328f23f2e17d (table: Port_Binding) {{(pid=102208) notify /opt/stack/neutron/neutron/plugins/ml2/drivers/ovn/mech_driver/ovsdb/ovsdb_monitor.py:1013}}
Jul 28 00:12:28.623014 np0000187141 devstack@neutron-api.service[102210]: DEBUG neutron.plugins.ml2.drivers.ovn.mech_driver.ovsdb.ovsdb_monitor [None req-d34c9af5-4203-4d37-a743-4f682e511371 None None] Touching Hash Ring node "1576fb36a29758b9b798761542ca7955" from IDL notify handler {{(pid=102210) notify /opt/stack/neutron/neutron/plugins/ml2/drivers/ovn/mech_driver/ovsdb/ovsdb_monitor.py:1005}}
Jul 28 00:12:28.624109 np0000187141 devstack@neutron-api.service[102208]: DEBUG neutron.plugins.ml2.drivers.ovn.mech_driver.ovsdb.ovsdb_monitor [None req-81a05e7c-2bef-4e11-98a2-fa87844ad939 None None] Hash Ring: Node f1a93e428afc5380bcf8d171f186738e (host: np0000187141) handling event "update" for row 5785f0e8-196f-4323-83bf-328f23f2e17d (table: Port_Binding) {{(pid=102208) notify /opt/stack/neutron/neutron/plugins/ml2/drivers/ovn/mech_driver/ovsdb/ovsdb_monitor.py:1013}}
Jul 28 00:12:28.632934 np0000187141 devstack@neutron-api.service[102210]: DEBUG neutron.plugins.ml2.drivers.ovn.mech_driver.ovsdb.ovsdb_monitor [None req-d34c9af5-4203-4d37-a743-4f682e511371 None None] Hash Ring: Node 1576fb36a29758b9b798761542ca7955 (host: np0000187141) handling event "update" for row 372a26c7-b688-4177-8892-aa93ef45b78b (table: Logical_Switch_Port) {{(pid=102210) notify /opt/stack/neutron/neutron/plugins/ml2/drivers/ovn/mech_driver/ovsdb/ovsdb_monitor.py:1013}}
Jul 28 00:12:28.634953 np0000187141 devstack@neutron-api.service[102210]: DEBUG ovsdbapp.backend.ovs_idl.event [None req-d34c9af5-4203-4d37-a743-4f682e511371 None None] Matched UPDATE: LogicalSwitchPortUpdateUpEvent(events=('update',), table='Logical_Switch_Port', conditions=None, old_conditions=None), priority=20 to row=Logical_Switch_Port(uuid=372a26c7-b688-4177-8892-aa93ef45b78b, addresses=['fa:16:3e:b5:1e:6d 10.2.5.169', 'unknown'], dhcpv4_options=535326cb-4fac-4713-bd97-652fe129f317, dhcpv6_options=[], dynamic_addresses=[], enabled=True, external_ids={'neutron:cidrs': '10.2.5.169/24', 'neutron:device_id': 'manila-admin-share', 'neutron:device_owner': 'manila:share', 'neutron:mtu': '', 'neutron:network_name': 'neutron-793747c8-930a-4b3e-be60-5f0f8a63ed6f', 'neutron:port_capabilities': '', 'neutron:port_name': '', 'neutron:project_id': 'b18621acafc44bda903384297c982d2b', 'neutron:revision_number': '3', 'neutron:security_group_ids': '', 'neutron:subnet_pool_addr_scope4': '', 'neutron:subnet_pool_addr_scope6': '', 'neutron:vnic_type': 'normal'}, ha_chassis_group=[], mirror_rules=[], name='4f125cb1-4654-4e0d-a735-9c14dca1dc3a', options={'requested-chassis': 'np0000187141'}, parent_name=[], port_security=[], tag=[], tag_request=[], type='', up=True) old=Logical_Switch_Port(uuid=372a26c7-b688-4177-8892-aa93ef45b78b, up=False) {{(pid=102210) matches /opt/stack/data/venv/lib/python3.12/site-packages/ovsdbapp/backend/ovs_idl/event.py:55}}
Jul 28 00:12:28.637795 np0000187141 devstack@neutron-api.service[102210]: INFO neutron.plugins.ml2.drivers.ovn.mech_driver.mech_driver [None req-05d3e768-5d0f-4fdd-a36e-80c2e3d60bf9 None None] OVN reports status up for port: 4f125cb1-4654-4e0d-a735-9c14dca1dc3a
Jul 28 00:12:28.650468 np0000187141 devstack@neutron-api.service[102210]: DEBUG neutron.db.provisioning_blocks [None req-05d3e768-5d0f-4fdd-a36e-80c2e3d60bf9 None None] Provisioning for port 4f125cb1-4654-4e0d-a735-9c14dca1dc3a completed by entity L2. {{(pid=102210) provisioning_complete /opt/stack/neutron/neutron/db/provisioning_blocks.py:133}}
Jul 28 00:12:28.657680 np0000187141 devstack@neutron-api.service[102210]: DEBUG neutron.db.provisioning_blocks [None req-05d3e768-5d0f-4fdd-a36e-80c2e3d60bf9 None None] Provisioning complete for port 4f125cb1-4654-4e0d-a735-9c14dca1dc3a triggered by entity L2. {{(pid=102210) provisioning_complete /opt/stack/neutron/neutron/db/provisioning_blocks.py:141}}
Jul 28 00:12:28.657888 np0000187141 devstack@neutron-api.service[102210]: DEBUG neutron_lib.callbacks.manager [None req-05d3e768-5d0f-4fdd-a36e-80c2e3d60bf9 None None] Publish callbacks ['neutron.plugins.ml2.plugin.Ml2Plugin._port_provisioned-21749'] for port (4f125cb1-4654-4e0d-a735-9c14dca1dc3a), provisioning_complete {{(pid=102210) _notify_loop /opt/stack/data/venv/lib/python3.12/site-packages/neutron_lib/callbacks/manager.py:184}}
Jul 28 00:12:28.658007 np0000187141 devstack@neutron-api.service[102210]: INFO neutron.plugins.ml2.plugin [None req-05d3e768-5d0f-4fdd-a36e-80c2e3d60bf9 None None] Attempt 1 to provision port 4f125cb1-4654-4e0d-a735-9c14dca1dc3a
Jul 28 00:12:28.697138 np0000187141 devstack@neutron-api.service[102210]: DEBUG neutron.plugins.ml2.plugin [None req-05d3e768-5d0f-4fdd-a36e-80c2e3d60bf9 None None] Current status of the port 4f125cb1-4654-4e0d-a735-9c14dca1dc3a is: DOWN; New status is: ACTIVE {{(pid=102210) _update_individual_port_db_status /opt/stack/neutron/neutron/plugins/ml2/plugin.py:2473}}
Jul 28 00:12:28.697273 np0000187141 devstack@neutron-api.service[102210]: DEBUG neutron_lib.callbacks.manager [None req-05d3e768-5d0f-4fdd-a36e-80c2e3d60bf9 None None] Publish callbacks ['neutron.plugins.ml2.plugin.SecurityGroupDbMixin._ensure_default_security_group_handler-3895111', 'neutron.services.ovn_l3.plugin.OVNL3RouterPlugin._port_update-8253854382774', 'neutron.db.l3_db.L3_NAT_dbonly_mixin._prevent_internal_ip_change_for_fip-8253855589186'] for port (4f125cb1-4654-4e0d-a735-9c14dca1dc3a), before_update {{(pid=102210) _notify_loop /opt/stack/data/venv/lib/python3.12/site-packages/neutron_lib/callbacks/manager.py:184}}
Jul 28 00:12:28.943436 np0000187141 devstack@neutron-api.service[102210]: DEBUG neutron.plugins.ml2.db [None req-05d3e768-5d0f-4fdd-a36e-80c2e3d60bf9 None None] For port 4f125cb1-4654-4e0d-a735-9c14dca1dc3a, host np0000187141, got binding levels [PortBindingLevel(driver='ovn',host='np0000187141',level=0,port_id=4f125cb1-4654-4e0d-a735-9c14dca1dc3a,segment=NetworkSegment(bfb87b48-910c-429b-a8cc-44dd3f6badd2),segment_id=bfb87b48-910c-429b-a8cc-44dd3f6badd2)] {{(pid=102210) get_binding_level_objs /opt/stack/neutron/neutron/plugins/ml2/db.py:74}}
Jul 28 00:12:28.943648 np0000187141 devstack@neutron-api.service[102210]: DEBUG neutron.plugins.ml2.drivers.ovn.mech_driver.mech_driver [None req-05d3e768-5d0f-4fdd-a36e-80c2e3d60bf9 None None] No provisioning block for port 4f125cb1-4654-4e0d-a735-9c14dca1dc3a since it is active {{(pid=102210) _is_port_provisioning_required /opt/stack/neutron/neutron/plugins/ml2/drivers/ovn/mech_driver/mech_driver.py:894}}
Jul 28 00:12:28.993010 np0000187141 devstack@neutron-api.service[102210]: DEBUG neutron.pecan_wsgi.hooks.policy_enforcement [None req-374e808a-cf68-4068-8dd9-d4c06207c859 service manila] Attributes excluded by policy engine: ['standard_attr_id', 'shared'] {{(pid=102210) _exclude_attributes_by_policy /opt/stack/neutron/neutron/pecan_wsgi/hooks/policy_enforcement.py:259}}
Jul 28 00:12:28.995512 np0000187141 devstack@neutron-api.service[102210]: [pid: 102210|app: 0|req: 26/105] 199.204.45.240 () {64 vars in 1367 bytes} [Tue Jul 28 00:12:28 2026] GET /networking/v2.0/subnets/0d11bb32-c940-42a8-81cd-c2e77511eb4e => generated 625 bytes in 49 msecs (HTTP/1.1 200) 4 headers in 157 bytes (1 switches on core 0)
Jul 28 00:12:29.036737 np0000187141 devstack@neutron-api.service[102210]: DEBUG neutron.plugins.ml2.drivers.ovn.mech_driver.ovsdb.commands [None req-05d3e768-5d0f-4fdd-a36e-80c2e3d60bf9 None None] Converting tag [] to a tag_request {{(pid=102210) _tag_column_to_tag_request /opt/stack/neutron/neutron/plugins/ml2/drivers/ovn/mech_driver/ovsdb/commands.py:205}}
Jul 28 00:12:29.038081 np0000187141 devstack@neutron-api.service[102210]: DEBUG ovsdbapp.backend.ovs_idl.transaction [None req-d34c9af5-4203-4d37-a743-4f682e511371 None None] Running txn n=1 command(idx=0): CheckRevisionNumberCommand(_result=None, name=4f125cb1-4654-4e0d-a735-9c14dca1dc3a, resource={'id': '4f125cb1-4654-4e0d-a735-9c14dca1dc3a', 'name': '', 'network_id': '793747c8-930a-4b3e-be60-5f0f8a63ed6f', 'project_id': 'b18621acafc44bda903384297c982d2b', 'mac_address': 'fa:16:3e:b5:1e:6d', 'admin_state_up': True, 'status': 'ACTIVE', 'device_id': 'manila-admin-share', 'device_owner': 'manila:share', 'standard_attr_id': 46, 'fixed_ips': [{'subnet_id': '0d11bb32-c940-42a8-81cd-c2e77511eb4e', 'ip_address': '10.2.5.169'}], 'allowed_address_pairs': [], 'extra_dhcp_opts': [], 'security_groups': [], 'description': '', 'binding:vnic_type': 'normal', 'binding:profile': {}, 'binding:host_id': 'np0000187141', 'binding:vif_type': 'ovs', 'binding:vif_details': {'port_filter': True, 'connectivity': 'l2', 'ovs_create_tap': True, 'bridge_name': 'br-int', 'datapath_type': 'system', 'bound_drivers': {'0': 'ovn'}}, 'port_security_enabled': False, 'tags': [], 'created_at': '2026-07-28T00:12:27Z', 'updated_at': '2026-07-28T00:12:28Z', 'revision_number': 4, 'tenant_id': 'b18621acafc44bda903384297c982d2b', 'network': {'id': '793747c8-930a-4b3e-be60-5f0f8a63ed6f', 'name': 'admin_net', 'tenant_id': 'b18621acafc44bda903384297c982d2b', 'project_id': 'b18621acafc44bda903384297c982d2b', 'admin_state_up': True, 'mtu': 1372, 'status': 'ACTIVE', 'subnets': ['0d11bb32-c940-42a8-81cd-c2e77511eb4e'], 'standard_attr_id': 42, 'shared': False, 'availability_zone_hints': [], 'availability_zones': [], 'ipv4_address_scope': None, 'ipv6_address_scope': None, 'router:external': False, 'qinq': False, 'vlan_transparent': False, 'description': '', 'port_security_enabled': True, 'tags': [], 'created_at': '2026-07-28T00:12:20Z', 'updated_at': '2026-07-28T00:12:22Z', 'revision_number': 2, 'provider:network_type': 'geneve', 'provider:physical_network': None, 'provider:segmentation_id': 24025}}, resource_type=ports, if_exists=True) {{(pid=102210) do_commit /opt/stack/data/venv/lib/python3.12/site-packages/ovsdbapp/backend/ovs_idl/transaction.py:89}}
Jul 28 00:12:29.039951 np0000187141 devstack@neutron-api.service[102210]: DEBUG ovsdbapp.backend.ovs_idl.transaction [None req-d34c9af5-4203-4d37-a743-4f682e511371 None None] Running txn n=1 command(idx=1): SetLSwitchPortCommand(_result=None, lport=4f125cb1-4654-4e0d-a735-9c14dca1dc3a, external_ids_update=None, columns={'external_ids': {'neutron:port_name': '', 'neutron:device_id': 'manila-admin-share', 'neutron:project_id': 'b18621acafc44bda903384297c982d2b', 'neutron:cidrs': '10.2.5.169/24', 'neutron:device_owner': 'manila:share', 'neutron:subnet_pool_addr_scope4': '', 'neutron:subnet_pool_addr_scope6': '', 'neutron:network_name': 'neutron-793747c8-930a-4b3e-be60-5f0f8a63ed6f', 'neutron:security_group_ids': '', 'neutron:revision_number': '4', 'neutron:vnic_type': 'normal', 'neutron:port_capabilities': '', 'neutron:mtu': ''}, 'parent_name': [], 'options': {'requested-chassis': 'np0000187141'}, 'enabled': True, 'port_security': [], 'dhcpv4_options': [UUID('535326cb-4fac-4713-bd97-652fe129f317')], 'dhcpv6_options': [], 'type': '', 'addresses': ['fa:16:3e:b5:1e:6d 10.2.5.169', 'unknown'], 'ha_chassis_group': [], 'tag_request': []}, if_exists=False) {{(pid=102210) do_commit /opt/stack/data/venv/lib/python3.12/site-packages/ovsdbapp/backend/ovs_idl/transaction.py:89}}
Jul 28 00:12:29.040527 np0000187141 devstack@neutron-api.service[102210]: DEBUG ovsdbapp.backend.ovs_idl.transaction [None req-d34c9af5-4203-4d37-a743-4f682e511371 None None] Running txn n=1 command(idx=2): PgDelPortCommand(_result=None, port_group=neutron_pg_drop, lsp=['4f125cb1-4654-4e0d-a735-9c14dca1dc3a'], if_exists=False) {{(pid=102210) do_commit /opt/stack/data/venv/lib/python3.12/site-packages/ovsdbapp/backend/ovs_idl/transaction.py:89}}
Jul 28 00:12:29.044383 np0000187141 devstack@neutron-api.service[102210]: DEBUG neutron.plugins.ml2.drivers.ovn.mech_driver.ovsdb.ovsdb_monitor [None req-d34c9af5-4203-4d37-a743-4f682e511371 None None] Touching Hash Ring node "1576fb36a29758b9b798761542ca7955" from IDL notify handler {{(pid=102210) notify /opt/stack/neutron/neutron/plugins/ml2/drivers/ovn/mech_driver/ovsdb/ovsdb_monitor.py:1005}}
Jul 28 00:12:29.048872 np0000187141 devstack@neutron-api.service[102210]: DEBUG neutron.plugins.ml2.drivers.ovn.mech_driver.ovsdb.ovsdb_monitor [None req-d34c9af5-4203-4d37-a743-4f682e511371 None None] Hash Ring: Node 1576fb36a29758b9b798761542ca7955 (host: np0000187141) handling event "update" for row 372a26c7-b688-4177-8892-aa93ef45b78b (table: Logical_Switch_Port) {{(pid=102210) notify /opt/stack/neutron/neutron/plugins/ml2/drivers/ovn/mech_driver/ovsdb/ovsdb_monitor.py:1013}}
Jul 28 00:12:29.056396 np0000187141 devstack@neutron-api.service[102208]: DEBUG neutron.plugins.ml2.drivers.ovn.mech_driver.ovsdb.ovsdb_monitor [None req-81a05e7c-2bef-4e11-98a2-fa87844ad939 None None] Hash Ring: Node f1a93e428afc5380bcf8d171f186738e (host: np0000187141) handling event "update" for row 5785f0e8-196f-4323-83bf-328f23f2e17d (table: Port_Binding) {{(pid=102208) notify /opt/stack/neutron/neutron/plugins/ml2/drivers/ovn/mech_driver/ovsdb/ovsdb_monitor.py:1013}}
Jul 28 00:12:29.089392 np0000187141 devstack@neutron-api.service[102210]: INFO neutron.db.ovn_revision_numbers_db [None req-05d3e768-5d0f-4fdd-a36e-80c2e3d60bf9 None None] Successfully bumped revision number for resource 4f125cb1-4654-4e0d-a735-9c14dca1dc3a (type: ports) to 4
Jul 28 00:12:29.093753 np0000187141 devstack@neutron-api.service[102210]: DEBUG neutron_lib.callbacks.manager [None req-05d3e768-5d0f-4fdd-a36e-80c2e3d60bf9 None None] Publish callbacks ['neutron.plugins.ml2.ovo_rpc._ObjectChangeHandler.handle_event-2603417', 'neutron.services.ovn_l3.plugin.OVNL3RouterPlugin._port_update-8253854382774'] for port (4f125cb1-4654-4e0d-a735-9c14dca1dc3a), after_update {{(pid=102210) _notify_loop /opt/stack/data/venv/lib/python3.12/site-packages/neutron_lib/callbacks/manager.py:184}}
Jul 28 00:12:29.117094 np0000187141 devstack@neutron-api.service[102210]: DEBUG neutron.api.rpc.handlers.resources_rpc [None req-ab77834d-4cda-4846-80c1-c03e23e0be97 None None] Pushing event updated for resources: {'Port': ['ID=4f125cb1-4654-4e0d-a735-9c14dca1dc3a,revision_number=4']} {{(pid=102210) push /opt/stack/neutron/neutron/api/rpc/handlers/resources_rpc.py:237}}
Jul 28 00:12:29.138760 np0000187141 devstack@neutron-api.service[102210]: DEBUG ovsdbapp.backend.ovs_idl.transaction [None req-d34c9af5-4203-4d37-a743-4f682e511371 None None] Running txn n=1 command(idx=0): DbSetCommand(_result=None, table=Logical_Switch_Port, record=4f125cb1-4654-4e0d-a735-9c14dca1dc3a, col_values=(('external_ids', {'neutron:host_id': 'np0000187141'}),), if_exists=True) {{(pid=102210) do_commit /opt/stack/data/venv/lib/python3.12/site-packages/ovsdbapp/backend/ovs_idl/transaction.py:89}}
Jul 28 00:12:29.142655 np0000187141 devstack@neutron-api.service[102210]: DEBUG neutron.plugins.ml2.drivers.ovn.mech_driver.ovsdb.ovsdb_monitor [None req-d34c9af5-4203-4d37-a743-4f682e511371 None None] Touching Hash Ring node "1576fb36a29758b9b798761542ca7955" from IDL notify handler {{(pid=102210) notify /opt/stack/neutron/neutron/plugins/ml2/drivers/ovn/mech_driver/ovsdb/ovsdb_monitor.py:1005}}
Jul 28 00:12:29.147283 np0000187141 devstack@neutron-api.service[102210]: DEBUG neutron.plugins.ml2.drivers.ovn.mech_driver.ovsdb.ovsdb_monitor [None req-d34c9af5-4203-4d37-a743-4f682e511371 None None] Hash Ring: Node 1576fb36a29758b9b798761542ca7955 (host: np0000187141) handling event "update" for row 372a26c7-b688-4177-8892-aa93ef45b78b (table: Logical_Switch_Port) {{(pid=102210) notify /opt/stack/neutron/neutron/plugins/ml2/drivers/ovn/mech_driver/ovsdb/ovsdb_monitor.py:1013}}
Jul 28 00:12:29.155159 np0000187141 devstack@neutron-api.service[102208]: DEBUG neutron.plugins.ml2.drivers.ovn.mech_driver.ovsdb.ovsdb_monitor [None req-81a05e7c-2bef-4e11-98a2-fa87844ad939 None None] Hash Ring: Node f1a93e428afc5380bcf8d171f186738e (host: np0000187141) handling event "update" for row 5785f0e8-196f-4323-83bf-328f23f2e17d (table: Port_Binding) {{(pid=102208) notify /opt/stack/neutron/neutron/plugins/ml2/drivers/ovn/mech_driver/ovsdb/ovsdb_monitor.py:1013}}
Jul 28 00:12:29.530833 np0000187141 devstack@neutron-api.service[102208]: DEBUG neutron.pecan_wsgi.hooks.policy_enforcement [None req-ac0736fa-a944-4582-9c4d-91ad3f1f3174 service manila] Attributes excluded by policy engine: ['standard_attr_id'] {{(pid=102208) _exclude_attributes_by_policy /opt/stack/neutron/neutron/pecan_wsgi/hooks/policy_enforcement.py:259}}
Jul 28 00:12:29.532556 np0000187141 devstack@neutron-api.service[102208]: [pid: 102208|app: 0|req: 27/106] 199.204.45.240 () {64 vars in 1369 bytes} [Tue Jul 28 00:12:29 2026] GET /networking/v2.0/ports?device_id=manila-admin-share&binding%3Ahost_id=np0000187141 => generated 931 bytes in 39 msecs (HTTP/1.1 200) 4 headers in 157 bytes (1 switches on core 0)
Jul 28 00:12:29.795211 np0000187141 devstack@neutron-api.service[102209]: DEBUG neutron.pecan_wsgi.hooks.policy_enforcement [None req-cc26927e-3515-4cb0-99d2-329a023e60ed service manila] Attributes excluded by policy engine: ['standard_attr_id', 'shared'] {{(pid=102209) _exclude_attributes_by_policy /opt/stack/neutron/neutron/pecan_wsgi/hooks/policy_enforcement.py:259}}
Jul 28 00:12:29.795995 np0000187141 devstack@neutron-api.service[102209]: [pid: 102209|app: 0|req: 27/107] 199.204.45.240 () {64 vars in 1367 bytes} [Tue Jul 28 00:12:29 2026] GET /networking/v2.0/subnets/0d11bb32-c940-42a8-81cd-c2e77511eb4e => generated 625 bytes in 21 msecs (HTTP/1.1 200) 4 headers in 157 bytes (1 switches on core 0)
Jul 28 00:12:37.495563 np0000187141 devstack@neutron-api.service[102211]: DEBUG futurist.periodics [-] Submitting periodic callback 'neutron.plugins.ml2.drivers.ovn.mech_driver.ovsdb.maintenance.HashRingHealthCheckPeriodics.touch_hash_ring_node' {{(pid=102211) _process_scheduled /opt/stack/data/venv/lib/python3.12/site-packages/futurist/periodics.py:784}}
Jul 28 00:12:37.496389 np0000187141 devstack@neutron-api.service[102211]: DEBUG neutron.plugins.ml2.drivers.ovn.mech_driver.ovsdb.maintenance [-] Touching Hash Ring node "682894761ca556ec96fbb8b3267ba650" from periodic health check thread {{(pid=102211) touch_hash_ring_node /opt/stack/neutron/neutron/plugins/ml2/drivers/ovn/mech_driver/ovsdb/maintenance.py:1417}}
Jul 28 00:12:38.373712 np0000187141 devstack@neutron-api.service[102208]: DEBUG futurist.periodics [-] Submitting periodic callback 'neutron.plugins.ml2.drivers.ovn.mech_driver.ovsdb.maintenance.HashRingHealthCheckPeriodics.touch_hash_ring_node' {{(pid=102208) _process_scheduled /opt/stack/data/venv/lib/python3.12/site-packages/futurist/periodics.py:784}}
Jul 28 00:12:38.374452 np0000187141 devstack@neutron-api.service[102208]: DEBUG neutron.plugins.ml2.drivers.ovn.mech_driver.ovsdb.maintenance [-] Touching Hash Ring node "f1a93e428afc5380bcf8d171f186738e" from periodic health check thread {{(pid=102208) touch_hash_ring_node /opt/stack/neutron/neutron/plugins/ml2/drivers/ovn/mech_driver/ovsdb/maintenance.py:1417}}
Jul 28 00:12:38.390223 np0000187141 devstack@neutron-api.service[102209]: DEBUG futurist.periodics [-] Submitting periodic callback 'neutron.plugins.ml2.drivers.ovn.mech_driver.ovsdb.maintenance.HashRingHealthCheckPeriodics.touch_hash_ring_node' {{(pid=102209) _process_scheduled /opt/stack/data/venv/lib/python3.12/site-packages/futurist/periodics.py:784}}
Jul 28 00:12:38.390942 np0000187141 devstack@neutron-api.service[102209]: DEBUG neutron.plugins.ml2.drivers.ovn.mech_driver.ovsdb.maintenance [-] Touching Hash Ring node "7b10884ac5be5f978f13bc4c877393dc" from periodic health check thread {{(pid=102209) touch_hash_ring_node /opt/stack/neutron/neutron/plugins/ml2/drivers/ovn/mech_driver/ovsdb/maintenance.py:1417}}
Jul 28 00:12:38.619646 np0000187141 devstack@neutron-api.service[102210]: DEBUG futurist.periodics [-] Submitting periodic callback 'neutron.plugins.ml2.drivers.ovn.mech_driver.ovsdb.maintenance.HashRingHealthCheckPeriodics.touch_hash_ring_node' {{(pid=102210) _process_scheduled /opt/stack/data/venv/lib/python3.12/site-packages/futurist/periodics.py:784}}
Jul 28 00:12:38.620293 np0000187141 devstack@neutron-api.service[102210]: DEBUG neutron.plugins.ml2.drivers.ovn.mech_driver.ovsdb.maintenance [-] Touching Hash Ring node "1576fb36a29758b9b798761542ca7955" from periodic health check thread {{(pid=102210) touch_hash_ring_node /opt/stack/neutron/neutron/plugins/ml2/drivers/ovn/mech_driver/ovsdb/maintenance.py:1417}}
Jul 28 00:12:43.332302 np0000187141 devstack@neutron-api.service[102211]: [pid: 102211|app: 0|req: 28/108] 199.204.45.240 () {62 vars in 1059 bytes} [Tue Jul 28 00:12:43 2026] GET /networking => generated 130 bytes in 2 msecs (HTTP/1.1 200) 3 headers in 91 bytes (1 switches on core 0)
Jul 28 00:12:43.421945 np0000187141 devstack@neutron-api.service[102210]: DEBUG neutron.pecan_wsgi.hooks.policy_enforcement [None req-56feb504-121a-4e2f-8155-6b41bf42c215 demo demo] Attributes excluded by policy engine: ['standard_attr_id', 'provider:network_type', 'provider:physical_network', 'provider:segmentation_id'] {{(pid=102210) _exclude_attributes_by_policy /opt/stack/neutron/neutron/pecan_wsgi/hooks/policy_enforcement.py:259}}
Jul 28 00:12:43.423981 np0000187141 devstack@neutron-api.service[102210]: [pid: 102210|app: 0|req: 27/109] 199.204.45.240 () {64 vars in 1348 bytes} [Tue Jul 28 00:12:43 2026] GET /networking/v2.0/networks?router%3Aexternal=True => generated 659 bytes in 58 msecs (HTTP/1.1 200) 4 headers in 157 bytes (1 switches on core 0)
Jul 28 00:12:47.508497 np0000187141 devstack@neutron-api.service[102211]: DEBUG dbcounter [-] [102211] Writing DB stats neutron:SELECT=206,neutron:UPDATE=16,neutron:INSERT=12,neutron:DELETE=2 {{(pid=102211) stat_writer /opt/stack/data/venv/lib/python3.12/site-packages/dbcounter.py:115}}
Jul 28 00:12:48.385181 np0000187141 devstack@neutron-api.service[102208]: DEBUG dbcounter [-] [102208] Writing DB stats neutron:UPDATE=6,neutron:SELECT=25 {{(pid=102208) stat_writer /opt/stack/data/venv/lib/python3.12/site-packages/dbcounter.py:115}}
Jul 28 00:12:48.403101 np0000187141 devstack@neutron-api.service[102209]: DEBUG dbcounter [-] [102209] Writing DB stats neutron:SELECT=256,neutron:UPDATE=10,neutron:INSERT=11,neutron:DELETE=2 {{(pid=102209) stat_writer /opt/stack/data/venv/lib/python3.12/site-packages/dbcounter.py:115}}
Jul 28 00:12:48.409649 np0000187141 devstack@neutron-api.service[102208]: [pid: 102208|app: 0|req: 28/110] 199.204.45.240 () {62 vars in 1059 bytes} [Tue Jul 28 00:12:48 2026] GET /networking => generated 130 bytes in 3 msecs (HTTP/1.1 200) 3 headers in 91 bytes (1 switches on core 0)
Jul 28 00:12:48.504233 np0000187141 devstack@neutron-api.service[102209]: DEBUG neutron.pecan_wsgi.hooks.policy_enforcement [None req-c782e2f4-d06f-40e9-9576-a6fc65f3b46f demo demo] Attributes excluded by policy engine: ['standard_attr_id', 'provider:network_type', 'provider:physical_network', 'provider:segmentation_id'] {{(pid=102209) _exclude_attributes_by_policy /opt/stack/neutron/neutron/pecan_wsgi/hooks/policy_enforcement.py:259}}
Jul 28 00:12:48.505632 np0000187141 devstack@neutron-api.service[102209]: [pid: 102209|app: 0|req: 28/111] 199.204.45.240 () {64 vars in 1348 bytes} [Tue Jul 28 00:12:48 2026] GET /networking/v2.0/networks?router%3Aexternal=True => generated 659 bytes in 60 msecs (HTTP/1.1 200) 4 headers in 157 bytes (1 switches on core 0)
Jul 28 00:12:52.496567 np0000187141 devstack@neutron-api.service[102211]: DEBUG futurist.periodics [-] Submitting periodic callback 'neutron.plugins.ml2.drivers.ovn.mech_driver.ovsdb.maintenance.HashRingHealthCheckPeriodics.touch_hash_ring_node' {{(pid=102211) _process_scheduled /opt/stack/data/venv/lib/python3.12/site-packages/futurist/periodics.py:784}}
Jul 28 00:12:52.498450 np0000187141 devstack@neutron-api.service[102211]: DEBUG neutron.plugins.ml2.drivers.ovn.mech_driver.ovsdb.maintenance [-] Touching Hash Ring node "682894761ca556ec96fbb8b3267ba650" from periodic health check thread {{(pid=102211) touch_hash_ring_node /opt/stack/neutron/neutron/plugins/ml2/drivers/ovn/mech_driver/ovsdb/maintenance.py:1417}}
Jul 28 00:12:53.374494 np0000187141 devstack@neutron-api.service[102208]: DEBUG futurist.periodics [-] Submitting periodic callback 'neutron.plugins.ml2.drivers.ovn.mech_driver.ovsdb.maintenance.HashRingHealthCheckPeriodics.touch_hash_ring_node' {{(pid=102208) _process_scheduled /opt/stack/data/venv/lib/python3.12/site-packages/futurist/periodics.py:784}}
Jul 28 00:12:53.375108 np0000187141 devstack@neutron-api.service[102208]: DEBUG neutron.plugins.ml2.drivers.ovn.mech_driver.ovsdb.maintenance [-] Touching Hash Ring node "f1a93e428afc5380bcf8d171f186738e" from periodic health check thread {{(pid=102208) touch_hash_ring_node /opt/stack/neutron/neutron/plugins/ml2/drivers/ovn/mech_driver/ovsdb/maintenance.py:1417}}
Jul 28 00:12:53.390851 np0000187141 devstack@neutron-api.service[102209]: DEBUG futurist.periodics [-] Submitting periodic callback 'neutron.plugins.ml2.drivers.ovn.mech_driver.ovsdb.maintenance.HashRingHealthCheckPeriodics.touch_hash_ring_node' {{(pid=102209) _process_scheduled /opt/stack/data/venv/lib/python3.12/site-packages/futurist/periodics.py:784}}
Jul 28 00:12:53.394150 np0000187141 devstack@neutron-api.service[102209]: DEBUG neutron.plugins.ml2.drivers.ovn.mech_driver.ovsdb.maintenance [-] Touching Hash Ring node "7b10884ac5be5f978f13bc4c877393dc" from periodic health check thread {{(pid=102209) touch_hash_ring_node /opt/stack/neutron/neutron/plugins/ml2/drivers/ovn/mech_driver/ovsdb/maintenance.py:1417}}
Jul 28 00:12:53.416779 np0000187141 devstack@neutron-api.service[102210]: DEBUG dbcounter [-] [102210] Writing DB stats neutron:SELECT=341,neutron:INSERT=29,neutron:UPDATE=32,neutron:DELETE=3 {{(pid=102210) stat_writer /opt/stack/data/venv/lib/python3.12/site-packages/dbcounter.py:115}}
Jul 28 00:12:53.620393 np0000187141 devstack@neutron-api.service[102210]: DEBUG futurist.periodics [-] Submitting periodic callback 'neutron.plugins.ml2.drivers.ovn.mech_driver.ovsdb.maintenance.HashRingHealthCheckPeriodics.touch_hash_ring_node' {{(pid=102210) _process_scheduled /opt/stack/data/venv/lib/python3.12/site-packages/futurist/periodics.py:784}}
Jul 28 00:12:53.621033 np0000187141 devstack@neutron-api.service[102210]: DEBUG neutron.plugins.ml2.drivers.ovn.mech_driver.ovsdb.maintenance [-] Touching Hash Ring node "1576fb36a29758b9b798761542ca7955" from periodic health check thread {{(pid=102210) touch_hash_ring_node /opt/stack/neutron/neutron/plugins/ml2/drivers/ovn/mech_driver/ovsdb/maintenance.py:1417}}
Jul 28 00:12:56.776720 np0000187141 devstack@neutron-api.service[102211]: [pid: 102211|app: 0|req: 29/112] 199.204.45.240 () {62 vars in 1070 bytes} [Tue Jul 28 00:12:56 2026] GET /networking => generated 130 bytes in 3 msecs (HTTP/1.1 200) 3 headers in 91 bytes (1 switches on core 0)
Jul 28 00:12:56.869013 np0000187141 devstack@neutron-api.service[102210]: DEBUG neutron.pecan_wsgi.hooks.policy_enforcement [None req-535f2737-64c2-452c-b848-ff43179f9396 demo demo] Attributes excluded by policy engine: ['standard_attr_id', 'provider:network_type', 'provider:physical_network', 'provider:segmentation_id'] {{(pid=102210) _exclude_attributes_by_policy /opt/stack/neutron/neutron/pecan_wsgi/hooks/policy_enforcement.py:259}}
Jul 28 00:12:56.870633 np0000187141 devstack@neutron-api.service[102210]: [pid: 102210|app: 0|req: 28/113] 199.204.45.240 () {64 vars in 1383 bytes} [Tue Jul 28 00:12:56 2026] GET /networking/v2.0/networks?name=public&router%3Aexternal=True => generated 659 bytes in 58 msecs (HTTP/1.1 200) 4 headers in 157 bytes (1 switches on core 0)
Jul 28 00:12:59.067568 np0000187141 devstack@neutron-api.service[102208]: [pid: 102208|app: 0|req: 29/114] 199.204.45.240 () {64 vars in 1267 bytes} [Tue Jul 28 00:12:59 2026] GET /networking/ => generated 130 bytes in 2 msecs (HTTP/1.1 200) 3 headers in 91 bytes (1 switches on core 0)
Jul 28 00:12:59.229529 np0000187141 devstack@neutron-api.service[102209]: DEBUG neutron.pecan_wsgi.hooks.policy_enforcement [None req-f8b52ba7-bdeb-4b1b-8cb3-38bab21c2385 demo demo] Attributes excluded by policy engine: ['standard_attr_id', 'provider:network_type', 'provider:physical_network', 'provider:segmentation_id'] {{(pid=102209) _exclude_attributes_by_policy /opt/stack/neutron/neutron/pecan_wsgi/hooks/policy_enforcement.py:259}}
Jul 28 00:12:59.231419 np0000187141 devstack@neutron-api.service[102209]: [pid: 102209|app: 0|req: 29/115] 199.204.45.240 () {64 vars in 1416 bytes} [Tue Jul 28 00:12:59 2026] GET /networking/v2.0/networks/4b0196a3-839a-4574-bc76-fb2735a53902 => generated 656 bytes in 158 msecs (HTTP/1.1 200) 4 headers in 157 bytes (1 switches on core 0)
Jul 28 00:12:59.267472 np0000187141 devstack@neutron-api.service[102211]: [pid: 102211|app: 0|req: 30/116] 199.204.45.240 () {64 vars in 1410 bytes} [Tue Jul 28 00:12:59 2026] GET /networking/v2.0/networks?name=k8s-clusterapi-cluster-magnum-system-kube-x87wg => generated 15 bytes in 27 msecs (HTTP/1.1 200) 4 headers in 156 bytes (1 switches on core 0)
Jul 28 00:12:59.280646 np0000187141 devstack@neutron-api.service[102210]: DEBUG neutron.api.v2.base [None req-7d0251cb-1505-4d77-9de4-a5003c71dc6f demo demo] Request body: {'network': {'admin_state_up': True, 'name': 'k8s-clusterapi-cluster-magnum-system-kube-x87wg'}} {{(pid=102210) prepare_request_body /opt/stack/neutron/neutron/api/v2/base.py:727}}
Jul 28 00:12:59.295958 np0000187141 devstack@neutron-api.service[102210]: DEBUG neutron.pecan_wsgi.hooks.quota_enforcement [None req-7d0251cb-1505-4d77-9de4-a5003c71dc6f demo demo] Made reservation on behalf of 496d9e3ceb4f4173a49663affa28be98 for: {'network': 1} {{(pid=102210) before /opt/stack/neutron/neutron/pecan_wsgi/hooks/quota_enforcement.py:66}}
Jul 28 00:12:59.299447 np0000187141 devstack@neutron-api.service[102210]: DEBUG neutron_lib.callbacks.manager [None req-7d0251cb-1505-4d77-9de4-a5003c71dc6f demo demo] Publish callbacks ['neutron.plugins.ml2.plugin.SecurityGroupDbMixin._ensure_default_security_group_handler-3895111'] for network (None), before_create {{(pid=102210) _notify_loop /opt/stack/data/venv/lib/python3.12/site-packages/neutron_lib/callbacks/manager.py:184}}
Jul 28 00:12:59.304402 np0000187141 devstack@neutron-api.service[102210]: DEBUG neutron_lib.callbacks.manager [None req-7d0251cb-1505-4d77-9de4-a5003c71dc6f demo demo] Publish callbacks [] for security_group (None), before_create {{(pid=102210) _notify_loop /opt/stack/data/venv/lib/python3.12/site-packages/neutron_lib/callbacks/manager.py:184}}
Jul 28 00:12:59.356358 np0000187141 devstack@neutron-api.service[102210]: DEBUG neutron_lib.callbacks.manager [None req-7d0251cb-1505-4d77-9de4-a5003c71dc6f demo demo] Publish callbacks ['neutron.plugins.ml2.drivers.ovn.mech_driver.mech_driver.OVNMechanismDriver._create_security_group_precommit-3998970'] for security_group (59de4e44-e075-4455-aa2b-2d3fcfa49da4), precommit_create {{(pid=102210) _notify_loop /opt/stack/data/venv/lib/python3.12/site-packages/neutron_lib/callbacks/manager.py:184}}
Jul 28 00:12:59.356497 np0000187141 devstack@neutron-api.service[102210]: DEBUG neutron.db.ovn_revision_numbers_db [None req-7d0251cb-1505-4d77-9de4-a5003c71dc6f demo demo] create_initial_revision uuid=59de4e44-e075-4455-aa2b-2d3fcfa49da4, type=security_groups, rev=-1 {{(pid=102210) create_initial_revision /opt/stack/neutron/neutron/db/ovn_revision_numbers_db.py:98}}
Jul 28 00:12:59.358025 np0000187141 devstack@neutron-api.service[102210]: DEBUG neutron.db.ovn_revision_numbers_db [None req-7d0251cb-1505-4d77-9de4-a5003c71dc6f demo demo] create_initial_revision uuid=67e88b33-28f3-496a-b012-81938f90fcf4, type=security_group_rules, rev=-1 {{(pid=102210) create_initial_revision /opt/stack/neutron/neutron/db/ovn_revision_numbers_db.py:98}}
Jul 28 00:12:59.359283 np0000187141 devstack@neutron-api.service[102210]: DEBUG neutron.db.ovn_revision_numbers_db [None req-7d0251cb-1505-4d77-9de4-a5003c71dc6f demo demo] create_initial_revision uuid=89ac704f-3c31-4280-b2d4-fe8c4fcc8440, type=security_group_rules, rev=-1 {{(pid=102210) create_initial_revision /opt/stack/neutron/neutron/db/ovn_revision_numbers_db.py:98}}
Jul 28 00:12:59.360474 np0000187141 devstack@neutron-api.service[102210]: DEBUG neutron.db.ovn_revision_numbers_db [None req-7d0251cb-1505-4d77-9de4-a5003c71dc6f demo demo] create_initial_revision uuid=a0267165-094c-4c1e-8557-ac13fff87827, type=security_group_rules, rev=-1 {{(pid=102210) create_initial_revision /opt/stack/neutron/neutron/db/ovn_revision_numbers_db.py:98}}
Jul 28 00:12:59.361506 np0000187141 devstack@neutron-api.service[102210]: DEBUG neutron.db.ovn_revision_numbers_db [None req-7d0251cb-1505-4d77-9de4-a5003c71dc6f demo demo] create_initial_revision uuid=a9c6b487-3a98-4519-a6b7-3d545e7efed5, type=security_group_rules, rev=-1 {{(pid=102210) create_initial_revision /opt/stack/neutron/neutron/db/ovn_revision_numbers_db.py:98}}
Jul 28 00:12:59.367753 np0000187141 devstack@neutron-api.service[102210]: DEBUG neutron_lib.callbacks.manager [None req-7d0251cb-1505-4d77-9de4-a5003c71dc6f demo demo] Publish callbacks ['neutron.plugins.ml2.drivers.ovn.mech_driver.mech_driver.OVNMechanismDriver._create_security_group-3998960', 'neutron.plugins.ml2.ovo_rpc._ObjectChangeHandler.handle_event-2603413'] for security_group (59de4e44-e075-4455-aa2b-2d3fcfa49da4), after_create {{(pid=102210) _notify_loop /opt/stack/data/venv/lib/python3.12/site-packages/neutron_lib/callbacks/manager.py:184}}
Jul 28 00:12:59.368862 np0000187141 devstack@neutron-api.service[102210]: DEBUG ovsdbapp.backend.ovs_idl.transaction [None req-d34c9af5-4203-4d37-a743-4f682e511371 None None] Running txn n=1 command(idx=0): PgAddCommand(_result=None, name=pg_59de4e44_e075_4455_aa2b_2d3fcfa49da4, may_exist=False, columns={'acls': [], 'external_ids': {'neutron:security_group_id': '59de4e44-e075-4455-aa2b-2d3fcfa49da4'}}) {{(pid=102210) do_commit /opt/stack/data/venv/lib/python3.12/site-packages/ovsdbapp/backend/ovs_idl/transaction.py:89}}
Jul 28 00:12:59.369471 np0000187141 devstack@neutron-api.service[102210]: DEBUG ovsdbapp.backend.ovs_idl.transaction [None req-d34c9af5-4203-4d37-a743-4f682e511371 None None] Running txn n=1 command(idx=1): PgAclAddCommand(_result=None, entity=pg_59de4e44_e075_4455_aa2b_2d3fcfa49da4, direction=from-lport, priority=1002, match=inport == @pg_59de4e44_e075_4455_aa2b_2d3fcfa49da4 && ip6, action=allow-related, log=False, may_exist=True, severity=[], name=[], meter=[], external_ids={'neutron:security_group_rule_id': '67e88b33-28f3-496a-b012-81938f90fcf4'}) {{(pid=102210) do_commit /opt/stack/data/venv/lib/python3.12/site-packages/ovsdbapp/backend/ovs_idl/transaction.py:89}}
Jul 28 00:12:59.370116 np0000187141 devstack@neutron-api.service[102210]: DEBUG ovsdbapp.backend.ovs_idl.transaction [None req-d34c9af5-4203-4d37-a743-4f682e511371 None None] Running txn n=1 command(idx=2): PgAclAddCommand(_result=None, entity=pg_59de4e44_e075_4455_aa2b_2d3fcfa49da4, direction=to-lport, priority=1002, match=outport == @pg_59de4e44_e075_4455_aa2b_2d3fcfa49da4 && ip4 && ip4.src == $pg_59de4e44_e075_4455_aa2b_2d3fcfa49da4_ip4, action=allow-related, log=False, may_exist=True, severity=[], name=[], meter=[], external_ids={'neutron:security_group_rule_id': '89ac704f-3c31-4280-b2d4-fe8c4fcc8440'}) {{(pid=102210) do_commit /opt/stack/data/venv/lib/python3.12/site-packages/ovsdbapp/backend/ovs_idl/transaction.py:89}}
Jul 28 00:12:59.370724 np0000187141 devstack@neutron-api.service[102210]: DEBUG ovsdbapp.backend.ovs_idl.transaction [None req-d34c9af5-4203-4d37-a743-4f682e511371 None None] Running txn n=1 command(idx=3): PgAclAddCommand(_result=None, entity=pg_59de4e44_e075_4455_aa2b_2d3fcfa49da4, direction=to-lport, priority=1002, match=outport == @pg_59de4e44_e075_4455_aa2b_2d3fcfa49da4 && ip6 && ip6.src == $pg_59de4e44_e075_4455_aa2b_2d3fcfa49da4_ip6, action=allow-related, log=False, may_exist=True, severity=[], name=[], meter=[], external_ids={'neutron:security_group_rule_id': 'a0267165-094c-4c1e-8557-ac13fff87827'}) {{(pid=102210) do_commit /opt/stack/data/venv/lib/python3.12/site-packages/ovsdbapp/backend/ovs_idl/transaction.py:89}}
Jul 28 00:12:59.371300 np0000187141 devstack@neutron-api.service[102210]: DEBUG ovsdbapp.backend.ovs_idl.transaction [None req-d34c9af5-4203-4d37-a743-4f682e511371 None None] Running txn n=1 command(idx=4): PgAclAddCommand(_result=None, entity=pg_59de4e44_e075_4455_aa2b_2d3fcfa49da4, direction=from-lport, priority=1002, match=inport == @pg_59de4e44_e075_4455_aa2b_2d3fcfa49da4 && ip4, action=allow-related, log=False, may_exist=True, severity=[], name=[], meter=[], external_ids={'neutron:security_group_rule_id': 'a9c6b487-3a98-4519-a6b7-3d545e7efed5'}) {{(pid=102210) do_commit /opt/stack/data/venv/lib/python3.12/site-packages/ovsdbapp/backend/ovs_idl/transaction.py:89}}
Jul 28 00:12:59.378432 np0000187141 devstack@neutron-api.service[102210]: DEBUG neutron.plugins.ml2.drivers.ovn.mech_driver.ovsdb.ovsdb_monitor [None req-d34c9af5-4203-4d37-a743-4f682e511371 None None] Touching Hash Ring node "1576fb36a29758b9b798761542ca7955" from IDL notify handler {{(pid=102210) notify /opt/stack/neutron/neutron/plugins/ml2/drivers/ovn/mech_driver/ovsdb/ovsdb_monitor.py:1005}}
Jul 28 00:12:59.381256 np0000187141 devstack@neutron-api.service[102211]: DEBUG neutron.plugins.ml2.drivers.ovn.mech_driver.ovsdb.ovsdb_monitor [None req-0ffeebab-a4aa-4b5f-8742-5a814e3d4a51 None None] Touching Hash Ring node "682894761ca556ec96fbb8b3267ba650" from IDL notify handler {{(pid=102211) notify /opt/stack/neutron/neutron/plugins/ml2/drivers/ovn/mech_driver/ovsdb/ovsdb_monitor.py:1005}}
Jul 28 00:12:59.385115 np0000187141 devstack@neutron-api.service[102208]: DEBUG neutron.plugins.ml2.drivers.ovn.mech_driver.ovsdb.ovsdb_monitor [None req-e108a40a-2f80-480b-a133-b839f7675386 None None] Touching Hash Ring node "f1a93e428afc5380bcf8d171f186738e" from IDL notify handler {{(pid=102208) notify /opt/stack/neutron/neutron/plugins/ml2/drivers/ovn/mech_driver/ovsdb/ovsdb_monitor.py:1005}}
Jul 28 00:12:59.385228 np0000187141 devstack@neutron-api.service[102209]: DEBUG neutron.plugins.ml2.drivers.ovn.mech_driver.ovsdb.ovsdb_monitor [None req-7442992f-0b3a-4417-aa59-d13bea3f977d None None] Touching Hash Ring node "7b10884ac5be5f978f13bc4c877393dc" from IDL notify handler {{(pid=102209) notify /opt/stack/neutron/neutron/plugins/ml2/drivers/ovn/mech_driver/ovsdb/ovsdb_monitor.py:1005}}
Jul 28 00:12:59.389180 np0000187141 devstack@neutron-api.service[102210]: DEBUG neutron.plugins.ml2.drivers.ovn.mech_driver.ovsdb.ovsdb_monitor [None req-d34c9af5-4203-4d37-a743-4f682e511371 None None] Hash Ring: Node 1576fb36a29758b9b798761542ca7955 (host: np0000187141) handling event "create" for row 4e2abea2-4d06-4ef9-a713-11fe8273341d (table: ACL) {{(pid=102210) notify /opt/stack/neutron/neutron/plugins/ml2/drivers/ovn/mech_driver/ovsdb/ovsdb_monitor.py:1013}}
Jul 28 00:12:59.389920 np0000187141 devstack@neutron-api.service[102210]: DEBUG neutron.plugins.ml2.drivers.ovn.mech_driver.ovsdb.ovsdb_monitor [None req-d34c9af5-4203-4d37-a743-4f682e511371 None None] Touching Hash Ring node "1576fb36a29758b9b798761542ca7955" from IDL notify handler {{(pid=102210) notify /opt/stack/neutron/neutron/plugins/ml2/drivers/ovn/mech_driver/ovsdb/ovsdb_monitor.py:1005}}
Jul 28 00:12:59.391945 np0000187141 devstack@neutron-api.service[102210]: DEBUG neutron.plugins.ml2.drivers.ovn.mech_driver.ovsdb.ovsdb_monitor [None req-d34c9af5-4203-4d37-a743-4f682e511371 None None] Hash Ring: Node 1576fb36a29758b9b798761542ca7955 (host: np0000187141) handling event "create" for row c0868282-264e-4bb9-933b-a205db17e742 (table: Port_Group) {{(pid=102210) notify /opt/stack/neutron/neutron/plugins/ml2/drivers/ovn/mech_driver/ovsdb/ovsdb_monitor.py:1013}}
Jul 28 00:12:59.393392 np0000187141 devstack@neutron-api.service[102211]: DEBUG neutron.plugins.ml2.drivers.ovn.mech_driver.ovsdb.ovsdb_monitor [None req-0ffeebab-a4aa-4b5f-8742-5a814e3d4a51 None None] Hash Ring: Node 682894761ca556ec96fbb8b3267ba650 (host: np0000187141) handling event "create" for row 36549983-deda-4a90-900c-30254f89c103 (table: ACL) {{(pid=102211) notify /opt/stack/neutron/neutron/plugins/ml2/drivers/ovn/mech_driver/ovsdb/ovsdb_monitor.py:1013}}
Jul 28 00:12:59.395777 np0000187141 devstack@neutron-api.service[102208]: DEBUG neutron.plugins.ml2.drivers.ovn.mech_driver.ovsdb.ovsdb_monitor [None req-e108a40a-2f80-480b-a133-b839f7675386 None None] Hash Ring: Node f1a93e428afc5380bcf8d171f186738e (host: np0000187141) handling event "create" for row 2bc3debe-2f15-43d0-94b2-b3dd5a270b4b (table: ACL) {{(pid=102208) notify /opt/stack/neutron/neutron/plugins/ml2/drivers/ovn/mech_driver/ovsdb/ovsdb_monitor.py:1013}}
Jul 28 00:12:59.396320 np0000187141 devstack@neutron-api.service[102209]: DEBUG neutron.plugins.ml2.drivers.ovn.mech_driver.ovsdb.ovsdb_monitor [None req-7442992f-0b3a-4417-aa59-d13bea3f977d None None] Hash Ring: Node 7b10884ac5be5f978f13bc4c877393dc (host: np0000187141) handling event "create" for row d03f8988-1df0-442c-8a88-8f1eb1e224dc (table: ACL) {{(pid=102209) notify /opt/stack/neutron/neutron/plugins/ml2/drivers/ovn/mech_driver/ovsdb/ovsdb_monitor.py:1013}}
Jul 28 00:12:59.411415 np0000187141 devstack@neutron-api.service[102210]: INFO neutron.db.ovn_revision_numbers_db [None req-7d0251cb-1505-4d77-9de4-a5003c71dc6f demo demo] Successfully bumped revision number for resource 59de4e44-e075-4455-aa2b-2d3fcfa49da4 (type: security_groups) to 1
Jul 28 00:12:59.423763 np0000187141 devstack@neutron-api.service[102210]: INFO neutron.db.ovn_revision_numbers_db [None req-7d0251cb-1505-4d77-9de4-a5003c71dc6f demo demo] Successfully bumped revision number for resource 67e88b33-28f3-496a-b012-81938f90fcf4 (type: security_group_rules) to 0
Jul 28 00:12:59.442962 np0000187141 devstack@neutron-api.service[102210]: INFO neutron.db.ovn_revision_numbers_db [None req-7d0251cb-1505-4d77-9de4-a5003c71dc6f demo demo] Successfully bumped revision number for resource 89ac704f-3c31-4280-b2d4-fe8c4fcc8440 (type: security_group_rules) to 0
Jul 28 00:12:59.458858 np0000187141 devstack@neutron-api.service[102210]: INFO neutron.db.ovn_revision_numbers_db [None req-7d0251cb-1505-4d77-9de4-a5003c71dc6f demo demo] Successfully bumped revision number for resource a0267165-094c-4c1e-8557-ac13fff87827 (type: security_group_rules) to 0
Jul 28 00:12:59.473502 np0000187141 devstack@neutron-api.service[102210]: INFO neutron.db.ovn_revision_numbers_db [None req-7d0251cb-1505-4d77-9de4-a5003c71dc6f demo demo] Successfully bumped revision number for resource a9c6b487-3a98-4519-a6b7-3d545e7efed5 (type: security_group_rules) to 0
Jul 28 00:12:59.511435 np0000187141 devstack@neutron-api.service[102210]: DEBUG neutron.api.rpc.handlers.resources_rpc [None req-7d0251cb-1505-4d77-9de4-a5003c71dc6f demo demo] Pushing event updated for resources: {'SecurityGroup': ['ID=59de4e44-e075-4455-aa2b-2d3fcfa49da4,revision_number=1']} {{(pid=102210) push /opt/stack/neutron/neutron/api/rpc/handlers/resources_rpc.py:237}}
Jul 28 00:12:59.544076 np0000187141 devstack@neutron-api.service[102210]: DEBUG neutron.plugins.ml2.drivers.helpers [None req-7d0251cb-1505-4d77-9de4-a5003c71dc6f demo demo] geneve segment allocate from pool success with {'geneve_vni': 30060} {{(pid=102210) allocate_partially_specified_segment /opt/stack/neutron/neutron/plugins/ml2/drivers/helpers.py:142}}
Jul 28 00:12:59.551755 np0000187141 devstack@neutron-api.service[102210]: DEBUG neutron_lib.callbacks.manager [None req-7d0251cb-1505-4d77-9de4-a5003c71dc6f demo demo] Publish callbacks ['neutron.services.segments.db._add_segment_host_mapping_for_segment-8253855724284', 'neutron.plugins.ml2.plugin.Ml2Plugin._handle_segment_change-4177741'] for segment (d5c09d93-bbe5-430d-969e-c5f64fa33017), precommit_create {{(pid=102210) _notify_loop /opt/stack/data/venv/lib/python3.12/site-packages/neutron_lib/callbacks/manager.py:184}}
Jul 28 00:12:59.551867 np0000187141 devstack@neutron-api.service[102210]: INFO neutron.db.segments_db [None req-7d0251cb-1505-4d77-9de4-a5003c71dc6f demo demo] Added segment d5c09d93-bbe5-430d-969e-c5f64fa33017 of type geneve for network 1eae4a9d-c528-4d5b-8cbf-b9387099dcb1
Jul 28 00:12:59.565349 np0000187141 devstack@neutron-api.service[102210]: DEBUG neutron_lib.callbacks.manager [None req-7d0251cb-1505-4d77-9de4-a5003c71dc6f demo demo] Publish callbacks ['neutron.services.auto_allocate.db._ensure_external_network_default_value_callback-8253854386480'] for network (1eae4a9d-c528-4d5b-8cbf-b9387099dcb1), precommit_create {{(pid=102210) _notify_loop /opt/stack/data/venv/lib/python3.12/site-packages/neutron_lib/callbacks/manager.py:184}}
Jul 28 00:12:59.575434 np0000187141 devstack@neutron-api.service[102210]: DEBUG neutron.plugins.ml2.drivers.ovn.mech_driver.mech_driver [None req-7d0251cb-1505-4d77-9de4-a5003c71dc6f demo demo] Validating network segment with type geneve, segmentation ID 30060, physical network None {{(pid=102210) _validate_network_segments /opt/stack/neutron/neutron/plugins/ml2/drivers/ovn/mech_driver/mech_driver.py:646}}
Jul 28 00:12:59.575549 np0000187141 devstack@neutron-api.service[102210]: DEBUG neutron.db.ovn_revision_numbers_db [None req-7d0251cb-1505-4d77-9de4-a5003c71dc6f demo demo] create_initial_revision uuid=1eae4a9d-c528-4d5b-8cbf-b9387099dcb1, type=networks, rev=-1 {{(pid=102210) create_initial_revision /opt/stack/neutron/neutron/db/ovn_revision_numbers_db.py:98}}
Jul 28 00:12:59.584666 np0000187141 devstack@neutron-api.service[102210]: DEBUG neutron_lib.callbacks.manager [None req-7d0251cb-1505-4d77-9de4-a5003c71dc6f demo demo] Publish callbacks ['neutron.plugins.ml2.ovo_rpc._ObjectChangeHandler.handle_event-2603414'] for network (1eae4a9d-c528-4d5b-8cbf-b9387099dcb1), after_create {{(pid=102210) _notify_loop /opt/stack/data/venv/lib/python3.12/site-packages/neutron_lib/callbacks/manager.py:184}}
Jul 28 00:12:59.615321 np0000187141 devstack@neutron-api.service[102210]: DEBUG neutron.api.rpc.handlers.resources_rpc [None req-7d0251cb-1505-4d77-9de4-a5003c71dc6f demo demo] Pushing event updated for resources: {'Network': ['ID=1eae4a9d-c528-4d5b-8cbf-b9387099dcb1,revision_number=1']} {{(pid=102210) push /opt/stack/neutron/neutron/api/rpc/handlers/resources_rpc.py:237}}
Jul 28 00:12:59.623054 np0000187141 devstack@neutron-api.service[102210]: DEBUG ovsdbapp.backend.ovs_idl.transaction [None req-d34c9af5-4203-4d37-a743-4f682e511371 None None] Running txn n=1 command(idx=0): AddNetworkCommand(_result=None, network_uuid=1eae4a9d-c528-4d5b-8cbf-b9387099dcb1, may_exist=True, columns={'external_ids': {'neutron:network_name': 'k8s-clusterapi-cluster-magnum-system-kube-x87wg', 'neutron:mtu': '1372', 'neutron:revision_number': '1', 'neutron:availability_zone_hints': '', 'neutron:provnet-network-type': 'geneve'}, 'other_config': {'mcast_snoop': 'false', 'mcast_flood_unregistered': 'false', 'vlan-passthru': 'false'}}) {{(pid=102210) do_commit /opt/stack/data/venv/lib/python3.12/site-packages/ovsdbapp/backend/ovs_idl/transaction.py:89}}
Jul 28 00:12:59.630496 np0000187141 devstack@neutron-api.service[102211]: DEBUG neutron.plugins.ml2.drivers.ovn.mech_driver.ovsdb.ovsdb_monitor [None req-0ffeebab-a4aa-4b5f-8742-5a814e3d4a51 None None] Touching Hash Ring node "682894761ca556ec96fbb8b3267ba650" from IDL notify handler {{(pid=102211) notify /opt/stack/neutron/neutron/plugins/ml2/drivers/ovn/mech_driver/ovsdb/ovsdb_monitor.py:1005}}
Jul 28 00:12:59.638061 np0000187141 devstack@neutron-api.service[102208]: DEBUG neutron.plugins.ml2.drivers.ovn.mech_driver.ovsdb.ovsdb_monitor [None req-81a05e7c-2bef-4e11-98a2-fa87844ad939 None None] Touching Hash Ring node "f1a93e428afc5380bcf8d171f186738e" from IDL notify handler {{(pid=102208) notify /opt/stack/neutron/neutron/plugins/ml2/drivers/ovn/mech_driver/ovsdb/ovsdb_monitor.py:1005}}
Jul 28 00:12:59.639049 np0000187141 devstack@neutron-api.service[102211]: DEBUG neutron.plugins.ml2.drivers.ovn.mech_driver.ovsdb.ovsdb_monitor [None req-0ffeebab-a4aa-4b5f-8742-5a814e3d4a51 None None] Hash Ring: Node 682894761ca556ec96fbb8b3267ba650 (host: np0000187141) handling event "create" for row 1eae4a9d-c528-4d5b-8cbf-b9387099dcb1 (table: Logical_Switch) {{(pid=102211) notify /opt/stack/neutron/neutron/plugins/ml2/drivers/ovn/mech_driver/ovsdb/ovsdb_monitor.py:1013}}
