2026-09-09 07:37:37.050 8 INFO cinder.api.openstack.wsgi [None req-e964d996-f661-4803-8036-b0b227d3d199 ab9d2306cffe4305ae6e3abef21ca006 03e75148cd7c4383a8c0e3147997db79 - - default default] http://cinder-api.openstack.svc.cluster.local:8776/v3/03e75148cd7c4383a8c0e3147997db79/volumes/f8afd9d7-ae98-4ab2-a914-b3398b37b8f2 returned with HTTP 200 [pid: 8|app: 0|req: 380/760] 10.0.0.105 () {32 vars in 775 bytes} [Wed Sep 9 07:37:37 2026] GET /v3/03e75148cd7c4383a8c0e3147997db79/volumes/f8afd9d7-ae98-4ab2-a914-b3398b37b8f2 => generated 1482 bytes in 38 msecs (HTTP/1.1 200) 7 headers in 286 bytes (1 switches on core 0) /var/lib/openstack/lib/python3.12/site-packages/pycadf/identifier.py:70: UserWarning: Invalid uuid: cinderv3. To ensure interoperability, identifiers should be a valid uuid. warnings.warn(('Invalid uuid: %s. To ensure interoperability, '
2026-09-09 07:37:37.189 7 INFO cinder.api.openstack.wsgi [req-14f4def5-78a1-4903-9459-b616099e3302 req-03c5616d-62f6-4829-afed-9e09a7959107 ab9d2306cffe4305ae6e3abef21ca006 03e75148cd7c4383a8c0e3147997db79 - - default default] GET http://cinder-api.openstack.svc.cluster.local:8776/v3/03e75148cd7c4383a8c0e3147997db79/volumes/f8afd9d7-ae98-4ab2-a914-b3398b37b8f2 /var/lib/openstack/lib/python3.12/site-packages/oslo_context/context.py:101: DeprecationWarning: Policy enforcement is depending on the value of is_admin. This key is deprecated. Please update your policy file to use the standard policy values. warnings.warn(
2026-09-09 07:37:37.214 7 INFO cinder.volume.api [req-14f4def5-78a1-4903-9459-b616099e3302 req-03c5616d-62f6-4829-afed-9e09a7959107 ab9d2306cffe4305ae6e3abef21ca006 03e75148cd7c4383a8c0e3147997db79 - - default default] Volume info retrieved successfully.
2026-09-09 07:37:37.224 7 INFO cinder.api.openstack.wsgi [req-14f4def5-78a1-4903-9459-b616099e3302 req-03c5616d-62f6-4829-afed-9e09a7959107 ab9d2306cffe4305ae6e3abef21ca006 03e75148cd7c4383a8c0e3147997db79 - - default default] http://cinder-api.openstack.svc.cluster.local:8776/v3/03e75148cd7c4383a8c0e3147997db79/volumes/f8afd9d7-ae98-4ab2-a914-b3398b37b8f2 returned with HTTP 200 [pid: 7|app: 0|req: 381/761] 10.0.0.19 () {34 vars in 1027 bytes} [Wed Sep 9 07:37:37 2026] GET /v3/03e75148cd7c4383a8c0e3147997db79/volumes/f8afd9d7-ae98-4ab2-a914-b3398b37b8f2 => generated 1482 bytes in 47 msecs (HTTP/1.1 200) 7 headers in 286 bytes (1 switches on core 0) /var/lib/openstack/lib/python3.12/site-packages/pycadf/identifier.py:70: UserWarning: Invalid uuid: cinderv3. To ensure interoperability, identifiers should be a valid uuid. warnings.warn(('Invalid uuid: %s. To ensure interoperability, '
2026-09-09 07:37:37.828 8 INFO cinder.api.openstack.wsgi [req-14f4def5-78a1-4903-9459-b616099e3302 req-fd52bebf-7085-439c-85e3-315262f0941c ab9d2306cffe4305ae6e3abef21ca006 03e75148cd7c4383a8c0e3147997db79 - - default default] GET http://cinder-api.openstack.svc.cluster.local:8776/v3/03e75148cd7c4383a8c0e3147997db79/volumes/f8afd9d7-ae98-4ab2-a914-b3398b37b8f2 /var/lib/openstack/lib/python3.12/site-packages/oslo_context/context.py:101: DeprecationWarning: Policy enforcement is depending on the value of is_admin. This key is deprecated. Please update your policy file to use the standard policy values. warnings.warn(
2026-09-09 07:37:37.854 8 INFO cinder.volume.api [req-14f4def5-78a1-4903-9459-b616099e3302 req-fd52bebf-7085-439c-85e3-315262f0941c ab9d2306cffe4305ae6e3abef21ca006 03e75148cd7c4383a8c0e3147997db79 - - default default] Volume info retrieved successfully.
2026-09-09 07:37:37.863 8 INFO cinder.api.openstack.wsgi [req-14f4def5-78a1-4903-9459-b616099e3302 req-fd52bebf-7085-439c-85e3-315262f0941c ab9d2306cffe4305ae6e3abef21ca006 03e75148cd7c4383a8c0e3147997db79 - - default default] http://cinder-api.openstack.svc.cluster.local:8776/v3/03e75148cd7c4383a8c0e3147997db79/volumes/f8afd9d7-ae98-4ab2-a914-b3398b37b8f2 returned with HTTP 200 [pid: 8|app: 0|req: 381/762] 10.0.0.19 () {34 vars in 1027 bytes} [Wed Sep 9 07:37:37 2026] GET /v3/03e75148cd7c4383a8c0e3147997db79/volumes/f8afd9d7-ae98-4ab2-a914-b3398b37b8f2 => generated 1482 bytes in 44 msecs (HTTP/1.1 200) 7 headers in 286 bytes (1 switches on core 0)
2026-09-09 07:37:37.877 7 INFO cinder.api.openstack.wsgi [req-14f4def5-78a1-4903-9459-b616099e3302 req-03c5616d-62f6-4829-afed-9e09a7959107 ab9d2306cffe4305ae6e3abef21ca006 03e75148cd7c4383a8c0e3147997db79 - - default default] GET http://cinder-api.openstack.svc.cluster.local:8776/
2026-09-09 07:37:37.879 7 INFO cinder.api.openstack.wsgi [req-14f4def5-78a1-4903-9459-b616099e3302 req-03c5616d-62f6-4829-afed-9e09a7959107 ab9d2306cffe4305ae6e3abef21ca006 03e75148cd7c4383a8c0e3147997db79 - - default default] http://cinder-api.openstack.svc.cluster.local:8776/ returned with HTTP 300 [pid: 7|app: 0|req: 382/763] 10.0.0.19 () {32 vars in 828 bytes} [Wed Sep 9 07:37:37 2026] GET / => generated 411 bytes in 3 msecs (HTTP/1.1 300) 5 headers in 169 bytes (1 switches on core 0) /var/lib/openstack/lib/python3.12/site-packages/pycadf/identifier.py:70: UserWarning: Invalid uuid: cinderv3. To ensure interoperability, identifiers should be a valid uuid. warnings.warn(('Invalid uuid: %s. To ensure interoperability, '
2026-09-09 07:37:37.896 8 INFO cinder.api.openstack.wsgi [req-14f4def5-78a1-4903-9459-b616099e3302 req-7189b9d7-a30b-42bc-87eb-c9212b0021bf ab9d2306cffe4305ae6e3abef21ca006 03e75148cd7c4383a8c0e3147997db79 - - default default] POST http://cinder-api.openstack.svc.cluster.local:8776/v3/03e75148cd7c4383a8c0e3147997db79/attachments /var/lib/openstack/lib/python3.12/site-packages/oslo_context/context.py:101: DeprecationWarning: Policy enforcement is depending on the value of is_admin. This key is deprecated. Please update your policy file to use the standard policy values. warnings.warn(
2026-09-09 07:37:37.989 8 INFO cinder.api.openstack.wsgi [req-14f4def5-78a1-4903-9459-b616099e3302 req-7189b9d7-a30b-42bc-87eb-c9212b0021bf ab9d2306cffe4305ae6e3abef21ca006 03e75148cd7c4383a8c0e3147997db79 - - default default] http://cinder-api.openstack.svc.cluster.local:8776/v3/03e75148cd7c4383a8c0e3147997db79/attachments returned with HTTP 200 [pid: 8|app: 0|req: 382/764] 10.0.0.19 () {40 vars in 1056 bytes} [Wed Sep 9 07:37:37 2026] POST /v3/03e75148cd7c4383a8c0e3147997db79/attachments => generated 273 bytes in 104 msecs (HTTP/1.1 200) 7 headers in 286 bytes (1 switches on core 0) /var/lib/openstack/lib/python3.12/site-packages/pycadf/identifier.py:70: UserWarning: Invalid uuid: cinderv3. To ensure interoperability, identifiers should be a valid uuid. warnings.warn(('Invalid uuid: %s. To ensure interoperability, '
2026-09-09 07:37:39.352 7 INFO cinder.api.openstack.wsgi [None req-6bddbcd3-f65c-4deb-b15c-4d37f4028b45 dcbff00b90784ecd86f5ea9f795056aa e6c589157fd942f0844dc4b3614df0f4 - - default default] GET http://cinder-api.openstack.svc.cluster.local:8776/v3/e6c589157fd942f0844dc4b3614df0f4/volumes/detail?all_tenants=true
2026-09-09 07:37:39.387 7 INFO cinder.volume.api [None req-6bddbcd3-f65c-4deb-b15c-4d37f4028b45 dcbff00b90784ecd86f5ea9f795056aa e6c589157fd942f0844dc4b3614df0f4 - - default default] Get all volumes completed successfully. /var/lib/openstack/lib/python3.12/site-packages/oslo_context/context.py:101: DeprecationWarning: Policy enforcement is depending on the value of is_admin. This key is deprecated. Please update your policy file to use the standard policy values. warnings.warn(
2026-09-09 07:37:39.394 7 INFO cinder.api.openstack.wsgi [None req-6bddbcd3-f65c-4deb-b15c-4d37f4028b45 dcbff00b90784ecd86f5ea9f795056aa e6c589157fd942f0844dc4b3614df0f4 - - default default] http://cinder-api.openstack.svc.cluster.local:8776/v3/e6c589157fd942f0844dc4b3614df0f4/volumes/detail?all_tenants=true returned with HTTP 200 [pid: 7|app: 0|req: 383/765] 10.0.0.122 () {28 vars in 684 bytes} [Wed Sep 9 07:37:39 2026] GET /v3/e6c589157fd942f0844dc4b3614df0f4/volumes/detail?all_tenants=true => generated 1649 bytes in 103 msecs (HTTP/1.1 200) 7 headers in 286 bytes (1 switches on core 0) /var/lib/openstack/lib/python3.12/site-packages/pycadf/identifier.py:70: UserWarning: Invalid uuid: cinderv3. To ensure interoperability, identifiers should be a valid uuid. warnings.warn(('Invalid uuid: %s. To ensure interoperability, '
2026-09-09 07:37:39.404 8 INFO cinder.api.openstack.wsgi [None req-28ac1990-d2ae-40b6-96a5-09d9550f27a3 dcbff00b90784ecd86f5ea9f795056aa e6c589157fd942f0844dc4b3614df0f4 - - default default] GET http://cinder-api.openstack.svc.cluster.local:8776/v3/e6c589157fd942f0844dc4b3614df0f4/snapshots?all_tenants=true /var/lib/openstack/lib/python3.12/site-packages/oslo_context/context.py:101: DeprecationWarning: Policy enforcement is depending on the value of is_admin. This key is deprecated. Please update your policy file to use the standard policy values. warnings.warn(
2026-09-09 07:37:39.410 8 INFO cinder.volume.api [None req-28ac1990-d2ae-40b6-96a5-09d9550f27a3 dcbff00b90784ecd86f5ea9f795056aa e6c589157fd942f0844dc4b3614df0f4 - - default default] Get all snapshots completed successfully.
2026-09-09 07:37:39.410 8 INFO cinder.api.openstack.wsgi [None req-28ac1990-d2ae-40b6-96a5-09d9550f27a3 dcbff00b90784ecd86f5ea9f795056aa e6c589157fd942f0844dc4b3614df0f4 - - default default] http://cinder-api.openstack.svc.cluster.local:8776/v3/e6c589157fd942f0844dc4b3614df0f4/snapshots?all_tenants=true returned with HTTP 200 [pid: 8|app: 0|req: 383/766] 10.0.0.122 () {28 vars in 674 bytes} [Wed Sep 9 07:37:39 2026] GET /v3/e6c589157fd942f0844dc4b3614df0f4/snapshots?all_tenants=true => generated 17 bytes in 11 msecs (HTTP/1.1 200) 7 headers in 284 bytes (1 switches on core 0) /var/lib/openstack/lib/python3.12/site-packages/pycadf/identifier.py:70: UserWarning: Invalid uuid: cinderv3. To ensure interoperability, identifiers should be a valid uuid. warnings.warn(('Invalid uuid: %s. To ensure interoperability, '
2026-09-09 07:37:39.420 7 INFO cinder.api.openstack.wsgi [None req-20604db9-b7e8-40d4-ac99-8bc6479ee3a8 dcbff00b90784ecd86f5ea9f795056aa e6c589157fd942f0844dc4b3614df0f4 - - default default] GET http://cinder-api.openstack.svc.cluster.local:8776/v3/e6c589157fd942f0844dc4b3614df0f4/volumes/detail?all_tenants=true
2026-09-09 07:37:39.437 7 INFO cinder.volume.api [None req-20604db9-b7e8-40d4-ac99-8bc6479ee3a8 dcbff00b90784ecd86f5ea9f795056aa e6c589157fd942f0844dc4b3614df0f4 - - default default] Get all volumes completed successfully. /var/lib/openstack/lib/python3.12/site-packages/oslo_context/context.py:101: DeprecationWarning: Policy enforcement is depending on the value of is_admin. This key is deprecated. Please update your policy file to use the standard policy values. warnings.warn(
2026-09-09 07:37:39.445 7 INFO cinder.api.openstack.wsgi [None req-20604db9-b7e8-40d4-ac99-8bc6479ee3a8 dcbff00b90784ecd86f5ea9f795056aa e6c589157fd942f0844dc4b3614df0f4 - - default default] http://cinder-api.openstack.svc.cluster.local:8776/v3/e6c589157fd942f0844dc4b3614df0f4/volumes/detail?all_tenants=true returned with HTTP 200 [pid: 7|app: 0|req: 384/767] 10.0.0.122 () {28 vars in 684 bytes} [Wed Sep 9 07:37:39 2026] GET /v3/e6c589157fd942f0844dc4b3614df0f4/volumes/detail?all_tenants=true => generated 1649 bytes in 31 msecs (HTTP/1.1 200) 7 headers in 286 bytes (1 switches on core 0)
2026-09-09 07:37:39.454 8 INFO cinder.api.openstack.wsgi [None req-a7fa1011-54e0-41d1-ba7f-89b8988ef1a9 dcbff00b90784ecd86f5ea9f795056aa e6c589157fd942f0844dc4b3614df0f4 - - default default] GET http://cinder-api.openstack.svc.cluster.local:8776/v3/e6c589157fd942f0844dc4b3614df0f4/scheduler-stats/get_pools?detail=true
2026-09-09 07:37:39.958 8 INFO cinder.api.openstack.wsgi [None req-a7fa1011-54e0-41d1-ba7f-89b8988ef1a9 dcbff00b90784ecd86f5ea9f795056aa e6c589157fd942f0844dc4b3614df0f4 - - default default] http://cinder-api.openstack.svc.cluster.local:8776/v3/e6c589157fd942f0844dc4b3614df0f4/scheduler-stats/get_pools?detail=true returned with HTTP 200 [pid: 8|app: 0|req: 384/768] 10.0.0.122 () {28 vars in 696 bytes} [Wed Sep 9 07:37:39 2026] GET /v3/e6c589157fd942f0844dc4b3614df0f4/scheduler-stats/get_pools?detail=true => generated 670 bytes in 511 msecs (HTTP/1.1 200) 7 headers in 285 bytes (1 switches on core 0) /var/lib/openstack/lib/python3.12/site-packages/pycadf/identifier.py:70: UserWarning: Invalid uuid: cinderv3. To ensure interoperability, identifiers should be a valid uuid. warnings.warn(('Invalid uuid: %s. To ensure interoperability, '
2026-09-09 07:37:40.011 7 INFO cinder.api.openstack.wsgi [None req-5576829c-4cb1-4325-8256-f73682a43767 dcbff00b90784ecd86f5ea9f795056aa e6c589157fd942f0844dc4b3614df0f4 - - default default] GET http://cinder-api.openstack.svc.cluster.local:8776/v3/e6c589157fd942f0844dc4b3614df0f4/os-quota-sets/03e75148cd7c4383a8c0e3147997db79?usage=true
2026-09-09 07:37:40.042 7 INFO cinder.api.openstack.wsgi [None req-5576829c-4cb1-4325-8256-f73682a43767 dcbff00b90784ecd86f5ea9f795056aa e6c589157fd942f0844dc4b3614df0f4 - - default default] http://cinder-api.openstack.svc.cluster.local:8776/v3/e6c589157fd942f0844dc4b3614df0f4/os-quota-sets/03e75148cd7c4383a8c0e3147997db79?usage=true returned with HTTP 200 [pid: 7|app: 0|req: 385/769] 10.0.0.122 () {28 vars in 736 bytes} [Wed Sep 9 07:37:40 2026] GET /v3/e6c589157fd942f0844dc4b3614df0f4/os-quota-sets/03e75148cd7c4383a8c0e3147997db79?usage=true => generated 847 bytes in 38 msecs (HTTP/1.1 200) 7 headers in 285 bytes (1 switches on core 0)
2026-09-09 07:37:40.056 8 INFO cinder.api.openstack.wsgi [None req-14c67862-e2f8-44db-b5d4-07223c40a67b dcbff00b90784ecd86f5ea9f795056aa e6c589157fd942f0844dc4b3614df0f4 - - default default] GET http://cinder-api.openstack.svc.cluster.local:8776/v3/e6c589157fd942f0844dc4b3614df0f4/os-quota-sets/69546cb79afb41afb5368d291893720a?usage=true
2026-09-09 07:37:40.078 8 INFO cinder.api.openstack.wsgi [None req-14c67862-e2f8-44db-b5d4-07223c40a67b dcbff00b90784ecd86f5ea9f795056aa e6c589157fd942f0844dc4b3614df0f4 - - default default] http://cinder-api.openstack.svc.cluster.local:8776/v3/e6c589157fd942f0844dc4b3614df0f4/os-quota-sets/69546cb79afb41afb5368d291893720a?usage=true returned with HTTP 200 [pid: 8|app: 0|req: 385/770] 10.0.0.122 () {28 vars in 736 bytes} [Wed Sep 9 07:37:40 2026] GET /v3/e6c589157fd942f0844dc4b3614df0f4/os-quota-sets/69546cb79afb41afb5368d291893720a?usage=true => generated 847 bytes in 28 msecs (HTTP/1.1 200) 7 headers in 285 bytes (1 switches on core 0)
2026-09-09 07:37:40.090 7 INFO cinder.api.openstack.wsgi [None req-1488dba2-67d6-46f7-a7de-735ed8a00155 dcbff00b90784ecd86f5ea9f795056aa e6c589157fd942f0844dc4b3614df0f4 - - default default] GET http://cinder-api.openstack.svc.cluster.local:8776/v3/e6c589157fd942f0844dc4b3614df0f4/os-quota-sets/70beec164d3648c38a34ba33bef7656e?usage=true
2026-09-09 07:37:40.112 7 INFO cinder.api.openstack.wsgi [None req-1488dba2-67d6-46f7-a7de-735ed8a00155 dcbff00b90784ecd86f5ea9f795056aa e6c589157fd942f0844dc4b3614df0f4 - - default default] http://cinder-api.openstack.svc.cluster.local:8776/v3/e6c589157fd942f0844dc4b3614df0f4/os-quota-sets/70beec164d3648c38a34ba33bef7656e?usage=true returned with HTTP 200 [pid: 7|app: 0|req: 386/771] 10.0.0.122 () {28 vars in 736 bytes} [Wed Sep 9 07:37:40 2026] GET /v3/e6c589157fd942f0844dc4b3614df0f4/os-quota-sets/70beec164d3648c38a34ba33bef7656e?usage=true => generated 847 bytes in 28 msecs (HTTP/1.1 200) 7 headers in 285 bytes (1 switches on core 0)
2026-09-09 07:37:40.122 8 INFO cinder.api.openstack.wsgi [None req-307a7a61-f96b-43bd-9d57-cf98a2ebbbd4 dcbff00b90784ecd86f5ea9f795056aa e6c589157fd942f0844dc4b3614df0f4 - - default default] GET http://cinder-api.openstack.svc.cluster.local:8776/v3/e6c589157fd942f0844dc4b3614df0f4/os-quota-sets/e6c589157fd942f0844dc4b3614df0f4?usage=true
2026-09-09 07:37:40.141 8 INFO cinder.api.openstack.wsgi [None req-307a7a61-f96b-43bd-9d57-cf98a2ebbbd4 dcbff00b90784ecd86f5ea9f795056aa e6c589157fd942f0844dc4b3614df0f4 - - default default] http://cinder-api.openstack.svc.cluster.local:8776/v3/e6c589157fd942f0844dc4b3614df0f4/os-quota-sets/e6c589157fd942f0844dc4b3614df0f4?usage=true returned with HTTP 200 [pid: 8|app: 0|req: 386/772] 10.0.0.122 () {28 vars in 736 bytes} [Wed Sep 9 07:37:40 2026] GET /v3/e6c589157fd942f0844dc4b3614df0f4/os-quota-sets/e6c589157fd942f0844dc4b3614df0f4?usage=true => generated 845 bytes in 24 msecs (HTTP/1.1 200) 7 headers in 285 bytes (1 switches on core 0)
2026-09-09 07:37:40.150 7 INFO cinder.api.openstack.wsgi [None req-f4ccef85-1de8-480b-b0cb-ac45f1a03549 dcbff00b90784ecd86f5ea9f795056aa e6c589157fd942f0844dc4b3614df0f4 - - default default] GET http://cinder-api.openstack.svc.cluster.local:8776/v3/e6c589157fd942f0844dc4b3614df0f4/os-quota-sets/e83a0129ad994f1fb84588d02b3dedea?usage=true
2026-09-09 07:37:40.173 7 INFO cinder.api.openstack.wsgi [None req-f4ccef85-1de8-480b-b0cb-ac45f1a03549 dcbff00b90784ecd86f5ea9f795056aa e6c589157fd942f0844dc4b3614df0f4 - - default default] http://cinder-api.openstack.svc.cluster.local:8776/v3/e6c589157fd942f0844dc4b3614df0f4/os-quota-sets/e83a0129ad994f1fb84588d02b3dedea?usage=true returned with HTTP 200 [pid: 7|app: 0|req: 387/773] 10.0.0.122 () {28 vars in 736 bytes} [Wed Sep 9 07:37:40 2026] GET /v3/e6c589157fd942f0844dc4b3614df0f4/os-quota-sets/e83a0129ad994f1fb84588d02b3dedea?usage=true => generated 847 bytes in 28 msecs (HTTP/1.1 200) 7 headers in 285 bytes (1 switches on core 0)
2026-09-09 07:37:40.185 8 INFO cinder.api.openstack.wsgi [None req-384c8f49-50cf-4220-9c93-5044b44b1cfb dcbff00b90784ecd86f5ea9f795056aa e6c589157fd942f0844dc4b3614df0f4 - - default default] GET http://cinder-api.openstack.svc.cluster.local:8776/v3/e6c589157fd942f0844dc4b3614df0f4/os-quota-sets/e950c3b5f9844b3a8f53d195a45b0fa2?usage=true
2026-09-09 07:37:40.211 8 INFO cinder.api.openstack.wsgi [None req-384c8f49-50cf-4220-9c93-5044b44b1cfb dcbff00b90784ecd86f5ea9f795056aa e6c589157fd942f0844dc4b3614df0f4 - - default default] http://cinder-api.openstack.svc.cluster.local:8776/v3/e6c589157fd942f0844dc4b3614df0f4/os-quota-sets/e950c3b5f9844b3a8f53d195a45b0fa2?usage=true returned with HTTP 200 [pid: 8|app: 0|req: 387/774] 10.0.0.122 () {28 vars in 736 bytes} [Wed Sep 9 07:37:40 2026] GET /v3/e6c589157fd942f0844dc4b3614df0f4/os-quota-sets/e950c3b5f9844b3a8f53d195a45b0fa2?usage=true => generated 845 bytes in 33 msecs (HTTP/1.1 200) 7 headers in 285 bytes (1 switches on core 0)
2026-09-09 07:37:40.220 7 INFO cinder.api.openstack.wsgi [None req-371b8600-d798-48b1-b01c-39622c4619e8 dcbff00b90784ecd86f5ea9f795056aa e6c589157fd942f0844dc4b3614df0f4 - - default default] GET http://cinder-api.openstack.svc.cluster.local:8776/v3/e6c589157fd942f0844dc4b3614df0f4/os-quota-sets/f3163d116a1d496587f78963925b3b8b?usage=true
2026-09-09 07:37:40.242 7 INFO cinder.api.openstack.wsgi [None req-371b8600-d798-48b1-b01c-39622c4619e8 dcbff00b90784ecd86f5ea9f795056aa e6c589157fd942f0844dc4b3614df0f4 - - default default] http://cinder-api.openstack.svc.cluster.local:8776/v3/e6c589157fd942f0844dc4b3614df0f4/os-quota-sets/f3163d116a1d496587f78963925b3b8b?usage=true returned with HTTP 200 [pid: 7|app: 0|req: 388/775] 10.0.0.122 () {28 vars in 736 bytes} [Wed Sep 9 07:37:40 2026] GET /v3/e6c589157fd942f0844dc4b3614df0f4/os-quota-sets/f3163d116a1d496587f78963925b3b8b?usage=true => generated 847 bytes in 28 msecs (HTTP/1.1 200) 7 headers in 285 bytes (1 switches on core 0)
2026-09-09 07:37:40.259 8 INFO cinder.api.openstack.wsgi [None req-6504bbde-e6db-4f9c-8560-a5bbefb6c238 dcbff00b90784ecd86f5ea9f795056aa e6c589157fd942f0844dc4b3614df0f4 - - default default] GET http://cinder-api.openstack.svc.cluster.local:8776/v3/e6c589157fd942f0844dc4b3614df0f4/os-services
2026-09-09 07:37:40.284 8 INFO cinder.api.openstack.wsgi [None req-6504bbde-e6db-4f9c-8560-a5bbefb6c238 dcbff00b90784ecd86f5ea9f795056aa e6c589157fd942f0844dc4b3614df0f4 - - default default] http://cinder-api.openstack.svc.cluster.local:8776/v3/e6c589157fd942f0844dc4b3614df0f4/os-services returned with HTTP 200 [pid: 8|app: 0|req: 388/776] 10.0.0.122 () {28 vars in 645 bytes} [Wed Sep 9 07:37:40 2026] GET /v3/e6c589157fd942f0844dc4b3614df0f4/os-services => generated 646 bytes in 36 msecs (HTTP/1.1 200) 7 headers in 285 bytes (1 switches on core 0)
2026-09-09 07:37:44.060 7 INFO cinder.api.openstack.wsgi [None req-371b8600-d798-48b1-b01c-39622c4619e8 dcbff00b90784ecd86f5ea9f795056aa e6c589157fd942f0844dc4b3614df0f4 - - default default] GET http://cinder-api.openstack.svc.cluster.local:8776/
2026-09-09 07:37:44.061 7 INFO cinder.api.openstack.wsgi [None req-371b8600-d798-48b1-b01c-39622c4619e8 dcbff00b90784ecd86f5ea9f795056aa e6c589157fd942f0844dc4b3614df0f4 - - default default] http://cinder-api.openstack.svc.cluster.local:8776/ returned with HTTP 300 [pid: 7|app: 0|req: 389/777] 162.253.55.210 () {32 vars in 840 bytes} [Wed Sep 9 07:37:44 2026] GET / => generated 411 bytes in 3 msecs (HTTP/1.1 300) 5 headers in 169 bytes (1 switches on core 0)
2026-09-09 07:37:44.124 8 INFO cinder.api.openstack.wsgi [req-14f4def5-78a1-4903-9459-b616099e3302 req-a0e907a7-c0b5-4cf0-ab84-296c31fb93ad ab9d2306cffe4305ae6e3abef21ca006 03e75148cd7c4383a8c0e3147997db79 - - default default] GET http://cinder-api.openstack.svc.cluster.local:8776/v3/03e75148cd7c4383a8c0e3147997db79/volumes/f8afd9d7-ae98-4ab2-a914-b3398b37b8f2 /var/lib/openstack/lib/python3.12/site-packages/oslo_context/context.py:101: DeprecationWarning: Policy enforcement is depending on the value of is_admin. This key is deprecated. Please update your policy file to use the standard policy values. warnings.warn(
2026-09-09 07:37:44.151 8 INFO cinder.volume.api [req-14f4def5-78a1-4903-9459-b616099e3302 req-a0e907a7-c0b5-4cf0-ab84-296c31fb93ad ab9d2306cffe4305ae6e3abef21ca006 03e75148cd7c4383a8c0e3147997db79 - - default default] Volume info retrieved successfully.
2026-09-09 07:37:44.178 8 INFO cinder.api.openstack.wsgi [req-14f4def5-78a1-4903-9459-b616099e3302 req-a0e907a7-c0b5-4cf0-ab84-296c31fb93ad ab9d2306cffe4305ae6e3abef21ca006 03e75148cd7c4383a8c0e3147997db79 - - default default] http://cinder-api.openstack.svc.cluster.local:8776/v3/03e75148cd7c4383a8c0e3147997db79/volumes/f8afd9d7-ae98-4ab2-a914-b3398b37b8f2 returned with HTTP 200 [pid: 8|app: 0|req: 389/778] 162.253.55.210 () {36 vars in 1073 bytes} [Wed Sep 9 07:37:44 2026] GET /v3/03e75148cd7c4383a8c0e3147997db79/volumes/f8afd9d7-ae98-4ab2-a914-b3398b37b8f2 => generated 1662 bytes in 63 msecs (HTTP/1.1 200) 7 headers in 287 bytes (1 switches on core 0)
2026-09-09 07:37:46.253 7 INFO cinder.api.openstack.wsgi [req-14f4def5-78a1-4903-9459-b616099e3302 req-4d4a3116-3a12-4aa5-88b4-535caa64d124 ab9d2306cffe4305ae6e3abef21ca006 03e75148cd7c4383a8c0e3147997db79 - - default default] PUT http://cinder-api.openstack.svc.cluster.local:8776/v3/03e75148cd7c4383a8c0e3147997db79/attachments/31bc8bfd-3e83-427b-b565-790547fe8b4a /var/lib/openstack/lib/python3.12/site-packages/oslo_context/context.py:101: DeprecationWarning: Policy enforcement is depending on the value of is_admin. This key is deprecated. Please update your policy file to use the standard policy values. warnings.warn(
2026-09-09 07:37:46.969 8 INFO cinder.api.openstack.wsgi [req-14f4def5-78a1-4903-9459-b616099e3302 req-a0e907a7-c0b5-4cf0-ab84-296c31fb93ad ab9d2306cffe4305ae6e3abef21ca006 03e75148cd7c4383a8c0e3147997db79 - - default default] GET http://10.0.0.63:8776/
2026-09-09 07:37:46.970 8 INFO cinder.api.openstack.wsgi [req-14f4def5-78a1-4903-9459-b616099e3302 req-a0e907a7-c0b5-4cf0-ab84-296c31fb93ad ab9d2306cffe4305ae6e3abef21ca006 03e75148cd7c4383a8c0e3147997db79 - - default default] http://10.0.0.63:8776/ returned with HTTP 300
2026-09-09 07:37:46.971 8 INFO cinder.api.openstack.wsgi [req-14f4def5-78a1-4903-9459-b616099e3302 req-a0e907a7-c0b5-4cf0-ab84-296c31fb93ad ab9d2306cffe4305ae6e3abef21ca006 03e75148cd7c4383a8c0e3147997db79 - - default default] GET http://10.0.0.63:8776/
2026-09-09 07:37:46.972 8 INFO cinder.api.openstack.wsgi [req-14f4def5-78a1-4903-9459-b616099e3302 req-a0e907a7-c0b5-4cf0-ab84-296c31fb93ad ab9d2306cffe4305ae6e3abef21ca006 03e75148cd7c4383a8c0e3147997db79 - - default default] http://10.0.0.63:8776/ returned with HTTP 300
2026-09-09 07:37:47.310 7 INFO cinder.api.openstack.wsgi [req-14f4def5-78a1-4903-9459-b616099e3302 req-4d4a3116-3a12-4aa5-88b4-535caa64d124 ab9d2306cffe4305ae6e3abef21ca006 03e75148cd7c4383a8c0e3147997db79 - - default default] http://cinder-api.openstack.svc.cluster.local:8776/v3/03e75148cd7c4383a8c0e3147997db79/attachments/31bc8bfd-3e83-427b-b565-790547fe8b4a returned with HTTP 200 [pid: 7|app: 0|req: 390/781] 162.253.55.210 () {40 vars in 1135 bytes} [Wed Sep 9 07:37:46 2026] PUT /v3/03e75148cd7c4383a8c0e3147997db79/attachments/31bc8bfd-3e83-427b-b565-790547fe8b4a => generated 802 bytes in 1066 msecs (HTTP/1.1 200) 7 headers in 286 bytes (1 switches on core 0) /var/lib/openstack/lib/python3.12/site-packages/pycadf/identifier.py:70: UserWarning: Invalid uuid: cinderv3. To ensure interoperability, identifiers should be a valid uuid. warnings.warn(('Invalid uuid: %s. To ensure interoperability, '
2026-09-09 07:37:47.832 8 INFO cinder.api.openstack.wsgi [req-14f4def5-78a1-4903-9459-b616099e3302 req-f8c5a6d9-bea4-4b5d-ac88-c49f7775ccc6 ab9d2306cffe4305ae6e3abef21ca006 03e75148cd7c4383a8c0e3147997db79 - - default default] POST http://cinder-api.openstack.svc.cluster.local:8776/v3/03e75148cd7c4383a8c0e3147997db79/attachments/31bc8bfd-3e83-427b-b565-790547fe8b4a/action /var/lib/openstack/lib/python3.12/site-packages/oslo_context/context.py:101: DeprecationWarning: Policy enforcement is depending on the value of is_admin. This key is deprecated. Please update your policy file to use the standard policy values. warnings.warn(
2026-09-09 07:37:47.880 8 INFO cinder.api.openstack.wsgi [req-14f4def5-78a1-4903-9459-b616099e3302 req-f8c5a6d9-bea4-4b5d-ac88-c49f7775ccc6 ab9d2306cffe4305ae6e3abef21ca006 03e75148cd7c4383a8c0e3147997db79 - - default default] http://cinder-api.openstack.svc.cluster.local:8776/v3/03e75148cd7c4383a8c0e3147997db79/attachments/31bc8bfd-3e83-427b-b565-790547fe8b4a/action returned with HTTP 204 [pid: 8|app: 0|req: 392/782] 162.253.55.210 () {40 vars in 1148 bytes} [Wed Sep 9 07:37:47 2026] POST /v3/03e75148cd7c4383a8c0e3147997db79/attachments/31bc8bfd-3e83-427b-b565-790547fe8b4a/action => generated 0 bytes in 59 msecs (HTTP/1.1 204) 7 headers in 292 bytes (1 switches on core 0) /var/lib/openstack/lib/python3.12/site-packages/pycadf/identifier.py:70: UserWarning: Invalid uuid: cinderv3. To ensure interoperability, identifiers should be a valid uuid. warnings.warn(('Invalid uuid: %s. To ensure interoperability, '
2026-09-09 07:37:49.826 7 INFO cinder.api.openstack.wsgi [req-1823cc4b-e5a8-4103-a7a3-012f936b8aa7 req-1427df02-d6da-4f8d-bb3f-9df4cd14345c dcf670d944404d5f8c0a2241453f1771 69546cb79afb41afb5368d291893720a - - default default] GET http://cinder-api.openstack.svc.cluster.local:8776/v3/69546cb79afb41afb5368d291893720a/attachments?instance_id=ceabb6cf-0e6d-4956-b983-cefb9869a5dd
2026-09-09 07:37:49.855 7 INFO cinder.api.openstack.wsgi [req-1823cc4b-e5a8-4103-a7a3-012f936b8aa7 req-1427df02-d6da-4f8d-bb3f-9df4cd14345c dcf670d944404d5f8c0a2241453f1771 69546cb79afb41afb5368d291893720a - - default default] http://cinder-api.openstack.svc.cluster.local:8776/v3/69546cb79afb41afb5368d291893720a/attachments?instance_id=ceabb6cf-0e6d-4956-b983-cefb9869a5dd returned with HTTP 200 [pid: 7|app: 0|req: 391/783] 162.253.55.210 () {36 vars in 1104 bytes} [Wed Sep 9 07:37:49 2026] GET /v3/69546cb79afb41afb5368d291893720a/attachments?instance_id=ceabb6cf-0e6d-4956-b983-cefb9869a5dd => generated 19 bytes in 39 msecs (HTTP/1.1 200) 7 headers in 285 bytes (1 switches on core 0)
2026-09-09 07:37:56.969 8 INFO cinder.api.openstack.wsgi [req-14f4def5-78a1-4903-9459-b616099e3302 req-f8c5a6d9-bea4-4b5d-ac88-c49f7775ccc6 ab9d2306cffe4305ae6e3abef21ca006 03e75148cd7c4383a8c0e3147997db79 - - default default] GET http://10.0.0.63:8776/
2026-09-09 07:37:56.969 7 INFO cinder.api.openstack.wsgi [req-1823cc4b-e5a8-4103-a7a3-012f936b8aa7 req-1427df02-d6da-4f8d-bb3f-9df4cd14345c dcf670d944404d5f8c0a2241453f1771 69546cb79afb41afb5368d291893720a - - default default] GET http://10.0.0.63:8776/
2026-09-09 07:37:56.970 7 INFO cinder.api.openstack.wsgi [req-1823cc4b-e5a8-4103-a7a3-012f936b8aa7 req-1427df02-d6da-4f8d-bb3f-9df4cd14345c dcf670d944404d5f8c0a2241453f1771 69546cb79afb41afb5368d291893720a - - default default] http://10.0.0.63:8776/ returned with HTTP 300
2026-09-09 07:37:56.971 8 INFO cinder.api.openstack.wsgi [req-14f4def5-78a1-4903-9459-b616099e3302 req-f8c5a6d9-bea4-4b5d-ac88-c49f7775ccc6 ab9d2306cffe4305ae6e3abef21ca006 03e75148cd7c4383a8c0e3147997db79 - - default default] http://10.0.0.63:8776/ returned with HTTP 300
2026-09-09 07:37:59.053 7 INFO cinder.api.openstack.wsgi [req-32c3ccac-c35d-4ca1-aeee-c58957975046 req-e93ba1bd-51c9-4b2d-b211-f0ded10929f5 ab9d2306cffe4305ae6e3abef21ca006 03e75148cd7c4383a8c0e3147997db79 - - default default] DELETE http://cinder-api.openstack.svc.cluster.local:8776/v3/03e75148cd7c4383a8c0e3147997db79/attachments/31bc8bfd-3e83-427b-b565-790547fe8b4a /var/lib/openstack/lib/python3.12/site-packages/oslo_context/context.py:101: DeprecationWarning: Policy enforcement is depending on the value of is_admin. This key is deprecated. Please update your policy file to use the standard policy values. warnings.warn(
2026-09-09 07:37:59.623 7 INFO cinder.api.openstack.wsgi [req-32c3ccac-c35d-4ca1-aeee-c58957975046 req-e93ba1bd-51c9-4b2d-b211-f0ded10929f5 ab9d2306cffe4305ae6e3abef21ca006 03e75148cd7c4383a8c0e3147997db79 - - default default] http://cinder-api.openstack.svc.cluster.local:8776/v3/03e75148cd7c4383a8c0e3147997db79/attachments/31bc8bfd-3e83-427b-b565-790547fe8b4a returned with HTTP 200 [pid: 7|app: 0|req: 393/786] 162.253.55.210 () {38 vars in 1103 bytes} [Wed Sep 9 07:37:59 2026] DELETE /v3/03e75148cd7c4383a8c0e3147997db79/attachments/31bc8bfd-3e83-427b-b565-790547fe8b4a => generated 19 bytes in 581 msecs (HTTP/1.1 200) 7 headers in 285 bytes (1 switches on core 0) /var/lib/openstack/lib/python3.12/site-packages/pycadf/identifier.py:70: UserWarning: Invalid uuid: cinderv3. To ensure interoperability, identifiers should be a valid uuid. warnings.warn(('Invalid uuid: %s. To ensure interoperability, '
2026-09-09 07:37:59.637 8 INFO cinder.api.openstack.wsgi [req-32c3ccac-c35d-4ca1-aeee-c58957975046 req-0503d3a3-fa5a-4ecb-810b-0cd00c4211c8 ab9d2306cffe4305ae6e3abef21ca006 03e75148cd7c4383a8c0e3147997db79 - - default default] DELETE http://cinder-api.openstack.svc.cluster.local:8776/v3/03e75148cd7c4383a8c0e3147997db79/volumes/f8afd9d7-ae98-4ab2-a914-b3398b37b8f2
2026-09-09 07:37:59.637 8 INFO cinder.api.v3.volumes [req-32c3ccac-c35d-4ca1-aeee-c58957975046 req-0503d3a3-fa5a-4ecb-810b-0cd00c4211c8 ab9d2306cffe4305ae6e3abef21ca006 03e75148cd7c4383a8c0e3147997db79 - - default default] Delete volume with id: f8afd9d7-ae98-4ab2-a914-b3398b37b8f2 /var/lib/openstack/lib/python3.12/site-packages/oslo_context/context.py:101: DeprecationWarning: Policy enforcement is depending on the value of is_admin. This key is deprecated. Please update your policy file to use the standard policy values. warnings.warn(
2026-09-09 07:37:59.648 8 INFO cinder.volume.api [req-32c3ccac-c35d-4ca1-aeee-c58957975046 req-0503d3a3-fa5a-4ecb-810b-0cd00c4211c8 ab9d2306cffe4305ae6e3abef21ca006 03e75148cd7c4383a8c0e3147997db79 - - default default] Volume info retrieved successfully.
2026-09-09 07:37:59.689 8 INFO cinder.volume.api [req-32c3ccac-c35d-4ca1-aeee-c58957975046 req-0503d3a3-fa5a-4ecb-810b-0cd00c4211c8 ab9d2306cffe4305ae6e3abef21ca006 03e75148cd7c4383a8c0e3147997db79 - - default default] Delete volume request issued successfully.
2026-09-09 07:37:59.689 8 INFO cinder.api.openstack.wsgi [req-32c3ccac-c35d-4ca1-aeee-c58957975046 req-0503d3a3-fa5a-4ecb-810b-0cd00c4211c8 ab9d2306cffe4305ae6e3abef21ca006 03e75148cd7c4383a8c0e3147997db79 - - default default] http://cinder-api.openstack.svc.cluster.local:8776/v3/03e75148cd7c4383a8c0e3147997db79/volumes/f8afd9d7-ae98-4ab2-a914-b3398b37b8f2 returned with HTTP 202 [pid: 8|app: 0|req: 394/787] 162.253.55.210 () {36 vars in 1054 bytes} [Wed Sep 9 07:37:59 2026] DELETE /v3/03e75148cd7c4383a8c0e3147997db79/volumes/f8afd9d7-ae98-4ab2-a914-b3398b37b8f2 => generated 0 bytes in 58 msecs (HTTP/1.1 202) 6 headers in 233 bytes (1 switches on core 0)
2026-09-09 07:38:06.969 8 INFO cinder.api.openstack.wsgi [req-32c3ccac-c35d-4ca1-aeee-c58957975046 req-0503d3a3-fa5a-4ecb-810b-0cd00c4211c8 ab9d2306cffe4305ae6e3abef21ca006 03e75148cd7c4383a8c0e3147997db79 - - default default] GET http://10.0.0.63:8776/
2026-09-09 07:38:06.970 7 INFO cinder.api.openstack.wsgi [req-32c3ccac-c35d-4ca1-aeee-c58957975046 req-e93ba1bd-51c9-4b2d-b211-f0ded10929f5 ab9d2306cffe4305ae6e3abef21ca006 03e75148cd7c4383a8c0e3147997db79 - - default default] GET http://10.0.0.63:8776/
2026-09-09 07:38:06.970 8 INFO cinder.api.openstack.wsgi [req-32c3ccac-c35d-4ca1-aeee-c58957975046 req-0503d3a3-fa5a-4ecb-810b-0cd00c4211c8 ab9d2306cffe4305ae6e3abef21ca006 03e75148cd7c4383a8c0e3147997db79 - - default default] http://10.0.0.63:8776/ returned with HTTP 300
2026-09-09 07:38:06.971 7 INFO cinder.api.openstack.wsgi [req-32c3ccac-c35d-4ca1-aeee-c58957975046 req-e93ba1bd-51c9-4b2d-b211-f0ded10929f5 ab9d2306cffe4305ae6e3abef21ca006 03e75148cd7c4383a8c0e3147997db79 - - default default] http://10.0.0.63:8776/ returned with HTTP 300
2026-09-09 07:38:16.969 8 INFO cinder.api.openstack.wsgi [req-32c3ccac-c35d-4ca1-aeee-c58957975046 req-0503d3a3-fa5a-4ecb-810b-0cd00c4211c8 ab9d2306cffe4305ae6e3abef21ca006 03e75148cd7c4383a8c0e3147997db79 - - default default] GET http://10.0.0.63:8776/
2026-09-09 07:38:16.969 7 INFO cinder.api.openstack.wsgi [req-32c3ccac-c35d-4ca1-aeee-c58957975046 req-e93ba1bd-51c9-4b2d-b211-f0ded10929f5 ab9d2306cffe4305ae6e3abef21ca006 03e75148cd7c4383a8c0e3147997db79 - - default default] GET http://10.0.0.63:8776/
2026-09-09 07:38:16.970 8 INFO cinder.api.openstack.wsgi [req-32c3ccac-c35d-4ca1-aeee-c58957975046 req-0503d3a3-fa5a-4ecb-810b-0cd00c4211c8 ab9d2306cffe4305ae6e3abef21ca006 03e75148cd7c4383a8c0e3147997db79 - - default default] http://10.0.0.63:8776/ returned with HTTP 300
2026-09-09 07:38:16.970 7 INFO cinder.api.openstack.wsgi [req-32c3ccac-c35d-4ca1-aeee-c58957975046 req-e93ba1bd-51c9-4b2d-b211-f0ded10929f5 ab9d2306cffe4305ae6e3abef21ca006 03e75148cd7c4383a8c0e3147997db79 - - default default] http://10.0.0.63:8776/ returned with HTTP 300
2026-09-09 07:38:26.972 7 INFO cinder.api.openstack.wsgi [req-32c3ccac-c35d-4ca1-aeee-c58957975046 req-e93ba1bd-51c9-4b2d-b211-f0ded10929f5 ab9d2306cffe4305ae6e3abef21ca006 03e75148cd7c4383a8c0e3147997db79 - - default default] GET http://10.0.0.63:8776/
2026-09-09 07:38:26.972 8 INFO cinder.api.openstack.wsgi [req-32c3ccac-c35d-4ca1-aeee-c58957975046 req-0503d3a3-fa5a-4ecb-810b-0cd00c4211c8 ab9d2306cffe4305ae6e3abef21ca006 03e75148cd7c4383a8c0e3147997db79 - - default default] GET http://10.0.0.63:8776/
2026-09-09 07:38:26.973 7 INFO cinder.api.openstack.wsgi [req-32c3ccac-c35d-4ca1-aeee-c58957975046 req-e93ba1bd-51c9-4b2d-b211-f0ded10929f5 ab9d2306cffe4305ae6e3abef21ca006 03e75148cd7c4383a8c0e3147997db79 - - default default] http://10.0.0.63:8776/ returned with HTTP 300
2026-09-09 07:38:26.973 8 INFO cinder.api.openstack.wsgi [req-32c3ccac-c35d-4ca1-aeee-c58957975046 req-0503d3a3-fa5a-4ecb-810b-0cd00c4211c8 ab9d2306cffe4305ae6e3abef21ca006 03e75148cd7c4383a8c0e3147997db79 - - default default] http://10.0.0.63:8776/ returned with HTTP 300
2026-09-09 07:38:36.969 7 INFO cinder.api.openstack.wsgi [req-32c3ccac-c35d-4ca1-aeee-c58957975046 req-e93ba1bd-51c9-4b2d-b211-f0ded10929f5 ab9d2306cffe4305ae6e3abef21ca006 03e75148cd7c4383a8c0e3147997db79 - - default default] GET http://10.0.0.63:8776/
2026-09-09 07:38:36.969 8 INFO cinder.api.openstack.wsgi [req-32c3ccac-c35d-4ca1-aeee-c58957975046 req-0503d3a3-fa5a-4ecb-810b-0cd00c4211c8 ab9d2306cffe4305ae6e3abef21ca006 03e75148cd7c4383a8c0e3147997db79 - - default default] GET http://10.0.0.63:8776/
2026-09-09 07:38:36.970 7 INFO cinder.api.openstack.wsgi [req-32c3ccac-c35d-4ca1-aeee-c58957975046 req-e93ba1bd-51c9-4b2d-b211-f0ded10929f5 ab9d2306cffe4305ae6e3abef21ca006 03e75148cd7c4383a8c0e3147997db79 - - default default] http://10.0.0.63:8776/ returned with HTTP 300
2026-09-09 07:38:36.970 8 INFO cinder.api.openstack.wsgi [req-32c3ccac-c35d-4ca1-aeee-c58957975046 req-0503d3a3-fa5a-4ecb-810b-0cd00c4211c8 ab9d2306cffe4305ae6e3abef21ca006 03e75148cd7c4383a8c0e3147997db79 - - default default] http://10.0.0.63:8776/ returned with HTTP 300 /var/lib/openstack/lib/python3.12/site-packages/pycadf/identifier.py:70: UserWarning: Invalid uuid: cinderv3. To ensure interoperability, identifiers should be a valid uuid. warnings.warn(('Invalid uuid: %s. To ensure interoperability, '
2026-09-09 07:38:39.451 7 INFO cinder.api.openstack.wsgi [None req-9a7691c4-fa52-4628-8a14-a399c6a26292 dcbff00b90784ecd86f5ea9f795056aa e6c589157fd942f0844dc4b3614df0f4 - - default default] GET http://cinder-api.openstack.svc.cluster.local:8776/v3/e6c589157fd942f0844dc4b3614df0f4/volumes/detail?all_tenants=true /var/lib/openstack/lib/python3.12/site-packages/oslo_context/context.py:101: DeprecationWarning: Policy enforcement is depending on the value of is_admin. This key is deprecated. Please update your policy file to use the standard policy values. warnings.warn(
2026-09-09 07:38:39.461 7 INFO cinder.volume.api [None req-9a7691c4-fa52-4628-8a14-a399c6a26292 dcbff00b90784ecd86f5ea9f795056aa e6c589157fd942f0844dc4b3614df0f4 - - default default] Get all volumes completed successfully.
2026-09-09 07:38:39.464 7 INFO cinder.api.openstack.wsgi [None req-9a7691c4-fa52-4628-8a14-a399c6a26292 dcbff00b90784ecd86f5ea9f795056aa e6c589157fd942f0844dc4b3614df0f4 - - default default] http://cinder-api.openstack.svc.cluster.local:8776/v3/e6c589157fd942f0844dc4b3614df0f4/volumes/detail?all_tenants=true returned with HTTP 200 [pid: 7|app: 0|req: 398/796] 10.0.0.122 () {28 vars in 684 bytes} [Wed Sep 9 07:38:39 2026] GET /v3/e6c589157fd942f0844dc4b3614df0f4/volumes/detail?all_tenants=true => generated 15 bytes in 155 msecs (HTTP/1.1 200) 7 headers in 284 bytes (1 switches on core 0) /var/lib/openstack/lib/python3.12/site-packages/pycadf/identifier.py:70: UserWarning: Invalid uuid: cinderv3. To ensure interoperability, identifiers should be a valid uuid. warnings.warn(('Invalid uuid: %s. To ensure interoperability, '
2026-09-09 07:38:39.479 8 INFO cinder.api.openstack.wsgi [None req-f5db51aa-8890-48d6-b939-f9b9ec23c008 dcbff00b90784ecd86f5ea9f795056aa e6c589157fd942f0844dc4b3614df0f4 - - default default] GET http://cinder-api.openstack.svc.cluster.local:8776/v3/e6c589157fd942f0844dc4b3614df0f4/volumes/detail?all_tenants=true
2026-09-09 07:38:39.496 8 INFO cinder.volume.api [None req-f5db51aa-8890-48d6-b939-f9b9ec23c008 dcbff00b90784ecd86f5ea9f795056aa e6c589157fd942f0844dc4b3614df0f4 - - default default] Get all volumes completed successfully.
2026-09-09 07:38:39.499 8 INFO cinder.api.openstack.wsgi [None req-f5db51aa-8890-48d6-b939-f9b9ec23c008 dcbff00b90784ecd86f5ea9f795056aa e6c589157fd942f0844dc4b3614df0f4 - - default default] http://cinder-api.openstack.svc.cluster.local:8776/v3/e6c589157fd942f0844dc4b3614df0f4/volumes/detail?all_tenants=true returned with HTTP 200 [pid: 8|app: 0|req: 399/797] 10.0.0.122 () {28 vars in 684 bytes} [Wed Sep 9 07:38:39 2026] GET /v3/e6c589157fd942f0844dc4b3614df0f4/volumes/detail?all_tenants=true => generated 15 bytes in 28 msecs (HTTP/1.1 200) 7 headers in 284 bytes (1 switches on core 0)
2026-09-09 07:38:39.510 7 INFO cinder.api.openstack.wsgi [None req-b8ac5a01-c805-45e2-b562-d43810285f3a dcbff00b90784ecd86f5ea9f795056aa e6c589157fd942f0844dc4b3614df0f4 - - default default] GET http://cinder-api.openstack.svc.cluster.local:8776/v3/e6c589157fd942f0844dc4b3614df0f4/scheduler-stats/get_pools?detail=true
2026-09-09 07:38:40.015 7 INFO cinder.api.openstack.wsgi [None req-b8ac5a01-c805-45e2-b562-d43810285f3a dcbff00b90784ecd86f5ea9f795056aa e6c589157fd942f0844dc4b3614df0f4 - - default default] http://cinder-api.openstack.svc.cluster.local:8776/v3/e6c589157fd942f0844dc4b3614df0f4/scheduler-stats/get_pools?detail=true returned with HTTP 200 [pid: 7|app: 0|req: 399/798] 10.0.0.122 () {28 vars in 696 bytes} [Wed Sep 9 07:38:39 2026] GET /v3/e6c589157fd942f0844dc4b3614df0f4/scheduler-stats/get_pools?detail=true => generated 670 bytes in 511 msecs (HTTP/1.1 200) 7 headers in 285 bytes (1 switches on core 0)
2026-09-09 07:38:40.178 8 INFO cinder.api.openstack.wsgi [None req-82e85ae7-1459-40d5-bf1e-d7cd2c5bc885 dcbff00b90784ecd86f5ea9f795056aa e6c589157fd942f0844dc4b3614df0f4 - - default default] GET http://cinder-api.openstack.svc.cluster.local:8776/v3/e6c589157fd942f0844dc4b3614df0f4/os-quota-sets/70beec164d3648c38a34ba33bef7656e?usage=true
2026-09-09 07:38:40.219 8 INFO cinder.api.openstack.wsgi [None req-82e85ae7-1459-40d5-bf1e-d7cd2c5bc885 dcbff00b90784ecd86f5ea9f795056aa e6c589157fd942f0844dc4b3614df0f4 - - default default] http://cinder-api.openstack.svc.cluster.local:8776/v3/e6c589157fd942f0844dc4b3614df0f4/os-quota-sets/70beec164d3648c38a34ba33bef7656e?usage=true returned with HTTP 200 [pid: 8|app: 0|req: 400/799] 10.0.0.122 () {28 vars in 736 bytes} [Wed Sep 9 07:38:40 2026] GET /v3/e6c589157fd942f0844dc4b3614df0f4/os-quota-sets/70beec164d3648c38a34ba33bef7656e?usage=true => generated 847 bytes in 50 msecs (HTTP/1.1 200) 7 headers in 285 bytes (1 switches on core 0)
2026-09-09 07:38:40.233 7 INFO cinder.api.openstack.wsgi [None req-b02895d1-6658-4d10-add3-931e45ffa9ae dcbff00b90784ecd86f5ea9f795056aa e6c589157fd942f0844dc4b3614df0f4 - - default default] GET http://cinder-api.openstack.svc.cluster.local:8776/v3/e6c589157fd942f0844dc4b3614df0f4/os-quota-sets/79ccf693382549d39d90bcd7505622a6?usage=true
2026-09-09 07:38:40.285 7 INFO cinder.api.openstack.wsgi [None req-b02895d1-6658-4d10-add3-931e45ffa9ae dcbff00b90784ecd86f5ea9f795056aa e6c589157fd942f0844dc4b3614df0f4 - - default default] http://cinder-api.openstack.svc.cluster.local:8776/v3/e6c589157fd942f0844dc4b3614df0f4/os-quota-sets/79ccf693382549d39d90bcd7505622a6?usage=true returned with HTTP 200 [pid: 7|app: 0|req: 400/800] 10.0.0.122 () {28 vars in 736 bytes} [Wed Sep 9 07:38:40 2026] GET /v3/e6c589157fd942f0844dc4b3614df0f4/os-quota-sets/79ccf693382549d39d90bcd7505622a6?usage=true => generated 847 bytes in 62 msecs (HTTP/1.1 200) 7 headers in 285 bytes (1 switches on core 0)
2026-09-09 07:38:40.302 8 INFO cinder.api.openstack.wsgi [None req-6aa3a933-c8ab-4eab-8817-7dbe0ea54ff2 dcbff00b90784ecd86f5ea9f795056aa e6c589157fd942f0844dc4b3614df0f4 - - default default] GET http://cinder-api.openstack.svc.cluster.local:8776/v3/e6c589157fd942f0844dc4b3614df0f4/os-quota-sets/8455ac4caf7e49ed98d9e23476ce3c9e?usage=true
2026-09-09 07:38:40.361 8 INFO cinder.api.openstack.wsgi [None req-6aa3a933-c8ab-4eab-8817-7dbe0ea54ff2 dcbff00b90784ecd86f5ea9f795056aa e6c589157fd942f0844dc4b3614df0f4 - - default default] http://cinder-api.openstack.svc.cluster.local:8776/v3/e6c589157fd942f0844dc4b3614df0f4/os-quota-sets/8455ac4caf7e49ed98d9e23476ce3c9e?usage=true returned with HTTP 200 [pid: 8|app: 0|req: 401/801] 10.0.0.122 () {28 vars in 736 bytes} [Wed Sep 9 07:38:40 2026] GET /v3/e6c589157fd942f0844dc4b3614df0f4/os-quota-sets/8455ac4caf7e49ed98d9e23476ce3c9e?usage=true => generated 847 bytes in 68 msecs (HTTP/1.1 200) 7 headers in 285 bytes (1 switches on core 0)
2026-09-09 07:38:40.377 7 INFO cinder.api.openstack.wsgi [None req-97412c2f-0d1b-456d-8691-4ad5c1f562bd dcbff00b90784ecd86f5ea9f795056aa e6c589157fd942f0844dc4b3614df0f4 - - default default] GET http://cinder-api.openstack.svc.cluster.local:8776/v3/e6c589157fd942f0844dc4b3614df0f4/os-quota-sets/dbf948c3461845c6b566f58c0e60237b?usage=true
2026-09-09 07:38:40.415 7 INFO cinder.api.openstack.wsgi [None req-97412c2f-0d1b-456d-8691-4ad5c1f562bd dcbff00b90784ecd86f5ea9f795056aa e6c589157fd942f0844dc4b3614df0f4 - - default default] http://cinder-api.openstack.svc.cluster.local:8776/v3/e6c589157fd942f0844dc4b3614df0f4/os-quota-sets/dbf948c3461845c6b566f58c0e60237b?usage=true returned with HTTP 200 [pid: 7|app: 0|req: 401/802] 10.0.0.122 () {28 vars in 736 bytes} [Wed Sep 9 07:38:40 2026] GET /v3/e6c589157fd942f0844dc4b3614df0f4/os-quota-sets/dbf948c3461845c6b566f58c0e60237b?usage=true => generated 847 bytes in 52 msecs (HTTP/1.1 200) 7 headers in 285 bytes (1 switches on core 0)
2026-09-09 07:38:40.431 8 INFO cinder.api.openstack.wsgi [None req-abbc9d12-848c-4645-879a-8b0688415abe dcbff00b90784ecd86f5ea9f795056aa e6c589157fd942f0844dc4b3614df0f4 - - default default] GET http://cinder-api.openstack.svc.cluster.local:8776/v3/e6c589157fd942f0844dc4b3614df0f4/os-quota-sets/e099c26179214d6396768609045bac9e?usage=true
2026-09-09 07:38:40.463 8 INFO cinder.api.openstack.wsgi [None req-abbc9d12-848c-4645-879a-8b0688415abe dcbff00b90784ecd86f5ea9f795056aa e6c589157fd942f0844dc4b3614df0f4 - - default default] http://cinder-api.openstack.svc.cluster.local:8776/v3/e6c589157fd942f0844dc4b3614df0f4/os-quota-sets/e099c26179214d6396768609045bac9e?usage=true returned with HTTP 200 [pid: 8|app: 0|req: 402/803] 10.0.0.122 () {28 vars in 736 bytes} [Wed Sep 9 07:38:40 2026] GET /v3/e6c589157fd942f0844dc4b3614df0f4/os-quota-sets/e099c26179214d6396768609045bac9e?usage=true => generated 847 bytes in 41 msecs (HTTP/1.1 200) 7 headers in 285 bytes (1 switches on core 0)
2026-09-09 07:38:40.481 7 INFO cinder.api.openstack.wsgi [None req-9925e5e9-6a56-4420-bbaa-957a4eb43748 dcbff00b90784ecd86f5ea9f795056aa e6c589157fd942f0844dc4b3614df0f4 - - default default] GET http://cinder-api.openstack.svc.cluster.local:8776/v3/e6c589157fd942f0844dc4b3614df0f4/os-quota-sets/e6c589157fd942f0844dc4b3614df0f4?usage=true
2026-09-09 07:38:40.514 7 INFO cinder.api.openstack.wsgi [None req-9925e5e9-6a56-4420-bbaa-957a4eb43748 dcbff00b90784ecd86f5ea9f795056aa e6c589157fd942f0844dc4b3614df0f4 - - default default] http://cinder-api.openstack.svc.cluster.local:8776/v3/e6c589157fd942f0844dc4b3614df0f4/os-quota-sets/e6c589157fd942f0844dc4b3614df0f4?usage=true returned with HTTP 200 [pid: 7|app: 0|req: 402/804] 10.0.0.122 () {28 vars in 736 bytes} [Wed Sep 9 07:38:40 2026] GET /v3/e6c589157fd942f0844dc4b3614df0f4/os-quota-sets/e6c589157fd942f0844dc4b3614df0f4?usage=true => generated 845 bytes in 44 msecs (HTTP/1.1 200) 7 headers in 285 bytes (1 switches on core 0)
2026-09-09 07:38:40.529 8 INFO cinder.api.openstack.wsgi [None req-8f89b9e4-3611-45b5-9f37-5cb6698878a6 dcbff00b90784ecd86f5ea9f795056aa e6c589157fd942f0844dc4b3614df0f4 - - default default] GET http://cinder-api.openstack.svc.cluster.local:8776/v3/e6c589157fd942f0844dc4b3614df0f4/os-quota-sets/e950c3b5f9844b3a8f53d195a45b0fa2?usage=true
2026-09-09 07:38:40.567 8 INFO cinder.api.openstack.wsgi [None req-8f89b9e4-3611-45b5-9f37-5cb6698878a6 dcbff00b90784ecd86f5ea9f795056aa e6c589157fd942f0844dc4b3614df0f4 - - default default] http://cinder-api.openstack.svc.cluster.local:8776/v3/e6c589157fd942f0844dc4b3614df0f4/os-quota-sets/e950c3b5f9844b3a8f53d195a45b0fa2?usage=true returned with HTTP 200 [pid: 8|app: 0|req: 403/805] 10.0.0.122 () {28 vars in 736 bytes} [Wed Sep 9 07:38:40 2026] GET /v3/e6c589157fd942f0844dc4b3614df0f4/os-quota-sets/e950c3b5f9844b3a8f53d195a45b0fa2?usage=true => generated 845 bytes in 49 msecs (HTTP/1.1 200) 7 headers in 285 bytes (1 switches on core 0)
2026-09-09 07:38:40.588 7 INFO cinder.api.openstack.wsgi [None req-2b0b3d63-cde5-4c94-8956-77a686eabcf4 dcbff00b90784ecd86f5ea9f795056aa e6c589157fd942f0844dc4b3614df0f4 - - default default] GET http://cinder-api.openstack.svc.cluster.local:8776/v3/e6c589157fd942f0844dc4b3614df0f4/snapshots?all_tenants=true
2026-09-09 07:38:40.598 7 INFO cinder.volume.api [None req-2b0b3d63-cde5-4c94-8956-77a686eabcf4 dcbff00b90784ecd86f5ea9f795056aa e6c589157fd942f0844dc4b3614df0f4 - - default default] Get all snapshots completed successfully.
2026-09-09 07:38:40.599 7 INFO cinder.api.openstack.wsgi [None req-2b0b3d63-cde5-4c94-8956-77a686eabcf4 dcbff00b90784ecd86f5ea9f795056aa e6c589157fd942f0844dc4b3614df0f4 - - default default] http://cinder-api.openstack.svc.cluster.local:8776/v3/e6c589157fd942f0844dc4b3614df0f4/snapshots?all_tenants=true returned with HTTP 200 [pid: 7|app: 0|req: 403/806] 10.0.0.122 () {28 vars in 674 bytes} [Wed Sep 9 07:38:40 2026] GET /v3/e6c589157fd942f0844dc4b3614df0f4/snapshots?all_tenants=true => generated 17 bytes in 26 msecs (HTTP/1.1 200) 7 headers in 284 bytes (1 switches on core 0)
2026-09-09 07:38:40.611 8 INFO cinder.api.openstack.wsgi [None req-1c63e65c-a832-447f-8ab3-168abc379f15 dcbff00b90784ecd86f5ea9f795056aa e6c589157fd942f0844dc4b3614df0f4 - - default default] GET http://cinder-api.openstack.svc.cluster.local:8776/v3/e6c589157fd942f0844dc4b3614df0f4/os-services
2026-09-09 07:38:40.621 8 INFO cinder.api.openstack.wsgi [None req-1c63e65c-a832-447f-8ab3-168abc379f15 dcbff00b90784ecd86f5ea9f795056aa e6c589157fd942f0844dc4b3614df0f4 - - default default] http://cinder-api.openstack.svc.cluster.local:8776/v3/e6c589157fd942f0844dc4b3614df0f4/os-services returned with HTTP 200 [pid: 8|app: 0|req: 404/807] 10.0.0.122 () {28 vars in 645 bytes} [Wed Sep 9 07:38:40 2026] GET /v3/e6c589157fd942f0844dc4b3614df0f4/os-services => generated 646 bytes in 20 msecs (HTTP/1.1 200) 7 headers in 285 bytes (1 switches on core 0)
2026-09-09 07:38:46.969 7 INFO cinder.api.openstack.wsgi [None req-2b0b3d63-cde5-4c94-8956-77a686eabcf4 dcbff00b90784ecd86f5ea9f795056aa e6c589157fd942f0844dc4b3614df0f4 - - default default] GET http://10.0.0.63:8776/
2026-09-09 07:38:46.969 8 INFO cinder.api.openstack.wsgi [None req-1c63e65c-a832-447f-8ab3-168abc379f15 dcbff00b90784ecd86f5ea9f795056aa e6c589157fd942f0844dc4b3614df0f4 - - default default] GET http://10.0.0.63:8776/
2026-09-09 07:38:46.970 7 INFO cinder.api.openstack.wsgi [None req-2b0b3d63-cde5-4c94-8956-77a686eabcf4 dcbff00b90784ecd86f5ea9f795056aa e6c589157fd942f0844dc4b3614df0f4 - - default default] http://10.0.0.63:8776/ returned with HTTP 300
