2026-03-19 12:30:39.672 7 INFO neutron.db.ovn_revision_numbers_db [None req-183881ea-2c77-44f4-88b1-315912e70e2a 3cf2d173c5fb4b9fb352729fe5ccfecb ea9f74e721a347ea8d01c839b41d61e2 - - default default] Successfully bumped revision number for resource 3940525d-ca7d-44af-b2ba-f6754d6ff046 (type: ports) to 1 [pid: 7|app: 0|req: 1384/2955] 10.0.0.74 () {34 vars in 669 bytes} [Thu Mar 19 12:30:38 2026] POST /v2.0/networks => generated 669 bytes in 1623 msecs (HTTP/1.1 201) 4 headers in 162 bytes (1 switches on core 0)
2026-03-19 12:30:39.981 8 INFO neutron.db.ovn_revision_numbers_db [None req-5eb43708-b89e-4544-a8c4-ebc9408b7788 3bd723bdd7d7439eba24ef3029dd4d04 bb48fd7711ec4e80b6d39d96a9f01c0d - - default default] Successfully bumped revision number for resource 8a6892b7-b08e-48ed-8b0f-a6dcd025f5cb (type: networks) to 1
2026-03-19 12:30:40.125 7 INFO neutron.db.segments_db [None req-c5a88b42-975a-4324-9cc1-a9a71ae787ab 3cf2d173c5fb4b9fb352729fe5ccfecb ea9f74e721a347ea8d01c839b41d61e2 - - default default] Added segment b903d1b2-c12d-4838-aab8-ede32cb4f737 of type geneve for network d3359c7e-8b5e-490e-a67f-7cb69cc34445
2026-03-19 12:30:40.239 8 WARNING neutron.scheduler.dhcp_agent_scheduler [None req-5eb43708-b89e-4544-a8c4-ebc9408b7788 3bd723bdd7d7439eba24ef3029dd4d04 bb48fd7711ec4e80b6d39d96a9f01c0d - - default default] No more DHCP agents
2026-03-19 12:30:40.241 8 WARNING neutron.api.rpc.agentnotifiers.dhcp_rpc_agent_api [None req-5eb43708-b89e-4544-a8c4-ebc9408b7788 3bd723bdd7d7439eba24ef3029dd4d04 bb48fd7711ec4e80b6d39d96a9f01c0d - - default default] Unable to schedule network 8a6892b7-b08e-48ed-8b0f-a6dcd025f5cb: no agents available; will retry on subsequent port and subnet creation events.
2026-03-19 12:30:40.314 7 INFO neutron.plugins.ml2.drivers.ovn.mech_driver.mech_driver [None req-edb530f5-5b28-49ee-9ee4-a3ba8535074f - - - - - -] OVN reports status down for port: a320b421-a038-4ce6-a655-4213b41581a5
2026-03-19 12:30:40.636 8 INFO neutron.db.ovn_revision_numbers_db [None req-5eb43708-b89e-4544-a8c4-ebc9408b7788 3bd723bdd7d7439eba24ef3029dd4d04 bb48fd7711ec4e80b6d39d96a9f01c0d - - default default] Successfully bumped revision number for resource a320b421-a038-4ce6-a655-4213b41581a5 (type: ports) to 1 [pid: 8|app: 0|req: 1572/2956] 10.0.0.74 () {34 vars in 669 bytes} [Thu Mar 19 12:30:38 2026] POST /v2.0/networks => generated 676 bytes in 1908 msecs (HTTP/1.1 201) 4 headers in 162 bytes (1 switches on core 0)
2026-03-19 12:30:40.805 7 INFO neutron.db.ovn_revision_numbers_db [None req-c5a88b42-975a-4324-9cc1-a9a71ae787ab 3cf2d173c5fb4b9fb352729fe5ccfecb ea9f74e721a347ea8d01c839b41d61e2 - - default default] Successfully bumped revision number for resource d3359c7e-8b5e-490e-a67f-7cb69cc34445 (type: networks) to 1
2026-03-19 12:30:41.067 7 WARNING neutron.scheduler.dhcp_agent_scheduler [None req-c5a88b42-975a-4324-9cc1-a9a71ae787ab 3cf2d173c5fb4b9fb352729fe5ccfecb ea9f74e721a347ea8d01c839b41d61e2 - - default default] No more DHCP agents
2026-03-19 12:30:41.070 7 WARNING neutron.api.rpc.agentnotifiers.dhcp_rpc_agent_api [None req-c5a88b42-975a-4324-9cc1-a9a71ae787ab 3cf2d173c5fb4b9fb352729fe5ccfecb ea9f74e721a347ea8d01c839b41d61e2 - - default default] Unable to schedule network d3359c7e-8b5e-490e-a67f-7cb69cc34445: no agents available; will retry on subsequent port and subnet creation events.
2026-03-19 12:30:41.102 8 WARNING neutron.scheduler.dhcp_agent_scheduler [None req-a4a628c9-186b-4cd6-a841-ec8a922129e0 3bd723bdd7d7439eba24ef3029dd4d04 bb48fd7711ec4e80b6d39d96a9f01c0d - - default default] No more DHCP agents
2026-03-19 12:30:41.104 8 WARNING neutron.api.rpc.agentnotifiers.dhcp_rpc_agent_api [None req-a4a628c9-186b-4cd6-a841-ec8a922129e0 3bd723bdd7d7439eba24ef3029dd4d04 bb48fd7711ec4e80b6d39d96a9f01c0d - - default default] Unable to schedule network 8a6892b7-b08e-48ed-8b0f-a6dcd025f5cb: no agents available; will retry on subsequent port and subnet creation events.
2026-03-19 12:30:41.155 7 INFO neutron.plugins.ml2.drivers.ovn.mech_driver.mech_driver [None req-edb530f5-5b28-49ee-9ee4-a3ba8535074f - - - - - -] OVN reports status down for port: cf68ff79-5471-4f32-a7df-d57b4a4de762
2026-03-19 12:30:41.282 7 INFO neutron.db.ovn_revision_numbers_db [None req-c5a88b42-975a-4324-9cc1-a9a71ae787ab 3cf2d173c5fb4b9fb352729fe5ccfecb ea9f74e721a347ea8d01c839b41d61e2 - - default default] Successfully bumped revision number for resource cf68ff79-5471-4f32-a7df-d57b4a4de762 (type: ports) to 1 [pid: 7|app: 0|req: 1385/2957] 10.0.0.74 () {34 vars in 669 bytes} [Thu Mar 19 12:30:39 2026] POST /v2.0/networks => generated 670 bytes in 1537 msecs (HTTP/1.1 201) 4 headers in 162 bytes (1 switches on core 0) [pid: 7|app: 0|req: 1386/2958] 10.0.0.74 () {34 vars in 752 bytes} [Thu Mar 19 12:30:41 2026] PUT /v2.0/networks/5e0b8c35-542c-4d15-b4de-9659beebd9ff/tags => generated 17 bytes in 95 msecs (HTTP/1.1 200) 4 headers in 156 bytes (1 switches on core 0) [pid: 7|app: 0|req: 1387/2959] 10.0.0.74 () {34 vars in 752 bytes} [Thu Mar 19 12:30:41 2026] PUT /v2.0/networks/e8ea509d-16e7-4319-bd6f-f6e7eda0eb0f/tags => generated 25 bytes in 134 msecs (HTTP/1.1 200) 4 headers in 156 bytes (1 switches on core 0)
2026-03-19 12:30:41.737 8 INFO neutron.db.ovn_revision_numbers_db [None req-ed11392d-423f-490c-833f-39d0cf675f12 - - - - - -] Successfully bumped revision number for resource a320b421-a038-4ce6-a655-4213b41581a5 (type: ports) to 2 [pid: 7|app: 0|req: 1388/2960] 10.0.0.74 () {34 vars in 752 bytes} [Thu Mar 19 12:30:41 2026] PUT /v2.0/networks/ea0a4493-d96d-410e-9811-febe0e4102c1/tags => generated 34 bytes in 142 msecs (HTTP/1.1 200) 4 headers in 156 bytes (1 switches on core 0)
2026-03-19 12:30:41.852 8 INFO neutron.db.ovn_revision_numbers_db [None req-ed11392d-423f-490c-833f-39d0cf675f12 - - - - - -] Successfully bumped revision number for resource b645d34f-5c96-47b0-b50e-085891d176e9 (type: subnets) to 0 [pid: 7|app: 0|req: 1389/2961] 10.0.0.74 () {34 vars in 752 bytes} [Thu Mar 19 12:30:41 2026] PUT /v2.0/networks/4158b69f-487d-4f74-bea3-4b6402a59de7/tags => generated 19 bytes in 113 msecs (HTTP/1.1 200) 4 headers in 156 bytes (1 switches on core 0) [pid: 7|app: 0|req: 1390/2962] 10.0.0.74 () {32 vars in 665 bytes} [Thu Mar 19 12:30:41 2026] GET /v2.0/networks?tags=red => generated 1987 bytes in 56 msecs (HTTP/1.1 200) 4 headers in 158 bytes (1 switches on core 0) [pid: 8|app: 0|req: 1573/2963] 10.0.0.74 () {34 vars in 668 bytes} [Thu Mar 19 12:30:40 2026] POST /v2.0/subnets => generated 656 bytes in 1165 msecs (HTTP/1.1 201) 4 headers in 162 bytes (1 switches on core 0) [pid: 7|app: 0|req: 1391/2964] 10.0.0.74 () {32 vars in 679 bytes} [Thu Mar 19 12:30:41 2026] GET /v2.0/networks?tags=red%2Cblue => generated 1337 bytes in 59 msecs (HTTP/1.1 200) 4 headers in 158 bytes (1 switches on core 0) [pid: 7|app: 0|req: 1392/2965] 10.0.0.74 () {32 vars in 675 bytes} [Thu Mar 19 12:30:41 2026] GET /v2.0/networks?tags-any=blue => generated 1337 bytes in 53 msecs (HTTP/1.1 200) 4 headers in 158 bytes (1 switches on core 0) [pid: 7|app: 0|req: 1393/2966] 10.0.0.74 () {32 vars in 687 bytes} [Thu Mar 19 12:30:42 2026] GET /v2.0/networks?tags-any=red%2Cblue => generated 1987 bytes in 46 msecs (HTTP/1.1 200) 4 headers in 158 bytes (1 switches on core 0) [pid: 7|app: 0|req: 1394/2967] 10.0.0.74 () {32 vars in 673 bytes} [Thu Mar 19 12:30:42 2026] GET /v2.0/networks?not-tags=red => generated 1987 bytes in 84 msecs (HTTP/1.1 200) 4 headers in 158 bytes (1 switches on core 0)
2026-03-19 12:30:42.414 8 WARNING neutron.scheduler.dhcp_agent_scheduler [None req-f18a1707-da61-4797-8d95-d68f0bf11080 3bd723bdd7d7439eba24ef3029dd4d04 bb48fd7711ec4e80b6d39d96a9f01c0d - - default default] No more DHCP agents
2026-03-19 12:30:42.415 8 WARNING neutron.api.rpc.agentnotifiers.dhcp_rpc_agent_api [None req-f18a1707-da61-4797-8d95-d68f0bf11080 3bd723bdd7d7439eba24ef3029dd4d04 bb48fd7711ec4e80b6d39d96a9f01c0d - - default default] Unable to schedule network 8a6892b7-b08e-48ed-8b0f-a6dcd025f5cb: no agents available; will retry on subsequent port and subnet creation events.
2026-03-19 12:30:42.584 8 INFO neutron.db.ovn_revision_numbers_db [None req-f18a1707-da61-4797-8d95-d68f0bf11080 3bd723bdd7d7439eba24ef3029dd4d04 bb48fd7711ec4e80b6d39d96a9f01c0d - - default default] Successfully bumped revision number for resource b92dfd94-63e8-4dbb-bd92-99eb1f98419d (type: subnets) to 0 [pid: 8|app: 0|req: 1574/2968] 10.0.0.74 () {34 vars in 668 bytes} [Thu Mar 19 12:30:41 2026] POST /v2.0/subnets => generated 725 bytes in 723 msecs (HTTP/1.1 201) 4 headers in 162 bytes (1 switches on core 0)
2026-03-19 12:30:42.825 8 INFO neutron.db.segments_db [None req-5a951c25-3db0-48d1-a945-ee2c5187805f 3bd723bdd7d7439eba24ef3029dd4d04 bb48fd7711ec4e80b6d39d96a9f01c0d - - default default] Added segment f7a0ac17-0909-45b1-b788-803feb3736c3 of type geneve for network 87373479-0356-4d29-bf48-6046118c1696
2026-03-19 12:30:43.075 8 INFO neutron.db.ovn_revision_numbers_db [None req-5a951c25-3db0-48d1-a945-ee2c5187805f 3bd723bdd7d7439eba24ef3029dd4d04 bb48fd7711ec4e80b6d39d96a9f01c0d - - default default] Successfully bumped revision number for resource 87373479-0356-4d29-bf48-6046118c1696 (type: networks) to 1 [pid: 7|app: 0|req: 1395/2969] 10.0.0.74 () {32 vars in 687 bytes} [Thu Mar 19 12:30:42 2026] GET /v2.0/networks?not-tags=red%2Cblue => generated 2637 bytes in 972 msecs (HTTP/1.1 200) 4 headers in 158 bytes (1 switches on core 0) [pid: 7|app: 0|req: 1396/2970] 10.0.0.74 () {32 vars in 683 bytes} [Thu Mar 19 12:30:43 2026] GET /v2.0/networks?not-tags-any=blue => generated 2637 bytes in 76 msecs (HTTP/1.1 200) 4 headers in 158 bytes (1 switches on core 0) [pid: 7|app: 0|req: 1397/2971] 10.0.0.74 () {32 vars in 695 bytes} [Thu Mar 19 12:30:43 2026] GET /v2.0/networks?not-tags-any=red%2Cblue => generated 1987 bytes in 65 msecs (HTTP/1.1 200) 4 headers in 158 bytes (1 switches on core 0)
2026-03-19 12:30:43.340 8 WARNING neutron.scheduler.dhcp_agent_scheduler [None req-5a951c25-3db0-48d1-a945-ee2c5187805f 3bd723bdd7d7439eba24ef3029dd4d04 bb48fd7711ec4e80b6d39d96a9f01c0d - - default default] No more DHCP agents
2026-03-19 12:30:43.344 8 WARNING neutron.api.rpc.agentnotifiers.dhcp_rpc_agent_api [None req-5a951c25-3db0-48d1-a945-ee2c5187805f 3bd723bdd7d7439eba24ef3029dd4d04 bb48fd7711ec4e80b6d39d96a9f01c0d - - default default] Unable to schedule network 87373479-0356-4d29-bf48-6046118c1696: no agents available; will retry on subsequent port and subnet creation events.
2026-03-19 12:30:43.449 7 INFO neutron.plugins.ml2.drivers.ovn.mech_driver.mech_driver [None req-edb530f5-5b28-49ee-9ee4-a3ba8535074f - - - - - -] OVN reports status down for port: a59b517b-24c5-44d0-9184-54972e74bedc
2026-03-19 12:30:43.522 7 INFO neutron_taas.services.taas.taas_plugin [None req-3d812af3-6ba9-45f4-9e48-8dd33505cf31 3cf2d173c5fb4b9fb352729fe5ccfecb ea9f74e721a347ea8d01c839b41d61e2 - - default default] TaaS: Handle Delete Port: 93dccc01-977d-42e6-8c24-e73e6a1eb97f
2026-03-19 12:30:43.527 7 INFO neutron_taas.services.taas.tap_mirror_plugin [None req-3d812af3-6ba9-45f4-9e48-8dd33505cf31 3cf2d173c5fb4b9fb352729fe5ccfecb ea9f74e721a347ea8d01c839b41d61e2 - - default default] Tap Mirror: Handle Delete Port: 93dccc01-977d-42e6-8c24-e73e6a1eb97f
2026-03-19 12:30:43.564 8 INFO neutron.db.ovn_revision_numbers_db [None req-5a951c25-3db0-48d1-a945-ee2c5187805f 3bd723bdd7d7439eba24ef3029dd4d04 bb48fd7711ec4e80b6d39d96a9f01c0d - - default default] Successfully bumped revision number for resource a59b517b-24c5-44d0-9184-54972e74bedc (type: ports) to 1 [pid: 8|app: 0|req: 1575/2972] 10.0.0.74 () {34 vars in 669 bytes} [Thu Mar 19 12:30:42 2026] POST /v2.0/networks => generated 676 bytes in 980 msecs (HTTP/1.1 201) 4 headers in 162 bytes (1 switches on core 0)
2026-03-19 12:30:43.915 7 INFO neutron.services.segments.plugin [-] Segment 0217aa0c-ba91-4ef8-b3ff-e2e282f0ccd0 resource provider aggregate not found
2026-03-19 12:30:43.918 7 INFO neutron.services.segments.plugin [-] Segment 0217aa0c-ba91-4ef8-b3ff-e2e282f0ccd0 resource provider aggregate not found
2026-03-19 12:30:43.939 7 INFO neutron.services.segments.plugin [-] Segment 0217aa0c-ba91-4ef8-b3ff-e2e282f0ccd0 resource provider not found; error: Placement Client Error (4xx): {"errors": [{"status": 404, "title": "Not Found", "detail": "The resource could not be found.\n\n No resource provider with uuid 0217aa0c-ba91-4ef8-b3ff-e2e282f0ccd0 found for delete ", "request_id": "req-5b2b3c14-4c0f-40f4-984e-f6a7ad3f6190"}]}
2026-03-19 12:30:43.942 7 INFO neutron.services.segments.plugin [-] Segment 0217aa0c-ba91-4ef8-b3ff-e2e282f0ccd0 resource provider not found; error: Placement Client Error (4xx): {"errors": [{"status": 404, "title": "Not Found", "detail": "The resource could not be found.\n\n No resource provider with uuid 0217aa0c-ba91-4ef8-b3ff-e2e282f0ccd0 found for delete ", "request_id": "req-45757d29-91e0-4cde-a301-f101ee317cd0"}]} [pid: 7|app: 0|req: 1398/2973] 10.0.0.74 () {32 vars in 725 bytes} [Thu Mar 19 12:30:43 2026] DELETE /v2.0/networks/5e0b8c35-542c-4d15-b4de-9659beebd9ff => generated 0 bytes in 691 msecs (HTTP/1.1 204) 3 headers in 131 bytes (1 switches on core 0)
2026-03-19 12:30:44.061 8 WARNING neutron.scheduler.dhcp_agent_scheduler [None req-1ed52d3c-03fb-4d64-95ee-082d8824958e 3bd723bdd7d7439eba24ef3029dd4d04 bb48fd7711ec4e80b6d39d96a9f01c0d - - default default] No more DHCP agents
2026-03-19 12:30:44.062 8 WARNING neutron.api.rpc.agentnotifiers.dhcp_rpc_agent_api [None req-1ed52d3c-03fb-4d64-95ee-082d8824958e 3bd723bdd7d7439eba24ef3029dd4d04 bb48fd7711ec4e80b6d39d96a9f01c0d - - default default] Unable to schedule network 87373479-0356-4d29-bf48-6046118c1696: no agents available; will retry on subsequent port and subnet creation events.
2026-03-19 12:30:44.162 7 INFO neutron_taas.services.taas.taas_plugin [None req-fde7ebcf-c5ce-464c-8929-660b2e3b5307 3cf2d173c5fb4b9fb352729fe5ccfecb ea9f74e721a347ea8d01c839b41d61e2 - - default default] TaaS: Handle Delete Port: 5d224b02-4a9a-43ff-bd62-1020ffaf432b
2026-03-19 12:30:44.166 7 INFO neutron_taas.services.taas.tap_mirror_plugin [None req-fde7ebcf-c5ce-464c-8929-660b2e3b5307 3cf2d173c5fb4b9fb352729fe5ccfecb ea9f74e721a347ea8d01c839b41d61e2 - - default default] Tap Mirror: Handle Delete Port: 5d224b02-4a9a-43ff-bd62-1020ffaf432b [pid: 7|app: 0|req: 1399/2974] 10.0.0.74 () {32 vars in 725 bytes} [Thu Mar 19 12:30:44 2026] DELETE /v2.0/networks/e8ea509d-16e7-4319-bd6f-f6e7eda0eb0f => generated 0 bytes in 439 msecs (HTTP/1.1 204) 3 headers in 131 bytes (1 switches on core 0)
2026-03-19 12:30:44.573 7 INFO neutron_taas.services.taas.taas_plugin [None req-52c793be-1afc-4d25-80ce-52db01405ab0 3cf2d173c5fb4b9fb352729fe5ccfecb ea9f74e721a347ea8d01c839b41d61e2 - - default default] TaaS: Handle Delete Port: 0d2f4f2e-475c-4bc7-bedb-c0df5a29da24
2026-03-19 12:30:44.576 7 INFO neutron_taas.services.taas.tap_mirror_plugin [None req-52c793be-1afc-4d25-80ce-52db01405ab0 3cf2d173c5fb4b9fb352729fe5ccfecb ea9f74e721a347ea8d01c839b41d61e2 - - default default] Tap Mirror: Handle Delete Port: 0d2f4f2e-475c-4bc7-bedb-c0df5a29da24
2026-03-19 12:30:44.686 8 INFO neutron.db.ovn_revision_numbers_db [None req-9d19f619-cb47-445e-9e9d-c9e7580fbd81 - - - - - -] Successfully bumped revision number for resource a59b517b-24c5-44d0-9184-54972e74bedc (type: ports) to 2
2026-03-19 12:30:44.769 8 INFO neutron.db.ovn_revision_numbers_db [None req-9d19f619-cb47-445e-9e9d-c9e7580fbd81 - - - - - -] Successfully bumped revision number for resource 20c9067a-19a1-4a26-9a6b-d45cde229dfb (type: subnets) to 0 [pid: 8|app: 0|req: 1576/2975] 10.0.0.74 () {34 vars in 668 bytes} [Thu Mar 19 12:30:43 2026] POST /v2.0/subnets => generated 655 bytes in 1129 msecs (HTTP/1.1 201) 4 headers in 162 bytes (1 switches on core 0) [pid: 7|app: 0|req: 1400/2976] 10.0.0.74 () {32 vars in 725 bytes} [Thu Mar 19 12:30:44 2026] DELETE /v2.0/networks/ea0a4493-d96d-410e-9811-febe0e4102c1 => generated 0 bytes in 470 msecs (HTTP/1.1 204) 3 headers in 131 bytes (1 switches on core 0)
2026-03-19 12:30:45.060 8 WARNING neutron.scheduler.dhcp_agent_scheduler [None req-8c33fbfe-62e6-4d95-b13d-d7d69f68b20c 3bd723bdd7d7439eba24ef3029dd4d04 bb48fd7711ec4e80b6d39d96a9f01c0d - - default default] No more DHCP agents
2026-03-19 12:30:45.061 8 WARNING neutron.api.rpc.agentnotifiers.dhcp_rpc_agent_api [None req-8c33fbfe-62e6-4d95-b13d-d7d69f68b20c 3bd723bdd7d7439eba24ef3029dd4d04 bb48fd7711ec4e80b6d39d96a9f01c0d - - default default] Unable to schedule network 87373479-0356-4d29-bf48-6046118c1696: no agents available; will retry on subsequent port and subnet creation events.
2026-03-19 12:30:45.066 7 INFO neutron_taas.services.taas.taas_plugin [None req-3b86e2ce-e022-4931-93ba-15e4654313d7 3cf2d173c5fb4b9fb352729fe5ccfecb ea9f74e721a347ea8d01c839b41d61e2 - - default default] TaaS: Handle Delete Port: 3940525d-ca7d-44af-b2ba-f6754d6ff046
2026-03-19 12:30:45.072 7 INFO neutron_taas.services.taas.tap_mirror_plugin [None req-3b86e2ce-e022-4931-93ba-15e4654313d7 3cf2d173c5fb4b9fb352729fe5ccfecb ea9f74e721a347ea8d01c839b41d61e2 - - default default] Tap Mirror: Handle Delete Port: 3940525d-ca7d-44af-b2ba-f6754d6ff046
2026-03-19 12:30:45.104 8 INFO neutron.db.ovn_revision_numbers_db [None req-8c33fbfe-62e6-4d95-b13d-d7d69f68b20c 3bd723bdd7d7439eba24ef3029dd4d04 bb48fd7711ec4e80b6d39d96a9f01c0d - - default default] Successfully bumped revision number for resource bc0016ed-e750-4005-80a1-14d7f7b010a8 (type: subnets) to 0 [pid: 8|app: 0|req: 1577/2977] 10.0.0.74 () {34 vars in 668 bytes} [Thu Mar 19 12:30:44 2026] POST /v2.0/subnets => generated 729 bytes in 324 msecs (HTTP/1.1 201) 4 headers in 162 bytes (1 switches on core 0) [pid: 7|app: 0|req: 1401/2978] 10.0.0.74 () {32 vars in 725 bytes} [Thu Mar 19 12:30:44 2026] DELETE /v2.0/networks/4158b69f-487d-4f74-bea3-4b6402a59de7 => generated 0 bytes in 430 msecs (HTTP/1.1 204) 3 headers in 131 bytes (1 switches on core 0)
2026-03-19 12:30:45.504 7 INFO neutron_taas.services.taas.taas_plugin [None req-f76aa275-6359-4281-9dca-8007fdb32b96 3cf2d173c5fb4b9fb352729fe5ccfecb ea9f74e721a347ea8d01c839b41d61e2 - - default default] TaaS: Handle Delete Port: cf68ff79-5471-4f32-a7df-d57b4a4de762
2026-03-19 12:30:45.507 7 INFO neutron_taas.services.taas.tap_mirror_plugin [None req-f76aa275-6359-4281-9dca-8007fdb32b96 3cf2d173c5fb4b9fb352729fe5ccfecb ea9f74e721a347ea8d01c839b41d61e2 - - default default] Tap Mirror: Handle Delete Port: cf68ff79-5471-4f32-a7df-d57b4a4de762
2026-03-19 12:30:45.671 8 WARNING neutron.scheduler.dhcp_agent_scheduler [None req-4269587e-218f-4906-b921-0298ca691eb7 3bd723bdd7d7439eba24ef3029dd4d04 bb48fd7711ec4e80b6d39d96a9f01c0d - - default default] No more DHCP agents
2026-03-19 12:30:45.674 8 WARNING neutron.api.rpc.agentnotifiers.dhcp_rpc_agent_api [None req-4269587e-218f-4906-b921-0298ca691eb7 3bd723bdd7d7439eba24ef3029dd4d04 bb48fd7711ec4e80b6d39d96a9f01c0d - - default default] Unable to schedule network 9a784e60-3165-478b-b8e6-fa3c527e8a5b: no agents available; will retry on subsequent port and subnet creation events. [pid: 7|app: 0|req: 1402/2979] 10.0.0.74 () {32 vars in 725 bytes} [Thu Mar 19 12:30:45 2026] DELETE /v2.0/networks/d3359c7e-8b5e-490e-a67f-7cb69cc34445 => generated 0 bytes in 402 msecs (HTTP/1.1 204) 3 headers in 131 bytes (1 switches on core 0)
2026-03-19 12:30:45.849 7 INFO neutron.plugins.ml2.drivers.ovn.mech_driver.mech_driver [None req-edb530f5-5b28-49ee-9ee4-a3ba8535074f - - - - - -] OVN reports status down for port: c860111a-f5b3-4b03-a6a6-88baf97a1827
2026-03-19 12:30:45.908 8 INFO neutron.db.ovn_revision_numbers_db [None req-4269587e-218f-4906-b921-0298ca691eb7 3bd723bdd7d7439eba24ef3029dd4d04 bb48fd7711ec4e80b6d39d96a9f01c0d - - default default] Successfully bumped revision number for resource c860111a-f5b3-4b03-a6a6-88baf97a1827 (type: ports) to 1
2026-03-19 12:30:45.970 7 INFO neutron.services.segments.plugin [-] Segment 81e68d83-6c40-458b-a733-cca135671eda resource provider aggregate not found
2026-03-19 12:30:45.974 7 INFO neutron.services.segments.plugin [-] Segment 81e68d83-6c40-458b-a733-cca135671eda resource provider aggregate not found
2026-03-19 12:30:45.990 7 INFO neutron.services.segments.plugin [-] Segment 81e68d83-6c40-458b-a733-cca135671eda resource provider not found; error: Placement Client Error (4xx): {"errors": [{"status": 404, "title": "Not Found", "detail": "The resource could not be found.\n\n No resource provider with uuid 81e68d83-6c40-458b-a733-cca135671eda found for delete ", "request_id": "req-7b49efb1-9f32-466d-9eea-10844dc06456"}]}
2026-03-19 12:30:45.992 7 INFO neutron.services.segments.plugin [-] Segment 81e68d83-6c40-458b-a733-cca135671eda resource provider not found; error: Placement Client Error (4xx): {"errors": [{"status": 404, "title": "Not Found", "detail": "The resource could not be found.\n\n No resource provider with uuid 81e68d83-6c40-458b-a733-cca135671eda found for delete ", "request_id": "req-6e5c9c3a-19f0-462d-b53e-87712b012eb3"}]}
2026-03-19 12:30:46.011 7 INFO neutron.services.segments.plugin [-] Segment ff5edb4e-9982-400f-8062-d6b3d476d173 resource provider aggregate not found
2026-03-19 12:30:46.016 7 INFO neutron.services.segments.plugin [-] Segment ff5edb4e-9982-400f-8062-d6b3d476d173 resource provider aggregate not found
2026-03-19 12:30:46.032 7 INFO neutron.services.segments.plugin [-] Segment ff5edb4e-9982-400f-8062-d6b3d476d173 resource provider not found; error: Placement Client Error (4xx): {"errors": [{"status": 404, "title": "Not Found", "detail": "The resource could not be found.\n\n No resource provider with uuid ff5edb4e-9982-400f-8062-d6b3d476d173 found for delete ", "request_id": "req-998de588-026b-463e-9cca-ebb9b5ae9f50"}]}
2026-03-19 12:30:46.039 7 INFO neutron.services.segments.plugin [-] Segment ff5edb4e-9982-400f-8062-d6b3d476d173 resource provider not found; error: Placement Client Error (4xx): {"errors": [{"status": 404, "title": "Not Found", "detail": "The resource could not be found.\n\n No resource provider with uuid ff5edb4e-9982-400f-8062-d6b3d476d173 found for delete ", "request_id": "req-277dd20d-f09a-46d3-b28f-05c31184f846"}]}
2026-03-19 12:30:46.056 7 INFO neutron.services.segments.plugin [-] Segment c2e4366a-7b4d-4408-8f03-228dbbbb649b resource provider aggregate not found
2026-03-19 12:30:46.062 7 INFO neutron.services.segments.plugin [-] Segment c2e4366a-7b4d-4408-8f03-228dbbbb649b resource provider aggregate not found
2026-03-19 12:30:46.080 7 INFO neutron.services.segments.plugin [-] Segment c2e4366a-7b4d-4408-8f03-228dbbbb649b resource provider not found; error: Placement Client Error (4xx): {"errors": [{"status": 404, "title": "Not Found", "detail": "The resource could not be found.\n\n No resource provider with uuid c2e4366a-7b4d-4408-8f03-228dbbbb649b found for delete ", "request_id": "req-30fdafec-1986-4e37-a4b4-69bdc2c1b0db"}]}
2026-03-19 12:30:46.083 7 INFO neutron.services.segments.plugin [-] Segment c2e4366a-7b4d-4408-8f03-228dbbbb649b resource provider not found; error: Placement Client Error (4xx): {"errors": [{"status": 404, "title": "Not Found", "detail": "The resource could not be found.\n\n No resource provider with uuid c2e4366a-7b4d-4408-8f03-228dbbbb649b found for delete ", "request_id": "req-97927610-8087-4cb7-a5cb-a6e70c245b55"}]}
2026-03-19 12:30:46.102 7 INFO neutron.services.segments.plugin [-] Segment b903d1b2-c12d-4838-aab8-ede32cb4f737 resource provider aggregate not found
2026-03-19 12:30:46.106 7 INFO neutron.services.segments.plugin [-] Segment b903d1b2-c12d-4838-aab8-ede32cb4f737 resource provider aggregate not found
2026-03-19 12:30:46.134 7 INFO neutron.services.segments.plugin [-] Segment b903d1b2-c12d-4838-aab8-ede32cb4f737 resource provider not found; error: Placement Client Error (4xx): {"errors": [{"status": 404, "title": "Not Found", "detail": "The resource could not be found.\n\n No resource provider with uuid b903d1b2-c12d-4838-aab8-ede32cb4f737 found for delete ", "request_id": "req-44171c8a-db67-4796-9e76-f4f616acae2e"}]}
2026-03-19 12:30:46.134 7 INFO neutron.services.segments.plugin [-] Segment b903d1b2-c12d-4838-aab8-ede32cb4f737 resource provider not found; error: Placement Client Error (4xx): {"errors": [{"status": 404, "title": "Not Found", "detail": "The resource could not be found.\n\n No resource provider with uuid b903d1b2-c12d-4838-aab8-ede32cb4f737 found for delete ", "request_id": "req-c8f6191d-d541-4cdb-a475-e458ae4bc525"}]}
2026-03-19 12:30:46.651 8 INFO neutron.plugins.ml2.drivers.ovn.mech_driver.ovsdb.commands [-] Schedule LRP lrp-c860111a-f5b3-4b03-a6a6-88baf97a1827 on gateway 13b2f4c5-2cb8-477f-b933-40744786ac59 with priority 1
2026-03-19 12:30:46.772 7 INFO neutron.plugins.ml2.drivers.ovn.mech_driver.ovsdb.ovsdb_monitor [None req-a5d338c4-9127-4969-b920-69932cd8b5b9 - - - - - -] Router 9112d224-9e4c-4852-99b3-d9891624c239 is bound to host instance
2026-03-19 12:30:46.852 8 INFO neutron.db.ovn_revision_numbers_db [None req-4269587e-218f-4906-b921-0298ca691eb7 3bd723bdd7d7439eba24ef3029dd4d04 bb48fd7711ec4e80b6d39d96a9f01c0d - - default default] Successfully bumped revision number for resource c860111a-f5b3-4b03-a6a6-88baf97a1827 (type: router_ports) to 1
2026-03-19 12:30:46.879 7 INFO neutron.plugins.ml2.drivers.ovn.mech_driver.mech_driver [None req-edb530f5-5b28-49ee-9ee4-a3ba8535074f - - - - - -] OVN reports status up for port: c860111a-f5b3-4b03-a6a6-88baf97a1827
2026-03-19 12:30:46.921 7 INFO neutron.plugins.ml2.plugin [None req-edb530f5-5b28-49ee-9ee4-a3ba8535074f - - - - - -] Attempt 1 to provision port c860111a-f5b3-4b03-a6a6-88baf97a1827
2026-03-19 12:30:46.940 8 INFO neutron.db.ovn_revision_numbers_db [None req-4269587e-218f-4906-b921-0298ca691eb7 3bd723bdd7d7439eba24ef3029dd4d04 bb48fd7711ec4e80b6d39d96a9f01c0d - - default default] Successfully bumped revision number for resource 9112d224-9e4c-4852-99b3-d9891624c239 (type: routers) to 2 [pid: 8|app: 0|req: 1578/2980] 10.0.0.74 () {34 vars in 668 bytes} [Thu Mar 19 12:30:45 2026] POST /v2.0/routers => generated 945 bytes in 1826 msecs (HTTP/1.1 201) 4 headers in 162 bytes (1 switches on core 0) [pid: 7|app: 0|req: 1403/2981] 10.0.0.74 () {32 vars in 773 bytes} [Thu Mar 19 12:30:46 2026] GET /v2.0/security-groups?tenant_id=ea9f74e721a347ea8d01c839b41d61e2&name=default => generated 2929 bytes in 299 msecs (HTTP/1.1 200) 4 headers in 158 bytes (1 switches on core 0)
2026-03-19 12:30:47.747 8 WARNING neutron.scheduler.dhcp_agent_scheduler [None req-15eb807f-8643-4d82-9e25-10d5ff6ffae2 3bd723bdd7d7439eba24ef3029dd4d04 bb48fd7711ec4e80b6d39d96a9f01c0d - - default default] No more DHCP agents
2026-03-19 12:30:47.749 8 WARNING neutron.api.rpc.agentnotifiers.dhcp_rpc_agent_api [None req-15eb807f-8643-4d82-9e25-10d5ff6ffae2 3bd723bdd7d7439eba24ef3029dd4d04 bb48fd7711ec4e80b6d39d96a9f01c0d - - default default] Unable to schedule network 08b22667-5023-4c55-85b2-ccc696aa115f: no agents available; will retry on subsequent port and subnet creation events. [pid: 7|app: 0|req: 1404/2982] 10.0.0.74 () {32 vars in 739 bytes} [Thu Mar 19 12:30:47 2026] DELETE /v2.0/security-groups/5f036c7a-3d3f-4ecb-9452-1301b16cc461 => generated 0 bytes in 1075 msecs (HTTP/1.1 204) 2 headers in 112 bytes (1 switches on core 0)
2026-03-19 12:30:48.176 8 INFO neutron.db.ovn_revision_numbers_db [None req-15eb807f-8643-4d82-9e25-10d5ff6ffae2 3bd723bdd7d7439eba24ef3029dd4d04 bb48fd7711ec4e80b6d39d96a9f01c0d - - default default] Successfully bumped revision number for resource f333083d-9228-41a4-b418-bd19538b1075 (type: ports) to 1
2026-03-19 12:30:48.394 7 INFO neutron.db.ovn_revision_numbers_db [None req-5f853d16-bcbf-42d3-8946-9320edb0f519 - - - - - -] Successfully bumped revision number for resource c860111a-f5b3-4b03-a6a6-88baf97a1827 (type: ports) to 4
2026-03-19 12:30:48.972 7 INFO neutron.db.ovn_revision_numbers_db [None req-910ec109-8cae-45a1-800e-c97c429be7c0 84771f1973df4a479b938da8c18ba42f cf5b84ee75584aceab27840b9d645b57 - - default default] Successfully bumped revision number for resource d7cc5be6-ecc3-4525-b6fe-6b29904211f3 (type: security_groups) to 1
2026-03-19 12:30:49.040 7 INFO neutron.db.ovn_revision_numbers_db [None req-5f853d16-bcbf-42d3-8946-9320edb0f519 - - - - - -] Successfully bumped revision number for resource c860111a-f5b3-4b03-a6a6-88baf97a1827 (type: ports) to 5
2026-03-19 12:30:49.151 7 INFO neutron.db.ovn_revision_numbers_db [None req-910ec109-8cae-45a1-800e-c97c429be7c0 84771f1973df4a479b938da8c18ba42f cf5b84ee75584aceab27840b9d645b57 - - default default] Successfully bumped revision number for resource 7a542a12-ee41-4f5e-8ad5-a1e5b9b627cf (type: security_group_rules) to 0
2026-03-19 12:30:49.246 8 WARNING neutron.scheduler.dhcp_agent_scheduler [None req-15eb807f-8643-4d82-9e25-10d5ff6ffae2 3bd723bdd7d7439eba24ef3029dd4d04 bb48fd7711ec4e80b6d39d96a9f01c0d - - default default] No more DHCP agents
2026-03-19 12:30:49.247 8 WARNING neutron.api.rpc.agentnotifiers.dhcp_rpc_agent_api [None req-15eb807f-8643-4d82-9e25-10d5ff6ffae2 3bd723bdd7d7439eba24ef3029dd4d04 bb48fd7711ec4e80b6d39d96a9f01c0d - - default default] Unable to schedule network 08b22667-5023-4c55-85b2-ccc696aa115f: no agents available; will retry on subsequent port and subnet creation events.
2026-03-19 12:30:49.599 7 INFO neutron.db.ovn_revision_numbers_db [None req-910ec109-8cae-45a1-800e-c97c429be7c0 84771f1973df4a479b938da8c18ba42f cf5b84ee75584aceab27840b9d645b57 - - default default] Successfully bumped revision number for resource 9da6d151-2d6a-4892-870a-9e47fe541ee4 (type: security_group_rules) to 0
2026-03-19 12:30:49.673 7 INFO neutron.plugins.ml2.drivers.ovn.mech_driver.mech_driver [None req-edb530f5-5b28-49ee-9ee4-a3ba8535074f - - - - - -] OVN reports status down for port: f333083d-9228-41a4-b418-bd19538b1075
2026-03-19 12:30:49.981 8 INFO neutron.db.ovn_revision_numbers_db [None req-15eb807f-8643-4d82-9e25-10d5ff6ffae2 3bd723bdd7d7439eba24ef3029dd4d04 bb48fd7711ec4e80b6d39d96a9f01c0d - - default default] Successfully bumped revision number for resource f333083d-9228-41a4-b418-bd19538b1075 (type: router_ports) to 1 [pid: 8|app: 0|req: 1579/2983] 10.0.0.74 () {34 vars in 782 bytes} [Thu Mar 19 12:30:46 2026] PUT /v2.0/routers/9112d224-9e4c-4852-99b3-d9891624c239/add_router_interface => generated 309 bytes in 3026 msecs (HTTP/1.1 200) 4 headers in 157 bytes (1 switches on core 0)
2026-03-19 12:30:50.010 7 INFO neutron.db.ovn_revision_numbers_db [None req-910ec109-8cae-45a1-800e-c97c429be7c0 84771f1973df4a479b938da8c18ba42f cf5b84ee75584aceab27840b9d645b57 - - default default] Successfully bumped revision number for resource a0a84d52-aba1-4ebb-872c-eefba124ff93 (type: security_group_rules) to 0
2026-03-19 12:30:50.045 7 WARNING neutron.plugins.ml2.drivers.ovn.mech_driver.ovsdb.ovn_client [None req-edb530f5-5b28-49ee-9ee4-a3ba8535074f - - - - - -] Logical_Switch_Port f333083d-9228-41a4-b418-bd19538b1075 host information not removed, the port state is up
2026-03-19 12:30:50.046 7 INFO neutron.plugins.ml2.drivers.ovn.mech_driver.mech_driver [None req-edb530f5-5b28-49ee-9ee4-a3ba8535074f - - - - - -] OVN reports status up for port: f333083d-9228-41a4-b418-bd19538b1075
2026-03-19 12:30:50.169 7 INFO neutron.db.ovn_revision_numbers_db [None req-910ec109-8cae-45a1-800e-c97c429be7c0 84771f1973df4a479b938da8c18ba42f cf5b84ee75584aceab27840b9d645b57 - - default default] Successfully bumped revision number for resource f72e261c-7b3a-4b7f-832f-7297ac14dc80 (type: security_group_rules) to 0 [pid: 7|app: 0|req: 1405/2984] 10.0.0.74 () {32 vars in 773 bytes} [Thu Mar 19 12:30:48 2026] GET /v2.0/security-groups?tenant_id=f03870f1f6404e399e51e8bdf2f37990&name=default => generated 2929 bytes in 1651 msecs (HTTP/1.1 200) 4 headers in 158 bytes (1 switches on core 0)
2026-03-19 12:30:50.369 7 INFO neutron.plugins.ml2.plugin [None req-edb530f5-5b28-49ee-9ee4-a3ba8535074f - - - - - -] Attempt 1 to provision port f333083d-9228-41a4-b418-bd19538b1075
2026-03-19 12:30:50.630 8 WARNING neutron.scheduler.dhcp_agent_scheduler [None req-bd7be5d4-e23f-4b74-b8ce-731501fb898b 3bd723bdd7d7439eba24ef3029dd4d04 bb48fd7711ec4e80b6d39d96a9f01c0d - - default default] No more DHCP agents
2026-03-19 12:30:50.631 8 WARNING neutron.api.rpc.agentnotifiers.dhcp_rpc_agent_api [None req-bd7be5d4-e23f-4b74-b8ce-731501fb898b 3bd723bdd7d7439eba24ef3029dd4d04 bb48fd7711ec4e80b6d39d96a9f01c0d - - default default] Unable to schedule network 8a6892b7-b08e-48ed-8b0f-a6dcd025f5cb: no agents available; will retry on subsequent port and subnet creation events. [pid: 7|app: 0|req: 1406/2985] 10.0.0.74 () {32 vars in 739 bytes} [Thu Mar 19 12:30:50 2026] DELETE /v2.0/security-groups/d7cc5be6-ecc3-4525-b6fe-6b29904211f3 => generated 0 bytes in 657 msecs (HTTP/1.1 204) 2 headers in 112 bytes (1 switches on core 0)
2026-03-19 12:30:50.886 8 INFO neutron.db.ovn_revision_numbers_db [None req-bd7be5d4-e23f-4b74-b8ce-731501fb898b 3bd723bdd7d7439eba24ef3029dd4d04 bb48fd7711ec4e80b6d39d96a9f01c0d - - default default] Successfully bumped revision number for resource 1251827e-b66d-4fa7-a80d-3713f85cb4b8 (type: ports) to 1
2026-03-19 12:30:51.078 7 INFO neutron.db.ovn_revision_numbers_db [None req-edb530f5-5b28-49ee-9ee4-a3ba8535074f - - - - - -] Successfully bumped revision number for resource f333083d-9228-41a4-b418-bd19538b1075 (type: ports) to 2
2026-03-19 12:30:51.855 7 INFO neutron.db.ovn_revision_numbers_db [None req-1c81af16-095e-4cd4-8ef2-feb3effbbde4 84771f1973df4a479b938da8c18ba42f cf5b84ee75584aceab27840b9d645b57 - - default default] Successfully bumped revision number for resource 54ec5338-f578-4233-94aa-c8f9458248f2 (type: security_groups) to 1
2026-03-19 12:30:51.976 7 INFO neutron.db.ovn_revision_numbers_db [None req-1c81af16-095e-4cd4-8ef2-feb3effbbde4 84771f1973df4a479b938da8c18ba42f cf5b84ee75584aceab27840b9d645b57 - - default default] Successfully bumped revision number for resource 68a3deef-6b46-4c3b-bbef-207dad849d0c (type: security_group_rules) to 0
2026-03-19 12:30:52.032 8 WARNING neutron.scheduler.dhcp_agent_scheduler [None req-bd7be5d4-e23f-4b74-b8ce-731501fb898b 3bd723bdd7d7439eba24ef3029dd4d04 bb48fd7711ec4e80b6d39d96a9f01c0d - - default default] No more DHCP agents
2026-03-19 12:30:52.033 8 WARNING neutron.api.rpc.agentnotifiers.dhcp_rpc_agent_api [None req-bd7be5d4-e23f-4b74-b8ce-731501fb898b 3bd723bdd7d7439eba24ef3029dd4d04 bb48fd7711ec4e80b6d39d96a9f01c0d - - default default] Unable to schedule network 8a6892b7-b08e-48ed-8b0f-a6dcd025f5cb: no agents available; will retry on subsequent port and subnet creation events.
2026-03-19 12:30:52.069 7 INFO neutron.db.ovn_revision_numbers_db [None req-1c81af16-095e-4cd4-8ef2-feb3effbbde4 84771f1973df4a479b938da8c18ba42f cf5b84ee75584aceab27840b9d645b57 - - default default] Successfully bumped revision number for resource 71da9359-9680-4864-992f-8285691ee626 (type: security_group_rules) to 0
2026-03-19 12:30:52.207 7 INFO neutron.db.ovn_revision_numbers_db [None req-1c81af16-095e-4cd4-8ef2-feb3effbbde4 84771f1973df4a479b938da8c18ba42f cf5b84ee75584aceab27840b9d645b57 - - default default] Successfully bumped revision number for resource 78980833-ac96-4d3e-a24e-44dfd0932e31 (type: security_group_rules) to 0
2026-03-19 12:30:52.234 7 INFO neutron.db.ovn_revision_numbers_db [None req-1c81af16-095e-4cd4-8ef2-feb3effbbde4 84771f1973df4a479b938da8c18ba42f cf5b84ee75584aceab27840b9d645b57 - - default default] Successfully bumped revision number for resource 7a3b1bb2-87aa-4124-9bf7-b9ed0fe20548 (type: security_group_rules) to 0 [pid: 7|app: 0|req: 1407/2986] 10.0.0.74 () {32 vars in 773 bytes} [Thu Mar 19 12:30:51 2026] GET /v2.0/security-groups?tenant_id=ec05642a90d5466b8fb89219f76e13f8&name=default => generated 2929 bytes in 1076 msecs (HTTP/1.1 200) 4 headers in 158 bytes (1 switches on core 0)
2026-03-19 12:30:52.484 8 INFO neutron.db.ovn_revision_numbers_db [None req-bd7be5d4-e23f-4b74-b8ce-731501fb898b 3bd723bdd7d7439eba24ef3029dd4d04 bb48fd7711ec4e80b6d39d96a9f01c0d - - default default] Successfully bumped revision number for resource 1251827e-b66d-4fa7-a80d-3713f85cb4b8 (type: router_ports) to 1 [pid: 8|app: 0|req: 1580/2989] 10.0.0.74 () {34 vars in 782 bytes} [Thu Mar 19 12:30:49 2026] PUT /v2.0/routers/9112d224-9e4c-4852-99b3-d9891624c239/add_router_interface => generated 309 bytes in 2497 msecs (HTTP/1.1 200) 4 headers in 157 bytes (1 switches on core 0) [pid: 7|app: 0|req: 1410/2990] 10.0.0.74 () {32 vars in 739 bytes} [Thu Mar 19 12:30:52 2026] DELETE /v2.0/security-groups/54ec5338-f578-4233-94aa-c8f9458248f2 => generated 0 bytes in 756 msecs (HTTP/1.1 204) 2 headers in 112 bytes (1 switches on core 0)
2026-03-19 12:30:53.234 8 WARNING neutron.scheduler.dhcp_agent_scheduler [None req-bd5bf073-ecd9-481f-86be-fc7482311581 3bd723bdd7d7439eba24ef3029dd4d04 bb48fd7711ec4e80b6d39d96a9f01c0d - - default default] No more DHCP agents
2026-03-19 12:30:53.235 8 WARNING neutron.api.rpc.agentnotifiers.dhcp_rpc_agent_api [None req-bd5bf073-ecd9-481f-86be-fc7482311581 3bd723bdd7d7439eba24ef3029dd4d04 bb48fd7711ec4e80b6d39d96a9f01c0d - - default default] Unable to schedule network 87373479-0356-4d29-bf48-6046118c1696: no agents available; will retry on subsequent port and subnet creation events.
2026-03-19 12:30:53.442 8 INFO neutron.db.ovn_revision_numbers_db [None req-bd5bf073-ecd9-481f-86be-fc7482311581 3bd723bdd7d7439eba24ef3029dd4d04 bb48fd7711ec4e80b6d39d96a9f01c0d - - default default] Successfully bumped revision number for resource 70e860bc-016e-4757-b4bc-db54ede08eef (type: ports) to 1
2026-03-19 12:30:54.385 8 WARNING neutron.scheduler.dhcp_agent_scheduler [None req-bd5bf073-ecd9-481f-86be-fc7482311581 3bd723bdd7d7439eba24ef3029dd4d04 bb48fd7711ec4e80b6d39d96a9f01c0d - - default default] No more DHCP agents
2026-03-19 12:30:54.386 8 WARNING neutron.api.rpc.agentnotifiers.dhcp_rpc_agent_api [None req-bd5bf073-ecd9-481f-86be-fc7482311581 3bd723bdd7d7439eba24ef3029dd4d04 bb48fd7711ec4e80b6d39d96a9f01c0d - - default default] Unable to schedule network 87373479-0356-4d29-bf48-6046118c1696: no agents available; will retry on subsequent port and subnet creation events.
2026-03-19 12:30:54.894 8 INFO neutron.db.ovn_revision_numbers_db [None req-bd5bf073-ecd9-481f-86be-fc7482311581 3bd723bdd7d7439eba24ef3029dd4d04 bb48fd7711ec4e80b6d39d96a9f01c0d - - default default] Successfully bumped revision number for resource 70e860bc-016e-4757-b4bc-db54ede08eef (type: router_ports) to 1 [pid: 8|app: 0|req: 1581/2991] 10.0.0.74 () {34 vars in 782 bytes} [Thu Mar 19 12:30:52 2026] PUT /v2.0/routers/9112d224-9e4c-4852-99b3-d9891624c239/add_router_interface => generated 309 bytes in 2405 msecs (HTTP/1.1 200) 4 headers in 157 bytes (1 switches on core 0)
2026-03-19 12:30:55.236 7 INFO neutron.db.ovn_revision_numbers_db [None req-a1443e5f-05bd-46e7-b451-d513de0f82c2 3bd723bdd7d7439eba24ef3029dd4d04 bb48fd7711ec4e80b6d39d96a9f01c0d - - default default] Successfully bumped revision number for resource 4af4b5cf-43f0-46b0-9463-22cd778eb06b (type: security_groups) to 1
2026-03-19 12:30:55.280 7 INFO neutron.db.ovn_revision_numbers_db [None req-a1443e5f-05bd-46e7-b451-d513de0f82c2 3bd723bdd7d7439eba24ef3029dd4d04 bb48fd7711ec4e80b6d39d96a9f01c0d - - default default] Successfully bumped revision number for resource 0a178c9b-010e-4369-9663-338ecb9833c3 (type: security_group_rules) to 0
2026-03-19 12:30:55.299 7 INFO neutron.db.ovn_revision_numbers_db [None req-a1443e5f-05bd-46e7-b451-d513de0f82c2 3bd723bdd7d7439eba24ef3029dd4d04 bb48fd7711ec4e80b6d39d96a9f01c0d - - default default] Successfully bumped revision number for resource e1a4e4e2-5898-4252-9f6d-a5ed733c9c32 (type: security_group_rules) to 0 [pid: 7|app: 0|req: 1411/2992] 10.0.0.74 () {34 vars in 683 bytes} [Thu Mar 19 12:30:55 2026] POST /v2.0/security-groups => generated 1629 bytes in 341 msecs (HTTP/1.1 201) 4 headers in 163 bytes (1 switches on core 0)
2026-03-19 12:30:55.520 8 INFO neutron.db.ovn_revision_numbers_db [None req-34a7d8dd-f474-45ae-956f-79ec667a18e6 3bd723bdd7d7439eba24ef3029dd4d04 bb48fd7711ec4e80b6d39d96a9f01c0d - - default default] Successfully bumped revision number for resource b723d5d6-62b1-4b2b-b978-19dd79d104bc (type: security_group_rules) to 0 [pid: 8|app: 0|req: 1582/2993] 10.0.0.74 () {34 vars in 694 bytes} [Thu Mar 19 12:30:55 2026] POST /v2.0/security-group-rules => generated 597 bytes in 184 msecs (HTTP/1.1 201) 4 headers in 162 bytes (1 switches on core 0)
2026-03-19 12:30:55.741 7 INFO neutron.db.ovn_revision_numbers_db [None req-0e26842e-5b46-4460-8593-5dbc85186b57 3bd723bdd7d7439eba24ef3029dd4d04 bb48fd7711ec4e80b6d39d96a9f01c0d - - default default] Successfully bumped revision number for resource d48da10a-fccc-45ba-a3ff-a0ffa4c69ea6 (type: security_group_rules) to 0 [pid: 7|app: 0|req: 1412/2994] 10.0.0.74 () {34 vars in 694 bytes} [Thu Mar 19 12:30:55 2026] POST /v2.0/security-group-rules => generated 597 bytes in 223 msecs (HTTP/1.1 201) 4 headers in 162 bytes (1 switches on core 0)
2026-03-19 12:30:55.865 7 WARNING neutron.plugins.ml2.drivers.ovn.mech_driver.ovsdb.ovn_client [None req-edd0da86-a681-4a97-9038-c0322c3225a5 - - - - - -] No hosting information found for port f333083d-9228-41a4-b418-bd19538b1075: RuntimeError: No hosting information found for port f333083d-9228-41a4-b418-bd19538b1075
2026-03-19 12:30:55.966 7 INFO neutron.db.ovn_revision_numbers_db [None req-edd0da86-a681-4a97-9038-c0322c3225a5 - - - - - -] Successfully bumped revision number for resource f333083d-9228-41a4-b418-bd19538b1075 (type: router_ports) to 2
2026-03-19 12:30:55.968 7 INFO neutron.plugins.ml2.drivers.ovn.mech_driver.mech_driver [None req-edd0da86-a681-4a97-9038-c0322c3225a5 - - - - - -] OVN reports status down for port: 1251827e-b66d-4fa7-a80d-3713f85cb4b8
2026-03-19 12:30:56.025 8 INFO neutron.db.ovn_revision_numbers_db [None req-6c3201ca-5a69-4162-9eed-dfbf9eb165a0 3bd723bdd7d7439eba24ef3029dd4d04 bb48fd7711ec4e80b6d39d96a9f01c0d - - default default] Successfully bumped revision number for resource d1bfa7b7-4379-4f7e-8db7-dc8f82acc9e6 (type: security_group_rules) to 0 [pid: 8|app: 0|req: 1583/2995] 10.0.0.74 () {34 vars in 694 bytes} [Thu Mar 19 12:30:55 2026] POST /v2.0/security-group-rules => generated 599 bytes in 276 msecs (HTTP/1.1 201) 4 headers in 162 bytes (1 switches on core 0)
2026-03-19 12:30:56.066 7 WARNING neutron.plugins.ml2.drivers.ovn.mech_driver.ovsdb.ovn_client [None req-edd0da86-a681-4a97-9038-c0322c3225a5 - - - - - -] Logical_Switch_Port 1251827e-b66d-4fa7-a80d-3713f85cb4b8 host information not removed, the port state is up
2026-03-19 12:30:56.158 7 INFO neutron.plugins.ml2.drivers.ovn.mech_driver.mech_driver [None req-edd0da86-a681-4a97-9038-c0322c3225a5 - - - - - -] OVN reports status up for port: 1251827e-b66d-4fa7-a80d-3713f85cb4b8
2026-03-19 12:30:56.189 7 INFO neutron.plugins.ml2.plugin [None req-edd0da86-a681-4a97-9038-c0322c3225a5 - - - - - -] Attempt 1 to provision port 1251827e-b66d-4fa7-a80d-3713f85cb4b8
2026-03-19 12:30:56.435 7 INFO neutron.db.ovn_revision_numbers_db [None req-b42ec94a-4c17-4a3e-80f9-f5fca68ed680 3bd723bdd7d7439eba24ef3029dd4d04 bb48fd7711ec4e80b6d39d96a9f01c0d - - default default] Successfully bumped revision number for resource e3961272-e656-478a-b2f5-e2b397990512 (type: security_group_rules) to 0 [pid: 7|app: 0|req: 1413/2996] 10.0.0.74 () {34 vars in 694 bytes} [Thu Mar 19 12:30:56 2026] POST /v2.0/security-group-rules => generated 601 bytes in 435 msecs (HTTP/1.1 201) 4 headers in 162 bytes (1 switches on core 0)
2026-03-19 12:30:56.715 8 INFO neutron.db.ovn_revision_numbers_db [None req-55380e36-badf-4d50-9378-6d0395b71f11 3bd723bdd7d7439eba24ef3029dd4d04 bb48fd7711ec4e80b6d39d96a9f01c0d - - default default] Successfully bumped revision number for resource 152a13bc-a8a5-4593-b309-3c2e6b46bec3 (type: security_group_rules) to 0 [pid: 8|app: 0|req: 1584/2997] 10.0.0.74 () {34 vars in 694 bytes} [Thu Mar 19 12:30:56 2026] POST /v2.0/security-group-rules => generated 601 bytes in 238 msecs (HTTP/1.1 201) 4 headers in 162 bytes (1 switches on core 0)
2026-03-19 12:30:56.844 7 INFO neutron.db.ovn_revision_numbers_db [None req-edd0da86-a681-4a97-9038-c0322c3225a5 - - - - - -] Successfully bumped revision number for resource 1251827e-b66d-4fa7-a80d-3713f85cb4b8 (type: ports) to 2
2026-03-19 12:30:57.081 7 INFO neutron.db.ovn_revision_numbers_db [None req-07cf216d-fae0-4164-a958-5e4064a72f97 3bd723bdd7d7439eba24ef3029dd4d04 bb48fd7711ec4e80b6d39d96a9f01c0d - - default default] Successfully bumped revision number for resource d337972f-8df0-4dd0-afec-76a9a996f1d2 (type: security_group_rules) to 0 [pid: 7|app: 0|req: 1414/2998] 10.0.0.74 () {34 vars in 694 bytes} [Thu Mar 19 12:30:56 2026] POST /v2.0/security-group-rules => generated 597 bytes in 360 msecs (HTTP/1.1 201) 4 headers in 162 bytes (1 switches on core 0)
2026-03-19 12:30:57.310 8 INFO neutron.db.ovn_revision_numbers_db [None req-d915403c-5407-4fb2-be37-ad576931281f 3bd723bdd7d7439eba24ef3029dd4d04 bb48fd7711ec4e80b6d39d96a9f01c0d - - default default] Successfully bumped revision number for resource 3ab49d0d-b591-461a-ad9e-405826094e96 (type: security_group_rules) to 0 [pid: 8|app: 0|req: 1585/2999] 10.0.0.74 () {34 vars in 694 bytes} [Thu Mar 19 12:30:57 2026] POST /v2.0/security-group-rules => generated 597 bytes in 223 msecs (HTTP/1.1 201) 4 headers in 162 bytes (1 switches on core 0)
2026-03-19 12:30:57.566 7 INFO neutron.db.ovn_revision_numbers_db [None req-b3340df3-fd36-47f9-87b9-2bb19b0ec4aa 3bd723bdd7d7439eba24ef3029dd4d04 bb48fd7711ec4e80b6d39d96a9f01c0d - - default default] Successfully bumped revision number for resource afb4520e-5748-4ead-acb7-4d07dec3020b (type: security_group_rules) to 0 [pid: 7|app: 0|req: 1415/3000] 10.0.0.74 () {34 vars in 694 bytes} [Thu Mar 19 12:30:57 2026] POST /v2.0/security-group-rules => generated 597 bytes in 260 msecs (HTTP/1.1 201) 4 headers in 162 bytes (1 switches on core 0)
2026-03-19 12:30:57.901 7 INFO neutron.db.ovn_revision_numbers_db [None req-d5df57db-91e1-4d5a-9249-afe381c4695a 3bd723bdd7d7439eba24ef3029dd4d04 bb48fd7711ec4e80b6d39d96a9f01c0d - - default default] Successfully bumped revision number for resource 441d7767-de0e-4964-a581-2164329642b8 (type: security_group_rules) to 0 [pid: 8|app: 0|req: 1586/3001] 10.0.0.74 () {34 vars in 675 bytes} [Thu Mar 19 12:30:57 2026] POST /v2.0/subnetpools => generated 516 bytes in 389 msecs (HTTP/1.1 201) 4 headers in 162 bytes (1 switches on core 0) [pid: 7|app: 0|req: 1416/3002] 10.0.0.74 () {34 vars in 694 bytes} [Thu Mar 19 12:30:57 2026] POST /v2.0/security-group-rules => generated 599 bytes in 390 msecs (HTTP/1.1 201) 4 headers in 162 bytes (1 switches on core 0) [pid: 8|app: 0|req: 1587/3003] 10.0.0.74 () {34 vars in 675 bytes} [Thu Mar 19 12:30:57 2026] POST /v2.0/subnetpools => generated 516 bytes in 1073 msecs (HTTP/1.1 201) 4 headers in 162 bytes (1 switches on core 0)
2026-03-19 12:30:59.093 7 INFO neutron.db.ovn_revision_numbers_db [None req-ca29dcea-b1d9-4326-8c6a-68d60bc04c30 3bd723bdd7d7439eba24ef3029dd4d04 bb48fd7711ec4e80b6d39d96a9f01c0d - - default default] Successfully bumped revision number for resource e30df4e9-4207-4895-82b0-8e6cf2df198d (type: security_group_rules) to 0 [pid: 7|app: 0|req: 1417/3004] 10.0.0.74 () {34 vars in 694 bytes} [Thu Mar 19 12:30:58 2026] POST /v2.0/security-group-rules => generated 601 bytes in 1231 msecs (HTTP/1.1 201) 4 headers in 162 bytes (1 switches on core 0) [pid: 8|app: 0|req: 1588/3005] 10.0.0.74 () {34 vars in 675 bytes} [Thu Mar 19 12:30:59 2026] POST /v2.0/subnetpools => generated 516 bytes in 242 msecs (HTTP/1.1 201) 4 headers in 162 bytes (1 switches on core 0) [pid: 8|app: 0|req: 1589/3006] 10.0.0.74 () {34 vars in 675 bytes} [Thu Mar 19 12:30:59 2026] POST /v2.0/subnetpools => generated 516 bytes in 53 msecs (HTTP/1.1 201) 4 headers in 162 bytes (1 switches on core 0) [pid: 8|app: 0|req: 1590/3007] 10.0.0.74 () {34 vars in 675 bytes} [Thu Mar 19 12:30:59 2026] POST /v2.0/subnetpools => generated 516 bytes in 62 msecs (HTTP/1.1 201) 4 headers in 162 bytes (1 switches on core 0)
