Feb 19 01:29:16.992318 np0000156445 devstack@m-api.service[46932]: DEBUG manila.api.openstack.wsgi [None req-ef11b155-1a10-408d-bb11-f7622481ff0a tempest-MigrationCancelNFSTest-1858551862 tempest-MigrationCancelNFSTest-1858551862-project-admin] Action: 'create', calling method: Controller.__getattribute__..version_select, body: {"share": {"share_proto": "nfs", "description": "Tempest's share", "snapshot_id": null, "name": "tempest-tempest-created-share-1280614194", "size": 1, "metadata": {}, "is_public": false, "share_network_id": "c13a2a7c-e554-465f-a177-1f62f54a8f00", "share_type": "d0c59330-ac6c-45d2-bb03-cfa3ba4d4471"}} {{(pid=46932) _process_stack /opt/stack/manila/manila/api/openstack/wsgi.py:796}}
Feb 19 01:29:16.998458 np0000156445 devstack@m-api.service[46932]: INFO manila.api.v2.shares [None req-ef11b155-1a10-408d-bb11-f7622481ff0a tempest-MigrationCancelNFSTest-1858551862 tempest-MigrationCancelNFSTest-1858551862-project-admin] Create NFS share of 1 GB
Feb 19 01:29:17.041890 np0000156445 devstack@m-api.service[46933]: INFO manila.api.openstack.wsgi [None req-28620610-ae9d-48e8-bfbe-52e21ca138f3 tempest-ReplicaQuotasNegativeTest-1139735014 tempest-ReplicaQuotasNegativeTest-1139735014-project-member] POST https://162.253.55.212/share/v2/f8f32cb193a74e92a919fbfa45b336b4/share-networks
Feb 19 01:29:17.041890 np0000156445 devstack@m-api.service[46933]: DEBUG manila.api.openstack.wsgi [None req-28620610-ae9d-48e8-bfbe-52e21ca138f3 tempest-ReplicaQuotasNegativeTest-1139735014 tempest-ReplicaQuotasNegativeTest-1139735014-project-member] Action: 'create', calling method: ShareNetworkController.create, body: {"share_network": {"name": "autogenerated_by_tempest", "description": "This share-network was created by tempest"}} {{(pid=46933) _process_stack /opt/stack/manila/manila/api/openstack/wsgi.py:796}}
Feb 19 01:29:17.065036 np0000156445 devstack@m-api.service[46933]: DEBUG manila.quota [None req-28620610-ae9d-48e8-bfbe-52e21ca138f3 tempest-ReplicaQuotasNegativeTest-1139735014 tempest-ReplicaQuotasNegativeTest-1139735014-project-member] Created reservations ['3a466644-36b7-494b-9b2f-789798110588'] {{(pid=46933) reserve /opt/stack/manila/manila/quota.py:1038}}
Feb 19 01:29:17.078619 np0000156445 devstack@m-api.service[46932]: DEBUG manila.quota [None req-ef11b155-1a10-408d-bb11-f7622481ff0a tempest-MigrationCancelNFSTest-1858551862 tempest-MigrationCancelNFSTest-1858551862-project-admin] Created reservations ['81088575-453d-40fa-8a8f-b8ebf0b508b0', '8d9203a1-f634-4aa3-ba94-b7a4739bdaed', '3c42b44f-78d9-4b99-9cf0-849eef5341cf', '821ed437-34f6-48a7-ace4-3678c8341ed6'] {{(pid=46932) reserve /opt/stack/manila/manila/quota.py:1038}}
Feb 19 01:29:17.109863 np0000156445 devstack@m-api.service[46933]: DEBUG manila.quota [None req-28620610-ae9d-48e8-bfbe-52e21ca138f3 tempest-ReplicaQuotasNegativeTest-1139735014 tempest-ReplicaQuotasNegativeTest-1139735014-project-member] Committed reservations ['3a466644-36b7-494b-9b2f-789798110588'] {{(pid=46933) commit /opt/stack/manila/manila/quota.py:1066}}
Feb 19 01:29:17.124285 np0000156445 devstack@m-api.service[46933]: INFO manila.api.openstack.wsgi [None req-28620610-ae9d-48e8-bfbe-52e21ca138f3 tempest-ReplicaQuotasNegativeTest-1139735014 tempest-ReplicaQuotasNegativeTest-1139735014-project-member] https://162.253.55.212/share/v2/f8f32cb193a74e92a919fbfa45b336b4/share-networks returned with HTTP 200
Feb 19 01:29:17.125260 np0000156445 devstack@m-api.service[46933]: [pid: 46933|app: 0|req: 42/88] 162.253.55.212 () {68 vars in 1431 bytes} [Thu Feb 19 01:29:16 2026] POST /share/v2/f8f32cb193a74e92a919fbfa45b336b4/share-networks => generated 723 bytes in 164 msecs (HTTP/1.1 200) 7 headers in 297 bytes (1 switches on core 0)
Feb 19 01:29:17.126581 np0000156445 devstack@m-api.service[46932]: DEBUG manila.quota [None req-ef11b155-1a10-408d-bb11-f7622481ff0a tempest-MigrationCancelNFSTest-1858551862 tempest-MigrationCancelNFSTest-1858551862-project-admin] Committed reservations ['81088575-453d-40fa-8a8f-b8ebf0b508b0', '8d9203a1-f634-4aa3-ba94-b7a4739bdaed', '3c42b44f-78d9-4b99-9cf0-849eef5341cf', '821ed437-34f6-48a7-ace4-3678c8341ed6'] {{(pid=46932) commit /opt/stack/manila/manila/quota.py:1066}}
Feb 19 01:29:17.127626 np0000156445 devstack@m-api.service[46933]: INFO manila.api.openstack.wsgi [None req-c6f7b3ac-e2ee-43ac-b7c4-3a725add8762 tempest-MigrationOppositeDriverModesNFSTest-301888854 tempest-MigrationOppositeDriverModesNFSTest-301888854-project-admin] GET https://162.253.55.212/share/v2/e469a8321695489d9d89189841dd67d9/shares/d0dc5130-ca46-4e97-b08c-97c9cbac7806
Feb 19 01:29:17.127907 np0000156445 devstack@m-api.service[46933]: DEBUG manila.api.openstack.wsgi [None req-c6f7b3ac-e2ee-43ac-b7c4-3a725add8762 tempest-MigrationOppositeDriverModesNFSTest-301888854 tempest-MigrationOppositeDriverModesNFSTest-301888854-project-admin] Empty body provided in request {{(pid=46933) get_body /opt/stack/manila/manila/api/openstack/wsgi.py:652}}
Feb 19 01:29:17.128117 np0000156445 devstack@m-api.service[46933]: DEBUG manila.api.openstack.wsgi [None req-c6f7b3ac-e2ee-43ac-b7c4-3a725add8762 tempest-MigrationOppositeDriverModesNFSTest-301888854 tempest-MigrationOppositeDriverModesNFSTest-301888854-project-admin] Calling method 'ShareMixin.show' {{(pid=46933) _process_stack /opt/stack/manila/manila/api/openstack/wsgi.py:798}}
Feb 19 01:29:17.142312 np0000156445 devstack@m-api.service[46933]: INFO manila.api.openstack.wsgi [None req-c6f7b3ac-e2ee-43ac-b7c4-3a725add8762 tempest-MigrationOppositeDriverModesNFSTest-301888854 tempest-MigrationOppositeDriverModesNFSTest-301888854-project-admin] https://162.253.55.212/share/v2/e469a8321695489d9d89189841dd67d9/shares/d0dc5130-ca46-4e97-b08c-97c9cbac7806 returned with HTTP 200
Feb 19 01:29:17.143123 np0000156445 devstack@m-api.service[46933]: [pid: 46933|app: 0|req: 43/89] 162.253.55.212 () {66 vars in 1496 bytes} [Thu Feb 19 01:29:17 2026] GET /share/v2/e469a8321695489d9d89189841dd67d9/shares/d0dc5130-ca46-4e97-b08c-97c9cbac7806 => generated 1534 bytes in 17 msecs (HTTP/1.1 200) 7 headers in 298 bytes (1 switches on core 0)
Feb 19 01:29:17.144831 np0000156445 devstack@m-api.service[46933]: INFO manila.api.openstack.wsgi [None req-7b18ff7e-9017-4df8-a4f3-e718e3211cff tempest-MigrationWithShareShrinkingNFSTest-648888664 tempest-MigrationWithShareShrinkingNFSTest-648888664-project-admin] GET https://162.253.55.212/share/v2/2db18b5bda4e4ccab39d78129bb166d1/shares/56083361-2395-48fe-8250-0a9e4bace0fa
Feb 19 01:29:17.145108 np0000156445 devstack@m-api.service[46933]: DEBUG manila.api.openstack.wsgi [None req-7b18ff7e-9017-4df8-a4f3-e718e3211cff tempest-MigrationWithShareShrinkingNFSTest-648888664 tempest-MigrationWithShareShrinkingNFSTest-648888664-project-admin] Empty body provided in request {{(pid=46933) get_body /opt/stack/manila/manila/api/openstack/wsgi.py:652}}
Feb 19 01:29:17.145320 np0000156445 devstack@m-api.service[46933]: DEBUG manila.api.openstack.wsgi [None req-7b18ff7e-9017-4df8-a4f3-e718e3211cff tempest-MigrationWithShareShrinkingNFSTest-648888664 tempest-MigrationWithShareShrinkingNFSTest-648888664-project-admin] Calling method 'ShareMixin.show' {{(pid=46933) _process_stack /opt/stack/manila/manila/api/openstack/wsgi.py:798}}
Feb 19 01:29:17.156995 np0000156445 devstack@m-api.service[46933]: INFO manila.api.openstack.wsgi [None req-7b18ff7e-9017-4df8-a4f3-e718e3211cff tempest-MigrationWithShareShrinkingNFSTest-648888664 tempest-MigrationWithShareShrinkingNFSTest-648888664-project-admin] https://162.253.55.212/share/v2/2db18b5bda4e4ccab39d78129bb166d1/shares/56083361-2395-48fe-8250-0a9e4bace0fa returned with HTTP 200
Feb 19 01:29:17.157497 np0000156445 devstack@m-api.service[46933]: [pid: 46933|app: 0|req: 44/90] 162.253.55.212 () {66 vars in 1496 bytes} [Thu Feb 19 01:29:17 2026] GET /share/v2/2db18b5bda4e4ccab39d78129bb166d1/shares/56083361-2395-48fe-8250-0a9e4bace0fa => generated 1533 bytes in 14 msecs (HTTP/1.1 200) 7 headers in 298 bytes (1 switches on core 0)
Feb 19 01:29:17.159653 np0000156445 devstack@m-api.service[46933]: INFO manila.api.openstack.wsgi [None req-1c3dc603-ffd1-4c41-8589-41f60dc6bf78 tempest-AdminActionsTest-716250861 tempest-AdminActionsTest-716250861-project-admin] GET https://162.253.55.212/share/v2/e2647041cc2e4895969f2d0d9f34bcf2/shares/36e8d509-8faa-4c1a-ac3c-1ea4b5280091
Feb 19 01:29:17.159999 np0000156445 devstack@m-api.service[46933]: DEBUG manila.api.openstack.wsgi [None req-1c3dc603-ffd1-4c41-8589-41f60dc6bf78 tempest-AdminActionsTest-716250861 tempest-AdminActionsTest-716250861-project-admin] Empty body provided in request {{(pid=46933) get_body /opt/stack/manila/manila/api/openstack/wsgi.py:652}}
Feb 19 01:29:17.160967 np0000156445 devstack@m-api.service[46933]: DEBUG manila.api.openstack.wsgi [None req-1c3dc603-ffd1-4c41-8589-41f60dc6bf78 tempest-AdminActionsTest-716250861 tempest-AdminActionsTest-716250861-project-admin] Calling method 'ShareMixin.show' {{(pid=46933) _process_stack /opt/stack/manila/manila/api/openstack/wsgi.py:798}}
Feb 19 01:29:17.179024 np0000156445 devstack@m-api.service[46933]: INFO manila.api.openstack.wsgi [None req-1c3dc603-ffd1-4c41-8589-41f60dc6bf78 tempest-AdminActionsTest-716250861 tempest-AdminActionsTest-716250861-project-admin] https://162.253.55.212/share/v2/e2647041cc2e4895969f2d0d9f34bcf2/shares/36e8d509-8faa-4c1a-ac3c-1ea4b5280091 returned with HTTP 200
Feb 19 01:29:17.179964 np0000156445 devstack@m-api.service[46933]: [pid: 46933|app: 0|req: 45/91] 162.253.55.212 () {66 vars in 1496 bytes} [Thu Feb 19 01:29:17 2026] GET /share/v2/e2647041cc2e4895969f2d0d9f34bcf2/shares/36e8d509-8faa-4c1a-ac3c-1ea4b5280091 => generated 1497 bytes in 22 msecs (HTTP/1.1 200) 7 headers in 298 bytes (1 switches on core 0)
Feb 19 01:29:17.182910 np0000156445 devstack@m-api.service[46933]: INFO manila.api.openstack.wsgi [None req-d8d842f1-6e14-4c6a-8e60-0d7aa139e641 tempest-MigrationOfShareWithSnapshotNFSTest-522614245 tempest-MigrationOfShareWithSnapshotNFSTest-522614245-project-admin] POST https://162.253.55.212/share/v2/808b9ac70eca489797012bb15eb700cd/shares
Feb 19 01:29:17.183148 np0000156445 devstack@m-api.service[46933]: DEBUG manila.api.openstack.wsgi [None req-d8d842f1-6e14-4c6a-8e60-0d7aa139e641 tempest-MigrationOfShareWithSnapshotNFSTest-522614245 tempest-MigrationOfShareWithSnapshotNFSTest-522614245-project-admin] Action: 'create', calling method: Controller.__getattribute__..version_select, body: {"share": {"share_proto": "nfs", "description": "Tempest's share", "snapshot_id": null, "name": "tempest-tempest-created-share-1166904120", "size": 1, "metadata": {}, "is_public": false, "share_network_id": "c7df035f-ac8d-4f23-ab89-832dfb6838de", "share_type": "26f6fdd4-7f08-4f60-b10b-197629e94b02"}} {{(pid=46933) _process_stack /opt/stack/manila/manila/api/openstack/wsgi.py:796}}
Feb 19 01:29:17.184890 np0000156445 devstack@m-api.service[46933]: INFO manila.api.v2.shares [None req-d8d842f1-6e14-4c6a-8e60-0d7aa139e641 tempest-MigrationOfShareWithSnapshotNFSTest-522614245 tempest-MigrationOfShareWithSnapshotNFSTest-522614245-project-admin] Create NFS share of 1 GB
Feb 19 01:29:17.198474 np0000156445 devstack@m-api.service[46932]: INFO manila.api.openstack.wsgi [None req-ef11b155-1a10-408d-bb11-f7622481ff0a tempest-MigrationCancelNFSTest-1858551862 tempest-MigrationCancelNFSTest-1858551862-project-admin] https://162.253.55.212/share/v2/9f7bb987794f44dbb22986c1ea1f97f2/shares returned with HTTP 200
Feb 19 01:29:17.199674 np0000156445 devstack@m-api.service[46932]: [pid: 46932|app: 0|req: 47/92] 162.253.55.212 () {68 vars in 1407 bytes} [Thu Feb 19 01:29:16 2026] POST /share/v2/9f7bb987794f44dbb22986c1ea1f97f2/shares => generated 1453 bytes in 210 msecs (HTTP/1.1 200) 7 headers in 298 bytes (1 switches on core 0)
Feb 19 01:29:17.205924 np0000156445 devstack@m-api.service[46932]: INFO manila.api.openstack.wsgi [None req-318af913-ff95-4d5c-99eb-4a5532a59417 tempest-MigrationWithDifferentSnapshotSupportNFSTest-654445078 tempest-MigrationWithDifferentSnapshotSupportNFSTest-654445078-project-admin] GET https://162.253.55.212/share/v2/20833c0a5b1145599dc8b8a3102fa364/shares/a18092aa-c2e0-4f23-ba4c-d23c149c9455
Feb 19 01:29:17.206983 np0000156445 devstack@m-api.service[46932]: DEBUG manila.api.openstack.wsgi [None req-318af913-ff95-4d5c-99eb-4a5532a59417 tempest-MigrationWithDifferentSnapshotSupportNFSTest-654445078 tempest-MigrationWithDifferentSnapshotSupportNFSTest-654445078-project-admin] Empty body provided in request {{(pid=46932) get_body /opt/stack/manila/manila/api/openstack/wsgi.py:652}}
Feb 19 01:29:17.206983 np0000156445 devstack@m-api.service[46932]: DEBUG manila.api.openstack.wsgi [None req-318af913-ff95-4d5c-99eb-4a5532a59417 tempest-MigrationWithDifferentSnapshotSupportNFSTest-654445078 tempest-MigrationWithDifferentSnapshotSupportNFSTest-654445078-project-admin] Calling method 'ShareMixin.show' {{(pid=46932) _process_stack /opt/stack/manila/manila/api/openstack/wsgi.py:798}}
Feb 19 01:29:17.239929 np0000156445 devstack@m-api.service[46932]: INFO manila.api.openstack.wsgi [None req-318af913-ff95-4d5c-99eb-4a5532a59417 tempest-MigrationWithDifferentSnapshotSupportNFSTest-654445078 tempest-MigrationWithDifferentSnapshotSupportNFSTest-654445078-project-admin] https://162.253.55.212/share/v2/20833c0a5b1145599dc8b8a3102fa364/shares/a18092aa-c2e0-4f23-ba4c-d23c149c9455 returned with HTTP 200
Feb 19 01:29:17.242234 np0000156445 devstack@m-api.service[46932]: [pid: 46932|app: 0|req: 48/93] 162.253.55.212 () {66 vars in 1496 bytes} [Thu Feb 19 01:29:17 2026] GET /share/v2/20833c0a5b1145599dc8b8a3102fa364/shares/a18092aa-c2e0-4f23-ba4c-d23c149c9455 => generated 1547 bytes in 42 msecs (HTTP/1.1 200) 7 headers in 298 bytes (1 switches on core 0)
Feb 19 01:29:17.245380 np0000156445 devstack@m-api.service[46933]: DEBUG manila.quota [None req-d8d842f1-6e14-4c6a-8e60-0d7aa139e641 tempest-MigrationOfShareWithSnapshotNFSTest-522614245 tempest-MigrationOfShareWithSnapshotNFSTest-522614245-project-admin] Created reservations ['e44a10a4-fa28-4f99-972b-52d05ed92c02', 'f1811473-2903-4038-bd17-b8a262a909e5', '25af5df3-5b8b-46e0-9001-dbc918155e6d', 'b3d5bc51-1563-43d1-bfb5-9a9e8e248b0e'] {{(pid=46933) reserve /opt/stack/manila/manila/quota.py:1038}}
Feb 19 01:29:17.245447 np0000156445 devstack@m-api.service[46932]: INFO manila.api.openstack.wsgi [None req-f048c830-10b2-4600-aea7-c55d5a228a9e tempest-ShareGroupTypesTest-1910224554 tempest-ShareGroupTypesTest-1910224554-project-admin] DELETE https://162.253.55.212/share/v2/326dd35b578f425d8ef2c00ff8845405/share-group-types/191474ed-cb28-4647-a36c-832b2306dc41
Feb 19 01:29:17.245447 np0000156445 devstack@m-api.service[46932]: DEBUG manila.api.openstack.wsgi [None req-f048c830-10b2-4600-aea7-c55d5a228a9e tempest-ShareGroupTypesTest-1910224554 tempest-ShareGroupTypesTest-1910224554-project-admin] Empty body provided in request {{(pid=46932) get_body /opt/stack/manila/manila/api/openstack/wsgi.py:652}}
Feb 19 01:29:17.245447 np0000156445 devstack@m-api.service[46932]: DEBUG manila.api.openstack.wsgi [None req-f048c830-10b2-4600-aea7-c55d5a228a9e tempest-ShareGroupTypesTest-1910224554 tempest-ShareGroupTypesTest-1910224554-project-admin] Calling method 'Controller.__getattribute__..version_select' {{(pid=46932) _process_stack /opt/stack/manila/manila/api/openstack/wsgi.py:798}}
Feb 19 01:29:17.248646 np0000156445 devstack@m-api.service[46932]: INFO manila.api.openstack.wsgi [None req-f048c830-10b2-4600-aea7-c55d5a228a9e tempest-ShareGroupTypesTest-1910224554 tempest-ShareGroupTypesTest-1910224554-project-admin] HTTP exception thrown: The resource could not be found.
Feb 19 01:29:17.248646 np0000156445 devstack@m-api.service[46932]: INFO manila.api.openstack.wsgi [None req-f048c830-10b2-4600-aea7-c55d5a228a9e tempest-ShareGroupTypesTest-1910224554 tempest-ShareGroupTypesTest-1910224554-project-admin] https://162.253.55.212/share/v2/326dd35b578f425d8ef2c00ff8845405/share-group-types/191474ed-cb28-4647-a36c-832b2306dc41 returned with HTTP 404
Feb 19 01:29:17.250891 np0000156445 devstack@m-api.service[46932]: [pid: 46932|app: 0|req: 49/94] 162.253.55.212 () {66 vars in 1532 bytes} [Thu Feb 19 01:29:17 2026] DELETE /share/v2/326dd35b578f425d8ef2c00ff8845405/share-group-types/191474ed-cb28-4647-a36c-832b2306dc41 => generated 78 bytes in 6 msecs (HTTP/1.1 404) 7 headers in 303 bytes (1 switches on core 0)
Feb 19 01:29:17.319337 np0000156445 devstack@m-api.service[46932]: INFO manila.api.openstack.wsgi [None req-1da80fc3-56ca-40b5-a5f7-bca0793a2531 tempest-AdminActionsNegativeTest-1761177005 tempest-AdminActionsNegativeTest-1761177005-project-member] POST https://162.253.55.212/share/v2/561be2e53d0d438497aa1f3618b73eee/share-networks
Feb 19 01:29:17.320472 np0000156445 devstack@m-api.service[46932]: DEBUG manila.api.openstack.wsgi [None req-1da80fc3-56ca-40b5-a5f7-bca0793a2531 tempest-AdminActionsNegativeTest-1761177005 tempest-AdminActionsNegativeTest-1761177005-project-member] Action: 'create', calling method: ShareNetworkController.create, body: {"share_network": {"name": "autogenerated_by_tempest", "description": "This share-network was created by tempest"}} {{(pid=46932) _process_stack /opt/stack/manila/manila/api/openstack/wsgi.py:796}}
Feb 19 01:29:17.322733 np0000156445 devstack@m-api.service[46933]: DEBUG manila.quota [None req-d8d842f1-6e14-4c6a-8e60-0d7aa139e641 tempest-MigrationOfShareWithSnapshotNFSTest-522614245 tempest-MigrationOfShareWithSnapshotNFSTest-522614245-project-admin] Committed reservations ['e44a10a4-fa28-4f99-972b-52d05ed92c02', 'f1811473-2903-4038-bd17-b8a262a909e5', '25af5df3-5b8b-46e0-9001-dbc918155e6d', 'b3d5bc51-1563-43d1-bfb5-9a9e8e248b0e'] {{(pid=46933) commit /opt/stack/manila/manila/quota.py:1066}}
Feb 19 01:29:17.351915 np0000156445 devstack@m-api.service[46932]: DEBUG manila.quota [None req-1da80fc3-56ca-40b5-a5f7-bca0793a2531 tempest-AdminActionsNegativeTest-1761177005 tempest-AdminActionsNegativeTest-1761177005-project-member] Created reservations ['6013d345-aa5d-4f9b-ac60-83eac85a9066'] {{(pid=46932) reserve /opt/stack/manila/manila/quota.py:1038}}
Feb 19 01:29:17.387332 np0000156445 devstack@m-api.service[46933]: INFO manila.api.openstack.wsgi [None req-d8d842f1-6e14-4c6a-8e60-0d7aa139e641 tempest-MigrationOfShareWithSnapshotNFSTest-522614245 tempest-MigrationOfShareWithSnapshotNFSTest-522614245-project-admin] https://162.253.55.212/share/v2/808b9ac70eca489797012bb15eb700cd/shares returned with HTTP 200
Feb 19 01:29:17.388033 np0000156445 devstack@m-api.service[46933]: [pid: 46933|app: 0|req: 46/95] 162.253.55.212 () {68 vars in 1407 bytes} [Thu Feb 19 01:29:17 2026] POST /share/v2/808b9ac70eca489797012bb15eb700cd/shares => generated 1467 bytes in 208 msecs (HTTP/1.1 200) 7 headers in 298 bytes (1 switches on core 0)
Feb 19 01:29:17.390362 np0000156445 devstack@m-api.service[46933]: INFO manila.api.openstack.wsgi [None req-23adfb30-4cfe-4190-8ff7-356a6df1c9b1 tempest-ShareMultiBackendTest-786865051 tempest-ShareMultiBackendTest-786865051-project-admin] GET https://162.253.55.212/share/v2/84e3fbda36c048599b53204819d72d03/shares/affae1c7-827f-41d2-a86c-8662565fcde3
Feb 19 01:29:17.390691 np0000156445 devstack@m-api.service[46933]: DEBUG manila.api.openstack.wsgi [None req-23adfb30-4cfe-4190-8ff7-356a6df1c9b1 tempest-ShareMultiBackendTest-786865051 tempest-ShareMultiBackendTest-786865051-project-admin] Empty body provided in request {{(pid=46933) get_body /opt/stack/manila/manila/api/openstack/wsgi.py:652}}
Feb 19 01:29:17.391910 np0000156445 devstack@m-api.service[46933]: DEBUG manila.api.openstack.wsgi [None req-23adfb30-4cfe-4190-8ff7-356a6df1c9b1 tempest-ShareMultiBackendTest-786865051 tempest-ShareMultiBackendTest-786865051-project-admin] Calling method 'ShareMixin.show' {{(pid=46933) _process_stack /opt/stack/manila/manila/api/openstack/wsgi.py:798}}
Feb 19 01:29:17.410077 np0000156445 devstack@m-api.service[46933]: INFO manila.api.openstack.wsgi [None req-23adfb30-4cfe-4190-8ff7-356a6df1c9b1 tempest-ShareMultiBackendTest-786865051 tempest-ShareMultiBackendTest-786865051-project-admin] https://162.253.55.212/share/v2/84e3fbda36c048599b53204819d72d03/shares/affae1c7-827f-41d2-a86c-8662565fcde3 returned with HTTP 200
Feb 19 01:29:17.410845 np0000156445 devstack@m-api.service[46933]: [pid: 46933|app: 0|req: 47/96] 162.253.55.212 () {66 vars in 1496 bytes} [Thu Feb 19 01:29:17 2026] GET /share/v2/84e3fbda36c048599b53204819d72d03/shares/affae1c7-827f-41d2-a86c-8662565fcde3 => generated 1545 bytes in 22 msecs (HTTP/1.1 200) 7 headers in 298 bytes (1 switches on core 0)
Feb 19 01:29:17.412460 np0000156445 devstack@m-api.service[46932]: DEBUG manila.quota [None req-1da80fc3-56ca-40b5-a5f7-bca0793a2531 tempest-AdminActionsNegativeTest-1761177005 tempest-AdminActionsNegativeTest-1761177005-project-member] Committed reservations ['6013d345-aa5d-4f9b-ac60-83eac85a9066'] {{(pid=46932) commit /opt/stack/manila/manila/quota.py:1066}}
Feb 19 01:29:17.448381 np0000156445 devstack@m-api.service[46932]: INFO manila.api.openstack.wsgi [None req-1da80fc3-56ca-40b5-a5f7-bca0793a2531 tempest-AdminActionsNegativeTest-1761177005 tempest-AdminActionsNegativeTest-1761177005-project-member] https://162.253.55.212/share/v2/561be2e53d0d438497aa1f3618b73eee/share-networks returned with HTTP 200
Feb 19 01:29:17.450020 np0000156445 devstack@m-api.service[46932]: [pid: 46932|app: 0|req: 50/97] 162.253.55.212 () {68 vars in 1431 bytes} [Thu Feb 19 01:29:17 2026] POST /share/v2/561be2e53d0d438497aa1f3618b73eee/share-networks => generated 723 bytes in 200 msecs (HTTP/1.1 200) 7 headers in 297 bytes (1 switches on core 0)
Feb 19 01:29:17.455913 np0000156445 devstack@m-api.service[46932]: INFO manila.api.openstack.wsgi [None req-01c862ae-a68f-479e-a97a-217a38b51657 tempest-AdminActionsAPIOnlyNegativeTest-1220577481 tempest-AdminActionsAPIOnlyNegativeTest-1220577481-project-admin] POST https://162.253.55.212/share/v2/db1230881f6b486ebaf5354d79b041e0/shares/fake/action
Feb 19 01:29:17.458879 np0000156445 devstack@m-api.service[46932]: DEBUG manila.api.openstack.wsgi [None req-01c862ae-a68f-479e-a97a-217a38b51657 tempest-AdminActionsAPIOnlyNegativeTest-1220577481 tempest-AdminActionsAPIOnlyNegativeTest-1220577481-project-admin] Action body: b'{"force_delete": null}' {{(pid=46932) get_method /opt/stack/manila/manila/api/openstack/wsgi.py:912}}
Feb 19 01:29:17.458879 np0000156445 devstack@m-api.service[46932]: DEBUG manila.api.openstack.wsgi [None req-01c862ae-a68f-479e-a97a-217a38b51657 tempest-AdminActionsAPIOnlyNegativeTest-1220577481 tempest-AdminActionsAPIOnlyNegativeTest-1220577481-project-admin] Action: 'action', calling method: Controller.__getattribute__..version_select, body: {"force_delete": null} {{(pid=46932) _process_stack /opt/stack/manila/manila/api/openstack/wsgi.py:796}}
Feb 19 01:29:17.478706 np0000156445 devstack@m-api.service[46932]: INFO manila.api.openstack.wsgi [None req-01c862ae-a68f-479e-a97a-217a38b51657 tempest-AdminActionsAPIOnlyNegativeTest-1220577481 tempest-AdminActionsAPIOnlyNegativeTest-1220577481-project-admin] HTTP exception thrown: Resource could not be found.
Feb 19 01:29:17.478706 np0000156445 devstack@m-api.service[46932]: INFO manila.api.openstack.wsgi [None req-01c862ae-a68f-479e-a97a-217a38b51657 tempest-AdminActionsAPIOnlyNegativeTest-1220577481 tempest-AdminActionsAPIOnlyNegativeTest-1220577481-project-admin] https://162.253.55.212/share/v2/db1230881f6b486ebaf5354d79b041e0/shares/fake/action returned with HTTP 404
Feb 19 01:29:17.478706 np0000156445 devstack@m-api.service[46932]: [pid: 46932|app: 0|req: 51/98] 162.253.55.212 () {68 vars in 1442 bytes} [Thu Feb 19 01:29:17 2026] POST /share/v2/db1230881f6b486ebaf5354d79b041e0/shares/fake/action => generated 78 bytes in 28 msecs (HTTP/1.1 404) 7 headers in 303 bytes (1 switches on core 0)
Feb 19 01:29:17.495487 np0000156445 devstack@m-api.service[46932]: INFO manila.api.openstack.wsgi [None req-0530e0e3-6aa3-47a7-8200-dfc68c1550ba tempest-ExportLocationsNegativeTest-1511116645 tempest-ExportLocationsNegativeTest-1511116645-project-admin] POST https://162.253.55.212/share/v2/d66938fb1d9e4e1db88506494277bc62/shares
Feb 19 01:29:17.498935 np0000156445 devstack@m-api.service[46932]: DEBUG manila.api.openstack.wsgi [None req-0530e0e3-6aa3-47a7-8200-dfc68c1550ba tempest-ExportLocationsNegativeTest-1511116645 tempest-ExportLocationsNegativeTest-1511116645-project-admin] Action: 'create', calling method: Controller.__getattribute__..version_select, body: {"share": {"share_proto": "nfs", "description": "Tempest's share", "snapshot_id": null, "name": "tempest-tempest-created-share-540146042", "size": 1, "metadata": {}, "is_public": false, "share_network_id": "5314cd5b-17cd-42f3-9a70-856749603422", "share_type": "f6547b57-b3d3-44c8-a109-5172d8e8fc45"}} {{(pid=46932) _process_stack /opt/stack/manila/manila/api/openstack/wsgi.py:796}}
Feb 19 01:29:17.500687 np0000156445 devstack@m-api.service[46932]: INFO manila.api.v2.shares [None req-0530e0e3-6aa3-47a7-8200-dfc68c1550ba tempest-ExportLocationsNegativeTest-1511116645 tempest-ExportLocationsNegativeTest-1511116645-project-admin] Create NFS share of 1 GB
Feb 19 01:29:17.556475 np0000156445 devstack@m-api.service[46933]: INFO manila.api.openstack.wsgi [None req-4198d40b-b096-407e-a195-15502662bfc1 tempest-ServicesAdminNegativeTest-1025254536 tempest-ServicesAdminNegativeTest-1025254536-project-member] POST https://162.253.55.212/share/v2/405d65eeefdc4c65b66d25035d595ba0/share-networks
Feb 19 01:29:17.557520 np0000156445 devstack@m-api.service[46933]: DEBUG manila.api.openstack.wsgi [None req-4198d40b-b096-407e-a195-15502662bfc1 tempest-ServicesAdminNegativeTest-1025254536 tempest-ServicesAdminNegativeTest-1025254536-project-member] Action: 'create', calling method: ShareNetworkController.create, body: {"share_network": {"name": "autogenerated_by_tempest", "description": "This share-network was created by tempest"}} {{(pid=46933) _process_stack /opt/stack/manila/manila/api/openstack/wsgi.py:796}}
Feb 19 01:29:17.608213 np0000156445 devstack@m-api.service[46933]: DEBUG manila.quota [None req-4198d40b-b096-407e-a195-15502662bfc1 tempest-ServicesAdminNegativeTest-1025254536 tempest-ServicesAdminNegativeTest-1025254536-project-member] Created reservations ['4a818e02-5e39-4700-bfde-9f15e1ca0bc3'] {{(pid=46933) reserve /opt/stack/manila/manila/quota.py:1038}}
Feb 19 01:29:17.645488 np0000156445 devstack@m-api.service[46932]: DEBUG manila.quota [None req-0530e0e3-6aa3-47a7-8200-dfc68c1550ba tempest-ExportLocationsNegativeTest-1511116645 tempest-ExportLocationsNegativeTest-1511116645-project-admin] Created reservations ['6ae2f3a9-7b7c-4b30-8f7f-71f374d4e781', '237b689d-7102-41e5-8ad4-7df2683c56ba', '6ebb53d1-ea03-4a8d-9203-2bb60c6e8c48', 'f8dfb2fd-9f04-4c1c-bd10-322df5d5b213'] {{(pid=46932) reserve /opt/stack/manila/manila/quota.py:1038}}
Feb 19 01:29:17.677311 np0000156445 devstack@m-api.service[46933]: DEBUG manila.quota [None req-4198d40b-b096-407e-a195-15502662bfc1 tempest-ServicesAdminNegativeTest-1025254536 tempest-ServicesAdminNegativeTest-1025254536-project-member] Committed reservations ['4a818e02-5e39-4700-bfde-9f15e1ca0bc3'] {{(pid=46933) commit /opt/stack/manila/manila/quota.py:1066}}
Feb 19 01:29:17.707813 np0000156445 devstack@m-api.service[46933]: INFO manila.api.openstack.wsgi [None req-4198d40b-b096-407e-a195-15502662bfc1 tempest-ServicesAdminNegativeTest-1025254536 tempest-ServicesAdminNegativeTest-1025254536-project-member] https://162.253.55.212/share/v2/405d65eeefdc4c65b66d25035d595ba0/share-networks returned with HTTP 200
Feb 19 01:29:17.709625 np0000156445 devstack@m-api.service[46933]: [pid: 46933|app: 0|req: 48/99] 162.253.55.212 () {68 vars in 1431 bytes} [Thu Feb 19 01:29:17 2026] POST /share/v2/405d65eeefdc4c65b66d25035d595ba0/share-networks => generated 723 bytes in 297 msecs (HTTP/1.1 200) 7 headers in 297 bytes (1 switches on core 0)
Feb 19 01:29:17.731189 np0000156445 devstack@m-api.service[46932]: DEBUG manila.quota [None req-0530e0e3-6aa3-47a7-8200-dfc68c1550ba tempest-ExportLocationsNegativeTest-1511116645 tempest-ExportLocationsNegativeTest-1511116645-project-admin] Committed reservations ['6ae2f3a9-7b7c-4b30-8f7f-71f374d4e781', '237b689d-7102-41e5-8ad4-7df2683c56ba', '6ebb53d1-ea03-4a8d-9203-2bb60c6e8c48', 'f8dfb2fd-9f04-4c1c-bd10-322df5d5b213'] {{(pid=46932) commit /opt/stack/manila/manila/quota.py:1066}}
Feb 19 01:29:17.796607 np0000156445 devstack@m-api.service[46932]: INFO manila.api.openstack.wsgi [None req-0530e0e3-6aa3-47a7-8200-dfc68c1550ba tempest-ExportLocationsNegativeTest-1511116645 tempest-ExportLocationsNegativeTest-1511116645-project-admin] https://162.253.55.212/share/v2/d66938fb1d9e4e1db88506494277bc62/shares returned with HTTP 200
Feb 19 01:29:17.798381 np0000156445 devstack@m-api.service[46932]: [pid: 46932|app: 0|req: 52/100] 162.253.55.212 () {68 vars in 1407 bytes} [Thu Feb 19 01:29:17 2026] POST /share/v2/d66938fb1d9e4e1db88506494277bc62/shares => generated 1416 bytes in 318 msecs (HTTP/1.1 200) 7 headers in 298 bytes (1 switches on core 0)
Feb 19 01:29:17.801502 np0000156445 devstack@m-api.service[46932]: INFO manila.api.openstack.wsgi [None req-8607c7a4-d715-4127-a16d-769e6a1dcb55 tempest-ReplicaQuotasNegativeTest-1033590793 tempest-ReplicaQuotasNegativeTest-1033590793-project-admin] POST https://162.253.55.212/share/v2/8daf24a2a940489e9bb62495073eea69/types
Feb 19 01:29:17.801502 np0000156445 devstack@m-api.service[46932]: DEBUG manila.api.openstack.wsgi [None req-8607c7a4-d715-4127-a16d-769e6a1dcb55 tempest-ReplicaQuotasNegativeTest-1033590793 tempest-ReplicaQuotasNegativeTest-1033590793-project-admin] Action: 'create', calling method: Controller.__getattribute__..version_select, body: {"share_type": {"name": "tempest-typeshare-type-70434753", "extra_specs": {"driver_handles_share_servers": "True", "replication_type": "readable"}, "share_type_access:is_public": true}} {{(pid=46932) _process_stack /opt/stack/manila/manila/api/openstack/wsgi.py:796}}
Feb 19 01:29:17.818678 np0000156445 devstack@m-api.service[46932]: INFO manila.api.openstack.wsgi [None req-8607c7a4-d715-4127-a16d-769e6a1dcb55 tempest-ReplicaQuotasNegativeTest-1033590793 tempest-ReplicaQuotasNegativeTest-1033590793-project-admin] https://162.253.55.212/share/v2/8daf24a2a940489e9bb62495073eea69/types returned with HTTP 200
Feb 19 01:29:17.819516 np0000156445 devstack@m-api.service[46932]: [pid: 46932|app: 0|req: 53/101] 162.253.55.212 () {68 vars in 1404 bytes} [Thu Feb 19 01:29:17 2026] POST /share/v2/8daf24a2a940489e9bb62495073eea69/types => generated 679 bytes in 22 msecs (HTTP/1.1 200) 7 headers in 297 bytes (1 switches on core 0)
Feb 19 01:29:17.823170 np0000156445 devstack@m-api.service[46932]: INFO manila.api.openstack.wsgi [None req-8f7085ed-a9fb-4029-9486-553ae126d072 tempest-MigrationCancelNFSTest-1858551862 tempest-MigrationCancelNFSTest-1858551862-project-admin] GET https://162.253.55.212/share/v2/9f7bb987794f44dbb22986c1ea1f97f2/shares/ab70aeea-6ca0-4e9b-afa3-823b0c2594c5
Feb 19 01:29:17.823170 np0000156445 devstack@m-api.service[46932]: DEBUG manila.api.openstack.wsgi [None req-8f7085ed-a9fb-4029-9486-553ae126d072 tempest-MigrationCancelNFSTest-1858551862 tempest-MigrationCancelNFSTest-1858551862-project-admin] Empty body provided in request {{(pid=46932) get_body /opt/stack/manila/manila/api/openstack/wsgi.py:652}}
Feb 19 01:29:17.823487 np0000156445 devstack@m-api.service[46932]: DEBUG manila.api.openstack.wsgi [None req-8f7085ed-a9fb-4029-9486-553ae126d072 tempest-MigrationCancelNFSTest-1858551862 tempest-MigrationCancelNFSTest-1858551862-project-admin] Calling method 'ShareMixin.show' {{(pid=46932) _process_stack /opt/stack/manila/manila/api/openstack/wsgi.py:798}}
Feb 19 01:29:17.836305 np0000156445 devstack@m-api.service[46932]: INFO manila.api.openstack.wsgi [None req-8f7085ed-a9fb-4029-9486-553ae126d072 tempest-MigrationCancelNFSTest-1858551862 tempest-MigrationCancelNFSTest-1858551862-project-admin] https://162.253.55.212/share/v2/9f7bb987794f44dbb22986c1ea1f97f2/shares/ab70aeea-6ca0-4e9b-afa3-823b0c2594c5 returned with HTTP 200
Feb 19 01:29:17.837545 np0000156445 devstack@m-api.service[46932]: [pid: 46932|app: 0|req: 54/102] 162.253.55.212 () {66 vars in 1496 bytes} [Thu Feb 19 01:29:17 2026] GET /share/v2/9f7bb987794f44dbb22986c1ea1f97f2/shares/ab70aeea-6ca0-4e9b-afa3-823b0c2594c5 => generated 1536 bytes in 17 msecs (HTTP/1.1 200) 7 headers in 298 bytes (1 switches on core 0)
Feb 19 01:29:17.840890 np0000156445 devstack@m-api.service[46932]: INFO manila.api.openstack.wsgi [None req-47e702ad-8488-4eb8-850b-2d2ecab79f62 tempest-ShareGroupTypesTest-1910224554 tempest-ShareGroupTypesTest-1910224554-project-admin] POST https://162.253.55.212/share/v2/326dd35b578f425d8ef2c00ff8845405/share-group-types
Feb 19 01:29:17.840890 np0000156445 devstack@m-api.service[46932]: DEBUG manila.api.openstack.wsgi [None req-47e702ad-8488-4eb8-850b-2d2ecab79f62 tempest-ShareGroupTypesTest-1910224554 tempest-ShareGroupTypesTest-1910224554-project-admin] Action: 'create', calling method: Controller.__getattribute__..version_select, body: {"share_group_type": {"name": "tempest-tempest-manila-197193866", "share_types": ["c2e922e3-68a6-4ebd-a743-abbc30508f02"], "group_specs": {"consistent_snapshot_support": "pool"}}} {{(pid=46932) _process_stack /opt/stack/manila/manila/api/openstack/wsgi.py:796}}
Feb 19 01:29:17.858894 np0000156445 devstack@m-api.service[46933]: INFO manila.api.openstack.wsgi [None req-74829c6c-d2d6-4706-9f2d-4ab3d7db12a0 tempest-ShareGroupTypesAdminNegativeTest-2126191064 tempest-ShareGroupTypesAdminNegativeTest-2126191064-project-member] POST https://162.253.55.212/share/v2/6517414c82e34ec68f69ddaa3ef72cb8/share-networks
Feb 19 01:29:17.862333 np0000156445 devstack@m-api.service[46933]: DEBUG manila.api.openstack.wsgi [None req-74829c6c-d2d6-4706-9f2d-4ab3d7db12a0 tempest-ShareGroupTypesAdminNegativeTest-2126191064 tempest-ShareGroupTypesAdminNegativeTest-2126191064-project-member] Action: 'create', calling method: ShareNetworkController.create, body: {"share_network": {"name": "autogenerated_by_tempest", "description": "This share-network was created by tempest"}} {{(pid=46933) _process_stack /opt/stack/manila/manila/api/openstack/wsgi.py:796}}
Feb 19 01:29:17.866658 np0000156445 devstack@m-api.service[46932]: INFO manila.api.openstack.wsgi [None req-47e702ad-8488-4eb8-850b-2d2ecab79f62 tempest-ShareGroupTypesTest-1910224554 tempest-ShareGroupTypesTest-1910224554-project-admin] https://162.253.55.212/share/v2/326dd35b578f425d8ef2c00ff8845405/share-group-types returned with HTTP 200
Feb 19 01:29:17.866658 np0000156445 devstack@m-api.service[46932]: [pid: 46932|app: 0|req: 55/103] 162.253.55.212 () {70 vars in 1488 bytes} [Thu Feb 19 01:29:17 2026] POST /share/v2/326dd35b578f425d8ef2c00ff8845405/share-group-types => generated 244 bytes in 28 msecs (HTTP/1.1 200) 8 headers in 340 bytes (1 switches on core 0)
Feb 19 01:29:17.872927 np0000156445 devstack@m-api.service[46932]: INFO manila.api.openstack.wsgi [None req-278d9eeb-a4cc-4fa7-b409-58d599b8beb2 tempest-MigrationOfShareWithSnapshotNFSTest-522614245 tempest-MigrationOfShareWithSnapshotNFSTest-522614245-project-admin] GET https://162.253.55.212/share/v2/808b9ac70eca489797012bb15eb700cd/shares/f6b054f6-36fb-4423-a010-06ae52647669
Feb 19 01:29:17.876022 np0000156445 devstack@m-api.service[46932]: DEBUG manila.api.openstack.wsgi [None req-278d9eeb-a4cc-4fa7-b409-58d599b8beb2 tempest-MigrationOfShareWithSnapshotNFSTest-522614245 tempest-MigrationOfShareWithSnapshotNFSTest-522614245-project-admin] Empty body provided in request {{(pid=46932) get_body /opt/stack/manila/manila/api/openstack/wsgi.py:652}}
Feb 19 01:29:17.876022 np0000156445 devstack@m-api.service[46932]: DEBUG manila.api.openstack.wsgi [None req-278d9eeb-a4cc-4fa7-b409-58d599b8beb2 tempest-MigrationOfShareWithSnapshotNFSTest-522614245 tempest-MigrationOfShareWithSnapshotNFSTest-522614245-project-admin] Calling method 'ShareMixin.show' {{(pid=46932) _process_stack /opt/stack/manila/manila/api/openstack/wsgi.py:798}}
Feb 19 01:29:17.909943 np0000156445 devstack@m-api.service[46933]: DEBUG manila.quota [None req-74829c6c-d2d6-4706-9f2d-4ab3d7db12a0 tempest-ShareGroupTypesAdminNegativeTest-2126191064 tempest-ShareGroupTypesAdminNegativeTest-2126191064-project-member] Created reservations ['f6c5c0c9-6885-4376-95c4-17c12b2db186'] {{(pid=46933) reserve /opt/stack/manila/manila/quota.py:1038}}
Feb 19 01:29:17.915529 np0000156445 devstack@m-api.service[46932]: INFO manila.api.openstack.wsgi [None req-278d9eeb-a4cc-4fa7-b409-58d599b8beb2 tempest-MigrationOfShareWithSnapshotNFSTest-522614245 tempest-MigrationOfShareWithSnapshotNFSTest-522614245-project-admin] https://162.253.55.212/share/v2/808b9ac70eca489797012bb15eb700cd/shares/f6b054f6-36fb-4423-a010-06ae52647669 returned with HTTP 200
Feb 19 01:29:17.917984 np0000156445 devstack@m-api.service[46932]: [pid: 46932|app: 0|req: 56/104] 162.253.55.212 () {66 vars in 1496 bytes} [Thu Feb 19 01:29:17 2026] GET /share/v2/808b9ac70eca489797012bb15eb700cd/shares/f6b054f6-36fb-4423-a010-06ae52647669 => generated 1548 bytes in 49 msecs (HTTP/1.1 200) 7 headers in 298 bytes (1 switches on core 0)
Feb 19 01:29:17.927208 np0000156445 devstack@m-api.service[46932]: INFO manila.api.openstack.wsgi [None req-6019e0c8-f607-4b57-b732-577a7d5a0ce0 tempest-AdminActionsNegativeTest-1127059240 tempest-AdminActionsNegativeTest-1127059240-project-admin] POST https://162.253.55.212/share/v2/7792cd0b6b774cbd808d891bc889d30b/types
Feb 19 01:29:17.927902 np0000156445 devstack@m-api.service[46932]: DEBUG manila.api.openstack.wsgi [None req-6019e0c8-f607-4b57-b732-577a7d5a0ce0 tempest-AdminActionsNegativeTest-1127059240 tempest-AdminActionsNegativeTest-1127059240-project-admin] Action: 'create', calling method: Controller.__getattribute__..version_select, body: {"share_type": {"name": "tempest-typeshare-type-1765469322", "extra_specs": {"driver_handles_share_servers": "True", "snapshot_support": true}, "share_type_access:is_public": true}} {{(pid=46932) _process_stack /opt/stack/manila/manila/api/openstack/wsgi.py:796}}
Feb 19 01:29:17.952782 np0000156445 devstack@m-api.service[46932]: INFO manila.api.openstack.wsgi [None req-6019e0c8-f607-4b57-b732-577a7d5a0ce0 tempest-AdminActionsNegativeTest-1127059240 tempest-AdminActionsNegativeTest-1127059240-project-admin] https://162.253.55.212/share/v2/7792cd0b6b774cbd808d891bc889d30b/types returned with HTTP 200
Feb 19 01:29:17.953516 np0000156445 devstack@m-api.service[46932]: [pid: 46932|app: 0|req: 57/105] 162.253.55.212 () {68 vars in 1404 bytes} [Thu Feb 19 01:29:17 2026] POST /share/v2/7792cd0b6b774cbd808d891bc889d30b/types => generated 675 bytes in 35 msecs (HTTP/1.1 200) 7 headers in 297 bytes (1 switches on core 0)
Feb 19 01:29:17.964702 np0000156445 devstack@m-api.service[46932]: INFO manila.api.openstack.wsgi [None req-8fccbe78-f45c-469b-9e1b-378ebd7dfeda tempest-AdminActionsAPIOnlyNegativeTest-1220577481 tempest-AdminActionsAPIOnlyNegativeTest-1220577481-project-admin] POST https://162.253.55.212/share/v2/db1230881f6b486ebaf5354d79b041e0/share_instances/fake/action
Feb 19 01:29:17.967786 np0000156445 devstack@m-api.service[46932]: DEBUG manila.api.openstack.wsgi [None req-8fccbe78-f45c-469b-9e1b-378ebd7dfeda tempest-AdminActionsAPIOnlyNegativeTest-1220577481 tempest-AdminActionsAPIOnlyNegativeTest-1220577481-project-admin] Action body: b'{"force_delete": null}' {{(pid=46932) get_method /opt/stack/manila/manila/api/openstack/wsgi.py:912}}
Feb 19 01:29:17.967786 np0000156445 devstack@m-api.service[46932]: DEBUG manila.api.openstack.wsgi [None req-8fccbe78-f45c-469b-9e1b-378ebd7dfeda tempest-AdminActionsAPIOnlyNegativeTest-1220577481 tempest-AdminActionsAPIOnlyNegativeTest-1220577481-project-admin] Action: 'action', calling method: Controller.__getattribute__..version_select, body: {"force_delete": null} {{(pid=46932) _process_stack /opt/stack/manila/manila/api/openstack/wsgi.py:796}}
Feb 19 01:29:17.984417 np0000156445 devstack@m-api.service[46932]: INFO manila.api.openstack.wsgi [None req-8fccbe78-f45c-469b-9e1b-378ebd7dfeda tempest-AdminActionsAPIOnlyNegativeTest-1220577481 tempest-AdminActionsAPIOnlyNegativeTest-1220577481-project-admin] HTTP exception thrown: Resource could not be found.
Feb 19 01:29:17.984693 np0000156445 devstack@m-api.service[46932]: INFO manila.api.openstack.wsgi [None req-8fccbe78-f45c-469b-9e1b-378ebd7dfeda tempest-AdminActionsAPIOnlyNegativeTest-1220577481 tempest-AdminActionsAPIOnlyNegativeTest-1220577481-project-admin] https://162.253.55.212/share/v2/db1230881f6b486ebaf5354d79b041e0/share_instances/fake/action returned with HTTP 404
Feb 19 01:29:17.988587 np0000156445 devstack@m-api.service[46932]: [pid: 46932|app: 0|req: 58/106] 162.253.55.212 () {68 vars in 1469 bytes} [Thu Feb 19 01:29:17 2026] POST /share/v2/db1230881f6b486ebaf5354d79b041e0/share_instances/fake/action => generated 78 bytes in 34 msecs (HTTP/1.1 404) 7 headers in 303 bytes (1 switches on core 0)
Feb 19 01:29:17.991779 np0000156445 devstack@m-api.service[46932]: INFO manila.api.openstack.wsgi [None req-9c281261-0e49-421d-9dc4-5f83e99c4a8e tempest-ServicesAdminNegativeTest-1744937801 tempest-ServicesAdminNegativeTest-1744937801-project-admin] GET https://162.253.55.212/share/v2/d95d5f342de346bd8434b047de824cee/services?binary=fake_binary
Feb 19 01:29:17.996753 np0000156445 devstack@m-api.service[46932]: DEBUG manila.api.openstack.wsgi [None req-9c281261-0e49-421d-9dc4-5f83e99c4a8e tempest-ServicesAdminNegativeTest-1744937801 tempest-ServicesAdminNegativeTest-1744937801-project-admin] Empty body provided in request {{(pid=46932) get_body /opt/stack/manila/manila/api/openstack/wsgi.py:652}}
Feb 19 01:29:17.997136 np0000156445 devstack@m-api.service[46932]: DEBUG manila.api.openstack.wsgi [None req-9c281261-0e49-421d-9dc4-5f83e99c4a8e tempest-ServicesAdminNegativeTest-1744937801 tempest-ServicesAdminNegativeTest-1744937801-project-admin] Calling method 'Controller.__getattribute__..version_select' {{(pid=46932) _process_stack /opt/stack/manila/manila/api/openstack/wsgi.py:798}}
Feb 19 01:29:18.000898 np0000156445 devstack@m-api.service[46933]: DEBUG manila.quota [None req-74829c6c-d2d6-4706-9f2d-4ab3d7db12a0 tempest-ShareGroupTypesAdminNegativeTest-2126191064 tempest-ShareGroupTypesAdminNegativeTest-2126191064-project-member] Committed reservations ['f6c5c0c9-6885-4376-95c4-17c12b2db186'] {{(pid=46933) commit /opt/stack/manila/manila/quota.py:1066}}
Feb 19 01:29:18.029196 np0000156445 devstack@m-api.service[46932]: INFO manila.api.openstack.wsgi [None req-9c281261-0e49-421d-9dc4-5f83e99c4a8e tempest-ServicesAdminNegativeTest-1744937801 tempest-ServicesAdminNegativeTest-1744937801-project-admin] https://162.253.55.212/share/v2/d95d5f342de346bd8434b047de824cee/services?binary=fake_binary returned with HTTP 200
Feb 19 01:29:18.032947 np0000156445 devstack@m-api.service[46932]: [pid: 46932|app: 0|req: 59/107] 162.253.55.212 () {66 vars in 1428 bytes} [Thu Feb 19 01:29:17 2026] GET /share/v2/d95d5f342de346bd8434b047de824cee/services?binary=fake_binary => generated 16 bytes in 42 msecs (HTTP/1.1 200) 7 headers in 296 bytes (1 switches on core 0)
Feb 19 01:29:18.040503 np0000156445 devstack@m-api.service[46932]: INFO manila.api.openstack.wsgi [None req-fbeba6be-16cb-4fc5-bc1d-3e710c8ee903 tempest-ExportLocationsNegativeTest-1511116645 tempest-ExportLocationsNegativeTest-1511116645-project-admin] GET https://162.253.55.212/share/v2/d66938fb1d9e4e1db88506494277bc62/shares/f815c7cb-03a6-48ce-b1b3-828f6c0978d4
Feb 19 01:29:18.040703 np0000156445 devstack@m-api.service[46932]: DEBUG manila.api.openstack.wsgi [None req-fbeba6be-16cb-4fc5-bc1d-3e710c8ee903 tempest-ExportLocationsNegativeTest-1511116645 tempest-ExportLocationsNegativeTest-1511116645-project-admin] Empty body provided in request {{(pid=46932) get_body /opt/stack/manila/manila/api/openstack/wsgi.py:652}}
Feb 19 01:29:18.040858 np0000156445 devstack@m-api.service[46932]: DEBUG manila.api.openstack.wsgi [None req-fbeba6be-16cb-4fc5-bc1d-3e710c8ee903 tempest-ExportLocationsNegativeTest-1511116645 tempest-ExportLocationsNegativeTest-1511116645-project-admin] Calling method 'ShareMixin.show' {{(pid=46932) _process_stack /opt/stack/manila/manila/api/openstack/wsgi.py:798}}
Feb 19 01:29:18.044974 np0000156445 devstack@m-api.service[46933]: INFO manila.api.openstack.wsgi [None req-74829c6c-d2d6-4706-9f2d-4ab3d7db12a0 tempest-ShareGroupTypesAdminNegativeTest-2126191064 tempest-ShareGroupTypesAdminNegativeTest-2126191064-project-member] https://162.253.55.212/share/v2/6517414c82e34ec68f69ddaa3ef72cb8/share-networks returned with HTTP 200
Feb 19 01:29:18.045727 np0000156445 devstack@m-api.service[46933]: [pid: 46933|app: 0|req: 49/108] 162.253.55.212 () {68 vars in 1431 bytes} [Thu Feb 19 01:29:17 2026] POST /share/v2/6517414c82e34ec68f69ddaa3ef72cb8/share-networks => generated 723 bytes in 336 msecs (HTTP/1.1 200) 7 headers in 297 bytes (1 switches on core 0)
Feb 19 01:29:18.054890 np0000156445 devstack@m-api.service[46933]: INFO manila.api.openstack.wsgi [None req-91515816-4966-4a39-9e86-73e54b035f0b tempest-ReplicaQuotasNegativeTest-1271551210 tempest-ReplicaQuotasNegativeTest-1271551210-project-member] GET https://162.253.55.212/share/v2/0522382129474a0daf57ea2129ad47d0/share-networks/eaa5ce01-fc9a-4705-acb5-277c5be351c1
Feb 19 01:29:18.054890 np0000156445 devstack@m-api.service[46933]: DEBUG manila.api.openstack.wsgi [None req-91515816-4966-4a39-9e86-73e54b035f0b tempest-ReplicaQuotasNegativeTest-1271551210 tempest-ReplicaQuotasNegativeTest-1271551210-project-member] Empty body provided in request {{(pid=46933) get_body /opt/stack/manila/manila/api/openstack/wsgi.py:652}}
Feb 19 01:29:18.055935 np0000156445 devstack@m-api.service[46933]: DEBUG manila.api.openstack.wsgi [None req-91515816-4966-4a39-9e86-73e54b035f0b tempest-ReplicaQuotasNegativeTest-1271551210 tempest-ReplicaQuotasNegativeTest-1271551210-project-member] Calling method 'ShareNetworkController.show' {{(pid=46933) _process_stack /opt/stack/manila/manila/api/openstack/wsgi.py:798}}
Feb 19 01:29:18.084090 np0000156445 devstack@m-api.service[46933]: INFO manila.api.openstack.wsgi [None req-91515816-4966-4a39-9e86-73e54b035f0b tempest-ReplicaQuotasNegativeTest-1271551210 tempest-ReplicaQuotasNegativeTest-1271551210-project-member] https://162.253.55.212/share/v2/0522382129474a0daf57ea2129ad47d0/share-networks/eaa5ce01-fc9a-4705-acb5-277c5be351c1 returned with HTTP 200
Feb 19 01:29:18.084635 np0000156445 devstack@m-api.service[46932]: INFO manila.api.openstack.wsgi [None req-fbeba6be-16cb-4fc5-bc1d-3e710c8ee903 tempest-ExportLocationsNegativeTest-1511116645 tempest-ExportLocationsNegativeTest-1511116645-project-admin] https://162.253.55.212/share/v2/d66938fb1d9e4e1db88506494277bc62/shares/f815c7cb-03a6-48ce-b1b3-828f6c0978d4 returned with HTTP 200
Feb 19 01:29:18.085185 np0000156445 devstack@m-api.service[46933]: [pid: 46933|app: 0|req: 50/109] 162.253.55.212 () {66 vars in 1520 bytes} [Thu Feb 19 01:29:18 2026] GET /share/v2/0522382129474a0daf57ea2129ad47d0/share-networks/eaa5ce01-fc9a-4705-acb5-277c5be351c1 => generated 723 bytes in 39 msecs (HTTP/1.1 200) 7 headers in 297 bytes (1 switches on core 0)
Feb 19 01:29:18.086604 np0000156445 devstack@m-api.service[46932]: [pid: 46932|app: 0|req: 60/110] 162.253.55.212 () {66 vars in 1496 bytes} [Thu Feb 19 01:29:18 2026] GET /share/v2/d66938fb1d9e4e1db88506494277bc62/shares/f815c7cb-03a6-48ce-b1b3-828f6c0978d4 => generated 1465 bytes in 56 msecs (HTTP/1.1 200) 7 headers in 298 bytes (1 switches on core 0)
Feb 19 01:29:18.090834 np0000156445 devstack@m-api.service[46932]: INFO manila.api.openstack.wsgi [None req-692fa914-444e-4ecc-b927-dea13813466a tempest-AdminActionsNegativeTest-1127059240 tempest-AdminActionsNegativeTest-1127059240-project-admin] POST https://162.253.55.212/share/v2/7792cd0b6b774cbd808d891bc889d30b/shares
Feb 19 01:29:18.095237 np0000156445 devstack@m-api.service[46932]: DEBUG manila.api.openstack.wsgi [None req-692fa914-444e-4ecc-b927-dea13813466a tempest-AdminActionsNegativeTest-1127059240 tempest-AdminActionsNegativeTest-1127059240-project-admin] Action: 'create', calling method: Controller.__getattribute__..version_select, body: {"share": {"share_proto": "nfs", "description": "Tempest's share", "snapshot_id": null, "name": "tempest-tempest-created-share-1287320844", "size": 1, "metadata": {}, "is_public": false, "share_network_id": "9955d5cc-e968-41ad-999e-46fd49c7d602", "share_type": "d23ebb1c-d7bf-48b0-a129-414dd2cc7c5e"}} {{(pid=46932) _process_stack /opt/stack/manila/manila/api/openstack/wsgi.py:796}}
Feb 19 01:29:18.096043 np0000156445 devstack@m-api.service[46932]: INFO manila.api.v2.shares [None req-692fa914-444e-4ecc-b927-dea13813466a tempest-AdminActionsNegativeTest-1127059240 tempest-AdminActionsNegativeTest-1127059240-project-admin] Create NFS share of 1 GB
Feb 19 01:29:18.097893 np0000156445 devstack@m-api.service[46933]: INFO manila.api.openstack.wsgi [None req-a79e5aae-99ac-4307-bc30-ea36082fdaea tempest-ShareGroupTypesTest-1910224554 tempest-ShareGroupTypesTest-1910224554-project-admin] GET https://162.253.55.212/share/v2/326dd35b578f425d8ef2c00ff8845405/share-group-types/ab1c7433-5486-4503-98c8-a0c2c2be3820
Feb 19 01:29:18.097893 np0000156445 devstack@m-api.service[46933]: DEBUG manila.api.openstack.wsgi [None req-a79e5aae-99ac-4307-bc30-ea36082fdaea tempest-ShareGroupTypesTest-1910224554 tempest-ShareGroupTypesTest-1910224554-project-admin] Empty body provided in request {{(pid=46933) get_body /opt/stack/manila/manila/api/openstack/wsgi.py:652}}
Feb 19 01:29:18.097893 np0000156445 devstack@m-api.service[46933]: DEBUG manila.api.openstack.wsgi [None req-a79e5aae-99ac-4307-bc30-ea36082fdaea tempest-ShareGroupTypesTest-1910224554 tempest-ShareGroupTypesTest-1910224554-project-admin] Calling method 'Controller.__getattribute__..version_select' {{(pid=46933) _process_stack /opt/stack/manila/manila/api/openstack/wsgi.py:798}}
