Feb 19 01:29:50.378745 np0000156445 devstack@m-api.service[46932]: INFO manila.api.openstack.wsgi [None req-f49775ca-30ff-49af-a3be-68c49a7e717c tempest-AccessesMetadataNegativeTest-236193505 tempest-AccessesMetadataNegativeTest-236193505-project-member] https://162.253.55.212/share/v2/d1dd21a50cf54bff80f51ee1e5c25eb5/share-networks returned with HTTP 200
Feb 19 01:29:50.381517 np0000156445 devstack@m-api.service[46932]: [pid: 46932|app: 0|req: 429/856] 162.253.55.212 () {68 vars in 1431 bytes} [Thu Feb 19 01:29:49 2026] POST /share/v2/d1dd21a50cf54bff80f51ee1e5c25eb5/share-networks => generated 723 bytes in 457 msecs (HTTP/1.1 200) 7 headers in 297 bytes (1 switches on core 0)
Feb 19 01:29:50.381915 np0000156445 devstack@m-api.service[46932]: INFO manila.api.openstack.wsgi [None req-09187454-9b17-4267-bc15-441a6f3ea21e tempest-ShareServersAdminTest-1434229060 tempest-ShareServersAdminTest-1434229060-project-admin] GET https://162.253.55.212/share/v2/27f364f07a8c466b94a88ff417f22d06/shares/3866906c-9ce7-474c-9ddc-0be34dc370a2
Feb 19 01:29:50.385024 np0000156445 devstack@m-api.service[46932]: DEBUG manila.api.openstack.wsgi [None req-09187454-9b17-4267-bc15-441a6f3ea21e tempest-ShareServersAdminTest-1434229060 tempest-ShareServersAdminTest-1434229060-project-admin] Empty body provided in request {{(pid=46932) get_body /opt/stack/manila/manila/api/openstack/wsgi.py:652}}
Feb 19 01:29:50.385024 np0000156445 devstack@m-api.service[46932]: DEBUG manila.api.openstack.wsgi [None req-09187454-9b17-4267-bc15-441a6f3ea21e tempest-ShareServersAdminTest-1434229060 tempest-ShareServersAdminTest-1434229060-project-admin] Calling method 'ShareMixin.show' {{(pid=46932) _process_stack /opt/stack/manila/manila/api/openstack/wsgi.py:798}}
Feb 19 01:29:50.387763 np0000156445 devstack@m-api.service[46932]: INFO manila.api.openstack.wsgi [None req-09187454-9b17-4267-bc15-441a6f3ea21e tempest-ShareServersAdminTest-1434229060 tempest-ShareServersAdminTest-1434229060-project-admin] HTTP exception thrown: The resource could not be found.
Feb 19 01:29:50.388614 np0000156445 devstack@m-api.service[46932]: INFO manila.api.openstack.wsgi [None req-09187454-9b17-4267-bc15-441a6f3ea21e tempest-ShareServersAdminTest-1434229060 tempest-ShareServersAdminTest-1434229060-project-admin] https://162.253.55.212/share/v2/27f364f07a8c466b94a88ff417f22d06/shares/3866906c-9ce7-474c-9ddc-0be34dc370a2 returned with HTTP 404
Feb 19 01:29:50.388614 np0000156445 devstack@m-api.service[46932]: [pid: 46932|app: 0|req: 430/857] 162.253.55.212 () {66 vars in 1496 bytes} [Thu Feb 19 01:29:50 2026] GET /share/v2/27f364f07a8c466b94a88ff417f22d06/shares/3866906c-9ce7-474c-9ddc-0be34dc370a2 => generated 78 bytes in 8 msecs (HTTP/1.1 404) 7 headers in 303 bytes (1 switches on core 0)
Feb 19 01:29:50.398159 np0000156445 devstack@m-api.service[46932]: INFO manila.api.openstack.wsgi [None req-b5a186a0-d4f0-4a6b-b52e-0e3c5a2636bc tempest-SnapshotExportLocationsNegativeTest-708782085 tempest-SnapshotExportLocationsNegativeTest-708782085-project-admin] GET https://162.253.55.212/share/v2/029a8d736ee04d549777d8c7a89d8344/shares/48aa1caa-d764-4971-955f-d0b0a235eb07
Feb 19 01:29:50.398546 np0000156445 devstack@m-api.service[46932]: DEBUG manila.api.openstack.wsgi [None req-b5a186a0-d4f0-4a6b-b52e-0e3c5a2636bc tempest-SnapshotExportLocationsNegativeTest-708782085 tempest-SnapshotExportLocationsNegativeTest-708782085-project-admin] Empty body provided in request {{(pid=46932) get_body /opt/stack/manila/manila/api/openstack/wsgi.py:652}}
Feb 19 01:29:50.398892 np0000156445 devstack@m-api.service[46932]: DEBUG manila.api.openstack.wsgi [None req-b5a186a0-d4f0-4a6b-b52e-0e3c5a2636bc tempest-SnapshotExportLocationsNegativeTest-708782085 tempest-SnapshotExportLocationsNegativeTest-708782085-project-admin] Calling method 'ShareMixin.show' {{(pid=46932) _process_stack /opt/stack/manila/manila/api/openstack/wsgi.py:798}}
Feb 19 01:29:50.412335 np0000156445 devstack@m-api.service[46932]: INFO manila.api.openstack.wsgi [None req-b5a186a0-d4f0-4a6b-b52e-0e3c5a2636bc tempest-SnapshotExportLocationsNegativeTest-708782085 tempest-SnapshotExportLocationsNegativeTest-708782085-project-admin] https://162.253.55.212/share/v2/029a8d736ee04d549777d8c7a89d8344/shares/48aa1caa-d764-4971-955f-d0b0a235eb07 returned with HTTP 200
Feb 19 01:29:50.414236 np0000156445 devstack@m-api.service[46932]: [pid: 46932|app: 0|req: 431/858] 162.253.55.212 () {66 vars in 1496 bytes} [Thu Feb 19 01:29:50 2026] GET /share/v2/029a8d736ee04d549777d8c7a89d8344/shares/48aa1caa-d764-4971-955f-d0b0a235eb07 => generated 1453 bytes in 25 msecs (HTTP/1.1 200) 7 headers in 298 bytes (1 switches on core 0)
Feb 19 01:29:50.416108 np0000156445 devstack@m-api.service[46932]: INFO manila.api.openstack.wsgi [None req-654fa7de-07b9-4e56-bfb2-4a4b786f9231 tempest-ShareServersAdminTest-1434229060 tempest-ShareServersAdminTest-1434229060-project-admin] GET https://162.253.55.212/share/v2/27f364f07a8c466b94a88ff417f22d06/shares/detail?share_server_id=b3b6c9c0-2716-416d-bae9-bccd38518b8c
Feb 19 01:29:50.416280 np0000156445 devstack@m-api.service[46932]: DEBUG manila.api.openstack.wsgi [None req-654fa7de-07b9-4e56-bfb2-4a4b786f9231 tempest-ShareServersAdminTest-1434229060 tempest-ShareServersAdminTest-1434229060-project-admin] Empty body provided in request {{(pid=46932) get_body /opt/stack/manila/manila/api/openstack/wsgi.py:652}}
Feb 19 01:29:50.417018 np0000156445 devstack@m-api.service[46932]: DEBUG manila.api.openstack.wsgi [None req-654fa7de-07b9-4e56-bfb2-4a4b786f9231 tempest-ShareServersAdminTest-1434229060 tempest-ShareServersAdminTest-1434229060-project-admin] Calling method 'Controller.__getattribute__..version_select' {{(pid=46932) _process_stack /opt/stack/manila/manila/api/openstack/wsgi.py:798}}
Feb 19 01:29:50.417018 np0000156445 devstack@m-api.service[46932]: DEBUG manila.share.api [None req-654fa7de-07b9-4e56-bfb2-4a4b786f9231 tempest-ShareServersAdminTest-1434229060 tempest-ShareServersAdminTest-1434229060-project-admin] Searching for shares by: {'share_server_id': 'b3b6c9c0-2716-416d-bae9-bccd38518b8c'} {{(pid=46932) _get_all /opt/stack/manila/manila/share/api.py:2372}}
Feb 19 01:29:50.423736 np0000156445 devstack@m-api.service[46932]: INFO manila.api.openstack.wsgi [None req-654fa7de-07b9-4e56-bfb2-4a4b786f9231 tempest-ShareServersAdminTest-1434229060 tempest-ShareServersAdminTest-1434229060-project-admin] https://162.253.55.212/share/v2/27f364f07a8c466b94a88ff417f22d06/shares/detail?share_server_id=b3b6c9c0-2716-416d-bae9-bccd38518b8c returned with HTTP 200
Feb 19 01:29:50.423736 np0000156445 devstack@m-api.service[46932]: [pid: 46932|app: 0|req: 432/859] 162.253.55.212 () {66 vars in 1511 bytes} [Thu Feb 19 01:29:50 2026] GET /share/v2/27f364f07a8c466b94a88ff417f22d06/shares/detail?share_server_id=b3b6c9c0-2716-416d-bae9-bccd38518b8c => generated 14 bytes in 7 msecs (HTTP/1.1 200) 7 headers in 296 bytes (1 switches on core 0)
Feb 19 01:29:50.430083 np0000156445 devstack@m-api.service[46932]: INFO manila.api.openstack.wsgi [None req-8da818cc-fc56-46b7-80fb-9a06eb7a91e7 tempest-ShareServersAdminTest-1434229060 tempest-ShareServersAdminTest-1434229060-project-admin] DELETE https://162.253.55.212/share/v2/27f364f07a8c466b94a88ff417f22d06/share-networks/bd03ae7e-eea2-42cc-a238-7cd6680358d5
Feb 19 01:29:50.431087 np0000156445 devstack@m-api.service[46932]: DEBUG manila.api.openstack.wsgi [None req-8da818cc-fc56-46b7-80fb-9a06eb7a91e7 tempest-ShareServersAdminTest-1434229060 tempest-ShareServersAdminTest-1434229060-project-admin] Empty body provided in request {{(pid=46932) get_body /opt/stack/manila/manila/api/openstack/wsgi.py:652}}
Feb 19 01:29:50.431087 np0000156445 devstack@m-api.service[46932]: DEBUG manila.api.openstack.wsgi [None req-8da818cc-fc56-46b7-80fb-9a06eb7a91e7 tempest-ShareServersAdminTest-1434229060 tempest-ShareServersAdminTest-1434229060-project-admin] Calling method 'ShareNetworkController.delete' {{(pid=46932) _process_stack /opt/stack/manila/manila/api/openstack/wsgi.py:798}}
Feb 19 01:29:50.492917 np0000156445 devstack@m-api.service[46933]: INFO manila.api.openstack.wsgi [None req-7249c0d8-02cd-4939-8ba3-21f2455368ec tempest-SharesAdminQuotasTest-1915546510 tempest-SharesAdminQuotasTest-1915546510-project-admin] POST https://162.253.55.212/share/v2/91e0a6817ee24d27a39a90ce570be2c7/share-networks
Feb 19 01:29:50.493970 np0000156445 devstack@m-api.service[46932]: DEBUG manila.quota [None req-8da818cc-fc56-46b7-80fb-9a06eb7a91e7 tempest-ShareServersAdminTest-1434229060 tempest-ShareServersAdminTest-1434229060-project-admin] Created reservations ['666cadaa-6a44-4fd1-9205-abb0283a089f'] {{(pid=46932) reserve /opt/stack/manila/manila/quota.py:1038}}
Feb 19 01:29:50.495854 np0000156445 devstack@m-api.service[46933]: DEBUG manila.api.openstack.wsgi [None req-7249c0d8-02cd-4939-8ba3-21f2455368ec tempest-SharesAdminQuotasTest-1915546510 tempest-SharesAdminQuotasTest-1915546510-project-admin] Action: 'create', calling method: ShareNetworkController.create, body: {"share_network": {"name": "autogenerated_by_tempest", "description": "This share-network was created by tempest"}} {{(pid=46933) _process_stack /opt/stack/manila/manila/api/openstack/wsgi.py:796}}
Feb 19 01:29:50.503467 np0000156445 devstack@m-api.service[46932]: DEBUG manila.quota [None req-8da818cc-fc56-46b7-80fb-9a06eb7a91e7 tempest-ShareServersAdminTest-1434229060 tempest-ShareServersAdminTest-1434229060-project-admin] Committed reservations ['666cadaa-6a44-4fd1-9205-abb0283a089f'] {{(pid=46932) commit /opt/stack/manila/manila/quota.py:1066}}
Feb 19 01:29:50.504343 np0000156445 devstack@m-api.service[46932]: INFO manila.api.openstack.wsgi [None req-8da818cc-fc56-46b7-80fb-9a06eb7a91e7 tempest-ShareServersAdminTest-1434229060 tempest-ShareServersAdminTest-1434229060-project-admin] https://162.253.55.212/share/v2/27f364f07a8c466b94a88ff417f22d06/share-networks/bd03ae7e-eea2-42cc-a238-7cd6680358d5 returned with HTTP 202
Feb 19 01:29:50.504343 np0000156445 devstack@m-api.service[46932]: [pid: 46932|app: 0|req: 433/860] 162.253.55.212 () {66 vars in 1523 bytes} [Thu Feb 19 01:29:50 2026] DELETE /share/v2/27f364f07a8c466b94a88ff417f22d06/share-networks/bd03ae7e-eea2-42cc-a238-7cd6680358d5 => generated 0 bytes in 76 msecs (HTTP/1.1 202) 7 headers in 309 bytes (1 switches on core 0)
Feb 19 01:29:50.515619 np0000156445 devstack@m-api.service[46932]: INFO manila.api.openstack.wsgi [None req-38d4b5af-29ac-41f0-bbd5-753888cc7520 tempest-ShareServersAdminTest-1434229060 tempest-ShareServersAdminTest-1434229060-project-admin] GET https://162.253.55.212/share/v2/27f364f07a8c466b94a88ff417f22d06/share-servers/b3b6c9c0-2716-416d-bae9-bccd38518b8c
Feb 19 01:29:50.517512 np0000156445 devstack@m-api.service[46932]: DEBUG manila.api.openstack.wsgi [None req-38d4b5af-29ac-41f0-bbd5-753888cc7520 tempest-ShareServersAdminTest-1434229060 tempest-ShareServersAdminTest-1434229060-project-admin] Empty body provided in request {{(pid=46932) get_body /opt/stack/manila/manila/api/openstack/wsgi.py:652}}
Feb 19 01:29:50.517512 np0000156445 devstack@m-api.service[46932]: DEBUG manila.api.openstack.wsgi [None req-38d4b5af-29ac-41f0-bbd5-753888cc7520 tempest-ShareServersAdminTest-1434229060 tempest-ShareServersAdminTest-1434229060-project-admin] Calling method 'ShareServerController.show' {{(pid=46932) _process_stack /opt/stack/manila/manila/api/openstack/wsgi.py:798}}
Feb 19 01:29:50.539110 np0000156445 devstack@m-api.service[46932]: INFO manila.api.openstack.wsgi [None req-38d4b5af-29ac-41f0-bbd5-753888cc7520 tempest-ShareServersAdminTest-1434229060 tempest-ShareServersAdminTest-1434229060-project-admin] HTTP exception thrown: Share server could not be found. Its associated share network bd03ae7e-eea2-42cc-a238-7cd6680358d5 does not exist.
Feb 19 01:29:50.539437 np0000156445 devstack@m-api.service[46932]: INFO manila.api.openstack.wsgi [None req-38d4b5af-29ac-41f0-bbd5-753888cc7520 tempest-ShareServersAdminTest-1434229060 tempest-ShareServersAdminTest-1434229060-project-admin] https://162.253.55.212/share/v2/27f364f07a8c466b94a88ff417f22d06/share-servers/b3b6c9c0-2716-416d-bae9-bccd38518b8c returned with HTTP 404
Feb 19 01:29:50.541825 np0000156445 devstack@m-api.service[46932]: [pid: 46932|app: 0|req: 434/861] 162.253.55.212 () {66 vars in 1517 bytes} [Thu Feb 19 01:29:50 2026] GET /share/v2/27f364f07a8c466b94a88ff417f22d06/share-servers/b3b6c9c0-2716-416d-bae9-bccd38518b8c => generated 160 bytes in 29 msecs (HTTP/1.1 404) 7 headers in 304 bytes (1 switches on core 0)
Feb 19 01:29:50.548459 np0000156445 devstack@m-api.service[46932]: INFO manila.api.openstack.wsgi [None req-f8633831-e950-4dc9-ae97-ce76a31d912b tempest-ShareServersAdminTest-1434229060 tempest-ShareServersAdminTest-1434229060-project-admin] GET https://162.253.55.212/share/v2/27f364f07a8c466b94a88ff417f22d06/share-networks/bd03ae7e-eea2-42cc-a238-7cd6680358d5
Feb 19 01:29:50.548744 np0000156445 devstack@m-api.service[46932]: DEBUG manila.api.openstack.wsgi [None req-f8633831-e950-4dc9-ae97-ce76a31d912b tempest-ShareServersAdminTest-1434229060 tempest-ShareServersAdminTest-1434229060-project-admin] Empty body provided in request {{(pid=46932) get_body /opt/stack/manila/manila/api/openstack/wsgi.py:652}}
Feb 19 01:29:50.549367 np0000156445 devstack@m-api.service[46932]: DEBUG manila.api.openstack.wsgi [None req-f8633831-e950-4dc9-ae97-ce76a31d912b tempest-ShareServersAdminTest-1434229060 tempest-ShareServersAdminTest-1434229060-project-admin] Calling method 'ShareNetworkController.show' {{(pid=46932) _process_stack /opt/stack/manila/manila/api/openstack/wsgi.py:798}}
Feb 19 01:29:50.558665 np0000156445 devstack@m-api.service[46932]: INFO manila.api.openstack.wsgi [None req-f8633831-e950-4dc9-ae97-ce76a31d912b tempest-ShareServersAdminTest-1434229060 tempest-ShareServersAdminTest-1434229060-project-admin] HTTP exception thrown: Share network bd03ae7e-eea2-42cc-a238-7cd6680358d5 could not be found.
Feb 19 01:29:50.558955 np0000156445 devstack@m-api.service[46932]: INFO manila.api.openstack.wsgi [None req-f8633831-e950-4dc9-ae97-ce76a31d912b tempest-ShareServersAdminTest-1434229060 tempest-ShareServersAdminTest-1434229060-project-admin] https://162.253.55.212/share/v2/27f364f07a8c466b94a88ff417f22d06/share-networks/bd03ae7e-eea2-42cc-a238-7cd6680358d5 returned with HTTP 404
Feb 19 01:29:50.561261 np0000156445 devstack@m-api.service[46932]: [pid: 46932|app: 0|req: 435/862] 162.253.55.212 () {66 vars in 1520 bytes} [Thu Feb 19 01:29:50 2026] GET /share/v2/27f364f07a8c466b94a88ff417f22d06/share-networks/bd03ae7e-eea2-42cc-a238-7cd6680358d5 => generated 116 bytes in 15 msecs (HTTP/1.1 404) 7 headers in 304 bytes (1 switches on core 0)
Feb 19 01:29:50.568540 np0000156445 devstack@m-api.service[46932]: INFO manila.api.openstack.wsgi [None req-246d599a-3a2a-4bae-9844-87e050c1b22a tempest-ShareServersAdminTest-1434229060 tempest-ShareServersAdminTest-1434229060-project-admin] DELETE https://162.253.55.212/share/v2/27f364f07a8c466b94a88ff417f22d06/share-networks/bd03ae7e-eea2-42cc-a238-7cd6680358d5
Feb 19 01:29:50.569446 np0000156445 devstack@m-api.service[46932]: DEBUG manila.api.openstack.wsgi [None req-246d599a-3a2a-4bae-9844-87e050c1b22a tempest-ShareServersAdminTest-1434229060 tempest-ShareServersAdminTest-1434229060-project-admin] Empty body provided in request {{(pid=46932) get_body /opt/stack/manila/manila/api/openstack/wsgi.py:652}}
Feb 19 01:29:50.569446 np0000156445 devstack@m-api.service[46932]: DEBUG manila.api.openstack.wsgi [None req-246d599a-3a2a-4bae-9844-87e050c1b22a tempest-ShareServersAdminTest-1434229060 tempest-ShareServersAdminTest-1434229060-project-admin] Calling method 'ShareNetworkController.delete' {{(pid=46932) _process_stack /opt/stack/manila/manila/api/openstack/wsgi.py:798}}
Feb 19 01:29:50.574006 np0000156445 devstack@m-api.service[46933]: DEBUG manila.quota [None req-7249c0d8-02cd-4939-8ba3-21f2455368ec tempest-SharesAdminQuotasTest-1915546510 tempest-SharesAdminQuotasTest-1915546510-project-admin] Created reservations ['e2642de3-1fa9-4e73-9c4b-75571fa8d5a8'] {{(pid=46933) reserve /opt/stack/manila/manila/quota.py:1038}}
Feb 19 01:29:50.579363 np0000156445 devstack@m-api.service[46932]: INFO manila.api.openstack.wsgi [None req-246d599a-3a2a-4bae-9844-87e050c1b22a tempest-ShareServersAdminTest-1434229060 tempest-ShareServersAdminTest-1434229060-project-admin] HTTP exception thrown: Share network bd03ae7e-eea2-42cc-a238-7cd6680358d5 could not be found.
Feb 19 01:29:50.579603 np0000156445 devstack@m-api.service[46932]: INFO manila.api.openstack.wsgi [None req-246d599a-3a2a-4bae-9844-87e050c1b22a tempest-ShareServersAdminTest-1434229060 tempest-ShareServersAdminTest-1434229060-project-admin] https://162.253.55.212/share/v2/27f364f07a8c466b94a88ff417f22d06/share-networks/bd03ae7e-eea2-42cc-a238-7cd6680358d5 returned with HTTP 404
Feb 19 01:29:50.582200 np0000156445 devstack@m-api.service[46932]: [pid: 46932|app: 0|req: 436/863] 162.253.55.212 () {66 vars in 1523 bytes} [Thu Feb 19 01:29:50 2026] DELETE /share/v2/27f364f07a8c466b94a88ff417f22d06/share-networks/bd03ae7e-eea2-42cc-a238-7cd6680358d5 => generated 116 bytes in 15 msecs (HTTP/1.1 404) 7 headers in 304 bytes (1 switches on core 0)
Feb 19 01:29:50.595573 np0000156445 devstack@m-api.service[46932]: INFO manila.api.openstack.wsgi [None req-4dfdb608-d304-4cb4-ab12-e6decd8338f0 tempest-ShareServersAdminTest-1434229060 tempest-ShareServersAdminTest-1434229060-project-admin] POST https://162.253.55.212/share/v2/27f364f07a8c466b94a88ff417f22d06/share-networks
Feb 19 01:29:50.596047 np0000156445 devstack@m-api.service[46932]: DEBUG manila.api.openstack.wsgi [None req-4dfdb608-d304-4cb4-ab12-e6decd8338f0 tempest-ShareServersAdminTest-1434229060 tempest-ShareServersAdminTest-1434229060-project-admin] Action: 'create', calling method: ShareNetworkController.create, body: {"share_network": {"neutron_net_id": null, "neutron_subnet_id": null}} {{(pid=46932) _process_stack /opt/stack/manila/manila/api/openstack/wsgi.py:796}}
Feb 19 01:29:50.614568 np0000156445 devstack@m-api.service[46932]: DEBUG manila.quota [None req-4dfdb608-d304-4cb4-ab12-e6decd8338f0 tempest-ShareServersAdminTest-1434229060 tempest-ShareServersAdminTest-1434229060-project-admin] Created reservations ['5830136b-f3bc-4e0c-9454-c32bf97452f9'] {{(pid=46932) reserve /opt/stack/manila/manila/quota.py:1038}}
Feb 19 01:29:50.657477 np0000156445 devstack@m-api.service[46932]: DEBUG manila.quota [None req-4dfdb608-d304-4cb4-ab12-e6decd8338f0 tempest-ShareServersAdminTest-1434229060 tempest-ShareServersAdminTest-1434229060-project-admin] Committed reservations ['5830136b-f3bc-4e0c-9454-c32bf97452f9'] {{(pid=46932) commit /opt/stack/manila/manila/quota.py:1066}}
Feb 19 01:29:50.674150 np0000156445 devstack@m-api.service[46932]: INFO manila.api.openstack.wsgi [None req-4dfdb608-d304-4cb4-ab12-e6decd8338f0 tempest-ShareServersAdminTest-1434229060 tempest-ShareServersAdminTest-1434229060-project-admin] https://162.253.55.212/share/v2/27f364f07a8c466b94a88ff417f22d06/share-networks returned with HTTP 200
Feb 19 01:29:50.675116 np0000156445 devstack@m-api.service[46932]: [pid: 46932|app: 0|req: 437/864] 162.253.55.212 () {68 vars in 1430 bytes} [Thu Feb 19 01:29:50 2026] POST /share/v2/27f364f07a8c466b94a88ff417f22d06/share-networks => generated 662 bytes in 82 msecs (HTTP/1.1 200) 7 headers in 297 bytes (1 switches on core 0)
Feb 19 01:29:50.689488 np0000156445 devstack@m-api.service[46932]: INFO manila.api.openstack.wsgi [None req-03f889d8-cbbe-4e2e-bca7-c9f25349314e tempest-ManageCIFSShareNegativeTest-74610408 tempest-ManageCIFSShareNegativeTest-74610408-project-admin] GET https://162.253.55.212/share/v2/33c4ae3659b84c10b20ec4457f1811a6/shares/6769eaf7-3402-4466-b04e-f50a751b502f
Feb 19 01:29:50.690178 np0000156445 devstack@m-api.service[46932]: DEBUG manila.api.openstack.wsgi [None req-03f889d8-cbbe-4e2e-bca7-c9f25349314e tempest-ManageCIFSShareNegativeTest-74610408 tempest-ManageCIFSShareNegativeTest-74610408-project-admin] Empty body provided in request {{(pid=46932) get_body /opt/stack/manila/manila/api/openstack/wsgi.py:652}}
Feb 19 01:29:50.690491 np0000156445 devstack@m-api.service[46932]: DEBUG manila.api.openstack.wsgi [None req-03f889d8-cbbe-4e2e-bca7-c9f25349314e tempest-ManageCIFSShareNegativeTest-74610408 tempest-ManageCIFSShareNegativeTest-74610408-project-admin] Calling method 'ShareMixin.show' {{(pid=46932) _process_stack /opt/stack/manila/manila/api/openstack/wsgi.py:798}}
Feb 19 01:29:50.696250 np0000156445 devstack@m-api.service[46933]: DEBUG manila.quota [None req-7249c0d8-02cd-4939-8ba3-21f2455368ec tempest-SharesAdminQuotasTest-1915546510 tempest-SharesAdminQuotasTest-1915546510-project-admin] Committed reservations ['e2642de3-1fa9-4e73-9c4b-75571fa8d5a8'] {{(pid=46933) commit /opt/stack/manila/manila/quota.py:1066}}
Feb 19 01:29:50.706810 np0000156445 devstack@m-api.service[46932]: INFO manila.api.openstack.wsgi [None req-03f889d8-cbbe-4e2e-bca7-c9f25349314e tempest-ManageCIFSShareNegativeTest-74610408 tempest-ManageCIFSShareNegativeTest-74610408-project-admin] https://162.253.55.212/share/v2/33c4ae3659b84c10b20ec4457f1811a6/shares/6769eaf7-3402-4466-b04e-f50a751b502f returned with HTTP 200
Feb 19 01:29:50.708809 np0000156445 devstack@m-api.service[46932]: [pid: 46932|app: 0|req: 438/865] 162.253.55.212 () {66 vars in 1496 bytes} [Thu Feb 19 01:29:50 2026] GET /share/v2/33c4ae3659b84c10b20ec4457f1811a6/shares/6769eaf7-3402-4466-b04e-f50a751b502f => generated 1448 bytes in 33 msecs (HTTP/1.1 200) 7 headers in 298 bytes (1 switches on core 0)
Feb 19 01:29:50.710885 np0000156445 devstack@m-api.service[46932]: INFO manila.api.openstack.wsgi [None req-af02bd96-354c-4b4b-9bce-b9b7923b6366 tempest-ShareServersAdminTest-1434229060 tempest-ShareServersAdminTest-1434229060-project-admin] POST https://162.253.55.212/share/v2/27f364f07a8c466b94a88ff417f22d06/shares
Feb 19 01:29:50.711088 np0000156445 devstack@m-api.service[46932]: DEBUG manila.api.openstack.wsgi [None req-af02bd96-354c-4b4b-9bce-b9b7923b6366 tempest-ShareServersAdminTest-1434229060 tempest-ShareServersAdminTest-1434229060-project-admin] Action: 'create', calling method: Controller.__getattribute__..version_select, body: {"share": {"share_proto": "nfs", "description": "Tempest's share", "snapshot_id": null, "name": "tempest-tempest-created-share-829238654", "size": 1, "metadata": {}, "is_public": false, "share_network_id": "183d091c-084b-4ffb-8f6e-6b3c3473011d", "share_type": "8e5b5f46-df0e-4607-b9de-bc89d87d0ea4"}} {{(pid=46932) _process_stack /opt/stack/manila/manila/api/openstack/wsgi.py:796}}
Feb 19 01:29:50.712016 np0000156445 devstack@m-api.service[46932]: INFO manila.api.v2.shares [None req-af02bd96-354c-4b4b-9bce-b9b7923b6366 tempest-ShareServersAdminTest-1434229060 tempest-ShareServersAdminTest-1434229060-project-admin] Create NFS share of 1 GB
Feb 19 01:29:50.759254 np0000156445 devstack@m-api.service[46932]: DEBUG manila.quota [None req-af02bd96-354c-4b4b-9bce-b9b7923b6366 tempest-ShareServersAdminTest-1434229060 tempest-ShareServersAdminTest-1434229060-project-admin] Created reservations ['11baf0c7-2d8c-4050-872b-2cad38fd902f', 'a5362519-ea55-447e-bbd0-90084961dd2a', '009d1449-d022-4311-ba98-67d39d7ed68d', '9d182277-c4ba-4311-8a55-2acec630ff67'] {{(pid=46932) reserve /opt/stack/manila/manila/quota.py:1038}}
Feb 19 01:29:50.760097 np0000156445 devstack@m-api.service[46933]: INFO manila.api.openstack.wsgi [None req-7249c0d8-02cd-4939-8ba3-21f2455368ec tempest-SharesAdminQuotasTest-1915546510 tempest-SharesAdminQuotasTest-1915546510-project-admin] https://162.253.55.212/share/v2/91e0a6817ee24d27a39a90ce570be2c7/share-networks returned with HTTP 200
Feb 19 01:29:50.760097 np0000156445 devstack@m-api.service[46933]: [pid: 46933|app: 0|req: 428/866] 162.253.55.212 () {68 vars in 1431 bytes} [Thu Feb 19 01:29:50 2026] POST /share/v2/91e0a6817ee24d27a39a90ce570be2c7/share-networks => generated 723 bytes in 475 msecs (HTTP/1.1 200) 7 headers in 297 bytes (1 switches on core 0)
Feb 19 01:29:50.789639 np0000156445 devstack@m-api.service[46933]: INFO manila.api.openstack.wsgi [None req-af7245ba-7316-41bb-b132-2c70c1f47c34 tempest-SharesAdminQuotasTest-1915546510 tempest-SharesAdminQuotasTest-1915546510-project-admin] POST https://162.253.55.212/share/v2/91e0a6817ee24d27a39a90ce570be2c7/types
Feb 19 01:29:50.793001 np0000156445 devstack@m-api.service[46933]: DEBUG manila.api.openstack.wsgi [None req-af7245ba-7316-41bb-b132-2c70c1f47c34 tempest-SharesAdminQuotasTest-1915546510 tempest-SharesAdminQuotasTest-1915546510-project-admin] Action: 'create', calling method: Controller.__getattribute__..version_select, body: {"share_type": {"name": "tempest-typeshare-type-548584740", "extra_specs": {"driver_handles_share_servers": "True"}, "share_type_access:is_public": true}} {{(pid=46933) _process_stack /opt/stack/manila/manila/api/openstack/wsgi.py:796}}
Feb 19 01:29:50.819954 np0000156445 devstack@m-api.service[46933]: INFO manila.api.openstack.wsgi [None req-af7245ba-7316-41bb-b132-2c70c1f47c34 tempest-SharesAdminQuotasTest-1915546510 tempest-SharesAdminQuotasTest-1915546510-project-admin] https://162.253.55.212/share/v2/91e0a6817ee24d27a39a90ce570be2c7/types returned with HTTP 200
Feb 19 01:29:50.819954 np0000156445 devstack@m-api.service[46933]: [pid: 46933|app: 0|req: 429/867] 162.253.55.212 () {68 vars in 1404 bytes} [Thu Feb 19 01:29:50 2026] POST /share/v2/91e0a6817ee24d27a39a90ce570be2c7/types => generated 617 bytes in 42 msecs (HTTP/1.1 200) 7 headers in 297 bytes (1 switches on core 0)
Feb 19 01:29:50.830334 np0000156445 devstack@m-api.service[46932]: DEBUG manila.quota [None req-af02bd96-354c-4b4b-9bce-b9b7923b6366 tempest-ShareServersAdminTest-1434229060 tempest-ShareServersAdminTest-1434229060-project-admin] Committed reservations ['11baf0c7-2d8c-4050-872b-2cad38fd902f', 'a5362519-ea55-447e-bbd0-90084961dd2a', '009d1449-d022-4311-ba98-67d39d7ed68d', '9d182277-c4ba-4311-8a55-2acec630ff67'] {{(pid=46932) commit /opt/stack/manila/manila/quota.py:1066}}
Feb 19 01:29:50.841502 np0000156445 devstack@m-api.service[46933]: INFO manila.api.openstack.wsgi [None req-9d2dc8ec-4ac7-4ea0-aa68-f7655a01c6fe tempest-SharesAdminQuotasTest-1915546510 tempest-SharesAdminQuotasTest-1915546510-project-admin] GET https://162.253.55.212/share/v2/91e0a6817ee24d27a39a90ce570be2c7/quota-sets/91e0a6817ee24d27a39a90ce570be2c7/defaults
Feb 19 01:29:50.841703 np0000156445 devstack@m-api.service[46933]: DEBUG manila.api.openstack.wsgi [None req-9d2dc8ec-4ac7-4ea0-aa68-f7655a01c6fe tempest-SharesAdminQuotasTest-1915546510 tempest-SharesAdminQuotasTest-1915546510-project-admin] Empty body provided in request {{(pid=46933) get_body /opt/stack/manila/manila/api/openstack/wsgi.py:652}}
Feb 19 01:29:50.842628 np0000156445 devstack@m-api.service[46933]: DEBUG manila.api.openstack.wsgi [None req-9d2dc8ec-4ac7-4ea0-aa68-f7655a01c6fe tempest-SharesAdminQuotasTest-1915546510 tempest-SharesAdminQuotasTest-1915546510-project-admin] Calling method 'Controller.__getattribute__..version_select' {{(pid=46933) _process_stack /opt/stack/manila/manila/api/openstack/wsgi.py:798}}
Feb 19 01:29:50.852780 np0000156445 devstack@m-api.service[46933]: INFO manila.api.openstack.wsgi [None req-9d2dc8ec-4ac7-4ea0-aa68-f7655a01c6fe tempest-SharesAdminQuotasTest-1915546510 tempest-SharesAdminQuotasTest-1915546510-project-admin] https://162.253.55.212/share/v2/91e0a6817ee24d27a39a90ce570be2c7/quota-sets/91e0a6817ee24d27a39a90ce570be2c7/defaults returned with HTTP 200
Feb 19 01:29:50.855296 np0000156445 devstack@m-api.service[46933]: [pid: 46933|app: 0|req: 430/868] 162.253.55.212 () {66 vars in 1523 bytes} [Thu Feb 19 01:29:50 2026] GET /share/v2/91e0a6817ee24d27a39a90ce570be2c7/quota-sets/91e0a6817ee24d27a39a90ce570be2c7/defaults => generated 348 bytes in 20 msecs (HTTP/1.1 200) 7 headers in 297 bytes (1 switches on core 0)
Feb 19 01:29:50.876488 np0000156445 devstack@m-api.service[46933]: INFO manila.api.openstack.wsgi [None req-91d76ea6-13b1-4fc5-b9e8-da5d5933402c tempest-SharesAdminQuotasTest-1915546510 tempest-SharesAdminQuotasTest-1915546510-project-admin] GET https://162.253.55.212/share/v2/91e0a6817ee24d27a39a90ce570be2c7/quota-sets/91e0a6817ee24d27a39a90ce570be2c7
Feb 19 01:29:50.876684 np0000156445 devstack@m-api.service[46933]: DEBUG manila.api.openstack.wsgi [None req-91d76ea6-13b1-4fc5-b9e8-da5d5933402c tempest-SharesAdminQuotasTest-1915546510 tempest-SharesAdminQuotasTest-1915546510-project-admin] Empty body provided in request {{(pid=46933) get_body /opt/stack/manila/manila/api/openstack/wsgi.py:652}}
Feb 19 01:29:50.876839 np0000156445 devstack@m-api.service[46933]: DEBUG manila.api.openstack.wsgi [None req-91d76ea6-13b1-4fc5-b9e8-da5d5933402c tempest-SharesAdminQuotasTest-1915546510 tempest-SharesAdminQuotasTest-1915546510-project-admin] Calling method 'Controller.__getattribute__..version_select' {{(pid=46933) _process_stack /opt/stack/manila/manila/api/openstack/wsgi.py:798}}
Feb 19 01:29:50.897543 np0000156445 devstack@m-api.service[46933]: INFO manila.api.openstack.wsgi [None req-91d76ea6-13b1-4fc5-b9e8-da5d5933402c tempest-SharesAdminQuotasTest-1915546510 tempest-SharesAdminQuotasTest-1915546510-project-admin] https://162.253.55.212/share/v2/91e0a6817ee24d27a39a90ce570be2c7/quota-sets/91e0a6817ee24d27a39a90ce570be2c7 returned with HTTP 200
Feb 19 01:29:50.898071 np0000156445 devstack@m-api.service[46933]: [pid: 46933|app: 0|req: 431/869] 162.253.55.212 () {66 vars in 1496 bytes} [Thu Feb 19 01:29:50 2026] GET /share/v2/91e0a6817ee24d27a39a90ce570be2c7/quota-sets/91e0a6817ee24d27a39a90ce570be2c7 => generated 348 bytes in 30 msecs (HTTP/1.1 200) 7 headers in 297 bytes (1 switches on core 0)
Feb 19 01:29:50.920670 np0000156445 devstack@m-api.service[46933]: INFO manila.api.openstack.wsgi [None req-9ed05a75-dd1b-4b89-83aa-6c08b9d15415 tempest-SharesAdminQuotasTest-1915546510 tempest-SharesAdminQuotasTest-1915546510-project-admin] GET https://162.253.55.212/share/v2/91e0a6817ee24d27a39a90ce570be2c7/quota-sets/91e0a6817ee24d27a39a90ce570be2c7?user_id=535de305cfbd4ffc94dd14a572fb071c
Feb 19 01:29:50.920670 np0000156445 devstack@m-api.service[46933]: DEBUG manila.api.openstack.wsgi [None req-9ed05a75-dd1b-4b89-83aa-6c08b9d15415 tempest-SharesAdminQuotasTest-1915546510 tempest-SharesAdminQuotasTest-1915546510-project-admin] Empty body provided in request {{(pid=46933) get_body /opt/stack/manila/manila/api/openstack/wsgi.py:652}}
Feb 19 01:29:50.920808 np0000156445 devstack@m-api.service[46933]: DEBUG manila.api.openstack.wsgi [None req-9ed05a75-dd1b-4b89-83aa-6c08b9d15415 tempest-SharesAdminQuotasTest-1915546510 tempest-SharesAdminQuotasTest-1915546510-project-admin] Calling method 'Controller.__getattribute__..version_select' {{(pid=46933) _process_stack /opt/stack/manila/manila/api/openstack/wsgi.py:798}}
Feb 19 01:29:50.929672 np0000156445 devstack@m-api.service[46932]: INFO manila.api.openstack.wsgi [None req-af02bd96-354c-4b4b-9bce-b9b7923b6366 tempest-ShareServersAdminTest-1434229060 tempest-ShareServersAdminTest-1434229060-project-admin] https://162.253.55.212/share/v2/27f364f07a8c466b94a88ff417f22d06/shares returned with HTTP 200
Feb 19 01:29:50.935022 np0000156445 devstack@m-api.service[46932]: [pid: 46932|app: 0|req: 439/870] 162.253.55.212 () {68 vars in 1407 bytes} [Thu Feb 19 01:29:50 2026] POST /share/v2/27f364f07a8c466b94a88ff417f22d06/shares => generated 1416 bytes in 225 msecs (HTTP/1.1 200) 7 headers in 298 bytes (1 switches on core 0)
Feb 19 01:29:50.954359 np0000156445 devstack@m-api.service[46932]: INFO manila.api.openstack.wsgi [None req-074a6840-faf4-4c85-8ab1-481ba2547fd1 tempest-ShareServersAdminTest-1434229060 tempest-ShareServersAdminTest-1434229060-project-admin] GET https://162.253.55.212/share/v2/27f364f07a8c466b94a88ff417f22d06/shares/52726efa-b148-43d0-ab85-4e080d988ab0
Feb 19 01:29:50.954557 np0000156445 devstack@m-api.service[46932]: DEBUG manila.api.openstack.wsgi [None req-074a6840-faf4-4c85-8ab1-481ba2547fd1 tempest-ShareServersAdminTest-1434229060 tempest-ShareServersAdminTest-1434229060-project-admin] Empty body provided in request {{(pid=46932) get_body /opt/stack/manila/manila/api/openstack/wsgi.py:652}}
Feb 19 01:29:50.954723 np0000156445 devstack@m-api.service[46932]: DEBUG manila.api.openstack.wsgi [None req-074a6840-faf4-4c85-8ab1-481ba2547fd1 tempest-ShareServersAdminTest-1434229060 tempest-ShareServersAdminTest-1434229060-project-admin] Calling method 'ShareMixin.show' {{(pid=46932) _process_stack /opt/stack/manila/manila/api/openstack/wsgi.py:798}}
Feb 19 01:29:50.961309 np0000156445 devstack@m-api.service[46933]: INFO manila.api.openstack.wsgi [None req-9ed05a75-dd1b-4b89-83aa-6c08b9d15415 tempest-SharesAdminQuotasTest-1915546510 tempest-SharesAdminQuotasTest-1915546510-project-admin] https://162.253.55.212/share/v2/91e0a6817ee24d27a39a90ce570be2c7/quota-sets/91e0a6817ee24d27a39a90ce570be2c7?user_id=535de305cfbd4ffc94dd14a572fb071c returned with HTTP 200
Feb 19 01:29:50.962751 np0000156445 devstack@m-api.service[46933]: [pid: 46933|app: 0|req: 432/871] 162.253.55.212 () {66 vars in 1577 bytes} [Thu Feb 19 01:29:50 2026] GET /share/v2/91e0a6817ee24d27a39a90ce570be2c7/quota-sets/91e0a6817ee24d27a39a90ce570be2c7?user_id=535de305cfbd4ffc94dd14a572fb071c => generated 348 bytes in 48 msecs (HTTP/1.1 200) 7 headers in 297 bytes (1 switches on core 0)
Feb 19 01:29:50.990233 np0000156445 devstack@m-api.service[46933]: INFO manila.api.openstack.wsgi [None req-5983b0df-250f-45f6-b5ef-f367c24d4fac tempest-SharesAdminQuotasTest-1915546510 tempest-SharesAdminQuotasTest-1915546510-project-admin] GET https://162.253.55.212/share/v2/91e0a6817ee24d27a39a90ce570be2c7/quota-sets/91e0a6817ee24d27a39a90ce570be2c7?user_id=535de305cfbd4ffc94dd14a572fb071c
Feb 19 01:29:50.990783 np0000156445 devstack@m-api.service[46933]: DEBUG manila.api.openstack.wsgi [None req-5983b0df-250f-45f6-b5ef-f367c24d4fac tempest-SharesAdminQuotasTest-1915546510 tempest-SharesAdminQuotasTest-1915546510-project-admin] Empty body provided in request {{(pid=46933) get_body /opt/stack/manila/manila/api/openstack/wsgi.py:652}}
Feb 19 01:29:50.990783 np0000156445 devstack@m-api.service[46933]: DEBUG manila.api.openstack.wsgi [None req-5983b0df-250f-45f6-b5ef-f367c24d4fac tempest-SharesAdminQuotasTest-1915546510 tempest-SharesAdminQuotasTest-1915546510-project-admin] Calling method 'Controller.__getattribute__..version_select' {{(pid=46933) _process_stack /opt/stack/manila/manila/api/openstack/wsgi.py:798}}
Feb 19 01:29:50.994111 np0000156445 devstack@m-api.service[46932]: INFO manila.api.openstack.wsgi [None req-074a6840-faf4-4c85-8ab1-481ba2547fd1 tempest-ShareServersAdminTest-1434229060 tempest-ShareServersAdminTest-1434229060-project-admin] https://162.253.55.212/share/v2/27f364f07a8c466b94a88ff417f22d06/shares/52726efa-b148-43d0-ab85-4e080d988ab0 returned with HTTP 200
Feb 19 01:29:50.994111 np0000156445 devstack@m-api.service[46932]: [pid: 46932|app: 0|req: 440/872] 162.253.55.212 () {66 vars in 1496 bytes} [Thu Feb 19 01:29:50 2026] GET /share/v2/27f364f07a8c466b94a88ff417f22d06/shares/52726efa-b148-43d0-ab85-4e080d988ab0 => generated 1452 bytes in 48 msecs (HTTP/1.1 200) 7 headers in 298 bytes (1 switches on core 0)
Feb 19 01:29:50.997702 np0000156445 devstack@m-api.service[46932]: INFO manila.api.openstack.wsgi [None req-515208f2-70b3-4d89-8576-bc1554a67d83 tempest-AdminActionsTest-716250861 tempest-AdminActionsTest-716250861-project-admin] GET https://162.253.55.212/share/v2/e2647041cc2e4895969f2d0d9f34bcf2/shares/71126277-0236-49e1-9d1c-44b4994d27af
Feb 19 01:29:50.998207 np0000156445 devstack@m-api.service[46932]: DEBUG manila.api.openstack.wsgi [None req-515208f2-70b3-4d89-8576-bc1554a67d83 tempest-AdminActionsTest-716250861 tempest-AdminActionsTest-716250861-project-admin] Empty body provided in request {{(pid=46932) get_body /opt/stack/manila/manila/api/openstack/wsgi.py:652}}
Feb 19 01:29:50.999482 np0000156445 devstack@m-api.service[46932]: DEBUG manila.api.openstack.wsgi [None req-515208f2-70b3-4d89-8576-bc1554a67d83 tempest-AdminActionsTest-716250861 tempest-AdminActionsTest-716250861-project-admin] Calling method 'ShareMixin.show' {{(pid=46932) _process_stack /opt/stack/manila/manila/api/openstack/wsgi.py:798}}
Feb 19 01:29:51.014387 np0000156445 devstack@m-api.service[46933]: INFO manila.api.openstack.wsgi [None req-5983b0df-250f-45f6-b5ef-f367c24d4fac tempest-SharesAdminQuotasTest-1915546510 tempest-SharesAdminQuotasTest-1915546510-project-admin] https://162.253.55.212/share/v2/91e0a6817ee24d27a39a90ce570be2c7/quota-sets/91e0a6817ee24d27a39a90ce570be2c7?user_id=535de305cfbd4ffc94dd14a572fb071c returned with HTTP 200
Feb 19 01:29:51.018921 np0000156445 devstack@m-api.service[46933]: [pid: 46933|app: 0|req: 433/873] 162.253.55.212 () {66 vars in 1577 bytes} [Thu Feb 19 01:29:50 2026] GET /share/v2/91e0a6817ee24d27a39a90ce570be2c7/quota-sets/91e0a6817ee24d27a39a90ce570be2c7?user_id=535de305cfbd4ffc94dd14a572fb071c => generated 206 bytes in 39 msecs (HTTP/1.1 200) 7 headers in 297 bytes (1 switches on core 0)
Feb 19 01:29:51.023162 np0000156445 devstack@m-api.service[46932]: INFO manila.api.openstack.wsgi [None req-515208f2-70b3-4d89-8576-bc1554a67d83 tempest-AdminActionsTest-716250861 tempest-AdminActionsTest-716250861-project-admin] https://162.253.55.212/share/v2/e2647041cc2e4895969f2d0d9f34bcf2/shares/71126277-0236-49e1-9d1c-44b4994d27af returned with HTTP 200
Feb 19 01:29:51.026310 np0000156445 devstack@m-api.service[46932]: [pid: 46932|app: 0|req: 441/874] 162.253.55.212 () {66 vars in 1496 bytes} [Thu Feb 19 01:29:50 2026] GET /share/v2/e2647041cc2e4895969f2d0d9f34bcf2/shares/71126277-0236-49e1-9d1c-44b4994d27af => generated 1499 bytes in 30 msecs (HTTP/1.1 200) 7 headers in 298 bytes (1 switches on core 0)
Feb 19 01:29:51.041191 np0000156445 devstack@m-api.service[46933]: INFO manila.api.openstack.wsgi [None req-d4a5ef81-5b49-4b95-9b79-35d192047f83 tempest-SharesAdminQuotasTest-1915546510 tempest-SharesAdminQuotasTest-1915546510-project-admin] GET https://162.253.55.212/share/v2/91e0a6817ee24d27a39a90ce570be2c7/quota-sets/91e0a6817ee24d27a39a90ce570be2c7?user_id=535de305cfbd4ffc94dd14a572fb071c
Feb 19 01:29:51.042903 np0000156445 devstack@m-api.service[46933]: DEBUG manila.api.openstack.wsgi [None req-d4a5ef81-5b49-4b95-9b79-35d192047f83 tempest-SharesAdminQuotasTest-1915546510 tempest-SharesAdminQuotasTest-1915546510-project-admin] Empty body provided in request {{(pid=46933) get_body /opt/stack/manila/manila/api/openstack/wsgi.py:652}}
Feb 19 01:29:51.042903 np0000156445 devstack@m-api.service[46933]: DEBUG manila.api.openstack.wsgi [None req-d4a5ef81-5b49-4b95-9b79-35d192047f83 tempest-SharesAdminQuotasTest-1915546510 tempest-SharesAdminQuotasTest-1915546510-project-admin] Calling method 'Controller.__getattribute__..version_select' {{(pid=46933) _process_stack /opt/stack/manila/manila/api/openstack/wsgi.py:798}}
Feb 19 01:29:51.058381 np0000156445 devstack@m-api.service[46933]: INFO manila.api.openstack.wsgi [None req-d4a5ef81-5b49-4b95-9b79-35d192047f83 tempest-SharesAdminQuotasTest-1915546510 tempest-SharesAdminQuotasTest-1915546510-project-admin] https://162.253.55.212/share/v2/91e0a6817ee24d27a39a90ce570be2c7/quota-sets/91e0a6817ee24d27a39a90ce570be2c7?user_id=535de305cfbd4ffc94dd14a572fb071c returned with HTTP 200
Feb 19 01:29:51.059712 np0000156445 devstack@m-api.service[46933]: [pid: 46933|app: 0|req: 434/875] 162.253.55.212 () {66 vars in 1577 bytes} [Thu Feb 19 01:29:51 2026] GET /share/v2/91e0a6817ee24d27a39a90ce570be2c7/quota-sets/91e0a6817ee24d27a39a90ce570be2c7?user_id=535de305cfbd4ffc94dd14a572fb071c => generated 157 bytes in 27 msecs (HTTP/1.1 200) 7 headers in 297 bytes (1 switches on core 0)
Feb 19 01:29:51.075806 np0000156445 devstack@m-api.service[46932]: INFO manila.api.openstack.wsgi [None req-73608c44-d921-4a07-a741-bf6d2447b63c tempest-SharesAdminQuotasTest-1915546510 tempest-SharesAdminQuotasTest-1915546510-project-admin] GET https://162.253.55.212/share/v2/91e0a6817ee24d27a39a90ce570be2c7/quota-sets/91e0a6817ee24d27a39a90ce570be2c7
Feb 19 01:29:51.076451 np0000156445 devstack@m-api.service[46932]: DEBUG manila.api.openstack.wsgi [None req-73608c44-d921-4a07-a741-bf6d2447b63c tempest-SharesAdminQuotasTest-1915546510 tempest-SharesAdminQuotasTest-1915546510-project-admin] Empty body provided in request {{(pid=46932) get_body /opt/stack/manila/manila/api/openstack/wsgi.py:652}}
Feb 19 01:29:51.076451 np0000156445 devstack@m-api.service[46932]: DEBUG manila.api.openstack.wsgi [None req-73608c44-d921-4a07-a741-bf6d2447b63c tempest-SharesAdminQuotasTest-1915546510 tempest-SharesAdminQuotasTest-1915546510-project-admin] Calling method 'Controller.__getattribute__..version_select' {{(pid=46932) _process_stack /opt/stack/manila/manila/api/openstack/wsgi.py:798}}
Feb 19 01:29:51.085569 np0000156445 devstack@m-api.service[46932]: INFO manila.api.openstack.wsgi [None req-73608c44-d921-4a07-a741-bf6d2447b63c tempest-SharesAdminQuotasTest-1915546510 tempest-SharesAdminQuotasTest-1915546510-project-admin] https://162.253.55.212/share/v2/91e0a6817ee24d27a39a90ce570be2c7/quota-sets/91e0a6817ee24d27a39a90ce570be2c7 returned with HTTP 200
Feb 19 01:29:51.085569 np0000156445 devstack@m-api.service[46932]: [pid: 46932|app: 0|req: 442/876] 162.253.55.212 () {66 vars in 1496 bytes} [Thu Feb 19 01:29:51 2026] GET /share/v2/91e0a6817ee24d27a39a90ce570be2c7/quota-sets/91e0a6817ee24d27a39a90ce570be2c7 => generated 157 bytes in 12 msecs (HTTP/1.1 200) 7 headers in 297 bytes (1 switches on core 0)
Feb 19 01:29:51.099680 np0000156445 devstack@m-api.service[46933]: INFO manila.api.openstack.wsgi [None req-d80cc56f-a72e-4add-a18d-2bcb613a0155 tempest-SharesAdminQuotasTest-1915546510 tempest-SharesAdminQuotasTest-1915546510-project-admin] POST https://162.253.55.212/share/v2/91e0a6817ee24d27a39a90ce570be2c7/types
Feb 19 01:29:51.100562 np0000156445 devstack@m-api.service[46933]: DEBUG manila.api.openstack.wsgi [None req-d80cc56f-a72e-4add-a18d-2bcb613a0155 tempest-SharesAdminQuotasTest-1915546510 tempest-SharesAdminQuotasTest-1915546510-project-admin] Action: 'create', calling method: Controller.__getattribute__..version_select, body: {"share_type": {"name": "tempest-tempest-manila-949093414", "extra_specs": {"driver_handles_share_servers": "True"}, "share_type_access:is_public": true}} {{(pid=46933) _process_stack /opt/stack/manila/manila/api/openstack/wsgi.py:796}}
Feb 19 01:29:51.115114 np0000156445 devstack@m-api.service[46933]: INFO manila.api.openstack.wsgi [None req-d80cc56f-a72e-4add-a18d-2bcb613a0155 tempest-SharesAdminQuotasTest-1915546510 tempest-SharesAdminQuotasTest-1915546510-project-admin] https://162.253.55.212/share/v2/91e0a6817ee24d27a39a90ce570be2c7/types returned with HTTP 200
Feb 19 01:29:51.116084 np0000156445 devstack@m-api.service[46933]: [pid: 46933|app: 0|req: 435/877] 162.253.55.212 () {68 vars in 1404 bytes} [Thu Feb 19 01:29:51 2026] POST /share/v2/91e0a6817ee24d27a39a90ce570be2c7/types => generated 617 bytes in 22 msecs (HTTP/1.1 200) 7 headers in 297 bytes (1 switches on core 0)
Feb 19 01:29:51.128645 np0000156445 devstack@m-api.service[46932]: INFO manila.api.openstack.wsgi [None req-a2ae3f5b-bab2-4ca5-8288-f38217edee44 tempest-SharesAdminQuotasTest-1915546510 tempest-SharesAdminQuotasTest-1915546510-project-admin] GET https://162.253.55.212/share/v2/91e0a6817ee24d27a39a90ce570be2c7/quota-sets/91e0a6817ee24d27a39a90ce570be2c7
Feb 19 01:29:51.129924 np0000156445 devstack@m-api.service[46932]: DEBUG manila.api.openstack.wsgi [None req-a2ae3f5b-bab2-4ca5-8288-f38217edee44 tempest-SharesAdminQuotasTest-1915546510 tempest-SharesAdminQuotasTest-1915546510-project-admin] Empty body provided in request {{(pid=46932) get_body /opt/stack/manila/manila/api/openstack/wsgi.py:652}}
Feb 19 01:29:51.130522 np0000156445 devstack@m-api.service[46932]: DEBUG manila.api.openstack.wsgi [None req-a2ae3f5b-bab2-4ca5-8288-f38217edee44 tempest-SharesAdminQuotasTest-1915546510 tempest-SharesAdminQuotasTest-1915546510-project-admin] Calling method 'Controller.__getattribute__..version_select' {{(pid=46932) _process_stack /opt/stack/manila/manila/api/openstack/wsgi.py:798}}
Feb 19 01:29:51.140057 np0000156445 devstack@m-api.service[46932]: INFO manila.api.openstack.wsgi [None req-a2ae3f5b-bab2-4ca5-8288-f38217edee44 tempest-SharesAdminQuotasTest-1915546510 tempest-SharesAdminQuotasTest-1915546510-project-admin] https://162.253.55.212/share/v2/91e0a6817ee24d27a39a90ce570be2c7/quota-sets/91e0a6817ee24d27a39a90ce570be2c7 returned with HTTP 200
Feb 19 01:29:51.140968 np0000156445 devstack@m-api.service[46932]: [pid: 46932|app: 0|req: 443/878] 162.253.55.212 () {66 vars in 1496 bytes} [Thu Feb 19 01:29:51 2026] GET /share/v2/91e0a6817ee24d27a39a90ce570be2c7/quota-sets/91e0a6817ee24d27a39a90ce570be2c7 => generated 348 bytes in 15 msecs (HTTP/1.1 200) 7 headers in 297 bytes (1 switches on core 0)
Feb 19 01:29:51.152821 np0000156445 devstack@m-api.service[46933]: INFO manila.api.openstack.wsgi [None req-cb19ceb9-ffb8-4629-b912-7aac1646495f tempest-SharesAdminQuotasTest-1915546510 tempest-SharesAdminQuotasTest-1915546510-project-admin] GET https://162.253.55.212/share/v2/91e0a6817ee24d27a39a90ce570be2c7/quota-sets/91e0a6817ee24d27a39a90ce570be2c7?share_type=5ffee1df-3578-4aae-9420-0780c280dbc5
Feb 19 01:29:51.153492 np0000156445 devstack@m-api.service[46933]: DEBUG manila.api.openstack.wsgi [None req-cb19ceb9-ffb8-4629-b912-7aac1646495f tempest-SharesAdminQuotasTest-1915546510 tempest-SharesAdminQuotasTest-1915546510-project-admin] Empty body provided in request {{(pid=46933) get_body /opt/stack/manila/manila/api/openstack/wsgi.py:652}}
Feb 19 01:29:51.154436 np0000156445 devstack@m-api.service[46933]: DEBUG manila.api.openstack.wsgi [None req-cb19ceb9-ffb8-4629-b912-7aac1646495f tempest-SharesAdminQuotasTest-1915546510 tempest-SharesAdminQuotasTest-1915546510-project-admin] Calling method 'Controller.__getattribute__..version_select' {{(pid=46933) _process_stack /opt/stack/manila/manila/api/openstack/wsgi.py:798}}
Feb 19 01:29:51.164285 np0000156445 devstack@m-api.service[46933]: INFO manila.api.openstack.wsgi [None req-cb19ceb9-ffb8-4629-b912-7aac1646495f tempest-SharesAdminQuotasTest-1915546510 tempest-SharesAdminQuotasTest-1915546510-project-admin] https://162.253.55.212/share/v2/91e0a6817ee24d27a39a90ce570be2c7/quota-sets/91e0a6817ee24d27a39a90ce570be2c7?share_type=5ffee1df-3578-4aae-9420-0780c280dbc5 returned with HTTP 200
Feb 19 01:29:51.164285 np0000156445 devstack@m-api.service[46933]: [pid: 46933|app: 0|req: 436/879] 162.253.55.212 () {66 vars in 1591 bytes} [Thu Feb 19 01:29:51 2026] GET /share/v2/91e0a6817ee24d27a39a90ce570be2c7/quota-sets/91e0a6817ee24d27a39a90ce570be2c7?share_type=5ffee1df-3578-4aae-9420-0780c280dbc5 => generated 277 bytes in 13 msecs (HTTP/1.1 200) 7 headers in 297 bytes (2 switches on core 0)
Feb 19 01:29:51.176303 np0000156445 devstack@m-api.service[46932]: INFO manila.api.openstack.wsgi [None req-60a2c1c2-fb6b-46ac-ba97-213ca99f8d02 tempest-SharesAdminQuotasTest-1915546510 tempest-SharesAdminQuotasTest-1915546510-project-admin] GET https://162.253.55.212/share/v2/91e0a6817ee24d27a39a90ce570be2c7/shares?share_type_id=5ffee1df-3578-4aae-9420-0780c280dbc5
Feb 19 01:29:51.176303 np0000156445 devstack@m-api.service[46932]: DEBUG manila.api.openstack.wsgi [None req-60a2c1c2-fb6b-46ac-ba97-213ca99f8d02 tempest-SharesAdminQuotasTest-1915546510 tempest-SharesAdminQuotasTest-1915546510-project-admin] Empty body provided in request {{(pid=46932) get_body /opt/stack/manila/manila/api/openstack/wsgi.py:652}}
Feb 19 01:29:51.176303 np0000156445 devstack@m-api.service[46932]: DEBUG manila.api.openstack.wsgi [None req-60a2c1c2-fb6b-46ac-ba97-213ca99f8d02 tempest-SharesAdminQuotasTest-1915546510 tempest-SharesAdminQuotasTest-1915546510-project-admin] Calling method 'Controller.__getattribute__..version_select' {{(pid=46932) _process_stack /opt/stack/manila/manila/api/openstack/wsgi.py:798}}
Feb 19 01:29:51.177589 np0000156445 devstack@m-api.service[46932]: DEBUG manila.share.api [None req-60a2c1c2-fb6b-46ac-ba97-213ca99f8d02 tempest-SharesAdminQuotasTest-1915546510 tempest-SharesAdminQuotasTest-1915546510-project-admin] Searching for shares by: {'share_type_id': '5ffee1df-3578-4aae-9420-0780c280dbc5'} {{(pid=46932) _get_all /opt/stack/manila/manila/share/api.py:2372}}
Feb 19 01:29:51.184478 np0000156445 devstack@m-api.service[46932]: INFO manila.api.openstack.wsgi [None req-60a2c1c2-fb6b-46ac-ba97-213ca99f8d02 tempest-SharesAdminQuotasTest-1915546510 tempest-SharesAdminQuotasTest-1915546510-project-admin] https://162.253.55.212/share/v2/91e0a6817ee24d27a39a90ce570be2c7/shares?share_type_id=5ffee1df-3578-4aae-9420-0780c280dbc5 returned with HTTP 200
Feb 19 01:29:51.185983 np0000156445 devstack@m-api.service[46932]: [pid: 46932|app: 0|req: 444/880] 162.253.55.212 () {66 vars in 1486 bytes} [Thu Feb 19 01:29:51 2026] GET /share/v2/91e0a6817ee24d27a39a90ce570be2c7/shares?share_type_id=5ffee1df-3578-4aae-9420-0780c280dbc5 => generated 14 bytes in 14 msecs (HTTP/1.1 200) 7 headers in 296 bytes (1 switches on core 0)
Feb 19 01:29:51.196465 np0000156445 devstack@m-api.service[46933]: INFO manila.api.openstack.wsgi [None req-767f3b2e-e224-4765-814d-ff9526e5c5ca tempest-SharesAdminQuotasTest-1915546510 tempest-SharesAdminQuotasTest-1915546510-project-admin] DELETE https://162.253.55.212/share/v2/91e0a6817ee24d27a39a90ce570be2c7/types/5ffee1df-3578-4aae-9420-0780c280dbc5
Feb 19 01:29:51.196642 np0000156445 devstack@m-api.service[46933]: DEBUG manila.api.openstack.wsgi [None req-767f3b2e-e224-4765-814d-ff9526e5c5ca tempest-SharesAdminQuotasTest-1915546510 tempest-SharesAdminQuotasTest-1915546510-project-admin] Empty body provided in request {{(pid=46933) get_body /opt/stack/manila/manila/api/openstack/wsgi.py:652}}
