Feb 19 01:29:23.747697 np0000156445 devstack@m-api.service[46933]: INFO manila.api.openstack.wsgi [None req-e964922d-7bb9-4bd0-8324-fa6ad6b69f2b tempest-MigrationWithShareShrinkingNFSTest-648888664 tempest-MigrationWithShareShrinkingNFSTest-648888664-project-admin] https://162.253.55.212/share/v2/2db18b5bda4e4ccab39d78129bb166d1/shares/56083361-2395-48fe-8250-0a9e4bace0fa returned with HTTP 200
Feb 19 01:29:23.751850 np0000156445 devstack@m-api.service[46933]: [pid: 46933|app: 0|req: 139/270] 162.253.55.212 () {66 vars in 1496 bytes} [Thu Feb 19 01:29:23 2026] GET /share/v2/2db18b5bda4e4ccab39d78129bb166d1/shares/56083361-2395-48fe-8250-0a9e4bace0fa => generated 1533 bytes in 68 msecs (HTTP/1.1 200) 7 headers in 298 bytes (1 switches on core 0)
Feb 19 01:29:23.760799 np0000156445 devstack@m-api.service[46932]: INFO manila.api.openstack.wsgi [None req-d8dc5d87-e78a-49c3-88d6-c1b118afaff6 tempest-ShareMultiBackendTest-786865051 tempest-ShareMultiBackendTest-786865051-project-admin] https://162.253.55.212/share/v2/84e3fbda36c048599b53204819d72d03/shares/affae1c7-827f-41d2-a86c-8662565fcde3 returned with HTTP 200
Feb 19 01:29:23.761326 np0000156445 devstack@m-api.service[46933]: INFO manila.api.openstack.wsgi [None req-fbed7d45-8596-40f7-aac9-4d11e88f4adb tempest-ShareServersAdminTest-1434229060 tempest-ShareServersAdminTest-1434229060-project-admin] POST https://162.253.55.212/share/v2/27f364f07a8c466b94a88ff417f22d06/types
Feb 19 01:29:23.761389 np0000156445 devstack@m-api.service[46932]: [pid: 46932|app: 0|req: 132/271] 162.253.55.212 () {66 vars in 1496 bytes} [Thu Feb 19 01:29:23 2026] GET /share/v2/84e3fbda36c048599b53204819d72d03/shares/affae1c7-827f-41d2-a86c-8662565fcde3 => generated 1548 bytes in 22 msecs (HTTP/1.1 200) 7 headers in 298 bytes (1 switches on core 0)
Feb 19 01:29:23.766084 np0000156445 devstack@m-api.service[46933]: DEBUG manila.api.openstack.wsgi [None req-fbed7d45-8596-40f7-aac9-4d11e88f4adb tempest-ShareServersAdminTest-1434229060 tempest-ShareServersAdminTest-1434229060-project-admin] Action: 'create', calling method: Controller.__getattribute__..version_select, body: {"share_type": {"name": "tempest-typeshare-type-1755718212", "extra_specs": {"driver_handles_share_servers": "True"}, "share_type_access:is_public": true}} {{(pid=46933) _process_stack /opt/stack/manila/manila/api/openstack/wsgi.py:796}}
Feb 19 01:29:23.766207 np0000156445 devstack@m-api.service[46932]: INFO manila.api.openstack.wsgi [None req-ecc6d725-5411-46a5-b182-3ead4d878ad0 tempest-ShareGroupTypesTest-1910224554 tempest-ShareGroupTypesTest-1910224554-project-admin] DELETE https://162.253.55.212/share/v2/326dd35b578f425d8ef2c00ff8845405/share-group-types/1d937dba-dda2-40e5-b364-a3a06d4ee805
Feb 19 01:29:23.766207 np0000156445 devstack@m-api.service[46932]: DEBUG manila.api.openstack.wsgi [None req-ecc6d725-5411-46a5-b182-3ead4d878ad0 tempest-ShareGroupTypesTest-1910224554 tempest-ShareGroupTypesTest-1910224554-project-admin] Empty body provided in request {{(pid=46932) get_body /opt/stack/manila/manila/api/openstack/wsgi.py:652}}
Feb 19 01:29:23.766207 np0000156445 devstack@m-api.service[46932]: DEBUG manila.api.openstack.wsgi [None req-ecc6d725-5411-46a5-b182-3ead4d878ad0 tempest-ShareGroupTypesTest-1910224554 tempest-ShareGroupTypesTest-1910224554-project-admin] Calling method 'Controller.__getattribute__..version_select' {{(pid=46932) _process_stack /opt/stack/manila/manila/api/openstack/wsgi.py:798}}
Feb 19 01:29:23.789925 np0000156445 devstack@m-api.service[46932]: INFO manila.api.openstack.wsgi [None req-ecc6d725-5411-46a5-b182-3ead4d878ad0 tempest-ShareGroupTypesTest-1910224554 tempest-ShareGroupTypesTest-1910224554-project-admin] https://162.253.55.212/share/v2/326dd35b578f425d8ef2c00ff8845405/share-group-types/1d937dba-dda2-40e5-b364-a3a06d4ee805 returned with HTTP 204
Feb 19 01:29:23.792132 np0000156445 devstack@m-api.service[46932]: [pid: 46932|app: 0|req: 133/272] 162.253.55.212 () {66 vars in 1532 bytes} [Thu Feb 19 01:29:23 2026] DELETE /share/v2/326dd35b578f425d8ef2c00ff8845405/share-group-types/1d937dba-dda2-40e5-b364-a3a06d4ee805 => generated 0 bytes in 30 msecs (HTTP/1.1 204) 7 headers in 311 bytes (1 switches on core 0)
Feb 19 01:29:23.795724 np0000156445 devstack@m-api.service[46933]: INFO manila.api.openstack.wsgi [None req-fbed7d45-8596-40f7-aac9-4d11e88f4adb tempest-ShareServersAdminTest-1434229060 tempest-ShareServersAdminTest-1434229060-project-admin] https://162.253.55.212/share/v2/27f364f07a8c466b94a88ff417f22d06/types returned with HTTP 200
Feb 19 01:29:23.799848 np0000156445 devstack@m-api.service[46932]: INFO manila.api.openstack.wsgi [None req-c60034a8-4422-4c9e-ace3-d1e0aedc49f3 tempest-ShareServerMigrationBasicCIFS-1050214032 tempest-ShareServerMigrationBasicCIFS-1050214032-project-admin] POST https://162.253.55.212/share/v2/e27c58b6be61404da82c182edae4282c/snapshots
Feb 19 01:29:23.801009 np0000156445 devstack@m-api.service[46933]: [pid: 46933|app: 0|req: 140/273] 162.253.55.212 () {68 vars in 1404 bytes} [Thu Feb 19 01:29:23 2026] POST /share/v2/27f364f07a8c466b94a88ff417f22d06/types => generated 619 bytes in 50 msecs (HTTP/1.1 200) 7 headers in 297 bytes (1 switches on core 0)
Feb 19 01:29:23.802556 np0000156445 devstack@m-api.service[46932]: DEBUG manila.api.openstack.wsgi [None req-c60034a8-4422-4c9e-ace3-d1e0aedc49f3 tempest-ShareServerMigrationBasicCIFS-1050214032 tempest-ShareServerMigrationBasicCIFS-1050214032-project-admin] Action: 'create', calling method: ShareSnapshotMixin.create, body: {"snapshot": {"name": "tempest-tempest-created-share-snap-874779178", "force": false, "description": "Tempest's snapshot", "share_id": "36e7f178-ce57-4aa2-99ea-a66a057d0dda"}} {{(pid=46932) _process_stack /opt/stack/manila/manila/api/openstack/wsgi.py:796}}
Feb 19 01:29:23.812909 np0000156445 devstack@m-api.service[46933]: INFO manila.api.openstack.wsgi [None req-634fd164-6488-4f38-b58a-cb5e87ffc38d tempest-MigrationOppositeDriverModesNFSTest-301888854 tempest-MigrationOppositeDriverModesNFSTest-301888854-project-admin] GET https://162.253.55.212/share/v2/e469a8321695489d9d89189841dd67d9/shares/d0dc5130-ca46-4e97-b08c-97c9cbac7806
Feb 19 01:29:23.812909 np0000156445 devstack@m-api.service[46933]: DEBUG manila.api.openstack.wsgi [None req-634fd164-6488-4f38-b58a-cb5e87ffc38d tempest-MigrationOppositeDriverModesNFSTest-301888854 tempest-MigrationOppositeDriverModesNFSTest-301888854-project-admin] Empty body provided in request {{(pid=46933) get_body /opt/stack/manila/manila/api/openstack/wsgi.py:652}}
Feb 19 01:29:23.812909 np0000156445 devstack@m-api.service[46933]: DEBUG manila.api.openstack.wsgi [None req-634fd164-6488-4f38-b58a-cb5e87ffc38d tempest-MigrationOppositeDriverModesNFSTest-301888854 tempest-MigrationOppositeDriverModesNFSTest-301888854-project-admin] Calling method 'ShareMixin.show' {{(pid=46933) _process_stack /opt/stack/manila/manila/api/openstack/wsgi.py:798}}
Feb 19 01:29:23.822588 np0000156445 devstack@m-api.service[46932]: INFO manila.api.v2.share_snapshots [None req-c60034a8-4422-4c9e-ace3-d1e0aedc49f3 tempest-ShareServerMigrationBasicCIFS-1050214032 tempest-ShareServerMigrationBasicCIFS-1050214032-project-admin] Create snapshot from share 36e7f178-ce57-4aa2-99ea-a66a057d0dda
Feb 19 01:29:23.861123 np0000156445 devstack@m-api.service[46933]: INFO manila.api.openstack.wsgi [None req-634fd164-6488-4f38-b58a-cb5e87ffc38d tempest-MigrationOppositeDriverModesNFSTest-301888854 tempest-MigrationOppositeDriverModesNFSTest-301888854-project-admin] https://162.253.55.212/share/v2/e469a8321695489d9d89189841dd67d9/shares/d0dc5130-ca46-4e97-b08c-97c9cbac7806 returned with HTTP 200
Feb 19 01:29:23.866056 np0000156445 devstack@m-api.service[46933]: [pid: 46933|app: 0|req: 141/274] 162.253.55.212 () {66 vars in 1496 bytes} [Thu Feb 19 01:29:23 2026] GET /share/v2/e469a8321695489d9d89189841dd67d9/shares/d0dc5130-ca46-4e97-b08c-97c9cbac7806 => generated 1537 bytes in 63 msecs (HTTP/1.1 200) 7 headers in 298 bytes (1 switches on core 0)
Feb 19 01:29:23.871749 np0000156445 devstack@m-api.service[46933]: INFO manila.api.openstack.wsgi [None req-f0b9b7b8-8b0c-4a19-8083-75476262f86d tempest-MigrationWithDifferentSnapshotSupportNFSTest-654445078 tempest-MigrationWithDifferentSnapshotSupportNFSTest-654445078-project-admin] GET https://162.253.55.212/share/v2/20833c0a5b1145599dc8b8a3102fa364/shares/a18092aa-c2e0-4f23-ba4c-d23c149c9455
Feb 19 01:29:23.872747 np0000156445 devstack@m-api.service[46933]: DEBUG manila.api.openstack.wsgi [None req-f0b9b7b8-8b0c-4a19-8083-75476262f86d tempest-MigrationWithDifferentSnapshotSupportNFSTest-654445078 tempest-MigrationWithDifferentSnapshotSupportNFSTest-654445078-project-admin] Empty body provided in request {{(pid=46933) get_body /opt/stack/manila/manila/api/openstack/wsgi.py:652}}
Feb 19 01:29:23.873167 np0000156445 devstack@m-api.service[46933]: DEBUG manila.api.openstack.wsgi [None req-f0b9b7b8-8b0c-4a19-8083-75476262f86d tempest-MigrationWithDifferentSnapshotSupportNFSTest-654445078 tempest-MigrationWithDifferentSnapshotSupportNFSTest-654445078-project-admin] Calling method 'ShareMixin.show' {{(pid=46933) _process_stack /opt/stack/manila/manila/api/openstack/wsgi.py:798}}
Feb 19 01:29:23.879441 np0000156445 devstack@m-api.service[46932]: DEBUG manila.quota [None req-c60034a8-4422-4c9e-ace3-d1e0aedc49f3 tempest-ShareServerMigrationBasicCIFS-1050214032 tempest-ShareServerMigrationBasicCIFS-1050214032-project-admin] Created reservations ['8292a20d-2051-49c0-a309-75d50983000d', '3e621e98-daca-48b6-a4eb-47fa1e527674', '7208e4a8-9665-48f4-b513-7c95493d32bb', '7bd03506-5dde-435f-bf18-bf98f0283d74'] {{(pid=46932) reserve /opt/stack/manila/manila/quota.py:1038}}
Feb 19 01:29:23.897518 np0000156445 devstack@m-api.service[46933]: INFO manila.api.openstack.wsgi [None req-f0b9b7b8-8b0c-4a19-8083-75476262f86d tempest-MigrationWithDifferentSnapshotSupportNFSTest-654445078 tempest-MigrationWithDifferentSnapshotSupportNFSTest-654445078-project-admin] https://162.253.55.212/share/v2/20833c0a5b1145599dc8b8a3102fa364/shares/a18092aa-c2e0-4f23-ba4c-d23c149c9455 returned with HTTP 200
Feb 19 01:29:23.898256 np0000156445 devstack@m-api.service[46933]: [pid: 46933|app: 0|req: 142/275] 162.253.55.212 () {66 vars in 1496 bytes} [Thu Feb 19 01:29:23 2026] GET /share/v2/20833c0a5b1145599dc8b8a3102fa364/shares/a18092aa-c2e0-4f23-ba4c-d23c149c9455 => generated 1550 bytes in 31 msecs (HTTP/1.1 200) 7 headers in 298 bytes (1 switches on core 0)
Feb 19 01:29:23.910103 np0000156445 devstack@m-api.service[46933]: INFO manila.api.openstack.wsgi [None req-24425038-1da5-4749-bee5-b8f0e64b5b03 tempest-ShareMultiBackendTest-786865051 tempest-ShareMultiBackendTest-786865051-project-admin] GET https://162.253.55.212/share/v2/84e3fbda36c048599b53204819d72d03/shares/83b9e417-9c88-4481-9211-b4d50ac97c45
Feb 19 01:29:23.910200 np0000156445 devstack@m-api.service[46933]: DEBUG manila.api.openstack.wsgi [None req-24425038-1da5-4749-bee5-b8f0e64b5b03 tempest-ShareMultiBackendTest-786865051 tempest-ShareMultiBackendTest-786865051-project-admin] Empty body provided in request {{(pid=46933) get_body /opt/stack/manila/manila/api/openstack/wsgi.py:652}}
Feb 19 01:29:23.910725 np0000156445 devstack@m-api.service[46933]: DEBUG manila.api.openstack.wsgi [None req-24425038-1da5-4749-bee5-b8f0e64b5b03 tempest-ShareMultiBackendTest-786865051 tempest-ShareMultiBackendTest-786865051-project-admin] Calling method 'ShareMixin.show' {{(pid=46933) _process_stack /opt/stack/manila/manila/api/openstack/wsgi.py:798}}
Feb 19 01:29:23.962688 np0000156445 devstack@m-api.service[46933]: INFO manila.api.openstack.wsgi [None req-24425038-1da5-4749-bee5-b8f0e64b5b03 tempest-ShareMultiBackendTest-786865051 tempest-ShareMultiBackendTest-786865051-project-admin] https://162.253.55.212/share/v2/84e3fbda36c048599b53204819d72d03/shares/83b9e417-9c88-4481-9211-b4d50ac97c45 returned with HTTP 200
Feb 19 01:29:23.965446 np0000156445 devstack@m-api.service[46933]: [pid: 46933|app: 0|req: 143/276] 162.253.55.212 () {66 vars in 1496 bytes} [Thu Feb 19 01:29:23 2026] GET /share/v2/84e3fbda36c048599b53204819d72d03/shares/83b9e417-9c88-4481-9211-b4d50ac97c45 => generated 1541 bytes in 62 msecs (HTTP/1.1 200) 7 headers in 298 bytes (1 switches on core 0)
Feb 19 01:29:23.972468 np0000156445 devstack@m-api.service[46933]: INFO manila.api.openstack.wsgi [None req-938db113-81cf-4a62-bb49-7f24c0f03ffc tempest-ShareServersAdminTest-1434229060 tempest-ShareServersAdminTest-1434229060-project-admin] POST https://162.253.55.212/share/v2/27f364f07a8c466b94a88ff417f22d06/shares
Feb 19 01:29:23.972468 np0000156445 devstack@m-api.service[46933]: DEBUG manila.api.openstack.wsgi [None req-938db113-81cf-4a62-bb49-7f24c0f03ffc tempest-ShareServersAdminTest-1434229060 tempest-ShareServersAdminTest-1434229060-project-admin] Action: 'create', calling method: Controller.__getattribute__..version_select, body: {"share": {"share_proto": "nfs", "description": "Tempest's share", "snapshot_id": null, "name": "tempest-tempest-created-share-640876549", "size": 1, "metadata": {}, "is_public": false, "share_network_id": "022bf8d8-7fef-4a70-a469-2226a780673d", "share_type": "8e5b5f46-df0e-4607-b9de-bc89d87d0ea4"}} {{(pid=46933) _process_stack /opt/stack/manila/manila/api/openstack/wsgi.py:796}}
Feb 19 01:29:23.976812 np0000156445 devstack@m-api.service[46933]: INFO manila.api.v2.shares [None req-938db113-81cf-4a62-bb49-7f24c0f03ffc tempest-ShareServersAdminTest-1434229060 tempest-ShareServersAdminTest-1434229060-project-admin] Create NFS share of 1 GB
Feb 19 01:29:24.073769 np0000156445 devstack@m-api.service[46932]: DEBUG manila.quota [None req-c60034a8-4422-4c9e-ace3-d1e0aedc49f3 tempest-ShareServerMigrationBasicCIFS-1050214032 tempest-ShareServerMigrationBasicCIFS-1050214032-project-admin] Committed reservations ['8292a20d-2051-49c0-a309-75d50983000d', '3e621e98-daca-48b6-a4eb-47fa1e527674', '7208e4a8-9665-48f4-b513-7c95493d32bb', '7bd03506-5dde-435f-bf18-bf98f0283d74'] {{(pid=46932) commit /opt/stack/manila/manila/quota.py:1066}}
Feb 19 01:29:24.077119 np0000156445 devstack@m-api.service[46932]: INFO manila.api.openstack.wsgi [None req-c60034a8-4422-4c9e-ace3-d1e0aedc49f3 tempest-ShareServerMigrationBasicCIFS-1050214032 tempest-ShareServerMigrationBasicCIFS-1050214032-project-admin] https://162.253.55.212/share/v2/e27c58b6be61404da82c182edae4282c/snapshots returned with HTTP 202
Feb 19 01:29:24.078266 np0000156445 devstack@m-api.service[46932]: [pid: 46932|app: 0|req: 134/277] 162.253.55.212 () {68 vars in 1416 bytes} [Thu Feb 19 01:29:23 2026] POST /share/v2/e27c58b6be61404da82c182edae4282c/snapshots => generated 754 bytes in 286 msecs (HTTP/1.1 202) 7 headers in 303 bytes (1 switches on core 0)
Feb 19 01:29:24.083503 np0000156445 devstack@m-api.service[46933]: DEBUG manila.quota [None req-938db113-81cf-4a62-bb49-7f24c0f03ffc tempest-ShareServersAdminTest-1434229060 tempest-ShareServersAdminTest-1434229060-project-admin] Created reservations ['96291175-3410-4d0d-a720-6163ffe4117e', 'be9afa54-e2af-4904-a581-ef11df09c856', '9d695336-c36d-474e-8284-c647a286b785', 'e862c063-ed61-43ba-9429-60eccd472d53'] {{(pid=46933) reserve /opt/stack/manila/manila/quota.py:1038}}
Feb 19 01:29:24.085000 np0000156445 devstack@m-api.service[46932]: INFO manila.api.openstack.wsgi [None req-3c86033c-e567-4d9a-b915-35e755edcc4b tempest-ShareGroupTypesTest-1910224554 tempest-ShareGroupTypesTest-1910224554-project-admin] GET https://162.253.55.212/share/v2/326dd35b578f425d8ef2c00ff8845405/share-group-types/1d937dba-dda2-40e5-b364-a3a06d4ee805
Feb 19 01:29:24.085636 np0000156445 devstack@m-api.service[46932]: DEBUG manila.api.openstack.wsgi [None req-3c86033c-e567-4d9a-b915-35e755edcc4b tempest-ShareGroupTypesTest-1910224554 tempest-ShareGroupTypesTest-1910224554-project-admin] Empty body provided in request {{(pid=46932) get_body /opt/stack/manila/manila/api/openstack/wsgi.py:652}}
Feb 19 01:29:24.086759 np0000156445 devstack@m-api.service[46932]: DEBUG manila.api.openstack.wsgi [None req-3c86033c-e567-4d9a-b915-35e755edcc4b tempest-ShareGroupTypesTest-1910224554 tempest-ShareGroupTypesTest-1910224554-project-admin] Calling method 'Controller.__getattribute__..version_select' {{(pid=46932) _process_stack /opt/stack/manila/manila/api/openstack/wsgi.py:798}}
Feb 19 01:29:24.094370 np0000156445 devstack@m-api.service[46932]: INFO manila.api.openstack.wsgi [None req-3c86033c-e567-4d9a-b915-35e755edcc4b tempest-ShareGroupTypesTest-1910224554 tempest-ShareGroupTypesTest-1910224554-project-admin] HTTP exception thrown: Share group type with id 1d937dba-dda2-40e5-b364-a3a06d4ee805 not found.
Feb 19 01:29:24.095534 np0000156445 devstack@m-api.service[46932]: INFO manila.api.openstack.wsgi [None req-3c86033c-e567-4d9a-b915-35e755edcc4b tempest-ShareGroupTypesTest-1910224554 tempest-ShareGroupTypesTest-1910224554-project-admin] https://162.253.55.212/share/v2/326dd35b578f425d8ef2c00ff8845405/share-group-types/1d937dba-dda2-40e5-b364-a3a06d4ee805 returned with HTTP 404
Feb 19 01:29:24.096591 np0000156445 devstack@m-api.service[46932]: [pid: 46932|app: 0|req: 135/278] 162.253.55.212 () {66 vars in 1529 bytes} [Thu Feb 19 01:29:24 2026] GET /share/v2/326dd35b578f425d8ef2c00ff8845405/share-group-types/1d937dba-dda2-40e5-b364-a3a06d4ee805 => generated 118 bytes in 17 msecs (HTTP/1.1 404) 7 headers in 304 bytes (1 switches on core 0)
Feb 19 01:29:24.102500 np0000156445 devstack@m-api.service[46932]: INFO manila.api.openstack.wsgi [None req-6e8e22cf-8e02-4988-ad17-be13096f757f tempest-MigrationOppositeDriverModesNFSTest-301888854 tempest-MigrationOppositeDriverModesNFSTest-301888854-project-admin] GET https://162.253.55.212/share/v2/e469a8321695489d9d89189841dd67d9/share-replicas/detail?share_id=d0dc5130-ca46-4e97-b08c-97c9cbac7806
Feb 19 01:29:24.104288 np0000156445 devstack@m-api.service[46932]: DEBUG manila.api.openstack.wsgi [None req-6e8e22cf-8e02-4988-ad17-be13096f757f tempest-MigrationOppositeDriverModesNFSTest-301888854 tempest-MigrationOppositeDriverModesNFSTest-301888854-project-admin] Empty body provided in request {{(pid=46932) get_body /opt/stack/manila/manila/api/openstack/wsgi.py:652}}
Feb 19 01:29:24.104288 np0000156445 devstack@m-api.service[46932]: DEBUG manila.api.openstack.wsgi [None req-6e8e22cf-8e02-4988-ad17-be13096f757f tempest-MigrationOppositeDriverModesNFSTest-301888854 tempest-MigrationOppositeDriverModesNFSTest-301888854-project-admin] Calling method 'Controller.__getattribute__..version_select' {{(pid=46932) _process_stack /opt/stack/manila/manila/api/openstack/wsgi.py:798}}
Feb 19 01:29:24.133904 np0000156445 devstack@m-api.service[46932]: INFO manila.api.openstack.wsgi [None req-6e8e22cf-8e02-4988-ad17-be13096f757f tempest-MigrationOppositeDriverModesNFSTest-301888854 tempest-MigrationOppositeDriverModesNFSTest-301888854-project-admin] https://162.253.55.212/share/v2/e469a8321695489d9d89189841dd67d9/share-replicas/detail?share_id=d0dc5130-ca46-4e97-b08c-97c9cbac7806 returned with HTTP 200
Feb 19 01:29:24.133904 np0000156445 devstack@m-api.service[46932]: [pid: 46932|app: 0|req: 136/279] 162.253.55.212 () {66 vars in 1521 bytes} [Thu Feb 19 01:29:24 2026] GET /share/v2/e469a8321695489d9d89189841dd67d9/share-replicas/detail?share_id=d0dc5130-ca46-4e97-b08c-97c9cbac7806 => generated 22 bytes in 35 msecs (HTTP/1.1 200) 7 headers in 296 bytes (1 switches on core 0)
Feb 19 01:29:24.141897 np0000156445 devstack@m-api.service[46932]: INFO manila.api.openstack.wsgi [None req-df31efa0-f779-4b77-9373-d83e867ed5bd tempest-MigrationWithDifferentSnapshotSupportNFSTest-654445078 tempest-MigrationWithDifferentSnapshotSupportNFSTest-654445078-project-admin] GET https://162.253.55.212/share/v2/20833c0a5b1145599dc8b8a3102fa364/share-networks/01b6e23c-cfd5-4b87-818a-cd63e2b00489
Feb 19 01:29:24.147149 np0000156445 devstack@m-api.service[46932]: DEBUG manila.api.openstack.wsgi [None req-df31efa0-f779-4b77-9373-d83e867ed5bd tempest-MigrationWithDifferentSnapshotSupportNFSTest-654445078 tempest-MigrationWithDifferentSnapshotSupportNFSTest-654445078-project-admin] Empty body provided in request {{(pid=46932) get_body /opt/stack/manila/manila/api/openstack/wsgi.py:652}}
Feb 19 01:29:24.147414 np0000156445 devstack@m-api.service[46932]: DEBUG manila.api.openstack.wsgi [None req-df31efa0-f779-4b77-9373-d83e867ed5bd tempest-MigrationWithDifferentSnapshotSupportNFSTest-654445078 tempest-MigrationWithDifferentSnapshotSupportNFSTest-654445078-project-admin] Calling method 'ShareNetworkController.show' {{(pid=46932) _process_stack /opt/stack/manila/manila/api/openstack/wsgi.py:798}}
Feb 19 01:29:24.225513 np0000156445 devstack@m-api.service[46932]: INFO manila.api.openstack.wsgi [None req-df31efa0-f779-4b77-9373-d83e867ed5bd tempest-MigrationWithDifferentSnapshotSupportNFSTest-654445078 tempest-MigrationWithDifferentSnapshotSupportNFSTest-654445078-project-admin] https://162.253.55.212/share/v2/20833c0a5b1145599dc8b8a3102fa364/share-networks/01b6e23c-cfd5-4b87-818a-cd63e2b00489 returned with HTTP 200
Feb 19 01:29:24.226178 np0000156445 devstack@m-api.service[46932]: [pid: 46932|app: 0|req: 137/280] 162.253.55.212 () {66 vars in 1520 bytes} [Thu Feb 19 01:29:24 2026] GET /share/v2/20833c0a5b1145599dc8b8a3102fa364/share-networks/01b6e23c-cfd5-4b87-818a-cd63e2b00489 => generated 761 bytes in 93 msecs (HTTP/1.1 200) 7 headers in 297 bytes (1 switches on core 0)
Feb 19 01:29:24.237818 np0000156445 devstack@m-api.service[46932]: INFO manila.api.openstack.wsgi [None req-56c2df8e-88a1-43b8-bc79-d710d0a3d8a3 tempest-MigrationCancelNFSTest-1858551862 tempest-MigrationCancelNFSTest-1858551862-project-admin] GET https://162.253.55.212/share/v2/9f7bb987794f44dbb22986c1ea1f97f2/shares/ab70aeea-6ca0-4e9b-afa3-823b0c2594c5
Feb 19 01:29:24.238409 np0000156445 devstack@m-api.service[46932]: DEBUG manila.api.openstack.wsgi [None req-56c2df8e-88a1-43b8-bc79-d710d0a3d8a3 tempest-MigrationCancelNFSTest-1858551862 tempest-MigrationCancelNFSTest-1858551862-project-admin] Empty body provided in request {{(pid=46932) get_body /opt/stack/manila/manila/api/openstack/wsgi.py:652}}
Feb 19 01:29:24.239374 np0000156445 devstack@m-api.service[46932]: DEBUG manila.api.openstack.wsgi [None req-56c2df8e-88a1-43b8-bc79-d710d0a3d8a3 tempest-MigrationCancelNFSTest-1858551862 tempest-MigrationCancelNFSTest-1858551862-project-admin] Calling method 'ShareMixin.show' {{(pid=46932) _process_stack /opt/stack/manila/manila/api/openstack/wsgi.py:798}}
Feb 19 01:29:24.245983 np0000156445 devstack@m-api.service[46933]: DEBUG manila.quota [None req-938db113-81cf-4a62-bb49-7f24c0f03ffc tempest-ShareServersAdminTest-1434229060 tempest-ShareServersAdminTest-1434229060-project-admin] Committed reservations ['96291175-3410-4d0d-a720-6163ffe4117e', 'be9afa54-e2af-4904-a581-ef11df09c856', '9d695336-c36d-474e-8284-c647a286b785', 'e862c063-ed61-43ba-9429-60eccd472d53'] {{(pid=46933) commit /opt/stack/manila/manila/quota.py:1066}}
Feb 19 01:29:24.267948 np0000156445 devstack@m-api.service[46932]: INFO manila.api.openstack.wsgi [None req-56c2df8e-88a1-43b8-bc79-d710d0a3d8a3 tempest-MigrationCancelNFSTest-1858551862 tempest-MigrationCancelNFSTest-1858551862-project-admin] https://162.253.55.212/share/v2/9f7bb987794f44dbb22986c1ea1f97f2/shares/ab70aeea-6ca0-4e9b-afa3-823b0c2594c5 returned with HTTP 200
Feb 19 01:29:24.268307 np0000156445 devstack@m-api.service[46932]: [pid: 46932|app: 0|req: 138/281] 162.253.55.212 () {66 vars in 1496 bytes} [Thu Feb 19 01:29:24 2026] GET /share/v2/9f7bb987794f44dbb22986c1ea1f97f2/shares/ab70aeea-6ca0-4e9b-afa3-823b0c2594c5 => generated 1536 bytes in 42 msecs (HTTP/1.1 200) 7 headers in 298 bytes (1 switches on core 0)
Feb 19 01:29:24.273199 np0000156445 devstack@m-api.service[46932]: INFO manila.api.openstack.wsgi [None req-f19f441e-7ac2-489a-96ed-3b8a4310ac39 tempest-ShareServerMigrationBasicCIFS-1050214032 tempest-ShareServerMigrationBasicCIFS-1050214032-project-admin] GET https://162.253.55.212/share/v2/e27c58b6be61404da82c182edae4282c/snapshots/47242b69-7a47-4119-af7e-d46f33be62ef
Feb 19 01:29:24.273199 np0000156445 devstack@m-api.service[46932]: DEBUG manila.api.openstack.wsgi [None req-f19f441e-7ac2-489a-96ed-3b8a4310ac39 tempest-ShareServerMigrationBasicCIFS-1050214032 tempest-ShareServerMigrationBasicCIFS-1050214032-project-admin] Empty body provided in request {{(pid=46932) get_body /opt/stack/manila/manila/api/openstack/wsgi.py:652}}
Feb 19 01:29:24.273199 np0000156445 devstack@m-api.service[46932]: DEBUG manila.api.openstack.wsgi [None req-f19f441e-7ac2-489a-96ed-3b8a4310ac39 tempest-ShareServerMigrationBasicCIFS-1050214032 tempest-ShareServerMigrationBasicCIFS-1050214032-project-admin] Calling method 'ShareSnapshotMixin.show' {{(pid=46932) _process_stack /opt/stack/manila/manila/api/openstack/wsgi.py:798}}
Feb 19 01:29:24.332194 np0000156445 devstack@m-api.service[46932]: INFO manila.api.openstack.wsgi [None req-f19f441e-7ac2-489a-96ed-3b8a4310ac39 tempest-ShareServerMigrationBasicCIFS-1050214032 tempest-ShareServerMigrationBasicCIFS-1050214032-project-admin] https://162.253.55.212/share/v2/e27c58b6be61404da82c182edae4282c/snapshots/47242b69-7a47-4119-af7e-d46f33be62ef returned with HTTP 200
Feb 19 01:29:24.333703 np0000156445 devstack@m-api.service[46932]: [pid: 46932|app: 0|req: 139/282] 162.253.55.212 () {66 vars in 1505 bytes} [Thu Feb 19 01:29:24 2026] GET /share/v2/e27c58b6be61404da82c182edae4282c/snapshots/47242b69-7a47-4119-af7e-d46f33be62ef => generated 754 bytes in 65 msecs (HTTP/1.1 200) 7 headers in 297 bytes (1 switches on core 0)
Feb 19 01:29:24.340813 np0000156445 devstack@m-api.service[46932]: INFO manila.api.openstack.wsgi [None req-578801dd-95ce-4eec-82c7-aecbd2be7ad7 tempest-ShareGroupTypesTest-1910224554 tempest-ShareGroupTypesTest-1910224554-project-admin] POST https://162.253.55.212/share/v2/326dd35b578f425d8ef2c00ff8845405/share-group-types
Feb 19 01:29:24.344383 np0000156445 devstack@m-api.service[46932]: DEBUG manila.api.openstack.wsgi [None req-578801dd-95ce-4eec-82c7-aecbd2be7ad7 tempest-ShareGroupTypesTest-1910224554 tempest-ShareGroupTypesTest-1910224554-project-admin] Action: 'create', calling method: Controller.__getattribute__..version_select, body: {"share_group_type": {"name": "tempest-tempest-manila-600061215", "share_types": ["c2e922e3-68a6-4ebd-a743-abbc30508f02"], "is_public": false, "group_specs": {"key1": "value1", "key2": "value2"}}} {{(pid=46932) _process_stack /opt/stack/manila/manila/api/openstack/wsgi.py:796}}
Feb 19 01:29:24.346586 np0000156445 devstack@m-api.service[46933]: INFO manila.api.openstack.wsgi [None req-938db113-81cf-4a62-bb49-7f24c0f03ffc tempest-ShareServersAdminTest-1434229060 tempest-ShareServersAdminTest-1434229060-project-admin] https://162.253.55.212/share/v2/27f364f07a8c466b94a88ff417f22d06/shares returned with HTTP 200
Feb 19 01:29:24.347109 np0000156445 devstack@m-api.service[46933]: [pid: 46933|app: 0|req: 144/283] 162.253.55.212 () {68 vars in 1407 bytes} [Thu Feb 19 01:29:23 2026] POST /share/v2/27f364f07a8c466b94a88ff417f22d06/shares => generated 1416 bytes in 381 msecs (HTTP/1.1 200) 7 headers in 298 bytes (1 switches on core 0)
Feb 19 01:29:24.349775 np0000156445 devstack@m-api.service[46933]: INFO manila.api.openstack.wsgi [None req-429887f6-fb2f-4088-ba38-d016c7b9b98d tempest-MigrationOppositeDriverModesNFSTest-301888854 tempest-MigrationOppositeDriverModesNFSTest-301888854-project-admin] DELETE https://162.253.55.212/share/v2/e469a8321695489d9d89189841dd67d9/shares/d0dc5130-ca46-4e97-b08c-97c9cbac7806
Feb 19 01:29:24.352058 np0000156445 devstack@m-api.service[46933]: DEBUG manila.api.openstack.wsgi [None req-429887f6-fb2f-4088-ba38-d016c7b9b98d tempest-MigrationOppositeDriverModesNFSTest-301888854 tempest-MigrationOppositeDriverModesNFSTest-301888854-project-admin] Empty body provided in request {{(pid=46933) get_body /opt/stack/manila/manila/api/openstack/wsgi.py:652}}
Feb 19 01:29:24.352058 np0000156445 devstack@m-api.service[46933]: DEBUG manila.api.openstack.wsgi [None req-429887f6-fb2f-4088-ba38-d016c7b9b98d tempest-MigrationOppositeDriverModesNFSTest-301888854 tempest-MigrationOppositeDriverModesNFSTest-301888854-project-admin] Calling method 'ShareMixin.delete' {{(pid=46933) _process_stack /opt/stack/manila/manila/api/openstack/wsgi.py:798}}
Feb 19 01:29:24.352141 np0000156445 devstack@m-api.service[46933]: INFO manila.api.v2.shares [None req-429887f6-fb2f-4088-ba38-d016c7b9b98d tempest-MigrationOppositeDriverModesNFSTest-301888854 tempest-MigrationOppositeDriverModesNFSTest-301888854-project-admin] Delete share with id: d0dc5130-ca46-4e97-b08c-97c9cbac7806
Feb 19 01:29:24.379792 np0000156445 devstack@m-api.service[46932]: INFO manila.api.openstack.wsgi [None req-578801dd-95ce-4eec-82c7-aecbd2be7ad7 tempest-ShareGroupTypesTest-1910224554 tempest-ShareGroupTypesTest-1910224554-project-admin] https://162.253.55.212/share/v2/326dd35b578f425d8ef2c00ff8845405/share-group-types returned with HTTP 200
Feb 19 01:29:24.382255 np0000156445 devstack@m-api.service[46932]: [pid: 46932|app: 0|req: 140/284] 162.253.55.212 () {70 vars in 1488 bytes} [Thu Feb 19 01:29:24 2026] POST /share/v2/326dd35b578f425d8ef2c00ff8845405/share-group-types => generated 242 bytes in 47 msecs (HTTP/1.1 200) 8 headers in 340 bytes (1 switches on core 0)
Feb 19 01:29:24.387633 np0000156445 devstack@m-api.service[46932]: INFO manila.api.openstack.wsgi [None req-261ad731-d681-4563-afdc-b30297f7f2a7 tempest-MigrationOfShareWithSnapshotNFSTest-522614245 tempest-MigrationOfShareWithSnapshotNFSTest-522614245-project-admin] GET https://162.253.55.212/share/v2/808b9ac70eca489797012bb15eb700cd/shares/f6b054f6-36fb-4423-a010-06ae52647669
Feb 19 01:29:24.387633 np0000156445 devstack@m-api.service[46932]: DEBUG manila.api.openstack.wsgi [None req-261ad731-d681-4563-afdc-b30297f7f2a7 tempest-MigrationOfShareWithSnapshotNFSTest-522614245 tempest-MigrationOfShareWithSnapshotNFSTest-522614245-project-admin] Empty body provided in request {{(pid=46932) get_body /opt/stack/manila/manila/api/openstack/wsgi.py:652}}
Feb 19 01:29:24.387633 np0000156445 devstack@m-api.service[46932]: DEBUG manila.api.openstack.wsgi [None req-261ad731-d681-4563-afdc-b30297f7f2a7 tempest-MigrationOfShareWithSnapshotNFSTest-522614245 tempest-MigrationOfShareWithSnapshotNFSTest-522614245-project-admin] Calling method 'ShareMixin.show' {{(pid=46932) _process_stack /opt/stack/manila/manila/api/openstack/wsgi.py:798}}
Feb 19 01:29:24.439516 np0000156445 devstack@m-api.service[46932]: INFO manila.api.openstack.wsgi [None req-261ad731-d681-4563-afdc-b30297f7f2a7 tempest-MigrationOfShareWithSnapshotNFSTest-522614245 tempest-MigrationOfShareWithSnapshotNFSTest-522614245-project-admin] https://162.253.55.212/share/v2/808b9ac70eca489797012bb15eb700cd/shares/f6b054f6-36fb-4423-a010-06ae52647669 returned with HTTP 200
Feb 19 01:29:24.443026 np0000156445 devstack@m-api.service[46932]: [pid: 46932|app: 0|req: 141/285] 162.253.55.212 () {66 vars in 1496 bytes} [Thu Feb 19 01:29:24 2026] GET /share/v2/808b9ac70eca489797012bb15eb700cd/shares/f6b054f6-36fb-4423-a010-06ae52647669 => generated 1548 bytes in 60 msecs (HTTP/1.1 200) 7 headers in 298 bytes (1 switches on core 0)
Feb 19 01:29:24.447505 np0000156445 devstack@m-api.service[46932]: INFO manila.api.openstack.wsgi [None req-33beabd0-1dcf-4693-9be0-416c827150c6 tempest-MigrationWithDifferentSnapshotSupportNFSTest-654445078 tempest-MigrationWithDifferentSnapshotSupportNFSTest-654445078-project-admin] POST https://162.253.55.212/share/v2/20833c0a5b1145599dc8b8a3102fa364/share-networks
Feb 19 01:29:24.447795 np0000156445 devstack@m-api.service[46932]: DEBUG manila.api.openstack.wsgi [None req-33beabd0-1dcf-4693-9be0-416c827150c6 tempest-MigrationWithDifferentSnapshotSupportNFSTest-654445078 tempest-MigrationWithDifferentSnapshotSupportNFSTest-654445078-project-admin] Action: 'create', calling method: ShareNetworkController.create, body: {"share_network": {"neutron_net_id": null, "neutron_subnet_id": null}} {{(pid=46932) _process_stack /opt/stack/manila/manila/api/openstack/wsgi.py:796}}
Feb 19 01:29:24.484566 np0000156445 devstack@m-api.service[46932]: DEBUG manila.quota [None req-33beabd0-1dcf-4693-9be0-416c827150c6 tempest-MigrationWithDifferentSnapshotSupportNFSTest-654445078 tempest-MigrationWithDifferentSnapshotSupportNFSTest-654445078-project-admin] Created reservations ['8bc6d54c-3c43-415a-a95d-a272e9d3e8b5'] {{(pid=46932) reserve /opt/stack/manila/manila/quota.py:1038}}
Feb 19 01:29:24.561713 np0000156445 devstack@m-api.service[46932]: DEBUG manila.quota [None req-33beabd0-1dcf-4693-9be0-416c827150c6 tempest-MigrationWithDifferentSnapshotSupportNFSTest-654445078 tempest-MigrationWithDifferentSnapshotSupportNFSTest-654445078-project-admin] Committed reservations ['8bc6d54c-3c43-415a-a95d-a272e9d3e8b5'] {{(pid=46932) commit /opt/stack/manila/manila/quota.py:1066}}
Feb 19 01:29:24.577537 np0000156445 devstack@m-api.service[46932]: INFO manila.api.openstack.wsgi [None req-33beabd0-1dcf-4693-9be0-416c827150c6 tempest-MigrationWithDifferentSnapshotSupportNFSTest-654445078 tempest-MigrationWithDifferentSnapshotSupportNFSTest-654445078-project-admin] https://162.253.55.212/share/v2/20833c0a5b1145599dc8b8a3102fa364/share-networks returned with HTTP 200
Feb 19 01:29:24.577537 np0000156445 devstack@m-api.service[46932]: [pid: 46932|app: 0|req: 142/286] 162.253.55.212 () {68 vars in 1430 bytes} [Thu Feb 19 01:29:24 2026] POST /share/v2/20833c0a5b1145599dc8b8a3102fa364/share-networks => generated 662 bytes in 134 msecs (HTTP/1.1 200) 7 headers in 297 bytes (1 switches on core 0)
Feb 19 01:29:24.581703 np0000156445 devstack@m-api.service[46932]: INFO manila.api.openstack.wsgi [None req-b7303ea6-f365-4ed9-b201-ee9c0c3db6aa tempest-ExportLocationsNegativeTest-1511116645 tempest-ExportLocationsNegativeTest-1511116645-project-admin] GET https://162.253.55.212/share/v2/d66938fb1d9e4e1db88506494277bc62/shares/f815c7cb-03a6-48ce-b1b3-828f6c0978d4
Feb 19 01:29:24.581703 np0000156445 devstack@m-api.service[46932]: DEBUG manila.api.openstack.wsgi [None req-b7303ea6-f365-4ed9-b201-ee9c0c3db6aa tempest-ExportLocationsNegativeTest-1511116645 tempest-ExportLocationsNegativeTest-1511116645-project-admin] Empty body provided in request {{(pid=46932) get_body /opt/stack/manila/manila/api/openstack/wsgi.py:652}}
Feb 19 01:29:24.581703 np0000156445 devstack@m-api.service[46932]: DEBUG manila.api.openstack.wsgi [None req-b7303ea6-f365-4ed9-b201-ee9c0c3db6aa tempest-ExportLocationsNegativeTest-1511116645 tempest-ExportLocationsNegativeTest-1511116645-project-admin] Calling method 'ShareMixin.show' {{(pid=46932) _process_stack /opt/stack/manila/manila/api/openstack/wsgi.py:798}}
Feb 19 01:29:24.611357 np0000156445 devstack@m-api.service[46932]: INFO manila.api.openstack.wsgi [None req-b7303ea6-f365-4ed9-b201-ee9c0c3db6aa tempest-ExportLocationsNegativeTest-1511116645 tempest-ExportLocationsNegativeTest-1511116645-project-admin] https://162.253.55.212/share/v2/d66938fb1d9e4e1db88506494277bc62/shares/f815c7cb-03a6-48ce-b1b3-828f6c0978d4 returned with HTTP 200
Feb 19 01:29:24.612060 np0000156445 devstack@m-api.service[46932]: [pid: 46932|app: 0|req: 143/287] 162.253.55.212 () {66 vars in 1496 bytes} [Thu Feb 19 01:29:24 2026] GET /share/v2/d66938fb1d9e4e1db88506494277bc62/shares/f815c7cb-03a6-48ce-b1b3-828f6c0978d4 => generated 1499 bytes in 34 msecs (HTTP/1.1 200) 7 headers in 298 bytes (1 switches on core 0)
Feb 19 01:29:24.630155 np0000156445 devstack@m-api.service[46932]: INFO manila.api.openstack.wsgi [None req-acfa75a3-e90e-4772-9d24-054ffdc6a9d4 tempest-ShareServersAdminTest-1434229060 tempest-ShareServersAdminTest-1434229060-project-admin] GET https://162.253.55.212/share/v2/27f364f07a8c466b94a88ff417f22d06/shares/a4ed6422-9d56-4b40-b399-e691b5f2e4dc
Feb 19 01:29:24.630155 np0000156445 devstack@m-api.service[46932]: DEBUG manila.api.openstack.wsgi [None req-acfa75a3-e90e-4772-9d24-054ffdc6a9d4 tempest-ShareServersAdminTest-1434229060 tempest-ShareServersAdminTest-1434229060-project-admin] Empty body provided in request {{(pid=46932) get_body /opt/stack/manila/manila/api/openstack/wsgi.py:652}}
Feb 19 01:29:24.630155 np0000156445 devstack@m-api.service[46932]: DEBUG manila.api.openstack.wsgi [None req-acfa75a3-e90e-4772-9d24-054ffdc6a9d4 tempest-ShareServersAdminTest-1434229060 tempest-ShareServersAdminTest-1434229060-project-admin] Calling method 'ShareMixin.show' {{(pid=46932) _process_stack /opt/stack/manila/manila/api/openstack/wsgi.py:798}}
Feb 19 01:29:24.694811 np0000156445 devstack@m-api.service[46933]: INFO manila.api.openstack.wsgi [None req-429887f6-fb2f-4088-ba38-d016c7b9b98d tempest-MigrationOppositeDriverModesNFSTest-301888854 tempest-MigrationOppositeDriverModesNFSTest-301888854-project-admin] https://162.253.55.212/share/v2/e469a8321695489d9d89189841dd67d9/shares/d0dc5130-ca46-4e97-b08c-97c9cbac7806 returned with HTTP 202
Feb 19 01:29:24.694811 np0000156445 devstack@m-api.service[46933]: [pid: 46933|app: 0|req: 145/288] 162.253.55.212 () {66 vars in 1499 bytes} [Thu Feb 19 01:29:24 2026] DELETE /share/v2/e469a8321695489d9d89189841dd67d9/shares/d0dc5130-ca46-4e97-b08c-97c9cbac7806 => generated 0 bytes in 346 msecs (HTTP/1.1 202) 7 headers in 309 bytes (1 switches on core 0)
Feb 19 01:29:24.702710 np0000156445 devstack@m-api.service[46933]: INFO manila.api.openstack.wsgi [None req-02c084fa-3d58-4294-8955-755381aaef1b tempest-ShareGroupTypesTest-1910224554 tempest-ShareGroupTypesTest-1910224554-project-admin] GET https://162.253.55.212/share/v2/326dd35b578f425d8ef2c00ff8845405/share-group-types
Feb 19 01:29:24.703885 np0000156445 devstack@m-api.service[46933]: DEBUG manila.api.openstack.wsgi [None req-02c084fa-3d58-4294-8955-755381aaef1b tempest-ShareGroupTypesTest-1910224554 tempest-ShareGroupTypesTest-1910224554-project-admin] Empty body provided in request {{(pid=46933) get_body /opt/stack/manila/manila/api/openstack/wsgi.py:652}}
Feb 19 01:29:24.703885 np0000156445 devstack@m-api.service[46933]: DEBUG manila.api.openstack.wsgi [None req-02c084fa-3d58-4294-8955-755381aaef1b tempest-ShareGroupTypesTest-1910224554 tempest-ShareGroupTypesTest-1910224554-project-admin] Calling method 'Controller.__getattribute__..version_select' {{(pid=46933) _process_stack /opt/stack/manila/manila/api/openstack/wsgi.py:798}}
Feb 19 01:29:24.709965 np0000156445 devstack@m-api.service[46932]: INFO manila.api.openstack.wsgi [None req-acfa75a3-e90e-4772-9d24-054ffdc6a9d4 tempest-ShareServersAdminTest-1434229060 tempest-ShareServersAdminTest-1434229060-project-admin] https://162.253.55.212/share/v2/27f364f07a8c466b94a88ff417f22d06/shares/a4ed6422-9d56-4b40-b399-e691b5f2e4dc returned with HTTP 200
Feb 19 01:29:24.711856 np0000156445 devstack@m-api.service[46932]: [pid: 46932|app: 0|req: 144/289] 162.253.55.212 () {66 vars in 1496 bytes} [Thu Feb 19 01:29:24 2026] GET /share/v2/27f364f07a8c466b94a88ff417f22d06/shares/a4ed6422-9d56-4b40-b399-e691b5f2e4dc => generated 1465 bytes in 99 msecs (HTTP/1.1 200) 7 headers in 298 bytes (1 switches on core 0)
Feb 19 01:29:24.724148 np0000156445 devstack@m-api.service[46932]: INFO manila.api.openstack.wsgi [None req-0dbb1839-17f6-4f13-bafd-8dad171712ce tempest-MigrationWithDifferentSnapshotSupportNFSTest-654445078 tempest-MigrationWithDifferentSnapshotSupportNFSTest-654445078-project-admin] POST https://162.253.55.212/share/v2/20833c0a5b1145599dc8b8a3102fa364/shares/a18092aa-c2e0-4f23-ba4c-d23c149c9455/action
Feb 19 01:29:24.724148 np0000156445 devstack@m-api.service[46932]: DEBUG manila.api.openstack.wsgi [None req-0dbb1839-17f6-4f13-bafd-8dad171712ce tempest-MigrationWithDifferentSnapshotSupportNFSTest-654445078 tempest-MigrationWithDifferentSnapshotSupportNFSTest-654445078-project-admin] Action body: b'{"migration_start": {"host": "np0000156445@alpha#fake_pool_for_ALPHA", "force_host_assisted_migration": false, "new_share_network_id": "47377913-fb97-4f62-b33a-1d8bf4537078", "new_share_type_id": "ec363a19-22c4-4686-9ca6-0eb3c6cbbef0", "writable": false, "preserve_metadata": false, "preserve_snapshots": false, "nondisruptive": false}}' {{(pid=46932) get_method /opt/stack/manila/manila/api/openstack/wsgi.py:912}}
Feb 19 01:29:24.724148 np0000156445 devstack@m-api.service[46932]: DEBUG manila.api.openstack.wsgi [None req-0dbb1839-17f6-4f13-bafd-8dad171712ce tempest-MigrationWithDifferentSnapshotSupportNFSTest-654445078 tempest-MigrationWithDifferentSnapshotSupportNFSTest-654445078-project-admin] Action: 'action', calling method: Controller.__getattribute__..version_select, body: {"migration_start": {"host": "np0000156445@alpha#fake_pool_for_ALPHA", "force_host_assisted_migration": false, "new_share_network_id": "47377913-fb97-4f62-b33a-1d8bf4537078", "new_share_type_id": "ec363a19-22c4-4686-9ca6-0eb3c6cbbef0", "writable": false, "preserve_metadata": false, "preserve_snapshots": false, "nondisruptive": false}} {{(pid=46932) _process_stack /opt/stack/manila/manila/api/openstack/wsgi.py:796}}
Feb 19 01:29:24.731690 np0000156445 devstack@m-api.service[46933]: INFO manila.api.openstack.wsgi [None req-02c084fa-3d58-4294-8955-755381aaef1b tempest-ShareGroupTypesTest-1910224554 tempest-ShareGroupTypesTest-1910224554-project-admin] https://162.253.55.212/share/v2/326dd35b578f425d8ef2c00ff8845405/share-group-types returned with HTTP 200
Feb 19 01:29:24.731690 np0000156445 devstack@m-api.service[46933]: [pid: 46933|app: 0|req: 146/290] 162.253.55.212 () {68 vars in 1466 bytes} [Thu Feb 19 01:29:24 2026] GET /share/v2/326dd35b578f425d8ef2c00ff8845405/share-group-types => generated 185 bytes in 33 msecs (HTTP/1.1 200) 8 headers in 340 bytes (1 switches on core 0)
Feb 19 01:29:24.751957 np0000156445 devstack@m-api.service[46933]: INFO manila.api.openstack.wsgi [None req-42fd940a-c324-48b4-b0b3-98f21fc27e2c tempest-AdminActionsNegativeTest-1127059240 tempest-AdminActionsNegativeTest-1127059240-project-admin] GET https://162.253.55.212/share/v2/7792cd0b6b774cbd808d891bc889d30b/shares/d87c8d0c-6b0c-4f97-bcff-5cdbc8d9fd7d
Feb 19 01:29:24.752934 np0000156445 devstack@m-api.service[46933]: DEBUG manila.api.openstack.wsgi [None req-42fd940a-c324-48b4-b0b3-98f21fc27e2c tempest-AdminActionsNegativeTest-1127059240 tempest-AdminActionsNegativeTest-1127059240-project-admin] Empty body provided in request {{(pid=46933) get_body /opt/stack/manila/manila/api/openstack/wsgi.py:652}}
Feb 19 01:29:24.754901 np0000156445 devstack@m-api.service[46933]: DEBUG manila.api.openstack.wsgi [None req-42fd940a-c324-48b4-b0b3-98f21fc27e2c tempest-AdminActionsNegativeTest-1127059240 tempest-AdminActionsNegativeTest-1127059240-project-admin] Calling method 'ShareMixin.show' {{(pid=46933) _process_stack /opt/stack/manila/manila/api/openstack/wsgi.py:798}}
Feb 19 01:29:24.825609 np0000156445 devstack@m-api.service[46933]: INFO manila.api.openstack.wsgi [None req-42fd940a-c324-48b4-b0b3-98f21fc27e2c tempest-AdminActionsNegativeTest-1127059240 tempest-AdminActionsNegativeTest-1127059240-project-admin] https://162.253.55.212/share/v2/7792cd0b6b774cbd808d891bc889d30b/shares/d87c8d0c-6b0c-4f97-bcff-5cdbc8d9fd7d returned with HTTP 200
Feb 19 01:29:24.828439 np0000156445 devstack@m-api.service[46933]: [pid: 46933|app: 0|req: 147/291] 162.253.55.212 () {66 vars in 1496 bytes} [Thu Feb 19 01:29:24 2026] GET /share/v2/7792cd0b6b774cbd808d891bc889d30b/shares/d87c8d0c-6b0c-4f97-bcff-5cdbc8d9fd7d => generated 1497 bytes in 96 msecs (HTTP/1.1 200) 7 headers in 298 bytes (1 switches on core 0)
Feb 19 01:29:24.834304 np0000156445 devstack@m-api.service[46933]: INFO manila.api.openstack.wsgi [None req-67642830-a872-489e-9914-3449d3f2f820 tempest-MigrationOppositeDriverModesNFSTest-301888854 tempest-MigrationOppositeDriverModesNFSTest-301888854-project-admin] GET https://162.253.55.212/share/v2/e469a8321695489d9d89189841dd67d9/shares/d0dc5130-ca46-4e97-b08c-97c9cbac7806
Feb 19 01:29:24.834784 np0000156445 devstack@m-api.service[46933]: DEBUG manila.api.openstack.wsgi [None req-67642830-a872-489e-9914-3449d3f2f820 tempest-MigrationOppositeDriverModesNFSTest-301888854 tempest-MigrationOppositeDriverModesNFSTest-301888854-project-admin] Empty body provided in request {{(pid=46933) get_body /opt/stack/manila/manila/api/openstack/wsgi.py:652}}
Feb 19 01:29:24.837226 np0000156445 devstack@m-api.service[46933]: DEBUG manila.api.openstack.wsgi [None req-67642830-a872-489e-9914-3449d3f2f820 tempest-MigrationOppositeDriverModesNFSTest-301888854 tempest-MigrationOppositeDriverModesNFSTest-301888854-project-admin] Calling method 'ShareMixin.show' {{(pid=46933) _process_stack /opt/stack/manila/manila/api/openstack/wsgi.py:798}}
Feb 19 01:29:24.904309 np0000156445 devstack@m-api.service[46933]: INFO manila.api.openstack.wsgi [None req-67642830-a872-489e-9914-3449d3f2f820 tempest-MigrationOppositeDriverModesNFSTest-301888854 tempest-MigrationOppositeDriverModesNFSTest-301888854-project-admin] https://162.253.55.212/share/v2/e469a8321695489d9d89189841dd67d9/shares/d0dc5130-ca46-4e97-b08c-97c9cbac7806 returned with HTTP 200
Feb 19 01:29:24.904749 np0000156445 devstack@m-api.service[46933]: [pid: 46933|app: 0|req: 148/292] 162.253.55.212 () {66 vars in 1496 bytes} [Thu Feb 19 01:29:24 2026] GET /share/v2/e469a8321695489d9d89189841dd67d9/shares/d0dc5130-ca46-4e97-b08c-97c9cbac7806 => generated 1536 bytes in 76 msecs (HTTP/1.1 200) 7 headers in 298 bytes (1 switches on core 0)
Feb 19 01:29:24.930256 np0000156445 devstack@m-api.service[46933]: INFO manila.api.openstack.wsgi [None req-8da1422b-2683-4532-8f83-f571a1f8bf75 tempest-ShareGroupTypesTest-1910224554 tempest-ShareGroupTypesTest-1910224554-project-admin] GET https://162.253.55.212/share/v2/326dd35b578f425d8ef2c00ff8845405/share-group-types/e7ec17db-356c-4923-8d9b-4cae117ba6b3/access
Feb 19 01:29:24.930256 np0000156445 devstack@m-api.service[46933]: DEBUG manila.api.openstack.wsgi [None req-8da1422b-2683-4532-8f83-f571a1f8bf75 tempest-ShareGroupTypesTest-1910224554 tempest-ShareGroupTypesTest-1910224554-project-admin] Empty body provided in request {{(pid=46933) get_body /opt/stack/manila/manila/api/openstack/wsgi.py:652}}
Feb 19 01:29:24.930256 np0000156445 devstack@m-api.service[46933]: DEBUG manila.api.openstack.wsgi [None req-8da1422b-2683-4532-8f83-f571a1f8bf75 tempest-ShareGroupTypesTest-1910224554 tempest-ShareGroupTypesTest-1910224554-project-admin] Calling method 'Controller.__getattribute__..version_select' {{(pid=46933) _process_stack /opt/stack/manila/manila/api/openstack/wsgi.py:798}}
Feb 19 01:29:24.985116 np0000156445 devstack@m-api.service[46933]: INFO manila.api.openstack.wsgi [None req-8da1422b-2683-4532-8f83-f571a1f8bf75 tempest-ShareGroupTypesTest-1910224554 tempest-ShareGroupTypesTest-1910224554-project-admin] https://162.253.55.212/share/v2/326dd35b578f425d8ef2c00ff8845405/share-group-types/e7ec17db-356c-4923-8d9b-4cae117ba6b3/access returned with HTTP 200
Feb 19 01:29:24.987969 np0000156445 devstack@m-api.service[46933]: [pid: 46933|app: 0|req: 149/293] 162.253.55.212 () {68 vars in 1598 bytes} [Thu Feb 19 01:29:24 2026] GET /share/v2/326dd35b578f425d8ef2c00ff8845405/share-group-types/e7ec17db-356c-4923-8d9b-4cae117ba6b3/access => generated 31 bytes in 83 msecs (HTTP/1.1 200) 8 headers in 339 bytes (1 switches on core 0)
Feb 19 01:29:24.998061 np0000156445 devstack@m-api.service[46933]: INFO manila.api.openstack.wsgi [None req-d0742295-c2e1-4302-8954-2b0067de1594 tempest-AdminActionsTest-716250861 tempest-AdminActionsTest-716250861-project-admin] GET https://162.253.55.212/share/v2/e2647041cc2e4895969f2d0d9f34bcf2/shares/ac993938-175f-4771-8fa4-a78a8d890503
Feb 19 01:29:24.999213 np0000156445 devstack@m-api.service[46933]: DEBUG manila.api.openstack.wsgi [None req-d0742295-c2e1-4302-8954-2b0067de1594 tempest-AdminActionsTest-716250861 tempest-AdminActionsTest-716250861-project-admin] Empty body provided in request {{(pid=46933) get_body /opt/stack/manila/manila/api/openstack/wsgi.py:652}}
Feb 19 01:29:24.999516 np0000156445 devstack@m-api.service[46933]: DEBUG manila.api.openstack.wsgi [None req-d0742295-c2e1-4302-8954-2b0067de1594 tempest-AdminActionsTest-716250861 tempest-AdminActionsTest-716250861-project-admin] Calling method 'ShareMixin.show' {{(pid=46933) _process_stack /opt/stack/manila/manila/api/openstack/wsgi.py:798}}
Feb 19 01:29:25.029603 np0000156445 devstack@m-api.service[46933]: INFO manila.api.openstack.wsgi [None req-d0742295-c2e1-4302-8954-2b0067de1594 tempest-AdminActionsTest-716250861 tempest-AdminActionsTest-716250861-project-admin] https://162.253.55.212/share/v2/e2647041cc2e4895969f2d0d9f34bcf2/shares/ac993938-175f-4771-8fa4-a78a8d890503 returned with HTTP 200
Feb 19 01:29:25.030198 np0000156445 devstack@m-api.service[46933]: [pid: 46933|app: 0|req: 150/294] 162.253.55.212 () {66 vars in 1496 bytes} [Thu Feb 19 01:29:24 2026] GET /share/v2/e2647041cc2e4895969f2d0d9f34bcf2/shares/ac993938-175f-4771-8fa4-a78a8d890503 => generated 1497 bytes in 41 msecs (HTTP/1.1 200) 7 headers in 298 bytes (1 switches on core 0)
Feb 19 01:29:25.037018 np0000156445 devstack@m-api.service[46933]: INFO manila.api.openstack.wsgi [None req-836d3b6b-6f99-412a-a5b9-a5d699a6a5bc tempest-ShareGroupTypesTest-1910224554 tempest-ShareGroupTypesTest-1910224554-project-admin] POST https://162.253.55.212/share/v2/326dd35b578f425d8ef2c00ff8845405/share-group-types/e7ec17db-356c-4923-8d9b-4cae117ba6b3/action
Feb 19 01:29:25.037312 np0000156445 devstack@m-api.service[46933]: DEBUG manila.api.openstack.wsgi [None req-836d3b6b-6f99-412a-a5b9-a5d699a6a5bc tempest-ShareGroupTypesTest-1910224554 tempest-ShareGroupTypesTest-1910224554-project-admin] Action body: b'{"addProjectAccess": {"project": "326dd35b578f425d8ef2c00ff8845405"}}' {{(pid=46933) get_method /opt/stack/manila/manila/api/openstack/wsgi.py:912}}
