Feb 19 01:29:13.089275 np0000156445 devstack@m-api.service[46932]: DEBUG manila.api.openstack.wsgi [None req-b956c799-39d3-4187-890d-a5c5be0d88ad tempest-MigrationOfShareWithSnapshotNFSTest-522614245 tempest-MigrationOfShareWithSnapshotNFSTest-522614245-project-admin] Action: 'create', calling method: Controller.__getattribute__..version_select, body: {"share_type": {"name": "tempest-original_share_type_for_migration-1946903350", "extra_specs": {"driver_handles_share_servers": true, "storage_protocol": "NFS_CIFS", "snapshot_support": true, "create_share_from_snapshot_support": true}, "share_type_access:is_public": true}} {{(pid=46932) _process_stack /opt/stack/manila/manila/api/openstack/wsgi.py:796}}
Feb 19 01:29:13.117916 np0000156445 devstack@m-api.service[46932]: INFO manila.api.openstack.wsgi [None req-b956c799-39d3-4187-890d-a5c5be0d88ad tempest-MigrationOfShareWithSnapshotNFSTest-522614245 tempest-MigrationOfShareWithSnapshotNFSTest-522614245-project-admin] https://162.253.55.212/share/v2/808b9ac70eca489797012bb15eb700cd/types returned with HTTP 200
Feb 19 01:29:13.118378 np0000156445 devstack@m-api.service[46932]: [pid: 46932|app: 0|req: 22/39] 162.253.55.212 () {68 vars in 1404 bytes} [Thu Feb 19 01:29:13 2026] POST /share/v2/808b9ac70eca489797012bb15eb700cd/types => generated 865 bytes in 35 msecs (HTTP/1.1 200) 7 headers in 297 bytes (1 switches on core 0)
Feb 19 01:29:13.122520 np0000156445 devstack@m-api.service[46932]: INFO manila.api.openstack.wsgi [None req-10f0392f-7030-4ad4-8715-e59ecb43069b tempest-ShareMultiBackendTest-786865051 tempest-ShareMultiBackendTest-786865051-project-admin] POST https://162.253.55.212/share/v2/84e3fbda36c048599b53204819d72d03/types
Feb 19 01:29:13.124289 np0000156445 devstack@m-api.service[46932]: DEBUG manila.api.openstack.wsgi [None req-10f0392f-7030-4ad4-8715-e59ecb43069b tempest-ShareMultiBackendTest-786865051 tempest-ShareMultiBackendTest-786865051-project-admin] Action: 'create', calling method: Controller.__getattribute__..version_select, body: {"share_type": {"name": "tempest-ShareMultiBackendTest-share-type-ALPHA-390921274", "extra_specs": {"driver_handles_share_servers": true, "share_backend_name": "ALPHA"}, "share_type_access:is_public": true}} {{(pid=46932) _process_stack /opt/stack/manila/manila/api/openstack/wsgi.py:796}}
Feb 19 01:29:13.137342 np0000156445 devstack@m-api.service[46932]: INFO manila.api.openstack.wsgi [None req-10f0392f-7030-4ad4-8715-e59ecb43069b tempest-ShareMultiBackendTest-786865051 tempest-ShareMultiBackendTest-786865051-project-admin] https://162.253.55.212/share/v2/84e3fbda36c048599b53204819d72d03/types returned with HTTP 200
Feb 19 01:29:13.137893 np0000156445 devstack@m-api.service[46932]: [pid: 46932|app: 0|req: 23/40] 162.253.55.212 () {68 vars in 1404 bytes} [Thu Feb 19 01:29:13 2026] POST /share/v2/84e3fbda36c048599b53204819d72d03/types => generated 723 bytes in 19 msecs (HTTP/1.1 200) 7 headers in 297 bytes (1 switches on core 0)
Feb 19 01:29:13.143815 np0000156445 devstack@m-api.service[46932]: INFO manila.api.openstack.wsgi [None req-27b7373c-b601-42eb-bf97-7326b779cf23 tempest-AdminActionsTest-716250861 tempest-AdminActionsTest-716250861-project-admin] GET https://162.253.55.212/share/v2/e2647041cc2e4895969f2d0d9f34bcf2/shares/36e8d509-8faa-4c1a-ac3c-1ea4b5280091
Feb 19 01:29:13.144009 np0000156445 devstack@m-api.service[46932]: DEBUG manila.api.openstack.wsgi [None req-27b7373c-b601-42eb-bf97-7326b779cf23 tempest-AdminActionsTest-716250861 tempest-AdminActionsTest-716250861-project-admin] Empty body provided in request {{(pid=46932) get_body /opt/stack/manila/manila/api/openstack/wsgi.py:652}}
Feb 19 01:29:13.144312 np0000156445 devstack@m-api.service[46932]: DEBUG manila.api.openstack.wsgi [None req-27b7373c-b601-42eb-bf97-7326b779cf23 tempest-AdminActionsTest-716250861 tempest-AdminActionsTest-716250861-project-admin] Calling method 'ShareMixin.show' {{(pid=46932) _process_stack /opt/stack/manila/manila/api/openstack/wsgi.py:798}}
Feb 19 01:29:13.158328 np0000156445 devstack@m-api.service[46932]: INFO manila.api.openstack.wsgi [None req-27b7373c-b601-42eb-bf97-7326b779cf23 tempest-AdminActionsTest-716250861 tempest-AdminActionsTest-716250861-project-admin] https://162.253.55.212/share/v2/e2647041cc2e4895969f2d0d9f34bcf2/shares/36e8d509-8faa-4c1a-ac3c-1ea4b5280091 returned with HTTP 200
Feb 19 01:29:13.160199 np0000156445 devstack@m-api.service[46932]: [pid: 46932|app: 0|req: 24/41] 162.253.55.212 () {66 vars in 1496 bytes} [Thu Feb 19 01:29:13 2026] GET /share/v2/e2647041cc2e4895969f2d0d9f34bcf2/shares/36e8d509-8faa-4c1a-ac3c-1ea4b5280091 => generated 1497 bytes in 20 msecs (HTTP/1.1 200) 7 headers in 298 bytes (1 switches on core 0)
Feb 19 01:29:13.160717 np0000156445 devstack@m-api.service[46932]: INFO manila.api.openstack.wsgi [None req-e3d7e33d-4114-4c5b-a560-78e023e83475 tempest-MigrationOppositeDriverModesNFSTest-301888854 tempest-MigrationOppositeDriverModesNFSTest-301888854-project-admin] POST https://162.253.55.212/share/v2/e469a8321695489d9d89189841dd67d9/types
Feb 19 01:29:13.161019 np0000156445 devstack@m-api.service[46932]: DEBUG manila.api.openstack.wsgi [None req-e3d7e33d-4114-4c5b-a560-78e023e83475 tempest-MigrationOppositeDriverModesNFSTest-301888854 tempest-MigrationOppositeDriverModesNFSTest-301888854-project-admin] Action: 'create', calling method: Controller.__getattribute__..version_select, body: {"share_type": {"name": "tempest-original_share_type_for_migration-1002867663", "extra_specs": {"driver_handles_share_servers": true, "storage_protocol": "NFS_CIFS", "snapshot_support": true, "create_share_from_snapshot_support": true}, "share_type_access:is_public": true}} {{(pid=46932) _process_stack /opt/stack/manila/manila/api/openstack/wsgi.py:796}}
Feb 19 01:29:13.172411 np0000156445 devstack@m-api.service[46932]: INFO manila.api.openstack.wsgi [None req-e3d7e33d-4114-4c5b-a560-78e023e83475 tempest-MigrationOppositeDriverModesNFSTest-301888854 tempest-MigrationOppositeDriverModesNFSTest-301888854-project-admin] https://162.253.55.212/share/v2/e469a8321695489d9d89189841dd67d9/types returned with HTTP 200
Feb 19 01:29:13.172813 np0000156445 devstack@m-api.service[46932]: [pid: 46932|app: 0|req: 25/42] 162.253.55.212 () {68 vars in 1404 bytes} [Thu Feb 19 01:29:13 2026] POST /share/v2/e469a8321695489d9d89189841dd67d9/types => generated 865 bytes in 14 msecs (HTTP/1.1 200) 7 headers in 297 bytes (1 switches on core 0)
Feb 19 01:29:13.257415 np0000156445 devstack@m-api.service[46932]: INFO manila.api.openstack.wsgi [None req-ba5cf5ec-38e2-4dc4-9852-be2d6ac50d12 tempest-ExportLocationsNegativeTest-1601576995 tempest-ExportLocationsNegativeTest-1601576995-project-member] POST https://162.253.55.212/share/v2/c5707f9edb5b4dce96c35b5f1350825f/share-networks
Feb 19 01:29:13.257791 np0000156445 devstack@m-api.service[46932]: DEBUG manila.api.openstack.wsgi [None req-ba5cf5ec-38e2-4dc4-9852-be2d6ac50d12 tempest-ExportLocationsNegativeTest-1601576995 tempest-ExportLocationsNegativeTest-1601576995-project-member] Action: 'create', calling method: ShareNetworkController.create, body: {"share_network": {"name": "autogenerated_by_tempest", "description": "This share-network was created by tempest"}} {{(pid=46932) _process_stack /opt/stack/manila/manila/api/openstack/wsgi.py:796}}
Feb 19 01:29:13.274424 np0000156445 devstack@m-api.service[46932]: DEBUG manila.quota [None req-ba5cf5ec-38e2-4dc4-9852-be2d6ac50d12 tempest-ExportLocationsNegativeTest-1601576995 tempest-ExportLocationsNegativeTest-1601576995-project-member] Created reservations ['c103c146-93de-4450-9127-73332628fb10'] {{(pid=46932) reserve /opt/stack/manila/manila/quota.py:1038}}
Feb 19 01:29:13.322057 np0000156445 devstack@m-api.service[46932]: DEBUG manila.quota [None req-ba5cf5ec-38e2-4dc4-9852-be2d6ac50d12 tempest-ExportLocationsNegativeTest-1601576995 tempest-ExportLocationsNegativeTest-1601576995-project-member] Committed reservations ['c103c146-93de-4450-9127-73332628fb10'] {{(pid=46932) commit /opt/stack/manila/manila/quota.py:1066}}
Feb 19 01:29:13.439216 np0000156445 devstack@m-api.service[46932]: INFO manila.api.openstack.wsgi [None req-ba5cf5ec-38e2-4dc4-9852-be2d6ac50d12 tempest-ExportLocationsNegativeTest-1601576995 tempest-ExportLocationsNegativeTest-1601576995-project-member] https://162.253.55.212/share/v2/c5707f9edb5b4dce96c35b5f1350825f/share-networks returned with HTTP 200
Feb 19 01:29:13.440167 np0000156445 devstack@m-api.service[46932]: [pid: 46932|app: 0|req: 26/43] 162.253.55.212 () {68 vars in 1431 bytes} [Thu Feb 19 01:29:13 2026] POST /share/v2/c5707f9edb5b4dce96c35b5f1350825f/share-networks => generated 723 bytes in 266 msecs (HTTP/1.1 200) 7 headers in 297 bytes (1 switches on core 0)
Feb 19 01:29:13.454187 np0000156445 devstack@m-api.service[46933]: INFO manila.api.openstack.wsgi [None req-e0f22d71-5932-4e69-8344-378f742413b4 tempest-MigrationCancelNFSTest-1858551862 tempest-MigrationCancelNFSTest-1858551862-project-admin] https://162.253.55.212/share/v2/9f7bb987794f44dbb22986c1ea1f97f2/scheduler-stats/pools/detail returned with HTTP 200
Feb 19 01:29:13.454187 np0000156445 devstack@m-api.service[46933]: [pid: 46933|app: 0|req: 18/44] 162.253.55.212 () {66 vars in 1451 bytes} [Thu Feb 19 01:29:12 2026] GET /share/v2/9f7bb987794f44dbb22986c1ea1f97f2/scheduler-stats/pools/detail => generated 2171 bytes in 530 msecs (HTTP/1.1 200) 7 headers in 298 bytes (1 switches on core 0)
Feb 19 01:29:13.499044 np0000156445 devstack@m-api.service[46932]: INFO manila.api.openstack.wsgi [None req-5a8e65de-2d81-419d-97d7-42e9470d4007 tempest-AdminActionsAPIOnlyNegativeTest-2108741283 tempest-AdminActionsAPIOnlyNegativeTest-2108741283-project-member] POST https://162.253.55.212/share/v2/9048f43b3bd846a3a14fc20d153da063/share-networks
Feb 19 01:29:13.499471 np0000156445 devstack@m-api.service[46932]: DEBUG manila.api.openstack.wsgi [None req-5a8e65de-2d81-419d-97d7-42e9470d4007 tempest-AdminActionsAPIOnlyNegativeTest-2108741283 tempest-AdminActionsAPIOnlyNegativeTest-2108741283-project-member] Action: 'create', calling method: ShareNetworkController.create, body: {"share_network": {"name": "autogenerated_by_tempest", "description": "This share-network was created by tempest"}} {{(pid=46932) _process_stack /opt/stack/manila/manila/api/openstack/wsgi.py:796}}
Feb 19 01:29:13.529538 np0000156445 devstack@m-api.service[46932]: DEBUG manila.quota [None req-5a8e65de-2d81-419d-97d7-42e9470d4007 tempest-AdminActionsAPIOnlyNegativeTest-2108741283 tempest-AdminActionsAPIOnlyNegativeTest-2108741283-project-member] Created reservations ['abadd503-ca85-491b-8aca-a64305fb4905'] {{(pid=46932) reserve /opt/stack/manila/manila/quota.py:1038}}
Feb 19 01:29:13.575469 np0000156445 devstack@m-api.service[46933]: INFO manila.api.openstack.wsgi [None req-67dac745-8d05-406b-9ce7-61f1b934b42c tempest-ReplicaQuotasNegativeTest-1271551210 tempest-ReplicaQuotasNegativeTest-1271551210-project-member] POST https://162.253.55.212/share/v2/0522382129474a0daf57ea2129ad47d0/share-networks
Feb 19 01:29:13.575859 np0000156445 devstack@m-api.service[46933]: DEBUG manila.api.openstack.wsgi [None req-67dac745-8d05-406b-9ce7-61f1b934b42c tempest-ReplicaQuotasNegativeTest-1271551210 tempest-ReplicaQuotasNegativeTest-1271551210-project-member] Action: 'create', calling method: ShareNetworkController.create, body: {"share_network": {"name": "autogenerated_by_tempest", "description": "This share-network was created by tempest"}} {{(pid=46933) _process_stack /opt/stack/manila/manila/api/openstack/wsgi.py:796}}
Feb 19 01:29:13.591981 np0000156445 devstack@m-api.service[46932]: DEBUG manila.quota [None req-5a8e65de-2d81-419d-97d7-42e9470d4007 tempest-AdminActionsAPIOnlyNegativeTest-2108741283 tempest-AdminActionsAPIOnlyNegativeTest-2108741283-project-member] Committed reservations ['abadd503-ca85-491b-8aca-a64305fb4905'] {{(pid=46932) commit /opt/stack/manila/manila/quota.py:1066}}
Feb 19 01:29:13.613523 np0000156445 devstack@m-api.service[46933]: DEBUG manila.quota [None req-67dac745-8d05-406b-9ce7-61f1b934b42c tempest-ReplicaQuotasNegativeTest-1271551210 tempest-ReplicaQuotasNegativeTest-1271551210-project-member] Created reservations ['cbdf434e-6b8d-4669-b057-ed558a3d95a1'] {{(pid=46933) reserve /opt/stack/manila/manila/quota.py:1038}}
Feb 19 01:29:13.622387 np0000156445 devstack@m-api.service[46932]: INFO manila.api.openstack.wsgi [None req-5a8e65de-2d81-419d-97d7-42e9470d4007 tempest-AdminActionsAPIOnlyNegativeTest-2108741283 tempest-AdminActionsAPIOnlyNegativeTest-2108741283-project-member] https://162.253.55.212/share/v2/9048f43b3bd846a3a14fc20d153da063/share-networks returned with HTTP 200
Feb 19 01:29:13.622770 np0000156445 devstack@m-api.service[46932]: [pid: 46932|app: 0|req: 27/45] 162.253.55.212 () {68 vars in 1431 bytes} [Thu Feb 19 01:29:13 2026] POST /share/v2/9048f43b3bd846a3a14fc20d153da063/share-networks => generated 723 bytes in 183 msecs (HTTP/1.1 200) 7 headers in 297 bytes (1 switches on core 0)
Feb 19 01:29:13.628909 np0000156445 devstack@m-api.service[46932]: INFO manila.api.openstack.wsgi [None req-5073d7f8-ff72-4d51-b27b-43ca23da0533 tempest-MigrationWithShareShrinkingNFSTest-648888664 tempest-MigrationWithShareShrinkingNFSTest-648888664-project-admin] POST https://162.253.55.212/share/v2/2db18b5bda4e4ccab39d78129bb166d1/types
Feb 19 01:29:13.629228 np0000156445 devstack@m-api.service[46932]: DEBUG manila.api.openstack.wsgi [None req-5073d7f8-ff72-4d51-b27b-43ca23da0533 tempest-MigrationWithShareShrinkingNFSTest-648888664 tempest-MigrationWithShareShrinkingNFSTest-648888664-project-admin] Action: 'create', calling method: Controller.__getattribute__..version_select, body: {"share_type": {"name": "tempest-original_share_type_for_migration-751802907", "extra_specs": {"driver_handles_share_servers": true, "storage_protocol": "NFS_CIFS", "snapshot_support": true, "create_share_from_snapshot_support": true}, "share_type_access:is_public": true}} {{(pid=46932) _process_stack /opt/stack/manila/manila/api/openstack/wsgi.py:796}}
Feb 19 01:29:13.654895 np0000156445 devstack@m-api.service[46932]: INFO manila.api.openstack.wsgi [None req-5073d7f8-ff72-4d51-b27b-43ca23da0533 tempest-MigrationWithShareShrinkingNFSTest-648888664 tempest-MigrationWithShareShrinkingNFSTest-648888664-project-admin] https://162.253.55.212/share/v2/2db18b5bda4e4ccab39d78129bb166d1/types returned with HTTP 200
Feb 19 01:29:13.654895 np0000156445 devstack@m-api.service[46932]: [pid: 46932|app: 0|req: 28/46] 162.253.55.212 () {68 vars in 1404 bytes} [Thu Feb 19 01:29:13 2026] POST /share/v2/2db18b5bda4e4ccab39d78129bb166d1/types => generated 863 bytes in 30 msecs (HTTP/1.1 200) 7 headers in 297 bytes (1 switches on core 0)
Feb 19 01:29:13.657971 np0000156445 devstack@m-api.service[46932]: INFO manila.api.openstack.wsgi [None req-eb762538-664c-4774-bdf6-60b755cabe24 tempest-MigrationWithDifferentSnapshotSupportNFSTest-654445078 tempest-MigrationWithDifferentSnapshotSupportNFSTest-654445078-project-admin] POST https://162.253.55.212/share/v2/20833c0a5b1145599dc8b8a3102fa364/types
Feb 19 01:29:13.658535 np0000156445 devstack@m-api.service[46932]: DEBUG manila.api.openstack.wsgi [None req-eb762538-664c-4774-bdf6-60b755cabe24 tempest-MigrationWithDifferentSnapshotSupportNFSTest-654445078 tempest-MigrationWithDifferentSnapshotSupportNFSTest-654445078-project-admin] Action: 'create', calling method: Controller.__getattribute__..version_select, body: {"share_type": {"name": "tempest-new_share_type_for_migration_opposite-1109923404", "extra_specs": {"driver_handles_share_servers": false, "storage_protocol": "NFS_CIFS", "snapshot_support": true}, "share_type_access:is_public": true}} {{(pid=46932) _process_stack /opt/stack/manila/manila/api/openstack/wsgi.py:796}}
Feb 19 01:29:13.676005 np0000156445 devstack@m-api.service[46932]: INFO manila.api.openstack.wsgi [None req-eb762538-664c-4774-bdf6-60b755cabe24 tempest-MigrationWithDifferentSnapshotSupportNFSTest-654445078 tempest-MigrationWithDifferentSnapshotSupportNFSTest-654445078-project-admin] https://162.253.55.212/share/v2/20833c0a5b1145599dc8b8a3102fa364/types returned with HTTP 200
Feb 19 01:29:13.676402 np0000156445 devstack@m-api.service[46932]: [pid: 46932|app: 0|req: 29/47] 162.253.55.212 () {68 vars in 1404 bytes} [Thu Feb 19 01:29:13 2026] POST /share/v2/20833c0a5b1145599dc8b8a3102fa364/types => generated 785 bytes in 23 msecs (HTTP/1.1 200) 7 headers in 297 bytes (1 switches on core 0)
Feb 19 01:29:13.740989 np0000156445 devstack@m-api.service[46933]: DEBUG manila.quota [None req-67dac745-8d05-406b-9ce7-61f1b934b42c tempest-ReplicaQuotasNegativeTest-1271551210 tempest-ReplicaQuotasNegativeTest-1271551210-project-member] Committed reservations ['cbdf434e-6b8d-4669-b057-ed558a3d95a1'] {{(pid=46933) commit /opt/stack/manila/manila/quota.py:1066}}
Feb 19 01:29:13.777904 np0000156445 devstack@m-api.service[46933]: INFO manila.api.openstack.wsgi [None req-67dac745-8d05-406b-9ce7-61f1b934b42c tempest-ReplicaQuotasNegativeTest-1271551210 tempest-ReplicaQuotasNegativeTest-1271551210-project-member] https://162.253.55.212/share/v2/0522382129474a0daf57ea2129ad47d0/share-networks returned with HTTP 200
Feb 19 01:29:13.781053 np0000156445 devstack@m-api.service[46933]: [pid: 46933|app: 0|req: 19/48] 162.253.55.212 () {68 vars in 1431 bytes} [Thu Feb 19 01:29:13 2026] POST /share/v2/0522382129474a0daf57ea2129ad47d0/share-networks => generated 723 bytes in 325 msecs (HTTP/1.1 200) 7 headers in 297 bytes (1 switches on core 0)
Feb 19 01:29:13.785557 np0000156445 devstack@m-api.service[46933]: INFO manila.api.openstack.wsgi [None req-2071761d-7167-4950-9d6f-fd3402c492d4 tempest-ShareServerMigrationBasicCIFS-1050214032 tempest-ShareServerMigrationBasicCIFS-1050214032-project-admin] POST https://162.253.55.212/share/v2/e27c58b6be61404da82c182edae4282c/types
Feb 19 01:29:13.785900 np0000156445 devstack@m-api.service[46933]: DEBUG manila.api.openstack.wsgi [None req-2071761d-7167-4950-9d6f-fd3402c492d4 tempest-ShareServerMigrationBasicCIFS-1050214032 tempest-ShareServerMigrationBasicCIFS-1050214032-project-admin] Action: 'create', calling method: Controller.__getattribute__..version_select, body: {"share_type": {"name": "tempest-typeshare-type-987920034", "extra_specs": {"driver_handles_share_servers": true, "replication_type": "readable", "snapshot_support": true}, "share_type_access:is_public": true}} {{(pid=46933) _process_stack /opt/stack/manila/manila/api/openstack/wsgi.py:796}}
Feb 19 01:29:13.806898 np0000156445 devstack@m-api.service[46933]: INFO manila.api.openstack.wsgi [None req-2071761d-7167-4950-9d6f-fd3402c492d4 tempest-ShareServerMigrationBasicCIFS-1050214032 tempest-ShareServerMigrationBasicCIFS-1050214032-project-admin] https://162.253.55.212/share/v2/e27c58b6be61404da82c182edae4282c/types returned with HTTP 200
Feb 19 01:29:13.806898 np0000156445 devstack@m-api.service[46933]: [pid: 46933|app: 0|req: 20/49] 162.253.55.212 () {68 vars in 1404 bytes} [Thu Feb 19 01:29:13 2026] POST /share/v2/e27c58b6be61404da82c182edae4282c/types => generated 733 bytes in 26 msecs (HTTP/1.1 200) 7 headers in 297 bytes (1 switches on core 0)
Feb 19 01:29:13.818801 np0000156445 devstack@m-api.service[46933]: INFO manila.api.openstack.wsgi [None req-18a0706a-6cf7-483d-8b6a-795de9a9704f tempest-ShareGroupTypesTest-1910224554 tempest-ShareGroupTypesTest-1910224554-project-admin] POST https://162.253.55.212/share/v2/326dd35b578f425d8ef2c00ff8845405/share-group-types
Feb 19 01:29:13.819170 np0000156445 devstack@m-api.service[46933]: DEBUG manila.api.openstack.wsgi [None req-18a0706a-6cf7-483d-8b6a-795de9a9704f tempest-ShareGroupTypesTest-1910224554 tempest-ShareGroupTypesTest-1910224554-project-admin] Action: 'create', calling method: Controller.__getattribute__..version_select, body: {"share_group_type": {"name": "tempest-tempest-manila-2050101275", "share_types": ["c2e922e3-68a6-4ebd-a743-abbc30508f02"], "group_specs": {"consistent_snapshot_support": "pool"}}} {{(pid=46933) _process_stack /opt/stack/manila/manila/api/openstack/wsgi.py:796}}
Feb 19 01:29:13.856398 np0000156445 devstack@m-api.service[46933]: INFO manila.api.openstack.wsgi [None req-18a0706a-6cf7-483d-8b6a-795de9a9704f tempest-ShareGroupTypesTest-1910224554 tempest-ShareGroupTypesTest-1910224554-project-admin] https://162.253.55.212/share/v2/326dd35b578f425d8ef2c00ff8845405/share-group-types returned with HTTP 200
Feb 19 01:29:13.856398 np0000156445 devstack@m-api.service[46933]: [pid: 46933|app: 0|req: 21/50] 162.253.55.212 () {68 vars in 1440 bytes} [Thu Feb 19 01:29:13 2026] POST /share/v2/326dd35b578f425d8ef2c00ff8845405/share-group-types => generated 266 bytes in 49 msecs (HTTP/1.1 200) 7 headers in 297 bytes (1 switches on core 0)
Feb 19 01:29:13.884300 np0000156445 devstack@m-api.service[46932]: INFO manila.api.openstack.wsgi [None req-9fb01f61-a2c7-4d04-8ead-73f9e70e484a tempest-ShareGroupTypesAdminNegativeTest-764614198 tempest-ShareGroupTypesAdminNegativeTest-764614198-project-member] POST https://162.253.55.212/share/v2/ddb0322193f645a1a5eed58de8da89b8/share-networks
Feb 19 01:29:13.884558 np0000156445 devstack@m-api.service[46932]: DEBUG manila.api.openstack.wsgi [None req-9fb01f61-a2c7-4d04-8ead-73f9e70e484a tempest-ShareGroupTypesAdminNegativeTest-764614198 tempest-ShareGroupTypesAdminNegativeTest-764614198-project-member] Action: 'create', calling method: ShareNetworkController.create, body: {"share_network": {"name": "autogenerated_by_tempest", "description": "This share-network was created by tempest"}} {{(pid=46932) _process_stack /opt/stack/manila/manila/api/openstack/wsgi.py:796}}
Feb 19 01:29:13.915033 np0000156445 devstack@m-api.service[46932]: DEBUG manila.quota [None req-9fb01f61-a2c7-4d04-8ead-73f9e70e484a tempest-ShareGroupTypesAdminNegativeTest-764614198 tempest-ShareGroupTypesAdminNegativeTest-764614198-project-member] Created reservations ['cfd7a7d4-c63f-4746-abe5-dc7608583d83'] {{(pid=46932) reserve /opt/stack/manila/manila/quota.py:1038}}
Feb 19 01:29:13.965918 np0000156445 devstack@m-api.service[46932]: DEBUG manila.quota [None req-9fb01f61-a2c7-4d04-8ead-73f9e70e484a tempest-ShareGroupTypesAdminNegativeTest-764614198 tempest-ShareGroupTypesAdminNegativeTest-764614198-project-member] Committed reservations ['cfd7a7d4-c63f-4746-abe5-dc7608583d83'] {{(pid=46932) commit /opt/stack/manila/manila/quota.py:1066}}
Feb 19 01:29:13.982403 np0000156445 devstack@m-api.service[46932]: INFO manila.api.openstack.wsgi [None req-9fb01f61-a2c7-4d04-8ead-73f9e70e484a tempest-ShareGroupTypesAdminNegativeTest-764614198 tempest-ShareGroupTypesAdminNegativeTest-764614198-project-member] https://162.253.55.212/share/v2/ddb0322193f645a1a5eed58de8da89b8/share-networks returned with HTTP 200
Feb 19 01:29:13.982839 np0000156445 devstack@m-api.service[46932]: [pid: 46932|app: 0|req: 30/51] 162.253.55.212 () {68 vars in 1431 bytes} [Thu Feb 19 01:29:13 2026] POST /share/v2/ddb0322193f645a1a5eed58de8da89b8/share-networks => generated 723 bytes in 306 msecs (HTTP/1.1 200) 7 headers in 297 bytes (1 switches on core 0)
Feb 19 01:29:14.007814 np0000156445 devstack@m-api.service[46933]: INFO manila.api.openstack.wsgi [None req-ee993c4e-31f9-4ea7-8de5-fc91517acbc4 tempest-AdminActionsNegativeTest-1475145601 tempest-AdminActionsNegativeTest-1475145601-project-member] POST https://162.253.55.212/share/v2/f708075b527f4c588c03d0858facbc0e/share-networks
Feb 19 01:29:14.008260 np0000156445 devstack@m-api.service[46933]: DEBUG manila.api.openstack.wsgi [None req-ee993c4e-31f9-4ea7-8de5-fc91517acbc4 tempest-AdminActionsNegativeTest-1475145601 tempest-AdminActionsNegativeTest-1475145601-project-member] Action: 'create', calling method: ShareNetworkController.create, body: {"share_network": {"name": "autogenerated_by_tempest", "description": "This share-network was created by tempest"}} {{(pid=46933) _process_stack /opt/stack/manila/manila/api/openstack/wsgi.py:796}}
Feb 19 01:29:14.044218 np0000156445 devstack@m-api.service[46933]: DEBUG manila.quota [None req-ee993c4e-31f9-4ea7-8de5-fc91517acbc4 tempest-AdminActionsNegativeTest-1475145601 tempest-AdminActionsNegativeTest-1475145601-project-member] Created reservations ['dfbd6c4e-0b80-42d3-bd07-32b6679ac5e2'] {{(pid=46933) reserve /opt/stack/manila/manila/quota.py:1038}}
Feb 19 01:29:14.080706 np0000156445 devstack@m-api.service[46933]: DEBUG manila.quota [None req-ee993c4e-31f9-4ea7-8de5-fc91517acbc4 tempest-AdminActionsNegativeTest-1475145601 tempest-AdminActionsNegativeTest-1475145601-project-member] Committed reservations ['dfbd6c4e-0b80-42d3-bd07-32b6679ac5e2'] {{(pid=46933) commit /opt/stack/manila/manila/quota.py:1066}}
Feb 19 01:29:14.103925 np0000156445 devstack@m-api.service[46933]: INFO manila.api.openstack.wsgi [None req-ee993c4e-31f9-4ea7-8de5-fc91517acbc4 tempest-AdminActionsNegativeTest-1475145601 tempest-AdminActionsNegativeTest-1475145601-project-member] https://162.253.55.212/share/v2/f708075b527f4c588c03d0858facbc0e/share-networks returned with HTTP 200
Feb 19 01:29:14.104448 np0000156445 devstack@m-api.service[46933]: [pid: 46933|app: 0|req: 22/52] 162.253.55.212 () {68 vars in 1431 bytes} [Thu Feb 19 01:29:13 2026] POST /share/v2/f708075b527f4c588c03d0858facbc0e/share-networks => generated 723 bytes in 248 msecs (HTTP/1.1 200) 7 headers in 297 bytes (1 switches on core 0)
Feb 19 01:29:14.105821 np0000156445 devstack@m-api.service[46932]: INFO manila.api.openstack.wsgi [None req-9d4f32f8-76b4-47c4-a119-3515d03dfe54 tempest-ServicesAdminNegativeTest-1751913989 tempest-ServicesAdminNegativeTest-1751913989-project-member] POST https://162.253.55.212/share/v2/756c85250e144a1698cfeb4f7a8a0516/share-networks
Feb 19 01:29:14.108030 np0000156445 devstack@m-api.service[46932]: DEBUG manila.api.openstack.wsgi [None req-9d4f32f8-76b4-47c4-a119-3515d03dfe54 tempest-ServicesAdminNegativeTest-1751913989 tempest-ServicesAdminNegativeTest-1751913989-project-member] Action: 'create', calling method: ShareNetworkController.create, body: {"share_network": {"name": "autogenerated_by_tempest", "description": "This share-network was created by tempest"}} {{(pid=46932) _process_stack /opt/stack/manila/manila/api/openstack/wsgi.py:796}}
Feb 19 01:29:14.116037 np0000156445 devstack@m-api.service[46933]: INFO manila.api.openstack.wsgi [None req-efa276ee-8953-49cf-a87e-46c2c5cc9e6a tempest-MigrationOfShareWithSnapshotNFSTest-522614245 tempest-MigrationOfShareWithSnapshotNFSTest-522614245-project-admin] POST https://162.253.55.212/share/v2/808b9ac70eca489797012bb15eb700cd/types
Feb 19 01:29:14.117005 np0000156445 devstack@m-api.service[46933]: DEBUG manila.api.openstack.wsgi [None req-efa276ee-8953-49cf-a87e-46c2c5cc9e6a tempest-MigrationOfShareWithSnapshotNFSTest-522614245 tempest-MigrationOfShareWithSnapshotNFSTest-522614245-project-admin] Action: 'create', calling method: Controller.__getattribute__..version_select, body: {"share_type": {"name": "tempest-new_share_type_for_migration-395965581", "extra_specs": {"driver_handles_share_servers": true, "storage_protocol": "NFS_CIFS", "snapshot_support": true, "create_share_from_snapshot_support": true}, "share_type_access:is_public": true}} {{(pid=46933) _process_stack /opt/stack/manila/manila/api/openstack/wsgi.py:796}}
Feb 19 01:29:14.166560 np0000156445 devstack@m-api.service[46932]: DEBUG manila.quota [None req-9d4f32f8-76b4-47c4-a119-3515d03dfe54 tempest-ServicesAdminNegativeTest-1751913989 tempest-ServicesAdminNegativeTest-1751913989-project-member] Created reservations ['5293551f-5a2f-4923-8a7f-3cbb71de12ae'] {{(pid=46932) reserve /opt/stack/manila/manila/quota.py:1038}}
Feb 19 01:29:14.173437 np0000156445 devstack@m-api.service[46933]: INFO manila.api.openstack.wsgi [None req-efa276ee-8953-49cf-a87e-46c2c5cc9e6a tempest-MigrationOfShareWithSnapshotNFSTest-522614245 tempest-MigrationOfShareWithSnapshotNFSTest-522614245-project-admin] https://162.253.55.212/share/v2/808b9ac70eca489797012bb15eb700cd/types returned with HTTP 200
Feb 19 01:29:14.173964 np0000156445 devstack@m-api.service[46933]: [pid: 46933|app: 0|req: 23/53] 162.253.55.212 () {68 vars in 1404 bytes} [Thu Feb 19 01:29:14 2026] POST /share/v2/808b9ac70eca489797012bb15eb700cd/types => generated 853 bytes in 67 msecs (HTTP/1.1 200) 7 headers in 297 bytes (1 switches on core 0)
Feb 19 01:29:14.183403 np0000156445 devstack@m-api.service[46933]: INFO manila.api.openstack.wsgi [None req-9e84c9dc-136e-4cf6-b2d1-34c753bc9bd7 tempest-ShareMultiBackendTest-786865051 tempest-ShareMultiBackendTest-786865051-project-admin] POST https://162.253.55.212/share/v2/84e3fbda36c048599b53204819d72d03/types
Feb 19 01:29:14.183403 np0000156445 devstack@m-api.service[46933]: DEBUG manila.api.openstack.wsgi [None req-9e84c9dc-136e-4cf6-b2d1-34c753bc9bd7 tempest-ShareMultiBackendTest-786865051 tempest-ShareMultiBackendTest-786865051-project-admin] Action: 'create', calling method: Controller.__getattribute__..version_select, body: {"share_type": {"name": "tempest-ShareMultiBackendTest-share-type-BETA-205613019", "extra_specs": {"driver_handles_share_servers": true, "share_backend_name": "BETA"}, "share_type_access:is_public": true}} {{(pid=46933) _process_stack /opt/stack/manila/manila/api/openstack/wsgi.py:796}}
Feb 19 01:29:14.196744 np0000156445 devstack@m-api.service[46933]: INFO manila.api.openstack.wsgi [None req-9e84c9dc-136e-4cf6-b2d1-34c753bc9bd7 tempest-ShareMultiBackendTest-786865051 tempest-ShareMultiBackendTest-786865051-project-admin] https://162.253.55.212/share/v2/84e3fbda36c048599b53204819d72d03/types returned with HTTP 200
Feb 19 01:29:14.197439 np0000156445 devstack@m-api.service[46933]: [pid: 46933|app: 0|req: 24/54] 162.253.55.212 () {68 vars in 1404 bytes} [Thu Feb 19 01:29:14 2026] POST /share/v2/84e3fbda36c048599b53204819d72d03/types => generated 719 bytes in 23 msecs (HTTP/1.1 200) 7 headers in 297 bytes (1 switches on core 0)
Feb 19 01:29:14.200117 np0000156445 devstack@m-api.service[46933]: INFO manila.api.openstack.wsgi [None req-65cdfaf0-0c41-4ed5-a5d2-e51a3cd476ca tempest-MigrationOppositeDriverModesNFSTest-301888854 tempest-MigrationOppositeDriverModesNFSTest-301888854-project-admin] POST https://162.253.55.212/share/v2/e469a8321695489d9d89189841dd67d9/types
Feb 19 01:29:14.201454 np0000156445 devstack@m-api.service[46933]: DEBUG manila.api.openstack.wsgi [None req-65cdfaf0-0c41-4ed5-a5d2-e51a3cd476ca tempest-MigrationOppositeDriverModesNFSTest-301888854 tempest-MigrationOppositeDriverModesNFSTest-301888854-project-admin] Action: 'create', calling method: Controller.__getattribute__..version_select, body: {"share_type": {"name": "tempest-new_share_type_for_migration-551970770", "extra_specs": {"driver_handles_share_servers": true, "storage_protocol": "NFS_CIFS", "snapshot_support": true, "create_share_from_snapshot_support": true}, "share_type_access:is_public": true}} {{(pid=46933) _process_stack /opt/stack/manila/manila/api/openstack/wsgi.py:796}}
Feb 19 01:29:14.210625 np0000156445 devstack@m-api.service[46933]: INFO manila.api.openstack.wsgi [None req-65cdfaf0-0c41-4ed5-a5d2-e51a3cd476ca tempest-MigrationOppositeDriverModesNFSTest-301888854 tempest-MigrationOppositeDriverModesNFSTest-301888854-project-admin] https://162.253.55.212/share/v2/e469a8321695489d9d89189841dd67d9/types returned with HTTP 200
Feb 19 01:29:14.211364 np0000156445 devstack@m-api.service[46933]: [pid: 46933|app: 0|req: 25/55] 162.253.55.212 () {68 vars in 1404 bytes} [Thu Feb 19 01:29:14 2026] POST /share/v2/e469a8321695489d9d89189841dd67d9/types => generated 853 bytes in 13 msecs (HTTP/1.1 200) 7 headers in 297 bytes (1 switches on core 0)
Feb 19 01:29:14.214443 np0000156445 devstack@m-api.service[46933]: INFO manila.api.openstack.wsgi [None req-713543d3-d578-4a21-9240-cab5b11706b3 tempest-MigrationCancelNFSTest-1858551862 tempest-MigrationCancelNFSTest-1858551862-project-admin] POST https://162.253.55.212/share/v2/9f7bb987794f44dbb22986c1ea1f97f2/types
Feb 19 01:29:14.214894 np0000156445 devstack@m-api.service[46933]: DEBUG manila.api.openstack.wsgi [None req-713543d3-d578-4a21-9240-cab5b11706b3 tempest-MigrationCancelNFSTest-1858551862 tempest-MigrationCancelNFSTest-1858551862-project-admin] Action: 'create', calling method: Controller.__getattribute__..version_select, body: {"share_type": {"name": "tempest-original_share_type_for_migration-1301599354", "extra_specs": {"driver_handles_share_servers": true, "storage_protocol": "NFS_CIFS", "snapshot_support": true, "create_share_from_snapshot_support": true}, "share_type_access:is_public": true}} {{(pid=46933) _process_stack /opt/stack/manila/manila/api/openstack/wsgi.py:796}}
Feb 19 01:29:14.232518 np0000156445 devstack@m-api.service[46933]: INFO manila.api.openstack.wsgi [None req-713543d3-d578-4a21-9240-cab5b11706b3 tempest-MigrationCancelNFSTest-1858551862 tempest-MigrationCancelNFSTest-1858551862-project-admin] https://162.253.55.212/share/v2/9f7bb987794f44dbb22986c1ea1f97f2/types returned with HTTP 200
Feb 19 01:29:14.234077 np0000156445 devstack@m-api.service[46933]: [pid: 46933|app: 0|req: 26/56] 162.253.55.212 () {68 vars in 1404 bytes} [Thu Feb 19 01:29:14 2026] POST /share/v2/9f7bb987794f44dbb22986c1ea1f97f2/types => generated 865 bytes in 22 msecs (HTTP/1.1 200) 7 headers in 297 bytes (1 switches on core 0)
Feb 19 01:29:14.238787 np0000156445 devstack@m-api.service[46933]: INFO manila.api.openstack.wsgi [None req-0cc55ff2-3835-4c00-bd9a-37cb11f1c63d tempest-MigrationWithShareShrinkingNFSTest-648888664 tempest-MigrationWithShareShrinkingNFSTest-648888664-project-admin] POST https://162.253.55.212/share/v2/2db18b5bda4e4ccab39d78129bb166d1/types
Feb 19 01:29:14.238787 np0000156445 devstack@m-api.service[46933]: DEBUG manila.api.openstack.wsgi [None req-0cc55ff2-3835-4c00-bd9a-37cb11f1c63d tempest-MigrationWithShareShrinkingNFSTest-648888664 tempest-MigrationWithShareShrinkingNFSTest-648888664-project-admin] Action: 'create', calling method: Controller.__getattribute__..version_select, body: {"share_type": {"name": "tempest-new_share_type_for_migration-1409014451", "extra_specs": {"driver_handles_share_servers": true, "storage_protocol": "NFS_CIFS", "snapshot_support": true, "create_share_from_snapshot_support": true}, "share_type_access:is_public": true}} {{(pid=46933) _process_stack /opt/stack/manila/manila/api/openstack/wsgi.py:796}}
Feb 19 01:29:14.253279 np0000156445 devstack@m-api.service[46933]: INFO manila.api.openstack.wsgi [None req-0cc55ff2-3835-4c00-bd9a-37cb11f1c63d tempest-MigrationWithShareShrinkingNFSTest-648888664 tempest-MigrationWithShareShrinkingNFSTest-648888664-project-admin] https://162.253.55.212/share/v2/2db18b5bda4e4ccab39d78129bb166d1/types returned with HTTP 200
Feb 19 01:29:14.254617 np0000156445 devstack@m-api.service[46933]: [pid: 46933|app: 0|req: 27/57] 162.253.55.212 () {68 vars in 1404 bytes} [Thu Feb 19 01:29:14 2026] POST /share/v2/2db18b5bda4e4ccab39d78129bb166d1/types => generated 855 bytes in 20 msecs (HTTP/1.1 200) 7 headers in 297 bytes (1 switches on core 0)
Feb 19 01:29:14.257185 np0000156445 devstack@m-api.service[46933]: INFO manila.api.openstack.wsgi [None req-6081efb5-75f1-4beb-8074-4cf4dd1ec61e tempest-MigrationWithDifferentSnapshotSupportNFSTest-654445078 tempest-MigrationWithDifferentSnapshotSupportNFSTest-654445078-project-admin] POST https://162.253.55.212/share/v2/20833c0a5b1145599dc8b8a3102fa364/types
Feb 19 01:29:14.257736 np0000156445 devstack@m-api.service[46933]: DEBUG manila.api.openstack.wsgi [None req-6081efb5-75f1-4beb-8074-4cf4dd1ec61e tempest-MigrationWithDifferentSnapshotSupportNFSTest-654445078 tempest-MigrationWithDifferentSnapshotSupportNFSTest-654445078-project-admin] Action: 'create', calling method: Controller.__getattribute__..version_select, body: {"share_type": {"name": "tempest-snapshot_capable_share_type_for_migration-897629961", "extra_specs": {"driver_handles_share_servers": "True", "snapshot_support": true, "create_share_from_snapshot_support": true}, "share_type_access:is_public": true}} {{(pid=46933) _process_stack /opt/stack/manila/manila/api/openstack/wsgi.py:796}}
Feb 19 01:29:14.274924 np0000156445 devstack@m-api.service[46933]: INFO manila.api.openstack.wsgi [None req-6081efb5-75f1-4beb-8074-4cf4dd1ec61e tempest-MigrationWithDifferentSnapshotSupportNFSTest-654445078 tempest-MigrationWithDifferentSnapshotSupportNFSTest-654445078-project-admin] https://162.253.55.212/share/v2/20833c0a5b1145599dc8b8a3102fa364/types returned with HTTP 200
Feb 19 01:29:14.275303 np0000156445 devstack@m-api.service[46932]: DEBUG manila.quota [None req-9d4f32f8-76b4-47c4-a119-3515d03dfe54 tempest-ServicesAdminNegativeTest-1751913989 tempest-ServicesAdminNegativeTest-1751913989-project-member] Committed reservations ['5293551f-5a2f-4923-8a7f-3cbb71de12ae'] {{(pid=46932) commit /opt/stack/manila/manila/quota.py:1066}}
Feb 19 01:29:14.276376 np0000156445 devstack@m-api.service[46933]: [pid: 46933|app: 0|req: 28/58] 162.253.55.212 () {68 vars in 1404 bytes} [Thu Feb 19 01:29:14 2026] POST /share/v2/20833c0a5b1145599dc8b8a3102fa364/types => generated 819 bytes in 21 msecs (HTTP/1.1 200) 7 headers in 297 bytes (1 switches on core 0)
Feb 19 01:29:14.279819 np0000156445 devstack@m-api.service[46933]: INFO manila.api.openstack.wsgi [None req-741dfc90-61f2-42a4-9248-1ad9ab35a125 tempest-ShareServerMigrationBasicCIFS-1050214032 tempest-ShareServerMigrationBasicCIFS-1050214032-project-admin] POST https://162.253.55.212/share/v2/e27c58b6be61404da82c182edae4282c/shares
Feb 19 01:29:14.280201 np0000156445 devstack@m-api.service[46933]: DEBUG manila.api.openstack.wsgi [None req-741dfc90-61f2-42a4-9248-1ad9ab35a125 tempest-ShareServerMigrationBasicCIFS-1050214032 tempest-ShareServerMigrationBasicCIFS-1050214032-project-admin] Action: 'create', calling method: Controller.__getattribute__..version_select, body: {"share": {"share_proto": "cifs", "description": "Tempest's share", "snapshot_id": null, "name": "tempest-tempest-created-share-352871812", "size": 1, "metadata": {}, "is_public": false, "share_network_id": "87dfdad8-91c1-4ee8-b162-2b83a9196f30", "share_type": "17dd5114-8d56-4655-8332-17835f292f2b"}} {{(pid=46933) _process_stack /opt/stack/manila/manila/api/openstack/wsgi.py:796}}
Feb 19 01:29:14.281497 np0000156445 devstack@m-api.service[46933]: INFO manila.api.v2.shares [None req-741dfc90-61f2-42a4-9248-1ad9ab35a125 tempest-ShareServerMigrationBasicCIFS-1050214032 tempest-ShareServerMigrationBasicCIFS-1050214032-project-admin] Create CIFS share of 1 GB
Feb 19 01:29:14.318358 np0000156445 devstack@m-api.service[46932]: INFO manila.api.openstack.wsgi [None req-9d4f32f8-76b4-47c4-a119-3515d03dfe54 tempest-ServicesAdminNegativeTest-1751913989 tempest-ServicesAdminNegativeTest-1751913989-project-member] https://162.253.55.212/share/v2/756c85250e144a1698cfeb4f7a8a0516/share-networks returned with HTTP 200
Feb 19 01:29:14.318358 np0000156445 devstack@m-api.service[46932]: [pid: 46932|app: 0|req: 31/59] 162.253.55.212 () {68 vars in 1431 bytes} [Thu Feb 19 01:29:13 2026] POST /share/v2/756c85250e144a1698cfeb4f7a8a0516/share-networks => generated 723 bytes in 335 msecs (HTTP/1.1 200) 7 headers in 297 bytes (1 switches on core 0)
Feb 19 01:29:14.373413 np0000156445 devstack@m-api.service[46933]: DEBUG manila.quota [None req-741dfc90-61f2-42a4-9248-1ad9ab35a125 tempest-ShareServerMigrationBasicCIFS-1050214032 tempest-ShareServerMigrationBasicCIFS-1050214032-project-admin] Created reservations ['4eb2ab06-0729-441f-8312-5dca0297c68e', 'ce85b2de-51fb-44df-90fd-0367c9620f88', 'dc7317d6-254c-4515-8a2e-4837a80ebde1', 'c09beafb-2b8d-47d4-a574-0b3192e55b30', '59287e40-4a3c-4b02-81f0-dc97ea8beae9', 'eb754df0-e3b5-4f5c-be8e-e3d1b9e772fd', '13546a91-9a51-4d9a-815e-5a1a253abc59', 'bcf4a276-5032-455d-94eb-7e3ddb1716d1'] {{(pid=46933) reserve /opt/stack/manila/manila/quota.py:1038}}
Feb 19 01:29:14.427750 np0000156445 devstack@m-api.service[46933]: DEBUG manila.quota [None req-741dfc90-61f2-42a4-9248-1ad9ab35a125 tempest-ShareServerMigrationBasicCIFS-1050214032 tempest-ShareServerMigrationBasicCIFS-1050214032-project-admin] Committed reservations ['4eb2ab06-0729-441f-8312-5dca0297c68e', 'ce85b2de-51fb-44df-90fd-0367c9620f88', 'dc7317d6-254c-4515-8a2e-4837a80ebde1', 'c09beafb-2b8d-47d4-a574-0b3192e55b30', '59287e40-4a3c-4b02-81f0-dc97ea8beae9', 'eb754df0-e3b5-4f5c-be8e-e3d1b9e772fd', '13546a91-9a51-4d9a-815e-5a1a253abc59', 'bcf4a276-5032-455d-94eb-7e3ddb1716d1'] {{(pid=46933) commit /opt/stack/manila/manila/quota.py:1066}}
Feb 19 01:29:14.525145 np0000156445 devstack@m-api.service[46933]: INFO manila.api.openstack.wsgi [None req-741dfc90-61f2-42a4-9248-1ad9ab35a125 tempest-ShareServerMigrationBasicCIFS-1050214032 tempest-ShareServerMigrationBasicCIFS-1050214032-project-admin] https://162.253.55.212/share/v2/e27c58b6be61404da82c182edae4282c/shares returned with HTTP 200
Feb 19 01:29:14.525145 np0000156445 devstack@m-api.service[46933]: [pid: 46933|app: 0|req: 29/60] 162.253.55.212 () {68 vars in 1407 bytes} [Thu Feb 19 01:29:14 2026] POST /share/v2/e27c58b6be61404da82c182edae4282c/shares => generated 1420 bytes in 248 msecs (HTTP/1.1 200) 7 headers in 298 bytes (1 switches on core 0)
Feb 19 01:29:14.529035 np0000156445 devstack@m-api.service[46933]: INFO manila.api.openstack.wsgi [None req-a3060f03-06bb-48f3-a427-fbecd5a08227 tempest-ShareGroupTypesTest-1910224554 tempest-ShareGroupTypesTest-1910224554-project-admin] GET https://162.253.55.212/share/v2/326dd35b578f425d8ef2c00ff8845405/share-group-types/191474ed-cb28-4647-a36c-832b2306dc41
Feb 19 01:29:14.529035 np0000156445 devstack@m-api.service[46933]: DEBUG manila.api.openstack.wsgi [None req-a3060f03-06bb-48f3-a427-fbecd5a08227 tempest-ShareGroupTypesTest-1910224554 tempest-ShareGroupTypesTest-1910224554-project-admin] Empty body provided in request {{(pid=46933) get_body /opt/stack/manila/manila/api/openstack/wsgi.py:652}}
Feb 19 01:29:14.529035 np0000156445 devstack@m-api.service[46933]: DEBUG manila.api.openstack.wsgi [None req-a3060f03-06bb-48f3-a427-fbecd5a08227 tempest-ShareGroupTypesTest-1910224554 tempest-ShareGroupTypesTest-1910224554-project-admin] Calling method 'Controller.__getattribute__..version_select' {{(pid=46933) _process_stack /opt/stack/manila/manila/api/openstack/wsgi.py:798}}
Feb 19 01:29:14.552650 np0000156445 devstack@m-api.service[46933]: INFO manila.api.openstack.wsgi [None req-a3060f03-06bb-48f3-a427-fbecd5a08227 tempest-ShareGroupTypesTest-1910224554 tempest-ShareGroupTypesTest-1910224554-project-admin] https://162.253.55.212/share/v2/326dd35b578f425d8ef2c00ff8845405/share-group-types/191474ed-cb28-4647-a36c-832b2306dc41 returned with HTTP 200
Feb 19 01:29:14.553070 np0000156445 devstack@m-api.service[46933]: [pid: 46933|app: 0|req: 30/61] 162.253.55.212 () {66 vars in 1529 bytes} [Thu Feb 19 01:29:14 2026] GET /share/v2/326dd35b578f425d8ef2c00ff8845405/share-group-types/191474ed-cb28-4647-a36c-832b2306dc41 => generated 266 bytes in 28 msecs (HTTP/1.1 200) 7 headers in 297 bytes (1 switches on core 0)
Feb 19 01:29:14.560327 np0000156445 devstack@m-api.service[46933]: INFO manila.api.openstack.wsgi [None req-fe5fa908-8f67-4795-8e7f-13f4b4d10731 tempest-MigrationOfShareWithSnapshotNFSTest-522614245 tempest-MigrationOfShareWithSnapshotNFSTest-522614245-project-admin] POST https://162.253.55.212/share/v2/808b9ac70eca489797012bb15eb700cd/types
Feb 19 01:29:14.560654 np0000156445 devstack@m-api.service[46933]: DEBUG manila.api.openstack.wsgi [None req-fe5fa908-8f67-4795-8e7f-13f4b4d10731 tempest-MigrationOfShareWithSnapshotNFSTest-522614245 tempest-MigrationOfShareWithSnapshotNFSTest-522614245-project-admin] Action: 'create', calling method: Controller.__getattribute__..version_select, body: {"share_type": {"name": "tempest-new_share_type_for_migration_opposite-1428306477", "extra_specs": {"driver_handles_share_servers": false, "storage_protocol": "NFS_CIFS", "snapshot_support": true}, "share_type_access:is_public": true}} {{(pid=46933) _process_stack /opt/stack/manila/manila/api/openstack/wsgi.py:796}}
Feb 19 01:29:14.586386 np0000156445 devstack@m-api.service[46933]: INFO manila.api.openstack.wsgi [None req-fe5fa908-8f67-4795-8e7f-13f4b4d10731 tempest-MigrationOfShareWithSnapshotNFSTest-522614245 tempest-MigrationOfShareWithSnapshotNFSTest-522614245-project-admin] https://162.253.55.212/share/v2/808b9ac70eca489797012bb15eb700cd/types returned with HTTP 200
Feb 19 01:29:14.587321 np0000156445 devstack@m-api.service[46933]: [pid: 46933|app: 0|req: 31/62] 162.253.55.212 () {68 vars in 1404 bytes} [Thu Feb 19 01:29:14 2026] POST /share/v2/808b9ac70eca489797012bb15eb700cd/types => generated 785 bytes in 34 msecs (HTTP/1.1 200) 7 headers in 297 bytes (1 switches on core 0)
Feb 19 01:29:14.594923 np0000156445 devstack@m-api.service[46933]: INFO manila.api.openstack.wsgi [None req-e6e62d4a-22e3-4afa-9ee4-720332ff00a5 tempest-ShareMultiBackendTest-786865051 tempest-ShareMultiBackendTest-786865051-project-admin] POST https://162.253.55.212/share/v2/84e3fbda36c048599b53204819d72d03/shares
Feb 19 01:29:14.594923 np0000156445 devstack@m-api.service[46933]: DEBUG manila.api.openstack.wsgi [None req-e6e62d4a-22e3-4afa-9ee4-720332ff00a5 tempest-ShareMultiBackendTest-786865051 tempest-ShareMultiBackendTest-786865051-project-admin] Action: 'create', calling method: Controller.__getattribute__..version_select, body: {"share": {"share_proto": "nfs", "description": "Tempest's share", "snapshot_id": null, "name": "tempest-tempest-created-share-795669732", "size": 1, "metadata": {}, "is_public": false, "share_network_id": "a095ba24-c224-4c2f-b1c4-13b3becd8a86", "share_type": "c9f368c3-3c12-4436-8cd0-3e7da5540ffb"}} {{(pid=46933) _process_stack /opt/stack/manila/manila/api/openstack/wsgi.py:796}}
Feb 19 01:29:14.602321 np0000156445 devstack@m-api.service[46933]: INFO manila.api.v2.shares [None req-e6e62d4a-22e3-4afa-9ee4-720332ff00a5 tempest-ShareMultiBackendTest-786865051 tempest-ShareMultiBackendTest-786865051-project-admin] Create NFS share of 1 GB
Feb 19 01:29:14.733693 np0000156445 devstack@m-api.service[46932]: INFO manila.api.openstack.wsgi [None req-f38c8e7e-cc28-4c4b-bda3-69c3c8af347f tempest-ExportLocationsNegativeTest-1511116645 tempest-ExportLocationsNegativeTest-1511116645-project-admin] POST https://162.253.55.212/share/v2/d66938fb1d9e4e1db88506494277bc62/share-networks
Feb 19 01:29:14.734307 np0000156445 devstack@m-api.service[46932]: DEBUG manila.api.openstack.wsgi [None req-f38c8e7e-cc28-4c4b-bda3-69c3c8af347f tempest-ExportLocationsNegativeTest-1511116645 tempest-ExportLocationsNegativeTest-1511116645-project-admin] Action: 'create', calling method: ShareNetworkController.create, body: {"share_network": {"name": "autogenerated_by_tempest", "description": "This share-network was created by tempest"}} {{(pid=46932) _process_stack /opt/stack/manila/manila/api/openstack/wsgi.py:796}}
Feb 19 01:29:14.791916 np0000156445 devstack@m-api.service[46933]: DEBUG manila.quota [None req-e6e62d4a-22e3-4afa-9ee4-720332ff00a5 tempest-ShareMultiBackendTest-786865051 tempest-ShareMultiBackendTest-786865051-project-admin] Created reservations ['f25598f3-b272-461e-94b4-3e162e3c017d', '54e62182-6212-499c-bb8a-1a7cdcfac594', '61fc413f-2ab8-4bda-a58d-37fa2a77949e', 'e8f8067e-7e76-4170-b9c4-d87f6486622f'] {{(pid=46933) reserve /opt/stack/manila/manila/quota.py:1038}}
Feb 19 01:29:14.794545 np0000156445 devstack@m-api.service[46932]: DEBUG manila.quota [None req-f38c8e7e-cc28-4c4b-bda3-69c3c8af347f tempest-ExportLocationsNegativeTest-1511116645 tempest-ExportLocationsNegativeTest-1511116645-project-admin] Created reservations ['e0a33ced-db55-4395-af29-dab7abad9446'] {{(pid=46932) reserve /opt/stack/manila/manila/quota.py:1038}}
Feb 19 01:29:14.876341 np0000156445 devstack@m-api.service[46932]: DEBUG manila.quota [None req-f38c8e7e-cc28-4c4b-bda3-69c3c8af347f tempest-ExportLocationsNegativeTest-1511116645 tempest-ExportLocationsNegativeTest-1511116645-project-admin] Committed reservations ['e0a33ced-db55-4395-af29-dab7abad9446'] {{(pid=46932) commit /opt/stack/manila/manila/quota.py:1066}}
Feb 19 01:29:14.927844 np0000156445 devstack@m-api.service[46932]: INFO manila.api.openstack.wsgi [None req-f38c8e7e-cc28-4c4b-bda3-69c3c8af347f tempest-ExportLocationsNegativeTest-1511116645 tempest-ExportLocationsNegativeTest-1511116645-project-admin] https://162.253.55.212/share/v2/d66938fb1d9e4e1db88506494277bc62/share-networks returned with HTTP 200
Feb 19 01:29:14.927844 np0000156445 devstack@m-api.service[46932]: [pid: 46932|app: 0|req: 32/63] 162.253.55.212 () {68 vars in 1431 bytes} [Thu Feb 19 01:29:14 2026] POST /share/v2/d66938fb1d9e4e1db88506494277bc62/share-networks => generated 723 bytes in 608 msecs (HTTP/1.1 200) 7 headers in 297 bytes (1 switches on core 0)
Feb 19 01:29:14.937508 np0000156445 devstack@m-api.service[46933]: DEBUG manila.quota [None req-e6e62d4a-22e3-4afa-9ee4-720332ff00a5 tempest-ShareMultiBackendTest-786865051 tempest-ShareMultiBackendTest-786865051-project-admin] Committed reservations ['f25598f3-b272-461e-94b4-3e162e3c017d', '54e62182-6212-499c-bb8a-1a7cdcfac594', '61fc413f-2ab8-4bda-a58d-37fa2a77949e', 'e8f8067e-7e76-4170-b9c4-d87f6486622f'] {{(pid=46933) commit /opt/stack/manila/manila/quota.py:1066}}
Feb 19 01:29:14.939522 np0000156445 devstack@m-api.service[46932]: INFO manila.api.openstack.wsgi [None req-a8500d03-9d07-487e-99b7-3e9fcae69fe1 tempest-MigrationOppositeDriverModesNFSTest-301888854 tempest-MigrationOppositeDriverModesNFSTest-301888854-project-admin] POST https://162.253.55.212/share/v2/e469a8321695489d9d89189841dd67d9/types
