+ COMMAND=start + start + for KEYSTONE_WSGI_SCRIPT in keystone-wsgi-public ++ type -p keystone-wsgi-public + cp -a /var/lib/openstack/bin/keystone-wsgi-public /var/www/cgi-bin/keystone/ + '[' -f /etc/apache2/envvars ']' + source /etc/apache2/envvars ++ unset HOME ++ '[' '' '!=' '' ']' ++ SUFFIX= ++ export APACHE_RUN_USER=www-data ++ APACHE_RUN_USER=www-data ++ export APACHE_RUN_GROUP=www-data ++ APACHE_RUN_GROUP=www-data ++ export APACHE_PID_FILE=/var/run/apache2/apache2.pid ++ APACHE_PID_FILE=/var/run/apache2/apache2.pid ++ export APACHE_RUN_DIR=/var/run/apache2 ++ APACHE_RUN_DIR=/var/run/apache2 ++ export APACHE_LOCK_DIR=/var/lock/apache2 ++ APACHE_LOCK_DIR=/var/lock/apache2 ++ export APACHE_LOG_DIR=/var/log/apache2 ++ APACHE_LOG_DIR=/var/log/apache2 ++ export LANG=C ++ LANG=C ++ export LANG + '[' -f /var/run/apache2/apache2.pid ']' + exec apache2 -DFOREGROUND AH00558: apache2: Could not reliably determine the server's fully qualified domain name, using 10.0.0.212. Set the 'ServerName' directive globally to suppress this message AH00558: apache2: Could not reliably determine the server's fully qualified domain name, using 10.0.0.212. Set the 'ServerName' directive globally to suppress this message
[Fri May 29 06:08:15.989968 2026] [mpm_event:notice] [pid 1:tid 140608116909952] AH00489: Apache/2.4.58 (Ubuntu) mod_wsgi/5.0.0 Python/3.12 configured -- resuming normal operations
[Fri May 29 06:08:15.990139 2026] [core:notice] [pid 1:tid 140608116909952] AH00094: Command line: 'apache2 -D FOREGROUND'
[Fri May 29 06:09:13.007296 2026] [wsgi:error] [pid 10:tid 140607480137408] /var/lib/openstack/lib/python3.12/site-packages/oslo_utils/importutils.py:77: EventletDeprecationWarning:
[Fri May 29 06:09:13.007340 2026] [wsgi:error] [pid 10:tid 140607480137408] Eventlet is deprecated. It is currently being maintained in bugfix mode, and
[Fri May 29 06:09:13.007342 2026] [wsgi:error] [pid 10:tid 140607480137408] we strongly recommend against using it for new projects.
[Fri May 29 06:09:13.007343 2026] [wsgi:error] [pid 10:tid 140607480137408]
[Fri May 29 06:09:13.007344 2026] [wsgi:error] [pid 10:tid 140607480137408] If you are already using Eventlet, we recommend migrating to a different
[Fri May 29 06:09:13.007345 2026] [wsgi:error] [pid 10:tid 140607480137408] framework. For more detail see
[Fri May 29 06:09:13.007347 2026] [wsgi:error] [pid 10:tid 140607480137408] https://eventlet.readthedocs.io/en/latest/asyncio/migration.html
[Fri May 29 06:09:13.007348 2026] [wsgi:error] [pid 10:tid 140607480137408]
[Fri May 29 06:09:13.007349 2026] [wsgi:error] [pid 10:tid 140607480137408] __import__(import_str)
[Fri May 29 06:09:13.064189 2026] [wsgi:error] [pid 9:tid 140607480137408] /var/lib/openstack/lib/python3.12/site-packages/oslo_utils/importutils.py:77: EventletDeprecationWarning:
[Fri May 29 06:09:13.064256 2026] [wsgi:error] [pid 9:tid 140607480137408] Eventlet is deprecated. It is currently being maintained in bugfix mode, and
[Fri May 29 06:09:13.064259 2026] [wsgi:error] [pid 9:tid 140607480137408] we strongly recommend against using it for new projects.
[Fri May 29 06:09:13.064261 2026] [wsgi:error] [pid 9:tid 140607480137408]
[Fri May 29 06:09:13.064263 2026] [wsgi:error] [pid 9:tid 140607480137408] If you are already using Eventlet, we recommend migrating to a different
[Fri May 29 06:09:13.064264 2026] [wsgi:error] [pid 9:tid 140607480137408] framework. For more detail see
[Fri May 29 06:09:13.064266 2026] [wsgi:error] [pid 9:tid 140607480137408] https://eventlet.readthedocs.io/en/latest/asyncio/migration.html
[Fri May 29 06:09:13.064267 2026] [wsgi:error] [pid 9:tid 140607480137408]
[Fri May 29 06:09:13.064269 2026] [wsgi:error] [pid 9:tid 140607480137408] __import__(import_str) 10.0.0.27 - - [29/May/2026:06:09:12 +0000] "GET /v3/ HTTP/1.1" 200 250 10.0.0.27 - - [29/May/2026:06:09:12 +0000] "GET /v3/ HTTP/1.1" 200 250
[Fri May 29 06:09:25.630870 2026] [wsgi:error] [pid 11:tid 140607480137408] /var/lib/openstack/lib/python3.12/site-packages/oslo_utils/importutils.py:77: EventletDeprecationWarning:
[Fri May 29 06:09:25.630907 2026] [wsgi:error] [pid 11:tid 140607480137408] Eventlet is deprecated. It is currently being maintained in bugfix mode, and
[Fri May 29 06:09:25.630908 2026] [wsgi:error] [pid 11:tid 140607480137408] we strongly recommend against using it for new projects.
[Fri May 29 06:09:25.630910 2026] [wsgi:error] [pid 11:tid 140607480137408]
[Fri May 29 06:09:25.630911 2026] [wsgi:error] [pid 11:tid 140607480137408] If you are already using Eventlet, we recommend migrating to a different
[Fri May 29 06:09:25.630912 2026] [wsgi:error] [pid 11:tid 140607480137408] framework. For more detail see
[Fri May 29 06:09:25.630913 2026] [wsgi:error] [pid 11:tid 140607480137408] https://eventlet.readthedocs.io/en/latest/asyncio/migration.html
[Fri May 29 06:09:25.630914 2026] [wsgi:error] [pid 11:tid 140607480137408]
[Fri May 29 06:09:25.630915 2026] [wsgi:error] [pid 11:tid 140607480137408] __import__(import_str) 10.0.0.206 - - [29/May/2026:06:09:24 +0000] "GET / HTTP/1.1" 300 295
[Fri May 29 06:09:31.063662 2026] [wsgi:error] [pid 12:tid 140607480137408] /var/lib/openstack/lib/python3.12/site-packages/oslo_utils/importutils.py:77: EventletDeprecationWarning:
[Fri May 29 06:09:31.063703 2026] [wsgi:error] [pid 12:tid 140607480137408] Eventlet is deprecated. It is currently being maintained in bugfix mode, and
[Fri May 29 06:09:31.063705 2026] [wsgi:error] [pid 12:tid 140607480137408] we strongly recommend against using it for new projects.
[Fri May 29 06:09:31.063706 2026] [wsgi:error] [pid 12:tid 140607480137408]
[Fri May 29 06:09:31.063707 2026] [wsgi:error] [pid 12:tid 140607480137408] If you are already using Eventlet, we recommend migrating to a different
[Fri May 29 06:09:31.063708 2026] [wsgi:error] [pid 12:tid 140607480137408] framework. For more detail see
[Fri May 29 06:09:31.063710 2026] [wsgi:error] [pid 12:tid 140607480137408] https://eventlet.readthedocs.io/en/latest/asyncio/migration.html
[Fri May 29 06:09:31.063711 2026] [wsgi:error] [pid 12:tid 140607480137408]
[Fri May 29 06:09:31.063712 2026] [wsgi:error] [pid 12:tid 140607480137408] __import__(import_str)
[Fri May 29 06:09:35.711423 2026] [wsgi:error] [pid 12:tid 140607480137408] [remote 10.0.0.206:42442] 2026-05-29 06:09:35.708 12 WARNING keystone.identity.core [None req-e77febd9-1083-4660-9c5b-af0eaa2179ba - - - - - -] Invalid domain name (atmosphere) found in config file name: keystone.exception.DomainNotFound: Could not find domain: atmosphere.
[Fri May 29 06:09:35.767899 2026] [wsgi:error] [pid 12:tid 140607480137408] [remote 10.0.0.206:42442] 2026-05-29 06:09:35.767 12 WARNING keystone.common.password_hashing [None req-e77febd9-1083-4660-9c5b-af0eaa2179ba - - - - - -] Truncating password to algorithm specific maximum length 72 characters.
[Fri May 29 06:09:36.076107 2026] [wsgi:error] [pid 12:tid 140607480137408] [remote 10.0.0.206:42442] 2026-05-29 06:09:36.075 12 WARNING keystone.common.fernet_utils [None req-e77febd9-1083-4660-9c5b-af0eaa2179ba - - - - - -] key_repository is world readable: /etc/keystone/fernet-keys/ 10.0.0.206 - - [29/May/2026:06:09:30 +0000] "POST /v3/auth/tokens HTTP/1.1" 201 1360
[Fri May 29 06:09:36.449288 2026] [wsgi:error] [pid 10:tid 140607480137408] [remote 10.0.0.206:42442] 2026-05-29 06:09:36.446 10 WARNING keystone.identity.core [None req-483d2c2e-561e-4767-8fe6-7df612f28d81 - - - - - -] Invalid domain name (atmosphere) found in config file name: keystone.exception.DomainNotFound: Could not find domain: atmosphere. 10.0.0.206 - - [29/May/2026:06:09:36 +0000] "POST /v3/domains HTTP/1.1" 201 261 10.0.0.51 - - [29/May/2026:06:09:46 +0000] "GET / HTTP/1.1" 300 295
[Fri May 29 06:09:47.329095 2026] [wsgi:error] [pid 11:tid 140607480137408] [remote 10.0.0.51:47294] 2026-05-29 06:09:47.328 11 WARNING keystone.common.password_hashing [None req-c578797a-d9ba-4eb7-a72e-55a98a36e2db - - - - - -] Truncating password to algorithm specific maximum length 72 characters.
[Fri May 29 06:09:47.615317 2026] [wsgi:error] [pid 11:tid 140607480137408] [remote 10.0.0.51:47294] 2026-05-29 06:09:47.614 11 WARNING keystone.common.fernet_utils [None req-c578797a-d9ba-4eb7-a72e-55a98a36e2db - - - - - -] key_repository is world readable: /etc/keystone/fernet-keys/ 10.0.0.51 - - [29/May/2026:06:09:47 +0000] "POST /v3/auth/tokens HTTP/1.1" 201 1360 10.0.0.51 - - [29/May/2026:06:09:47 +0000] "GET /v3/roles/admin HTTP/1.1" 404 83
[Fri May 29 06:09:47.870760 2026] [wsgi:error] [pid 10:tid 140607480137408] [remote 10.0.0.51:47294] 2026-05-29 06:09:47.870 10 WARNING keystone.common.rbac_enforcer.enforcer [None req-150446ab-458a-4dd9-9b18-a2fe93b4af50 34b85c431f28414d94200944094ef71e d462dccdf4ff4d898ead5f6b50b63541 - - default default] Deprecated policy rules found. Use oslopolicy-policy-generator and oslopolicy-policy-upgrade to detect and resolve deprecated policies in your configuration. 10.0.0.51 - - [29/May/2026:06:09:47 +0000] "GET /v3/roles?name=admin HTTP/1.1" 200 389
[Fri May 29 06:09:48.360632 2026] [wsgi:error] [pid 9:tid 140607480137408] [remote 10.0.0.51:47294] 2026-05-29 06:09:48.360 9 WARNING keystone.common.rbac_enforcer.enforcer [None req-c2cad81a-7162-4d4e-8050-0e624fdb9977 34b85c431f28414d94200944094ef71e d462dccdf4ff4d898ead5f6b50b63541 - - default default] Deprecated policy rules found. Use oslopolicy-policy-generator and oslopolicy-policy-upgrade to detect and resolve deprecated policies in your configuration. 10.0.0.51 - - [29/May/2026:06:09:47 +0000] "GET /v3/users/admin-RegionOne HTTP/1.1" 404 93
[Fri May 29 06:09:48.506600 2026] [wsgi:error] [pid 11:tid 140607480137408] [remote 10.0.0.51:47294] 2026-05-29 06:09:48.506 11 WARNING keystone.common.rbac_enforcer.enforcer [None req-c11d2226-567f-4667-938c-f5711b6d630b 34b85c431f28414d94200944094ef71e d462dccdf4ff4d898ead5f6b50b63541 - - default default] Deprecated policy rules found. Use oslopolicy-policy-generator and oslopolicy-policy-upgrade to detect and resolve deprecated policies in your configuration. 10.0.0.51 - - [29/May/2026:06:09:48 +0000] "GET /v3/users?name=admin-RegionOne HTTP/1.1" 200 422
[Fri May 29 06:09:48.672026 2026] [wsgi:error] [pid 12:tid 140607480137408] [remote 10.0.0.51:47294] 2026-05-29 06:09:48.671 12 WARNING keystone.common.rbac_enforcer.enforcer [None req-d0298890-b718-46b3-93f8-470acf1a145b 34b85c431f28414d94200944094ef71e d462dccdf4ff4d898ead5f6b50b63541 - - default default] Deprecated policy rules found. Use oslopolicy-policy-generator and oslopolicy-policy-upgrade to detect and resolve deprecated policies in your configuration. 10.0.0.51 - - [29/May/2026:06:09:48 +0000] "GET /v3/domains/default HTTP/1.1" 200 224 10.0.0.51 - - [29/May/2026:06:09:48 +0000] "PUT /v3/domains/default/users/34b85c431f28414d94200944094ef71e/roles/46750a39482048b2854bca1c4f9e48b7 HTTP/1.1" 204 - 10.0.0.27 - - [29/May/2026:06:09:58 +0000] "GET / HTTP/1.1" 300 281 10.0.0.27 - - [29/May/2026:06:09:59 +0000] "GET /v3 HTTP/1.1" 200 266
[Fri May 29 06:09:59.842525 2026] [wsgi:error] [pid 12:tid 140607480137408] [remote 10.0.0.27:58870] 2026-05-29 06:09:59.842 12 WARNING keystone.common.password_hashing [None req-bd3c0d7f-987d-46d4-b4a0-734a60305ee2 - - - - - -] Truncating password to algorithm specific maximum length 72 characters.
[Fri May 29 06:10:00.120579 2026] [wsgi:error] [pid 12:tid 140607480137408] [remote 10.0.0.27:58870] 2026-05-29 06:10:00.120 12 WARNING keystone.common.fernet_utils [None req-bd3c0d7f-987d-46d4-b4a0-734a60305ee2 - - - - - -] key_repository is world readable: /etc/keystone/fernet-keys/ 10.0.0.27 - - [29/May/2026:06:09:59 +0000] "POST /v3/auth/tokens HTTP/1.1" 201 1360 10.0.0.27 - - [29/May/2026:06:10:00 +0000] "GET / HTTP/1.1" 300 281 10.0.0.27 - - [29/May/2026:06:10:00 +0000] "GET /v3/domains/atmosphere HTTP/1.1" 404 90 10.0.0.27 - - [29/May/2026:06:10:00 +0000] "GET /v3/domains?name=atmosphere HTTP/1.1" 200 370 10.0.0.27 - - [29/May/2026:06:10:00 +0000] "GET /v3/domains/d5bffbe76c40400389eacf20b2c32bc2 HTTP/1.1" 200 247 10.0.0.27 - - [29/May/2026:06:10:01 +0000] "GET /v3 HTTP/1.1" 200 266
[Fri May 29 06:10:01.439388 2026] [wsgi:error] [pid 9:tid 140607480137408] [remote 10.0.0.27:58866] 2026-05-29 06:10:01.438 9 WARNING keystone.common.password_hashing [None req-32cea319-f42d-4a8c-a6fc-e69533e4ea19 - - - - - -] Truncating password to algorithm specific maximum length 72 characters.
[Fri May 29 06:10:01.727190 2026] [wsgi:error] [pid 9:tid 140607480137408] [remote 10.0.0.27:58866] 2026-05-29 06:10:01.726 9 WARNING keystone.common.fernet_utils [None req-32cea319-f42d-4a8c-a6fc-e69533e4ea19 - - - - - -] key_repository is world readable: /etc/keystone/fernet-keys/ 10.0.0.27 - - [29/May/2026:06:10:01 +0000] "POST /v3/auth/tokens HTTP/1.1" 201 1360 10.0.0.27 - - [29/May/2026:06:10:01 +0000] "GET / HTTP/1.1" 300 281 10.0.0.27 - - [29/May/2026:06:10:01 +0000] "GET /v3/OS-FEDERATION/identity_providers/atmosphere HTTP/1.1" 404 101 10.0.0.27 - - [29/May/2026:06:10:01 +0000] "GET /v3/OS-FEDERATION/identity_providers HTTP/1.1" 200 156 10.0.0.27 - - [29/May/2026:06:10:01 +0000] "PUT /v3/OS-FEDERATION/identity_providers/atmosphere HTTP/1.1" 201 342 10.0.0.27 - - [29/May/2026:06:10:02 +0000] "GET /v3 HTTP/1.1" 200 266
[Fri May 29 06:10:02.550222 2026] [wsgi:error] [pid 12:tid 140607480137408] [remote 10.0.0.27:58870] 2026-05-29 06:10:02.550 12 WARNING keystone.common.password_hashing [None req-1c6a831c-5157-4600-9349-a9005e0b220a - - - - - -] Truncating password to algorithm specific maximum length 72 characters.
[Fri May 29 06:10:02.822653 2026] [wsgi:error] [pid 12:tid 140607480137408] [remote 10.0.0.27:58870] 2026-05-29 06:10:02.822 12 WARNING keystone.common.fernet_utils [None req-1c6a831c-5157-4600-9349-a9005e0b220a - - - - - -] key_repository is world readable: /etc/keystone/fernet-keys/ 10.0.0.27 - - [29/May/2026:06:10:02 +0000] "POST /v3/auth/tokens HTTP/1.1" 201 1360 10.0.0.27 - - [29/May/2026:06:10:02 +0000] "GET / HTTP/1.1" 300 281 10.0.0.27 - - [29/May/2026:06:10:02 +0000] "GET /v3/OS-FEDERATION/mappings/atmosphere-openid HTTP/1.1" 404 98 10.0.0.27 - - [29/May/2026:06:10:02 +0000] "GET /v3/OS-FEDERATION/mappings HTTP/1.1" 200 136 10.0.0.27 - - [29/May/2026:06:10:02 +0000] "PUT /v3/OS-FEDERATION/mappings/atmosphere-openid HTTP/1.1" 201 357 10.0.0.27 - - [29/May/2026:06:10:03 +0000] "GET /v3 HTTP/1.1" 200 266
[Fri May 29 06:10:03.677721 2026] [wsgi:error] [pid 9:tid 140607480137408] [remote 10.0.0.27:58866] 2026-05-29 06:10:03.677 9 WARNING keystone.common.password_hashing [None req-843b9c0a-192e-4c80-ac52-eab174bde284 - - - - - -] Truncating password to algorithm specific maximum length 72 characters.
[Fri May 29 06:10:03.955399 2026] [wsgi:error] [pid 9:tid 140607480137408] [remote 10.0.0.27:58866] 2026-05-29 06:10:03.955 9 WARNING keystone.common.fernet_utils [None req-843b9c0a-192e-4c80-ac52-eab174bde284 - - - - - -] key_repository is world readable: /etc/keystone/fernet-keys/ 10.0.0.27 - - [29/May/2026:06:10:03 +0000] "POST /v3/auth/tokens HTTP/1.1" 201 1360 10.0.0.27 - - [29/May/2026:06:10:03 +0000] "GET / HTTP/1.1" 300 281 10.0.0.27 - - [29/May/2026:06:10:03 +0000] "GET /v3/OS-FEDERATION/identity_providers/atmosphere/protocols/openid?idp_id=atmosphere HTTP/1.1" 404 131 10.0.0.27 - - [29/May/2026:06:10:04 +0000] "GET /v3/OS-FEDERATION/identity_providers/atmosphere/protocols HTTP/1.1" 200 168 10.0.0.27 - - [29/May/2026:06:10:04 +0000] "PUT /v3/OS-FEDERATION/identity_providers/atmosphere/protocols/openid HTTP/1.1" 201 224 10.0.0.27 - - [29/May/2026:06:10:12 +0000] "GET /v3/ HTTP/1.1" 200 250 10.0.0.27 - - [29/May/2026:06:10:12 +0000] "GET /v3/ HTTP/1.1" 200 250 10.0.0.27 - - [29/May/2026:06:11:12 +0000] "GET /v3/ HTTP/1.1" 200 250 10.0.0.27 - - [29/May/2026:06:11:12 +0000] "GET /v3/ HTTP/1.1" 200 250 10.0.0.205 - - [29/May/2026:06:11:22 +0000] "GET / HTTP/1.1" 300 295
[Fri May 29 06:11:22.955578 2026] [wsgi:error] [pid 12:tid 140607480137408] [remote 10.0.0.205:40862] 2026-05-29 06:11:22.955 12 WARNING keystone.common.password_hashing [None req-8cdc68e2-c54a-40e2-b014-a5bb1b6563db - - - - - -] Truncating password to algorithm specific maximum length 72 characters.
[Fri May 29 06:11:23.232894 2026] [wsgi:error] [pid 12:tid 140607480137408] [remote 10.0.0.205:40862] 2026-05-29 06:11:23.232 12 WARNING keystone.common.fernet_utils [None req-8cdc68e2-c54a-40e2-b014-a5bb1b6563db - - - - - -] key_repository is world readable: /etc/keystone/fernet-keys/ 10.0.0.205 - - [29/May/2026:06:11:22 +0000] "POST /v3/auth/tokens HTTP/1.1" 201 1360 10.0.0.205 - - [29/May/2026:06:11:23 +0000] "GET /v3/services HTTP/1.1" 200 355 10.0.0.205 - - [29/May/2026:06:11:26 +0000] "GET / HTTP/1.1" 300 295
[Fri May 29 06:11:26.869194 2026] [wsgi:error] [pid 11:tid 140607480137408] [remote 10.0.0.205:59902] 2026-05-29 06:11:26.869 11 WARNING keystone.common.password_hashing [None req-7309fe51-e527-461b-b5fc-714ee0835581 - - - - - -] Truncating password to algorithm specific maximum length 72 characters.
[Fri May 29 06:11:27.146086 2026] [wsgi:error] [pid 11:tid 140607480137408] [remote 10.0.0.205:59902] 2026-05-29 06:11:27.145 11 WARNING keystone.common.fernet_utils [None req-7309fe51-e527-461b-b5fc-714ee0835581 - - - - - -] key_repository is world readable: /etc/keystone/fernet-keys/ 10.0.0.205 - - [29/May/2026:06:11:26 +0000] "POST /v3/auth/tokens HTTP/1.1" 201 1360 10.0.0.205 - - [29/May/2026:06:11:27 +0000] "GET /v3/services HTTP/1.1" 200 355 10.0.0.205 - - [29/May/2026:06:11:30 +0000] "GET / HTTP/1.1" 300 295
[Fri May 29 06:11:30.666801 2026] [wsgi:error] [pid 9:tid 140607480137408] [remote 10.0.0.205:59912] 2026-05-29 06:11:30.666 9 WARNING keystone.common.password_hashing [None req-05cae3da-1942-4132-9084-623e9a426fc1 - - - - - -] Truncating password to algorithm specific maximum length 72 characters.
[Fri May 29 06:11:30.947116 2026] [wsgi:error] [pid 9:tid 140607480137408] [remote 10.0.0.205:59912] 2026-05-29 06:11:30.946 9 WARNING keystone.common.fernet_utils [None req-05cae3da-1942-4132-9084-623e9a426fc1 - - - - - -] key_repository is world readable: /etc/keystone/fernet-keys/ 10.0.0.205 - - [29/May/2026:06:11:30 +0000] "POST /v3/auth/tokens HTTP/1.1" 201 1360 10.0.0.205 - - [29/May/2026:06:11:31 +0000] "GET /v3/services HTTP/1.1" 200 355 10.0.0.205 - - [29/May/2026:06:11:34 +0000] "GET / HTTP/1.1" 300 295
[Fri May 29 06:11:34.480633 2026] [wsgi:error] [pid 10:tid 140607480137408] [remote 10.0.0.205:59924] 2026-05-29 06:11:34.480 10 WARNING keystone.common.password_hashing [None req-d8095a2d-2251-4b46-b368-7ff9d69a86f5 - - - - - -] Truncating password to algorithm specific maximum length 72 characters.
[Fri May 29 06:11:34.759747 2026] [wsgi:error] [pid 10:tid 140607480137408] [remote 10.0.0.205:59924] 2026-05-29 06:11:34.759 10 WARNING keystone.common.fernet_utils [None req-d8095a2d-2251-4b46-b368-7ff9d69a86f5 - - - - - -] key_repository is world readable: /etc/keystone/fernet-keys/ 10.0.0.205 - - [29/May/2026:06:11:34 +0000] "POST /v3/auth/tokens HTTP/1.1" 201 1360 10.0.0.205 - - [29/May/2026:06:11:34 +0000] "POST /v3/services HTTP/1.1" 201 296 10.0.0.138 - - [29/May/2026:06:11:47 +0000] "GET / HTTP/1.1" 300 295
[Fri May 29 06:11:47.145244 2026] [wsgi:error] [pid 12:tid 140607480137408] [remote 10.0.0.138:55378] 2026-05-29 06:11:47.145 12 WARNING keystone.common.password_hashing [None req-0005e4fb-edd7-423b-8e50-1493f3f6c4ab - - - - - -] Truncating password to algorithm specific maximum length 72 characters. 10.0.0.138 - - [29/May/2026:06:11:47 +0000] "GET / HTTP/1.1" 300 295
[Fri May 29 06:11:47.277189 2026] [wsgi:error] [pid 9:tid 140607480137408] [remote 10.0.0.138:55388] 2026-05-29 06:11:47.276 9 WARNING keystone.common.password_hashing [None req-b25744c9-d4fc-44e6-a23d-edbedd29a0c4 - - - - - -] Truncating password to algorithm specific maximum length 72 characters. 10.0.0.138 - - [29/May/2026:06:11:47 +0000] "GET / HTTP/1.1" 300 295
[Fri May 29 06:11:47.383877 2026] [wsgi:error] [pid 10:tid 140607480137408] [remote 10.0.0.138:55404] 2026-05-29 06:11:47.383 10 WARNING keystone.common.password_hashing [None req-2edc3700-8828-46d4-b4eb-a916f5bb1668 - - - - - -] Truncating password to algorithm specific maximum length 72 characters.
[Fri May 29 06:11:47.435010 2026] [wsgi:error] [pid 12:tid 140607480137408] [remote 10.0.0.138:55378] 2026-05-29 06:11:47.434 12 WARNING keystone.common.fernet_utils [None req-0005e4fb-edd7-423b-8e50-1493f3f6c4ab - - - - - -] key_repository is world readable: /etc/keystone/fernet-keys/ 10.0.0.138 - - [29/May/2026:06:11:47 +0000] "POST /v3/auth/tokens HTTP/1.1" 201 1464
[Fri May 29 06:11:47.556495 2026] [wsgi:error] [pid 9:tid 140607480137408] [remote 10.0.0.138:55388] 2026-05-29 06:11:47.556 9 WARNING keystone.common.fernet_utils [None req-b25744c9-d4fc-44e6-a23d-edbedd29a0c4 - - - - - -] key_repository is world readable: /etc/keystone/fernet-keys/ 10.0.0.138 - - [29/May/2026:06:11:47 +0000] "POST /v3/auth/tokens HTTP/1.1" 201 1464 10.0.0.138 - - [29/May/2026:06:11:47 +0000] "GET /v3/services HTTP/1.1" 200 639
[Fri May 29 06:11:47.654537 2026] [wsgi:error] [pid 10:tid 140607480137408] [remote 10.0.0.138:55404] 2026-05-29 06:11:47.654 10 WARNING keystone.common.fernet_utils [None req-2edc3700-8828-46d4-b4eb-a916f5bb1668 - - - - - -] key_repository is world readable: /etc/keystone/fernet-keys/ 10.0.0.138 - - [29/May/2026:06:11:47 +0000] "POST /v3/auth/tokens HTTP/1.1" 201 1464 10.0.0.138 - - [29/May/2026:06:11:47 +0000] "GET /v3/services HTTP/1.1" 200 639 10.0.0.138 - - [29/May/2026:06:11:47 +0000] "GET /v3/services HTTP/1.1" 200 639 10.0.0.138 - - [29/May/2026:06:11:48 +0000] "GET / HTTP/1.1" 300 295
[Fri May 29 06:11:48.946555 2026] [wsgi:error] [pid 10:tid 140607480137408] [remote 10.0.0.138:55414] 2026-05-29 06:11:48.946 10 WARNING keystone.common.password_hashing [None req-a20a1344-5fb7-4eb2-b076-6c6b0f964016 - - - - - -] Truncating password to algorithm specific maximum length 72 characters. 10.0.0.138 - - [29/May/2026:06:11:49 +0000] "GET / HTTP/1.1" 300 295
[Fri May 29 06:11:49.110273 2026] [wsgi:error] [pid 9:tid 140607480137408] [remote 10.0.0.138:55424] 2026-05-29 06:11:49.110 9 WARNING keystone.common.password_hashing [None req-fbcc27ec-275f-41f7-9ad2-b8803743391b - - - - - -] Truncating password to algorithm specific maximum length 72 characters. 10.0.0.138 - - [29/May/2026:06:11:49 +0000] "GET / HTTP/1.1" 300 295
[Fri May 29 06:11:49.190025 2026] [wsgi:error] [pid 12:tid 140607480137408] [remote 10.0.0.138:55426] 2026-05-29 06:11:49.189 12 WARNING keystone.common.password_hashing [None req-5a0da1c5-80e3-445a-8010-1a4b24e3ff5e - - - - - -] Truncating password to algorithm specific maximum length 72 characters.
[Fri May 29 06:11:49.226842 2026] [wsgi:error] [pid 10:tid 140607480137408] [remote 10.0.0.138:55414] 2026-05-29 06:11:49.226 10 WARNING keystone.common.fernet_utils [None req-a20a1344-5fb7-4eb2-b076-6c6b0f964016 - - - - - -] key_repository is world readable: /etc/keystone/fernet-keys/ 10.0.0.138 - - [29/May/2026:06:11:48 +0000] "POST /v3/auth/tokens HTTP/1.1" 201 1464 10.0.0.138 - - [29/May/2026:06:11:49 +0000] "GET /v3/endpoints HTTP/1.1" 200 1227 10.0.0.138 - - [29/May/2026:06:11:49 +0000] "GET /v3/services/c0044e0eeb084735899a67b832817595 HTTP/1.1" 200 233
[Fri May 29 06:11:49.387008 2026] [wsgi:error] [pid 9:tid 140607480137408] [remote 10.0.0.138:55424] 2026-05-29 06:11:49.386 9 WARNING keystone.common.fernet_utils [None req-fbcc27ec-275f-41f7-9ad2-b8803743391b - - - - - -] key_repository is world readable: /etc/keystone/fernet-keys/ 10.0.0.138 - - [29/May/2026:06:11:49 +0000] "POST /v3/auth/tokens HTTP/1.1" 201 1464 10.0.0.138 - - [29/May/2026:06:11:49 +0000] "GET /v3/services/c0044e0eeb084735899a67b832817595 HTTP/1.1" 200 233 10.0.0.138 - - [29/May/2026:06:11:49 +0000] "GET /v3/services/c0044e0eeb084735899a67b832817595 HTTP/1.1" 200 233
[Fri May 29 06:11:49.472898 2026] [wsgi:error] [pid 12:tid 140607480137408] [remote 10.0.0.138:55426] 2026-05-29 06:11:49.472 12 WARNING keystone.common.fernet_utils [None req-5a0da1c5-80e3-445a-8010-1a4b24e3ff5e - - - - - -] key_repository is world readable: /etc/keystone/fernet-keys/ 10.0.0.138 - - [29/May/2026:06:11:49 +0000] "POST /v3/auth/tokens HTTP/1.1" 201 1464 10.0.0.138 - - [29/May/2026:06:11:49 +0000] "GET /v3/endpoints HTTP/1.1" 200 1227 10.0.0.138 - - [29/May/2026:06:11:49 +0000] "GET /v3/services/c0044e0eeb084735899a67b832817595 HTTP/1.1" 200 233 10.0.0.138 - - [29/May/2026:06:11:49 +0000] "GET /v3/services/c0044e0eeb084735899a67b832817595 HTTP/1.1" 200 233 10.0.0.138 - - [29/May/2026:06:11:49 +0000] "GET /v3/services/c0044e0eeb084735899a67b832817595 HTTP/1.1" 200 233 10.0.0.138 - - [29/May/2026:06:11:49 +0000] "GET /v3/endpoints HTTP/1.1" 200 1227 10.0.0.138 - - [29/May/2026:06:11:49 +0000] "GET /v3/services/c0044e0eeb084735899a67b832817595 HTTP/1.1" 200 233 10.0.0.138 - - [29/May/2026:06:11:49 +0000] "GET /v3/services/c0044e0eeb084735899a67b832817595 HTTP/1.1" 200 233 10.0.0.138 - - [29/May/2026:06:11:49 +0000] "GET /v3/services/c0044e0eeb084735899a67b832817595 HTTP/1.1" 200 233 10.0.0.138 - - [29/May/2026:06:11:50 +0000] "GET / HTTP/1.1" 300 295
[Fri May 29 06:11:50.756197 2026] [wsgi:error] [pid 11:tid 140607480137408] [remote 10.0.0.138:55430] 2026-05-29 06:11:50.755 11 WARNING keystone.common.password_hashing [None req-0121db57-1b48-4b1b-a1d7-947c158d963b - - - - - -] Truncating password to algorithm specific maximum length 72 characters. 10.0.0.138 - - [29/May/2026:06:11:50 +0000] "GET / HTTP/1.1" 300 295
[Fri May 29 06:11:50.930107 2026] [wsgi:error] [pid 12:tid 140607480137408] [remote 10.0.0.138:55436] 2026-05-29 06:11:50.929 12 WARNING keystone.common.password_hashing [None req-e1fa4693-de4d-4e10-aeb4-4fe9cf31f8f6 - - - - - -] Truncating password to algorithm specific maximum length 72 characters. 10.0.0.138 - - [29/May/2026:06:11:50 +0000] "GET / HTTP/1.1" 300 295
[Fri May 29 06:11:51.011158 2026] [wsgi:error] [pid 10:tid 140607480137408] [remote 10.0.0.138:55450] 2026-05-29 06:11:51.011 10 WARNING keystone.common.password_hashing [None req-60257762-b552-45fa-b8b0-54cf9a8493ee - - - - - -] Truncating password to algorithm specific maximum length 72 characters.
[Fri May 29 06:11:51.032597 2026] [wsgi:error] [pid 11:tid 140607480137408] [remote 10.0.0.138:55430] 2026-05-29 06:11:51.032 11 WARNING keystone.common.fernet_utils [None req-0121db57-1b48-4b1b-a1d7-947c158d963b - - - - - -] key_repository is world readable: /etc/keystone/fernet-keys/ 10.0.0.138 - - [29/May/2026:06:11:50 +0000] "POST /v3/auth/tokens HTTP/1.1" 201 1464 10.0.0.138 - - [29/May/2026:06:11:51 +0000] "GET /v3/services/6167c7219c8b48faa2ef950214a6c05c HTTP/1.1" 200 296 10.0.0.138 - - [29/May/2026:06:11:51 +0000] "GET /v3/regions/RegionOne HTTP/1.1" 200 173 10.0.0.138 - - [29/May/2026:06:11:51 +0000] "POST /v3/endpoints HTTP/1.1" 201 380
[Fri May 29 06:11:51.206067 2026] [wsgi:error] [pid 12:tid 140607480137408] [remote 10.0.0.138:55436] 2026-05-29 06:11:51.205 12 WARNING keystone.common.fernet_utils [None req-e1fa4693-de4d-4e10-aeb4-4fe9cf31f8f6 - - - - - -] key_repository is world readable: /etc/keystone/fernet-keys/ 10.0.0.138 - - [29/May/2026:06:11:50 +0000] "POST /v3/auth/tokens HTTP/1.1" 201 1641
[Fri May 29 06:11:51.285626 2026] [wsgi:error] [pid 10:tid 140607480137408] [remote 10.0.0.138:55450] 2026-05-29 06:11:51.285 10 WARNING keystone.common.fernet_utils [None req-60257762-b552-45fa-b8b0-54cf9a8493ee - - - - - -] key_repository is world readable: /etc/keystone/fernet-keys/ 10.0.0.138 - - [29/May/2026:06:11:50 +0000] "POST /v3/auth/tokens HTTP/1.1" 201 1641 10.0.0.138 - - [29/May/2026:06:11:51 +0000] "GET /v3/services/6167c7219c8b48faa2ef950214a6c05c HTTP/1.1" 200 296 10.0.0.138 - - [29/May/2026:06:11:51 +0000] "GET /v3/regions/RegionOne HTTP/1.1" 200 173 10.0.0.138 - - [29/May/2026:06:11:51 +0000] "GET /v3/services/6167c7219c8b48faa2ef950214a6c05c HTTP/1.1" 200 296 10.0.0.138 - - [29/May/2026:06:11:51 +0000] "GET /v3/regions/RegionOne HTTP/1.1" 200 173 10.0.0.138 - - [29/May/2026:06:11:51 +0000] "POST /v3/endpoints HTTP/1.1" 201 370 10.0.0.138 - - [29/May/2026:06:11:51 +0000] "POST /v3/endpoints HTTP/1.1" 201 383 10.0.0.138 - - [29/May/2026:06:11:52 +0000] "GET / HTTP/1.1" 300 295
[Fri May 29 06:11:52.609926 2026] [wsgi:error] [pid 11:tid 140607480137408] [remote 10.0.0.138:55466] 2026-05-29 06:11:52.609 11 WARNING keystone.common.password_hashing [None req-da9bb2bc-0916-4718-a7fe-5260609349e9 - - - - - -] Truncating password to algorithm specific maximum length 72 characters. 10.0.0.138 - - [29/May/2026:06:11:52 +0000] "GET / HTTP/1.1" 300 295
[Fri May 29 06:11:52.761622 2026] [wsgi:error] [pid 12:tid 140607480137408] [remote 10.0.0.138:55474] 2026-05-29 06:11:52.761 12 WARNING keystone.common.password_hashing [None req-d24729d0-a611-4715-9665-a8fc27e847d1 - - - - - -] Truncating password to algorithm specific maximum length 72 characters.
[Fri May 29 06:11:52.886765 2026] [wsgi:error] [pid 11:tid 140607480137408] [remote 10.0.0.138:55466] 2026-05-29 06:11:52.886 11 WARNING keystone.common.fernet_utils [None req-da9bb2bc-0916-4718-a7fe-5260609349e9 - - - - - -] key_repository is world readable: /etc/keystone/fernet-keys/ 10.0.0.138 - - [29/May/2026:06:11:52 +0000] "POST /v3/auth/tokens HTTP/1.1" 201 1992 10.0.0.138 - - [29/May/2026:06:11:52 +0000] "GET / HTTP/1.1" 300 295
[Fri May 29 06:11:52.979391 2026] [wsgi:error] [pid 9:tid 140607480137408] [remote 10.0.0.138:55480] 2026-05-29 06:11:52.979 9 WARNING keystone.common.password_hashing [None req-2de9ff99-15a4-4b19-b058-b86e2d9eebb0 - - - - - -] Truncating password to algorithm specific maximum length 72 characters. 10.0.0.138 - - [29/May/2026:06:11:52 +0000] "GET /v3/endpoints/1009a328914d4b18a09e61def0d6e241 HTTP/1.1" 200 380
[Fri May 29 06:11:53.036547 2026] [wsgi:error] [pid 12:tid 140607480137408] [remote 10.0.0.138:55474] 2026-05-29 06:11:53.036 12 WARNING keystone.common.fernet_utils [None req-d24729d0-a611-4715-9665-a8fc27e847d1 - - - - - -] key_repository is world readable: /etc/keystone/fernet-keys/ 10.0.0.138 - - [29/May/2026:06:11:52 +0000] "POST /v3/auth/tokens HTTP/1.1" 201 1992 10.0.0.138 - - [29/May/2026:06:11:53 +0000] "GET /v3/services/6167c7219c8b48faa2ef950214a6c05c HTTP/1.1" 200 296 10.0.0.138 - - [29/May/2026:06:11:53 +0000] "GET /v3/endpoints/02ba1f6349f64f3da2ee8c56c57648b3 HTTP/1.1" 200 370 10.0.0.138 - - [29/May/2026:06:11:53 +0000] "GET /v3/services/6167c7219c8b48faa2ef950214a6c05c HTTP/1.1" 200 296
[Fri May 29 06:11:53.248429 2026] [wsgi:error] [pid 9:tid 140607480137408] [remote 10.0.0.138:55480] 2026-05-29 06:11:53.248 9 WARNING keystone.common.fernet_utils [None req-2de9ff99-15a4-4b19-b058-b86e2d9eebb0 - - - - - -] key_repository is world readable: /etc/keystone/fernet-keys/ 10.0.0.138 - - [29/May/2026:06:11:52 +0000] "POST /v3/auth/tokens HTTP/1.1" 201 1992 10.0.0.138 - - [29/May/2026:06:11:53 +0000] "GET /v3/endpoints/5dcdcfe129bb4b9b90998d1ca7629c0d HTTP/1.1" 200 383 10.0.0.138 - - [29/May/2026:06:11:53 +0000] "GET /v3/services/6167c7219c8b48faa2ef950214a6c05c HTTP/1.1" 200 296 10.0.0.42 - - [29/May/2026:06:12:05 +0000] "GET / HTTP/1.1" 300 295
[Fri May 29 06:12:05.176034 2026] [wsgi:error] [pid 9:tid 140607480137408] [remote 10.0.0.42:45046] 2026-05-29 06:12:05.175 9 WARNING keystone.common.password_hashing [None req-fc19dc9b-095a-4c04-909b-5337f520a498 - - - - - -] Truncating password to algorithm specific maximum length 72 characters.
[Fri May 29 06:12:05.449923 2026] [wsgi:error] [pid 9:tid 140607480137408] [remote 10.0.0.42:45046] 2026-05-29 06:12:05.449 9 WARNING keystone.common.fernet_utils [None req-fc19dc9b-095a-4c04-909b-5337f520a498 - - - - - -] key_repository is world readable: /etc/keystone/fernet-keys/ 10.0.0.42 - - [29/May/2026:06:12:05 +0000] "POST /v3/auth/tokens HTTP/1.1" 201 1992 10.0.0.42 - - [29/May/2026:06:12:05 +0000] "POST /v3/domains HTTP/1.1" 201 284 10.0.0.42 - - [29/May/2026:06:12:06 +0000] "GET / HTTP/1.1" 300 295
[Fri May 29 06:12:06.944301 2026] [wsgi:error] [pid 12:tid 140607480137408] [remote 10.0.0.42:46620] 2026-05-29 06:12:06.944 12 WARNING keystone.common.password_hashing [None req-04460f69-5f49-4e6e-814b-a64a761b96f1 - - - - - -] Truncating password to algorithm specific maximum length 72 characters.
[Fri May 29 06:12:07.219051 2026] [wsgi:error] [pid 12:tid 140607480137408] [remote 10.0.0.42:46620] 2026-05-29 06:12:07.218 12 WARNING keystone.common.fernet_utils [None req-04460f69-5f49-4e6e-814b-a64a761b96f1 - - - - - -] key_repository is world readable: /etc/keystone/fernet-keys/ 10.0.0.42 - - [29/May/2026:06:12:06 +0000] "POST /v3/auth/tokens HTTP/1.1" 201 1992
[Fri May 29 06:12:07.399080 2026] [wsgi:error] [pid 9:tid 140607480137408] [remote 10.0.0.42:46620] 2026-05-29 06:12:07.384 9 ERROR keystone.server.flask.application [None req-38a7e225-6d4e-4ac3-9cd5-b7a8ccd59136 34b85c431f28414d94200944094ef71e d462dccdf4ff4d898ead5f6b50b63541 - - default default] Conflict occurred attempting to store project - it is not permitted to have two projects acting as domains with the same name: service.: keystone.exception.Conflict: Conflict occurred attempting to store project - it is not permitted to have two projects acting as domains with the same name: service.
[Fri May 29 06:12:07.399111 2026] [wsgi:error] [pid 9:tid 140607480137408] [remote 10.0.0.42:46620] 2026-05-29 06:12:07.384 9 ERROR keystone.server.flask.application
Traceback (most recent call last):
[Fri May 29 06:12:07.399113 2026] [wsgi:error] [pid 9:tid 140607480137408] [remote 10.0.0.42:46620] 2026-05-29 06:12:07.384 9 ERROR keystone.server.flask.application
File "/var/lib/openstack/lib/python3.12/site-packages/sqlalchemy/engine/base.py", line 1967, in _exec_single_context
[Fri May 29 06:12:07.399115 2026] [wsgi:error] [pid 9:tid 140607480137408] [remote 10.0.0.42:46620] 2026-05-29 06:12:07.384 9 ERROR keystone.server.flask.application self.dialect.do_execute(
[Fri May 29 06:12:07.399117 2026] [wsgi:error] [pid 9:tid 140607480137408] [remote 10.0.0.42:46620] 2026-05-29 06:12:07.384 9 ERROR keystone.server.flask.application
File "/var/lib/openstack/lib/python3.12/site-packages/sqlalchemy/engine/default.py", line 952, in do_execute
[Fri May 29 06:12:07.399119 2026] [wsgi:error] [pid 9:tid 140607480137408] [remote 10.0.0.42:46620] 2026-05-29 06:12:07.384 9 ERROR keystone.server.flask.application cursor.execute(statement, parameters)
[Fri May 29 06:12:07.399121 2026] [wsgi:error] [pid 9:tid 140607480137408] [remote 10.0.0.42:46620] 2026-05-29 06:12:07.384 9 ERROR keystone.server.flask.application
File "/var/lib/openstack/lib/python3.12/site-packages/pymysql/cursors.py", line 159, in execute
[Fri May 29 06:12:07.399123 2026] [wsgi:error] [pid 9:tid 140607480137408] [remote 10.0.0.42:46620] 2026-05-29 06:12:07.384 9 ERROR keystone.server.flask.application result = self._query(query)
[Fri May 29 06:12:07.399125 2026] [wsgi:error] [pid 9:tid 140607480137408] [remote 10.0.0.42:46620] 2026-05-29 06:12:07.384 9 ERROR keystone.server.flask.application ^^^^^^^^^^^^^^^^^^
[Fri May 29 06:12:07.399126 2026] [wsgi:error] [pid 9:tid 140607480137408] [remote 10.0.0.42:46620] 2026-05-29 06:12:07.384 9 ERROR keystone.server.flask.application
File "/var/lib/openstack/lib/python3.12/site-packages/pymysql/cursors.py", line 330, in _query
[Fri May 29 06:12:07.399128 2026] [wsgi:error] [pid 9:tid 140607480137408] [remote 10.0.0.42:46620] 2026-05-29 06:12:07.384 9 ERROR keystone.server.flask.application conn.query(q)
[Fri May 29 06:12:07.399130 2026] [wsgi:error] [pid 9:tid 140607480137408] [remote 10.0.0.42:46620] 2026-05-29 06:12:07.384 9 ERROR keystone.server.flask.application
File "/var/lib/openstack/lib/python3.12/site-packages/pymysql/connections.py", line 582, in query
[Fri May 29 06:12:07.399132 2026] [wsgi:error] [pid 9:tid 140607480137408] [remote 10.0.0.42:46620] 2026-05-29 06:12:07.384 9 ERROR keystone.server.flask.application self._affected_rows = self._read_query_result(unbuffered=unbuffered)
[Fri May 29 06:12:07.399134 2026] [wsgi:error] [pid 9:tid 140607480137408] [remote 10.0.0.42:46620] 2026-05-29 06:12:07.384 9 ERROR keystone.server.flask.application ^^^^^^^^^^^^^^^^^^^^^^^^^^^^^^^^^^^^^^^^^^^^^^
[Fri May 29 06:12:07.399135 2026] [wsgi:error] [pid 9:tid 140607480137408] [remote 10.0.0.42:46620] 2026-05-29 06:12:07.384 9 ERROR keystone.server.flask.application
File "/var/lib/openstack/lib/python3.12/site-packages/pymysql/connections.py", line 847, in _read_query_result
[Fri May 29 06:12:07.399137 2026] [wsgi:error] [pid 9:tid 140607480137408] [remote 10.0.0.42:46620] 2026-05-29 06:12:07.384 9 ERROR keystone.server.flask.application result.read()
[Fri May 29 06:12:07.399139 2026] [wsgi:error] [pid 9:tid 140607480137408] [remote 10.0.0.42:46620] 2026-05-29 06:12:07.384 9 ERROR keystone.server.flask.application
File "/var/lib/openstack/lib/python3.12/site-packages/pymysql/connections.py", line 1245, in read
[Fri May 29 06:12:07.399143 2026] [wsgi:error] [pid 9:tid 140607480137408] [remote 10.0.0.42:46620] 2026-05-29 06:12:07.384 9 ERROR keystone.server.flask.application first_packet = self.connection._read_packet()
[Fri May 29 06:12:07.399144 2026] [wsgi:error] [pid 9:tid 140607480137408] [remote 10.0.0.42:46620] 2026-05-29 06:12:07.384 9 ERROR keystone.server.flask.application ^^^^^^^^^^^^^^^^^^^^^^^^^^^^^^
[Fri May 29 06:12:07.399146 2026] [wsgi:error] [pid 9:tid 140607480137408] [remote 10.0.0.42:46620] 2026-05-29 06:12:07.384 9 ERROR keystone.server.flask.application
File "/var/lib/openstack/lib/python3.12/site-packages/pymysql/connections.py", line 803, in _read_packet
[Fri May 29 06:12:07.399148 2026] [wsgi:error] [pid 9:tid 140607480137408] [remote 10.0.0.42:46620] 2026-05-29 06:12:07.384 9 ERROR keystone.server.flask.application packet.raise_for_error()
[Fri May 29 06:12:07.399149 2026] [wsgi:error] [pid 9:tid 140607480137408] [remote 10.0.0.42:46620] 2026-05-29 06:12:07.384 9 ERROR keystone.server.flask.application
File "/var/lib/openstack/lib/python3.12/site-packages/pymysql/protocol.py", line 219, in raise_for_error
[Fri May 29 06:12:07.399151 2026] [wsgi:error] [pid 9:tid 140607480137408] [remote 10.0.0.42:46620] 2026-05-29 06:12:07.384 9 ERROR keystone.server.flask.application err.raise_mysql_exception(self._data)
[Fri May 29 06:12:07.399153 2026] [wsgi:error] [pid 9:tid 140607480137408] [remote 10.0.0.42:46620] 2026-05-29 06:12:07.384 9 ERROR keystone.server.flask.application
File "/var/lib/openstack/lib/python3.12/site-packages/pymysql/err.py", line 154, in raise_mysql_exception
[Fri May 29 06:12:07.399155 2026] [wsgi:error] [pid 9:tid 140607480137408] [remote 10.0.0.42:46620] 2026-05-29 06:12:07.384 9 ERROR keystone.server.flask.application raise errorclass(errno, errval, sqlstate=sqlstate)
[Fri May 29 06:12:07.399157 2026] [wsgi:error] [pid 9:tid 140607480137408] [remote 10.0.0.42:46620] 2026-05-29 06:12:07.384 9 ERROR keystone.server.flask.application pymysql.err.IntegrityError: (1062, "Duplicate entry '<>-service' for key 'project.ixu_project_name_domain_id'")
[Fri May 29 06:12:07.399159 2026] [wsgi:error] [pid 9:tid 140607480137408] [remote 10.0.0.42:46620] 2026-05-29 06:12:07.384 9 ERROR keystone.server.flask.application
[Fri May 29 06:12:07.399160 2026] [wsgi:error] [pid 9:tid 140607480137408] [remote 10.0.0.42:46620] 2026-05-29 06:12:07.384 9 ERROR keystone.server.flask.application The above exception was the direct cause of the following exception:
[Fri May 29 06:12:07.399162 2026] [wsgi:error] [pid 9:tid 140607480137408] [remote 10.0.0.42:46620] 2026-05-29 06:12:07.384 9 ERROR keystone.server.flask.application
[Fri May 29 06:12:07.399163 2026] [wsgi:error] [pid 9:tid 140607480137408] [remote 10.0.0.42:46620] 2026-05-29 06:12:07.384 9 ERROR keystone.server.flask.application
Traceback (most recent call last):
[Fri May 29 06:12:07.399165 2026] [wsgi:error] [pid 9:tid 140607480137408] [remote 10.0.0.42:46620] 2026-05-29 06:12:07.384 9 ERROR keystone.server.flask.application
File "/var/lib/openstack/lib/python3.12/site-packages/keystone/common/sql/core.py", line 575, in wrapper
[Fri May 29 06:12:07.399167 2026] [wsgi:error] [pid 9:tid 140607480137408] [remote 10.0.0.42:46620] 2026-05-29 06:12:07.384 9 ERROR keystone.server.flask.application return method(*args, **kwargs)
[Fri May 29 06:12:07.399169 2026] [wsgi:error] [pid 9:tid 140607480137408] [remote 10.0.0.42:46620] 2026-05-29 06:12:07.384 9 ERROR keystone.server.flask.application ^^^^^^^^^^^^^^^^^^^^^^^
[Fri May 29 06:12:07.399170 2026] [wsgi:error] [pid 9:tid 140607480137408] [remote 10.0.0.42:46620] 2026-05-29 06:12:07.384 9 ERROR keystone.server.flask.application
File "/var/lib/openstack/lib/python3.12/site-packages/keystone/resource/backends/sql.py", line 278, in create_project
[Fri May 29 06:12:07.399173 2026] [wsgi:error] [pid 9:tid 140607480137408] [remote 10.0.0.42:46620] 2026-05-29 06:12:07.384 9 ERROR keystone.server.flask.application with sql.session_for_write() as session:
[Fri May 29 06:12:07.399175 2026] [wsgi:error] [pid 9:tid 140607480137408] [remote 10.0.0.42:46620] 2026-05-29 06:12:07.384 9 ERROR keystone.server.flask.application
File "/usr/lib/python3.12/contextlib.py", line 144, in __exit__
[Fri May 29 06:12:07.399177 2026] [wsgi:error] [pid 9:tid 140607480137408] [remote 10.0.0.42:46620] 2026-05-29 06:12:07.384 9 ERROR keystone.server.flask.application next(self.gen)
[Fri May 29 06:12:07.399178 2026] [wsgi:error] [pid 9:tid 140607480137408] [remote 10.0.0.42:46620] 2026-05-29 06:12:07.384 9 ERROR keystone.server.flask.application
File "/var/lib/openstack/lib/python3.12/site-packages/oslo_db/sqlalchemy/enginefacade.py", line 1175, in _transaction_scope
[Fri May 29 06:12:07.399180 2026] [wsgi:error] [pid 9:tid 140607480137408] [remote 10.0.0.42:46620] 2026-05-29 06:12:07.384 9 ERROR keystone.server.flask.application with current._produce_block(
[Fri May 29 06:12:07.399182 2026] [wsgi:error] [pid 9:tid 140607480137408] [remote 10.0.0.42:46620] 2026-05-29 06:12:07.384 9 ERROR keystone.server.flask.application
File "/usr/lib/python3.12/contextlib.py", line 144, in __exit__
[Fri May 29 06:12:07.399183 2026] [wsgi:error] [pid 9:tid 140607480137408] [remote 10.0.0.42:46620] 2026-05-29 06:12:07.384 9 ERROR keystone.server.flask.application next(self.gen)
[Fri May 29 06:12:07.399185 2026] [wsgi:error] [pid 9:tid 140607480137408] [remote 10.0.0.42:46620] 2026-05-29 06:12:07.384 9 ERROR keystone.server.flask.application
File "/var/lib/openstack/lib/python3.12/site-packages/oslo_db/sqlalchemy/enginefacade.py", line 837, in _session
[Fri May 29 06:12:07.399187 2026] [wsgi:error] [pid 9:tid 140607480137408] [remote 10.0.0.42:46620] 2026-05-29 06:12:07.384 9 ERROR keystone.server.flask.application with excutils.save_and_reraise_exception():
[Fri May 29 06:12:07.399189 2026] [wsgi:error] [pid 9:tid 140607480137408] [remote 10.0.0.42:46620] 2026-05-29 06:12:07.384 9 ERROR keystone.server.flask.application
File "/var/lib/openstack/lib/python3.12/site-packages/oslo_utils/excutils.py", line 266, in __exit__
[Fri May 29 06:12:07.399190 2026] [wsgi:error] [pid 9:tid 140607480137408] [remote 10.0.0.42:46620] 2026-05-29 06:12:07.384 9 ERROR keystone.server.flask.application self.force_reraise()
[Fri May 29 06:12:07.399192 2026] [wsgi:error] [pid 9:tid 140607480137408] [remote 10.0.0.42:46620] 2026-05-29 06:12:07.384 9 ERROR keystone.server.flask.application
File "/var/lib/openstack/lib/python3.12/site-packages/oslo_utils/excutils.py", line 232, in force_reraise
[Fri May 29 06:12:07.399194 2026] [wsgi:error] [pid 9:tid 140607480137408] [remote 10.0.0.42:46620] 2026-05-29 06:12:07.384 9 ERROR keystone.server.flask.application raise self.value
[Fri May 29 06:12:07.399195 2026] [wsgi:error] [pid 9:tid 140607480137408] [remote 10.0.0.42:46620] 2026-05-29 06:12:07.384 9 ERROR keystone.server.flask.application
File "/var/lib/openstack/lib/python3.12/site-packages/oslo_db/sqlalchemy/enginefacade.py", line 835, in _session
[Fri May 29 06:12:07.399197 2026] [wsgi:error] [pid 9:tid 140607480137408] [remote 10.0.0.42:46620] 2026-05-29 06:12:07.384 9 ERROR keystone.server.flask.application self._end_session_transaction(self.session)
[Fri May 29 06:12:07.399199 2026] [wsgi:error] [pid 9:tid 140607480137408] [remote 10.0.0.42:46620] 2026-05-29 06:12:07.384 9 ERROR keystone.server.flask.application
File "/var/lib/openstack/lib/python3.12/site-packages/oslo_db/sqlalchemy/enginefacade.py", line 748, in _end_session_transaction
[Fri May 29 06:12:07.399201 2026] [wsgi:error] [pid 9:tid 140607480137408] [remote 10.0.0.42:46620] 2026-05-29 06:12:07.384 9 ERROR keystone.server.flask.application session.commit()
[Fri May 29 06:12:07.399203 2026] [wsgi:error] [pid 9:tid 140607480137408] [remote 10.0.0.42:46620] 2026-05-29 06:12:07.384 9 ERROR keystone.server.flask.application
File "/var/lib/openstack/lib/python3.12/site-packages/sqlalchemy/orm/session.py", line 2030, in commit
[Fri May 29 06:12:07.399205 2026] [wsgi:error] [pid 9:tid 140607480137408] [remote 10.0.0.42:46620] 2026-05-29 06:12:07.384 9 ERROR keystone.server.flask.application trans.commit(_to_root=True)
[Fri May 29 06:12:07.399206 2026] [wsgi:error] [pid 9:tid 140607480137408] [remote 10.0.0.42:46620] 2026-05-29 06:12:07.384 9 ERROR keystone.server.flask.application File "", line 2, in commit
[Fri May 29 06:12:07.399208 2026] [wsgi:error] [pid 9:tid 140607480137408] [remote 10.0.0.42:46620] 2026-05-29 06:12:07.384 9 ERROR keystone.server.flask.application
File "/var/lib/openstack/lib/python3.12/site-packages/sqlalchemy/orm/state_changes.py", line 137, in _go
[Fri May 29 06:12:07.399210 2026] [wsgi:error] [pid 9:tid 140607480137408] [remote 10.0.0.42:46620] 2026-05-29 06:12:07.384 9 ERROR keystone.server.flask.application ret_value = fn(self, *arg, **kw)
[Fri May 29 06:12:07.399211 2026] [wsgi:error] [pid 9:tid 140607480137408] [remote 10.0.0.42:46620] 2026-05-29 06:12:07.384 9 ERROR keystone.server.flask.application ^^^^^^^^^^^^^^^^^^^^
[Fri May 29 06:12:07.399213 2026] [wsgi:error] [pid 9:tid 140607480137408] [remote 10.0.0.42:46620] 2026-05-29 06:12:07.384 9 ERROR keystone.server.flask.application
File "/var/lib/openstack/lib/python3.12/site-packages/sqlalchemy/orm/session.py", line 1311, in commit
[Fri May 29 06:12:07.399215 2026] [wsgi:error] [pid 9:tid 140607480137408] [remote 10.0.0.42:46620] 2026-05-29 06:12:07.384 9 ERROR keystone.server.flask.application self._prepare_impl()
[Fri May 29 06:12:07.399216 2026] [wsgi:error] [pid 9:tid 140607480137408] [remote 10.0.0.42:46620] 2026-05-29 06:12:07.384 9 ERROR keystone.server.flask.application File "", line 2, in _prepare_impl
[Fri May 29 06:12:07.399218 2026] [wsgi:error] [pid 9:tid 140607480137408] [remote 10.0.0.42:46620] 2026-05-29 06:12:07.384 9 ERROR keystone.server.flask.application
File "/var/lib/openstack/lib/python3.12/site-packages/sqlalchemy/orm/state_changes.py", line 137, in _go 10.0.0.42 - - [29/May/2026:06:12:07 +0000] "POST /v3/domains HTTP/1.1" 409 190
[Fri May 29 06:12:07.399220 2026] [wsgi:error] [pid 9:tid 140607480137408] [remote 10.0.0.42:46620] 2026-05-29 06:12:07.384 9 ERROR keystone.server.flask.application ret_value = fn(self, *arg, **kw)
[Fri May 29 06:12:07.399221 2026] [wsgi:error] [pid 9:tid 140607480137408] [remote 10.0.0.42:46620] 2026-05-29 06:12:07.384 9 ERROR keystone.server.flask.application ^^^^^^^^^^^^^^^^^^^^
[Fri May 29 06:12:07.399223 2026] [wsgi:error] [pid 9:tid 140607480137408] [remote 10.0.0.42:46620] 2026-05-29 06:12:07.384 9 ERROR keystone.server.flask.application
File "/var/lib/openstack/lib/python3.12/site-packages/sqlalchemy/orm/session.py", line 1286, in _prepare_impl
[Fri May 29 06:12:07.399225 2026] [wsgi:error] [pid 9:tid 140607480137408] [remote 10.0.0.42:46620] 2026-05-29 06:12:07.384 9 ERROR keystone.server.flask.application self.session.flush()
[Fri May 29 06:12:07.399226 2026] [wsgi:error] [pid 9:tid 140607480137408] [remote 10.0.0.42:46620] 2026-05-29 06:12:07.384 9 ERROR keystone.server.flask.application
File "/var/lib/openstack/lib/python3.12/site-packages/sqlalchemy/orm/session.py", line 4331, in flush
[Fri May 29 06:12:07.399228 2026] [wsgi:error] [pid 9:tid 140607480137408] [remote 10.0.0.42:46620] 2026-05-29 06:12:07.384 9 ERROR keystone.server.flask.application self._flush(objects)
[Fri May 29 06:12:07.399230 2026] [wsgi:error] [pid 9:tid 140607480137408] [remote 10.0.0.42:46620] 2026-05-29 06:12:07.384 9 ERROR keystone.server.flask.application
File "/var/lib/openstack/lib/python3.12/site-packages/sqlalchemy/orm/session.py", line 4466, in _flush
[Fri May 29 06:12:07.399231 2026] [wsgi:error] [pid 9:tid 140607480137408] [remote 10.0.0.42:46620] 2026-05-29 06:12:07.384 9 ERROR keystone.server.flask.application with util.safe_reraise():
[Fri May 29 06:12:07.399235 2026] [wsgi:error] [pid 9:tid 140607480137408] [remote 10.0.0.42:46620] 2026-05-29 06:12:07.384 9 ERROR keystone.server.flask.application
File "/var/lib/openstack/lib/python3.12/site-packages/sqlalchemy/util/langhelpers.py", line 121, in __exit__
[Fri May 29 06:12:07.399237 2026] [wsgi:error] [pid 9:tid 140607480137408] [remote 10.0.0.42:46620] 2026-05-29 06:12:07.384 9 ERROR keystone.server.flask.application raise exc_value.with_traceback(exc_tb)
[Fri May 29 06:12:07.399239 2026] [wsgi:error] [pid 9:tid 140607480137408] [remote 10.0.0.42:46620] 2026-05-29 06:12:07.384 9 ERROR keystone.server.flask.application
File "/var/lib/openstack/lib/python3.12/site-packages/sqlalchemy/orm/session.py", line 4427, in _flush
[Fri May 29 06:12:07.399240 2026] [wsgi:error] [pid 9:tid 140607480137408] [remote 10.0.0.42:46620] 2026-05-29 06:12:07.384 9 ERROR keystone.server.flask.application flush_context.execute()
[Fri May 29 06:12:07.399242 2026] [wsgi:error] [pid 9:tid 140607480137408] [remote 10.0.0.42:46620] 2026-05-29 06:12:07.384 9 ERROR keystone.server.flask.application
File "/var/lib/openstack/lib/python3.12/site-packages/sqlalchemy/orm/unitofwork.py", line 466, in execute
