2026-05-28 03:19:27.524 7 INFO placement.requestlog [req-546a5ea1-e369-4337-aff5-5055aef8f33a req-0da4e554-c92c-45ab-b093-ebba30e4b480 0883ed11415749dba4855bcfc9263e7b a0633076151946349d47499926ffd2e1 - - 567eb350d5b6409f8e2ff55cd10f9a01 567eb350d5b6409f8e2ff55cd10f9a01] 199.204.45.4 "GET /resource_providers/a3dca9e1-8b60-410a-8c92-44a572f09723/allocations" status: 200 len: 54 microversion: 1.0 [pid: 7|app: 0|req: 290/582] 199.204.45.4 () {32 vars in 855 bytes} [Thu May 28 03:19:27 2026] GET /resource_providers/a3dca9e1-8b60-410a-8c92-44a572f09723/allocations => generated 54 bytes in 236 msecs (HTTP/1.1 200) 6 headers in 223 bytes (1 switches on core 0)
2026-05-28 03:19:27.554 8 INFO placement.requestlog [req-546a5ea1-e369-4337-aff5-5055aef8f33a req-3d1edd28-faa7-415f-bbec-b88c4a8ce1a2 0883ed11415749dba4855bcfc9263e7b a0633076151946349d47499926ffd2e1 - - 567eb350d5b6409f8e2ff55cd10f9a01 567eb350d5b6409f8e2ff55cd10f9a01] 199.204.45.4 "GET /resource_providers?in_tree=a3dca9e1-8b60-410a-8c92-44a572f09723" status: 200 len: 797 microversion: 1.14 [pid: 8|app: 0|req: 293/583] 199.204.45.4 () {34 vars in 890 bytes} [Thu May 28 03:19:27 2026] GET /resource_providers?in_tree=a3dca9e1-8b60-410a-8c92-44a572f09723 => generated 797 bytes in 21 msecs (HTTP/1.1 200) 6 headers in 225 bytes (1 switches on core 0)
2026-05-28 03:19:27.574 7 INFO placement.requestlog [req-546a5ea1-e369-4337-aff5-5055aef8f33a req-3ce4bf34-0866-43cd-8337-91976e01d376 0883ed11415749dba4855bcfc9263e7b a0633076151946349d47499926ffd2e1 - - 567eb350d5b6409f8e2ff55cd10f9a01 567eb350d5b6409f8e2ff55cd10f9a01] 199.204.45.4 "GET /resource_providers/a3dca9e1-8b60-410a-8c92-44a572f09723/inventories" status: 200 len: 400 microversion: 1.0 [pid: 7|app: 0|req: 291/584] 199.204.45.4 () {32 vars in 855 bytes} [Thu May 28 03:19:27 2026] GET /resource_providers/a3dca9e1-8b60-410a-8c92-44a572f09723/inventories => generated 400 bytes in 13 msecs (HTTP/1.1 200) 6 headers in 224 bytes (1 switches on core 0)
2026-05-28 03:19:27.588 8 INFO placement.requestlog [req-546a5ea1-e369-4337-aff5-5055aef8f33a req-003ff30b-c39b-4731-b4b6-62170dd8ce6b 0883ed11415749dba4855bcfc9263e7b a0633076151946349d47499926ffd2e1 - - 567eb350d5b6409f8e2ff55cd10f9a01 567eb350d5b6409f8e2ff55cd10f9a01] 199.204.45.4 "GET /resource_providers/a3dca9e1-8b60-410a-8c92-44a572f09723/aggregates" status: 200 len: 53 microversion: 1.19 [pid: 8|app: 0|req: 294/585] 199.204.45.4 () {34 vars in 897 bytes} [Thu May 28 03:19:27 2026] GET /resource_providers/a3dca9e1-8b60-410a-8c92-44a572f09723/aggregates => generated 53 bytes in 9 msecs (HTTP/1.1 200) 8 headers in 295 bytes (1 switches on core 0)
2026-05-28 03:19:27.612 7 INFO placement.requestlog [req-546a5ea1-e369-4337-aff5-5055aef8f33a req-69b0a136-a3c5-48a5-8ff8-bdfea565c112 0883ed11415749dba4855bcfc9263e7b a0633076151946349d47499926ffd2e1 - - 567eb350d5b6409f8e2ff55cd10f9a01 567eb350d5b6409f8e2ff55cd10f9a01] 199.204.45.4 "GET /resource_providers/a3dca9e1-8b60-410a-8c92-44a572f09723/traits" status: 200 len: 2316 microversion: 1.6 [pid: 7|app: 0|req: 292/586] 199.204.45.4 () {34 vars in 888 bytes} [Thu May 28 03:19:27 2026] GET /resource_providers/a3dca9e1-8b60-410a-8c92-44a572f09723/traits => generated 2316 bytes in 18 msecs (HTTP/1.1 200) 6 headers in 225 bytes (1 switches on core 0)
2026-05-28 03:19:27.630 8 INFO placement.requestlog [req-546a5ea1-e369-4337-aff5-5055aef8f33a req-884b13d6-db39-4bbe-9343-ceb6c55007f8 0883ed11415749dba4855bcfc9263e7b a0633076151946349d47499926ffd2e1 - - 567eb350d5b6409f8e2ff55cd10f9a01 567eb350d5b6409f8e2ff55cd10f9a01] 199.204.45.4 "GET /resource_providers/a3dca9e1-8b60-410a-8c92-44a572f09723/allocations" status: 200 len: 54 microversion: 1.0 [pid: 8|app: 0|req: 295/587] 199.204.45.4 () {32 vars in 855 bytes} [Thu May 28 03:19:27 2026] GET /resource_providers/a3dca9e1-8b60-410a-8c92-44a572f09723/allocations => generated 54 bytes in 11 msecs (HTTP/1.1 200) 6 headers in 223 bytes (1 switches on core 0)
2026-05-28 03:19:37.377 7 INFO placement.requestlog [None req-41638d23-4328-4fce-a4f6-a449b6053d50 - - - - - -] 10.0.0.246 "GET /" status: 200 len: 136 microversion: 1.0
2026-05-28 03:19:37.377 8 INFO placement.requestlog [None req-a8b5f4af-f837-4025-8e4d-c47d80cce247 - - - - - -] 10.0.0.246 "GET /" status: 200 len: 136 microversion: 1.0
2026-05-28 03:19:47.376 7 INFO placement.requestlog [None req-2e8f5f62-7d3a-41fd-8ed6-e574acbd6bbc - - - - - -] 10.0.0.246 "GET /" status: 200 len: 136 microversion: 1.0
2026-05-28 03:19:47.376 8 INFO placement.requestlog [None req-c4774418-840d-437d-af01-cc834304f927 - - - - - -] 10.0.0.246 "GET /" status: 200 len: 136 microversion: 1.0
2026-05-28 03:19:57.377 7 INFO placement.requestlog [None req-fd03e52c-c17c-4c9f-8c84-cff64926802a - - - - - -] 10.0.0.246 "GET /" status: 200 len: 136 microversion: 1.0
2026-05-28 03:19:57.378 8 INFO placement.requestlog [None req-79d0c634-ef63-426c-b11b-5936d267c270 - - - - - -] 10.0.0.246 "GET /" status: 200 len: 136 microversion: 1.0
2026-05-28 03:20:07.376 8 INFO placement.requestlog [None req-5dfbf6b4-7bad-4231-9ba7-d1afab4b0f2d - - - - - -] 10.0.0.246 "GET /" status: 200 len: 136 microversion: 1.0
2026-05-28 03:20:07.377 7 INFO placement.requestlog [None req-8e4c8235-c4ac-44f9-b1fd-cea66efd2245 - - - - - -] 10.0.0.246 "GET /" status: 200 len: 136 microversion: 1.0
2026-05-28 03:20:17.376 8 INFO placement.requestlog [None req-76f938c1-d032-443a-a539-4b4a4e7ed658 - - - - - -] 10.0.0.246 "GET /" status: 200 len: 136 microversion: 1.0
2026-05-28 03:20:17.376 7 INFO placement.requestlog [None req-799233b9-a28b-4b04-b9a4-d5e3a619e009 - - - - - -] 10.0.0.246 "GET /" status: 200 len: 136 microversion: 1.0
2026-05-28 03:20:27.325 8 INFO placement.requestlog [req-163d2804-86a2-4af2-8b3f-efdbfcbc1502 req-cc16f3ad-9882-473f-8366-585e94334b42 0883ed11415749dba4855bcfc9263e7b a0633076151946349d47499926ffd2e1 - - 567eb350d5b6409f8e2ff55cd10f9a01 567eb350d5b6409f8e2ff55cd10f9a01] 199.204.45.4 "GET /resource_providers/a3dca9e1-8b60-410a-8c92-44a572f09723/allocations" status: 200 len: 54 microversion: 1.0 [pid: 8|app: 0|req: 301/598] 199.204.45.4 () {32 vars in 855 bytes} [Thu May 28 03:20:27 2026] GET /resource_providers/a3dca9e1-8b60-410a-8c92-44a572f09723/allocations => generated 54 bytes in 18 msecs (HTTP/1.1 200) 6 headers in 223 bytes (1 switches on core 0)
2026-05-28 03:20:27.346 7 INFO placement.requestlog [req-163d2804-86a2-4af2-8b3f-efdbfcbc1502 req-b7679ea4-0770-44f2-9f54-6966fd5ff103 0883ed11415749dba4855bcfc9263e7b a0633076151946349d47499926ffd2e1 - - 567eb350d5b6409f8e2ff55cd10f9a01 567eb350d5b6409f8e2ff55cd10f9a01] 199.204.45.4 "GET /resource_providers/a3dca9e1-8b60-410a-8c92-44a572f09723/allocations" status: 200 len: 54 microversion: 1.0 [pid: 7|app: 0|req: 298/599] 199.204.45.4 () {32 vars in 855 bytes} [Thu May 28 03:20:27 2026] GET /resource_providers/a3dca9e1-8b60-410a-8c92-44a572f09723/allocations => generated 54 bytes in 15 msecs (HTTP/1.1 200) 6 headers in 223 bytes (1 switches on core 0)
2026-05-28 03:20:27.376 7 INFO placement.requestlog [None req-bfb1e42b-9de7-4bdc-9c0b-8ee00574afe7 - - - - - -] 10.0.0.246 "GET /" status: 200 len: 136 microversion: 1.0
2026-05-28 03:20:27.376 8 INFO placement.requestlog [None req-f3bbcb42-4b18-4e51-8e05-9532a9d54ab5 - - - - - -] 10.0.0.246 "GET /" status: 200 len: 136 microversion: 1.0
2026-05-28 03:20:37.377 8 INFO placement.requestlog [None req-6a8f10eb-7deb-4651-9fca-785acd2746df - - - - - -] 10.0.0.246 "GET /" status: 200 len: 136 microversion: 1.0
2026-05-28 03:20:37.376 7 INFO placement.requestlog [None req-bd8c3592-cad6-4396-bdd7-f44931199b4b - - - - - -] 10.0.0.246 "GET /" status: 200 len: 136 microversion: 1.0
2026-05-28 03:20:47.377 7 INFO placement.requestlog [None req-50a34588-7d6e-4fa5-9540-8989b0f937ac - - - - - -] 10.0.0.246 "GET /" status: 200 len: 136 microversion: 1.0
2026-05-28 03:20:47.377 8 INFO placement.requestlog [None req-0e56e95d-acee-4d9d-bc78-3f5872fd6c0d - - - - - -] 10.0.0.246 "GET /" status: 200 len: 136 microversion: 1.0
2026-05-28 03:20:57.377 7 INFO placement.requestlog [None req-988492a8-3d59-469c-b0cd-56a293f8b483 - - - - - -] 10.0.0.246 "GET /" status: 200 len: 136 microversion: 1.0
2026-05-28 03:20:57.377 8 INFO placement.requestlog [None req-c10954ef-8a46-4fad-9b92-706dd20fdc81 - - - - - -] 10.0.0.246 "GET /" status: 200 len: 136 microversion: 1.0
2026-05-28 03:21:07.376 7 INFO placement.requestlog [None req-5e92c73c-d33f-4265-9934-5d537b88da05 - - - - - -] 10.0.0.246 "GET /" status: 200 len: 136 microversion: 1.0
2026-05-28 03:21:07.385 8 INFO placement.requestlog [None req-8f835de6-76af-4c5a-b5b4-1619d35ed5a9 - - - - - -] 10.0.0.246 "GET /" status: 200 len: 136 microversion: 1.0
2026-05-28 03:21:17.376 8 INFO placement.requestlog [None req-3b69b215-b3d2-4c26-9cc2-c4dcfc6bbeb4 - - - - - -] 10.0.0.246 "GET /" status: 200 len: 136 microversion: 1.0
2026-05-28 03:21:17.376 7 INFO placement.requestlog [None req-5454584d-3b76-4ce9-a6f4-2def9a998d97 - - - - - -] 10.0.0.246 "GET /" status: 200 len: 136 microversion: 1.0
2026-05-28 03:21:27.376 8 INFO placement.requestlog [None req-b0fa2d8a-32f2-4b48-beca-476f73d6a666 - - - - - -] 10.0.0.246 "GET /" status: 200 len: 136 microversion: 1.0
2026-05-28 03:21:27.377 7 INFO placement.requestlog [None req-c4e9e535-99b8-4aa7-abc1-c9c2987835c5 - - - - - -] 10.0.0.246 "GET /" status: 200 len: 136 microversion: 1.0
2026-05-28 03:21:28.885 8 INFO placement.requestlog [req-e06f8880-5f87-4c85-8585-94fdca0f418e req-f55b33a4-cb03-49b6-9109-fb0331a99c16 0883ed11415749dba4855bcfc9263e7b a0633076151946349d47499926ffd2e1 - - 567eb350d5b6409f8e2ff55cd10f9a01 567eb350d5b6409f8e2ff55cd10f9a01] 199.204.45.4 "GET /resource_providers/a3dca9e1-8b60-410a-8c92-44a572f09723/allocations" status: 200 len: 54 microversion: 1.0 [pid: 8|app: 0|req: 309/614] 199.204.45.4 () {32 vars in 855 bytes} [Thu May 28 03:21:28 2026] GET /resource_providers/a3dca9e1-8b60-410a-8c92-44a572f09723/allocations => generated 54 bytes in 17 msecs (HTTP/1.1 200) 6 headers in 223 bytes (1 switches on core 0)
2026-05-28 03:21:28.906 7 INFO placement.requestlog [req-e06f8880-5f87-4c85-8585-94fdca0f418e req-7c76e947-5cda-4c59-ae04-279718a4083c 0883ed11415749dba4855bcfc9263e7b a0633076151946349d47499926ffd2e1 - - 567eb350d5b6409f8e2ff55cd10f9a01 567eb350d5b6409f8e2ff55cd10f9a01] 199.204.45.4 "GET /resource_providers/a3dca9e1-8b60-410a-8c92-44a572f09723/allocations" status: 200 len: 54 microversion: 1.0 [pid: 7|app: 0|req: 306/615] 199.204.45.4 () {32 vars in 855 bytes} [Thu May 28 03:21:28 2026] GET /resource_providers/a3dca9e1-8b60-410a-8c92-44a572f09723/allocations => generated 54 bytes in 15 msecs (HTTP/1.1 200) 6 headers in 223 bytes (1 switches on core 0)
2026-05-28 03:21:37.377 7 INFO placement.requestlog [None req-e541f08a-6b4b-4446-b4a1-107a6421353f - - - - - -] 10.0.0.246 "GET /" status: 200 len: 136 microversion: 1.0
2026-05-28 03:21:37.377 8 INFO placement.requestlog [None req-b2e80e9d-a549-4e1a-9950-fe69a4da5ad1 - - - - - -] 10.0.0.246 "GET /" status: 200 len: 136 microversion: 1.0
2026-05-28 03:21:47.376 7 INFO placement.requestlog [None req-d08c4109-041a-487a-a6d6-c9dc40161538 - - - - - -] 10.0.0.246 "GET /" status: 200 len: 136 microversion: 1.0
2026-05-28 03:21:47.379 8 INFO placement.requestlog [None req-ee08e3c0-cd9e-49e3-9bd4-42250bd8063c - - - - - -] 10.0.0.246 "GET /" status: 200 len: 136 microversion: 1.0
2026-05-28 03:21:57.377 7 INFO placement.requestlog [None req-735008de-1563-4693-8d11-43094e718f05 - - - - - -] 10.0.0.246 "GET /" status: 200 len: 136 microversion: 1.0
2026-05-28 03:21:57.377 8 INFO placement.requestlog [None req-a1ac77ee-9483-401f-b9aa-057fe0368dfd - - - - - -] 10.0.0.246 "GET /" status: 200 len: 136 microversion: 1.0
2026-05-28 03:22:07.378 8 INFO placement.requestlog [None req-08ebc7a4-e857-43d9-92d6-5f09c2a7ba0f - - - - - -] 10.0.0.246 "GET /" status: 200 len: 136 microversion: 1.0
2026-05-28 03:22:07.378 7 INFO placement.requestlog [None req-6804203e-3e5e-4160-8e7a-446eec1f267c - - - - - -] 10.0.0.246 "GET /" status: 200 len: 136 microversion: 1.0
2026-05-28 03:22:17.376 8 INFO placement.requestlog [None req-733258be-d159-4f74-963d-08b32b0e60df - - - - - -] 10.0.0.246 "GET /" status: 200 len: 136 microversion: 1.0
2026-05-28 03:22:17.376 7 INFO placement.requestlog [None req-a30ed7b8-9c7c-4eb3-9906-46112770857c - - - - - -] 10.0.0.246 "GET /" status: 200 len: 136 microversion: 1.0
2026-05-28 03:22:27.376 8 INFO placement.requestlog [None req-1b872f2f-4d0b-4f58-bc66-38112dd31bc3 - - - - - -] 10.0.0.246 "GET /" status: 200 len: 136 microversion: 1.0
2026-05-28 03:22:27.376 7 INFO placement.requestlog [None req-959180ff-2631-4934-8bad-62300c1fc1e5 - - - - - -] 10.0.0.246 "GET /" status: 200 len: 136 microversion: 1.0
2026-05-28 03:22:30.327 8 INFO placement.requestlog [req-368e78be-c160-4860-81b9-09390c8c8f0d req-aadc2446-276b-423b-a5aa-290048d7789f 0883ed11415749dba4855bcfc9263e7b a0633076151946349d47499926ffd2e1 - - 567eb350d5b6409f8e2ff55cd10f9a01 567eb350d5b6409f8e2ff55cd10f9a01] 199.204.45.4 "GET /resource_providers/a3dca9e1-8b60-410a-8c92-44a572f09723/allocations" status: 200 len: 54 microversion: 1.0 [pid: 8|app: 0|req: 316/628] 199.204.45.4 () {32 vars in 855 bytes} [Thu May 28 03:22:30 2026] GET /resource_providers/a3dca9e1-8b60-410a-8c92-44a572f09723/allocations => generated 54 bytes in 15 msecs (HTTP/1.1 200) 6 headers in 223 bytes (1 switches on core 0)
2026-05-28 03:22:30.351 7 INFO placement.requestlog [req-368e78be-c160-4860-81b9-09390c8c8f0d req-abc691d8-9662-46ab-a1c4-221b382e67c2 0883ed11415749dba4855bcfc9263e7b a0633076151946349d47499926ffd2e1 - - 567eb350d5b6409f8e2ff55cd10f9a01 567eb350d5b6409f8e2ff55cd10f9a01] 199.204.45.4 "GET /resource_providers/a3dca9e1-8b60-410a-8c92-44a572f09723/allocations" status: 200 len: 54 microversion: 1.0 [pid: 7|app: 0|req: 313/629] 199.204.45.4 () {32 vars in 855 bytes} [Thu May 28 03:22:30 2026] GET /resource_providers/a3dca9e1-8b60-410a-8c92-44a572f09723/allocations => generated 54 bytes in 16 msecs (HTTP/1.1 200) 6 headers in 223 bytes (1 switches on core 0)
2026-05-28 03:22:37.376 7 INFO placement.requestlog [None req-4616d2f0-84da-409e-bd63-60d7ad0fb875 - - - - - -] 10.0.0.246 "GET /" status: 200 len: 136 microversion: 1.0
2026-05-28 03:22:37.376 8 INFO placement.requestlog [None req-e3c019fa-43ea-4605-aad5-5687fbd74df8 - - - - - -] 10.0.0.246 "GET /" status: 200 len: 136 microversion: 1.0
2026-05-28 03:22:47.377 7 INFO placement.requestlog [None req-671938c6-9676-42f6-a60a-d98d250b719d - - - - - -] 10.0.0.246 "GET /" status: 200 len: 136 microversion: 1.0
2026-05-28 03:22:47.378 8 INFO placement.requestlog [None req-f81d44e5-1b55-4aec-bdf1-a72bb39711ac - - - - - -] 10.0.0.246 "GET /" status: 200 len: 136 microversion: 1.0
2026-05-28 03:22:57.377 7 INFO placement.requestlog [None req-80d15d1f-bb1e-487e-b69d-4927d9bf8d70 - - - - - -] 10.0.0.246 "GET /" status: 200 len: 136 microversion: 1.0
2026-05-28 03:22:57.377 8 INFO placement.requestlog [None req-1fae3b43-40b8-4d1c-9c41-d01b3901fbbe - - - - - -] 10.0.0.246 "GET /" status: 200 len: 136 microversion: 1.0
2026-05-28 03:23:01.573 8 INFO placement.requestlog [req-dae4cd46-f110-4bcc-9d86-e029458e2734 req-d7989939-0399-4f97-b6ef-6487e5308c51 0883ed11415749dba4855bcfc9263e7b a0633076151946349d47499926ffd2e1 - - 567eb350d5b6409f8e2ff55cd10f9a01 567eb350d5b6409f8e2ff55cd10f9a01] 10.0.0.84 "GET /allocation_candidates?limit=1000&resources=DISK_GB%3A1%2CMEMORY_MB%3A512%2CVCPU%3A1&root_required=%21COMPUTE_STATUS_DISABLED" status: 200 len: 2781 microversion: 1.36 [pid: 8|app: 0|req: 320/636] 10.0.0.84 () {34 vars in 1011 bytes} [Thu May 28 03:23:01 2026] GET /allocation_candidates?limit=1000&resources=DISK_GB%3A1%2CMEMORY_MB%3A512%2CVCPU%3A1&root_required=%21COMPUTE_STATUS_DISABLED => generated 2781 bytes in 223 msecs (HTTP/1.1 200) 8 headers in 297 bytes (1 switches on core 0)
2026-05-28 03:23:01.612 7 INFO placement.requestlog [req-dae4cd46-f110-4bcc-9d86-e029458e2734 req-e8bca97e-f131-4933-bd6c-8ca050b4e0af 0883ed11415749dba4855bcfc9263e7b a0633076151946349d47499926ffd2e1 - - 567eb350d5b6409f8e2ff55cd10f9a01 567eb350d5b6409f8e2ff55cd10f9a01] 10.0.0.84 "GET /allocations/a4a0b4c6-b686-42c3-96bf-38fff2477370" status: 200 len: 19 microversion: 1.28 [pid: 7|app: 0|req: 317/637] 10.0.0.84 () {34 vars in 860 bytes} [Thu May 28 03:23:01 2026] GET /allocations/a4a0b4c6-b686-42c3-96bf-38fff2477370 => generated 19 bytes in 8 msecs (HTTP/1.1 200) 8 headers in 295 bytes (1 switches on core 0)
2026-05-28 03:23:01.646 8 INFO placement.requestlog [req-96b8dd13-a3d4-48dd-b651-fb22a76382e2 req-c8dcf122-09d3-42eb-b071-b31f2a3d67d2 0883ed11415749dba4855bcfc9263e7b a0633076151946349d47499926ffd2e1 - - 567eb350d5b6409f8e2ff55cd10f9a01 567eb350d5b6409f8e2ff55cd10f9a01] 10.0.0.84 "GET /allocation_candidates?limit=1000&resources=DISK_GB%3A1%2CMEMORY_MB%3A512%2CVCPU%3A1&root_required=%21COMPUTE_STATUS_DISABLED" status: 200 len: 2781 microversion: 1.36 [pid: 8|app: 0|req: 321/638] 10.0.0.84 () {34 vars in 1011 bytes} [Thu May 28 03:23:01 2026] GET /allocation_candidates?limit=1000&resources=DISK_GB%3A1%2CMEMORY_MB%3A512%2CVCPU%3A1&root_required=%21COMPUTE_STATUS_DISABLED => generated 2781 bytes in 42 msecs (HTTP/1.1 200) 8 headers in 297 bytes (1 switches on core 0)
2026-05-28 03:23:01.676 7 INFO placement.requestlog [req-dae4cd46-f110-4bcc-9d86-e029458e2734 req-a904bb3b-c8cd-4311-915e-85852f8b016c 0883ed11415749dba4855bcfc9263e7b a0633076151946349d47499926ffd2e1 - - 567eb350d5b6409f8e2ff55cd10f9a01 567eb350d5b6409f8e2ff55cd10f9a01] 10.0.0.84 "PUT /allocations/a4a0b4c6-b686-42c3-96bf-38fff2477370" status: 204 len: 0 microversion: 1.36 [pid: 7|app: 0|req: 318/639] 10.0.0.84 () {38 vars in 913 bytes} [Thu May 28 03:23:01 2026] PUT /allocations/a4a0b4c6-b686-42c3-96bf-38fff2477370 => generated 0 bytes in 57 msecs (HTTP/1.1 204) 5 headers in 199 bytes (1 switches on core 0)
2026-05-28 03:23:01.715 8 INFO placement.requestlog [req-96b8dd13-a3d4-48dd-b651-fb22a76382e2 req-cddcde37-30aa-4511-ad5d-926ca1f15658 0883ed11415749dba4855bcfc9263e7b a0633076151946349d47499926ffd2e1 - - 567eb350d5b6409f8e2ff55cd10f9a01 567eb350d5b6409f8e2ff55cd10f9a01] 10.0.0.84 "GET /allocations/f1190cca-dcd5-4fd5-9c64-bb8c0552135d" status: 200 len: 19 microversion: 1.28 [pid: 8|app: 0|req: 322/640] 10.0.0.84 () {34 vars in 860 bytes} [Thu May 28 03:23:01 2026] GET /allocations/f1190cca-dcd5-4fd5-9c64-bb8c0552135d => generated 19 bytes in 31 msecs (HTTP/1.1 200) 8 headers in 295 bytes (1 switches on core 0)
2026-05-28 03:23:01.778 7 INFO placement.requestlog [req-96b8dd13-a3d4-48dd-b651-fb22a76382e2 req-4817f4a4-8e78-4620-b1ad-13b3435ea636 0883ed11415749dba4855bcfc9263e7b a0633076151946349d47499926ffd2e1 - - 567eb350d5b6409f8e2ff55cd10f9a01 567eb350d5b6409f8e2ff55cd10f9a01] 10.0.0.84 "PUT /allocations/f1190cca-dcd5-4fd5-9c64-bb8c0552135d" status: 204 len: 0 microversion: 1.36 [pid: 7|app: 0|req: 319/641] 10.0.0.84 () {38 vars in 913 bytes} [Thu May 28 03:23:01 2026] PUT /allocations/f1190cca-dcd5-4fd5-9c64-bb8c0552135d => generated 0 bytes in 57 msecs (HTTP/1.1 204) 5 headers in 199 bytes (1 switches on core 0)
2026-05-28 03:23:03.188 8 INFO placement.requestlog [req-dae4cd46-f110-4bcc-9d86-e029458e2734 req-5f693201-6d1f-4fd1-9712-ead413fa5969 0883ed11415749dba4855bcfc9263e7b a0633076151946349d47499926ffd2e1 - - 567eb350d5b6409f8e2ff55cd10f9a01 567eb350d5b6409f8e2ff55cd10f9a01] 199.204.45.4 "GET /allocations/a4a0b4c6-b686-42c3-96bf-38fff2477370" status: 200 len: 257 microversion: 1.28 [pid: 8|app: 0|req: 323/642] 199.204.45.4 () {34 vars in 861 bytes} [Thu May 28 03:23:03 2026] GET /allocations/a4a0b4c6-b686-42c3-96bf-38fff2477370 => generated 257 bytes in 17 msecs (HTTP/1.1 200) 8 headers in 296 bytes (1 switches on core 0)
2026-05-28 03:23:03.432 7 INFO placement.requestlog [req-96b8dd13-a3d4-48dd-b651-fb22a76382e2 req-feaaaaeb-7ae3-4455-9200-fb978b492cc7 0883ed11415749dba4855bcfc9263e7b a0633076151946349d47499926ffd2e1 - - 567eb350d5b6409f8e2ff55cd10f9a01 567eb350d5b6409f8e2ff55cd10f9a01] 199.204.45.4 "GET /allocations/f1190cca-dcd5-4fd5-9c64-bb8c0552135d" status: 200 len: 257 microversion: 1.28 [pid: 7|app: 0|req: 320/643] 199.204.45.4 () {34 vars in 861 bytes} [Thu May 28 03:23:03 2026] GET /allocations/f1190cca-dcd5-4fd5-9c64-bb8c0552135d => generated 257 bytes in 10 msecs (HTTP/1.1 200) 8 headers in 296 bytes (1 switches on core 0)
2026-05-28 03:23:04.250 8 INFO placement.requestlog [req-dae4cd46-f110-4bcc-9d86-e029458e2734 req-da8f15c2-a070-4870-86fa-a9c257294498 0883ed11415749dba4855bcfc9263e7b a0633076151946349d47499926ffd2e1 - - 567eb350d5b6409f8e2ff55cd10f9a01 567eb350d5b6409f8e2ff55cd10f9a01] 199.204.45.4 "GET /resource_providers/a3dca9e1-8b60-410a-8c92-44a572f09723/allocations" status: 200 len: 252 microversion: 1.0 [pid: 8|app: 0|req: 324/644] 199.204.45.4 () {32 vars in 855 bytes} [Thu May 28 03:23:04 2026] GET /resource_providers/a3dca9e1-8b60-410a-8c92-44a572f09723/allocations => generated 252 bytes in 34 msecs (HTTP/1.1 200) 6 headers in 224 bytes (1 switches on core 0)
2026-05-28 03:23:04.290 7 INFO placement.requestlog [req-dae4cd46-f110-4bcc-9d86-e029458e2734 req-167eb72e-7f80-4fd6-ac61-34a5712e09d8 0883ed11415749dba4855bcfc9263e7b a0633076151946349d47499926ffd2e1 - - 567eb350d5b6409f8e2ff55cd10f9a01 567eb350d5b6409f8e2ff55cd10f9a01] 199.204.45.4 "GET /allocations/f1190cca-dcd5-4fd5-9c64-bb8c0552135d" status: 200 len: 257 microversion: 1.28 [pid: 7|app: 0|req: 321/645] 199.204.45.4 () {34 vars in 861 bytes} [Thu May 28 03:23:04 2026] GET /allocations/f1190cca-dcd5-4fd5-9c64-bb8c0552135d => generated 257 bytes in 33 msecs (HTTP/1.1 200) 8 headers in 296 bytes (1 switches on core 0)
2026-05-28 03:23:04.311 8 INFO placement.requestlog [req-dae4cd46-f110-4bcc-9d86-e029458e2734 req-e3731114-dace-4982-a345-ff9e73c948d9 0883ed11415749dba4855bcfc9263e7b a0633076151946349d47499926ffd2e1 - - 567eb350d5b6409f8e2ff55cd10f9a01 567eb350d5b6409f8e2ff55cd10f9a01] 199.204.45.4 "GET /allocations/a4a0b4c6-b686-42c3-96bf-38fff2477370" status: 200 len: 257 microversion: 1.28 [pid: 8|app: 0|req: 325/646] 199.204.45.4 () {34 vars in 861 bytes} [Thu May 28 03:23:04 2026] GET /allocations/a4a0b4c6-b686-42c3-96bf-38fff2477370 => generated 257 bytes in 13 msecs (HTTP/1.1 200) 8 headers in 296 bytes (1 switches on core 0)
2026-05-28 03:23:04.633 7 INFO placement.requestlog [None req-147aa6c1-6556-4ec4-aac6-5063d328d105 aa070cdbd976400eae5a3b3cae61730e a0633076151946349d47499926ffd2e1 - - 567eb350d5b6409f8e2ff55cd10f9a01 567eb350d5b6409f8e2ff55cd10f9a01] 10.0.0.91 "GET /resource_providers/eaacaebb-baab-4ee3-bab1-85b8b1b76566/aggregates" status: 404 len: 235 microversion: 1.1 [pid: 7|app: 0|req: 322/647] 10.0.0.91 () {32 vars in 815 bytes} [Thu May 28 03:23:04 2026] GET /resource_providers/eaacaebb-baab-4ee3-bab1-85b8b1b76566/aggregates => generated 235 bytes in 58 msecs (HTTP/1.1 404) 5 headers in 202 bytes (1 switches on core 0)
2026-05-28 03:23:04.637 8 INFO placement.requestlog [None req-f37ba137-3520-4f5c-9c52-0952cfbfb84e aa070cdbd976400eae5a3b3cae61730e a0633076151946349d47499926ffd2e1 - - 567eb350d5b6409f8e2ff55cd10f9a01 567eb350d5b6409f8e2ff55cd10f9a01] 10.0.0.91 "GET /resource_providers/eaacaebb-baab-4ee3-bab1-85b8b1b76566/aggregates" status: 404 len: 235 microversion: 1.1 [pid: 8|app: 0|req: 326/648] 10.0.0.91 () {32 vars in 815 bytes} [Thu May 28 03:23:04 2026] GET /resource_providers/eaacaebb-baab-4ee3-bab1-85b8b1b76566/aggregates => generated 235 bytes in 46 msecs (HTTP/1.1 404) 5 headers in 202 bytes (1 switches on core 0)
2026-05-28 03:23:04.667 7 INFO placement.requestlog [None req-3e27c022-2e59-49a4-b3c5-61ec1cabd509 aa070cdbd976400eae5a3b3cae61730e a0633076151946349d47499926ffd2e1 - - 567eb350d5b6409f8e2ff55cd10f9a01 567eb350d5b6409f8e2ff55cd10f9a01] 10.0.0.91 "DELETE /resource_providers/eaacaebb-baab-4ee3-bab1-85b8b1b76566" status: 404 len: 246 microversion: 1.1 [pid: 7|app: 0|req: 323/649] 10.0.0.91 () {34 vars in 815 bytes} [Thu May 28 03:23:04 2026] DELETE /resource_providers/eaacaebb-baab-4ee3-bab1-85b8b1b76566 => generated 246 bytes in 14 msecs (HTTP/1.1 404) 6 headers in 231 bytes (1 switches on core 0)
2026-05-28 03:23:04.667 8 INFO placement.requestlog [None req-f680f9e2-0b5e-42e9-b9ec-7b6b951bbbc2 aa070cdbd976400eae5a3b3cae61730e a0633076151946349d47499926ffd2e1 - - 567eb350d5b6409f8e2ff55cd10f9a01 567eb350d5b6409f8e2ff55cd10f9a01] 10.0.0.91 "DELETE /resource_providers/eaacaebb-baab-4ee3-bab1-85b8b1b76566" status: 404 len: 246 microversion: 1.1 [pid: 8|app: 0|req: 327/650] 10.0.0.91 () {34 vars in 815 bytes} [Thu May 28 03:23:04 2026] DELETE /resource_providers/eaacaebb-baab-4ee3-bab1-85b8b1b76566 => generated 246 bytes in 12 msecs (HTTP/1.1 404) 6 headers in 231 bytes (1 switches on core 0)
2026-05-28 03:23:06.381 7 INFO placement.requestlog [req-96b8dd13-a3d4-48dd-b651-fb22a76382e2 req-e716c4aa-526e-402e-a80e-5eacd25e30fd 0883ed11415749dba4855bcfc9263e7b a0633076151946349d47499926ffd2e1 - - 567eb350d5b6409f8e2ff55cd10f9a01 567eb350d5b6409f8e2ff55cd10f9a01] 199.204.45.4 "GET /resource_providers/a3dca9e1-8b60-410a-8c92-44a572f09723/allocations" status: 200 len: 252 microversion: 1.0 [pid: 7|app: 0|req: 324/651] 199.204.45.4 () {32 vars in 855 bytes} [Thu May 28 03:23:06 2026] GET /resource_providers/a3dca9e1-8b60-410a-8c92-44a572f09723/allocations => generated 252 bytes in 19 msecs (HTTP/1.1 200) 6 headers in 224 bytes (1 switches on core 0)
2026-05-28 03:23:06.401 8 INFO placement.requestlog [req-96b8dd13-a3d4-48dd-b651-fb22a76382e2 req-e766ef43-81b0-4c81-a77a-c8c79a6690d5 0883ed11415749dba4855bcfc9263e7b a0633076151946349d47499926ffd2e1 - - 567eb350d5b6409f8e2ff55cd10f9a01 567eb350d5b6409f8e2ff55cd10f9a01] 199.204.45.4 "GET /allocations/f1190cca-dcd5-4fd5-9c64-bb8c0552135d" status: 200 len: 257 microversion: 1.28 [pid: 8|app: 0|req: 328/652] 199.204.45.4 () {34 vars in 861 bytes} [Thu May 28 03:23:06 2026] GET /allocations/f1190cca-dcd5-4fd5-9c64-bb8c0552135d => generated 257 bytes in 13 msecs (HTTP/1.1 200) 8 headers in 296 bytes (1 switches on core 0)
2026-05-28 03:23:06.418 7 INFO placement.requestlog [req-96b8dd13-a3d4-48dd-b651-fb22a76382e2 req-d7ead4d1-60c0-4df6-92fb-b235270c4890 0883ed11415749dba4855bcfc9263e7b a0633076151946349d47499926ffd2e1 - - 567eb350d5b6409f8e2ff55cd10f9a01 567eb350d5b6409f8e2ff55cd10f9a01] 199.204.45.4 "GET /allocations/a4a0b4c6-b686-42c3-96bf-38fff2477370" status: 200 len: 257 microversion: 1.28 [pid: 7|app: 0|req: 325/653] 199.204.45.4 () {34 vars in 861 bytes} [Thu May 28 03:23:06 2026] GET /allocations/a4a0b4c6-b686-42c3-96bf-38fff2477370 => generated 257 bytes in 13 msecs (HTTP/1.1 200) 8 headers in 296 bytes (1 switches on core 0)
2026-05-28 03:23:06.692 8 INFO placement.requestlog [None req-080df389-9989-488e-812e-d13fb5292fd2 aa070cdbd976400eae5a3b3cae61730e a0633076151946349d47499926ffd2e1 - - 567eb350d5b6409f8e2ff55cd10f9a01 567eb350d5b6409f8e2ff55cd10f9a01] 10.0.0.91 "GET /resource_providers/030f8ca1-9fa0-4223-ae60-013a2477efb0/aggregates" status: 404 len: 235 microversion: 1.1 [pid: 8|app: 0|req: 329/654] 10.0.0.91 () {32 vars in 815 bytes} [Thu May 28 03:23:06 2026] GET /resource_providers/030f8ca1-9fa0-4223-ae60-013a2477efb0/aggregates => generated 235 bytes in 8 msecs (HTTP/1.1 404) 5 headers in 202 bytes (1 switches on core 0)
2026-05-28 03:23:06.703 7 INFO placement.requestlog [None req-1decf9f4-8c8d-41df-b355-d30a819a71fe aa070cdbd976400eae5a3b3cae61730e a0633076151946349d47499926ffd2e1 - - 567eb350d5b6409f8e2ff55cd10f9a01 567eb350d5b6409f8e2ff55cd10f9a01] 10.0.0.91 "GET /resource_providers/030f8ca1-9fa0-4223-ae60-013a2477efb0/aggregates" status: 404 len: 235 microversion: 1.1 [pid: 7|app: 0|req: 326/655] 10.0.0.91 () {32 vars in 815 bytes} [Thu May 28 03:23:06 2026] GET /resource_providers/030f8ca1-9fa0-4223-ae60-013a2477efb0/aggregates => generated 235 bytes in 19 msecs (HTTP/1.1 404) 5 headers in 202 bytes (1 switches on core 0)
2026-05-28 03:23:06.712 8 INFO placement.requestlog [None req-e86852be-fec8-4acb-90f5-f62c8ac9a681 aa070cdbd976400eae5a3b3cae61730e a0633076151946349d47499926ffd2e1 - - 567eb350d5b6409f8e2ff55cd10f9a01 567eb350d5b6409f8e2ff55cd10f9a01] 10.0.0.91 "DELETE /resource_providers/030f8ca1-9fa0-4223-ae60-013a2477efb0" status: 404 len: 246 microversion: 1.1 [pid: 8|app: 0|req: 330/656] 10.0.0.91 () {34 vars in 815 bytes} [Thu May 28 03:23:06 2026] DELETE /resource_providers/030f8ca1-9fa0-4223-ae60-013a2477efb0 => generated 246 bytes in 12 msecs (HTTP/1.1 404) 6 headers in 231 bytes (1 switches on core 0)
2026-05-28 03:23:06.735 7 INFO placement.requestlog [None req-9e08c897-9aff-4cc8-b47e-b3368c2fbba0 aa070cdbd976400eae5a3b3cae61730e a0633076151946349d47499926ffd2e1 - - 567eb350d5b6409f8e2ff55cd10f9a01 567eb350d5b6409f8e2ff55cd10f9a01] 10.0.0.91 "DELETE /resource_providers/030f8ca1-9fa0-4223-ae60-013a2477efb0" status: 404 len: 246 microversion: 1.1 [pid: 7|app: 0|req: 327/657] 10.0.0.91 () {34 vars in 815 bytes} [Thu May 28 03:23:06 2026] DELETE /resource_providers/030f8ca1-9fa0-4223-ae60-013a2477efb0 => generated 246 bytes in 11 msecs (HTTP/1.1 404) 6 headers in 231 bytes (1 switches on core 0)
2026-05-28 03:23:07.379 7 INFO placement.requestlog [None req-042a8053-f8e8-4a8a-808d-ceaf8f429d55 - - - - - -] 10.0.0.246 "GET /" status: 200 len: 136 microversion: 1.0
2026-05-28 03:23:07.379 8 INFO placement.requestlog [None req-0d132d92-a5c3-4bb9-99df-f59c83280f61 - - - - - -] 10.0.0.246 "GET /" status: 200 len: 136 microversion: 1.0
2026-05-28 03:23:09.892 7 INFO placement.requestlog [req-757a391d-ccbd-4a58-9d96-4e8f4fd10d9d req-3e78d3d2-087c-458a-9b7e-13aabfb0abc7 0883ed11415749dba4855bcfc9263e7b a0633076151946349d47499926ffd2e1 - - 567eb350d5b6409f8e2ff55cd10f9a01 567eb350d5b6409f8e2ff55cd10f9a01] 10.0.0.84 "GET /allocation_candidates?limit=1000&resources=MEMORY_MB%3A512%2CVCPU%3A1&root_required=%21COMPUTE_STATUS_DISABLED" status: 200 len: 2770 microversion: 1.36 [pid: 7|app: 0|req: 329/660] 10.0.0.84 () {34 vars in 983 bytes} [Thu May 28 03:23:09 2026] GET /allocation_candidates?limit=1000&resources=MEMORY_MB%3A512%2CVCPU%3A1&root_required=%21COMPUTE_STATUS_DISABLED => generated 2770 bytes in 67 msecs (HTTP/1.1 200) 8 headers in 297 bytes (1 switches on core 0)
2026-05-28 03:23:09.923 8 INFO placement.requestlog [req-757a391d-ccbd-4a58-9d96-4e8f4fd10d9d req-edafd122-1afb-4c55-abda-553acc4ddb08 0883ed11415749dba4855bcfc9263e7b a0633076151946349d47499926ffd2e1 - - 567eb350d5b6409f8e2ff55cd10f9a01 567eb350d5b6409f8e2ff55cd10f9a01] 10.0.0.84 "GET /allocations/513cee6d-1482-425e-9f8d-ab66a847da83" status: 200 len: 19 microversion: 1.28 [pid: 8|app: 0|req: 332/661] 10.0.0.84 () {34 vars in 860 bytes} [Thu May 28 03:23:09 2026] GET /allocations/513cee6d-1482-425e-9f8d-ab66a847da83 => generated 19 bytes in 10 msecs (HTTP/1.1 200) 8 headers in 295 bytes (1 switches on core 0)
2026-05-28 03:23:10.014 7 INFO placement.requestlog [req-757a391d-ccbd-4a58-9d96-4e8f4fd10d9d req-33d61ace-eb40-4a8e-9b58-1cfbd8484846 0883ed11415749dba4855bcfc9263e7b a0633076151946349d47499926ffd2e1 - - 567eb350d5b6409f8e2ff55cd10f9a01 567eb350d5b6409f8e2ff55cd10f9a01] 10.0.0.84 "PUT /allocations/513cee6d-1482-425e-9f8d-ab66a847da83" status: 204 len: 0 microversion: 1.36 [pid: 7|app: 0|req: 330/662] 10.0.0.84 () {38 vars in 913 bytes} [Thu May 28 03:23:09 2026] PUT /allocations/513cee6d-1482-425e-9f8d-ab66a847da83 => generated 0 bytes in 84 msecs (HTTP/1.1 204) 5 headers in 199 bytes (1 switches on core 0)
2026-05-28 03:23:11.510 8 INFO placement.requestlog [req-757a391d-ccbd-4a58-9d96-4e8f4fd10d9d req-6feaaf64-fa79-45ca-afdd-b43f02c0dcf3 0883ed11415749dba4855bcfc9263e7b a0633076151946349d47499926ffd2e1 - - 567eb350d5b6409f8e2ff55cd10f9a01 567eb350d5b6409f8e2ff55cd10f9a01] 199.204.45.4 "GET /allocations/513cee6d-1482-425e-9f8d-ab66a847da83" status: 200 len: 243 microversion: 1.28 [pid: 8|app: 0|req: 333/663] 199.204.45.4 () {34 vars in 861 bytes} [Thu May 28 03:23:11 2026] GET /allocations/513cee6d-1482-425e-9f8d-ab66a847da83 => generated 243 bytes in 15 msecs (HTTP/1.1 200) 8 headers in 296 bytes (1 switches on core 0)
2026-05-28 03:23:12.556 7 INFO placement.requestlog [req-757a391d-ccbd-4a58-9d96-4e8f4fd10d9d req-d1d535b1-2579-46f8-bd6b-824e92c7de5a 0883ed11415749dba4855bcfc9263e7b a0633076151946349d47499926ffd2e1 - - 567eb350d5b6409f8e2ff55cd10f9a01 567eb350d5b6409f8e2ff55cd10f9a01] 199.204.45.4 "GET /resource_providers/a3dca9e1-8b60-410a-8c92-44a572f09723/allocations" status: 200 len: 338 microversion: 1.0 [pid: 7|app: 0|req: 331/664] 199.204.45.4 () {32 vars in 855 bytes} [Thu May 28 03:23:12 2026] GET /resource_providers/a3dca9e1-8b60-410a-8c92-44a572f09723/allocations => generated 338 bytes in 15 msecs (HTTP/1.1 200) 6 headers in 224 bytes (1 switches on core 0)
2026-05-28 03:23:12.577 8 INFO placement.requestlog [req-757a391d-ccbd-4a58-9d96-4e8f4fd10d9d req-08aa1ee5-ef80-4b85-9ded-efc869b70faf 0883ed11415749dba4855bcfc9263e7b a0633076151946349d47499926ffd2e1 - - 567eb350d5b6409f8e2ff55cd10f9a01 567eb350d5b6409f8e2ff55cd10f9a01] 199.204.45.4 "GET /allocations/f1190cca-dcd5-4fd5-9c64-bb8c0552135d" status: 200 len: 257 microversion: 1.28 [pid: 8|app: 0|req: 334/665] 199.204.45.4 () {34 vars in 861 bytes} [Thu May 28 03:23:12 2026] GET /allocations/f1190cca-dcd5-4fd5-9c64-bb8c0552135d => generated 257 bytes in 14 msecs (HTTP/1.1 200) 8 headers in 296 bytes (1 switches on core 0)
2026-05-28 03:23:12.600 7 INFO placement.requestlog [req-757a391d-ccbd-4a58-9d96-4e8f4fd10d9d req-99bf7425-7810-4da7-bc77-9cb00077f922 0883ed11415749dba4855bcfc9263e7b a0633076151946349d47499926ffd2e1 - - 567eb350d5b6409f8e2ff55cd10f9a01 567eb350d5b6409f8e2ff55cd10f9a01] 199.204.45.4 "GET /allocations/513cee6d-1482-425e-9f8d-ab66a847da83" status: 200 len: 243 microversion: 1.28 [pid: 7|app: 0|req: 332/666] 199.204.45.4 () {34 vars in 861 bytes} [Thu May 28 03:23:12 2026] GET /allocations/513cee6d-1482-425e-9f8d-ab66a847da83 => generated 243 bytes in 19 msecs (HTTP/1.1 200) 8 headers in 296 bytes (1 switches on core 0)
2026-05-28 03:23:12.625 8 INFO placement.requestlog [req-757a391d-ccbd-4a58-9d96-4e8f4fd10d9d req-1cf40bbe-1fca-4c7c-9ce7-a9fd8e5dbb80 0883ed11415749dba4855bcfc9263e7b a0633076151946349d47499926ffd2e1 - - 567eb350d5b6409f8e2ff55cd10f9a01 567eb350d5b6409f8e2ff55cd10f9a01] 199.204.45.4 "GET /allocations/a4a0b4c6-b686-42c3-96bf-38fff2477370" status: 200 len: 257 microversion: 1.28 [pid: 8|app: 0|req: 335/667] 199.204.45.4 () {34 vars in 861 bytes} [Thu May 28 03:23:12 2026] GET /allocations/a4a0b4c6-b686-42c3-96bf-38fff2477370 => generated 257 bytes in 20 msecs (HTTP/1.1 200) 8 headers in 296 bytes (1 switches on core 0)
2026-05-28 03:23:14.967 7 INFO placement.requestlog [None req-01a09b1f-0acb-44ca-94ae-fa0bc8545c93 aa070cdbd976400eae5a3b3cae61730e a0633076151946349d47499926ffd2e1 - - 567eb350d5b6409f8e2ff55cd10f9a01 567eb350d5b6409f8e2ff55cd10f9a01] 10.0.0.91 "GET /resource_providers/faa91718-c753-4b92-af33-eea4dd3e0f0f/aggregates" status: 404 len: 235 microversion: 1.1 [pid: 7|app: 0|req: 333/668] 10.0.0.91 () {32 vars in 815 bytes} [Thu May 28 03:23:14 2026] GET /resource_providers/faa91718-c753-4b92-af33-eea4dd3e0f0f/aggregates => generated 235 bytes in 232 msecs (HTTP/1.1 404) 5 headers in 202 bytes (1 switches on core 0)
2026-05-28 03:23:14.977 8 INFO placement.requestlog [None req-5ad3cc8c-068c-4ed8-8c35-e33eef03681a aa070cdbd976400eae5a3b3cae61730e a0633076151946349d47499926ffd2e1 - - 567eb350d5b6409f8e2ff55cd10f9a01 567eb350d5b6409f8e2ff55cd10f9a01] 10.0.0.91 "GET /resource_providers/faa91718-c753-4b92-af33-eea4dd3e0f0f/aggregates" status: 404 len: 235 microversion: 1.1 [pid: 8|app: 0|req: 336/669] 10.0.0.91 () {32 vars in 815 bytes} [Thu May 28 03:23:14 2026] GET /resource_providers/faa91718-c753-4b92-af33-eea4dd3e0f0f/aggregates => generated 235 bytes in 242 msecs (HTTP/1.1 404) 5 headers in 202 bytes (1 switches on core 0)
2026-05-28 03:23:14.994 7 INFO placement.requestlog [None req-69c19f6f-a5f2-4eea-8748-2784509658da aa070cdbd976400eae5a3b3cae61730e a0633076151946349d47499926ffd2e1 - - 567eb350d5b6409f8e2ff55cd10f9a01 567eb350d5b6409f8e2ff55cd10f9a01] 10.0.0.91 "DELETE /resource_providers/faa91718-c753-4b92-af33-eea4dd3e0f0f" status: 404 len: 246 microversion: 1.1 [pid: 7|app: 0|req: 334/670] 10.0.0.91 () {34 vars in 815 bytes} [Thu May 28 03:23:14 2026] DELETE /resource_providers/faa91718-c753-4b92-af33-eea4dd3e0f0f => generated 246 bytes in 10 msecs (HTTP/1.1 404) 6 headers in 231 bytes (1 switches on core 0)
2026-05-28 03:23:15.002 8 INFO placement.requestlog [None req-5da00ff3-302e-40b5-a2d9-9d98c159d795 aa070cdbd976400eae5a3b3cae61730e a0633076151946349d47499926ffd2e1 - - 567eb350d5b6409f8e2ff55cd10f9a01 567eb350d5b6409f8e2ff55cd10f9a01] 10.0.0.91 "DELETE /resource_providers/faa91718-c753-4b92-af33-eea4dd3e0f0f" status: 404 len: 246 microversion: 1.1 [pid: 8|app: 0|req: 337/671] 10.0.0.91 () {34 vars in 815 bytes} [Thu May 28 03:23:14 2026] DELETE /resource_providers/faa91718-c753-4b92-af33-eea4dd3e0f0f => generated 246 bytes in 14 msecs (HTTP/1.1 404) 6 headers in 231 bytes (1 switches on core 0)
2026-05-28 03:23:17.016 7 INFO placement.requestlog [None req-c1ac32f9-2ed3-4b1d-8f72-b206065e547d aa070cdbd976400eae5a3b3cae61730e a0633076151946349d47499926ffd2e1 - - 567eb350d5b6409f8e2ff55cd10f9a01 567eb350d5b6409f8e2ff55cd10f9a01] 10.0.0.91 "GET /resource_providers/6d6271bd-91ad-4756-af7a-49b2b5b00c1a/aggregates" status: 404 len: 235 microversion: 1.1 [pid: 7|app: 0|req: 335/672] 10.0.0.91 () {32 vars in 815 bytes} [Thu May 28 03:23:17 2026] GET /resource_providers/6d6271bd-91ad-4756-af7a-49b2b5b00c1a/aggregates => generated 235 bytes in 13 msecs (HTTP/1.1 404) 5 headers in 202 bytes (1 switches on core 0)
2026-05-28 03:23:17.028 8 INFO placement.requestlog [None req-71c0d461-9ce1-4a2c-b135-cfc7d5b2073d aa070cdbd976400eae5a3b3cae61730e a0633076151946349d47499926ffd2e1 - - 567eb350d5b6409f8e2ff55cd10f9a01 567eb350d5b6409f8e2ff55cd10f9a01] 10.0.0.91 "GET /resource_providers/6d6271bd-91ad-4756-af7a-49b2b5b00c1a/aggregates" status: 404 len: 235 microversion: 1.1 [pid: 8|app: 0|req: 338/673] 10.0.0.91 () {32 vars in 815 bytes} [Thu May 28 03:23:17 2026] GET /resource_providers/6d6271bd-91ad-4756-af7a-49b2b5b00c1a/aggregates => generated 235 bytes in 14 msecs (HTTP/1.1 404) 5 headers in 202 bytes (1 switches on core 0)
2026-05-28 03:23:17.055 7 INFO placement.requestlog [None req-98211a86-a44d-47d4-9451-fc888cad5b47 aa070cdbd976400eae5a3b3cae61730e a0633076151946349d47499926ffd2e1 - - 567eb350d5b6409f8e2ff55cd10f9a01 567eb350d5b6409f8e2ff55cd10f9a01] 10.0.0.91 "DELETE /resource_providers/6d6271bd-91ad-4756-af7a-49b2b5b00c1a" status: 404 len: 246 microversion: 1.1 [pid: 7|app: 0|req: 336/674] 10.0.0.91 () {34 vars in 815 bytes} [Thu May 28 03:23:17 2026] DELETE /resource_providers/6d6271bd-91ad-4756-af7a-49b2b5b00c1a => generated 246 bytes in 17 msecs (HTTP/1.1 404) 6 headers in 231 bytes (1 switches on core 0)
2026-05-28 03:23:17.056 8 INFO placement.requestlog [None req-a93f36ff-4a28-4da6-a446-a27ad11bb453 aa070cdbd976400eae5a3b3cae61730e a0633076151946349d47499926ffd2e1 - - 567eb350d5b6409f8e2ff55cd10f9a01 567eb350d5b6409f8e2ff55cd10f9a01] 10.0.0.91 "DELETE /resource_providers/6d6271bd-91ad-4756-af7a-49b2b5b00c1a" status: 404 len: 246 microversion: 1.1 [pid: 8|app: 0|req: 339/675] 10.0.0.91 () {34 vars in 815 bytes} [Thu May 28 03:23:17 2026] DELETE /resource_providers/6d6271bd-91ad-4756-af7a-49b2b5b00c1a => generated 246 bytes in 18 msecs (HTTP/1.1 404) 6 headers in 231 bytes (1 switches on core 0)
2026-05-28 03:23:17.377 8 INFO placement.requestlog [None req-08c00c1c-446c-452a-9253-5f4a45cd82ae - - - - - -] 10.0.0.246 "GET /" status: 200 len: 136 microversion: 1.0
2026-05-28 03:23:17.379 7 INFO placement.requestlog [None req-1be55251-a581-4219-add8-231f9ec19b1e - - - - - -] 10.0.0.246 "GET /" status: 200 len: 136 microversion: 1.0
2026-05-28 03:23:23.389 8 INFO placement.requestlog [req-02aee5f0-9907-4fbb-b9bf-423f6833d483 req-b124c322-74c4-446a-bd0a-a4a36f157ae7 0883ed11415749dba4855bcfc9263e7b a0633076151946349d47499926ffd2e1 - - 567eb350d5b6409f8e2ff55cd10f9a01 567eb350d5b6409f8e2ff55cd10f9a01] 10.0.0.84 "GET /allocation_candidates?limit=1000&resources=DISK_GB%3A1%2CMEMORY_MB%3A512%2CVCPU%3A1&root_required=%21COMPUTE_STATUS_DISABLED" status: 200 len: 2784 microversion: 1.36 [pid: 8|app: 0|req: 341/678] 10.0.0.84 () {34 vars in 1011 bytes} [Thu May 28 03:23:23 2026] GET /allocation_candidates?limit=1000&resources=DISK_GB%3A1%2CMEMORY_MB%3A512%2CVCPU%3A1&root_required=%21COMPUTE_STATUS_DISABLED => generated 2784 bytes in 57 msecs (HTTP/1.1 200) 8 headers in 297 bytes (1 switches on core 0)
2026-05-28 03:23:23.426 7 INFO placement.requestlog [req-02aee5f0-9907-4fbb-b9bf-423f6833d483 req-aac873ad-229f-4ca5-a61a-7020c24d26de 0883ed11415749dba4855bcfc9263e7b a0633076151946349d47499926ffd2e1 - - 567eb350d5b6409f8e2ff55cd10f9a01 567eb350d5b6409f8e2ff55cd10f9a01] 10.0.0.84 "GET /allocations/20e4d9bb-fb7c-44f0-9034-db5f095df4e8" status: 200 len: 19 microversion: 1.28 [pid: 7|app: 0|req: 338/679] 10.0.0.84 () {34 vars in 860 bytes} [Thu May 28 03:23:23 2026] GET /allocations/20e4d9bb-fb7c-44f0-9034-db5f095df4e8 => generated 19 bytes in 12 msecs (HTTP/1.1 200) 8 headers in 295 bytes (1 switches on core 0)
2026-05-28 03:23:23.510 8 INFO placement.requestlog [req-02aee5f0-9907-4fbb-b9bf-423f6833d483 req-593a05a8-8224-4a8c-b816-92dd09c6166c 0883ed11415749dba4855bcfc9263e7b a0633076151946349d47499926ffd2e1 - - 567eb350d5b6409f8e2ff55cd10f9a01 567eb350d5b6409f8e2ff55cd10f9a01] 10.0.0.84 "PUT /allocations/20e4d9bb-fb7c-44f0-9034-db5f095df4e8" status: 204 len: 0 microversion: 1.36 [pid: 8|app: 0|req: 342/680] 10.0.0.84 () {38 vars in 913 bytes} [Thu May 28 03:23:23 2026] PUT /allocations/20e4d9bb-fb7c-44f0-9034-db5f095df4e8 => generated 0 bytes in 78 msecs (HTTP/1.1 204) 5 headers in 199 bytes (1 switches on core 0)
2026-05-28 03:23:24.992 7 INFO placement.requestlog [req-02aee5f0-9907-4fbb-b9bf-423f6833d483 req-7b484617-d1c7-4e0c-aee2-7357d785adbe 0883ed11415749dba4855bcfc9263e7b a0633076151946349d47499926ffd2e1 - - 567eb350d5b6409f8e2ff55cd10f9a01 567eb350d5b6409f8e2ff55cd10f9a01] 199.204.45.4 "GET /allocations/20e4d9bb-fb7c-44f0-9034-db5f095df4e8" status: 200 len: 257 microversion: 1.28 [pid: 7|app: 0|req: 339/681] 199.204.45.4 () {34 vars in 861 bytes} [Thu May 28 03:23:24 2026] GET /allocations/20e4d9bb-fb7c-44f0-9034-db5f095df4e8 => generated 257 bytes in 26 msecs (HTTP/1.1 200) 8 headers in 296 bytes (1 switches on core 0)
2026-05-28 03:23:26.040 8 INFO placement.requestlog [req-02aee5f0-9907-4fbb-b9bf-423f6833d483 req-080d3aaa-16e2-4cfc-b3d1-bdebdaaac5dd 0883ed11415749dba4855bcfc9263e7b a0633076151946349d47499926ffd2e1 - - 567eb350d5b6409f8e2ff55cd10f9a01 567eb350d5b6409f8e2ff55cd10f9a01] 199.204.45.4 "GET /resource_providers/a3dca9e1-8b60-410a-8c92-44a572f09723/allocations" status: 200 len: 438 microversion: 1.0 [pid: 8|app: 0|req: 343/682] 199.204.45.4 () {32 vars in 855 bytes} [Thu May 28 03:23:26 2026] GET /resource_providers/a3dca9e1-8b60-410a-8c92-44a572f09723/allocations => generated 438 bytes in 20 msecs (HTTP/1.1 200) 6 headers in 224 bytes (1 switches on core 0)
2026-05-28 03:23:26.067 7 INFO placement.requestlog [req-02aee5f0-9907-4fbb-b9bf-423f6833d483 req-c892d45d-3f31-400d-a0c5-4a977094338a 0883ed11415749dba4855bcfc9263e7b a0633076151946349d47499926ffd2e1 - - 567eb350d5b6409f8e2ff55cd10f9a01 567eb350d5b6409f8e2ff55cd10f9a01] 199.204.45.4 "GET /allocations/f1190cca-dcd5-4fd5-9c64-bb8c0552135d" status: 200 len: 257 microversion: 1.28 [pid: 7|app: 0|req: 340/683] 199.204.45.4 () {34 vars in 861 bytes} [Thu May 28 03:23:26 2026] GET /allocations/f1190cca-dcd5-4fd5-9c64-bb8c0552135d => generated 257 bytes in 21 msecs (HTTP/1.1 200) 8 headers in 296 bytes (1 switches on core 0)
2026-05-28 03:23:26.092 8 INFO placement.requestlog [req-02aee5f0-9907-4fbb-b9bf-423f6833d483 req-b2a43472-87c6-4d9a-975d-2cd5fe22dfc3 0883ed11415749dba4855bcfc9263e7b a0633076151946349d47499926ffd2e1 - - 567eb350d5b6409f8e2ff55cd10f9a01 567eb350d5b6409f8e2ff55cd10f9a01] 199.204.45.4 "GET /allocations/513cee6d-1482-425e-9f8d-ab66a847da83" status: 200 len: 243 microversion: 1.28 [pid: 8|app: 0|req: 344/684] 199.204.45.4 () {34 vars in 861 bytes} [Thu May 28 03:23:26 2026] GET /allocations/513cee6d-1482-425e-9f8d-ab66a847da83 => generated 243 bytes in 17 msecs (HTTP/1.1 200) 8 headers in 296 bytes (1 switches on core 0)
2026-05-28 03:23:26.109 7 INFO placement.requestlog [req-02aee5f0-9907-4fbb-b9bf-423f6833d483 req-492b63aa-6f47-4809-8a92-961e0ccc39a9 0883ed11415749dba4855bcfc9263e7b a0633076151946349d47499926ffd2e1 - - 567eb350d5b6409f8e2ff55cd10f9a01 567eb350d5b6409f8e2ff55cd10f9a01] 199.204.45.4 "GET /allocations/a4a0b4c6-b686-42c3-96bf-38fff2477370" status: 200 len: 257 microversion: 1.28 [pid: 7|app: 0|req: 341/685] 199.204.45.4 () {34 vars in 861 bytes} [Thu May 28 03:23:26 2026] GET /allocations/a4a0b4c6-b686-42c3-96bf-38fff2477370 => generated 257 bytes in 13 msecs (HTTP/1.1 200) 8 headers in 296 bytes (1 switches on core 0)
2026-05-28 03:23:26.135 8 INFO placement.requestlog [req-02aee5f0-9907-4fbb-b9bf-423f6833d483 req-4b47c8e2-6b3f-4c64-82fa-ae05798157cf 0883ed11415749dba4855bcfc9263e7b a0633076151946349d47499926ffd2e1 - - 567eb350d5b6409f8e2ff55cd10f9a01 567eb350d5b6409f8e2ff55cd10f9a01] 199.204.45.4 "GET /allocations/20e4d9bb-fb7c-44f0-9034-db5f095df4e8" status: 200 len: 257 microversion: 1.28 [pid: 8|app: 0|req: 345/686] 199.204.45.4 () {34 vars in 861 bytes} [Thu May 28 03:23:26 2026] GET /allocations/20e4d9bb-fb7c-44f0-9034-db5f095df4e8 => generated 257 bytes in 19 msecs (HTTP/1.1 200) 8 headers in 296 bytes (1 switches on core 0)
2026-05-28 03:23:27.197 7 INFO placement.requestlog [req-e03ff796-48dd-4ccf-9a19-d994b9523b17 req-d4ea8693-e2de-452c-89de-b365d46e32bb 0883ed11415749dba4855bcfc9263e7b a0633076151946349d47499926ffd2e1 - - 567eb350d5b6409f8e2ff55cd10f9a01 567eb350d5b6409f8e2ff55cd10f9a01] 199.204.45.4 "GET /resource_providers/a3dca9e1-8b60-410a-8c92-44a572f09723/allocations" status: 200 len: 438 microversion: 1.0 [pid: 7|app: 0|req: 342/687] 199.204.45.4 () {32 vars in 855 bytes} [Thu May 28 03:23:27 2026] GET /resource_providers/a3dca9e1-8b60-410a-8c92-44a572f09723/allocations => generated 438 bytes in 26 msecs (HTTP/1.1 200) 6 headers in 224 bytes (1 switches on core 0)
2026-05-28 03:23:27.236 8 INFO placement.requestlog [req-e03ff796-48dd-4ccf-9a19-d994b9523b17 req-e344471e-69e1-4268-882a-bd4fb27adcb4 0883ed11415749dba4855bcfc9263e7b a0633076151946349d47499926ffd2e1 - - 567eb350d5b6409f8e2ff55cd10f9a01 567eb350d5b6409f8e2ff55cd10f9a01] 199.204.45.4 "GET /allocations/f1190cca-dcd5-4fd5-9c64-bb8c0552135d" status: 200 len: 257 microversion: 1.28 [pid: 8|app: 0|req: 346/688] 199.204.45.4 () {34 vars in 861 bytes} [Thu May 28 03:23:27 2026] GET /allocations/f1190cca-dcd5-4fd5-9c64-bb8c0552135d => generated 257 bytes in 31 msecs (HTTP/1.1 200) 8 headers in 296 bytes (1 switches on core 0)
2026-05-28 03:23:27.264 7 INFO placement.requestlog [req-e03ff796-48dd-4ccf-9a19-d994b9523b17 req-0d8648ea-6222-44ce-9782-cf07b21e12bb 0883ed11415749dba4855bcfc9263e7b a0633076151946349d47499926ffd2e1 - - 567eb350d5b6409f8e2ff55cd10f9a01 567eb350d5b6409f8e2ff55cd10f9a01] 199.204.45.4 "GET /allocations/513cee6d-1482-425e-9f8d-ab66a847da83" status: 200 len: 243 microversion: 1.28 [pid: 7|app: 0|req: 343/689] 199.204.45.4 () {34 vars in 861 bytes} [Thu May 28 03:23:27 2026] GET /allocations/513cee6d-1482-425e-9f8d-ab66a847da83 => generated 243 bytes in 19 msecs (HTTP/1.1 200) 8 headers in 296 bytes (1 switches on core 0)
2026-05-28 03:23:27.285 8 INFO placement.requestlog [req-e03ff796-48dd-4ccf-9a19-d994b9523b17 req-05425795-db0e-4d82-894c-2960fbf9ee88 0883ed11415749dba4855bcfc9263e7b a0633076151946349d47499926ffd2e1 - - 567eb350d5b6409f8e2ff55cd10f9a01 567eb350d5b6409f8e2ff55cd10f9a01] 199.204.45.4 "GET /allocations/a4a0b4c6-b686-42c3-96bf-38fff2477370" status: 200 len: 257 microversion: 1.28 [pid: 8|app: 0|req: 347/690] 199.204.45.4 () {34 vars in 861 bytes} [Thu May 28 03:23:27 2026] GET /allocations/a4a0b4c6-b686-42c3-96bf-38fff2477370 => generated 257 bytes in 15 msecs (HTTP/1.1 200) 8 headers in 296 bytes (1 switches on core 0)
2026-05-28 03:23:27.314 7 INFO placement.requestlog [req-e03ff796-48dd-4ccf-9a19-d994b9523b17 req-44c85121-b11c-4274-98fc-def6c1930ae7 0883ed11415749dba4855bcfc9263e7b a0633076151946349d47499926ffd2e1 - - 567eb350d5b6409f8e2ff55cd10f9a01 567eb350d5b6409f8e2ff55cd10f9a01] 199.204.45.4 "GET /allocations/20e4d9bb-fb7c-44f0-9034-db5f095df4e8" status: 200 len: 257 microversion: 1.28 [pid: 7|app: 0|req: 344/691] 199.204.45.4 () {34 vars in 861 bytes} [Thu May 28 03:23:27 2026] GET /allocations/20e4d9bb-fb7c-44f0-9034-db5f095df4e8 => generated 257 bytes in 18 msecs (HTTP/1.1 200) 8 headers in 296 bytes (1 switches on core 0)
2026-05-28 03:23:27.377 8 INFO placement.requestlog [None req-ac7e51bc-4162-41dc-9fd9-9ebf39550586 - - - - - -] 10.0.0.246 "GET /" status: 200 len: 136 microversion: 1.0
2026-05-28 03:23:27.378 7 INFO placement.requestlog [None req-6456eee0-e48e-4f74-aeaf-274219d0bc3c - - - - - -] 10.0.0.246 "GET /" status: 200 len: 136 microversion: 1.0
2026-05-28 03:23:28.358 8 INFO placement.requestlog [req-e03ff796-48dd-4ccf-9a19-d994b9523b17 req-b77945cf-524b-4b03-9c66-17bf448b931b 0883ed11415749dba4855bcfc9263e7b a0633076151946349d47499926ffd2e1 - - 567eb350d5b6409f8e2ff55cd10f9a01 567eb350d5b6409f8e2ff55cd10f9a01] 199.204.45.4 "DELETE /allocations/f1190cca-dcd5-4fd5-9c64-bb8c0552135d" status: 204 len: 0 microversion: 1.0 [pid: 8|app: 0|req: 349/694] 199.204.45.4 () {34 vars in 839 bytes} [Thu May 28 03:23:28 2026] DELETE /allocations/f1190cca-dcd5-4fd5-9c64-bb8c0552135d => generated 0 bytes in 24 msecs (HTTP/1.1 204) 5 headers in 198 bytes (1 switches on core 0)
