2026-05-28 03:27:36.465 7 INFO placement.requestlog [req-154d48c4-4610-4d3f-b140-b97d5dc26aef req-6ccddcee-1826-4570-80e5-e8f692a12e41 0883ed11415749dba4855bcfc9263e7b a0633076151946349d47499926ffd2e1 - - 567eb350d5b6409f8e2ff55cd10f9a01 567eb350d5b6409f8e2ff55cd10f9a01] 199.204.45.4 "GET /resource_providers/a3dca9e1-8b60-410a-8c92-44a572f09723/allocations" status: 200 len: 153 microversion: 1.0 [pid: 7|app: 0|req: 602/1211] 199.204.45.4 () {32 vars in 855 bytes} [Thu May 28 03:27:36 2026] GET /resource_providers/a3dca9e1-8b60-410a-8c92-44a572f09723/allocations => generated 153 bytes in 20 msecs (HTTP/1.1 200) 6 headers in 224 bytes (1 switches on core 0)
2026-05-28 03:27:36.721 8 INFO placement.requestlog [req-5683f4e8-fd70-47b0-af36-ebe95a19c451 req-c9136a93-805b-4fa2-814b-040b1ac9bbd4 0883ed11415749dba4855bcfc9263e7b a0633076151946349d47499926ffd2e1 - - 567eb350d5b6409f8e2ff55cd10f9a01 567eb350d5b6409f8e2ff55cd10f9a01] 199.204.45.4 "GET /allocations/710ad46a-a327-4838-bd9a-6c585a444c5a" status: 200 len: 258 microversion: 1.28 [pid: 8|app: 0|req: 610/1212] 199.204.45.4 () {34 vars in 861 bytes} [Thu May 28 03:27:36 2026] GET /allocations/710ad46a-a327-4838-bd9a-6c585a444c5a => generated 258 bytes in 8 msecs (HTTP/1.1 200) 8 headers in 296 bytes (1 switches on core 0)
2026-05-28 03:27:36.992 7 INFO placement.requestlog [req-154d48c4-4610-4d3f-b140-b97d5dc26aef req-21e98535-cf2b-4a6f-b54d-9f0806f04c37 0883ed11415749dba4855bcfc9263e7b a0633076151946349d47499926ffd2e1 - - 567eb350d5b6409f8e2ff55cd10f9a01 567eb350d5b6409f8e2ff55cd10f9a01] 199.204.45.4 "GET /resource_providers/a3dca9e1-8b60-410a-8c92-44a572f09723/allocations" status: 200 len: 153 microversion: 1.0 [pid: 7|app: 0|req: 603/1213] 199.204.45.4 () {32 vars in 855 bytes} [Thu May 28 03:27:36 2026] GET /resource_providers/a3dca9e1-8b60-410a-8c92-44a572f09723/allocations => generated 153 bytes in 12 msecs (HTTP/1.1 200) 6 headers in 224 bytes (1 switches on core 0)
2026-05-28 03:27:37.010 8 INFO placement.requestlog [req-154d48c4-4610-4d3f-b140-b97d5dc26aef req-67a3116e-ef77-4254-ae0b-571f45e0fce8 0883ed11415749dba4855bcfc9263e7b a0633076151946349d47499926ffd2e1 - - 567eb350d5b6409f8e2ff55cd10f9a01 567eb350d5b6409f8e2ff55cd10f9a01] 199.204.45.4 "GET /allocations/710ad46a-a327-4838-bd9a-6c585a444c5a" status: 200 len: 258 microversion: 1.28 [pid: 8|app: 0|req: 611/1214] 199.204.45.4 () {34 vars in 861 bytes} [Thu May 28 03:27:36 2026] GET /allocations/710ad46a-a327-4838-bd9a-6c585a444c5a => generated 258 bytes in 13 msecs (HTTP/1.1 200) 8 headers in 296 bytes (1 switches on core 0)
2026-05-28 03:27:37.377 8 INFO placement.requestlog [None req-9c26393d-22e8-4041-b7f4-f1205925b7a3 - - - - - -] 10.0.0.246 "GET /" status: 200 len: 136 microversion: 1.0
2026-05-28 03:27:37.377 7 INFO placement.requestlog [None req-8f44de1a-c1e9-448e-a972-64474f83f817 - - - - - -] 10.0.0.246 "GET /" status: 200 len: 136 microversion: 1.0
2026-05-28 03:27:39.079 8 INFO placement.requestlog [req-5683f4e8-fd70-47b0-af36-ebe95a19c451 req-4cd40117-7b10-45bf-b9c1-8fcd22b61317 0883ed11415749dba4855bcfc9263e7b a0633076151946349d47499926ffd2e1 - - 567eb350d5b6409f8e2ff55cd10f9a01 567eb350d5b6409f8e2ff55cd10f9a01] 199.204.45.4 "GET /resource_providers/a3dca9e1-8b60-410a-8c92-44a572f09723/allocations" status: 200 len: 153 microversion: 1.0 [pid: 8|app: 0|req: 613/1217] 199.204.45.4 () {32 vars in 855 bytes} [Thu May 28 03:27:39 2026] GET /resource_providers/a3dca9e1-8b60-410a-8c92-44a572f09723/allocations => generated 153 bytes in 19 msecs (HTTP/1.1 200) 6 headers in 224 bytes (1 switches on core 0)
2026-05-28 03:27:39.094 7 INFO placement.requestlog [req-5683f4e8-fd70-47b0-af36-ebe95a19c451 req-3e2ab657-91c2-4a57-92a0-4a8311e163f6 0883ed11415749dba4855bcfc9263e7b a0633076151946349d47499926ffd2e1 - - 567eb350d5b6409f8e2ff55cd10f9a01 567eb350d5b6409f8e2ff55cd10f9a01] 199.204.45.4 "GET /allocations/710ad46a-a327-4838-bd9a-6c585a444c5a" status: 200 len: 258 microversion: 1.28 [pid: 7|app: 0|req: 605/1218] 199.204.45.4 () {34 vars in 861 bytes} [Thu May 28 03:27:39 2026] GET /allocations/710ad46a-a327-4838-bd9a-6c585a444c5a => generated 258 bytes in 10 msecs (HTTP/1.1 200) 8 headers in 296 bytes (1 switches on core 0)
2026-05-28 03:27:47.377 8 INFO placement.requestlog [None req-5801bf8b-19ad-47fd-827c-3ba4dc580b98 - - - - - -] 10.0.0.246 "GET /" status: 200 len: 136 microversion: 1.0
2026-05-28 03:27:47.377 7 INFO placement.requestlog [None req-3ee7cf22-01a6-4677-bda9-6be0500d0b6d - - - - - -] 10.0.0.246 "GET /" status: 200 len: 136 microversion: 1.0
2026-05-28 03:27:52.834 8 INFO placement.requestlog [req-b693c010-3b61-41df-98cd-2d2f720e508f req-edb1ef42-9578-4b62-b63f-d61abc6c407f 0883ed11415749dba4855bcfc9263e7b a0633076151946349d47499926ffd2e1 - - 567eb350d5b6409f8e2ff55cd10f9a01 567eb350d5b6409f8e2ff55cd10f9a01] 10.0.0.84 "GET /allocation_candidates?limit=1000&resources=DISK_GB%3A1%2CMEMORY_MB%3A512%2CVCPU%3A1&root_required=%21COMPUTE_STATUS_DISABLED" status: 200 len: 2783 microversion: 1.36 [pid: 8|app: 0|req: 615/1221] 10.0.0.84 () {34 vars in 1011 bytes} [Thu May 28 03:27:52 2026] GET /allocation_candidates?limit=1000&resources=DISK_GB%3A1%2CMEMORY_MB%3A512%2CVCPU%3A1&root_required=%21COMPUTE_STATUS_DISABLED => generated 2783 bytes in 32 msecs (HTTP/1.1 200) 8 headers in 297 bytes (1 switches on core 0)
2026-05-28 03:27:52.862 7 INFO placement.requestlog [req-b693c010-3b61-41df-98cd-2d2f720e508f req-0f8046eb-10bf-4797-89c2-bd090b18b63e 0883ed11415749dba4855bcfc9263e7b a0633076151946349d47499926ffd2e1 - - 567eb350d5b6409f8e2ff55cd10f9a01 567eb350d5b6409f8e2ff55cd10f9a01] 10.0.0.84 "GET /allocations/61cc6b59-4405-454d-bfbd-2f4db728bcdd" status: 200 len: 19 microversion: 1.28 [pid: 7|app: 0|req: 607/1222] 10.0.0.84 () {34 vars in 860 bytes} [Thu May 28 03:27:52 2026] GET /allocations/61cc6b59-4405-454d-bfbd-2f4db728bcdd => generated 19 bytes in 8 msecs (HTTP/1.1 200) 8 headers in 295 bytes (1 switches on core 0)
2026-05-28 03:27:52.923 8 INFO placement.requestlog [req-b693c010-3b61-41df-98cd-2d2f720e508f req-c1c552af-ae52-4a16-92f9-589dbaaa1ae5 0883ed11415749dba4855bcfc9263e7b a0633076151946349d47499926ffd2e1 - - 567eb350d5b6409f8e2ff55cd10f9a01 567eb350d5b6409f8e2ff55cd10f9a01] 10.0.0.84 "PUT /allocations/61cc6b59-4405-454d-bfbd-2f4db728bcdd" status: 204 len: 0 microversion: 1.36 [pid: 8|app: 0|req: 616/1223] 10.0.0.84 () {38 vars in 913 bytes} [Thu May 28 03:27:52 2026] PUT /allocations/61cc6b59-4405-454d-bfbd-2f4db728bcdd => generated 0 bytes in 54 msecs (HTTP/1.1 204) 5 headers in 199 bytes (1 switches on core 0)
2026-05-28 03:27:54.428 7 INFO placement.requestlog [req-b693c010-3b61-41df-98cd-2d2f720e508f req-1d4fff5c-e5f9-4b66-8e34-1cf67b39beb3 0883ed11415749dba4855bcfc9263e7b a0633076151946349d47499926ffd2e1 - - 567eb350d5b6409f8e2ff55cd10f9a01 567eb350d5b6409f8e2ff55cd10f9a01] 199.204.45.4 "GET /allocations/61cc6b59-4405-454d-bfbd-2f4db728bcdd" status: 200 len: 258 microversion: 1.28 [pid: 7|app: 0|req: 608/1224] 199.204.45.4 () {34 vars in 861 bytes} [Thu May 28 03:27:54 2026] GET /allocations/61cc6b59-4405-454d-bfbd-2f4db728bcdd => generated 258 bytes in 10 msecs (HTTP/1.1 200) 8 headers in 296 bytes (1 switches on core 0)
2026-05-28 03:27:55.473 8 INFO placement.requestlog [req-b693c010-3b61-41df-98cd-2d2f720e508f req-d67c81e0-1d9d-493c-af6f-a9c1466a08ba 0883ed11415749dba4855bcfc9263e7b a0633076151946349d47499926ffd2e1 - - 567eb350d5b6409f8e2ff55cd10f9a01 567eb350d5b6409f8e2ff55cd10f9a01] 199.204.45.4 "GET /resource_providers/a3dca9e1-8b60-410a-8c92-44a572f09723/allocations" status: 200 len: 253 microversion: 1.0 [pid: 8|app: 0|req: 617/1225] 199.204.45.4 () {32 vars in 855 bytes} [Thu May 28 03:27:55 2026] GET /resource_providers/a3dca9e1-8b60-410a-8c92-44a572f09723/allocations => generated 253 bytes in 18 msecs (HTTP/1.1 200) 6 headers in 224 bytes (1 switches on core 0)
2026-05-28 03:27:55.493 7 INFO placement.requestlog [req-b693c010-3b61-41df-98cd-2d2f720e508f req-e88effbd-816e-4fdc-be43-dea7094e886b 0883ed11415749dba4855bcfc9263e7b a0633076151946349d47499926ffd2e1 - - 567eb350d5b6409f8e2ff55cd10f9a01 567eb350d5b6409f8e2ff55cd10f9a01] 199.204.45.4 "GET /allocations/61cc6b59-4405-454d-bfbd-2f4db728bcdd" status: 200 len: 258 microversion: 1.28 [pid: 7|app: 0|req: 609/1226] 199.204.45.4 () {34 vars in 861 bytes} [Thu May 28 03:27:55 2026] GET /allocations/61cc6b59-4405-454d-bfbd-2f4db728bcdd => generated 258 bytes in 13 msecs (HTTP/1.1 200) 8 headers in 296 bytes (1 switches on core 0)
2026-05-28 03:27:55.512 8 INFO placement.requestlog [req-b693c010-3b61-41df-98cd-2d2f720e508f req-d19782ee-cfc4-47ff-8cf6-1200763fba5d 0883ed11415749dba4855bcfc9263e7b a0633076151946349d47499926ffd2e1 - - 567eb350d5b6409f8e2ff55cd10f9a01 567eb350d5b6409f8e2ff55cd10f9a01] 199.204.45.4 "GET /allocations/710ad46a-a327-4838-bd9a-6c585a444c5a" status: 200 len: 258 microversion: 1.28 [pid: 8|app: 0|req: 618/1227] 199.204.45.4 () {34 vars in 861 bytes} [Thu May 28 03:27:55 2026] GET /allocations/710ad46a-a327-4838-bd9a-6c585a444c5a => generated 258 bytes in 14 msecs (HTTP/1.1 200) 8 headers in 296 bytes (1 switches on core 0)
2026-05-28 03:27:57.377 8 INFO placement.requestlog [None req-28cf912f-5f78-4ef5-9324-a9e5a98edd46 - - - - - -] 10.0.0.246 "GET /" status: 200 len: 136 microversion: 1.0
2026-05-28 03:27:57.377 7 INFO placement.requestlog [None req-8f7d5b48-8389-4cda-a70f-b3b525ded305 - - - - - -] 10.0.0.246 "GET /" status: 200 len: 136 microversion: 1.0
2026-05-28 03:28:07.377 8 INFO placement.requestlog [None req-f459f788-f821-47af-bed2-8b1d8c35809d - - - - - -] 10.0.0.246 "GET /" status: 200 len: 136 microversion: 1.0
2026-05-28 03:28:07.377 7 INFO placement.requestlog [None req-0fb1e2cc-3abe-45a2-924d-83abc459ef9e - - - - - -] 10.0.0.246 "GET /" status: 200 len: 136 microversion: 1.0
2026-05-28 03:28:17.377 8 INFO placement.requestlog [None req-dcd77932-7f9f-4bd1-929f-67e9c66b7339 - - - - - -] 10.0.0.246 "GET /" status: 200 len: 136 microversion: 1.0
2026-05-28 03:28:17.378 7 INFO placement.requestlog [None req-64ff8649-bba1-4bcd-9f8c-23d929ae55c1 - - - - - -] 10.0.0.246 "GET /" status: 200 len: 136 microversion: 1.0
2026-05-28 03:28:27.377 8 INFO placement.requestlog [None req-50f2c99c-abaa-480b-b9b3-247ff289a7c2 - - - - - -] 10.0.0.246 "GET /" status: 200 len: 136 microversion: 1.0
2026-05-28 03:28:27.385 7 INFO placement.requestlog [None req-930d9b59-3574-414e-9c02-915c76e1f5c3 - - - - - -] 10.0.0.246 "GET /" status: 200 len: 136 microversion: 1.0
2026-05-28 03:28:37.376 7 INFO placement.requestlog [None req-228ffecc-fd7f-4e4a-8a80-039958ebefb2 - - - - - -] 10.0.0.246 "GET /" status: 200 len: 136 microversion: 1.0
2026-05-28 03:28:37.377 8 INFO placement.requestlog [None req-80fa54b8-eace-4622-8fd0-98c440c01044 - - - - - -] 10.0.0.246 "GET /" status: 200 len: 136 microversion: 1.0
2026-05-28 03:28:37.564 7 INFO placement.requestlog [req-bee81ef4-a07f-416b-85ac-b54954e10e1b req-910d4ff5-8d9f-4016-b0d4-3ecee5f547df 0883ed11415749dba4855bcfc9263e7b a0633076151946349d47499926ffd2e1 - - 567eb350d5b6409f8e2ff55cd10f9a01 567eb350d5b6409f8e2ff55cd10f9a01] 199.204.45.4 "GET /resource_providers/a3dca9e1-8b60-410a-8c92-44a572f09723/allocations" status: 200 len: 253 microversion: 1.0 [pid: 7|app: 0|req: 615/1238] 199.204.45.4 () {32 vars in 855 bytes} [Thu May 28 03:28:37 2026] GET /resource_providers/a3dca9e1-8b60-410a-8c92-44a572f09723/allocations => generated 253 bytes in 16 msecs (HTTP/1.1 200) 6 headers in 224 bytes (1 switches on core 0)
2026-05-28 03:28:37.585 8 INFO placement.requestlog [req-bee81ef4-a07f-416b-85ac-b54954e10e1b req-57cf361c-924a-4f52-91bd-25e6513c9dc7 0883ed11415749dba4855bcfc9263e7b a0633076151946349d47499926ffd2e1 - - 567eb350d5b6409f8e2ff55cd10f9a01 567eb350d5b6409f8e2ff55cd10f9a01] 199.204.45.4 "GET /resource_providers/a3dca9e1-8b60-410a-8c92-44a572f09723/allocations" status: 200 len: 253 microversion: 1.0 [pid: 8|app: 0|req: 624/1239] 199.204.45.4 () {32 vars in 855 bytes} [Thu May 28 03:28:37 2026] GET /resource_providers/a3dca9e1-8b60-410a-8c92-44a572f09723/allocations => generated 253 bytes in 13 msecs (HTTP/1.1 200) 6 headers in 224 bytes (1 switches on core 0)
2026-05-28 03:28:37.602 7 INFO placement.requestlog [req-bee81ef4-a07f-416b-85ac-b54954e10e1b req-5a214086-8322-4ec4-960d-36588a4de6b7 0883ed11415749dba4855bcfc9263e7b a0633076151946349d47499926ffd2e1 - - 567eb350d5b6409f8e2ff55cd10f9a01 567eb350d5b6409f8e2ff55cd10f9a01] 199.204.45.4 "GET /allocations/61cc6b59-4405-454d-bfbd-2f4db728bcdd" status: 200 len: 258 microversion: 1.28 [pid: 7|app: 0|req: 616/1240] 199.204.45.4 () {34 vars in 861 bytes} [Thu May 28 03:28:37 2026] GET /allocations/61cc6b59-4405-454d-bfbd-2f4db728bcdd => generated 258 bytes in 13 msecs (HTTP/1.1 200) 8 headers in 296 bytes (1 switches on core 0)
2026-05-28 03:28:37.619 8 INFO placement.requestlog [req-bee81ef4-a07f-416b-85ac-b54954e10e1b req-8d1c29d9-6264-453e-a615-c9e65a7f18f0 0883ed11415749dba4855bcfc9263e7b a0633076151946349d47499926ffd2e1 - - 567eb350d5b6409f8e2ff55cd10f9a01 567eb350d5b6409f8e2ff55cd10f9a01] 199.204.45.4 "GET /allocations/710ad46a-a327-4838-bd9a-6c585a444c5a" status: 200 len: 258 microversion: 1.28 [pid: 8|app: 0|req: 625/1241] 199.204.45.4 () {34 vars in 861 bytes} [Thu May 28 03:28:37 2026] GET /allocations/710ad46a-a327-4838-bd9a-6c585a444c5a => generated 258 bytes in 12 msecs (HTTP/1.1 200) 8 headers in 296 bytes (1 switches on core 0)
2026-05-28 03:28:40.803 7 INFO placement.requestlog [req-35c4de4d-aff1-4d5e-a363-5f9885ef3501 req-83ebb853-265c-4203-a117-a6d966f8a0ea 0883ed11415749dba4855bcfc9263e7b a0633076151946349d47499926ffd2e1 - - 567eb350d5b6409f8e2ff55cd10f9a01 567eb350d5b6409f8e2ff55cd10f9a01] 10.0.0.84 "GET /allocation_candidates?limit=1000&resources=MEMORY_MB%3A2048%2CVCPU%3A2&root_required=%21COMPUTE_STATUS_DISABLED" status: 200 len: 2771 microversion: 1.36 [pid: 7|app: 0|req: 617/1242] 10.0.0.84 () {34 vars in 985 bytes} [Thu May 28 03:28:40 2026] GET /allocation_candidates?limit=1000&resources=MEMORY_MB%3A2048%2CVCPU%3A2&root_required=%21COMPUTE_STATUS_DISABLED => generated 2771 bytes in 140 msecs (HTTP/1.1 200) 8 headers in 297 bytes (1 switches on core 0)
2026-05-28 03:28:40.837 8 INFO placement.requestlog [req-35c4de4d-aff1-4d5e-a363-5f9885ef3501 req-cad4f0b8-9e0c-4b44-a1b3-a8adc3460340 0883ed11415749dba4855bcfc9263e7b a0633076151946349d47499926ffd2e1 - - 567eb350d5b6409f8e2ff55cd10f9a01 567eb350d5b6409f8e2ff55cd10f9a01] 10.0.0.84 "GET /allocations/be08ae63-4f5a-46d3-a767-04052af5daaa" status: 200 len: 19 microversion: 1.28 [pid: 8|app: 0|req: 626/1243] 10.0.0.84 () {34 vars in 860 bytes} [Thu May 28 03:28:40 2026] GET /allocations/be08ae63-4f5a-46d3-a767-04052af5daaa => generated 19 bytes in 11 msecs (HTTP/1.1 200) 8 headers in 295 bytes (1 switches on core 0)
2026-05-28 03:28:40.903 7 INFO placement.requestlog [req-35c4de4d-aff1-4d5e-a363-5f9885ef3501 req-3c2e20e1-fbfd-48af-9557-3f1ab415fa80 0883ed11415749dba4855bcfc9263e7b a0633076151946349d47499926ffd2e1 - - 567eb350d5b6409f8e2ff55cd10f9a01 567eb350d5b6409f8e2ff55cd10f9a01] 10.0.0.84 "PUT /allocations/be08ae63-4f5a-46d3-a767-04052af5daaa" status: 204 len: 0 microversion: 1.36 [pid: 7|app: 0|req: 618/1244] 10.0.0.84 () {38 vars in 913 bytes} [Thu May 28 03:28:40 2026] PUT /allocations/be08ae63-4f5a-46d3-a767-04052af5daaa => generated 0 bytes in 59 msecs (HTTP/1.1 204) 5 headers in 199 bytes (1 switches on core 0)
2026-05-28 03:28:42.315 8 INFO placement.requestlog [req-35c4de4d-aff1-4d5e-a363-5f9885ef3501 req-abc1a0dd-85d7-48bf-927e-3d40b8a859b4 0883ed11415749dba4855bcfc9263e7b a0633076151946349d47499926ffd2e1 - - 567eb350d5b6409f8e2ff55cd10f9a01 567eb350d5b6409f8e2ff55cd10f9a01] 199.204.45.4 "GET /allocations/be08ae63-4f5a-46d3-a767-04052af5daaa" status: 200 len: 245 microversion: 1.28 [pid: 8|app: 0|req: 627/1245] 199.204.45.4 () {34 vars in 861 bytes} [Thu May 28 03:28:42 2026] GET /allocations/be08ae63-4f5a-46d3-a767-04052af5daaa => generated 245 bytes in 13 msecs (HTTP/1.1 200) 8 headers in 296 bytes (1 switches on core 0)
2026-05-28 03:28:43.359 7 INFO placement.requestlog [req-35c4de4d-aff1-4d5e-a363-5f9885ef3501 req-31aaf2a4-e55e-4dbe-91cb-6e5db1788670 0883ed11415749dba4855bcfc9263e7b a0633076151946349d47499926ffd2e1 - - 567eb350d5b6409f8e2ff55cd10f9a01 567eb350d5b6409f8e2ff55cd10f9a01] 199.204.45.4 "GET /resource_providers/a3dca9e1-8b60-410a-8c92-44a572f09723/allocations" status: 200 len: 340 microversion: 1.0 [pid: 7|app: 0|req: 619/1246] 199.204.45.4 () {32 vars in 855 bytes} [Thu May 28 03:28:43 2026] GET /resource_providers/a3dca9e1-8b60-410a-8c92-44a572f09723/allocations => generated 340 bytes in 19 msecs (HTTP/1.1 200) 6 headers in 224 bytes (1 switches on core 0)
2026-05-28 03:28:43.376 8 INFO placement.requestlog [req-35c4de4d-aff1-4d5e-a363-5f9885ef3501 req-6da6b79e-a8e2-45d7-83a2-e8e4de1178b8 0883ed11415749dba4855bcfc9263e7b a0633076151946349d47499926ffd2e1 - - 567eb350d5b6409f8e2ff55cd10f9a01 567eb350d5b6409f8e2ff55cd10f9a01] 199.204.45.4 "GET /allocations/61cc6b59-4405-454d-bfbd-2f4db728bcdd" status: 200 len: 258 microversion: 1.28 [pid: 8|app: 0|req: 628/1247] 199.204.45.4 () {34 vars in 861 bytes} [Thu May 28 03:28:43 2026] GET /allocations/61cc6b59-4405-454d-bfbd-2f4db728bcdd => generated 258 bytes in 10 msecs (HTTP/1.1 200) 8 headers in 296 bytes (1 switches on core 0)
2026-05-28 03:28:43.394 7 INFO placement.requestlog [req-35c4de4d-aff1-4d5e-a363-5f9885ef3501 req-873c2d72-60cf-455d-94da-a506b511ec4c 0883ed11415749dba4855bcfc9263e7b a0633076151946349d47499926ffd2e1 - - 567eb350d5b6409f8e2ff55cd10f9a01 567eb350d5b6409f8e2ff55cd10f9a01] 199.204.45.4 "GET /allocations/be08ae63-4f5a-46d3-a767-04052af5daaa" status: 200 len: 245 microversion: 1.28 [pid: 7|app: 0|req: 620/1248] 199.204.45.4 () {34 vars in 861 bytes} [Thu May 28 03:28:43 2026] GET /allocations/be08ae63-4f5a-46d3-a767-04052af5daaa => generated 245 bytes in 13 msecs (HTTP/1.1 200) 8 headers in 296 bytes (1 switches on core 0)
2026-05-28 03:28:43.412 8 INFO placement.requestlog [req-35c4de4d-aff1-4d5e-a363-5f9885ef3501 req-f94c3d32-2be9-4f9f-a8ec-6d76f4d9c30a 0883ed11415749dba4855bcfc9263e7b a0633076151946349d47499926ffd2e1 - - 567eb350d5b6409f8e2ff55cd10f9a01 567eb350d5b6409f8e2ff55cd10f9a01] 199.204.45.4 "GET /allocations/710ad46a-a327-4838-bd9a-6c585a444c5a" status: 200 len: 258 microversion: 1.28 [pid: 8|app: 0|req: 629/1249] 199.204.45.4 () {34 vars in 861 bytes} [Thu May 28 03:28:43 2026] GET /allocations/710ad46a-a327-4838-bd9a-6c585a444c5a => generated 258 bytes in 12 msecs (HTTP/1.1 200) 8 headers in 296 bytes (1 switches on core 0)
2026-05-28 03:28:47.377 8 INFO placement.requestlog [None req-2e845f61-473e-49e4-a9c6-611838fc3695 - - - - - -] 10.0.0.246 "GET /" status: 200 len: 136 microversion: 1.0
2026-05-28 03:28:47.377 7 INFO placement.requestlog [None req-4864e0fe-1ff4-42b3-b5cb-72478ea41a1d - - - - - -] 10.0.0.246 "GET /" status: 200 len: 136 microversion: 1.0
2026-05-28 03:28:57.376 7 INFO placement.requestlog [None req-6a38795e-2f7d-4829-8ad3-9ca42bff8ef0 - - - - - -] 10.0.0.246 "GET /" status: 200 len: 136 microversion: 1.0
2026-05-28 03:28:57.376 8 INFO placement.requestlog [None req-3e5dd255-a6a3-4b0a-bab7-5abd25c3758a - - - - - -] 10.0.0.246 "GET /" status: 200 len: 136 microversion: 1.0
2026-05-28 03:29:07.381 7 INFO placement.requestlog [None req-a3e7d90c-8f78-43d6-bdb8-2f3aef443cc7 - - - - - -] 10.0.0.246 "GET /" status: 200 len: 136 microversion: 1.0
2026-05-28 03:29:07.386 8 INFO placement.requestlog [None req-1f3d6726-abeb-4cea-bac1-a96067dfbe94 - - - - - -] 10.0.0.246 "GET /" status: 200 len: 136 microversion: 1.0
2026-05-28 03:29:17.376 7 INFO placement.requestlog [None req-b9c17ec3-04b9-4f05-8efa-7648e037e4f5 - - - - - -] 10.0.0.246 "GET /" status: 200 len: 136 microversion: 1.0
2026-05-28 03:29:17.377 8 INFO placement.requestlog [None req-0c666b70-c1e1-477e-b623-f5183c1eb581 - - - - - -] 10.0.0.246 "GET /" status: 200 len: 136 microversion: 1.0
2026-05-28 03:29:27.376 7 INFO placement.requestlog [None req-ea71ff34-50f1-4b5d-8fdc-b231001409f8 - - - - - -] 10.0.0.246 "GET /" status: 200 len: 136 microversion: 1.0
2026-05-28 03:29:27.376 8 INFO placement.requestlog [None req-21f4adbb-45c3-478e-b324-7728e3cf27c0 - - - - - -] 10.0.0.246 "GET /" status: 200 len: 136 microversion: 1.0
2026-05-28 03:29:37.376 7 INFO placement.requestlog [None req-b2c3d1ee-7311-4baf-9dc6-3b27203cb947 - - - - - -] 10.0.0.246 "GET /" status: 200 len: 136 microversion: 1.0
2026-05-28 03:29:37.376 8 INFO placement.requestlog [None req-d820a585-db45-424e-9731-43349cf6e725 - - - - - -] 10.0.0.246 "GET /" status: 200 len: 136 microversion: 1.0
2026-05-28 03:29:39.759 7 INFO placement.requestlog [req-b2585272-8b6a-4ca0-9c15-ed3b3b2ad23a req-0e4f241f-d22f-4dd4-85ca-907e7f050cf6 0883ed11415749dba4855bcfc9263e7b a0633076151946349d47499926ffd2e1 - - 567eb350d5b6409f8e2ff55cd10f9a01 567eb350d5b6409f8e2ff55cd10f9a01] 199.204.45.4 "GET /resource_providers/a3dca9e1-8b60-410a-8c92-44a572f09723/allocations" status: 200 len: 340 microversion: 1.0 [pid: 7|app: 0|req: 627/1262] 199.204.45.4 () {32 vars in 855 bytes} [Thu May 28 03:29:39 2026] GET /resource_providers/a3dca9e1-8b60-410a-8c92-44a572f09723/allocations => generated 340 bytes in 104 msecs (HTTP/1.1 200) 6 headers in 224 bytes (1 switches on core 0)
2026-05-28 03:29:39.783 8 INFO placement.requestlog [req-b2585272-8b6a-4ca0-9c15-ed3b3b2ad23a req-997446ec-724c-45a2-a6ac-ebbbc4479c2a 0883ed11415749dba4855bcfc9263e7b a0633076151946349d47499926ffd2e1 - - 567eb350d5b6409f8e2ff55cd10f9a01 567eb350d5b6409f8e2ff55cd10f9a01] 199.204.45.4 "GET /resource_providers?in_tree=a3dca9e1-8b60-410a-8c92-44a572f09723" status: 200 len: 798 microversion: 1.14 [pid: 8|app: 0|req: 636/1263] 199.204.45.4 () {34 vars in 890 bytes} [Thu May 28 03:29:39 2026] GET /resource_providers?in_tree=a3dca9e1-8b60-410a-8c92-44a572f09723 => generated 798 bytes in 18 msecs (HTTP/1.1 200) 6 headers in 225 bytes (1 switches on core 0)
2026-05-28 03:29:39.804 7 INFO placement.requestlog [req-b2585272-8b6a-4ca0-9c15-ed3b3b2ad23a req-5a4ed06e-c537-48c1-9685-aa0f18e8f641 0883ed11415749dba4855bcfc9263e7b a0633076151946349d47499926ffd2e1 - - 567eb350d5b6409f8e2ff55cd10f9a01 567eb350d5b6409f8e2ff55cd10f9a01] 199.204.45.4 "GET /resource_providers/a3dca9e1-8b60-410a-8c92-44a572f09723/inventories" status: 200 len: 401 microversion: 1.0 [pid: 7|app: 0|req: 628/1264] 199.204.45.4 () {32 vars in 855 bytes} [Thu May 28 03:29:39 2026] GET /resource_providers/a3dca9e1-8b60-410a-8c92-44a572f09723/inventories => generated 401 bytes in 16 msecs (HTTP/1.1 200) 6 headers in 224 bytes (1 switches on core 0)
2026-05-28 03:29:39.826 8 INFO placement.requestlog [req-b2585272-8b6a-4ca0-9c15-ed3b3b2ad23a req-c8472021-d57a-4ef4-bf31-b5b754ea6abf 0883ed11415749dba4855bcfc9263e7b a0633076151946349d47499926ffd2e1 - - 567eb350d5b6409f8e2ff55cd10f9a01 567eb350d5b6409f8e2ff55cd10f9a01] 199.204.45.4 "GET /resource_providers/a3dca9e1-8b60-410a-8c92-44a572f09723/aggregates" status: 200 len: 54 microversion: 1.19 [pid: 8|app: 0|req: 637/1265] 199.204.45.4 () {34 vars in 897 bytes} [Thu May 28 03:29:39 2026] GET /resource_providers/a3dca9e1-8b60-410a-8c92-44a572f09723/aggregates => generated 54 bytes in 18 msecs (HTTP/1.1 200) 8 headers in 295 bytes (1 switches on core 0)
2026-05-28 03:29:39.852 7 INFO placement.requestlog [req-b2585272-8b6a-4ca0-9c15-ed3b3b2ad23a req-b4af94c8-a25d-4e56-9851-a082578a6d7e 0883ed11415749dba4855bcfc9263e7b a0633076151946349d47499926ffd2e1 - - 567eb350d5b6409f8e2ff55cd10f9a01 567eb350d5b6409f8e2ff55cd10f9a01] 199.204.45.4 "GET /resource_providers/a3dca9e1-8b60-410a-8c92-44a572f09723/traits" status: 200 len: 2317 microversion: 1.6 [pid: 7|app: 0|req: 629/1266] 199.204.45.4 () {34 vars in 888 bytes} [Thu May 28 03:29:39 2026] GET /resource_providers/a3dca9e1-8b60-410a-8c92-44a572f09723/traits => generated 2317 bytes in 21 msecs (HTTP/1.1 200) 6 headers in 225 bytes (1 switches on core 0)
2026-05-28 03:29:39.872 8 INFO placement.requestlog [req-b2585272-8b6a-4ca0-9c15-ed3b3b2ad23a req-a7c9018c-14dd-4d80-9aee-cbc2d5488eee 0883ed11415749dba4855bcfc9263e7b a0633076151946349d47499926ffd2e1 - - 567eb350d5b6409f8e2ff55cd10f9a01 567eb350d5b6409f8e2ff55cd10f9a01] 199.204.45.4 "GET /resource_providers/a3dca9e1-8b60-410a-8c92-44a572f09723/allocations" status: 200 len: 340 microversion: 1.0 [pid: 8|app: 0|req: 638/1267] 199.204.45.4 () {32 vars in 855 bytes} [Thu May 28 03:29:39 2026] GET /resource_providers/a3dca9e1-8b60-410a-8c92-44a572f09723/allocations => generated 340 bytes in 15 msecs (HTTP/1.1 200) 6 headers in 224 bytes (1 switches on core 0)
2026-05-28 03:29:39.894 7 INFO placement.requestlog [req-b2585272-8b6a-4ca0-9c15-ed3b3b2ad23a req-9ac10767-4673-40c5-9cdf-b02ba12934bc 0883ed11415749dba4855bcfc9263e7b a0633076151946349d47499926ffd2e1 - - 567eb350d5b6409f8e2ff55cd10f9a01 567eb350d5b6409f8e2ff55cd10f9a01] 199.204.45.4 "GET /allocations/61cc6b59-4405-454d-bfbd-2f4db728bcdd" status: 200 len: 258 microversion: 1.28 [pid: 7|app: 0|req: 630/1268] 199.204.45.4 () {34 vars in 861 bytes} [Thu May 28 03:29:39 2026] GET /allocations/61cc6b59-4405-454d-bfbd-2f4db728bcdd => generated 258 bytes in 17 msecs (HTTP/1.1 200) 8 headers in 296 bytes (1 switches on core 0)
2026-05-28 03:29:39.914 8 INFO placement.requestlog [req-b2585272-8b6a-4ca0-9c15-ed3b3b2ad23a req-4ac5c826-985d-459c-b89d-cad65bad628f 0883ed11415749dba4855bcfc9263e7b a0633076151946349d47499926ffd2e1 - - 567eb350d5b6409f8e2ff55cd10f9a01 567eb350d5b6409f8e2ff55cd10f9a01] 199.204.45.4 "GET /allocations/be08ae63-4f5a-46d3-a767-04052af5daaa" status: 200 len: 245 microversion: 1.28 [pid: 8|app: 0|req: 639/1269] 199.204.45.4 () {34 vars in 861 bytes} [Thu May 28 03:29:39 2026] GET /allocations/be08ae63-4f5a-46d3-a767-04052af5daaa => generated 245 bytes in 14 msecs (HTTP/1.1 200) 8 headers in 296 bytes (1 switches on core 0)
2026-05-28 03:29:39.938 7 INFO placement.requestlog [req-b2585272-8b6a-4ca0-9c15-ed3b3b2ad23a req-365392eb-9d9b-477c-97a4-0d08695b6772 0883ed11415749dba4855bcfc9263e7b a0633076151946349d47499926ffd2e1 - - 567eb350d5b6409f8e2ff55cd10f9a01 567eb350d5b6409f8e2ff55cd10f9a01] 199.204.45.4 "GET /allocations/710ad46a-a327-4838-bd9a-6c585a444c5a" status: 200 len: 258 microversion: 1.28 [pid: 7|app: 0|req: 631/1270] 199.204.45.4 () {34 vars in 861 bytes} [Thu May 28 03:29:39 2026] GET /allocations/710ad46a-a327-4838-bd9a-6c585a444c5a => generated 258 bytes in 18 msecs (HTTP/1.1 200) 8 headers in 296 bytes (1 switches on core 0)
2026-05-28 03:29:47.377 7 INFO placement.requestlog [None req-d0cd2e69-bddb-4434-9931-92371261ffaf - - - - - -] 10.0.0.246 "GET /" status: 200 len: 136 microversion: 1.0
2026-05-28 03:29:47.377 8 INFO placement.requestlog [None req-862b5c10-6b97-4c27-8f8a-cfcbff6c8ea3 - - - - - -] 10.0.0.246 "GET /" status: 200 len: 136 microversion: 1.0
2026-05-28 03:29:57.376 7 INFO placement.requestlog [None req-3d3802cf-3536-4ab6-ba15-8e7657e11fc7 - - - - - -] 10.0.0.246 "GET /" status: 200 len: 136 microversion: 1.0
2026-05-28 03:29:57.377 8 INFO placement.requestlog [None req-0e26f1c0-de98-420a-b179-8f587fa0aacd - - - - - -] 10.0.0.246 "GET /" status: 200 len: 136 microversion: 1.0
2026-05-28 03:30:07.376 8 INFO placement.requestlog [None req-38f5e71b-70c5-461a-b4f0-2fe23947f753 - - - - - -] 10.0.0.246 "GET /" status: 200 len: 136 microversion: 1.0
2026-05-28 03:30:07.376 7 INFO placement.requestlog [None req-255fb165-769f-40c4-b8b2-20d2331e23f8 - - - - - -] 10.0.0.246 "GET /" status: 200 len: 136 microversion: 1.0
2026-05-28 03:30:17.377 7 INFO placement.requestlog [None req-8dbbe8f9-cb96-46ba-a838-777d92224fc4 - - - - - -] 10.0.0.246 "GET /" status: 200 len: 136 microversion: 1.0
2026-05-28 03:30:17.377 8 INFO placement.requestlog [None req-4abdae0a-e091-4f81-80a4-54204a97c430 - - - - - -] 10.0.0.246 "GET /" status: 200 len: 136 microversion: 1.0
2026-05-28 03:30:27.377 7 INFO placement.requestlog [None req-933d950c-2444-4026-90f0-5c80ddefe2ec - - - - - -] 10.0.0.246 "GET /" status: 200 len: 136 microversion: 1.0
2026-05-28 03:30:27.377 8 INFO placement.requestlog [None req-837b4e73-275a-4d0c-a751-8c77e3f75ddd - - - - - -] 10.0.0.246 "GET /" status: 200 len: 136 microversion: 1.0
2026-05-28 03:30:37.376 7 INFO placement.requestlog [None req-bfbf61af-c697-4aae-943f-fef1010a7ebb - - - - - -] 10.0.0.246 "GET /" status: 200 len: 136 microversion: 1.0
2026-05-28 03:30:37.376 8 INFO placement.requestlog [None req-80512487-2153-48e9-b063-8d46f6b159ba - - - - - -] 10.0.0.246 "GET /" status: 200 len: 136 microversion: 1.0
2026-05-28 03:30:39.709 7 INFO placement.requestlog [req-887901f1-5d63-4d6c-92f6-b280bfd006d2 req-a1406db3-aff9-4e13-9a3a-aeb1623e12d9 0883ed11415749dba4855bcfc9263e7b a0633076151946349d47499926ffd2e1 - - 567eb350d5b6409f8e2ff55cd10f9a01 567eb350d5b6409f8e2ff55cd10f9a01] 199.204.45.4 "GET /resource_providers/a3dca9e1-8b60-410a-8c92-44a572f09723/allocations" status: 200 len: 340 microversion: 1.0 [pid: 7|app: 0|req: 638/1283] 199.204.45.4 () {32 vars in 855 bytes} [Thu May 28 03:30:39 2026] GET /resource_providers/a3dca9e1-8b60-410a-8c92-44a572f09723/allocations => generated 340 bytes in 19 msecs (HTTP/1.1 200) 6 headers in 224 bytes (1 switches on core 0)
2026-05-28 03:30:39.731 8 INFO placement.requestlog [req-887901f1-5d63-4d6c-92f6-b280bfd006d2 req-350d6f23-bad3-4121-94cc-9bacd6525cfe 0883ed11415749dba4855bcfc9263e7b a0633076151946349d47499926ffd2e1 - - 567eb350d5b6409f8e2ff55cd10f9a01 567eb350d5b6409f8e2ff55cd10f9a01] 199.204.45.4 "GET /resource_providers/a3dca9e1-8b60-410a-8c92-44a572f09723/allocations" status: 200 len: 340 microversion: 1.0 [pid: 8|app: 0|req: 646/1284] 199.204.45.4 () {32 vars in 855 bytes} [Thu May 28 03:30:39 2026] GET /resource_providers/a3dca9e1-8b60-410a-8c92-44a572f09723/allocations => generated 340 bytes in 17 msecs (HTTP/1.1 200) 6 headers in 224 bytes (1 switches on core 0)
2026-05-28 03:30:39.752 7 INFO placement.requestlog [req-887901f1-5d63-4d6c-92f6-b280bfd006d2 req-ffbed749-55e0-41c4-bba3-338805b3987f 0883ed11415749dba4855bcfc9263e7b a0633076151946349d47499926ffd2e1 - - 567eb350d5b6409f8e2ff55cd10f9a01 567eb350d5b6409f8e2ff55cd10f9a01] 199.204.45.4 "GET /allocations/61cc6b59-4405-454d-bfbd-2f4db728bcdd" status: 200 len: 258 microversion: 1.28 [pid: 7|app: 0|req: 639/1285] 199.204.45.4 () {34 vars in 861 bytes} [Thu May 28 03:30:39 2026] GET /allocations/61cc6b59-4405-454d-bfbd-2f4db728bcdd => generated 258 bytes in 15 msecs (HTTP/1.1 200) 8 headers in 296 bytes (1 switches on core 0)
2026-05-28 03:30:39.771 8 INFO placement.requestlog [req-887901f1-5d63-4d6c-92f6-b280bfd006d2 req-a5fb3830-e8ae-46f5-bc52-e61dc3cc6737 0883ed11415749dba4855bcfc9263e7b a0633076151946349d47499926ffd2e1 - - 567eb350d5b6409f8e2ff55cd10f9a01 567eb350d5b6409f8e2ff55cd10f9a01] 199.204.45.4 "GET /allocations/be08ae63-4f5a-46d3-a767-04052af5daaa" status: 200 len: 245 microversion: 1.28 [pid: 8|app: 0|req: 647/1286] 199.204.45.4 () {34 vars in 861 bytes} [Thu May 28 03:30:39 2026] GET /allocations/be08ae63-4f5a-46d3-a767-04052af5daaa => generated 245 bytes in 13 msecs (HTTP/1.1 200) 8 headers in 296 bytes (1 switches on core 0)
2026-05-28 03:30:39.792 7 INFO placement.requestlog [req-887901f1-5d63-4d6c-92f6-b280bfd006d2 req-fb92a086-49bc-43dd-9058-5f9ebc3886ed 0883ed11415749dba4855bcfc9263e7b a0633076151946349d47499926ffd2e1 - - 567eb350d5b6409f8e2ff55cd10f9a01 567eb350d5b6409f8e2ff55cd10f9a01] 199.204.45.4 "GET /allocations/710ad46a-a327-4838-bd9a-6c585a444c5a" status: 200 len: 258 microversion: 1.28 [pid: 7|app: 0|req: 640/1287] 199.204.45.4 () {34 vars in 861 bytes} [Thu May 28 03:30:39 2026] GET /allocations/710ad46a-a327-4838-bd9a-6c585a444c5a => generated 258 bytes in 15 msecs (HTTP/1.1 200) 8 headers in 296 bytes (1 switches on core 0)
2026-05-28 03:30:47.376 7 INFO placement.requestlog [None req-593df081-cc6a-46d4-9f2f-54b46e5a9ffa - - - - - -] 10.0.0.246 "GET /" status: 200 len: 136 microversion: 1.0
2026-05-28 03:30:47.377 8 INFO placement.requestlog [None req-d48ea564-30ae-49bb-8255-05d006906774 - - - - - -] 10.0.0.246 "GET /" status: 200 len: 136 microversion: 1.0
2026-05-28 03:30:57.376 7 INFO placement.requestlog [None req-683d9e93-9602-48b4-b3d8-121550dcb80f - - - - - -] 10.0.0.246 "GET /" status: 200 len: 136 microversion: 1.0
2026-05-28 03:30:57.376 8 INFO placement.requestlog [None req-1ba4cb03-f1b8-452c-9bab-f7c957d12e22 - - - - - -] 10.0.0.246 "GET /" status: 200 len: 136 microversion: 1.0
2026-05-28 03:31:07.377 8 INFO placement.requestlog [None req-062da68f-2a07-4f2b-a81e-1840216c4e10 - - - - - -] 10.0.0.246 "GET /" status: 200 len: 136 microversion: 1.0
2026-05-28 03:31:07.377 7 INFO placement.requestlog [None req-35b8df20-2ded-4c62-b4d6-bebf40924dd3 - - - - - -] 10.0.0.246 "GET /" status: 200 len: 136 microversion: 1.0
2026-05-28 03:31:17.377 8 INFO placement.requestlog [None req-832aa70b-ee61-4459-8b91-3f1d06ce00c2 - - - - - -] 10.0.0.246 "GET /" status: 200 len: 136 microversion: 1.0
2026-05-28 03:31:17.377 7 INFO placement.requestlog [None req-38f0ecda-26fd-4591-8463-bfdcd37e2f81 - - - - - -] 10.0.0.246 "GET /" status: 200 len: 136 microversion: 1.0
2026-05-28 03:31:27.377 7 INFO placement.requestlog [None req-7c68e158-b05e-41ad-84f8-78ddb5672fdf - - - - - -] 10.0.0.246 "GET /" status: 200 len: 136 microversion: 1.0
2026-05-28 03:31:27.378 8 INFO placement.requestlog [None req-b0517eb1-3eb3-4f06-b9fe-4d031a629135 - - - - - -] 10.0.0.246 "GET /" status: 200 len: 136 microversion: 1.0
2026-05-28 03:31:36.210 7 INFO placement.requestlog [req-b230107f-6ab1-428e-af8f-c265d5965e6c req-c3d0b39b-3c42-46e5-a76d-fd9494effc2b 0883ed11415749dba4855bcfc9263e7b a0633076151946349d47499926ffd2e1 - - 567eb350d5b6409f8e2ff55cd10f9a01 567eb350d5b6409f8e2ff55cd10f9a01] 199.204.45.4 "GET /resource_providers/a3dca9e1-8b60-410a-8c92-44a572f09723/allocations" status: 200 len: 340 microversion: 1.0 [pid: 7|app: 0|req: 646/1298] 199.204.45.4 () {32 vars in 855 bytes} [Thu May 28 03:31:36 2026] GET /resource_providers/a3dca9e1-8b60-410a-8c92-44a572f09723/allocations => generated 340 bytes in 19 msecs (HTTP/1.1 200) 6 headers in 224 bytes (1 switches on core 0)
2026-05-28 03:31:36.227 8 INFO placement.requestlog [req-b230107f-6ab1-428e-af8f-c265d5965e6c req-28257f93-c230-42fb-8a34-ec950933eba3 0883ed11415749dba4855bcfc9263e7b a0633076151946349d47499926ffd2e1 - - 567eb350d5b6409f8e2ff55cd10f9a01 567eb350d5b6409f8e2ff55cd10f9a01] 199.204.45.4 "GET /allocations/61cc6b59-4405-454d-bfbd-2f4db728bcdd" status: 200 len: 258 microversion: 1.28 [pid: 8|app: 0|req: 653/1299] 199.204.45.4 () {34 vars in 861 bytes} [Thu May 28 03:31:36 2026] GET /allocations/61cc6b59-4405-454d-bfbd-2f4db728bcdd => generated 258 bytes in 12 msecs (HTTP/1.1 200) 8 headers in 296 bytes (1 switches on core 0)
2026-05-28 03:31:36.248 7 INFO placement.requestlog [req-b230107f-6ab1-428e-af8f-c265d5965e6c req-d963386e-948e-4361-9595-c70e6eeeb9e6 0883ed11415749dba4855bcfc9263e7b a0633076151946349d47499926ffd2e1 - - 567eb350d5b6409f8e2ff55cd10f9a01 567eb350d5b6409f8e2ff55cd10f9a01] 199.204.45.4 "GET /allocations/be08ae63-4f5a-46d3-a767-04052af5daaa" status: 200 len: 245 microversion: 1.28 [pid: 7|app: 0|req: 647/1300] 199.204.45.4 () {34 vars in 861 bytes} [Thu May 28 03:31:36 2026] GET /allocations/be08ae63-4f5a-46d3-a767-04052af5daaa => generated 245 bytes in 12 msecs (HTTP/1.1 200) 8 headers in 296 bytes (1 switches on core 0)
2026-05-28 03:31:36.269 8 INFO placement.requestlog [req-b230107f-6ab1-428e-af8f-c265d5965e6c req-f52f50c4-72e1-4f64-a0e7-22244599dd10 0883ed11415749dba4855bcfc9263e7b a0633076151946349d47499926ffd2e1 - - 567eb350d5b6409f8e2ff55cd10f9a01 567eb350d5b6409f8e2ff55cd10f9a01] 199.204.45.4 "GET /allocations/710ad46a-a327-4838-bd9a-6c585a444c5a" status: 200 len: 258 microversion: 1.28 [pid: 8|app: 0|req: 654/1301] 199.204.45.4 () {34 vars in 861 bytes} [Thu May 28 03:31:36 2026] GET /allocations/710ad46a-a327-4838-bd9a-6c585a444c5a => generated 258 bytes in 14 msecs (HTTP/1.1 200) 8 headers in 296 bytes (1 switches on core 0)
2026-05-28 03:31:37.325 7 INFO placement.requestlog [req-b230107f-6ab1-428e-af8f-c265d5965e6c req-ec6afbbe-94dc-4e28-9298-5a311eddfbc2 0883ed11415749dba4855bcfc9263e7b a0633076151946349d47499926ffd2e1 - - 567eb350d5b6409f8e2ff55cd10f9a01 567eb350d5b6409f8e2ff55cd10f9a01] 199.204.45.4 "DELETE /allocations/be08ae63-4f5a-46d3-a767-04052af5daaa" status: 204 len: 0 microversion: 1.0 [pid: 7|app: 0|req: 648/1302] 199.204.45.4 () {34 vars in 839 bytes} [Thu May 28 03:31:37 2026] DELETE /allocations/be08ae63-4f5a-46d3-a767-04052af5daaa => generated 0 bytes in 28 msecs (HTTP/1.1 204) 5 headers in 198 bytes (1 switches on core 0)
2026-05-28 03:31:37.377 8 INFO placement.requestlog [None req-b3e09a61-ce06-46e3-b34e-86d92ac407e2 - - - - - -] 10.0.0.246 "GET /" status: 200 len: 136 microversion: 1.0
2026-05-28 03:31:37.377 7 INFO placement.requestlog [None req-6e330f7d-dd6a-4ba8-a13a-675b7e78db5f - - - - - -] 10.0.0.246 "GET /" status: 200 len: 136 microversion: 1.0
2026-05-28 03:31:40.193 8 INFO placement.requestlog [req-993cdfd2-df38-4548-af03-777bdc16d171 req-4953175f-c6fe-40e1-92b6-74911f9db18b 0883ed11415749dba4855bcfc9263e7b a0633076151946349d47499926ffd2e1 - - 567eb350d5b6409f8e2ff55cd10f9a01 567eb350d5b6409f8e2ff55cd10f9a01] 199.204.45.4 "GET /resource_providers/a3dca9e1-8b60-410a-8c92-44a572f09723/allocations" status: 200 len: 253 microversion: 1.0 [pid: 8|app: 0|req: 656/1305] 199.204.45.4 () {32 vars in 855 bytes} [Thu May 28 03:31:40 2026] GET /resource_providers/a3dca9e1-8b60-410a-8c92-44a572f09723/allocations => generated 253 bytes in 19 msecs (HTTP/1.1 200) 6 headers in 224 bytes (1 switches on core 0)
2026-05-28 03:31:40.216 7 INFO placement.requestlog [req-993cdfd2-df38-4548-af03-777bdc16d171 req-6e5ab43a-64d4-4c73-8f75-ce946a6b73e4 0883ed11415749dba4855bcfc9263e7b a0633076151946349d47499926ffd2e1 - - 567eb350d5b6409f8e2ff55cd10f9a01 567eb350d5b6409f8e2ff55cd10f9a01] 199.204.45.4 "GET /resource_providers/a3dca9e1-8b60-410a-8c92-44a572f09723/allocations" status: 200 len: 253 microversion: 1.0 [pid: 7|app: 0|req: 650/1306] 199.204.45.4 () {32 vars in 855 bytes} [Thu May 28 03:31:40 2026] GET /resource_providers/a3dca9e1-8b60-410a-8c92-44a572f09723/allocations => generated 253 bytes in 14 msecs (HTTP/1.1 200) 6 headers in 224 bytes (1 switches on core 0)
2026-05-28 03:31:40.232 8 INFO placement.requestlog [req-993cdfd2-df38-4548-af03-777bdc16d171 req-d2a3f9fa-3de5-4bb5-999a-9d43a51f2e79 0883ed11415749dba4855bcfc9263e7b a0633076151946349d47499926ffd2e1 - - 567eb350d5b6409f8e2ff55cd10f9a01 567eb350d5b6409f8e2ff55cd10f9a01] 199.204.45.4 "GET /allocations/61cc6b59-4405-454d-bfbd-2f4db728bcdd" status: 200 len: 258 microversion: 1.28 [pid: 8|app: 0|req: 657/1307] 199.204.45.4 () {34 vars in 861 bytes} [Thu May 28 03:31:40 2026] GET /allocations/61cc6b59-4405-454d-bfbd-2f4db728bcdd => generated 258 bytes in 12 msecs (HTTP/1.1 200) 8 headers in 296 bytes (1 switches on core 0)
2026-05-28 03:31:40.249 7 INFO placement.requestlog [req-993cdfd2-df38-4548-af03-777bdc16d171 req-47a18674-18e6-4d05-91ba-8a72599a9609 0883ed11415749dba4855bcfc9263e7b a0633076151946349d47499926ffd2e1 - - 567eb350d5b6409f8e2ff55cd10f9a01 567eb350d5b6409f8e2ff55cd10f9a01] 199.204.45.4 "GET /allocations/710ad46a-a327-4838-bd9a-6c585a444c5a" status: 200 len: 258 microversion: 1.28 [pid: 7|app: 0|req: 651/1308] 199.204.45.4 () {34 vars in 861 bytes} [Thu May 28 03:31:40 2026] GET /allocations/710ad46a-a327-4838-bd9a-6c585a444c5a => generated 258 bytes in 11 msecs (HTTP/1.1 200) 8 headers in 296 bytes (1 switches on core 0)
2026-05-28 03:31:41.295 8 INFO placement.requestlog [req-87053bb4-5cfe-41dc-bdc1-a144a4364469 req-35c037f1-6059-47ed-9ba4-0e568a772f6c 0883ed11415749dba4855bcfc9263e7b a0633076151946349d47499926ffd2e1 - - 567eb350d5b6409f8e2ff55cd10f9a01 567eb350d5b6409f8e2ff55cd10f9a01] 199.204.45.4 "GET /resource_providers/a3dca9e1-8b60-410a-8c92-44a572f09723/allocations" status: 200 len: 253 microversion: 1.0 [pid: 8|app: 0|req: 658/1309] 199.204.45.4 () {32 vars in 855 bytes} [Thu May 28 03:31:41 2026] GET /resource_providers/a3dca9e1-8b60-410a-8c92-44a572f09723/allocations => generated 253 bytes in 18 msecs (HTTP/1.1 200) 6 headers in 224 bytes (1 switches on core 0)
2026-05-28 03:31:41.316 7 INFO placement.requestlog [req-87053bb4-5cfe-41dc-bdc1-a144a4364469 req-585ba466-a8b7-4668-95e0-d21b867b25ad 0883ed11415749dba4855bcfc9263e7b a0633076151946349d47499926ffd2e1 - - 567eb350d5b6409f8e2ff55cd10f9a01 567eb350d5b6409f8e2ff55cd10f9a01] 199.204.45.4 "GET /allocations/61cc6b59-4405-454d-bfbd-2f4db728bcdd" status: 200 len: 258 microversion: 1.28 [pid: 7|app: 0|req: 652/1310] 199.204.45.4 () {34 vars in 861 bytes} [Thu May 28 03:31:41 2026] GET /allocations/61cc6b59-4405-454d-bfbd-2f4db728bcdd => generated 258 bytes in 13 msecs (HTTP/1.1 200) 8 headers in 296 bytes (1 switches on core 0)
2026-05-28 03:31:41.337 8 INFO placement.requestlog [req-87053bb4-5cfe-41dc-bdc1-a144a4364469 req-18990e4a-ef56-4fb2-be30-628f136c2b95 0883ed11415749dba4855bcfc9263e7b a0633076151946349d47499926ffd2e1 - - 567eb350d5b6409f8e2ff55cd10f9a01 567eb350d5b6409f8e2ff55cd10f9a01] 199.204.45.4 "GET /allocations/710ad46a-a327-4838-bd9a-6c585a444c5a" status: 200 len: 258 microversion: 1.28 [pid: 8|app: 0|req: 659/1311] 199.204.45.4 () {34 vars in 861 bytes} [Thu May 28 03:31:41 2026] GET /allocations/710ad46a-a327-4838-bd9a-6c585a444c5a => generated 258 bytes in 14 msecs (HTTP/1.1 200) 8 headers in 296 bytes (1 switches on core 0)
2026-05-28 03:31:42.392 7 INFO placement.requestlog [req-87053bb4-5cfe-41dc-bdc1-a144a4364469 req-b34a7475-c067-4d76-bbbe-f9ff7afdb7f5 0883ed11415749dba4855bcfc9263e7b a0633076151946349d47499926ffd2e1 - - 567eb350d5b6409f8e2ff55cd10f9a01 567eb350d5b6409f8e2ff55cd10f9a01] 199.204.45.4 "DELETE /allocations/61cc6b59-4405-454d-bfbd-2f4db728bcdd" status: 204 len: 0 microversion: 1.0 [pid: 7|app: 0|req: 653/1312] 199.204.45.4 () {34 vars in 839 bytes} [Thu May 28 03:31:42 2026] DELETE /allocations/61cc6b59-4405-454d-bfbd-2f4db728bcdd => generated 0 bytes in 31 msecs (HTTP/1.1 204) 5 headers in 198 bytes (1 switches on core 0)
2026-05-28 03:31:47.377 8 INFO placement.requestlog [None req-0eb40585-ecc6-4fc5-b238-b721e8fad39d - - - - - -] 10.0.0.246 "GET /" status: 200 len: 136 microversion: 1.0
2026-05-28 03:31:47.377 7 INFO placement.requestlog [None req-e3fbb65f-dc40-4333-af2a-fcae64310d4a - - - - - -] 10.0.0.246 "GET /" status: 200 len: 136 microversion: 1.0
2026-05-28 03:31:51.311 8 INFO placement.requestlog [req-00b36c4d-3bfa-4519-aa40-d0028c8463f6 req-ca181986-aeaf-4ec1-8ea7-46dc13002648 0883ed11415749dba4855bcfc9263e7b a0633076151946349d47499926ffd2e1 - - 567eb350d5b6409f8e2ff55cd10f9a01 567eb350d5b6409f8e2ff55cd10f9a01] 199.204.45.4 "GET /resource_providers/a3dca9e1-8b60-410a-8c92-44a572f09723/allocations" status: 200 len: 153 microversion: 1.0 [pid: 8|app: 0|req: 661/1315] 199.204.45.4 () {32 vars in 855 bytes} [Thu May 28 03:31:51 2026] GET /resource_providers/a3dca9e1-8b60-410a-8c92-44a572f09723/allocations => generated 153 bytes in 17 msecs (HTTP/1.1 200) 6 headers in 224 bytes (1 switches on core 0)
2026-05-28 03:31:51.330 7 INFO placement.requestlog [req-00b36c4d-3bfa-4519-aa40-d0028c8463f6 req-cbc27cb1-e266-42da-8936-1652a22845e0 0883ed11415749dba4855bcfc9263e7b a0633076151946349d47499926ffd2e1 - - 567eb350d5b6409f8e2ff55cd10f9a01 567eb350d5b6409f8e2ff55cd10f9a01] 199.204.45.4 "GET /allocations/710ad46a-a327-4838-bd9a-6c585a444c5a" status: 200 len: 258 microversion: 1.28 [pid: 7|app: 0|req: 655/1316] 199.204.45.4 () {34 vars in 861 bytes} [Thu May 28 03:31:51 2026] GET /allocations/710ad46a-a327-4838-bd9a-6c585a444c5a => generated 258 bytes in 13 msecs (HTTP/1.1 200) 8 headers in 296 bytes (1 switches on core 0)
2026-05-28 03:31:52.379 8 INFO placement.requestlog [req-00b36c4d-3bfa-4519-aa40-d0028c8463f6 req-f3aa06b4-b368-4d3e-9a46-0d74cb5b853f 0883ed11415749dba4855bcfc9263e7b a0633076151946349d47499926ffd2e1 - - 567eb350d5b6409f8e2ff55cd10f9a01 567eb350d5b6409f8e2ff55cd10f9a01] 199.204.45.4 "DELETE /allocations/710ad46a-a327-4838-bd9a-6c585a444c5a" status: 204 len: 0 microversion: 1.0 [pid: 8|app: 0|req: 662/1317] 199.204.45.4 () {34 vars in 839 bytes} [Thu May 28 03:31:52 2026] DELETE /allocations/710ad46a-a327-4838-bd9a-6c585a444c5a => generated 0 bytes in 24 msecs (HTTP/1.1 204) 5 headers in 198 bytes (1 switches on core 0)
2026-05-28 03:31:57.376 8 INFO placement.requestlog [None req-600b56fe-3097-4acd-933b-40cdca22f24a - - - - - -] 10.0.0.246 "GET /" status: 200 len: 136 microversion: 1.0
2026-05-28 03:31:57.376 7 INFO placement.requestlog [None req-c9cf50ad-2e7d-4a52-afcd-ae8cf119da96 - - - - - -] 10.0.0.246 "GET /" status: 200 len: 136 microversion: 1.0
2026-05-28 03:32:02.671 7 INFO placement.requestlog [None req-dc349bf7-41ae-48ed-a009-a6443996227a aa070cdbd976400eae5a3b3cae61730e a0633076151946349d47499926ffd2e1 - - 567eb350d5b6409f8e2ff55cd10f9a01 567eb350d5b6409f8e2ff55cd10f9a01] 10.0.0.91 "GET /resource_providers/c9bb6132-4d51-4757-9ca1-1e7f0f4325a4/aggregates" status: 404 len: 235 microversion: 1.1 [pid: 7|app: 0|req: 657/1320] 10.0.0.91 () {32 vars in 815 bytes} [Thu May 28 03:32:02 2026] GET /resource_providers/c9bb6132-4d51-4757-9ca1-1e7f0f4325a4/aggregates => generated 235 bytes in 54 msecs (HTTP/1.1 404) 5 headers in 202 bytes (1 switches on core 0)
2026-05-28 03:32:02.675 8 INFO placement.requestlog [None req-97a51a61-4656-4cb0-b7c4-c86cc686edfd aa070cdbd976400eae5a3b3cae61730e a0633076151946349d47499926ffd2e1 - - 567eb350d5b6409f8e2ff55cd10f9a01 567eb350d5b6409f8e2ff55cd10f9a01] 10.0.0.91 "GET /resource_providers/c9bb6132-4d51-4757-9ca1-1e7f0f4325a4/aggregates" status: 404 len: 235 microversion: 1.1 [pid: 8|app: 0|req: 664/1321] 10.0.0.91 () {32 vars in 815 bytes} [Thu May 28 03:32:02 2026] GET /resource_providers/c9bb6132-4d51-4757-9ca1-1e7f0f4325a4/aggregates => generated 235 bytes in 58 msecs (HTTP/1.1 404) 5 headers in 202 bytes (1 switches on core 0)
2026-05-28 03:32:02.690 7 INFO placement.requestlog [None req-9f396ef7-dfef-4274-ac74-43e0cf5f1096 aa070cdbd976400eae5a3b3cae61730e a0633076151946349d47499926ffd2e1 - - 567eb350d5b6409f8e2ff55cd10f9a01 567eb350d5b6409f8e2ff55cd10f9a01] 10.0.0.91 "DELETE /resource_providers/c9bb6132-4d51-4757-9ca1-1e7f0f4325a4" status: 404 len: 246 microversion: 1.1 [pid: 7|app: 0|req: 658/1322] 10.0.0.91 () {34 vars in 815 bytes} [Thu May 28 03:32:02 2026] DELETE /resource_providers/c9bb6132-4d51-4757-9ca1-1e7f0f4325a4 => generated 246 bytes in 8 msecs (HTTP/1.1 404) 6 headers in 231 bytes (1 switches on core 0)
2026-05-28 03:32:02.701 8 INFO placement.requestlog [None req-6b905735-eec7-4322-b0e0-d23575bd090b aa070cdbd976400eae5a3b3cae61730e a0633076151946349d47499926ffd2e1 - - 567eb350d5b6409f8e2ff55cd10f9a01 567eb350d5b6409f8e2ff55cd10f9a01] 10.0.0.91 "DELETE /resource_providers/c9bb6132-4d51-4757-9ca1-1e7f0f4325a4" status: 404 len: 246 microversion: 1.1 [pid: 8|app: 0|req: 665/1323] 10.0.0.91 () {34 vars in 815 bytes} [Thu May 28 03:32:02 2026] DELETE /resource_providers/c9bb6132-4d51-4757-9ca1-1e7f0f4325a4 => generated 246 bytes in 13 msecs (HTTP/1.1 404) 6 headers in 231 bytes (1 switches on core 0)
2026-05-28 03:32:04.716 7 INFO placement.requestlog [None req-acda3b79-c9c4-4cb0-a1ed-762b9a782169 aa070cdbd976400eae5a3b3cae61730e a0633076151946349d47499926ffd2e1 - - 567eb350d5b6409f8e2ff55cd10f9a01 567eb350d5b6409f8e2ff55cd10f9a01] 10.0.0.91 "GET /resource_providers/5464adf4-c681-41dc-b42a-8071cc0067e7/aggregates" status: 404 len: 235 microversion: 1.1 [pid: 7|app: 0|req: 659/1324] 10.0.0.91 () {32 vars in 815 bytes} [Thu May 28 03:32:04 2026] GET /resource_providers/5464adf4-c681-41dc-b42a-8071cc0067e7/aggregates => generated 235 bytes in 14 msecs (HTTP/1.1 404) 5 headers in 202 bytes (1 switches on core 0)
2026-05-28 03:32:04.730 8 INFO placement.requestlog [None req-1faea409-c015-493f-9e55-6606b0ec44ba aa070cdbd976400eae5a3b3cae61730e a0633076151946349d47499926ffd2e1 - - 567eb350d5b6409f8e2ff55cd10f9a01 567eb350d5b6409f8e2ff55cd10f9a01] 10.0.0.91 "GET /resource_providers/5464adf4-c681-41dc-b42a-8071cc0067e7/aggregates" status: 404 len: 235 microversion: 1.1 [pid: 8|app: 0|req: 666/1325] 10.0.0.91 () {32 vars in 815 bytes} [Thu May 28 03:32:04 2026] GET /resource_providers/5464adf4-c681-41dc-b42a-8071cc0067e7/aggregates => generated 235 bytes in 16 msecs (HTTP/1.1 404) 5 headers in 202 bytes (1 switches on core 0)
2026-05-28 03:32:04.732 7 INFO placement.requestlog [None req-5fb7fff1-db4a-4d06-85c0-d20e78cda5d1 aa070cdbd976400eae5a3b3cae61730e a0633076151946349d47499926ffd2e1 - - 567eb350d5b6409f8e2ff55cd10f9a01 567eb350d5b6409f8e2ff55cd10f9a01] 10.0.0.91 "DELETE /resource_providers/5464adf4-c681-41dc-b42a-8071cc0067e7" status: 404 len: 246 microversion: 1.1 [pid: 7|app: 0|req: 660/1326] 10.0.0.91 () {34 vars in 815 bytes} [Thu May 28 03:32:04 2026] DELETE /resource_providers/5464adf4-c681-41dc-b42a-8071cc0067e7 => generated 246 bytes in 9 msecs (HTTP/1.1 404) 6 headers in 231 bytes (1 switches on core 0)
2026-05-28 03:32:04.757 8 INFO placement.requestlog [None req-d94a6b44-4fe0-418c-a7f5-74897760cb9b aa070cdbd976400eae5a3b3cae61730e a0633076151946349d47499926ffd2e1 - - 567eb350d5b6409f8e2ff55cd10f9a01 567eb350d5b6409f8e2ff55cd10f9a01] 10.0.0.91 "GET /resource_providers/33c01879-bf02-45dd-8d1f-c6736ba4bc4b/aggregates" status: 404 len: 235 microversion: 1.1 [pid: 8|app: 0|req: 667/1327] 10.0.0.91 () {32 vars in 815 bytes} [Thu May 28 03:32:04 2026] GET /resource_providers/33c01879-bf02-45dd-8d1f-c6736ba4bc4b/aggregates => generated 235 bytes in 13 msecs (HTTP/1.1 404) 5 headers in 202 bytes (1 switches on core 0)
