2026-05-19 04:08:36.857 9 INFO neutron.wsgi [req-ebc26207-53f9-4019-a6a2-ae54b238913a req-267d0d3f-aa81-442c-ad3f-2c02cba0752e 51e4636b5efb434ea13d26ada1977b47 6259a47dba6142d29307edc2b89b69d2 - - default default] 10.0.0.80 "GET /v2.0/security-groups/ba87e05f-aa37-4800-ac59-ece747948d1f HTTP/1.1" status: 404 len: 352 time: 0.0131567
2026-05-19 04:08:36.886 9 INFO neutron.api.v2.resource [req-e54b7402-14db-4342-ad90-aca384eadcd8 req-cc9e9b9d-9a2a-4445-9862-18e89f675234 51e4636b5efb434ea13d26ada1977b47 6259a47dba6142d29307edc2b89b69d2 - - default default] show failed (client error): The resource could not be found.
2026-05-19 04:08:36.888 9 INFO neutron.wsgi [req-e54b7402-14db-4342-ad90-aca384eadcd8 req-cc9e9b9d-9a2a-4445-9862-18e89f675234 51e4636b5efb434ea13d26ada1977b47 6259a47dba6142d29307edc2b89b69d2 - - default default] 10.0.0.80 "GET /v2.0/security-groups/296453ca-092d-47db-b562-1e56c77279e2 HTTP/1.1" status: 404 len: 352 time: 0.0119705
2026-05-19 04:08:36.888 10 INFO neutron.wsgi [None req-6b1c2392-c7d6-4907-9de7-7d187ee3d707 ce236c34059d4d0babda12e0bbe32b2e 0e5e868812414428a8f6c3218fbd1854 - - default default] 10.0.0.53 "DELETE /v2.0/routers/aa74aae8-57e2-43ce-be56-b9a75bb52f43 HTTP/1.1" status: 204 len: 168 time: 0.7730806
2026-05-19 04:08:36.924 9 INFO neutron.api.v2.resource [req-3cc0c9f5-9ed7-4446-b080-291ad82459b2 req-5b248f3e-8d3a-4cfe-85e0-90a136f922fa 51e4636b5efb434ea13d26ada1977b47 6259a47dba6142d29307edc2b89b69d2 - - default default] show failed (client error): The resource could not be found.
2026-05-19 04:08:36.925 9 INFO neutron.wsgi [req-3cc0c9f5-9ed7-4446-b080-291ad82459b2 req-5b248f3e-8d3a-4cfe-85e0-90a136f922fa 51e4636b5efb434ea13d26ada1977b47 6259a47dba6142d29307edc2b89b69d2 - - default default] 10.0.0.80 "GET /v2.0/security-groups/6c2f291e-c6e7-49bf-bace-f079fbf59a11 HTTP/1.1" status: 404 len: 352 time: 0.0184205
2026-05-19 04:08:36.965 10 INFO neutron.wsgi [req-3119eec0-2720-4c8a-aca4-9293af4e6554 req-821a7b99-dfe0-4b0e-a7e5-921a458044c7 d90ddc0e36f442ef969eeefc0e8a65a0 aa99a1b2c8464a0190733132f1fde0e0 - - 90f575837326456b8ab9bf10c47d7749 90f575837326456b8ab9bf10c47d7749] 10.0.0.80 "GET /v2.0/networks/7a90aa25-1627-40b3-b288-0acf17276efe?fields=provider%3Aphysical_network&fields=provider%3Anetwork_type HTTP/1.1" status: 200 len: 277 time: 0.0960901
2026-05-19 04:08:37.085 9 INFO neutron.wsgi [None req-661f6b98-77df-446b-9cc8-241fa7c6d9e3 ce236c34059d4d0babda12e0bbe32b2e 0e5e868812414428a8f6c3218fbd1854 - - default default] 10.0.0.53 "DELETE /v2.0/subnets/be6f9ca5-82e5-48f3-bcbf-292a6048e482 HTTP/1.1" status: 204 len: 168 time: 0.1907969
2026-05-19 04:08:37.179 10 INFO neutron.wsgi [req-ca441d1f-b4c0-49ca-9656-6005a3646ea0 req-06e8a248-ffa2-48bb-af9a-11fb10d7ae3d 13ba675076b345e9973177c3d0cf0f76 aaea1624e4704eb188c7dc1771a906fd - - default default] 10.0.0.80 "GET /v2.0/ports?device_id=2ca7d2c9-4585-4c3f-806a-c1cce12fddf9 HTTP/1.1" status: 200 len: 210 time: 0.0318177
2026-05-19 04:08:37.503 9 INFO neutron.db.ovn_revision_numbers_db [None req-39d941a3-0f1c-401e-8a78-be0ff53f56a4 84f2e35392b945eeab7749e5ca4252d6 8cc470d7c3ce4d928804cd9f47fd0ac6 - - default default] Successfully bumped revision number for resource 0980185c-da14-4c9e-a7df-d27508d490c3 (type: security_groups) to 1
2026-05-19 04:08:37.522 9 INFO neutron.db.ovn_revision_numbers_db [None req-39d941a3-0f1c-401e-8a78-be0ff53f56a4 84f2e35392b945eeab7749e5ca4252d6 8cc470d7c3ce4d928804cd9f47fd0ac6 - - default default] Successfully bumped revision number for resource 68c0139c-6cab-4a6c-b652-0ee0b9d1229e (type: security_group_rules) to 0
2026-05-19 04:08:37.546 9 INFO neutron.db.ovn_revision_numbers_db [None req-39d941a3-0f1c-401e-8a78-be0ff53f56a4 84f2e35392b945eeab7749e5ca4252d6 8cc470d7c3ce4d928804cd9f47fd0ac6 - - default default] Successfully bumped revision number for resource d0a95136-aefa-4bcb-bac5-61df87e6f1e3 (type: security_group_rules) to 0
2026-05-19 04:08:37.587 9 INFO neutron.wsgi [None req-39d941a3-0f1c-401e-8a78-be0ff53f56a4 84f2e35392b945eeab7749e5ca4252d6 8cc470d7c3ce4d928804cd9f47fd0ac6 - - default default] 10.0.0.53 "POST /v2.0/security-groups HTTP/1.1" status: 201 len: 1796 time: 0.4176402
2026-05-19 04:08:37.735 9 INFO neutron.wsgi [None req-87527fc3-479a-4f7e-b734-bc3a766bc52e ce236c34059d4d0babda12e0bbe32b2e 0e5e868812414428a8f6c3218fbd1854 - - default default] 10.0.0.53 "DELETE /v2.0/networks/df2f993e-9fb6-45a4-b603-9faa7530f613 HTTP/1.1" status: 204 len: 168 time: 0.6451924
2026-05-19 04:08:37.809 10 INFO neutron.db.ovn_revision_numbers_db [None req-a7fe85de-3c80-4874-a1f3-102a6620a34f 84f2e35392b945eeab7749e5ca4252d6 8cc470d7c3ce4d928804cd9f47fd0ac6 - - default default] Successfully bumped revision number for resource a7ad2a8d-c8cd-4901-a532-39a08d30d8aa (type: security_group_rules) to 0
2026-05-19 04:08:37.861 10 INFO neutron.wsgi [None req-a7fe85de-3c80-4874-a1f3-102a6620a34f 84f2e35392b945eeab7749e5ca4252d6 8cc470d7c3ce4d928804cd9f47fd0ac6 - - default default] 10.0.0.53 "POST /v2.0/security-group-rules HTTP/1.1" status: 201 len: 764 time: 0.2620049
2026-05-19 04:08:37.941 9 INFO neutron.wsgi [None req-1dc463a3-38c9-419f-977a-d4eb2a18ec62 ce236c34059d4d0babda12e0bbe32b2e 0e5e868812414428a8f6c3218fbd1854 - - default default] 10.0.0.53 "GET /v2.0/security-groups?tenant_id=a5f3a76ffadc465eb384a449f970fe1c&name=default HTTP/1.1" status: 200 len: 2992 time: 0.0459511
2026-05-19 04:08:38.024 9 INFO neutron.db.ovn_revision_numbers_db [None req-edcc9a9a-253c-4bb1-9676-58321c7f46ad 84f2e35392b945eeab7749e5ca4252d6 8cc470d7c3ce4d928804cd9f47fd0ac6 - - default default] Successfully bumped revision number for resource e4eb29e1-0bd9-4ac4-9290-97ba579fa095 (type: security_group_rules) to 0
2026-05-19 04:08:38.070 9 INFO neutron.wsgi [None req-edcc9a9a-253c-4bb1-9676-58321c7f46ad 84f2e35392b945eeab7749e5ca4252d6 8cc470d7c3ce4d928804cd9f47fd0ac6 - - default default] 10.0.0.53 "POST /v2.0/security-group-rules HTTP/1.1" status: 201 len: 769 time: 0.2027638
2026-05-19 04:08:38.195 9 INFO neutron.services.segments.plugin [-] Segment daddcdf3-2a82-4eb5-998d-29f40a9f6f02 resource provider aggregate not found
2026-05-19 04:08:38.201 9 INFO neutron.services.segments.plugin [-] Segment daddcdf3-2a82-4eb5-998d-29f40a9f6f02 resource provider aggregate not found
2026-05-19 04:08:38.216 9 INFO neutron.services.segments.plugin [-] Segment daddcdf3-2a82-4eb5-998d-29f40a9f6f02 resource provider not found; error: Placement Client Error (4xx): {"errors": [{"status": 404, "title": "Not Found", "detail": "The resource could not be found.\n\n No resource provider with uuid daddcdf3-2a82-4eb5-998d-29f40a9f6f02 found for delete ", "request_id": "req-81785a48-c675-4d2a-8834-5febaba9e1a5"}]}
2026-05-19 04:08:38.224 9 INFO neutron.services.segments.plugin [-] Segment daddcdf3-2a82-4eb5-998d-29f40a9f6f02 resource provider not found; error: Placement Client Error (4xx): {"errors": [{"status": 404, "title": "Not Found", "detail": "The resource could not be found.\n\n No resource provider with uuid daddcdf3-2a82-4eb5-998d-29f40a9f6f02 found for delete ", "request_id": "req-3cf81750-65a3-4294-8ac2-71cba9368dae"}]}
2026-05-19 04:08:38.316 9 INFO neutron.wsgi [None req-029bdd05-d64e-4e49-843d-3f891b4820ff ce236c34059d4d0babda12e0bbe32b2e 0e5e868812414428a8f6c3218fbd1854 - - default default] 10.0.0.53 "DELETE /v2.0/security-groups/ed26a335-bee4-43d8-aec2-9366a34a0e30 HTTP/1.1" status: 204 len: 168 time: 0.3602824
2026-05-19 04:08:38.328 9 INFO neutron.wsgi [req-c843b410-a1c6-49d1-9406-ec8b2a8ab426 req-bd7d7cd2-3d28-4ad4-a417-9b096601dcf4 13ba675076b345e9973177c3d0cf0f76 aaea1624e4704eb188c7dc1771a906fd - - default default] 10.0.0.80 "GET /v2.0/ports?device_id=2ca7d2c9-4585-4c3f-806a-c1cce12fddf9 HTTP/1.1" status: 200 len: 210 time: 0.0373285
2026-05-19 04:08:38.377 10 INFO neutron.wsgi [None req-2c749e8b-05ae-4ff1-91c8-bfa510236107 ce236c34059d4d0babda12e0bbe32b2e 0e5e868812414428a8f6c3218fbd1854 - - default default] 10.0.0.53 "PUT /v2.0/routers/7146b75e-6f59-4159-a30b-2f8bcbd1ece9/remove_router_interface HTTP/1.1" status: 200 len: 503 time: 1.4422126
2026-05-19 04:08:38.489 9 WARNING neutron.scheduler.dhcp_agent_scheduler [None req-24c46306-9d1a-4f00-bc08-0f8cb351b37f 84f2e35392b945eeab7749e5ca4252d6 8cc470d7c3ce4d928804cd9f47fd0ac6 - - default default] No more DHCP agents
2026-05-19 04:08:38.493 9 WARNING neutron.api.rpc.agentnotifiers.dhcp_rpc_agent_api [None req-24c46306-9d1a-4f00-bc08-0f8cb351b37f 84f2e35392b945eeab7749e5ca4252d6 8cc470d7c3ce4d928804cd9f47fd0ac6 - - default default] Unable to schedule network e18f6192-7bae-4335-85f7-38be0ae35f75: no agents available; will retry on subsequent port and subnet creation events. /var/lib/openstack/lib/python3.10/site-packages/pycadf/identifier.py:71: UserWarning: Invalid uuid: neutron. To ensure interoperability, identifiers should be a valid uuid. warnings.warn(('Invalid uuid: %s. To ensure interoperability, '
2026-05-19 04:08:38.954 10 INFO neutron.wsgi [req-3119eec0-2720-4c8a-aca4-9293af4e6554 req-2997e1d8-d0da-445c-980e-4dc420f84321 13ba675076b345e9973177c3d0cf0f76 aaea1624e4704eb188c7dc1771a906fd - - default default] 199.19.213.191 "GET /v2.0/networks?id=7a90aa25-1627-40b3-b288-0acf17276efe HTTP/1.1" status: 200 len: 874 time: 0.2163858
2026-05-19 04:08:39.083 10 INFO neutron.wsgi [req-3119eec0-2720-4c8a-aca4-9293af4e6554 req-957ab659-9fbb-4975-9647-8af34eae66bd 13ba675076b345e9973177c3d0cf0f76 aaea1624e4704eb188c7dc1771a906fd - - default default] 199.19.213.191 "GET /v2.0/security-groups?fields=id&fields=name&tenant_id=aaea1624e4704eb188c7dc1771a906fd HTTP/1.1" status: 200 len: 380 time: 0.1018503
2026-05-19 04:08:39.235 9 INFO neutron.db.ovn_revision_numbers_db [None req-24c46306-9d1a-4f00-bc08-0f8cb351b37f 84f2e35392b945eeab7749e5ca4252d6 8cc470d7c3ce4d928804cd9f47fd0ac6 - - default default] Successfully bumped revision number for resource 46efd330-20ad-4cd8-9b83-4da8814adefc (type: floatingips) to 0
2026-05-19 04:08:39.270 9 INFO neutron.wsgi [None req-24c46306-9d1a-4f00-bc08-0f8cb351b37f 84f2e35392b945eeab7749e5ca4252d6 8cc470d7c3ce4d928804cd9f47fd0ac6 - - default default] 10.0.0.53 "POST /v2.0/floatingips HTTP/1.1" status: 201 len: 751 time: 1.1916289
2026-05-19 04:08:39.480 9 INFO neutron.wsgi [None req-b8aa6dce-1dc9-4c35-8735-6fa3fbb0f8c9 ce236c34059d4d0babda12e0bbe32b2e 0e5e868812414428a8f6c3218fbd1854 - - default default] 10.0.0.53 "DELETE /v2.0/routers/7146b75e-6f59-4159-a30b-2f8bcbd1ece9 HTTP/1.1" status: 204 len: 168 time: 1.0927658
2026-05-19 04:08:39.533 10 INFO neutron.wsgi [req-16f8b0ec-b6ff-4192-8aca-22563dd4e7d3 req-10ecdbf2-01fd-4299-a5d9-185410b40818 13ba675076b345e9973177c3d0cf0f76 aaea1624e4704eb188c7dc1771a906fd - - default default] 10.0.0.80 "GET /v2.0/ports?device_id=2ca7d2c9-4585-4c3f-806a-c1cce12fddf9 HTTP/1.1" status: 200 len: 210 time: 0.0239153
2026-05-19 04:08:39.574 10 WARNING neutron.scheduler.dhcp_agent_scheduler [req-3119eec0-2720-4c8a-aca4-9293af4e6554 req-a054244e-006f-476b-9acb-d835abf70be7 13ba675076b345e9973177c3d0cf0f76 aaea1624e4704eb188c7dc1771a906fd - - default default] No more DHCP agents
2026-05-19 04:08:39.577 10 WARNING neutron.api.rpc.agentnotifiers.dhcp_rpc_agent_api [req-3119eec0-2720-4c8a-aca4-9293af4e6554 req-a054244e-006f-476b-9acb-d835abf70be7 13ba675076b345e9973177c3d0cf0f76 aaea1624e4704eb188c7dc1771a906fd - - default default] Unable to schedule network 7a90aa25-1627-40b3-b288-0acf17276efe: no agents available; will retry on subsequent port and subnet creation events.
2026-05-19 04:08:39.742 10 INFO neutron.wsgi [None req-815ccf0c-d97b-4561-842a-ac49ed0ee955 ce236c34059d4d0babda12e0bbe32b2e 0e5e868812414428a8f6c3218fbd1854 - - default default] 10.0.0.53 "DELETE /v2.0/subnets/16095fd1-1af8-475f-9345-5afbeedd9d6c HTTP/1.1" status: 204 len: 168 time: 0.2556946 /var/lib/openstack/lib/python3.10/site-packages/pycadf/identifier.py:71: UserWarning: Invalid uuid: neutron. To ensure interoperability, identifiers should be a valid uuid. warnings.warn(('Invalid uuid: %s. To ensure interoperability, '
2026-05-19 04:08:39.787 10 INFO neutron.db.ovn_revision_numbers_db [req-3119eec0-2720-4c8a-aca4-9293af4e6554 req-a054244e-006f-476b-9acb-d835abf70be7 13ba675076b345e9973177c3d0cf0f76 aaea1624e4704eb188c7dc1771a906fd - - default default] Successfully bumped revision number for resource 508d3630-d43a-4176-8f75-815b2dc25e64 (type: ports) to 1
2026-05-19 04:08:39.816 10 INFO neutron.wsgi [req-3119eec0-2720-4c8a-aca4-9293af4e6554 req-a054244e-006f-476b-9acb-d835abf70be7 13ba675076b345e9973177c3d0cf0f76 aaea1624e4704eb188c7dc1771a906fd - - default default] 199.19.213.191 "POST /v2.0/ports HTTP/1.1" status: 201 len: 1162 time: 0.7264276
2026-05-19 04:08:39.828 10 INFO neutron.wsgi [req-3119eec0-2720-4c8a-aca4-9293af4e6554 req-b5d84b38-797b-431b-b75e-1cd44ec541f3 13ba675076b345e9973177c3d0cf0f76 aaea1624e4704eb188c7dc1771a906fd - - default default] 199.19.213.191 "GET /v2.0/extensions HTTP/1.1" status: 200 len: 16525 time: 0.0066736
2026-05-19 04:08:40.097 10 INFO neutron.wsgi [None req-32a3bbbd-3fbe-4256-9f26-3397a27db485 ce236c34059d4d0babda12e0bbe32b2e 0e5e868812414428a8f6c3218fbd1854 - - default default] 10.0.0.53 "DELETE /v2.0/networks/d59c9dd5-6414-4d9d-8c2a-b2187cf78c0a HTTP/1.1" status: 204 len: 168 time: 0.3492229
2026-05-19 04:08:40.426 9 WARNING neutron.plugins.ml2.drivers.ovn.mech_driver.ovsdb.ovn_client [None req-8bac5458-4588-43bb-b5a9-3be57fee1436 - - - - - -] No port found with ID dc52dadd-aca0-4753-ab71-22ace4a98969: RuntimeError: No port found with ID dc52dadd-aca0-4753-ab71-22ace4a98969
2026-05-19 04:08:40.427 9 INFO neutron.plugins.ml2.drivers.ovn.mech_driver.mech_driver [None req-8bac5458-4588-43bb-b5a9-3be57fee1436 - - - - - -] OVN reports status up for port: 28fdba6a-096b-40e5-9218-7e376af4d491
2026-05-19 04:08:40.444 9 INFO neutron.plugins.ml2.plugin [None req-8bac5458-4588-43bb-b5a9-3be57fee1436 - - - - - -] Attempt 1 to provision port 28fdba6a-096b-40e5-9218-7e376af4d491
2026-05-19 04:08:40.511 10 INFO neutron.wsgi [None req-3501e9ea-954c-4a65-8167-167b0464a34b ce236c34059d4d0babda12e0bbe32b2e 0e5e868812414428a8f6c3218fbd1854 - - default default] 10.0.0.53 "GET /v2.0/security-groups?tenant_id=6259a47dba6142d29307edc2b89b69d2&name=default HTTP/1.1" status: 200 len: 2992 time: 0.0475366
2026-05-19 04:08:40.697 10 INFO neutron.services.segments.plugin [-] Segment e0620a0b-66f1-4c7e-aedd-c7b2744e7eff resource provider aggregate not found
2026-05-19 04:08:40.703 10 INFO neutron.services.segments.plugin [-] Segment e0620a0b-66f1-4c7e-aedd-c7b2744e7eff resource provider aggregate not found
2026-05-19 04:08:40.717 10 INFO neutron.services.segments.plugin [-] Segment e0620a0b-66f1-4c7e-aedd-c7b2744e7eff resource provider not found; error: Placement Client Error (4xx): {"errors": [{"status": 404, "title": "Not Found", "detail": "The resource could not be found.\n\n No resource provider with uuid e0620a0b-66f1-4c7e-aedd-c7b2744e7eff found for delete ", "request_id": "req-dd665e4c-ddc9-4341-9873-163d99935bfc"}]}
2026-05-19 04:08:40.730 10 INFO neutron.services.segments.plugin [-] Segment e0620a0b-66f1-4c7e-aedd-c7b2744e7eff resource provider not found; error: Placement Client Error (4xx): {"errors": [{"status": 404, "title": "Not Found", "detail": "The resource could not be found.\n\n No resource provider with uuid e0620a0b-66f1-4c7e-aedd-c7b2744e7eff found for delete ", "request_id": "req-fbba8646-fc4d-43c1-82e2-53d5aa5c2e25"}]}
2026-05-19 04:08:40.791 9 INFO neutron.wsgi [req-abbe4cc0-8c31-4eca-a520-130c087e895a req-11136106-0f4d-4663-9ec6-a57dd9e7c3da 13ba675076b345e9973177c3d0cf0f76 aaea1624e4704eb188c7dc1771a906fd - - default default] 10.0.0.80 "GET /v2.0/ports?device_id=2ca7d2c9-4585-4c3f-806a-c1cce12fddf9 HTTP/1.1" status: 200 len: 1160 time: 0.1764054
2026-05-19 04:08:40.846 9 INFO neutron.db.ovn_revision_numbers_db [None req-8bac5458-4588-43bb-b5a9-3be57fee1436 - - - - - -] Successfully bumped revision number for resource 28fdba6a-096b-40e5-9218-7e376af4d491 (type: ports) to 2
2026-05-19 04:08:40.868 10 INFO neutron.wsgi [None req-7841e0bc-4fd9-4999-b9a8-8ba4974f87d4 ce236c34059d4d0babda12e0bbe32b2e 0e5e868812414428a8f6c3218fbd1854 - - default default] 10.0.0.53 "DELETE /v2.0/security-groups/1493ba92-113a-4983-a1cd-e67641c53631 HTTP/1.1" status: 204 len: 168 time: 0.3506358
2026-05-19 04:08:40.899 9 INFO neutron.wsgi [req-abbe4cc0-8c31-4eca-a520-130c087e895a req-6e812d1a-dd05-4e14-a451-f54194db89dd 13ba675076b345e9973177c3d0cf0f76 aaea1624e4704eb188c7dc1771a906fd - - default default] 10.0.0.80 "GET /v2.0/security-groups?id=0341a113-4c8d-4f98-a331-6aaf3ef046f5&fields=id&fields=name HTTP/1.1" status: 200 len: 313 time: 0.0843394
2026-05-19 04:08:40.902 9 INFO neutron.db.ovn_revision_numbers_db [None req-04045e67-b70e-4606-87ec-a30addd25781 ce236c34059d4d0babda12e0bbe32b2e 0e5e868812414428a8f6c3218fbd1854 - - default default] Successfully bumped revision number for resource ddb5da51-ee12-4263-b552-d182805d521f (type: security_groups) to 1
2026-05-19 04:08:40.930 9 INFO neutron.db.ovn_revision_numbers_db [None req-04045e67-b70e-4606-87ec-a30addd25781 ce236c34059d4d0babda12e0bbe32b2e 0e5e868812414428a8f6c3218fbd1854 - - default default] Successfully bumped revision number for resource 2cbad525-9de4-4bdb-829e-8f2c3d3015b6 (type: security_group_rules) to 0
2026-05-19 04:08:40.947 9 INFO neutron.db.ovn_revision_numbers_db [None req-04045e67-b70e-4606-87ec-a30addd25781 ce236c34059d4d0babda12e0bbe32b2e 0e5e868812414428a8f6c3218fbd1854 - - default default] Successfully bumped revision number for resource 50715cdd-13bd-45c1-9781-09424a7b4bc9 (type: security_group_rules) to 0
2026-05-19 04:08:40.969 9 INFO neutron.db.ovn_revision_numbers_db [None req-04045e67-b70e-4606-87ec-a30addd25781 ce236c34059d4d0babda12e0bbe32b2e 0e5e868812414428a8f6c3218fbd1854 - - default default] Successfully bumped revision number for resource 859c620d-6150-476c-92c8-e57e96526d39 (type: security_group_rules) to 0
2026-05-19 04:08:40.989 9 INFO neutron.db.ovn_revision_numbers_db [None req-04045e67-b70e-4606-87ec-a30addd25781 ce236c34059d4d0babda12e0bbe32b2e 0e5e868812414428a8f6c3218fbd1854 - - default default] Successfully bumped revision number for resource c70cafe8-259d-4580-b890-e540c9047626 (type: security_group_rules) to 0
2026-05-19 04:08:40.996 9 INFO neutron.db.ovn_revision_numbers_db [None req-8bac5458-4588-43bb-b5a9-3be57fee1436 - - - - - -] Successfully bumped revision number for resource 28fdba6a-096b-40e5-9218-7e376af4d491 (type: router_ports) to 2
2026-05-19 04:08:41.050 9 INFO neutron.db.segments_db [None req-04045e67-b70e-4606-87ec-a30addd25781 ce236c34059d4d0babda12e0bbe32b2e 0e5e868812414428a8f6c3218fbd1854 - - default default] Added segment 76c9fd09-fd2c-4764-bbc1-6bb811ae796f of type geneve for network a67d3515-ee45-4242-98ba-857c05e623d5
2026-05-19 04:08:41.123 10 INFO neutron.db.ovn_revision_numbers_db [req-3119eec0-2720-4c8a-aca4-9293af4e6554 req-82fa2f94-3c3f-4594-9c9a-39bb66317196 d90ddc0e36f442ef969eeefc0e8a65a0 aa99a1b2c8464a0190733132f1fde0e0 - - 90f575837326456b8ab9bf10c47d7749 90f575837326456b8ab9bf10c47d7749] Successfully bumped revision number for resource 508d3630-d43a-4176-8f75-815b2dc25e64 (type: ports) to 2
2026-05-19 04:08:41.183 9 INFO neutron.db.ovn_revision_numbers_db [None req-04045e67-b70e-4606-87ec-a30addd25781 ce236c34059d4d0babda12e0bbe32b2e 0e5e868812414428a8f6c3218fbd1854 - - default default] Successfully bumped revision number for resource a67d3515-ee45-4242-98ba-857c05e623d5 (type: networks) to 1
2026-05-19 04:08:41.338 10 INFO neutron.db.ovn_revision_numbers_db [req-3119eec0-2720-4c8a-aca4-9293af4e6554 req-82fa2f94-3c3f-4594-9c9a-39bb66317196 d90ddc0e36f442ef969eeefc0e8a65a0 aa99a1b2c8464a0190733132f1fde0e0 - - 90f575837326456b8ab9bf10c47d7749 90f575837326456b8ab9bf10c47d7749] Successfully bumped revision number for resource 508d3630-d43a-4176-8f75-815b2dc25e64 (type: ports) to 2
2026-05-19 04:08:41.355 10 INFO neutron.wsgi [req-3119eec0-2720-4c8a-aca4-9293af4e6554 req-82fa2f94-3c3f-4594-9c9a-39bb66317196 d90ddc0e36f442ef969eeefc0e8a65a0 aa99a1b2c8464a0190733132f1fde0e0 - - 90f575837326456b8ab9bf10c47d7749 90f575837326456b8ab9bf10c47d7749] 199.19.213.191 "PUT /v2.0/ports/508d3630-d43a-4176-8f75-815b2dc25e64 HTTP/1.1" status: 200 len: 1380 time: 1.1279171
2026-05-19 04:08:41.370 9 WARNING neutron.scheduler.dhcp_agent_scheduler [None req-04045e67-b70e-4606-87ec-a30addd25781 ce236c34059d4d0babda12e0bbe32b2e 0e5e868812414428a8f6c3218fbd1854 - - default default] No more DHCP agents
2026-05-19 04:08:41.373 9 WARNING neutron.api.rpc.agentnotifiers.dhcp_rpc_agent_api [None req-04045e67-b70e-4606-87ec-a30addd25781 ce236c34059d4d0babda12e0bbe32b2e 0e5e868812414428a8f6c3218fbd1854 - - default default] Unable to schedule network a67d3515-ee45-4242-98ba-857c05e623d5: no agents available; will retry on subsequent port and subnet creation events. /var/lib/openstack/lib/python3.10/site-packages/pycadf/identifier.py:71: UserWarning: Invalid uuid: neutron. To ensure interoperability, identifiers should be a valid uuid. warnings.warn(('Invalid uuid: %s. To ensure interoperability, '
2026-05-19 04:08:41.448 9 INFO neutron.db.ovn_revision_numbers_db [None req-04045e67-b70e-4606-87ec-a30addd25781 ce236c34059d4d0babda12e0bbe32b2e 0e5e868812414428a8f6c3218fbd1854 - - default default] Successfully bumped revision number for resource 9db3611f-a49a-4453-9e8b-7dbe6914fa72 (type: ports) to 1
2026-05-19 04:08:41.450 10 INFO neutron.wsgi [req-3119eec0-2720-4c8a-aca4-9293af4e6554 req-43b3eaeb-1878-4095-bfc5-4d154d7b605e d90ddc0e36f442ef969eeefc0e8a65a0 aa99a1b2c8464a0190733132f1fde0e0 - - 90f575837326456b8ab9bf10c47d7749 90f575837326456b8ab9bf10c47d7749] 199.19.213.191 "GET /v2.0/ports?tenant_id=aaea1624e4704eb188c7dc1771a906fd&device_id=2ca7d2c9-4585-4c3f-806a-c1cce12fddf9 HTTP/1.1" status: 200 len: 1411 time: 0.0534365
2026-05-19 04:08:41.471 9 INFO neutron.wsgi [None req-04045e67-b70e-4606-87ec-a30addd25781 ce236c34059d4d0babda12e0bbe32b2e 0e5e868812414428a8f6c3218fbd1854 - - default default] 10.0.0.53 "POST /v2.0/networks HTTP/1.1" status: 201 len: 938 time: 1.1902843
2026-05-19 04:08:41.487 10 INFO neutron.wsgi [req-3119eec0-2720-4c8a-aca4-9293af4e6554 req-3e4fedca-6364-471b-bb83-564dfd3e7561 d90ddc0e36f442ef969eeefc0e8a65a0 aa99a1b2c8464a0190733132f1fde0e0 - - 90f575837326456b8ab9bf10c47d7749 90f575837326456b8ab9bf10c47d7749] 199.19.213.191 "GET /v2.0/floatingips?fixed_ip_address=10.100.0.12&port_id=508d3630-d43a-4176-8f75-815b2dc25e64 HTTP/1.1" status: 200 len: 217 time: 0.0281951
2026-05-19 04:08:41.522 10 INFO neutron.wsgi [req-3119eec0-2720-4c8a-aca4-9293af4e6554 req-6d198661-7137-4bcd-b004-a22f9765458f d90ddc0e36f442ef969eeefc0e8a65a0 aa99a1b2c8464a0190733132f1fde0e0 - - 90f575837326456b8ab9bf10c47d7749 90f575837326456b8ab9bf10c47d7749] 199.19.213.191 "GET /v2.0/subnets?id=3cbb9e29-01c5-4cbd-b287-479fb0ded2f9 HTTP/1.1" status: 200 len: 868 time: 0.0301237
2026-05-19 04:08:41.558 10 INFO neutron.wsgi [req-3119eec0-2720-4c8a-aca4-9293af4e6554 req-09643c93-3b71-4190-aa57-c62b0eef4692 d90ddc0e36f442ef969eeefc0e8a65a0 aa99a1b2c8464a0190733132f1fde0e0 - - 90f575837326456b8ab9bf10c47d7749 90f575837326456b8ab9bf10c47d7749] 199.19.213.191 "GET /v2.0/ports?network_id=7a90aa25-1627-40b3-b288-0acf17276efe&device_owner=network%3Adhcp HTTP/1.1" status: 200 len: 210 time: 0.0272684
2026-05-19 04:08:41.618 10 INFO neutron.wsgi [req-3119eec0-2720-4c8a-aca4-9293af4e6554 req-cf5d170c-5661-4f6c-95e4-227f9d1e6ec2 d90ddc0e36f442ef969eeefc0e8a65a0 aa99a1b2c8464a0190733132f1fde0e0 - - 90f575837326456b8ab9bf10c47d7749 90f575837326456b8ab9bf10c47d7749] 199.19.213.191 "GET /v2.0/networks/7a90aa25-1627-40b3-b288-0acf17276efe?fields=segments HTTP/1.1" status: 200 len: 212 time: 0.0536625
2026-05-19 04:08:41.626 9 WARNING neutron.scheduler.dhcp_agent_scheduler [None req-663562d2-0931-4718-9fcb-a6adf619a383 ce236c34059d4d0babda12e0bbe32b2e 0e5e868812414428a8f6c3218fbd1854 - - default default] No more DHCP agents
2026-05-19 04:08:41.628 9 WARNING neutron.api.rpc.agentnotifiers.dhcp_rpc_agent_api [None req-663562d2-0931-4718-9fcb-a6adf619a383 ce236c34059d4d0babda12e0bbe32b2e 0e5e868812414428a8f6c3218fbd1854 - - default default] Unable to schedule network a67d3515-ee45-4242-98ba-857c05e623d5: no agents available; will retry on subsequent port and subnet creation events.
2026-05-19 04:08:41.688 10 INFO neutron.wsgi [req-3119eec0-2720-4c8a-aca4-9293af4e6554 req-489a87c5-4f58-47cf-a466-f7771ff3856e d90ddc0e36f442ef969eeefc0e8a65a0 aa99a1b2c8464a0190733132f1fde0e0 - - 90f575837326456b8ab9bf10c47d7749 90f575837326456b8ab9bf10c47d7749] 199.19.213.191 "GET /v2.0/networks/7a90aa25-1627-40b3-b288-0acf17276efe?fields=provider%3Aphysical_network&fields=provider%3Anetwork_type HTTP/1.1" status: 200 len: 277 time: 0.0623102
2026-05-19 04:08:41.975 10 INFO neutron.notifiers.nova [-] Nova event matching ['req-fc4e0f04-3faf-424c-867d-f142e6f25426'] response: {'name': 'network-changed', 'server_uuid': '2ca7d2c9-4585-4c3f-806a-c1cce12fddf9', 'tag': '508d3630-d43a-4176-8f75-815b2dc25e64', 'status': 'completed', 'code': 200}
2026-05-19 04:08:42.062 10 INFO neutron.wsgi [req-5095a1b2-a99b-4e01-9280-d1706a4b92e6 req-03c5282c-623d-4ce0-abaa-e529cb5c5784 d90ddc0e36f442ef969eeefc0e8a65a0 aa99a1b2c8464a0190733132f1fde0e0 - - 90f575837326456b8ab9bf10c47d7749 90f575837326456b8ab9bf10c47d7749] 199.19.213.191 "GET /v2.0/ports?tenant_id=aaea1624e4704eb188c7dc1771a906fd&device_id=2ca7d2c9-4585-4c3f-806a-c1cce12fddf9 HTTP/1.1" status: 200 len: 1411 time: 0.0414915
2026-05-19 04:08:42.155 10 INFO neutron.wsgi [req-5095a1b2-a99b-4e01-9280-d1706a4b92e6 req-c5a14f61-d2b2-49ba-934e-3b4af4971ada d90ddc0e36f442ef969eeefc0e8a65a0 aa99a1b2c8464a0190733132f1fde0e0 - - 90f575837326456b8ab9bf10c47d7749 90f575837326456b8ab9bf10c47d7749] 199.19.213.191 "GET /v2.0/networks?id=7a90aa25-1627-40b3-b288-0acf17276efe HTTP/1.1" status: 200 len: 973 time: 0.0724204
2026-05-19 04:08:42.193 10 INFO neutron.wsgi [req-5095a1b2-a99b-4e01-9280-d1706a4b92e6 req-7e58012e-1ae3-49d9-9d70-123e32059b43 d90ddc0e36f442ef969eeefc0e8a65a0 aa99a1b2c8464a0190733132f1fde0e0 - - 90f575837326456b8ab9bf10c47d7749 90f575837326456b8ab9bf10c47d7749] 199.19.213.191 "GET /v2.0/floatingips?fixed_ip_address=10.100.0.12&port_id=508d3630-d43a-4176-8f75-815b2dc25e64 HTTP/1.1" status: 200 len: 217 time: 0.0274296
2026-05-19 04:08:42.211 9 INFO neutron.wsgi [req-93330d5f-6f64-4422-91b6-21da182517c5 req-b9034d79-7249-4f67-a1e5-a835ca5b9d4e 13ba675076b345e9973177c3d0cf0f76 aaea1624e4704eb188c7dc1771a906fd - - default default] 10.0.0.80 "GET /v2.0/ports?device_id=2ca7d2c9-4585-4c3f-806a-c1cce12fddf9 HTTP/1.1" status: 200 len: 1172 time: 0.0494649
2026-05-19 04:08:42.213 9 INFO neutron.db.ovn_revision_numbers_db [None req-663562d2-0931-4718-9fcb-a6adf619a383 ce236c34059d4d0babda12e0bbe32b2e 0e5e868812414428a8f6c3218fbd1854 - - default default] Successfully bumped revision number for resource 9db3611f-a49a-4453-9e8b-7dbe6914fa72 (type: ports) to 2
2026-05-19 04:08:42.267 10 INFO neutron.wsgi [req-5095a1b2-a99b-4e01-9280-d1706a4b92e6 req-592bfc45-911c-4042-976b-5868845bd6b0 d90ddc0e36f442ef969eeefc0e8a65a0 aa99a1b2c8464a0190733132f1fde0e0 - - 90f575837326456b8ab9bf10c47d7749 90f575837326456b8ab9bf10c47d7749] 199.19.213.191 "GET /v2.0/subnets?id=3cbb9e29-01c5-4cbd-b287-479fb0ded2f9 HTTP/1.1" status: 200 len: 868 time: 0.0676107
2026-05-19 04:08:42.300 9 INFO neutron.wsgi [req-93330d5f-6f64-4422-91b6-21da182517c5 req-bf482123-0d03-4c3d-a7fb-85c60c09a9e6 13ba675076b345e9973177c3d0cf0f76 aaea1624e4704eb188c7dc1771a906fd - - default default] 10.0.0.80 "GET /v2.0/security-groups?id=0341a113-4c8d-4f98-a331-6aaf3ef046f5&fields=id&fields=name HTTP/1.1" status: 200 len: 313 time: 0.0789661
2026-05-19 04:08:42.302 9 INFO neutron.db.ovn_revision_numbers_db [None req-663562d2-0931-4718-9fcb-a6adf619a383 ce236c34059d4d0babda12e0bbe32b2e 0e5e868812414428a8f6c3218fbd1854 - - default default] Successfully bumped revision number for resource 06fc3f84-9e4f-48cf-8c13-6eb9df310ac0 (type: subnets) to 0
2026-05-19 04:08:42.318 9 INFO neutron.wsgi [None req-663562d2-0931-4718-9fcb-a6adf619a383 ce236c34059d4d0babda12e0bbe32b2e 0e5e868812414428a8f6c3218fbd1854 - - default default] 10.0.0.53 "POST /v2.0/subnets HTTP/1.1" status: 201 len: 858 time: 0.8355989
2026-05-19 04:08:42.389 10 INFO neutron.wsgi [req-5095a1b2-a99b-4e01-9280-d1706a4b92e6 req-bb7e30ee-3465-4389-b590-a043b73112bf d90ddc0e36f442ef969eeefc0e8a65a0 aa99a1b2c8464a0190733132f1fde0e0 - - 90f575837326456b8ab9bf10c47d7749 90f575837326456b8ab9bf10c47d7749] 199.19.213.191 "GET /v2.0/ports?network_id=7a90aa25-1627-40b3-b288-0acf17276efe&device_owner=network%3Adhcp HTTP/1.1" status: 200 len: 210 time: 0.0231152
2026-05-19 04:08:42.518 10 INFO neutron.wsgi [req-5095a1b2-a99b-4e01-9280-d1706a4b92e6 req-0dff1288-341d-400e-9ea7-a23061c55bb6 d90ddc0e36f442ef969eeefc0e8a65a0 aa99a1b2c8464a0190733132f1fde0e0 - - 90f575837326456b8ab9bf10c47d7749 90f575837326456b8ab9bf10c47d7749] 199.19.213.191 "GET /v2.0/networks/7a90aa25-1627-40b3-b288-0acf17276efe?fields=segments HTTP/1.1" status: 200 len: 212 time: 0.0907471
2026-05-19 04:08:42.570 10 INFO neutron.wsgi [req-5095a1b2-a99b-4e01-9280-d1706a4b92e6 req-75529a41-90a4-4b74-bb26-3033ed8ce613 d90ddc0e36f442ef969eeefc0e8a65a0 aa99a1b2c8464a0190733132f1fde0e0 - - 90f575837326456b8ab9bf10c47d7749 90f575837326456b8ab9bf10c47d7749] 199.19.213.191 "GET /v2.0/networks/7a90aa25-1627-40b3-b288-0acf17276efe?fields=provider%3Aphysical_network&fields=provider%3Anetwork_type HTTP/1.1" status: 200 len: 277 time: 0.0456347
2026-05-19 04:08:42.957 10 INFO neutron.db.ovn_revision_numbers_db [None req-258f1864-de1b-40d2-b3f9-aa53722002f9 ce236c34059d4d0babda12e0bbe32b2e 0e5e868812414428a8f6c3218fbd1854 - - default default] Successfully bumped revision number for resource 7a17a8e1-1398-4aa4-93a8-e875ccbfc2be (type: security_groups) to 1
2026-05-19 04:08:42.972 10 INFO neutron.db.ovn_revision_numbers_db [None req-258f1864-de1b-40d2-b3f9-aa53722002f9 ce236c34059d4d0babda12e0bbe32b2e 0e5e868812414428a8f6c3218fbd1854 - - default default] Successfully bumped revision number for resource 18f89922-b2d4-40bd-a8a9-af78e89cb08e (type: security_group_rules) to 0
2026-05-19 04:08:42.984 10 INFO neutron.db.ovn_revision_numbers_db [None req-258f1864-de1b-40d2-b3f9-aa53722002f9 ce236c34059d4d0babda12e0bbe32b2e 0e5e868812414428a8f6c3218fbd1854 - - default default] Successfully bumped revision number for resource 5ff1f27b-a1ec-4e13-9da4-19cfff324113 (type: security_group_rules) to 0
2026-05-19 04:08:42.998 10 INFO neutron.db.ovn_revision_numbers_db [None req-258f1864-de1b-40d2-b3f9-aa53722002f9 ce236c34059d4d0babda12e0bbe32b2e 0e5e868812414428a8f6c3218fbd1854 - - default default] Successfully bumped revision number for resource 6584ea7b-24f1-43e7-8439-5c27a9dbdd55 (type: security_group_rules) to 0
2026-05-19 04:08:43.014 10 INFO neutron.db.ovn_revision_numbers_db [None req-258f1864-de1b-40d2-b3f9-aa53722002f9 ce236c34059d4d0babda12e0bbe32b2e 0e5e868812414428a8f6c3218fbd1854 - - default default] Successfully bumped revision number for resource f98ef19f-67b1-4edf-900a-fbef6350d6de (type: security_group_rules) to 0
2026-05-19 04:08:43.022 9 WARNING neutron.scheduler.dhcp_agent_scheduler [None req-927e622b-bcf0-4eba-9cc0-2e53b55c97a7 ce236c34059d4d0babda12e0bbe32b2e 0e5e868812414428a8f6c3218fbd1854 - - default default] No more DHCP agents
2026-05-19 04:08:43.027 9 WARNING neutron.api.rpc.agentnotifiers.dhcp_rpc_agent_api [None req-927e622b-bcf0-4eba-9cc0-2e53b55c97a7 ce236c34059d4d0babda12e0bbe32b2e 0e5e868812414428a8f6c3218fbd1854 - - default default] Unable to schedule network e18f6192-7bae-4335-85f7-38be0ae35f75: no agents available; will retry on subsequent port and subnet creation events.
2026-05-19 04:08:43.068 10 INFO neutron.db.segments_db [None req-258f1864-de1b-40d2-b3f9-aa53722002f9 ce236c34059d4d0babda12e0bbe32b2e 0e5e868812414428a8f6c3218fbd1854 - - default default] Added segment 30d71f08-11b2-4ff6-8ca0-184dcf32764d of type geneve for network 044987a6-1136-40c1-912f-161c37784790
2026-05-19 04:08:43.186 9 INFO neutron.db.ovn_revision_numbers_db [None req-927e622b-bcf0-4eba-9cc0-2e53b55c97a7 ce236c34059d4d0babda12e0bbe32b2e 0e5e868812414428a8f6c3218fbd1854 - - default default] Successfully bumped revision number for resource 2ec9226d-f512-4ff9-8490-de561c643717 (type: ports) to 1
2026-05-19 04:08:43.203 10 INFO neutron.db.ovn_revision_numbers_db [None req-258f1864-de1b-40d2-b3f9-aa53722002f9 ce236c34059d4d0babda12e0bbe32b2e 0e5e868812414428a8f6c3218fbd1854 - - default default] Successfully bumped revision number for resource 044987a6-1136-40c1-912f-161c37784790 (type: networks) to 1
2026-05-19 04:08:43.390 10 WARNING neutron.scheduler.dhcp_agent_scheduler [None req-258f1864-de1b-40d2-b3f9-aa53722002f9 ce236c34059d4d0babda12e0bbe32b2e 0e5e868812414428a8f6c3218fbd1854 - - default default] No more DHCP agents
2026-05-19 04:08:43.394 10 WARNING neutron.api.rpc.agentnotifiers.dhcp_rpc_agent_api [None req-258f1864-de1b-40d2-b3f9-aa53722002f9 ce236c34059d4d0babda12e0bbe32b2e 0e5e868812414428a8f6c3218fbd1854 - - default default] Unable to schedule network 044987a6-1136-40c1-912f-161c37784790: no agents available; will retry on subsequent port and subnet creation events.
2026-05-19 04:08:43.470 9 INFO neutron.wsgi [req-38b28e01-107e-41ee-be3f-ae9f14a595fd req-a00da1b6-7f0e-43bf-a712-5232a586b53a 13ba675076b345e9973177c3d0cf0f76 aaea1624e4704eb188c7dc1771a906fd - - default default] 10.0.0.80 "GET /v2.0/ports?device_id=2ca7d2c9-4585-4c3f-806a-c1cce12fddf9 HTTP/1.1" status: 200 len: 1172 time: 0.0947294
2026-05-19 04:08:43.489 10 INFO neutron.db.ovn_revision_numbers_db [None req-258f1864-de1b-40d2-b3f9-aa53722002f9 ce236c34059d4d0babda12e0bbe32b2e 0e5e868812414428a8f6c3218fbd1854 - - default default] Successfully bumped revision number for resource f50981a0-c9d1-430b-9c49-da17a5b98882 (type: ports) to 1
2026-05-19 04:08:43.522 10 INFO neutron.wsgi [None req-258f1864-de1b-40d2-b3f9-aa53722002f9 ce236c34059d4d0babda12e0bbe32b2e 0e5e868812414428a8f6c3218fbd1854 - - default default] 10.0.0.53 "POST /v2.0/networks HTTP/1.1" status: 201 len: 953 time: 0.8540220
2026-05-19 04:08:43.553 9 INFO neutron.wsgi [req-38b28e01-107e-41ee-be3f-ae9f14a595fd req-5800e23d-729a-4cea-8a4b-c0ad561d9a95 13ba675076b345e9973177c3d0cf0f76 aaea1624e4704eb188c7dc1771a906fd - - default default] 10.0.0.80 "GET /v2.0/security-groups?id=0341a113-4c8d-4f98-a331-6aaf3ef046f5&fields=id&fields=name HTTP/1.1" status: 200 len: 313 time: 0.0740464
2026-05-19 04:08:43.715 9 INFO neutron.wsgi [-] 10.0.0.66 "GET / HTTP/1.1" status: 200 len: 247 time: 0.0020385
2026-05-19 04:08:43.722 9 INFO neutron.wsgi [-] 10.0.0.66 "GET / HTTP/1.1" status: 200 len: 247 time: 0.0049732
2026-05-19 04:08:43.728 10 WARNING neutron.scheduler.dhcp_agent_scheduler [None req-5a849436-dbc7-4936-b8d0-9590685a6206 ce236c34059d4d0babda12e0bbe32b2e 0e5e868812414428a8f6c3218fbd1854 - - default default] No more DHCP agents
2026-05-19 04:08:43.732 10 WARNING neutron.api.rpc.agentnotifiers.dhcp_rpc_agent_api [None req-5a849436-dbc7-4936-b8d0-9590685a6206 ce236c34059d4d0babda12e0bbe32b2e 0e5e868812414428a8f6c3218fbd1854 - - default default] Unable to schedule network 044987a6-1136-40c1-912f-161c37784790: no agents available; will retry on subsequent port and subnet creation events.
2026-05-19 04:08:43.890 10 INFO neutron.plugins.ml2.drivers.ovn.mech_driver.mech_driver [None req-da3fb100-a53e-4f38-a7e8-c98adf43af4b - - - - - -] OVN reports status up for port: 2ec9226d-f512-4ff9-8490-de561c643717
2026-05-19 04:08:43.908 10 INFO neutron.plugins.ml2.plugin [None req-da3fb100-a53e-4f38-a7e8-c98adf43af4b - - - - - -] Attempt 1 to provision port 2ec9226d-f512-4ff9-8490-de561c643717
2026-05-19 04:08:43.910 9 INFO neutron.plugins.ml2.drivers.ovn.mech_driver.ovsdb.ovsdb_monitor [None req-aa19efe0-5379-4903-94d8-48f6ce13ce21 - - - - - -] Router 8b08ba01-9726-4c02-b6eb-66cdf2851e86 is bound to host instance
2026-05-19 04:08:43.962 9 INFO neutron.db.ovn_revision_numbers_db [None req-927e622b-bcf0-4eba-9cc0-2e53b55c97a7 ce236c34059d4d0babda12e0bbe32b2e 0e5e868812414428a8f6c3218fbd1854 - - default default] Successfully bumped revision number for resource 2ec9226d-f512-4ff9-8490-de561c643717 (type: router_ports) to 1
2026-05-19 04:08:44.071 9 INFO neutron.db.ovn_revision_numbers_db [None req-927e622b-bcf0-4eba-9cc0-2e53b55c97a7 ce236c34059d4d0babda12e0bbe32b2e 0e5e868812414428a8f6c3218fbd1854 - - default default] Successfully bumped revision number for resource 8b08ba01-9726-4c02-b6eb-66cdf2851e86 (type: routers) to 2
2026-05-19 04:08:44.105 9 INFO neutron.wsgi [None req-927e622b-bcf0-4eba-9cc0-2e53b55c97a7 ce236c34059d4d0babda12e0bbe32b2e 0e5e868812414428a8f6c3218fbd1854 - - default default] 10.0.0.53 "POST /v2.0/routers HTTP/1.1" status: 201 len: 869 time: 1.7812228
2026-05-19 04:08:44.151 15 INFO neutron.plugins.ml2.drivers.ovn.mech_driver.ovsdb.maintenance [None req-c5eb50e8-5ae2-458c-ad20-58d0e91d7c88 - - - - - -] Maintenance task: Synchronization finished (took 0.23 seconds)
2026-05-19 04:08:44.284 10 INFO neutron.db.ovn_revision_numbers_db [None req-5a849436-dbc7-4936-b8d0-9590685a6206 ce236c34059d4d0babda12e0bbe32b2e 0e5e868812414428a8f6c3218fbd1854 - - default default] Successfully bumped revision number for resource f50981a0-c9d1-430b-9c49-da17a5b98882 (type: ports) to 2
2026-05-19 04:08:44.351 10 INFO neutron.db.ovn_revision_numbers_db [None req-5a849436-dbc7-4936-b8d0-9590685a6206 ce236c34059d4d0babda12e0bbe32b2e 0e5e868812414428a8f6c3218fbd1854 - - default default] Successfully bumped revision number for resource 2a1e3a4d-f287-4699-b520-ecb2c191593e (type: subnets) to 0
2026-05-19 04:08:44.368 10 INFO neutron.wsgi [None req-5a849436-dbc7-4936-b8d0-9590685a6206 ce236c34059d4d0babda12e0bbe32b2e 0e5e868812414428a8f6c3218fbd1854 - - default default] 10.0.0.53 "POST /v2.0/subnets HTTP/1.1" status: 201 len: 873 time: 0.8400221
2026-05-19 04:08:44.741 10 INFO neutron.wsgi [req-72848860-e065-4771-a4ad-1572318ac122 req-4c63d400-c0aa-4e8d-be85-61a476bf8c0d 84f2e35392b945eeab7749e5ca4252d6 8cc470d7c3ce4d928804cd9f47fd0ac6 - - default default] 10.0.0.80 "GET /v2.0/security-groups?name=tempest-securitygroup--1630572394&fields=id&tenant_id=8cc470d7c3ce4d928804cd9f47fd0ac6 HTTP/1.1" status: 200 len: 267 time: 0.0485022
2026-05-19 04:08:44.744 9 INFO neutron.wsgi [req-4940a9f0-e9f1-40f9-a362-204e4e539c80 req-39634512-d815-4ec2-ace2-b11b536e5165 13ba675076b345e9973177c3d0cf0f76 aaea1624e4704eb188c7dc1771a906fd - - default default] 10.0.0.80 "GET /v2.0/ports?device_id=2ca7d2c9-4585-4c3f-806a-c1cce12fddf9 HTTP/1.1" status: 200 len: 1172 time: 0.0828569
2026-05-19 04:08:44.825 10 INFO neutron.wsgi [req-72848860-e065-4771-a4ad-1572318ac122 req-70b78ff0-77b5-4356-97a7-2b4e6f9f4c64 84f2e35392b945eeab7749e5ca4252d6 8cc470d7c3ce4d928804cd9f47fd0ac6 - - default default] 10.0.0.80 "GET /v2.0/networks?id=ce2abfa5-ba05-4992-819b-6d3a129be4b3 HTTP/1.1" status: 200 len: 879 time: 0.0756264
2026-05-19 04:08:44.840 10 INFO neutron.wsgi [req-72848860-e065-4771-a4ad-1572318ac122 req-3e65b83b-7966-4790-8419-b3ab67733fe4 84f2e35392b945eeab7749e5ca4252d6 8cc470d7c3ce4d928804cd9f47fd0ac6 - - default default] 10.0.0.80 "GET /v2.0/quotas/8cc470d7c3ce4d928804cd9f47fd0ac6 HTTP/1.1" status: 200 len: 386 time: 0.0100291
2026-05-19 04:08:44.860 9 INFO neutron.wsgi [req-4940a9f0-e9f1-40f9-a362-204e4e539c80 req-2b147d0a-509b-47ae-bfff-d2a5b4949eab 13ba675076b345e9973177c3d0cf0f76 aaea1624e4704eb188c7dc1771a906fd - - default default] 10.0.0.80 "GET /v2.0/security-groups?id=0341a113-4c8d-4f98-a331-6aaf3ef046f5&fields=id&fields=name HTTP/1.1" status: 200 len: 313 time: 0.1113694
2026-05-19 04:08:44.941 10 INFO neutron.wsgi [req-72848860-e065-4771-a4ad-1572318ac122 req-b55361b3-06c6-4652-91c7-62c9a46b34a8 84f2e35392b945eeab7749e5ca4252d6 8cc470d7c3ce4d928804cd9f47fd0ac6 - - default default] 10.0.0.80 "GET /v2.0/ports?tenant_id=8cc470d7c3ce4d928804cd9f47fd0ac6&fields=id HTTP/1.1" status: 200 len: 302 time: 0.0948317
2026-05-19 04:08:45.001 9 INFO neutron.db.ovn_revision_numbers_db [None req-aa19efe0-5379-4903-94d8-48f6ce13ce21 - - - - - -] Successfully bumped revision number for resource 2ec9226d-f512-4ff9-8490-de561c643717 (type: ports) to 1
2026-05-19 04:08:45.034 10 INFO neutron.wsgi [req-72848860-e065-4771-a4ad-1572318ac122 req-bfcd84d8-f84d-4d9a-a495-3c24894f4c2e d90ddc0e36f442ef969eeefc0e8a65a0 aa99a1b2c8464a0190733132f1fde0e0 - - 90f575837326456b8ab9bf10c47d7749 90f575837326456b8ab9bf10c47d7749] 10.0.0.80 "GET /v2.0/networks/ce2abfa5-ba05-4992-819b-6d3a129be4b3?fields=segments HTTP/1.1" status: 200 len: 212 time: 0.0805235
2026-05-19 04:08:45.104 9 WARNING neutron.scheduler.dhcp_agent_scheduler [None req-083090d3-e8cb-425c-bc59-1b9e84559176 ce236c34059d4d0babda12e0bbe32b2e 0e5e868812414428a8f6c3218fbd1854 - - default default] No more DHCP agents
2026-05-19 04:08:45.110 9 WARNING neutron.api.rpc.agentnotifiers.dhcp_rpc_agent_api [None req-083090d3-e8cb-425c-bc59-1b9e84559176 ce236c34059d4d0babda12e0bbe32b2e 0e5e868812414428a8f6c3218fbd1854 - - default default] Unable to schedule network a67d3515-ee45-4242-98ba-857c05e623d5: no agents available; will retry on subsequent port and subnet creation events.
2026-05-19 04:08:45.128 10 INFO neutron.wsgi [req-72848860-e065-4771-a4ad-1572318ac122 req-03c6048d-a5ac-4cfe-9391-42ec8de95a6d d90ddc0e36f442ef969eeefc0e8a65a0 aa99a1b2c8464a0190733132f1fde0e0 - - 90f575837326456b8ab9bf10c47d7749 90f575837326456b8ab9bf10c47d7749] 10.0.0.80 "GET /v2.0/networks/ce2abfa5-ba05-4992-819b-6d3a129be4b3?fields=provider%3Aphysical_network&fields=provider%3Anetwork_type HTTP/1.1" status: 200 len: 277 time: 0.0836110
2026-05-19 04:08:45.398 9 WARNING neutron.scheduler.dhcp_agent_scheduler [None req-e7363dd3-e3be-4acd-ab96-ab50f51417c0 ce236c34059d4d0babda12e0bbe32b2e 0e5e868812414428a8f6c3218fbd1854 - - default default] No more DHCP agents
2026-05-19 04:08:45.407 9 WARNING neutron.api.rpc.agentnotifiers.dhcp_rpc_agent_api [None req-e7363dd3-e3be-4acd-ab96-ab50f51417c0 ce236c34059d4d0babda12e0bbe32b2e 0e5e868812414428a8f6c3218fbd1854 - - default default] Unable to schedule network e18f6192-7bae-4335-85f7-38be0ae35f75: no agents available; will retry on subsequent port and subnet creation events.
2026-05-19 04:08:45.443 9 INFO neutron.db.ovn_revision_numbers_db [None req-083090d3-e8cb-425c-bc59-1b9e84559176 ce236c34059d4d0babda12e0bbe32b2e 0e5e868812414428a8f6c3218fbd1854 - - default default] Successfully bumped revision number for resource 58e8f9bf-1b6d-4824-8eaf-c77dfa2c556a (type: ports) to 1
2026-05-19 04:08:45.455 9 INFO neutron.db.ovn_revision_numbers_db [None req-aa19efe0-5379-4903-94d8-48f6ce13ce21 - - - - - -] Successfully bumped revision number for resource 2ec9226d-f512-4ff9-8490-de561c643717 (type: router_ports) to 3
2026-05-19 04:08:45.498 9 INFO neutron.wsgi [req-5d89fa40-4f1a-4d55-9f43-8528e09ad151 req-2d9d07a4-a63c-4a9a-b804-f277d85c8df8 84f2e35392b945eeab7749e5ca4252d6 8cc470d7c3ce4d928804cd9f47fd0ac6 - - default default] 10.0.0.80 "GET /v2.0/ports?device_id=dd2be88d-c025-46bb-b05d-f5f13e9bbea3 HTTP/1.1" status: 200 len: 210 time: 0.0389957
2026-05-19 04:08:45.866 9 INFO neutron.db.ovn_revision_numbers_db [None req-e7363dd3-e3be-4acd-ab96-ab50f51417c0 ce236c34059d4d0babda12e0bbe32b2e 0e5e868812414428a8f6c3218fbd1854 - - default default] Successfully bumped revision number for resource 5e57341b-227b-43dc-8d7d-f0b99781ad9f (type: ports) to 1
2026-05-19 04:08:45.956 9 INFO neutron.db.ovn_revision_numbers_db [None req-aa19efe0-5379-4903-94d8-48f6ce13ce21 - - - - - -] Successfully bumped revision number for resource 2ec9226d-f512-4ff9-8490-de561c643717 (type: ports) to 2
2026-05-19 04:08:46.093 10 INFO neutron.wsgi [req-42898a69-74b5-4292-9055-d5bd7ae69655 req-5df86453-222a-4b46-b7af-e5e891d93ae9 13ba675076b345e9973177c3d0cf0f76 aaea1624e4704eb188c7dc1771a906fd - - default default] 10.0.0.80 "GET /v2.0/ports?device_id=2ca7d2c9-4585-4c3f-806a-c1cce12fddf9 HTTP/1.1" status: 200 len: 1172 time: 0.1391737
2026-05-19 04:08:46.174 10 INFO neutron.wsgi [req-42898a69-74b5-4292-9055-d5bd7ae69655 req-33e3b27f-cd6c-4af6-a820-0a0697c4cf6a 13ba675076b345e9973177c3d0cf0f76 aaea1624e4704eb188c7dc1771a906fd - - default default] 10.0.0.80 "GET /v2.0/security-groups?id=0341a113-4c8d-4f98-a331-6aaf3ef046f5&fields=id&fields=name HTTP/1.1" status: 200 len: 313 time: 0.0697587
2026-05-19 04:08:46.416 9 INFO neutron.db.ovn_revision_numbers_db [None req-aa19efe0-5379-4903-94d8-48f6ce13ce21 - - - - - -] Successfully bumped revision number for resource 2ec9226d-f512-4ff9-8490-de561c643717 (type: ports) to 4
2026-05-19 04:08:46.420 9 INFO neutron.db.ovn_revision_numbers_db [None req-083090d3-e8cb-425c-bc59-1b9e84559176 ce236c34059d4d0babda12e0bbe32b2e 0e5e868812414428a8f6c3218fbd1854 - - default default] Successfully bumped revision number for resource 58e8f9bf-1b6d-4824-8eaf-c77dfa2c556a (type: router_ports) to 1
2026-05-19 04:08:46.557 10 INFO neutron.wsgi [req-72848860-e065-4771-a4ad-1572318ac122 req-7b799621-71fd-4ef1-a44f-77ed473cd014 84f2e35392b945eeab7749e5ca4252d6 8cc470d7c3ce4d928804cd9f47fd0ac6 - - default default] 199.19.213.191 "GET /v2.0/networks?id=ce2abfa5-ba05-4992-819b-6d3a129be4b3 HTTP/1.1" status: 200 len: 879 time: 0.0771725
2026-05-19 04:08:46.604 10 INFO neutron.wsgi [req-72848860-e065-4771-a4ad-1572318ac122 req-934ec19d-f06f-4dfe-90ae-0526a1ef8aad 84f2e35392b945eeab7749e5ca4252d6 8cc470d7c3ce4d928804cd9f47fd0ac6 - - default default] 199.19.213.191 "GET /v2.0/security-groups?fields=id&fields=name&tenant_id=8cc470d7c3ce4d928804cd9f47fd0ac6 HTTP/1.1" status: 200 len: 380 time: 0.0384939
2026-05-19 04:08:46.687 9 INFO neutron.wsgi [req-e6b3d96c-0d80-4a1c-ac18-3f74a1e491ed req-72a944b7-d133-4532-b61f-43f56259ebef 84f2e35392b945eeab7749e5ca4252d6 8cc470d7c3ce4d928804cd9f47fd0ac6 - - default default] 10.0.0.80 "GET /v2.0/ports?device_id=dd2be88d-c025-46bb-b05d-f5f13e9bbea3 HTTP/1.1" status: 200 len: 210 time: 0.0354140
2026-05-19 04:08:46.916 9 WARNING neutron.plugins.ml2.drivers.ovn.mech_driver.ovsdb.ovn_client [None req-8bac5458-4588-43bb-b5a9-3be57fee1436 - - - - - -] No hosting information found for port 28fdba6a-096b-40e5-9218-7e376af4d491: RuntimeError: No hosting information found for port 28fdba6a-096b-40e5-9218-7e376af4d491
2026-05-19 04:08:46.916 9 INFO neutron.plugins.ml2.drivers.ovn.mech_driver.mech_driver [None req-8bac5458-4588-43bb-b5a9-3be57fee1436 - - - - - -] OVN reports status up for port: 171c2bcb-52f5-4eeb-895a-b7ef562692f6
2026-05-19 04:08:46.927 9 INFO neutron.db.ovn_revision_numbers_db [None req-083090d3-e8cb-425c-bc59-1b9e84559176 ce236c34059d4d0babda12e0bbe32b2e 0e5e868812414428a8f6c3218fbd1854 - - default default] Successfully bumped revision number for resource 58e8f9bf-1b6d-4824-8eaf-c77dfa2c556a (type: ports) to 1
2026-05-19 04:08:46.935 10 WARNING neutron.scheduler.dhcp_agent_scheduler [req-72848860-e065-4771-a4ad-1572318ac122 req-9f42e22b-bfb6-4bf7-ad4b-d452c7eefba4 84f2e35392b945eeab7749e5ca4252d6 8cc470d7c3ce4d928804cd9f47fd0ac6 - - default default] No more DHCP agents
2026-05-19 04:08:46.936 10 WARNING neutron.api.rpc.agentnotifiers.dhcp_rpc_agent_api [req-72848860-e065-4771-a4ad-1572318ac122 req-9f42e22b-bfb6-4bf7-ad4b-d452c7eefba4 84f2e35392b945eeab7749e5ca4252d6 8cc470d7c3ce4d928804cd9f47fd0ac6 - - default default] Unable to schedule network ce2abfa5-ba05-4992-819b-6d3a129be4b3: no agents available; will retry on subsequent port and subnet creation events.
2026-05-19 04:08:46.946 9 INFO neutron.plugins.ml2.plugin [None req-8bac5458-4588-43bb-b5a9-3be57fee1436 - - - - - -] Attempt 1 to provision port 171c2bcb-52f5-4eeb-895a-b7ef562692f6
2026-05-19 04:08:47.098 9 INFO neutron.db.ovn_revision_numbers_db [None req-aa19efe0-5379-4903-94d8-48f6ce13ce21 - - - - - -] Successfully bumped revision number for resource 2ec9226d-f512-4ff9-8490-de561c643717 (type: router_ports) to 4
2026-05-19 04:08:47.103 9 WARNING neutron.scheduler.dhcp_agent_scheduler [None req-083090d3-e8cb-425c-bc59-1b9e84559176 ce236c34059d4d0babda12e0bbe32b2e 0e5e868812414428a8f6c3218fbd1854 - - default default] No more DHCP agents
2026-05-19 04:08:47.110 9 INFO neutron.db.ovn_revision_numbers_db [None req-e7363dd3-e3be-4acd-ab96-ab50f51417c0 ce236c34059d4d0babda12e0bbe32b2e 0e5e868812414428a8f6c3218fbd1854 - - default default] Successfully bumped revision number for resource 5e57341b-227b-43dc-8d7d-f0b99781ad9f (type: router_ports) to 1
2026-05-19 04:08:47.111 9 WARNING neutron.api.rpc.agentnotifiers.dhcp_rpc_agent_api [None req-083090d3-e8cb-425c-bc59-1b9e84559176 ce236c34059d4d0babda12e0bbe32b2e 0e5e868812414428a8f6c3218fbd1854 - - default default] Unable to schedule network a67d3515-ee45-4242-98ba-857c05e623d5: no agents available; will retry on subsequent port and subnet creation events.
2026-05-19 04:08:47.111 10 INFO neutron.db.ovn_revision_numbers_db [req-72848860-e065-4771-a4ad-1572318ac122 req-9f42e22b-bfb6-4bf7-ad4b-d452c7eefba4 84f2e35392b945eeab7749e5ca4252d6 8cc470d7c3ce4d928804cd9f47fd0ac6 - - default default] Successfully bumped revision number for resource 2f2fed12-575e-4168-99ef-6dc20714cdd1 (type: ports) to 1
2026-05-19 04:08:47.135 10 INFO neutron.wsgi [req-72848860-e065-4771-a4ad-1572318ac122 req-9f42e22b-bfb6-4bf7-ad4b-d452c7eefba4 84f2e35392b945eeab7749e5ca4252d6 8cc470d7c3ce4d928804cd9f47fd0ac6 - - default default] 199.19.213.191 "POST /v2.0/ports HTTP/1.1" status: 201 len: 1158 time: 0.5000045 /var/lib/openstack/lib/python3.10/site-packages/pycadf/identifier.py:71: UserWarning: Invalid uuid: neutron. To ensure interoperability, identifiers should be a valid uuid. warnings.warn(('Invalid uuid: %s. To ensure interoperability, '
2026-05-19 04:08:47.178 9 INFO neutron.plugins.ml2.drivers.ovn.mech_driver.mech_driver [None req-8bac5458-4588-43bb-b5a9-3be57fee1436 - - - - - -] OVN reports status up for port: 0a56b35b-b173-44a3-b04c-7251b418c511
2026-05-19 04:08:47.212 9 INFO neutron.plugins.ml2.plugin [None req-8bac5458-4588-43bb-b5a9-3be57fee1436 - - - - - -] Attempt 1 to provision port 0a56b35b-b173-44a3-b04c-7251b418c511
