2026-05-19 04:09:49.071 10 WARNING neutron.scheduler.dhcp_agent_scheduler [None req-929844ed-7738-4f54-a1c3-48d6e11fa6f7 5bd2aba54c4f4306b43cfa4b5dbaf6b5 a8b2e2e185ae44b59c6873da3e2df389 - - default default] No more DHCP agents
2026-05-19 04:09:49.073 10 WARNING neutron.api.rpc.agentnotifiers.dhcp_rpc_agent_api [None req-929844ed-7738-4f54-a1c3-48d6e11fa6f7 5bd2aba54c4f4306b43cfa4b5dbaf6b5 a8b2e2e185ae44b59c6873da3e2df389 - - default default] Unable to schedule network 776b263c-faaa-43cf-8ae2-dde2348c7262: no agents available; will retry on subsequent port and subnet creation events.
2026-05-19 04:09:49.159 10 INFO neutron.db.ovn_revision_numbers_db [None req-929844ed-7738-4f54-a1c3-48d6e11fa6f7 5bd2aba54c4f4306b43cfa4b5dbaf6b5 a8b2e2e185ae44b59c6873da3e2df389 - - default default] Successfully bumped revision number for resource a8b22dc4-3c1d-43de-83b1-7b7fea204a9a (type: ports) to 1
2026-05-19 04:09:49.189 10 INFO neutron.wsgi [None req-929844ed-7738-4f54-a1c3-48d6e11fa6f7 5bd2aba54c4f4306b43cfa4b5dbaf6b5 a8b2e2e185ae44b59c6873da3e2df389 - - default default] 10.0.0.53 "POST /v2.0/networks HTTP/1.1" status: 201 len: 848 time: 0.5095189
2026-05-19 04:09:49.190 9 INFO neutron.db.ovn_revision_numbers_db [req-69902438-f182-409d-81cf-0bfc53240c5d req-7bbc7215-b09f-4123-869d-8ae4342f6257 b5968d4e8d4f4b29bb47f75f9a6730d9 5f4ae69ee2c745df8662ac18e2d229d0 - - default default] Successfully bumped revision number for resource afaa2bd1-e63d-450a-aa2d-6be8f7da9a2c (type: ports) to 1
2026-05-19 04:09:49.221 9 INFO neutron.wsgi [req-69902438-f182-409d-81cf-0bfc53240c5d req-7bbc7215-b09f-4123-869d-8ae4342f6257 b5968d4e8d4f4b29bb47f75f9a6730d9 5f4ae69ee2c745df8662ac18e2d229d0 - - default default] 199.19.213.191 "POST /v2.0/ports HTTP/1.1" status: 201 len: 1158 time: 0.7608557 /var/lib/openstack/lib/python3.10/site-packages/pycadf/identifier.py:71: UserWarning: Invalid uuid: neutron. To ensure interoperability, identifiers should be a valid uuid. warnings.warn(('Invalid uuid: %s. To ensure interoperability, '
2026-05-19 04:09:49.275 9 INFO neutron.db.ovn_revision_numbers_db [None req-2b0f2aac-6044-4e9b-9e5d-f49dd83211c8 83aabd4e5fb0498d95c8ef0a4266d31a 63815975f96a47c1bf44bd69941281c7 - - default default] Successfully bumped revision number for resource 0775a0da-c8b5-4f5b-8181-0814048b81c5 (type: ports) to 2
2026-05-19 04:09:49.287 10 INFO neutron.db.segments_db [None req-8623d071-eafb-4482-bca8-1061dff1a390 5bd2aba54c4f4306b43cfa4b5dbaf6b5 a8b2e2e185ae44b59c6873da3e2df389 - - default default] Added segment c245bf61-f0ee-4fb2-9901-7ffef908131f of type geneve for network 47c6475f-a09f-4c5c-8c65-99236bddafb9
2026-05-19 04:09:49.293 10 INFO neutron.db.ovn_revision_numbers_db [None req-dda92485-37de-4d8f-b194-cd94be2f4584 ce236c34059d4d0babda12e0bbe32b2e 0e5e868812414428a8f6c3218fbd1854 - - default default] Successfully bumped revision number for resource 229675d4-14d8-4fc2-81da-92d9e9952a64 (type: security_groups) to 1
2026-05-19 04:09:49.316 10 INFO neutron.db.ovn_revision_numbers_db [None req-dda92485-37de-4d8f-b194-cd94be2f4584 ce236c34059d4d0babda12e0bbe32b2e 0e5e868812414428a8f6c3218fbd1854 - - default default] Successfully bumped revision number for resource 1e0e04f8-6959-471a-bcd9-7ba33677c99b (type: security_group_rules) to 0
2026-05-19 04:09:49.326 9 INFO neutron.db.ovn_revision_numbers_db [None req-2b0f2aac-6044-4e9b-9e5d-f49dd83211c8 83aabd4e5fb0498d95c8ef0a4266d31a 63815975f96a47c1bf44bd69941281c7 - - default default] Successfully bumped revision number for resource 4c1d01a4-c152-441a-8894-23020aed50d7 (type: subnets) to 0
2026-05-19 04:09:49.344 9 INFO neutron.wsgi [None req-2b0f2aac-6044-4e9b-9e5d-f49dd83211c8 83aabd4e5fb0498d95c8ef0a4266d31a 63815975f96a47c1bf44bd69941281c7 - - default default] 10.0.0.53 "POST /v2.0/subnets HTTP/1.1" status: 201 len: 801 time: 1.0848908
2026-05-19 04:09:49.345 10 INFO neutron.db.ovn_revision_numbers_db [None req-dda92485-37de-4d8f-b194-cd94be2f4584 ce236c34059d4d0babda12e0bbe32b2e 0e5e868812414428a8f6c3218fbd1854 - - default default] Successfully bumped revision number for resource 37ae8adb-bde8-4d86-8c78-85cd854a66c7 (type: security_group_rules) to 0
2026-05-19 04:09:49.359 10 INFO neutron.db.ovn_revision_numbers_db [None req-dda92485-37de-4d8f-b194-cd94be2f4584 ce236c34059d4d0babda12e0bbe32b2e 0e5e868812414428a8f6c3218fbd1854 - - default default] Successfully bumped revision number for resource 6097f18e-0f4e-40e5-af77-628bfcbb7130 (type: security_group_rules) to 0
2026-05-19 04:09:49.381 10 INFO neutron.db.ovn_revision_numbers_db [None req-dda92485-37de-4d8f-b194-cd94be2f4584 ce236c34059d4d0babda12e0bbe32b2e 0e5e868812414428a8f6c3218fbd1854 - - default default] Successfully bumped revision number for resource eb3002e4-907c-410f-9e54-787399b8dc84 (type: security_group_rules) to 0
2026-05-19 04:09:49.424 10 INFO neutron.wsgi [None req-dda92485-37de-4d8f-b194-cd94be2f4584 ce236c34059d4d0babda12e0bbe32b2e 0e5e868812414428a8f6c3218fbd1854 - - default default] 10.0.0.53 "GET /v2.0/security-groups?tenant_id=c59ad07045474c909f03899e3aab7e1f&name=default HTTP/1.1" status: 200 len: 2996 time: 0.2577550
2026-05-19 04:09:49.482 10 INFO neutron.db.ovn_revision_numbers_db [None req-8623d071-eafb-4482-bca8-1061dff1a390 5bd2aba54c4f4306b43cfa4b5dbaf6b5 a8b2e2e185ae44b59c6873da3e2df389 - - default default] Successfully bumped revision number for resource 47c6475f-a09f-4c5c-8c65-99236bddafb9 (type: networks) to 1
2026-05-19 04:09:49.675 10 WARNING neutron.scheduler.dhcp_agent_scheduler [None req-8623d071-eafb-4482-bca8-1061dff1a390 5bd2aba54c4f4306b43cfa4b5dbaf6b5 a8b2e2e185ae44b59c6873da3e2df389 - - default default] No more DHCP agents
2026-05-19 04:09:49.677 10 WARNING neutron.api.rpc.agentnotifiers.dhcp_rpc_agent_api [None req-8623d071-eafb-4482-bca8-1061dff1a390 5bd2aba54c4f4306b43cfa4b5dbaf6b5 a8b2e2e185ae44b59c6873da3e2df389 - - default default] Unable to schedule network 47c6475f-a09f-4c5c-8c65-99236bddafb9: no agents available; will retry on subsequent port and subnet creation events.
2026-05-19 04:09:49.734 10 INFO neutron.wsgi [None req-d4d70b5b-ac2d-4cbb-ba77-432f8b981251 ce236c34059d4d0babda12e0bbe32b2e 0e5e868812414428a8f6c3218fbd1854 - - default default] 10.0.0.53 "DELETE /v2.0/security-groups/229675d4-14d8-4fc2-81da-92d9e9952a64 HTTP/1.1" status: 204 len: 168 time: 0.3014810
2026-05-19 04:09:49.747 9 INFO neutron.db.ovn_revision_numbers_db [None req-15e2cd10-22c1-4998-9e9a-d4fdc7a1338d 83aabd4e5fb0498d95c8ef0a4266d31a 63815975f96a47c1bf44bd69941281c7 - - default default] Successfully bumped revision number for resource 4c1d01a4-c152-441a-8894-23020aed50d7 (type: subnets) to 1
2026-05-19 04:09:49.750 9 INFO neutron.wsgi [None req-15e2cd10-22c1-4998-9e9a-d4fdc7a1338d 83aabd4e5fb0498d95c8ef0a4266d31a 63815975f96a47c1bf44bd69941281c7 - - default default] 10.0.0.53 "PUT /v2.0/subnets/4c1d01a4-c152-441a-8894-23020aed50d7 HTTP/1.1" status: 200 len: 806 time: 0.4002416
2026-05-19 04:09:49.767 10 INFO neutron.db.ovn_revision_numbers_db [None req-8623d071-eafb-4482-bca8-1061dff1a390 5bd2aba54c4f4306b43cfa4b5dbaf6b5 a8b2e2e185ae44b59c6873da3e2df389 - - default default] Successfully bumped revision number for resource eb8e82df-fcbd-4033-89a8-ea9a0a179aed (type: ports) to 1
2026-05-19 04:09:49.776 9 INFO neutron.db.ovn_revision_numbers_db [req-69902438-f182-409d-81cf-0bfc53240c5d req-a5b9e608-2918-4301-8635-9f84562984db d90ddc0e36f442ef969eeefc0e8a65a0 aa99a1b2c8464a0190733132f1fde0e0 - - 90f575837326456b8ab9bf10c47d7749 90f575837326456b8ab9bf10c47d7749] Successfully bumped revision number for resource afaa2bd1-e63d-450a-aa2d-6be8f7da9a2c (type: ports) to 2
2026-05-19 04:09:49.807 10 INFO neutron.wsgi [None req-8623d071-eafb-4482-bca8-1061dff1a390 5bd2aba54c4f4306b43cfa4b5dbaf6b5 a8b2e2e185ae44b59c6873da3e2df389 - - default default] 10.0.0.53 "POST /v2.0/networks HTTP/1.1" status: 201 len: 848 time: 0.6117930 /var/lib/openstack/lib/python3.10/site-packages/pycadf/identifier.py:71: UserWarning: Invalid uuid: neutron. To ensure interoperability, identifiers should be a valid uuid. warnings.warn(('Invalid uuid: %s. To ensure interoperability, '
2026-05-19 04:09:50.001 9 INFO neutron.wsgi [req-f6cec438-2fae-49ef-b443-4e6274ea343d req-3c23dcc2-d4c9-41b6-a142-18c3d6d85d8e b5968d4e8d4f4b29bb47f75f9a6730d9 5f4ae69ee2c745df8662ac18e2d229d0 - - default default] 10.0.0.80 "GET /v2.0/ports?device_id=d306e762-717b-4b87-914b-d6cdffb851f3 HTTP/1.1" status: 200 len: 1168 time: 0.1531460 /var/lib/openstack/lib/python3.10/site-packages/pycadf/identifier.py:71: UserWarning: Invalid uuid: neutron. To ensure interoperability, identifiers should be a valid uuid. warnings.warn(('Invalid uuid: %s. To ensure interoperability, '
2026-05-19 04:09:50.079 9 INFO neutron.wsgi [req-f6cec438-2fae-49ef-b443-4e6274ea343d req-72042c39-dec8-4ef3-8330-9d3b6a5f23e3 b5968d4e8d4f4b29bb47f75f9a6730d9 5f4ae69ee2c745df8662ac18e2d229d0 - - default default] 10.0.0.80 "GET /v2.0/security-groups?id=8be9d5f5-8332-4a1f-9f27-f01748956663&fields=id&fields=name HTTP/1.1" status: 200 len: 286 time: 0.0671957
2026-05-19 04:09:50.152 9 INFO neutron.db.ovn_revision_numbers_db [req-69902438-f182-409d-81cf-0bfc53240c5d req-a5b9e608-2918-4301-8635-9f84562984db d90ddc0e36f442ef969eeefc0e8a65a0 aa99a1b2c8464a0190733132f1fde0e0 - - 90f575837326456b8ab9bf10c47d7749 90f575837326456b8ab9bf10c47d7749] Successfully bumped revision number for resource afaa2bd1-e63d-450a-aa2d-6be8f7da9a2c (type: ports) to 2
2026-05-19 04:09:50.182 9 INFO neutron.wsgi [req-69902438-f182-409d-81cf-0bfc53240c5d req-a5b9e608-2918-4301-8635-9f84562984db d90ddc0e36f442ef969eeefc0e8a65a0 aa99a1b2c8464a0190733132f1fde0e0 - - 90f575837326456b8ab9bf10c47d7749 90f575837326456b8ab9bf10c47d7749] 199.19.213.191 "PUT /v2.0/ports/afaa2bd1-e63d-450a-aa2d-6be8f7da9a2c HTTP/1.1" status: 200 len: 1376 time: 0.9354885
2026-05-19 04:09:50.219 9 INFO neutron.notifiers.nova [-] Nova event matching ['req-d9bdecf1-6371-4630-b07c-2379952c2758'] response: {'name': 'network-changed', 'server_uuid': 'd306e762-717b-4b87-914b-d6cdffb851f3', 'tag': 'afaa2bd1-e63d-450a-aa2d-6be8f7da9a2c', 'status': 'completed', 'code': 200}
2026-05-19 04:09:50.246 10 INFO neutron.services.segments.plugin [-] Segment 71a2f4bd-f09f-47d4-9a9c-ec07ed5e6af9 resource provider aggregate not found
2026-05-19 04:09:50.254 10 INFO neutron.services.segments.plugin [-] Segment 71a2f4bd-f09f-47d4-9a9c-ec07ed5e6af9 resource provider aggregate not found
2026-05-19 04:09:50.276 10 INFO neutron.services.segments.plugin [-] Segment 71a2f4bd-f09f-47d4-9a9c-ec07ed5e6af9 resource provider not found; error: Placement Client Error (4xx): {"errors": [{"status": 404, "title": "Not Found", "detail": "The resource could not be found.\n\n No resource provider with uuid 71a2f4bd-f09f-47d4-9a9c-ec07ed5e6af9 found for delete ", "request_id": "req-3576eaaa-4af0-49c7-b440-bc203009b8d8"}]}
2026-05-19 04:09:50.282 10 INFO neutron.services.segments.plugin [-] Segment 71a2f4bd-f09f-47d4-9a9c-ec07ed5e6af9 resource provider not found; error: Placement Client Error (4xx): {"errors": [{"status": 404, "title": "Not Found", "detail": "The resource could not be found.\n\n No resource provider with uuid 71a2f4bd-f09f-47d4-9a9c-ec07ed5e6af9 found for delete ", "request_id": "req-cfa1466f-2905-4a8a-9f03-fdf5fad07424"}]}
2026-05-19 04:09:50.578 9 INFO neutron.wsgi [req-69902438-f182-409d-81cf-0bfc53240c5d req-aae5f0ca-3680-4d8b-971c-24f0467ffd73 d90ddc0e36f442ef969eeefc0e8a65a0 aa99a1b2c8464a0190733132f1fde0e0 - - 90f575837326456b8ab9bf10c47d7749 90f575837326456b8ab9bf10c47d7749] 199.19.213.191 "GET /v2.0/ports?tenant_id=5f4ae69ee2c745df8662ac18e2d229d0&device_id=d306e762-717b-4b87-914b-d6cdffb851f3 HTTP/1.1" status: 200 len: 1407 time: 0.3526053
2026-05-19 04:09:50.614 9 INFO neutron.wsgi [req-69902438-f182-409d-81cf-0bfc53240c5d req-67eba0c2-5727-477c-a4b9-fbfaff07d690 d90ddc0e36f442ef969eeefc0e8a65a0 aa99a1b2c8464a0190733132f1fde0e0 - - 90f575837326456b8ab9bf10c47d7749 90f575837326456b8ab9bf10c47d7749] 199.19.213.191 "GET /v2.0/floatingips?fixed_ip_address=10.100.0.8&port_id=afaa2bd1-e63d-450a-aa2d-6be8f7da9a2c HTTP/1.1" status: 200 len: 217 time: 0.0295200
2026-05-19 04:09:50.616 10 INFO neutron.wsgi [None req-a349cc90-d792-4677-ba59-1da27596e5ce 83aabd4e5fb0498d95c8ef0a4266d31a 63815975f96a47c1bf44bd69941281c7 - - default default] 10.0.0.53 "DELETE /v2.0/networks/82b56e96-b47c-423d-a114-70370979d2ba HTTP/1.1" status: 204 len: 168 time: 0.8576355
2026-05-19 04:09:50.654 9 INFO neutron.pecan_wsgi.hooks.translation [None req-2621cb07-9f35-40bd-9b5d-5df146f92f98 83aabd4e5fb0498d95c8ef0a4266d31a 63815975f96a47c1bf44bd69941281c7 - - default default] DELETE failed (client error): The resource could not be found.
2026-05-19 04:09:50.657 9 INFO neutron.wsgi [None req-2621cb07-9f35-40bd-9b5d-5df146f92f98 83aabd4e5fb0498d95c8ef0a4266d31a 63815975f96a47c1bf44bd69941281c7 - - default default] 10.0.0.53 "DELETE /v2.0/networks/82b56e96-b47c-423d-a114-70370979d2ba HTTP/1.1" status: 404 len: 339 time: 0.0347662
2026-05-19 04:09:50.684 9 INFO neutron.wsgi [req-69902438-f182-409d-81cf-0bfc53240c5d req-872b0b42-c22d-48aa-b993-d662c84809de d90ddc0e36f442ef969eeefc0e8a65a0 aa99a1b2c8464a0190733132f1fde0e0 - - 90f575837326456b8ab9bf10c47d7749 90f575837326456b8ab9bf10c47d7749] 199.19.213.191 "GET /v2.0/subnets?id=936a8ee0-ef5f-472e-ba52-8286fa52e3fc HTTP/1.1" status: 200 len: 871 time: 0.0637083
2026-05-19 04:09:50.716 9 INFO neutron.wsgi [req-69902438-f182-409d-81cf-0bfc53240c5d req-98d041fd-39dd-48e7-9098-b300300f20dc d90ddc0e36f442ef969eeefc0e8a65a0 aa99a1b2c8464a0190733132f1fde0e0 - - 90f575837326456b8ab9bf10c47d7749 90f575837326456b8ab9bf10c47d7749] 199.19.213.191 "GET /v2.0/ports?network_id=c87707b3-19cf-4e40-b711-6270fa276048&device_owner=network%3Adhcp HTTP/1.1" status: 200 len: 210 time: 0.0254483 /var/lib/openstack/lib/python3.10/site-packages/pycadf/identifier.py:71: UserWarning: Invalid uuid: neutron. To ensure interoperability, identifiers should be a valid uuid. warnings.warn(('Invalid uuid: %s. To ensure interoperability, '
2026-05-19 04:09:50.769 10 INFO neutron.wsgi [None req-67053723-3452-40dd-a821-786b7f7a0349 83aabd4e5fb0498d95c8ef0a4266d31a 63815975f96a47c1bf44bd69941281c7 - - default default] 10.0.0.53 "GET /v2.0/networks?router%3Aexternal=True HTTP/1.1" status: 200 len: 845 time: 0.1032882
2026-05-19 04:09:50.797 9 INFO neutron.wsgi [req-69902438-f182-409d-81cf-0bfc53240c5d req-75471ac5-27e0-4a55-b08a-4ed96efb08ee d90ddc0e36f442ef969eeefc0e8a65a0 aa99a1b2c8464a0190733132f1fde0e0 - - 90f575837326456b8ab9bf10c47d7749 90f575837326456b8ab9bf10c47d7749] 199.19.213.191 "GET /v2.0/networks/c87707b3-19cf-4e40-b711-6270fa276048?fields=segments HTTP/1.1" status: 200 len: 212 time: 0.0741775
2026-05-19 04:09:50.811 10 INFO neutron.wsgi [None req-8c196f62-27d3-4b69-8d78-29c763a142c7 83aabd4e5fb0498d95c8ef0a4266d31a 63815975f96a47c1bf44bd69941281c7 - - default default] 10.0.0.53 "GET /v2.0/subnets?network_id=e18f6192-7bae-4335-85f7-38be0ae35f75 HTTP/1.1" status: 200 len: 820 time: 0.0365057
2026-05-19 04:09:50.832 9 INFO neutron.wsgi [None req-6ab91fc2-63ed-4bc3-85ef-9a510b0c54c1 83aabd4e5fb0498d95c8ef0a4266d31a 63815975f96a47c1bf44bd69941281c7 - - default default] 10.0.0.53 "GET /v2.0/extensions HTTP/1.1" status: 200 len: 16520 time: 0.0149658
2026-05-19 04:09:50.896 9 INFO neutron.wsgi [req-69902438-f182-409d-81cf-0bfc53240c5d req-c58da8e3-a261-432f-9896-685102caf341 d90ddc0e36f442ef969eeefc0e8a65a0 aa99a1b2c8464a0190733132f1fde0e0 - - 90f575837326456b8ab9bf10c47d7749 90f575837326456b8ab9bf10c47d7749] 199.19.213.191 "GET /v2.0/networks/c87707b3-19cf-4e40-b711-6270fa276048?fields=provider%3Aphysical_network&fields=provider%3Anetwork_type HTTP/1.1" status: 200 len: 277 time: 0.0905051
2026-05-19 04:09:50.899 9 WARNING neutron.scheduler.dhcp_agent_scheduler [None req-569a914e-3228-47f7-9233-530e996c8de0 5bd2aba54c4f4306b43cfa4b5dbaf6b5 a8b2e2e185ae44b59c6873da3e2df389 - - default default] No more DHCP agents
2026-05-19 04:09:50.902 9 WARNING neutron.api.rpc.agentnotifiers.dhcp_rpc_agent_api [None req-569a914e-3228-47f7-9233-530e996c8de0 5bd2aba54c4f4306b43cfa4b5dbaf6b5 a8b2e2e185ae44b59c6873da3e2df389 - - default default] Unable to schedule network 776b263c-faaa-43cf-8ae2-dde2348c7262: no agents available; will retry on subsequent port and subnet creation events.
2026-05-19 04:09:50.914 10 INFO neutron.wsgi [None req-5c975fa6-449f-4a8e-99de-6249726e023d 83aabd4e5fb0498d95c8ef0a4266d31a 63815975f96a47c1bf44bd69941281c7 - - default default] 10.0.0.53 "GET /v2.0/networks HTTP/1.1" status: 200 len: 1503 time: 0.0749109 /var/lib/openstack/lib/python3.10/site-packages/pycadf/identifier.py:71: UserWarning: Invalid uuid: neutron. To ensure interoperability, identifiers should be a valid uuid. warnings.warn(('Invalid uuid: %s. To ensure interoperability, '
2026-05-19 04:09:50.939 10 WARNING neutron.plugins.ml2.drivers.ovn.mech_driver.ovsdb.ovn_client [None req-da3fb100-a53e-4f38-a7e8-c98adf43af4b - - - - - -] No hosting information found for port e6ede705-380a-4ad3-bcf8-1aab6eeedd04: RuntimeError: No hosting information found for port e6ede705-380a-4ad3-bcf8-1aab6eeedd04
2026-05-19 04:09:51.009 9 INFO neutron.wsgi [None req-595be007-6366-43fe-834d-e47df042dde7 83aabd4e5fb0498d95c8ef0a4266d31a 63815975f96a47c1bf44bd69941281c7 - - default default] 10.0.0.53 "GET /v2.0/subnets HTTP/1.1" status: 200 len: 1428 time: 0.0850759
2026-05-19 04:09:51.020 9 INFO neutron.wsgi [req-35e03393-8fba-4a71-8878-f0a2da815498 req-172e6fb9-5e68-4379-8eca-3c0647e1d3bb d90ddc0e36f442ef969eeefc0e8a65a0 aa99a1b2c8464a0190733132f1fde0e0 - - 90f575837326456b8ab9bf10c47d7749 90f575837326456b8ab9bf10c47d7749] 199.19.213.191 "GET /v2.0/ports?tenant_id=5f4ae69ee2c745df8662ac18e2d229d0&device_id=d306e762-717b-4b87-914b-d6cdffb851f3 HTTP/1.1" status: 200 len: 1407 time: 0.0662394
2026-05-19 04:09:51.098 9 INFO neutron.db.ovn_revision_numbers_db [None req-569a914e-3228-47f7-9233-530e996c8de0 5bd2aba54c4f4306b43cfa4b5dbaf6b5 a8b2e2e185ae44b59c6873da3e2df389 - - default default] Successfully bumped revision number for resource c14f16eb-cf06-4b2a-8ea1-eb65732cd7ec (type: ports) to 1
2026-05-19 04:09:51.113 9 INFO neutron.plugins.ml2.drivers.ovn.mech_driver.mech_driver [None req-8bac5458-4588-43bb-b5a9-3be57fee1436 - - - - - -] OVN reports status up for port: afaa2bd1-e63d-450a-aa2d-6be8f7da9a2c
2026-05-19 04:09:51.127 10 INFO neutron.wsgi [None req-0d25d430-2dfd-46de-a9d8-278ecbfbb8aa 83aabd4e5fb0498d95c8ef0a4266d31a 63815975f96a47c1bf44bd69941281c7 - - default default] 10.0.0.53 "GET /v2.0/networks/bb8f563c-6c6d-4349-9228-f01722fd1f01 HTTP/1.1" status: 200 len: 862 time: 0.1042361
2026-05-19 04:09:51.145 9 INFO neutron.plugins.ml2.plugin [None req-8bac5458-4588-43bb-b5a9-3be57fee1436 - - - - - -] Attempt 1 to provision port afaa2bd1-e63d-450a-aa2d-6be8f7da9a2c
2026-05-19 04:09:51.166 9 INFO neutron.wsgi [req-35e03393-8fba-4a71-8878-f0a2da815498 req-ca3a31f4-ec14-4ffe-861e-e0c2f92512d4 d90ddc0e36f442ef969eeefc0e8a65a0 aa99a1b2c8464a0190733132f1fde0e0 - - 90f575837326456b8ab9bf10c47d7749 90f575837326456b8ab9bf10c47d7749] 199.19.213.191 "GET /v2.0/networks?id=c87707b3-19cf-4e40-b711-6270fa276048 HTTP/1.1" status: 200 len: 976 time: 0.1313303
2026-05-19 04:09:51.174 10 INFO neutron.wsgi [None req-5094a2d1-d1dd-48fa-bd31-c5d998f3daaf 83aabd4e5fb0498d95c8ef0a4266d31a 63815975f96a47c1bf44bd69941281c7 - - default default] 10.0.0.53 "GET /v2.0/subnets/1bee3515-05de-47ef-b3e5-b0e0f096a28f HTTP/1.1" status: 200 len: 811 time: 0.0390363
2026-05-19 04:09:51.211 10 INFO neutron.pecan_wsgi.hooks.translation [None req-3cc77e39-1134-405a-9a5e-c85df4870aa0 83aabd4e5fb0498d95c8ef0a4266d31a 63815975f96a47c1bf44bd69941281c7 - - default default] DELETE failed (client error): The resource could not be found.
2026-05-19 04:09:51.215 10 INFO neutron.wsgi [None req-3cc77e39-1134-405a-9a5e-c85df4870aa0 83aabd4e5fb0498d95c8ef0a4266d31a 63815975f96a47c1bf44bd69941281c7 - - default default] 10.0.0.53 "DELETE /v2.0/subnets/4c1d01a4-c152-441a-8894-23020aed50d7 HTTP/1.1" status: 404 len: 337 time: 0.0251231
2026-05-19 04:09:51.228 9 WARNING neutron.scheduler.dhcp_agent_scheduler [None req-569a914e-3228-47f7-9233-530e996c8de0 5bd2aba54c4f4306b43cfa4b5dbaf6b5 a8b2e2e185ae44b59c6873da3e2df389 - - default default] No more DHCP agents
2026-05-19 04:09:51.231 9 INFO neutron.wsgi [req-35e03393-8fba-4a71-8878-f0a2da815498 req-fbf9ebf0-ee39-456a-b03f-c8d38ef76a13 d90ddc0e36f442ef969eeefc0e8a65a0 aa99a1b2c8464a0190733132f1fde0e0 - - 90f575837326456b8ab9bf10c47d7749 90f575837326456b8ab9bf10c47d7749] 199.19.213.191 "GET /v2.0/floatingips?fixed_ip_address=10.100.0.8&port_id=afaa2bd1-e63d-450a-aa2d-6be8f7da9a2c HTTP/1.1" status: 200 len: 217 time: 0.0495713
2026-05-19 04:09:51.238 9 INFO neutron.wsgi [req-42a66264-5d0b-49b8-8d3d-2fb6adce2aa7 req-a2e348c8-c6d2-4995-870b-0c0c895b2234 b5968d4e8d4f4b29bb47f75f9a6730d9 5f4ae69ee2c745df8662ac18e2d229d0 - - default default] 10.0.0.80 "GET /v2.0/ports?device_id=d306e762-717b-4b87-914b-d6cdffb851f3 HTTP/1.1" status: 200 len: 1168 time: 0.0970912
2026-05-19 04:09:51.242 10 INFO neutron.pecan_wsgi.hooks.translation [None req-3c8baabc-0e30-4999-9861-7196f17de507 83aabd4e5fb0498d95c8ef0a4266d31a 63815975f96a47c1bf44bd69941281c7 - - default default] DELETE failed (client error): The resource could not be found.
2026-05-19 04:09:51.243 9 WARNING neutron.api.rpc.agentnotifiers.dhcp_rpc_agent_api [None req-569a914e-3228-47f7-9233-530e996c8de0 5bd2aba54c4f4306b43cfa4b5dbaf6b5 a8b2e2e185ae44b59c6873da3e2df389 - - default default] Unable to schedule network 47c6475f-a09f-4c5c-8c65-99236bddafb9: no agents available; will retry on subsequent port and subnet creation events.
2026-05-19 04:09:51.245 10 INFO neutron.wsgi [None req-3c8baabc-0e30-4999-9861-7196f17de507 83aabd4e5fb0498d95c8ef0a4266d31a 63815975f96a47c1bf44bd69941281c7 - - default default] 10.0.0.53 "DELETE /v2.0/networks/82b56e96-b47c-423d-a114-70370979d2ba HTTP/1.1" status: 404 len: 339 time: 0.0214920 /var/lib/openstack/lib/python3.10/site-packages/pycadf/identifier.py:71: UserWarning: Invalid uuid: neutron. To ensure interoperability, identifiers should be a valid uuid. warnings.warn(('Invalid uuid: %s. To ensure interoperability, '
2026-05-19 04:09:51.345 9 INFO neutron.wsgi [req-35e03393-8fba-4a71-8878-f0a2da815498 req-151323ee-88a2-420c-a589-0fa7793d15c1 d90ddc0e36f442ef969eeefc0e8a65a0 aa99a1b2c8464a0190733132f1fde0e0 - - 90f575837326456b8ab9bf10c47d7749 90f575837326456b8ab9bf10c47d7749] 199.19.213.191 "GET /v2.0/subnets?id=936a8ee0-ef5f-472e-ba52-8286fa52e3fc HTTP/1.1" status: 200 len: 871 time: 0.1028898
2026-05-19 04:09:51.360 9 INFO neutron.wsgi [req-42a66264-5d0b-49b8-8d3d-2fb6adce2aa7 req-4835e01a-3e58-4472-8fa4-d92cc5af88d4 b5968d4e8d4f4b29bb47f75f9a6730d9 5f4ae69ee2c745df8662ac18e2d229d0 - - default default] 10.0.0.80 "GET /v2.0/security-groups?id=8be9d5f5-8332-4a1f-9f27-f01748956663&fields=id&fields=name HTTP/1.1" status: 200 len: 286 time: 0.1136041
2026-05-19 04:09:51.385 9 INFO neutron.wsgi [req-35e03393-8fba-4a71-8878-f0a2da815498 req-02dbd109-f529-44e5-b35e-95f0d25a57c6 d90ddc0e36f442ef969eeefc0e8a65a0 aa99a1b2c8464a0190733132f1fde0e0 - - 90f575837326456b8ab9bf10c47d7749 90f575837326456b8ab9bf10c47d7749] 199.19.213.191 "GET /v2.0/ports?network_id=c87707b3-19cf-4e40-b711-6270fa276048&device_owner=network%3Adhcp HTTP/1.1" status: 200 len: 210 time: 0.0298932
2026-05-19 04:09:51.464 9 INFO neutron.db.ovn_revision_numbers_db [None req-569a914e-3228-47f7-9233-530e996c8de0 5bd2aba54c4f4306b43cfa4b5dbaf6b5 a8b2e2e185ae44b59c6873da3e2df389 - - default default] Successfully bumped revision number for resource 7331d7a6-f0a5-4f44-b1f8-8c5d0e45e239 (type: ports) to 1
2026-05-19 04:09:51.496 10 INFO neutron.wsgi [None req-9328becc-1893-48c4-97ad-f5eb6c92bd34 83aabd4e5fb0498d95c8ef0a4266d31a 63815975f96a47c1bf44bd69941281c7 - - default default] 10.0.0.53 "DELETE /v2.0/subnets/1bee3515-05de-47ef-b3e5-b0e0f096a28f HTTP/1.1" status: 204 len: 168 time: 0.2466190
2026-05-19 04:09:51.504 9 INFO neutron.wsgi [req-35e03393-8fba-4a71-8878-f0a2da815498 req-e0ee8fdb-c4c6-4b9c-b276-907bd0861dae d90ddc0e36f442ef969eeefc0e8a65a0 aa99a1b2c8464a0190733132f1fde0e0 - - 90f575837326456b8ab9bf10c47d7749 90f575837326456b8ab9bf10c47d7749] 199.19.213.191 "GET /v2.0/networks/c87707b3-19cf-4e40-b711-6270fa276048?fields=segments HTTP/1.1" status: 200 len: 212 time: 0.1094701
2026-05-19 04:09:51.533 9 INFO neutron.wsgi [None req-569a914e-3228-47f7-9233-530e996c8de0 5bd2aba54c4f4306b43cfa4b5dbaf6b5 a8b2e2e185ae44b59c6873da3e2df389 - - default default] 10.0.0.53 "POST /v2.0/ports HTTP/1.1" status: 201 len: 1705 time: 1.7209344
2026-05-19 04:09:51.604 9 INFO neutron.wsgi [req-35e03393-8fba-4a71-8878-f0a2da815498 req-6a054b14-fa5e-4713-97a4-73cbb972e2a4 d90ddc0e36f442ef969eeefc0e8a65a0 aa99a1b2c8464a0190733132f1fde0e0 - - 90f575837326456b8ab9bf10c47d7749 90f575837326456b8ab9bf10c47d7749] 199.19.213.191 "GET /v2.0/networks/c87707b3-19cf-4e40-b711-6270fa276048?fields=provider%3Aphysical_network&fields=provider%3Anetwork_type HTTP/1.1" status: 200 len: 277 time: 0.0888708
2026-05-19 04:09:51.677 10 INFO neutron.wsgi [None req-a946cb8e-e181-4cb5-bba3-6795daad81de 5bd2aba54c4f4306b43cfa4b5dbaf6b5 a8b2e2e185ae44b59c6873da3e2df389 - - default default] 10.0.0.53 "GET /v2.0/ports HTTP/1.1" status: 200 len: 3212 time: 0.1389384
2026-05-19 04:09:51.705 9 INFO neutron.db.ovn_revision_numbers_db [None req-8bac5458-4588-43bb-b5a9-3be57fee1436 - - - - - -] Successfully bumped revision number for resource afaa2bd1-e63d-450a-aa2d-6be8f7da9a2c (type: ports) to 4
2026-05-19 04:09:52.010 10 INFO neutron.wsgi [None req-7f1bbb8e-23d7-4c5e-992b-df2dfc8eb7a6 83aabd4e5fb0498d95c8ef0a4266d31a 63815975f96a47c1bf44bd69941281c7 - - default default] 10.0.0.53 "DELETE /v2.0/networks/bb8f563c-6c6d-4349-9228-f01722fd1f01 HTTP/1.1" status: 204 len: 168 time: 0.5076866
2026-05-19 04:09:52.025 10 INFO neutron.wsgi [None req-6dce8280-008f-4c70-b14e-d1170b5ad3b6 5bd2aba54c4f4306b43cfa4b5dbaf6b5 a8b2e2e185ae44b59c6873da3e2df389 - - default default] 10.0.0.53 "DELETE /v2.0/ports/c14f16eb-cf06-4b2a-8ea1-eb65732cd7ec HTTP/1.1" status: 204 len: 168 time: 0.3387508 /var/lib/openstack/lib/python3.10/site-packages/pycadf/identifier.py:71: UserWarning: Invalid uuid: neutron. To ensure interoperability, identifiers should be a valid uuid. warnings.warn(('Invalid uuid: %s. To ensure interoperability, '
2026-05-19 04:09:52.117 9 INFO neutron.wsgi [None req-ecdbcb6b-e82b-4c17-bd4f-d953f77abbfb ce236c34059d4d0babda12e0bbe32b2e 0e5e868812414428a8f6c3218fbd1854 - - default default] 10.0.0.19 "GET /v2.0/agents HTTP/1.1" status: 200 len: 997 time: 0.2287176
2026-05-19 04:09:52.203 9 INFO neutron.wsgi [None req-93c87459-387c-47af-a52f-663778ae67cc ce236c34059d4d0babda12e0bbe32b2e 0e5e868812414428a8f6c3218fbd1854 - - default default] 10.0.0.19 "GET /v2.0/networks HTTP/1.1" status: 200 len: 4559 time: 0.0820696
2026-05-19 04:09:52.265 10 INFO neutron.wsgi [None req-32fb5a30-c634-4fc8-bfd3-644a62575ad4 5bd2aba54c4f4306b43cfa4b5dbaf6b5 a8b2e2e185ae44b59c6873da3e2df389 - - default default] 10.0.0.53 "DELETE /v2.0/ports/7331d7a6-f0a5-4f44-b1f8-8c5d0e45e239 HTTP/1.1" status: 204 len: 168 time: 0.2363424
2026-05-19 04:09:52.278 9 INFO neutron.notifiers.nova [-] Nova event matching ['req-81ce00ee-571d-4d5c-a355-4c2fcdcb26ee'] response: {'server_uuid': 'd306e762-717b-4b87-914b-d6cdffb851f3', 'name': 'network-vif-plugged', 'status': 'completed', 'tag': 'afaa2bd1-e63d-450a-aa2d-6be8f7da9a2c', 'code': 200}
2026-05-19 04:09:52.278 9 INFO neutron.notifiers.nova [-] Nova event matching ['req-81ce00ee-571d-4d5c-a355-4c2fcdcb26ee'] response: {'server_uuid': 'd306e762-717b-4b87-914b-d6cdffb851f3', 'name': 'network-vif-plugged', 'status': 'completed', 'tag': 'afaa2bd1-e63d-450a-aa2d-6be8f7da9a2c', 'code': 200}
2026-05-19 04:09:52.292 9 INFO neutron.wsgi [None req-4b972bb4-4ca6-4ba2-9471-fe1afb9be018 ce236c34059d4d0babda12e0bbe32b2e 0e5e868812414428a8f6c3218fbd1854 - - default default] 10.0.0.19 "GET /v2.0/security-groups HTTP/1.1" status: 200 len: 25143 time: 0.0855722
2026-05-19 04:09:52.304 10 INFO neutron.services.segments.plugin [-] Segment 0dd5bcbf-ba04-4c3c-9ab6-5f627134815b resource provider aggregate not found
2026-05-19 04:09:52.314 10 INFO neutron.services.segments.plugin [-] Segment 0dd5bcbf-ba04-4c3c-9ab6-5f627134815b resource provider aggregate not found
2026-05-19 04:09:52.325 10 INFO neutron.services.segments.plugin [-] Segment 0dd5bcbf-ba04-4c3c-9ab6-5f627134815b resource provider not found; error: Placement Client Error (4xx): {"errors": [{"status": 404, "title": "Not Found", "detail": "The resource could not be found.\n\n No resource provider with uuid 0dd5bcbf-ba04-4c3c-9ab6-5f627134815b found for delete ", "request_id": "req-bf7d7846-0729-4bfc-8dc0-1c861eba5823"}]}
2026-05-19 04:09:52.346 10 INFO neutron.services.segments.plugin [-] Segment 0dd5bcbf-ba04-4c3c-9ab6-5f627134815b resource provider not found; error: Placement Client Error (4xx): {"errors": [{"status": 404, "title": "Not Found", "detail": "The resource could not be found.\n\n No resource provider with uuid 0dd5bcbf-ba04-4c3c-9ab6-5f627134815b found for delete ", "request_id": "req-2a6a0ae2-82a7-4b2d-9edd-02b3fe2b2b7a"}]}
2026-05-19 04:09:52.354 9 INFO neutron.wsgi [None req-f9e76f33-7cfa-47c6-a409-a9bc31e01ca1 ce236c34059d4d0babda12e0bbe32b2e 0e5e868812414428a8f6c3218fbd1854 - - default default] 10.0.0.19 "GET /v2.0/subnets HTTP/1.1" status: 200 len: 2096 time: 0.0497966
2026-05-19 04:09:52.355 10 INFO neutron.services.segments.plugin [-] Segment 2f5e1a9c-8c36-4e5f-9d01-05dd8daf4043 resource provider aggregate not found
2026-05-19 04:09:52.375 10 INFO neutron.wsgi [None req-a23206a8-eb63-44e5-ad69-6d3f857caf5f 5bd2aba54c4f4306b43cfa4b5dbaf6b5 a8b2e2e185ae44b59c6873da3e2df389 - - default default] 10.0.0.53 "GET /v2.0/ports HTTP/1.1" status: 200 len: 1718 time: 0.1042378
2026-05-19 04:09:52.377 9 INFO neutron.wsgi [None req-dc4de367-635d-44bb-a217-142a10010247 ce236c34059d4d0babda12e0bbe32b2e 0e5e868812414428a8f6c3218fbd1854 - - default default] 10.0.0.19 "GET /v2.0/floatingips HTTP/1.1" status: 200 len: 193 time: 0.0213642
2026-05-19 04:09:52.377 10 INFO neutron.services.segments.plugin [-] Segment 2f5e1a9c-8c36-4e5f-9d01-05dd8daf4043 resource provider aggregate not found
2026-05-19 04:09:52.384 10 INFO neutron.services.segments.plugin [-] Segment 2f5e1a9c-8c36-4e5f-9d01-05dd8daf4043 resource provider not found; error: Placement Client Error (4xx): {"errors": [{"status": 404, "title": "Not Found", "detail": "The resource could not be found.\n\n No resource provider with uuid 2f5e1a9c-8c36-4e5f-9d01-05dd8daf4043 found for delete ", "request_id": "req-b5b9babf-335a-4ef3-981c-f61bbfb6fcd6"}]}
2026-05-19 04:09:52.406 10 INFO neutron.services.segments.plugin [-] Segment 2f5e1a9c-8c36-4e5f-9d01-05dd8daf4043 resource provider not found; error: Placement Client Error (4xx): {"errors": [{"status": 404, "title": "Not Found", "detail": "The resource could not be found.\n\n No resource provider with uuid 2f5e1a9c-8c36-4e5f-9d01-05dd8daf4043 found for delete ", "request_id": "req-974573d8-067b-418f-a4e0-9d0388974fc4"}]}
2026-05-19 04:09:52.499 9 INFO neutron.wsgi [None req-4c58561f-f542-4bb5-bde2-07650732063d ce236c34059d4d0babda12e0bbe32b2e 0e5e868812414428a8f6c3218fbd1854 - - default default] 10.0.0.19 "GET /v2.0/routers HTTP/1.1" status: 200 len: 864 time: 0.1210055
2026-05-19 04:09:52.505 9 INFO neutron.wsgi [req-178e871f-0461-4999-bb06-774454e24db7 req-69b15a9d-07d3-4e4e-8916-b6fca10331a5 b5968d4e8d4f4b29bb47f75f9a6730d9 5f4ae69ee2c745df8662ac18e2d229d0 - - default default] 10.0.0.80 "GET /v2.0/ports?device_id=d306e762-717b-4b87-914b-d6cdffb851f3 HTTP/1.1" status: 200 len: 1170 time: 0.0608022
2026-05-19 04:09:52.525 9 INFO neutron.wsgi [None req-d863eefa-8f73-42c7-b056-2e104789c95e ce236c34059d4d0babda12e0bbe32b2e 0e5e868812414428a8f6c3218fbd1854 - - default default] 10.0.0.19 "GET /v2.0/agents?binary=ovn-controller HTTP/1.1" status: 200 len: 591 time: 0.0188508
2026-05-19 04:09:52.553 9 INFO neutron.db.segments_db [None req-c948493a-8b26-4879-ada0-4569acd0902e 5bd2aba54c4f4306b43cfa4b5dbaf6b5 a8b2e2e185ae44b59c6873da3e2df389 - - default default] Added segment f8cff402-71df-4148-a89b-2e643d44c441 of type geneve for network 850a9516-5d0a-4c9a-a780-f3bfbd781e97
2026-05-19 04:09:52.593 9 INFO neutron.wsgi [None req-700581ed-3ec4-41a8-a10c-484f0e0c8ef5 ce236c34059d4d0babda12e0bbe32b2e 0e5e868812414428a8f6c3218fbd1854 - - default default] 10.0.0.19 "GET /v2.0/ports HTTP/1.1" status: 200 len: 11527 time: 0.0652480
2026-05-19 04:09:52.597 9 INFO neutron.wsgi [req-178e871f-0461-4999-bb06-774454e24db7 req-1c6ff12a-d80d-4cfb-b7fd-dbee332e110a b5968d4e8d4f4b29bb47f75f9a6730d9 5f4ae69ee2c745df8662ac18e2d229d0 - - default default] 10.0.0.80 "GET /v2.0/security-groups?id=8be9d5f5-8332-4a1f-9f27-f01748956663&fields=id&fields=name HTTP/1.1" status: 200 len: 286 time: 0.0824933
2026-05-19 04:09:52.622 9 INFO neutron.wsgi [None req-8ee90a64-37da-44ce-b8e1-85f063e68ed2 ce236c34059d4d0babda12e0bbe32b2e 0e5e868812414428a8f6c3218fbd1854 - - default default] 10.0.0.19 "GET /v2.0/network-ip-availabilities HTTP/1.1" status: 200 len: 2332 time: 0.0189822
2026-05-19 04:09:52.670 9 INFO neutron.wsgi [None req-819ac4ba-f7bd-4085-888e-3125bb83e26c ce236c34059d4d0babda12e0bbe32b2e 0e5e868812414428a8f6c3218fbd1854 - - default default] 10.0.0.19 "GET /v2.0/subnets HTTP/1.1" status: 200 len: 2096 time: 0.0401299
2026-05-19 04:09:52.701 9 INFO neutron.wsgi [None req-7e7a14cd-417c-45ac-b28e-f0856665efdb ce236c34059d4d0babda12e0bbe32b2e 0e5e868812414428a8f6c3218fbd1854 - - default default] 10.0.0.19 "GET /v2.0/subnetpools HTTP/1.1" status: 200 len: 193 time: 0.0283628
2026-05-19 04:09:52.753 9 INFO neutron.db.ovn_revision_numbers_db [None req-c948493a-8b26-4879-ada0-4569acd0902e 5bd2aba54c4f4306b43cfa4b5dbaf6b5 a8b2e2e185ae44b59c6873da3e2df389 - - default default] Successfully bumped revision number for resource 850a9516-5d0a-4c9a-a780-f3bfbd781e97 (type: networks) to 1
2026-05-19 04:09:52.780 10 INFO neutron.wsgi [None req-5b63b458-bdd6-4af2-b698-4b553d2cda28 ce236c34059d4d0babda12e0bbe32b2e 0e5e868812414428a8f6c3218fbd1854 - - default default] 10.0.0.53 "GET /v2.0/security-groups?tenant_id=63815975f96a47c1bf44bd69941281c7&name=default HTTP/1.1" status: 200 len: 2996 time: 0.2439587
2026-05-19 04:09:52.930 9 WARNING neutron.scheduler.dhcp_agent_scheduler [None req-c948493a-8b26-4879-ada0-4569acd0902e 5bd2aba54c4f4306b43cfa4b5dbaf6b5 a8b2e2e185ae44b59c6873da3e2df389 - - default default] No more DHCP agents
2026-05-19 04:09:52.932 9 WARNING neutron.api.rpc.agentnotifiers.dhcp_rpc_agent_api [None req-c948493a-8b26-4879-ada0-4569acd0902e 5bd2aba54c4f4306b43cfa4b5dbaf6b5 a8b2e2e185ae44b59c6873da3e2df389 - - default default] Unable to schedule network 850a9516-5d0a-4c9a-a780-f3bfbd781e97: no agents available; will retry on subsequent port and subnet creation events.
2026-05-19 04:09:53.000 10 INFO neutron.wsgi [None req-21d19e9c-14fe-49b4-a195-b902b9cc008f ce236c34059d4d0babda12e0bbe32b2e 0e5e868812414428a8f6c3218fbd1854 - - default default] 10.0.0.53 "DELETE /v2.0/security-groups/bf8ad8ec-b83d-4ebb-a681-cad6e6d15fd8 HTTP/1.1" status: 204 len: 168 time: 0.2063932
2026-05-19 04:09:53.010 9 INFO neutron.db.ovn_revision_numbers_db [None req-c948493a-8b26-4879-ada0-4569acd0902e 5bd2aba54c4f4306b43cfa4b5dbaf6b5 a8b2e2e185ae44b59c6873da3e2df389 - - default default] Successfully bumped revision number for resource 36578fd9-e564-404a-bbf8-adfde645e51d (type: ports) to 1
2026-05-19 04:09:53.039 9 INFO neutron.wsgi [None req-c948493a-8b26-4879-ada0-4569acd0902e 5bd2aba54c4f4306b43cfa4b5dbaf6b5 a8b2e2e185ae44b59c6873da3e2df389 - - default default] 10.0.0.53 "POST /v2.0/networks HTTP/1.1" status: 201 len: 849 time: 0.6554151
2026-05-19 04:09:53.137 9 INFO neutron.db.segments_db [None req-670d36c2-4af9-4dc4-85de-b9062620fdd8 5bd2aba54c4f4306b43cfa4b5dbaf6b5 a8b2e2e185ae44b59c6873da3e2df389 - - default default] Added segment 43c38ca6-a7b5-4ed1-bd60-cdcbbb7f3f9e of type geneve for network e5dd6d38-21d2-43b2-8697-cf0609a919a4
2026-05-19 04:09:53.305 9 INFO neutron.db.ovn_revision_numbers_db [None req-670d36c2-4af9-4dc4-85de-b9062620fdd8 5bd2aba54c4f4306b43cfa4b5dbaf6b5 a8b2e2e185ae44b59c6873da3e2df389 - - default default] Successfully bumped revision number for resource e5dd6d38-21d2-43b2-8697-cf0609a919a4 (type: networks) to 1
2026-05-19 04:09:53.528 9 WARNING neutron.scheduler.dhcp_agent_scheduler [None req-670d36c2-4af9-4dc4-85de-b9062620fdd8 5bd2aba54c4f4306b43cfa4b5dbaf6b5 a8b2e2e185ae44b59c6873da3e2df389 - - default default] No more DHCP agents
2026-05-19 04:09:53.530 9 WARNING neutron.api.rpc.agentnotifiers.dhcp_rpc_agent_api [None req-670d36c2-4af9-4dc4-85de-b9062620fdd8 5bd2aba54c4f4306b43cfa4b5dbaf6b5 a8b2e2e185ae44b59c6873da3e2df389 - - default default] Unable to schedule network e5dd6d38-21d2-43b2-8697-cf0609a919a4: no agents available; will retry on subsequent port and subnet creation events.
2026-05-19 04:09:53.636 9 INFO neutron.db.ovn_revision_numbers_db [None req-670d36c2-4af9-4dc4-85de-b9062620fdd8 5bd2aba54c4f4306b43cfa4b5dbaf6b5 a8b2e2e185ae44b59c6873da3e2df389 - - default default] Successfully bumped revision number for resource be445232-d6f0-4bcf-8faf-5eef9a8c3292 (type: ports) to 1
2026-05-19 04:09:53.675 9 INFO neutron.wsgi [None req-670d36c2-4af9-4dc4-85de-b9062620fdd8 5bd2aba54c4f4306b43cfa4b5dbaf6b5 a8b2e2e185ae44b59c6873da3e2df389 - - default default] 10.0.0.53 "POST /v2.0/networks HTTP/1.1" status: 201 len: 848 time: 0.6288838
2026-05-19 04:09:53.752 10 INFO neutron.wsgi [req-a43d0c84-2d85-44d3-b513-d47824435335 req-b4b4ab95-e83e-43bb-93f2-c54199c9d048 b5968d4e8d4f4b29bb47f75f9a6730d9 5f4ae69ee2c745df8662ac18e2d229d0 - - default default] 10.0.0.80 "GET /v2.0/ports?device_id=d306e762-717b-4b87-914b-d6cdffb851f3 HTTP/1.1" status: 200 len: 1170 time: 0.0844517
2026-05-19 04:09:53.799 10 INFO neutron.wsgi [req-a43d0c84-2d85-44d3-b513-d47824435335 req-17cbac9a-0851-43e5-9ab9-c84286332fea b5968d4e8d4f4b29bb47f75f9a6730d9 5f4ae69ee2c745df8662ac18e2d229d0 - - default default] 10.0.0.80 "GET /v2.0/security-groups?id=8be9d5f5-8332-4a1f-9f27-f01748956663&fields=id&fields=name HTTP/1.1" status: 200 len: 286 time: 0.0391366
2026-05-19 04:09:54.144 9 INFO neutron.wsgi [req-74b63385-276b-46c4-95cc-dcb79d5d31a2 req-d7d24f4f-1e0e-48b4-bb06-66c377ca3c57 b5968d4e8d4f4b29bb47f75f9a6730d9 5f4ae69ee2c745df8662ac18e2d229d0 - - default default] 10.0.0.80 "GET /v2.0/ports?device_id=d306e762-717b-4b87-914b-d6cdffb851f3 HTTP/1.1" status: 200 len: 1170 time: 0.0370226
2026-05-19 04:09:54.170 9 INFO neutron.plugins.ml2.drivers.ovn.mech_driver.mech_driver [None req-8bac5458-4588-43bb-b5a9-3be57fee1436 - - - - - -] OVN reports status down for port: afaa2bd1-e63d-450a-aa2d-6be8f7da9a2c
2026-05-19 04:09:54.529 9 WARNING neutron.scheduler.dhcp_agent_scheduler [None req-c44939ac-9730-4385-a156-be0bb69a5fcb 5bd2aba54c4f4306b43cfa4b5dbaf6b5 a8b2e2e185ae44b59c6873da3e2df389 - - default default] No more DHCP agents
2026-05-19 04:09:54.537 9 WARNING neutron.api.rpc.agentnotifiers.dhcp_rpc_agent_api [None req-c44939ac-9730-4385-a156-be0bb69a5fcb 5bd2aba54c4f4306b43cfa4b5dbaf6b5 a8b2e2e185ae44b59c6873da3e2df389 - - default default] Unable to schedule network 850a9516-5d0a-4c9a-a780-f3bfbd781e97: no agents available; will retry on subsequent port and subnet creation events.
2026-05-19 04:09:54.543 9 INFO neutron.wsgi [req-74b63385-276b-46c4-95cc-dcb79d5d31a2 req-acf8c3bd-d447-4e25-bb0e-5ab5408f7d8d b5968d4e8d4f4b29bb47f75f9a6730d9 5f4ae69ee2c745df8662ac18e2d229d0 - - default default] 10.0.0.80 "GET /v2.0/security-groups?id=8be9d5f5-8332-4a1f-9f27-f01748956663&fields=id&fields=name HTTP/1.1" status: 200 len: 286 time: 0.3916628
2026-05-19 04:09:54.577 9 INFO neutron.wsgi [req-485b934a-95f5-4c62-bcce-cbd228c80650 req-11c946cf-6212-4eab-9e4e-54175bd50b6c b5968d4e8d4f4b29bb47f75f9a6730d9 5f4ae69ee2c745df8662ac18e2d229d0 - - default default] 199.19.213.191 "GET /v2.0/ports?device_id=d306e762-717b-4b87-914b-d6cdffb851f3 HTTP/1.1" status: 200 len: 1170 time: 0.0773957
2026-05-19 04:09:54.685 9 INFO neutron.notifiers.nova [-] Nova event matching ['req-fdcaa23a-2278-4644-b637-42cc7e2ea5e8'] response: {'server_uuid': 'd306e762-717b-4b87-914b-d6cdffb851f3', 'name': 'network-vif-unplugged', 'status': 'completed', 'tag': 'afaa2bd1-e63d-450a-aa2d-6be8f7da9a2c', 'code': 200}
2026-05-19 04:09:55.059 9 INFO neutron.db.ovn_revision_numbers_db [None req-8bac5458-4588-43bb-b5a9-3be57fee1436 - - - - - -] Successfully bumped revision number for resource afaa2bd1-e63d-450a-aa2d-6be8f7da9a2c (type: ports) to 5
2026-05-19 04:09:55.125 9 INFO neutron.wsgi [req-485b934a-95f5-4c62-bcce-cbd228c80650 req-e1e04908-c3d7-415d-a8b9-b5497317e051 b5968d4e8d4f4b29bb47f75f9a6730d9 5f4ae69ee2c745df8662ac18e2d229d0 - - default default] 199.19.213.191 "DELETE /v2.0/ports/afaa2bd1-e63d-450a-aa2d-6be8f7da9a2c HTTP/1.1" status: 204 len: 173 time: 0.5403221
2026-05-19 04:09:55.333 9 INFO neutron.db.ovn_revision_numbers_db [None req-c44939ac-9730-4385-a156-be0bb69a5fcb 5bd2aba54c4f4306b43cfa4b5dbaf6b5 a8b2e2e185ae44b59c6873da3e2df389 - - default default] Successfully bumped revision number for resource 36578fd9-e564-404a-bbf8-adfde645e51d (type: ports) to 2
2026-05-19 04:09:55.372 9 INFO neutron.db.ovn_revision_numbers_db [None req-c44939ac-9730-4385-a156-be0bb69a5fcb 5bd2aba54c4f4306b43cfa4b5dbaf6b5 a8b2e2e185ae44b59c6873da3e2df389 - - default default] Successfully bumped revision number for resource 0b04453d-e1c6-4693-a8e6-147d1c2dfaec (type: subnets) to 0
2026-05-19 04:09:55.384 10 INFO neutron.db.ovn_revision_numbers_db [None req-11f22f14-f31d-4529-b178-25b3cd759c67 899ffd7050db403d9a5cb7b8ccff8016 2218ac35f0344fcea9187dd815e55b63 - - default default] Successfully bumped revision number for resource 199ef06b-d0c9-4a43-8964-b04a32dbe5c5 (type: security_groups) to 1
2026-05-19 04:09:55.398 9 WARNING neutron.scheduler.dhcp_agent_scheduler [None req-c44939ac-9730-4385-a156-be0bb69a5fcb 5bd2aba54c4f4306b43cfa4b5dbaf6b5 a8b2e2e185ae44b59c6873da3e2df389 - - default default] No more DHCP agents
2026-05-19 04:09:55.398 10 INFO neutron.db.ovn_revision_numbers_db [None req-11f22f14-f31d-4529-b178-25b3cd759c67 899ffd7050db403d9a5cb7b8ccff8016 2218ac35f0344fcea9187dd815e55b63 - - default default] Successfully bumped revision number for resource 1824f0b5-03a3-48db-beb8-24f0e7609838 (type: security_group_rules) to 0
2026-05-19 04:09:55.404 9 WARNING neutron.api.rpc.agentnotifiers.dhcp_rpc_agent_api [None req-c44939ac-9730-4385-a156-be0bb69a5fcb 5bd2aba54c4f4306b43cfa4b5dbaf6b5 a8b2e2e185ae44b59c6873da3e2df389 - - default default] Unable to schedule network e5dd6d38-21d2-43b2-8697-cf0609a919a4: no agents available; will retry on subsequent port and subnet creation events.
2026-05-19 04:09:55.413 10 INFO neutron.db.ovn_revision_numbers_db [None req-11f22f14-f31d-4529-b178-25b3cd759c67 899ffd7050db403d9a5cb7b8ccff8016 2218ac35f0344fcea9187dd815e55b63 - - default default] Successfully bumped revision number for resource 50e78443-b824-4bb4-8bbb-ecc7775f8476 (type: security_group_rules) to 0
2026-05-19 04:09:55.430 10 INFO neutron.db.ovn_revision_numbers_db [None req-11f22f14-f31d-4529-b178-25b3cd759c67 899ffd7050db403d9a5cb7b8ccff8016 2218ac35f0344fcea9187dd815e55b63 - - default default] Successfully bumped revision number for resource 5516d898-78a3-4a16-9048-af778de660fa (type: security_group_rules) to 0
2026-05-19 04:09:55.450 10 INFO neutron.db.ovn_revision_numbers_db [None req-11f22f14-f31d-4529-b178-25b3cd759c67 899ffd7050db403d9a5cb7b8ccff8016 2218ac35f0344fcea9187dd815e55b63 - - default default] Successfully bumped revision number for resource 7b083b2f-84c6-4c29-a700-74932d0efdb0 (type: security_group_rules) to 0
2026-05-19 04:09:55.533 10 INFO neutron.db.ovn_revision_numbers_db [None req-11f22f14-f31d-4529-b178-25b3cd759c67 899ffd7050db403d9a5cb7b8ccff8016 2218ac35f0344fcea9187dd815e55b63 - - default default] Successfully bumped revision number for resource b8f9b447-83ba-4aaf-adda-71b889797144 (type: security_groups) to 1
2026-05-19 04:09:55.549 10 INFO neutron.db.ovn_revision_numbers_db [None req-11f22f14-f31d-4529-b178-25b3cd759c67 899ffd7050db403d9a5cb7b8ccff8016 2218ac35f0344fcea9187dd815e55b63 - - default default] Successfully bumped revision number for resource af9d637d-6ced-400a-abb1-355100eab4bd (type: security_group_rules) to 0
2026-05-19 04:09:55.564 10 INFO neutron.db.ovn_revision_numbers_db [None req-11f22f14-f31d-4529-b178-25b3cd759c67 899ffd7050db403d9a5cb7b8ccff8016 2218ac35f0344fcea9187dd815e55b63 - - default default] Successfully bumped revision number for resource f38d353b-0345-4a32-b423-4ca361f1ef98 (type: security_group_rules) to 0
2026-05-19 04:09:55.589 10 INFO neutron.wsgi [None req-11f22f14-f31d-4529-b178-25b3cd759c67 899ffd7050db403d9a5cb7b8ccff8016 2218ac35f0344fcea9187dd815e55b63 - - default default] 10.0.0.53 "POST /v2.0/security-groups HTTP/1.1" status: 201 len: 1761 time: 0.6100760
2026-05-19 04:09:55.647 9 INFO neutron.wsgi [None req-d044fee4-c130-41f8-9f6d-c3001ecfccae 899ffd7050db403d9a5cb7b8ccff8016 2218ac35f0344fcea9187dd815e55b63 - - default default] 10.0.0.53 "GET /v2.0/security-groups HTTP/1.1" status: 200 len: 4539 time: 0.0529494
2026-05-19 04:09:55.822 10 INFO neutron.db.ovn_revision_numbers_db [None req-9d2e80e7-13f3-41f2-b79e-7c1aa7e45444 899ffd7050db403d9a5cb7b8ccff8016 2218ac35f0344fcea9187dd815e55b63 - - default default] Successfully bumped revision number for resource b8f9b447-83ba-4aaf-adda-71b889797144 (type: security_groups) to 2
2026-05-19 04:09:55.832 10 INFO neutron.wsgi [None req-9d2e80e7-13f3-41f2-b79e-7c1aa7e45444 899ffd7050db403d9a5cb7b8ccff8016 2218ac35f0344fcea9187dd815e55b63 - - default default] 10.0.0.53 "PUT /v2.0/security-groups/b8f9b447-83ba-4aaf-adda-71b889797144 HTTP/1.1" status: 200 len: 1792 time: 0.1762729
2026-05-19 04:09:55.957 9 INFO neutron.wsgi [None req-427b11c8-8018-4034-aefd-417e7532f08c 899ffd7050db403d9a5cb7b8ccff8016 2218ac35f0344fcea9187dd815e55b63 - - default default] 10.0.0.53 "GET /v2.0/security-groups/b8f9b447-83ba-4aaf-adda-71b889797144 HTTP/1.1" status: 200 len: 1792 time: 0.0780418
2026-05-19 04:09:56.128 9 INFO neutron.db.ovn_revision_numbers_db [None req-c44939ac-9730-4385-a156-be0bb69a5fcb 5bd2aba54c4f4306b43cfa4b5dbaf6b5 a8b2e2e185ae44b59c6873da3e2df389 - - default default] Successfully bumped revision number for resource be445232-d6f0-4bcf-8faf-5eef9a8c3292 (type: ports) to 2
2026-05-19 04:09:56.141 10 INFO neutron.wsgi [None req-59af09b0-d9ee-424c-a339-18f1a455cc01 899ffd7050db403d9a5cb7b8ccff8016 2218ac35f0344fcea9187dd815e55b63 - - default default] 10.0.0.53 "DELETE /v2.0/security-groups/b8f9b447-83ba-4aaf-adda-71b889797144 HTTP/1.1" status: 204 len: 168 time: 0.1727407
2026-05-19 04:09:56.189 9 INFO neutron.db.ovn_revision_numbers_db [None req-c44939ac-9730-4385-a156-be0bb69a5fcb 5bd2aba54c4f4306b43cfa4b5dbaf6b5 a8b2e2e185ae44b59c6873da3e2df389 - - default default] Successfully bumped revision number for resource e8534250-1ad9-4ecc-9107-0d012fa380d3 (type: subnets) to 0
2026-05-19 04:09:56.208 10 INFO neutron.wsgi [None req-fffbca58-0d7b-44d5-8612-608fa00f3ac7 899ffd7050db403d9a5cb7b8ccff8016 2218ac35f0344fcea9187dd815e55b63 - - default default] 10.0.0.53 "GET /v2.0/security-groups HTTP/1.1" status: 200 len: 2996 time: 0.0585399
2026-05-19 04:09:56.209 9 INFO neutron.wsgi [None req-c44939ac-9730-4385-a156-be0bb69a5fcb 5bd2aba54c4f4306b43cfa4b5dbaf6b5 a8b2e2e185ae44b59c6873da3e2df389 - - default default] 10.0.0.53 "POST /v2.0/subnets HTTP/1.1" status: 201 len: 1426 time: 2.5023758
2026-05-19 04:09:56.237 10 INFO neutron.api.v2.resource [None req-dbcc29a3-47e2-4e35-9105-6c16ee6f9d96 899ffd7050db403d9a5cb7b8ccff8016 2218ac35f0344fcea9187dd815e55b63 - - default default] delete failed (client error): The resource could not be found.
2026-05-19 04:09:56.238 10 INFO neutron.wsgi [None req-dbcc29a3-47e2-4e35-9105-6c16ee6f9d96 899ffd7050db403d9a5cb7b8ccff8016 2218ac35f0344fcea9187dd815e55b63 - - default default] 10.0.0.53 "DELETE /v2.0/security-groups/b8f9b447-83ba-4aaf-adda-71b889797144 HTTP/1.1" status: 404 len: 347 time: 0.0136776
2026-05-19 04:09:56.273 9 INFO neutron.wsgi [None req-71a1e44f-a809-4c64-bfcd-1c900d01b778 5bd2aba54c4f4306b43cfa4b5dbaf6b5 a8b2e2e185ae44b59c6873da3e2df389 - - default default] 10.0.0.53 "GET /v2.0/subnets HTTP/1.1" status: 200 len: 2034 time: 0.0564015
2026-05-19 04:09:56.468 9 INFO neutron.db.ovn_revision_numbers_db [None req-7dfa61e9-2a48-4f31-9eee-400ac16e08f5 899ffd7050db403d9a5cb7b8ccff8016 2218ac35f0344fcea9187dd815e55b63 - - default default] Successfully bumped revision number for resource 5fe3629a-a265-404f-9ba4-1cddae0ec1a4 (type: security_groups) to 1
2026-05-19 04:09:56.484 9 INFO neutron.db.ovn_revision_numbers_db [None req-7dfa61e9-2a48-4f31-9eee-400ac16e08f5 899ffd7050db403d9a5cb7b8ccff8016 2218ac35f0344fcea9187dd815e55b63 - - default default] Successfully bumped revision number for resource 842e0abc-53e0-4b13-8531-cb68f0d4d1e7 (type: security_group_rules) to 0
2026-05-19 04:09:56.505 9 INFO neutron.db.ovn_revision_numbers_db [None req-7dfa61e9-2a48-4f31-9eee-400ac16e08f5 899ffd7050db403d9a5cb7b8ccff8016 2218ac35f0344fcea9187dd815e55b63 - - default default] Successfully bumped revision number for resource b714afe3-d6c8-4c3f-94a0-d8aad59671c2 (type: security_group_rules) to 0
2026-05-19 04:09:56.512 9 INFO neutron.wsgi [None req-2bfebace-4d40-42f4-806a-b59182cecfdf 5bd2aba54c4f4306b43cfa4b5dbaf6b5 a8b2e2e185ae44b59c6873da3e2df389 - - default default] 10.0.0.53 "DELETE /v2.0/subnets/0b04453d-e1c6-4693-a8e6-147d1c2dfaec HTTP/1.1" status: 204 len: 168 time: 0.2317345
2026-05-19 04:09:56.534 9 INFO neutron.wsgi [None req-7dfa61e9-2a48-4f31-9eee-400ac16e08f5 899ffd7050db403d9a5cb7b8ccff8016 2218ac35f0344fcea9187dd815e55b63 - - default default] 10.0.0.53 "POST /v2.0/security-groups HTTP/1.1" status: 201 len: 1760 time: 0.2896979
