2026-05-19 04:11:23.883 10 WARNING neutron.api.rpc.agentnotifiers.dhcp_rpc_agent_api [None req-e1c44760-0af4-4c05-8fd4-e0fe5a9c3e14 9f2ed0d7d2c649a58df0c26ff29e70f0 8c4123e6713641db92fdadbe5a696255 - - default default] Unable to schedule network cec230d9-8320-4a44-8f40-99ef857b5691: no agents available; will retry on subsequent port and subnet creation events.
2026-05-19 04:11:23.969 10 INFO neutron.db.ovn_revision_numbers_db [None req-e1c44760-0af4-4c05-8fd4-e0fe5a9c3e14 9f2ed0d7d2c649a58df0c26ff29e70f0 8c4123e6713641db92fdadbe5a696255 - - default default] Successfully bumped revision number for resource 30b2e781-2932-40ab-b15b-b9b0ac7968e3 (type: ports) to 1
2026-05-19 04:11:23.990 10 INFO neutron.wsgi [None req-e1c44760-0af4-4c05-8fd4-e0fe5a9c3e14 9f2ed0d7d2c649a58df0c26ff29e70f0 8c4123e6713641db92fdadbe5a696255 - - default default] 10.0.0.53 "POST /v2.0/networks HTTP/1.1" status: 201 len: 831 time: 0.5582786
2026-05-19 04:11:24.059 10 INFO neutron.wsgi [None req-053b8b45-cf8f-4ddd-a72c-10002fc1e228 9f2ed0d7d2c649a58df0c26ff29e70f0 8c4123e6713641db92fdadbe5a696255 - - default default] 10.0.0.53 "PUT /v2.0/networks/ecbfda39-ef57-4f49-a32a-200155e37b60/tags HTTP/1.1" status: 200 len: 210 time: 0.0595775
2026-05-19 04:11:24.073 10 INFO neutron.wsgi [req-da41302c-22c1-4e58-8fee-fa8049f99033 req-9d80b410-98c4-4ab7-92c9-a879cf6c66db d90ddc0e36f442ef969eeefc0e8a65a0 aa99a1b2c8464a0190733132f1fde0e0 - - 90f575837326456b8ab9bf10c47d7749 90f575837326456b8ab9bf10c47d7749] 10.0.0.253 "GET /v2.0/ports?device_id=80bc0beb-b346-4a5b-b721-7c3707375164 HTTP/1.1" status: 200 len: 1409 time: 0.0377178
2026-05-19 04:11:24.122 10 INFO neutron.wsgi [req-da41302c-22c1-4e58-8fee-fa8049f99033 req-27d5f521-c6a9-457d-9f32-82f9c581ba16 d90ddc0e36f442ef969eeefc0e8a65a0 aa99a1b2c8464a0190733132f1fde0e0 - - 90f575837326456b8ab9bf10c47d7749 90f575837326456b8ab9bf10c47d7749] 10.0.0.253 "GET /v2.0/security-groups?id=176747d1-53a5-4d46-b0b4-df446ca04fa2&fields=id&fields=name HTTP/1.1" status: 200 len: 313 time: 0.0411530
2026-05-19 04:11:24.130 9 INFO neutron.wsgi [None req-27ca5dda-71f5-4591-99f1-2a0e9f8c0c44 9f2ed0d7d2c649a58df0c26ff29e70f0 8c4123e6713641db92fdadbe5a696255 - - default default] 10.0.0.53 "PUT /v2.0/networks/ef3bfd20-9bc5-4415-a33b-5c26d017196a/tags HTTP/1.1" status: 200 len: 218 time: 0.0643547
2026-05-19 04:11:24.187 9 INFO neutron.wsgi [None req-c28b4a06-3667-4a16-93d1-31400960b99c 9f2ed0d7d2c649a58df0c26ff29e70f0 8c4123e6713641db92fdadbe5a696255 - - default default] 10.0.0.53 "PUT /v2.0/networks/6e3f2852-2f53-48a4-ac95-efb7c053e635/tags HTTP/1.1" status: 200 len: 227 time: 0.0524223
2026-05-19 04:11:24.252 10 INFO neutron.wsgi [None req-3491ec1a-c53a-4415-aa00-1d1e7463c914 9f2ed0d7d2c649a58df0c26ff29e70f0 8c4123e6713641db92fdadbe5a696255 - - default default] 10.0.0.53 "PUT /v2.0/networks/1f2d20c8-b6db-4384-9636-3ed071070b91/tags HTTP/1.1" status: 200 len: 212 time: 0.0587766
2026-05-19 04:11:24.354 10 INFO neutron.wsgi [None req-173f18fa-9553-453c-919e-f98831e039c5 9f2ed0d7d2c649a58df0c26ff29e70f0 8c4123e6713641db92fdadbe5a696255 - - default default] 10.0.0.53 "GET /v2.0/networks?tags=red HTTP/1.1" status: 200 len: 2069 time: 0.0959136
2026-05-19 04:11:24.461 9 INFO neutron.wsgi [None req-7e70776b-a5d3-4c84-ab1f-552f939a3146 9f2ed0d7d2c649a58df0c26ff29e70f0 8c4123e6713641db92fdadbe5a696255 - - default default] 10.0.0.53 "GET /v2.0/networks?tags=red%2Cblue HTTP/1.1" status: 200 len: 1456 time: 0.1000950
2026-05-19 04:11:24.495 10 INFO neutron.db.ovn_revision_numbers_db [None req-9f10bfac-8294-427a-9fd5-3492d2f495ef ce236c34059d4d0babda12e0bbe32b2e 0e5e868812414428a8f6c3218fbd1854 - - default default] Successfully bumped revision number for resource 5ce9d00d-1d8b-4eb7-b043-a0056bab83ee (type: security_groups) to 1
2026-05-19 04:11:24.516 10 INFO neutron.db.ovn_revision_numbers_db [None req-9f10bfac-8294-427a-9fd5-3492d2f495ef ce236c34059d4d0babda12e0bbe32b2e 0e5e868812414428a8f6c3218fbd1854 - - default default] Successfully bumped revision number for resource 1ff45d1f-19dd-4432-ab90-e297f07aebd8 (type: security_group_rules) to 0
2026-05-19 04:11:24.540 10 INFO neutron.db.ovn_revision_numbers_db [None req-9f10bfac-8294-427a-9fd5-3492d2f495ef ce236c34059d4d0babda12e0bbe32b2e 0e5e868812414428a8f6c3218fbd1854 - - default default] Successfully bumped revision number for resource 56d38407-8826-427e-b9da-55abee3086dd (type: security_group_rules) to 0
2026-05-19 04:11:24.550 9 INFO neutron.wsgi [None req-6554f75f-d20c-4966-98ee-b2c33e0400bd 9f2ed0d7d2c649a58df0c26ff29e70f0 8c4123e6713641db92fdadbe5a696255 - - default default] 10.0.0.53 "GET /v2.0/networks?tags-any=blue HTTP/1.1" status: 200 len: 1456 time: 0.0810578
2026-05-19 04:11:24.559 10 INFO neutron.db.ovn_revision_numbers_db [None req-9f10bfac-8294-427a-9fd5-3492d2f495ef ce236c34059d4d0babda12e0bbe32b2e 0e5e868812414428a8f6c3218fbd1854 - - default default] Successfully bumped revision number for resource 5f68b5e2-928f-4645-9438-1f73fcf26f2e (type: security_group_rules) to 0
2026-05-19 04:11:24.577 10 INFO neutron.db.ovn_revision_numbers_db [None req-9f10bfac-8294-427a-9fd5-3492d2f495ef ce236c34059d4d0babda12e0bbe32b2e 0e5e868812414428a8f6c3218fbd1854 - - default default] Successfully bumped revision number for resource 77509b7c-f226-4f39-953f-f7ad35a92fe5 (type: security_group_rules) to 0
2026-05-19 04:11:24.610 10 INFO neutron.wsgi [None req-9f10bfac-8294-427a-9fd5-3492d2f495ef ce236c34059d4d0babda12e0bbe32b2e 0e5e868812414428a8f6c3218fbd1854 - - default default] 10.0.0.53 "GET /v2.0/security-groups?tenant_id=90eab6c588664490a0592570b7f247a9&name=default HTTP/1.1" status: 200 len: 2996 time: 0.4718444
2026-05-19 04:11:24.621 9 INFO neutron.wsgi [None req-7c3e1568-351e-4762-8601-4c622bf663f0 9f2ed0d7d2c649a58df0c26ff29e70f0 8c4123e6713641db92fdadbe5a696255 - - default default] 10.0.0.53 "GET /v2.0/networks?tags-any=red%2Cblue HTTP/1.1" status: 200 len: 2069 time: 0.0631104
2026-05-19 04:11:24.758 10 INFO neutron.wsgi [None req-274ae984-aee4-428a-8242-5bc18afaab56 9f2ed0d7d2c649a58df0c26ff29e70f0 8c4123e6713641db92fdadbe5a696255 - - default default] 10.0.0.53 "GET /v2.0/networks?not-tags=red HTTP/1.1" status: 200 len: 2069 time: 0.1315286
2026-05-19 04:11:24.920 10 INFO neutron.wsgi [None req-8a130c44-6f1a-4935-8b75-4a37093e3537 9f2ed0d7d2c649a58df0c26ff29e70f0 8c4123e6713641db92fdadbe5a696255 - - default default] 10.0.0.53 "GET /v2.0/networks?not-tags=red%2Cblue HTTP/1.1" status: 200 len: 2682 time: 0.1579082
2026-05-19 04:11:25.019 10 INFO neutron.wsgi [None req-9361c27e-44b3-446a-aeb6-59d27350112f ce236c34059d4d0babda12e0bbe32b2e 0e5e868812414428a8f6c3218fbd1854 - - default default] 10.0.0.53 "DELETE /v2.0/security-groups/5ce9d00d-1d8b-4eb7-b043-a0056bab83ee HTTP/1.1" status: 204 len: 168 time: 0.4025314
2026-05-19 04:11:25.064 9 INFO neutron.wsgi [None req-c8e7facb-5368-490f-8631-9ff7271ab8ab 9f2ed0d7d2c649a58df0c26ff29e70f0 8c4123e6713641db92fdadbe5a696255 - - default default] 10.0.0.53 "GET /v2.0/networks?not-tags-any=blue HTTP/1.1" status: 200 len: 2682 time: 0.1208870
2026-05-19 04:11:25.146 9 INFO neutron.wsgi [None req-6895eb9d-7c31-4213-8efc-a45467f47509 9f2ed0d7d2c649a58df0c26ff29e70f0 8c4123e6713641db92fdadbe5a696255 - - default default] 10.0.0.53 "GET /v2.0/networks?not-tags-any=red%2Cblue HTTP/1.1" status: 200 len: 2069 time: 0.0728931
2026-05-19 04:11:25.467 10 INFO neutron.wsgi [None req-e43e4b33-1c01-48f7-aa9f-971531089650 ac969dd205fc4f66b9386ac2cf6eb415 500d913c39964ddda685dba2fcbc7f90 - - default default] 10.0.0.53 "GET /v2.0/ports?project_id=ac82bda9158e4c30a38103e4e9fad327&network_id=0fc1ebaa-363d-4591-9a5c-472bfc260d00 HTTP/1.1" status: 200 len: 3510 time: 0.0524335
2026-05-19 04:11:25.501 9 INFO neutron.services.segments.plugin [-] Segment 06d3ece8-e89d-43b0-9b33-9ed77c3abc09 resource provider aggregate not found
2026-05-19 04:11:25.521 9 INFO neutron.services.segments.plugin [-] Segment 06d3ece8-e89d-43b0-9b33-9ed77c3abc09 resource provider aggregate not found
2026-05-19 04:11:25.536 9 INFO neutron.services.segments.plugin [-] Segment 06d3ece8-e89d-43b0-9b33-9ed77c3abc09 resource provider not found; error: Placement Client Error (4xx): {"errors": [{"status": 404, "title": "Not Found", "detail": "The resource could not be found.\n\n No resource provider with uuid 06d3ece8-e89d-43b0-9b33-9ed77c3abc09 found for delete ", "request_id": "req-d67b1464-b55b-482c-8f74-2fa12d415b78"}]}
2026-05-19 04:11:25.544 9 INFO neutron.services.segments.plugin [-] Segment 06d3ece8-e89d-43b0-9b33-9ed77c3abc09 resource provider not found; error: Placement Client Error (4xx): {"errors": [{"status": 404, "title": "Not Found", "detail": "The resource could not be found.\n\n No resource provider with uuid 06d3ece8-e89d-43b0-9b33-9ed77c3abc09 found for delete ", "request_id": "req-3e2526ca-1b70-43ce-bc9e-916ec55a4d2a"}]}
2026-05-19 04:11:25.570 9 INFO neutron.wsgi [None req-a8aa2a51-3312-4e45-805b-312b5b19048e 9f2ed0d7d2c649a58df0c26ff29e70f0 8c4123e6713641db92fdadbe5a696255 - - default default] 10.0.0.53 "DELETE /v2.0/networks/ecbfda39-ef57-4f49-a32a-200155e37b60 HTTP/1.1" status: 204 len: 168 time: 0.4153087
2026-05-19 04:11:25.762 10 INFO neutron.wsgi [None req-0ac974f3-dc98-45e3-9a49-d9f884f5e161 ac969dd205fc4f66b9386ac2cf6eb415 500d913c39964ddda685dba2fcbc7f90 - - default default] 10.0.0.53 "GET /v2.0/subnets?network_id=e18f6192-7bae-4335-85f7-38be0ae35f75 HTTP/1.1" status: 200 len: 838 time: 0.0357001
2026-05-19 04:11:25.955 9 INFO neutron.wsgi [None req-6b6d4d4a-8ba4-4470-8dd7-fd44031b01a2 9f2ed0d7d2c649a58df0c26ff29e70f0 8c4123e6713641db92fdadbe5a696255 - - default default] 10.0.0.53 "DELETE /v2.0/networks/ef3bfd20-9bc5-4415-a33b-5c26d017196a HTTP/1.1" status: 204 len: 168 time: 0.3792126
2026-05-19 04:11:26.081 10 INFO neutron.db.l3_db [None req-a640f252-bd51-4871-96fc-3ec9321580a3 f861119eb0924eb8a5ecaf94c6dcc5a3 ac82bda9158e4c30a38103e4e9fad327 - - default default] Floating IP fbc933ef-8708-4d47-be76-4fec97aa9f5a disassociated. External IP: 10.96.250.219, port: 7a6b5edc-55d7-44a0-896d-e5e4c47ad75e.
2026-05-19 04:11:26.162 10 INFO neutron.db.ovn_revision_numbers_db [None req-a640f252-bd51-4871-96fc-3ec9321580a3 f861119eb0924eb8a5ecaf94c6dcc5a3 ac82bda9158e4c30a38103e4e9fad327 - - default default] Successfully bumped revision number for resource fbc933ef-8708-4d47-be76-4fec97aa9f5a (type: floatingips) to 2
2026-05-19 04:11:26.242 10 INFO neutron.wsgi [None req-a640f252-bd51-4871-96fc-3ec9321580a3 f861119eb0924eb8a5ecaf94c6dcc5a3 ac82bda9158e4c30a38103e4e9fad327 - - default default] 10.0.0.53 "PUT /v2.0/floatingips/fbc933ef-8708-4d47-be76-4fec97aa9f5a HTTP/1.1" status: 200 len: 748 time: 0.2846029 /var/lib/openstack/lib/python3.10/site-packages/pycadf/identifier.py:71: UserWarning: Invalid uuid: neutron. To ensure interoperability, identifiers should be a valid uuid. warnings.warn(('Invalid uuid: %s. To ensure interoperability, '
2026-05-19 04:11:26.277 10 INFO neutron.wsgi [None req-bc8befc7-4ba3-423e-944e-9ec952bc8a9b f861119eb0924eb8a5ecaf94c6dcc5a3 ac82bda9158e4c30a38103e4e9fad327 - - default default] 10.0.0.53 "GET /v2.0/floatingips/fbc933ef-8708-4d47-be76-4fec97aa9f5a HTTP/1.1" status: 200 len: 746 time: 0.0276287
2026-05-19 04:11:26.298 10 INFO neutron.notifiers.nova [-] Nova event matching ['req-57d6356f-24ff-469e-a64a-3f9b62faa772'] response: {'name': 'network-changed', 'server_uuid': '80bc0beb-b346-4a5b-b721-7c3707375164', 'tag': '7a6b5edc-55d7-44a0-896d-e5e4c47ad75e', 'status': 'completed', 'code': 200}
2026-05-19 04:11:26.478 9 INFO neutron.wsgi [req-a599fd6c-bd14-4894-adff-c9835e541e5c req-18b08c73-def6-49de-b55f-bd214dae1c7b d90ddc0e36f442ef969eeefc0e8a65a0 aa99a1b2c8464a0190733132f1fde0e0 - - 90f575837326456b8ab9bf10c47d7749 90f575837326456b8ab9bf10c47d7749] 199.19.213.191 "GET /v2.0/ports?tenant_id=ac82bda9158e4c30a38103e4e9fad327&device_id=80bc0beb-b346-4a5b-b721-7c3707375164 HTTP/1.1" status: 200 len: 1409 time: 0.0378740
2026-05-19 04:11:26.577 9 INFO neutron.wsgi [req-a599fd6c-bd14-4894-adff-c9835e541e5c req-7d6c1348-856d-492c-a73c-176c00d5572d d90ddc0e36f442ef969eeefc0e8a65a0 aa99a1b2c8464a0190733132f1fde0e0 - - 90f575837326456b8ab9bf10c47d7749 90f575837326456b8ab9bf10c47d7749] 199.19.213.191 "GET /v2.0/networks?id=0fc1ebaa-363d-4591-9a5c-472bfc260d00 HTTP/1.1" status: 200 len: 958 time: 0.0921569
2026-05-19 04:11:26.622 9 INFO neutron.wsgi [req-a599fd6c-bd14-4894-adff-c9835e541e5c req-925ca6f2-4782-4d51-8c82-4b48825ff6c2 d90ddc0e36f442ef969eeefc0e8a65a0 aa99a1b2c8464a0190733132f1fde0e0 - - 90f575837326456b8ab9bf10c47d7749 90f575837326456b8ab9bf10c47d7749] 199.19.213.191 "GET /v2.0/floatingips?fixed_ip_address=10.100.0.5&port_id=7a6b5edc-55d7-44a0-896d-e5e4c47ad75e HTTP/1.1" status: 200 len: 217 time: 0.0262303
2026-05-19 04:11:26.668 9 INFO neutron.wsgi [req-a599fd6c-bd14-4894-adff-c9835e541e5c req-d2324e9f-0765-4e2d-a8e8-877398570838 d90ddc0e36f442ef969eeefc0e8a65a0 aa99a1b2c8464a0190733132f1fde0e0 - - 90f575837326456b8ab9bf10c47d7749 90f575837326456b8ab9bf10c47d7749] 199.19.213.191 "GET /v2.0/subnets?id=c9f4d66f-1cff-494f-8fd0-0b2ea3668305 HTTP/1.1" status: 200 len: 851 time: 0.0376346
2026-05-19 04:11:26.696 9 INFO neutron.wsgi [req-a599fd6c-bd14-4894-adff-c9835e541e5c req-c06a0e0a-a3b0-41c7-bf76-2e5df9a816c5 d90ddc0e36f442ef969eeefc0e8a65a0 aa99a1b2c8464a0190733132f1fde0e0 - - 90f575837326456b8ab9bf10c47d7749 90f575837326456b8ab9bf10c47d7749] 199.19.213.191 "GET /v2.0/ports?network_id=0fc1ebaa-363d-4591-9a5c-472bfc260d00&device_owner=network%3Adhcp HTTP/1.1" status: 200 len: 210 time: 0.0247381
2026-05-19 04:11:26.767 9 INFO neutron.wsgi [None req-9ed7c425-e77b-4e66-bc60-064b3abc02d5 9f2ed0d7d2c649a58df0c26ff29e70f0 8c4123e6713641db92fdadbe5a696255 - - default default] 10.0.0.53 "DELETE /v2.0/networks/6e3f2852-2f53-48a4-ac95-efb7c053e635 HTTP/1.1" status: 204 len: 168 time: 0.8017251
2026-05-19 04:11:26.777 9 INFO neutron.wsgi [req-a599fd6c-bd14-4894-adff-c9835e541e5c req-e7a2797c-13dc-4f8a-83f7-4b129696e8d3 d90ddc0e36f442ef969eeefc0e8a65a0 aa99a1b2c8464a0190733132f1fde0e0 - - 90f575837326456b8ab9bf10c47d7749 90f575837326456b8ab9bf10c47d7749] 199.19.213.191 "GET /v2.0/networks/0fc1ebaa-363d-4591-9a5c-472bfc260d00?fields=segments HTTP/1.1" status: 200 len: 212 time: 0.0716510
2026-05-19 04:11:26.852 9 INFO neutron.wsgi [req-a599fd6c-bd14-4894-adff-c9835e541e5c req-30abcc59-69bd-4642-ad66-853b5a34ed1f d90ddc0e36f442ef969eeefc0e8a65a0 aa99a1b2c8464a0190733132f1fde0e0 - - 90f575837326456b8ab9bf10c47d7749 90f575837326456b8ab9bf10c47d7749] 199.19.213.191 "GET /v2.0/networks/0fc1ebaa-363d-4591-9a5c-472bfc260d00?fields=provider%3Aphysical_network&fields=provider%3Anetwork_type HTTP/1.1" status: 200 len: 277 time: 0.0673060
2026-05-19 04:11:27.518 9 INFO neutron.db.ovn_revision_numbers_db [None req-fd6ea552-438e-4210-bf13-fd37c76cce9f f861119eb0924eb8a5ecaf94c6dcc5a3 ac82bda9158e4c30a38103e4e9fad327 - - default default] Successfully bumped revision number for resource 13a5b52d-be04-4477-b0bc-4175e2ef2409 (type: security_groups) to 1
2026-05-19 04:11:27.548 10 INFO neutron.services.segments.plugin [-] Segment 9a08abe8-3149-4c80-b398-510445da4959 resource provider aggregate not found
2026-05-19 04:11:27.553 9 INFO neutron.services.segments.plugin [-] Segment 979e4221-2661-49e8-b30f-2b8f17a4e2f9 resource provider aggregate not found
2026-05-19 04:11:27.553 10 INFO neutron.services.segments.plugin [-] Segment 9a08abe8-3149-4c80-b398-510445da4959 resource provider aggregate not found
2026-05-19 04:11:27.557 9 INFO neutron.db.ovn_revision_numbers_db [None req-fd6ea552-438e-4210-bf13-fd37c76cce9f f861119eb0924eb8a5ecaf94c6dcc5a3 ac82bda9158e4c30a38103e4e9fad327 - - default default] Successfully bumped revision number for resource 1169992d-50fa-4a2a-a845-0dbf66ed2f0e (type: security_group_rules) to 0
2026-05-19 04:11:27.567 10 INFO neutron.services.segments.plugin [-] Segment 9a08abe8-3149-4c80-b398-510445da4959 resource provider not found; error: Placement Client Error (4xx): {"errors": [{"status": 404, "title": "Not Found", "detail": "The resource could not be found.\n\n No resource provider with uuid 9a08abe8-3149-4c80-b398-510445da4959 found for delete ", "request_id": "req-f4361bfd-8936-48b9-b463-69aad3869dd6"}]}
2026-05-19 04:11:27.568 9 INFO neutron.services.segments.plugin [-] Segment 979e4221-2661-49e8-b30f-2b8f17a4e2f9 resource provider aggregate not found
2026-05-19 04:11:27.575 9 INFO neutron.services.segments.plugin [-] Segment 979e4221-2661-49e8-b30f-2b8f17a4e2f9 resource provider not found; error: Placement Client Error (4xx): {"errors": [{"status": 404, "title": "Not Found", "detail": "The resource could not be found.\n\n No resource provider with uuid 979e4221-2661-49e8-b30f-2b8f17a4e2f9 found for delete ", "request_id": "req-78e5dd70-eb3c-4732-9b85-85d281444966"}]}
2026-05-19 04:11:27.576 10 INFO neutron.services.segments.plugin [-] Segment 9a08abe8-3149-4c80-b398-510445da4959 resource provider not found; error: Placement Client Error (4xx): {"errors": [{"status": 404, "title": "Not Found", "detail": "The resource could not be found.\n\n No resource provider with uuid 9a08abe8-3149-4c80-b398-510445da4959 found for delete ", "request_id": "req-0a7346d4-b471-4aa9-85dd-adaad9c565fa"}]}
2026-05-19 04:11:27.587 10 INFO neutron.wsgi [None req-d48c5548-ace2-4a2d-b815-f42efec47e72 9f2ed0d7d2c649a58df0c26ff29e70f0 8c4123e6713641db92fdadbe5a696255 - - default default] 10.0.0.53 "DELETE /v2.0/networks/1f2d20c8-b6db-4384-9636-3ed071070b91 HTTP/1.1" status: 204 len: 168 time: 0.8146598
2026-05-19 04:11:27.591 9 INFO neutron.services.segments.plugin [-] Segment 979e4221-2661-49e8-b30f-2b8f17a4e2f9 resource provider not found; error: Placement Client Error (4xx): {"errors": [{"status": 404, "title": "Not Found", "detail": "The resource could not be found.\n\n No resource provider with uuid 979e4221-2661-49e8-b30f-2b8f17a4e2f9 found for delete ", "request_id": "req-bce7f2ca-9245-4ed7-958c-76bef72a3d0f"}]}
2026-05-19 04:11:27.598 9 INFO neutron.services.segments.plugin [-] Segment 9ef7fe5a-715e-4920-8e5a-d4ebb7d83fc8 resource provider aggregate not found
2026-05-19 04:11:27.605 9 INFO neutron.db.ovn_revision_numbers_db [None req-fd6ea552-438e-4210-bf13-fd37c76cce9f f861119eb0924eb8a5ecaf94c6dcc5a3 ac82bda9158e4c30a38103e4e9fad327 - - default default] Successfully bumped revision number for resource b0c9b0ba-779b-4b77-b439-502e4293c835 (type: security_group_rules) to 0
2026-05-19 04:11:27.611 9 INFO neutron.services.segments.plugin [-] Segment 9ef7fe5a-715e-4920-8e5a-d4ebb7d83fc8 resource provider aggregate not found
2026-05-19 04:11:27.621 9 INFO neutron.services.segments.plugin [-] Segment 9ef7fe5a-715e-4920-8e5a-d4ebb7d83fc8 resource provider not found; error: Placement Client Error (4xx): {"errors": [{"status": 404, "title": "Not Found", "detail": "The resource could not be found.\n\n No resource provider with uuid 9ef7fe5a-715e-4920-8e5a-d4ebb7d83fc8 found for delete ", "request_id": "req-53ad3bfd-37fb-4c7e-bd30-5267078f2554"}]}
2026-05-19 04:11:27.630 9 INFO neutron.services.segments.plugin [-] Segment 9ef7fe5a-715e-4920-8e5a-d4ebb7d83fc8 resource provider not found; error: Placement Client Error (4xx): {"errors": [{"status": 404, "title": "Not Found", "detail": "The resource could not be found.\n\n No resource provider with uuid 9ef7fe5a-715e-4920-8e5a-d4ebb7d83fc8 found for delete ", "request_id": "req-fb8786b9-d5c1-4b1e-865f-356cb79a2b18"}]}
2026-05-19 04:11:27.641 9 INFO neutron.wsgi [None req-fd6ea552-438e-4210-bf13-fd37c76cce9f f861119eb0924eb8a5ecaf94c6dcc5a3 ac82bda9158e4c30a38103e4e9fad327 - - default default] 10.0.0.53 "POST /v2.0/security-groups HTTP/1.1" status: 201 len: 1811 time: 0.2984622
2026-05-19 04:11:27.695 9 WARNING neutron.scheduler.dhcp_agent_scheduler [None req-45107520-874d-49b6-853e-53994da17179 5ad42db38ef242da8f62e6fbc8d0ffc8 24495c9b077e4d85b844796fa114b7cf - - default default] No more DHCP agents
2026-05-19 04:11:27.702 9 WARNING neutron.api.rpc.agentnotifiers.dhcp_rpc_agent_api [None req-45107520-874d-49b6-853e-53994da17179 5ad42db38ef242da8f62e6fbc8d0ffc8 24495c9b077e4d85b844796fa114b7cf - - default default] Unable to schedule network e18f6192-7bae-4335-85f7-38be0ae35f75: no agents available; will retry on subsequent port and subnet creation events.
2026-05-19 04:11:27.836 10 INFO neutron.db.ovn_revision_numbers_db [None req-f21c30b3-957f-46f5-9ccc-dccfb8c5b4d7 f861119eb0924eb8a5ecaf94c6dcc5a3 ac82bda9158e4c30a38103e4e9fad327 - - default default] Successfully bumped revision number for resource 4be66215-44ab-41e9-a67d-6d9167c37e66 (type: security_group_rules) to 0
2026-05-19 04:11:27.876 10 INFO neutron.wsgi [None req-f21c30b3-957f-46f5-9ccc-dccfb8c5b4d7 f861119eb0924eb8a5ecaf94c6dcc5a3 ac82bda9158e4c30a38103e4e9fad327 - - default default] 10.0.0.53 "POST /v2.0/security-group-rules HTTP/1.1" status: 201 len: 764 time: 0.2284958
2026-05-19 04:11:27.991 10 INFO neutron.wsgi [None req-4ca8b868-519c-40c2-9644-b6357a00b7c2 9f2ed0d7d2c649a58df0c26ff29e70f0 8c4123e6713641db92fdadbe5a696255 - - default default] 10.0.0.53 "DELETE /v2.0/networks/cec230d9-8320-4a44-8f40-99ef857b5691 HTTP/1.1" status: 204 len: 168 time: 0.3949721
2026-05-19 04:11:28.055 9 INFO neutron.db.ovn_revision_numbers_db [None req-45107520-874d-49b6-853e-53994da17179 5ad42db38ef242da8f62e6fbc8d0ffc8 24495c9b077e4d85b844796fa114b7cf - - default default] Successfully bumped revision number for resource 3dac7bd5-c7a1-4a2d-8ad1-b0c6ae1cc3a4 (type: floatingips) to 0
2026-05-19 04:11:28.061 9 INFO neutron.db.ovn_revision_numbers_db [None req-61970078-db59-450d-ac2e-c5e851c3cbb8 f861119eb0924eb8a5ecaf94c6dcc5a3 ac82bda9158e4c30a38103e4e9fad327 - - default default] Successfully bumped revision number for resource 13b6ff59-1768-4053-b157-458725885a01 (type: security_group_rules) to 0
2026-05-19 04:11:28.074 9 INFO neutron.wsgi [None req-45107520-874d-49b6-853e-53994da17179 5ad42db38ef242da8f62e6fbc8d0ffc8 24495c9b077e4d85b844796fa114b7cf - - default default] 10.0.0.53 "POST /v2.0/floatingips HTTP/1.1" status: 201 len: 751 time: 0.8598120
2026-05-19 04:11:28.092 9 INFO neutron.wsgi [None req-61970078-db59-450d-ac2e-c5e851c3cbb8 f861119eb0924eb8a5ecaf94c6dcc5a3 ac82bda9158e4c30a38103e4e9fad327 - - default default] 10.0.0.53 "POST /v2.0/security-group-rules HTTP/1.1" status: 201 len: 763 time: 0.2096131
2026-05-19 04:11:28.222 10 INFO neutron.db.ovn_revision_numbers_db [None req-070a8804-9ac8-4325-8356-25ecc3c60b64 f861119eb0924eb8a5ecaf94c6dcc5a3 ac82bda9158e4c30a38103e4e9fad327 - - default default] Successfully bumped revision number for resource 3be5c0c6-e923-4955-ab51-fb73b69f7c53 (type: security_group_rules) to 0
2026-05-19 04:11:28.247 10 INFO neutron.wsgi [None req-070a8804-9ac8-4325-8356-25ecc3c60b64 f861119eb0924eb8a5ecaf94c6dcc5a3 ac82bda9158e4c30a38103e4e9fad327 - - default default] 10.0.0.53 "POST /v2.0/security-group-rules HTTP/1.1" status: 201 len: 769 time: 0.1463492
2026-05-19 04:11:28.357 9 WARNING neutron.scheduler.dhcp_agent_scheduler [None req-c3460716-9e65-4252-86fb-ebbac128a3f2 5ad42db38ef242da8f62e6fbc8d0ffc8 24495c9b077e4d85b844796fa114b7cf - - default default] No more DHCP agents
2026-05-19 04:11:28.359 9 WARNING neutron.api.rpc.agentnotifiers.dhcp_rpc_agent_api [None req-c3460716-9e65-4252-86fb-ebbac128a3f2 5ad42db38ef242da8f62e6fbc8d0ffc8 24495c9b077e4d85b844796fa114b7cf - - default default] Unable to schedule network e18f6192-7bae-4335-85f7-38be0ae35f75: no agents available; will retry on subsequent port and subnet creation events.
2026-05-19 04:11:28.396 10 INFO neutron.db.ovn_revision_numbers_db [None req-dea7081d-bb3b-472a-b17d-b5c61a5ad52a f861119eb0924eb8a5ecaf94c6dcc5a3 ac82bda9158e4c30a38103e4e9fad327 - - default default] Successfully bumped revision number for resource 0577d68e-f0f0-414d-8fdb-9e8ca5020817 (type: security_group_rules) to 0
2026-05-19 04:11:28.432 10 INFO neutron.wsgi [None req-dea7081d-bb3b-472a-b17d-b5c61a5ad52a f861119eb0924eb8a5ecaf94c6dcc5a3 ac82bda9158e4c30a38103e4e9fad327 - - default default] 10.0.0.53 "POST /v2.0/security-group-rules HTTP/1.1" status: 201 len: 768 time: 0.1783783
2026-05-19 04:11:28.475 10 INFO neutron.db.securitygroups_db [None req-d5bba38f-0429-4f30-8831-4f06655b4564 f861119eb0924eb8a5ecaf94c6dcc5a3 ac82bda9158e4c30a38103e4e9fad327 - - default default] Project ac82bda9158e4c30a38103e4e9fad327 added a security group rule with legacy IPv6 ICMP protocol name icmp, ipv6-icmp should be used instead. It was automatically converted.
2026-05-19 04:11:28.597 10 INFO neutron.db.ovn_revision_numbers_db [None req-d5bba38f-0429-4f30-8831-4f06655b4564 f861119eb0924eb8a5ecaf94c6dcc5a3 ac82bda9158e4c30a38103e4e9fad327 - - default default] Successfully bumped revision number for resource 23b0cd15-4db6-4c13-b67a-cc6190c274b3 (type: security_group_rules) to 0
2026-05-19 04:11:28.624 10 INFO neutron.wsgi [None req-d5bba38f-0429-4f30-8831-4f06655b4564 f861119eb0924eb8a5ecaf94c6dcc5a3 ac82bda9158e4c30a38103e4e9fad327 - - default default] 10.0.0.53 "POST /v2.0/security-group-rules HTTP/1.1" status: 201 len: 774 time: 0.1830735
2026-05-19 04:11:28.657 10 INFO neutron.db.securitygroups_db [None req-34a8f11f-58dd-4a37-b2e3-7b96ffba4345 f861119eb0924eb8a5ecaf94c6dcc5a3 ac82bda9158e4c30a38103e4e9fad327 - - default default] Project ac82bda9158e4c30a38103e4e9fad327 added a security group rule with legacy IPv6 ICMP protocol name icmp, ipv6-icmp should be used instead. It was automatically converted.
2026-05-19 04:11:28.716 10 INFO neutron.wsgi [-] 10.0.0.66 "GET / HTTP/1.1" status: 200 len: 247 time: 0.0021501
2026-05-19 04:11:28.718 10 INFO neutron.wsgi [-] 10.0.0.66 "GET / HTTP/1.1" status: 200 len: 247 time: 0.0013733
2026-05-19 04:11:28.741 9 INFO neutron.db.ovn_revision_numbers_db [None req-c3460716-9e65-4252-86fb-ebbac128a3f2 5ad42db38ef242da8f62e6fbc8d0ffc8 24495c9b077e4d85b844796fa114b7cf - - default default] Successfully bumped revision number for resource 4a0e8abe-75da-4716-882d-519b7df29270 (type: floatingips) to 0
2026-05-19 04:11:28.756 9 INFO neutron.wsgi [None req-c3460716-9e65-4252-86fb-ebbac128a3f2 5ad42db38ef242da8f62e6fbc8d0ffc8 24495c9b077e4d85b844796fa114b7cf - - default default] 10.0.0.53 "POST /v2.0/floatingips HTTP/1.1" status: 201 len: 751 time: 0.6772375
2026-05-19 04:11:28.776 10 INFO neutron.db.ovn_revision_numbers_db [None req-34a8f11f-58dd-4a37-b2e3-7b96ffba4345 f861119eb0924eb8a5ecaf94c6dcc5a3 ac82bda9158e4c30a38103e4e9fad327 - - default default] Successfully bumped revision number for resource af5c7e4a-635d-499f-9d22-69ff7dedbc77 (type: security_group_rules) to 0
2026-05-19 04:11:28.813 10 INFO neutron.wsgi [None req-34a8f11f-58dd-4a37-b2e3-7b96ffba4345 f861119eb0924eb8a5ecaf94c6dcc5a3 ac82bda9158e4c30a38103e4e9fad327 - - default default] 10.0.0.53 "POST /v2.0/security-group-rules HTTP/1.1" status: 201 len: 773 time: 0.1807706
2026-05-19 04:11:29.014 9 WARNING neutron.scheduler.dhcp_agent_scheduler [None req-fdafb819-0ba2-43b3-b47d-eb712c115079 5ad42db38ef242da8f62e6fbc8d0ffc8 24495c9b077e4d85b844796fa114b7cf - - default default] No more DHCP agents
2026-05-19 04:11:29.018 9 WARNING neutron.api.rpc.agentnotifiers.dhcp_rpc_agent_api [None req-fdafb819-0ba2-43b3-b47d-eb712c115079 5ad42db38ef242da8f62e6fbc8d0ffc8 24495c9b077e4d85b844796fa114b7cf - - default default] Unable to schedule network e18f6192-7bae-4335-85f7-38be0ae35f75: no agents available; will retry on subsequent port and subnet creation events.
2026-05-19 04:11:29.043 9 INFO neutron.wsgi [None req-4e4d542d-35cd-4429-9ee0-5d4ae71b6f47 ce236c34059d4d0babda12e0bbe32b2e 0e5e868812414428a8f6c3218fbd1854 - - default default] 10.0.0.53 "GET /v2.0/security-groups?tenant_id=8c4123e6713641db92fdadbe5a696255&name=default HTTP/1.1" status: 200 len: 2996 time: 0.2554200
2026-05-19 04:11:29.266 10 INFO neutron.wsgi [None req-243b3732-69c1-4dbe-a2ce-3a418ec154f3 ce236c34059d4d0babda12e0bbe32b2e 0e5e868812414428a8f6c3218fbd1854 - - default default] 10.0.0.53 "DELETE /v2.0/security-groups/ccb716c9-6876-4da2-a1d1-63bc87c0af6f HTTP/1.1" status: 204 len: 168 time: 0.2144790
2026-05-19 04:11:29.307 9 INFO neutron.db.ovn_revision_numbers_db [None req-fdafb819-0ba2-43b3-b47d-eb712c115079 5ad42db38ef242da8f62e6fbc8d0ffc8 24495c9b077e4d85b844796fa114b7cf - - default default] Successfully bumped revision number for resource c7512118-59a4-40ec-9d28-2e1248a87c25 (type: floatingips) to 0
2026-05-19 04:11:29.331 9 INFO neutron.wsgi [None req-fdafb819-0ba2-43b3-b47d-eb712c115079 5ad42db38ef242da8f62e6fbc8d0ffc8 24495c9b077e4d85b844796fa114b7cf - - default default] 10.0.0.53 "POST /v2.0/floatingips HTTP/1.1" status: 201 len: 751 time: 0.5643899
2026-05-19 04:11:29.358 10 INFO neutron.wsgi [None req-9ffdd9e3-3d52-4fcc-b664-5bf8a17d6a02 f861119eb0924eb8a5ecaf94c6dcc5a3 ac82bda9158e4c30a38103e4e9fad327 - - default default] 10.0.0.53 "GET /v2.0/networks HTTP/1.1" status: 200 len: 1492 time: 0.1712635
2026-05-19 04:11:29.508 9 INFO neutron.db.ovn_revision_numbers_db [None req-bc585780-3a94-4460-aaa2-9137de66d200 ce236c34059d4d0babda12e0bbe32b2e 0e5e868812414428a8f6c3218fbd1854 - - default default] Successfully bumped revision number for resource ae1e5202-eced-45b4-bd53-6f5db45c9b19 (type: security_groups) to 1
2026-05-19 04:11:29.512 10 INFO neutron.wsgi [req-e429e88b-62ae-4cc7-8f86-021535da3ee1 req-517425c7-afe1-4821-99e1-cf4db0336908 f861119eb0924eb8a5ecaf94c6dcc5a3 ac82bda9158e4c30a38103e4e9fad327 - - default default] 10.0.0.80 "GET /v2.0/security-groups?name=tempest-secgroup-smoke-1501428584&fields=id&tenant_id=ac82bda9158e4c30a38103e4e9fad327 HTTP/1.1" status: 200 len: 267 time: 0.0622725
2026-05-19 04:11:29.522 9 INFO neutron.db.ovn_revision_numbers_db [None req-bc585780-3a94-4460-aaa2-9137de66d200 ce236c34059d4d0babda12e0bbe32b2e 0e5e868812414428a8f6c3218fbd1854 - - default default] Successfully bumped revision number for resource 2c779ab2-7917-4465-a816-49b3dc2b7404 (type: security_group_rules) to 0
2026-05-19 04:11:29.537 9 INFO neutron.db.ovn_revision_numbers_db [None req-bc585780-3a94-4460-aaa2-9137de66d200 ce236c34059d4d0babda12e0bbe32b2e 0e5e868812414428a8f6c3218fbd1854 - - default default] Successfully bumped revision number for resource 3a7c024a-f502-41f1-985c-0faefa6f0a0f (type: security_group_rules) to 0
2026-05-19 04:11:29.551 9 INFO neutron.db.ovn_revision_numbers_db [None req-bc585780-3a94-4460-aaa2-9137de66d200 ce236c34059d4d0babda12e0bbe32b2e 0e5e868812414428a8f6c3218fbd1854 - - default default] Successfully bumped revision number for resource 8c3e6d47-344b-4756-a3e0-87e44d01ef1f (type: security_group_rules) to 0
2026-05-19 04:11:29.566 9 INFO neutron.db.ovn_revision_numbers_db [None req-bc585780-3a94-4460-aaa2-9137de66d200 ce236c34059d4d0babda12e0bbe32b2e 0e5e868812414428a8f6c3218fbd1854 - - default default] Successfully bumped revision number for resource c55fbc7b-5a04-4af0-ab45-f49d333c0543 (type: security_group_rules) to 0
2026-05-19 04:11:29.590 9 INFO neutron.wsgi [None req-bc585780-3a94-4460-aaa2-9137de66d200 ce236c34059d4d0babda12e0bbe32b2e 0e5e868812414428a8f6c3218fbd1854 - - default default] 10.0.0.53 "GET /v2.0/security-groups?tenant_id=351c76b445c942f9a2e3b1889ac4c1a8&name=default HTTP/1.1" status: 200 len: 2996 time: 0.1922448
2026-05-19 04:11:29.602 10 INFO neutron.services.segments.plugin [-] Segment b459378e-8af3-451a-96cf-80bae07ab64f resource provider aggregate not found
2026-05-19 04:11:29.607 10 INFO neutron.services.segments.plugin [-] Segment b459378e-8af3-451a-96cf-80bae07ab64f resource provider aggregate not found
2026-05-19 04:11:29.627 10 INFO neutron.services.segments.plugin [-] Segment b459378e-8af3-451a-96cf-80bae07ab64f resource provider not found; error: Placement Client Error (4xx): {"errors": [{"status": 404, "title": "Not Found", "detail": "The resource could not be found.\n\n No resource provider with uuid b459378e-8af3-451a-96cf-80bae07ab64f found for delete ", "request_id": "req-1fade3ff-50b3-404f-814b-1e3374d7361d"}]}
2026-05-19 04:11:29.628 10 INFO neutron.services.segments.plugin [-] Segment b459378e-8af3-451a-96cf-80bae07ab64f resource provider not found; error: Placement Client Error (4xx): {"errors": [{"status": 404, "title": "Not Found", "detail": "The resource could not be found.\n\n No resource provider with uuid b459378e-8af3-451a-96cf-80bae07ab64f found for delete ", "request_id": "req-b70aff2d-c28c-44b3-9665-2aa5a4f0ae86"}]}
2026-05-19 04:11:29.639 10 INFO neutron.wsgi [req-e429e88b-62ae-4cc7-8f86-021535da3ee1 req-0ede9b66-17b1-4ec6-b00a-a23d9af7db3e f861119eb0924eb8a5ecaf94c6dcc5a3 ac82bda9158e4c30a38103e4e9fad327 - - default default] 10.0.0.80 "GET /v2.0/networks?id=0fc1ebaa-363d-4591-9a5c-472bfc260d00 HTTP/1.1" status: 200 len: 859 time: 0.1202486
2026-05-19 04:11:29.686 10 INFO neutron.wsgi [req-e429e88b-62ae-4cc7-8f86-021535da3ee1 req-8187e726-7437-4dc1-9804-c11f8f5aad19 f861119eb0924eb8a5ecaf94c6dcc5a3 ac82bda9158e4c30a38103e4e9fad327 - - default default] 10.0.0.80 "GET /v2.0/quotas/ac82bda9158e4c30a38103e4e9fad327 HTTP/1.1" status: 200 len: 386 time: 0.0316436
2026-05-19 04:11:29.757 9 INFO neutron.wsgi [None req-2be88264-04cd-4d7b-8373-f1bd26f11852 ce236c34059d4d0babda12e0bbe32b2e 0e5e868812414428a8f6c3218fbd1854 - - default default] 10.0.0.53 "DELETE /v2.0/security-groups/ae1e5202-eced-45b4-bd53-6f5db45c9b19 HTTP/1.1" status: 204 len: 168 time: 0.1627905
2026-05-19 04:11:29.769 10 WARNING neutron.scheduler.dhcp_agent_scheduler [None req-aa6c32d0-4cca-48ad-b3ba-a20b4686277e 5ad42db38ef242da8f62e6fbc8d0ffc8 24495c9b077e4d85b844796fa114b7cf - - default default] No more DHCP agents
2026-05-19 04:11:29.773 10 WARNING neutron.api.rpc.agentnotifiers.dhcp_rpc_agent_api [None req-aa6c32d0-4cca-48ad-b3ba-a20b4686277e 5ad42db38ef242da8f62e6fbc8d0ffc8 24495c9b077e4d85b844796fa114b7cf - - default default] Unable to schedule network e18f6192-7bae-4335-85f7-38be0ae35f75: no agents available; will retry on subsequent port and subnet creation events.
2026-05-19 04:11:29.840 10 INFO neutron.wsgi [req-e429e88b-62ae-4cc7-8f86-021535da3ee1 req-365fe33e-a6d8-4cf2-9bbb-77e003ee916d f861119eb0924eb8a5ecaf94c6dcc5a3 ac82bda9158e4c30a38103e4e9fad327 - - default default] 10.0.0.80 "GET /v2.0/ports?tenant_id=ac82bda9158e4c30a38103e4e9fad327&fields=id HTTP/1.1" status: 200 len: 348 time: 0.1434164
2026-05-19 04:11:29.975 10 INFO neutron.wsgi [req-e429e88b-62ae-4cc7-8f86-021535da3ee1 req-7fa2eb8a-bbe1-4423-978a-2347f4ec3165 d90ddc0e36f442ef969eeefc0e8a65a0 aa99a1b2c8464a0190733132f1fde0e0 - - 90f575837326456b8ab9bf10c47d7749 90f575837326456b8ab9bf10c47d7749] 10.0.0.80 "GET /v2.0/networks/0fc1ebaa-363d-4591-9a5c-472bfc260d00?fields=segments HTTP/1.1" status: 200 len: 212 time: 0.1142218
2026-05-19 04:11:29.977 10 INFO neutron.db.ovn_revision_numbers_db [None req-981efad4-563a-4cf9-8756-054de524bcc2 022a84b12bb64829b00e7f19e96908c3 3b010cba050943a5a3326b3873c07d55 - - default default] Successfully bumped revision number for resource 5c65e5ab-f548-4551-8698-69e1022ef30e (type: security_groups) to 1
2026-05-19 04:11:30.014 9 INFO neutron.db.ovn_revision_numbers_db [None req-7362d84f-a820-45ca-bb0a-49da167a04e0 ce236c34059d4d0babda12e0bbe32b2e 0e5e868812414428a8f6c3218fbd1854 - - default default] Successfully bumped revision number for resource f4481a4f-abf5-42be-b5b7-170bf065b4f0 (type: security_groups) to 1
2026-05-19 04:11:30.019 10 INFO neutron.db.ovn_revision_numbers_db [None req-981efad4-563a-4cf9-8756-054de524bcc2 022a84b12bb64829b00e7f19e96908c3 3b010cba050943a5a3326b3873c07d55 - - default default] Successfully bumped revision number for resource 0c285231-5583-4164-913c-32268fc03529 (type: security_group_rules) to 0
2026-05-19 04:11:30.024 9 INFO neutron.db.ovn_revision_numbers_db [None req-7362d84f-a820-45ca-bb0a-49da167a04e0 ce236c34059d4d0babda12e0bbe32b2e 0e5e868812414428a8f6c3218fbd1854 - - default default] Successfully bumped revision number for resource 34d95806-02f6-4712-8cb3-8ced04d72007 (type: security_group_rules) to 0
2026-05-19 04:11:30.035 9 INFO neutron.db.ovn_revision_numbers_db [None req-7362d84f-a820-45ca-bb0a-49da167a04e0 ce236c34059d4d0babda12e0bbe32b2e 0e5e868812414428a8f6c3218fbd1854 - - default default] Successfully bumped revision number for resource 37e23b14-deaf-41be-b2a0-7623aec7d9e1 (type: security_group_rules) to 0
2026-05-19 04:11:30.046 9 INFO neutron.db.ovn_revision_numbers_db [None req-7362d84f-a820-45ca-bb0a-49da167a04e0 ce236c34059d4d0babda12e0bbe32b2e 0e5e868812414428a8f6c3218fbd1854 - - default default] Successfully bumped revision number for resource 9c050b63-a2b5-4b77-806a-17672042a54c (type: security_group_rules) to 0
2026-05-19 04:11:30.055 10 INFO neutron.db.ovn_revision_numbers_db [None req-981efad4-563a-4cf9-8756-054de524bcc2 022a84b12bb64829b00e7f19e96908c3 3b010cba050943a5a3326b3873c07d55 - - default default] Successfully bumped revision number for resource a5f91457-4688-40cd-aff7-044a3f239473 (type: security_group_rules) to 0
2026-05-19 04:11:30.059 9 INFO neutron.db.ovn_revision_numbers_db [None req-7362d84f-a820-45ca-bb0a-49da167a04e0 ce236c34059d4d0babda12e0bbe32b2e 0e5e868812414428a8f6c3218fbd1854 - - default default] Successfully bumped revision number for resource de66fab9-d802-4bf4-979d-fb055dcbef77 (type: security_group_rules) to 0
2026-05-19 04:11:30.080 9 INFO neutron.wsgi [None req-7362d84f-a820-45ca-bb0a-49da167a04e0 ce236c34059d4d0babda12e0bbe32b2e 0e5e868812414428a8f6c3218fbd1854 - - default default] 10.0.0.53 "GET /v2.0/security-groups?tenant_id=a442e60cca884a45af95dda478d62cb6&name=default HTTP/1.1" status: 200 len: 2996 time: 0.1658905
2026-05-19 04:11:30.083 10 INFO neutron.db.ovn_revision_numbers_db [None req-981efad4-563a-4cf9-8756-054de524bcc2 022a84b12bb64829b00e7f19e96908c3 3b010cba050943a5a3326b3873c07d55 - - default default] Successfully bumped revision number for resource cdd3598d-5cec-4d71-b7eb-acb7dd496e6f (type: security_group_rules) to 0
2026-05-19 04:11:30.111 10 INFO neutron.wsgi [req-e429e88b-62ae-4cc7-8f86-021535da3ee1 req-5a213361-8294-46fd-9fe0-3724bd636dd4 d90ddc0e36f442ef969eeefc0e8a65a0 aa99a1b2c8464a0190733132f1fde0e0 - - 90f575837326456b8ab9bf10c47d7749 90f575837326456b8ab9bf10c47d7749] 10.0.0.80 "GET /v2.0/networks/0fc1ebaa-363d-4591-9a5c-472bfc260d00?fields=provider%3Aphysical_network&fields=provider%3Anetwork_type HTTP/1.1" status: 200 len: 277 time: 0.1231337
2026-05-19 04:11:30.122 10 INFO neutron.db.ovn_revision_numbers_db [None req-981efad4-563a-4cf9-8756-054de524bcc2 022a84b12bb64829b00e7f19e96908c3 3b010cba050943a5a3326b3873c07d55 - - default default] Successfully bumped revision number for resource da501712-5467-4ec1-9233-6a0d14f99114 (type: security_group_rules) to 0
2026-05-19 04:11:30.177 10 INFO neutron.db.segments_db [None req-981efad4-563a-4cf9-8756-054de524bcc2 022a84b12bb64829b00e7f19e96908c3 3b010cba050943a5a3326b3873c07d55 - - default default] Added segment 2a4c49a2-bbd4-4467-abe6-12c889205bf8 of type geneve for network 356d782c-1622-4098-bf22-c431a06948ae
2026-05-19 04:11:30.295 9 INFO neutron.wsgi [req-ec243c2c-1ae6-4c0c-9674-90989c832cac req-f9d35875-87f9-4aff-ada8-b3a13b8f10fe f861119eb0924eb8a5ecaf94c6dcc5a3 ac82bda9158e4c30a38103e4e9fad327 - - default default] 10.0.0.80 "GET /v2.0/ports?device_id=1005da3c-5232-4cbc-846b-293c420d071a HTTP/1.1" status: 200 len: 210 time: 0.0316558
2026-05-19 04:11:30.331 9 INFO neutron.wsgi [None req-f24c94af-2836-4c49-bf23-b6dd0b2f25ae ce236c34059d4d0babda12e0bbe32b2e 0e5e868812414428a8f6c3218fbd1854 - - default default] 10.0.0.53 "DELETE /v2.0/security-groups/f4481a4f-abf5-42be-b5b7-170bf065b4f0 HTTP/1.1" status: 204 len: 168 time: 0.2452598
2026-05-19 04:11:30.352 10 INFO neutron.db.ovn_revision_numbers_db [None req-aa6c32d0-4cca-48ad-b3ba-a20b4686277e 5ad42db38ef242da8f62e6fbc8d0ffc8 24495c9b077e4d85b844796fa114b7cf - - default default] Successfully bumped revision number for resource f359d005-800b-450c-b1bf-a9751c2f8f23 (type: floatingips) to 0
2026-05-19 04:11:30.394 10 INFO neutron.wsgi [None req-aa6c32d0-4cca-48ad-b3ba-a20b4686277e 5ad42db38ef242da8f62e6fbc8d0ffc8 24495c9b077e4d85b844796fa114b7cf - - default default] 10.0.0.53 "POST /v2.0/floatingips HTTP/1.1" status: 201 len: 751 time: 1.0538230
2026-05-19 04:11:30.402 10 INFO neutron.db.ovn_revision_numbers_db [None req-981efad4-563a-4cf9-8756-054de524bcc2 022a84b12bb64829b00e7f19e96908c3 3b010cba050943a5a3326b3873c07d55 - - default default] Successfully bumped revision number for resource 356d782c-1622-4098-bf22-c431a06948ae (type: networks) to 1
2026-05-19 04:11:30.571 10 WARNING neutron.scheduler.dhcp_agent_scheduler [None req-981efad4-563a-4cf9-8756-054de524bcc2 022a84b12bb64829b00e7f19e96908c3 3b010cba050943a5a3326b3873c07d55 - - default default] No more DHCP agents
2026-05-19 04:11:30.575 10 WARNING neutron.api.rpc.agentnotifiers.dhcp_rpc_agent_api [None req-981efad4-563a-4cf9-8756-054de524bcc2 022a84b12bb64829b00e7f19e96908c3 3b010cba050943a5a3326b3873c07d55 - - default default] Unable to schedule network 356d782c-1622-4098-bf22-c431a06948ae: no agents available; will retry on subsequent port and subnet creation events.
2026-05-19 04:11:30.671 10 INFO neutron.db.ovn_revision_numbers_db [None req-981efad4-563a-4cf9-8756-054de524bcc2 022a84b12bb64829b00e7f19e96908c3 3b010cba050943a5a3326b3873c07d55 - - default default] Successfully bumped revision number for resource 735b1184-7682-4489-9b6f-88a4af21c77b (type: ports) to 1
2026-05-19 04:11:30.692 9 WARNING neutron.scheduler.dhcp_agent_scheduler [None req-5f3a4c0a-eacd-4929-8ad2-332a3590b2b5 5ad42db38ef242da8f62e6fbc8d0ffc8 24495c9b077e4d85b844796fa114b7cf - - default default] No more DHCP agents
2026-05-19 04:11:30.694 9 WARNING neutron.api.rpc.agentnotifiers.dhcp_rpc_agent_api [None req-5f3a4c0a-eacd-4929-8ad2-332a3590b2b5 5ad42db38ef242da8f62e6fbc8d0ffc8 24495c9b077e4d85b844796fa114b7cf - - default default] Unable to schedule network e18f6192-7bae-4335-85f7-38be0ae35f75: no agents available; will retry on subsequent port and subnet creation events.
2026-05-19 04:11:30.695 10 INFO neutron.wsgi [None req-981efad4-563a-4cf9-8756-054de524bcc2 022a84b12bb64829b00e7f19e96908c3 3b010cba050943a5a3326b3873c07d55 - - default default] 10.0.0.53 "POST /v2.0/networks HTTP/1.1" status: 201 len: 831 time: 1.1554103
2026-05-19 04:11:31.016 9 WARNING neutron.scheduler.dhcp_agent_scheduler [None req-87ed9fbd-dccb-45be-a7e4-696a22ee8840 022a84b12bb64829b00e7f19e96908c3 3b010cba050943a5a3326b3873c07d55 - - default default] No more DHCP agents /var/lib/openstack/lib/python3.10/site-packages/pycadf/identifier.py:71: UserWarning: Invalid uuid: neutron. To ensure interoperability, identifiers should be a valid uuid. warnings.warn(('Invalid uuid: %s. To ensure interoperability, '
2026-05-19 04:11:31.036 9 WARNING neutron.api.rpc.agentnotifiers.dhcp_rpc_agent_api [None req-87ed9fbd-dccb-45be-a7e4-696a22ee8840 022a84b12bb64829b00e7f19e96908c3 3b010cba050943a5a3326b3873c07d55 - - default default] Unable to schedule network 356d782c-1622-4098-bf22-c431a06948ae: no agents available; will retry on subsequent port and subnet creation events.
2026-05-19 04:11:31.133 9 INFO neutron.wsgi [req-e429e88b-62ae-4cc7-8f86-021535da3ee1 req-03e4e8a2-db08-4628-8bed-9521217fca28 f861119eb0924eb8a5ecaf94c6dcc5a3 ac82bda9158e4c30a38103e4e9fad327 - - default default] 199.19.213.191 "GET /v2.0/networks?id=0fc1ebaa-363d-4591-9a5c-472bfc260d00 HTTP/1.1" status: 200 len: 859 time: 0.1179779
2026-05-19 04:11:31.160 9 INFO neutron.db.ovn_revision_numbers_db [None req-5f3a4c0a-eacd-4929-8ad2-332a3590b2b5 5ad42db38ef242da8f62e6fbc8d0ffc8 24495c9b077e4d85b844796fa114b7cf - - default default] Successfully bumped revision number for resource 1f0f2094-5315-44aa-bc6d-08158676b1cb (type: floatingips) to 0
2026-05-19 04:11:31.186 9 INFO neutron.wsgi [None req-5f3a4c0a-eacd-4929-8ad2-332a3590b2b5 5ad42db38ef242da8f62e6fbc8d0ffc8 24495c9b077e4d85b844796fa114b7cf - - default default] 10.0.0.53 "POST /v2.0/floatingips HTTP/1.1" status: 201 len: 751 time: 0.7858453
2026-05-19 04:11:31.196 9 INFO neutron.db.ovn_revision_numbers_db [None req-87ed9fbd-dccb-45be-a7e4-696a22ee8840 022a84b12bb64829b00e7f19e96908c3 3b010cba050943a5a3326b3873c07d55 - - default default] Successfully bumped revision number for resource 52e61dc2-76ac-4287-ac0b-3f701f444536 (type: ports) to 1
2026-05-19 04:11:31.202 9 INFO neutron.wsgi [req-e429e88b-62ae-4cc7-8f86-021535da3ee1 req-3485f4da-803c-48b3-b7ca-fbdf96b0da9f f861119eb0924eb8a5ecaf94c6dcc5a3 ac82bda9158e4c30a38103e4e9fad327 - - default default] 199.19.213.191 "GET /v2.0/security-groups?fields=id&fields=name&tenant_id=ac82bda9158e4c30a38103e4e9fad327 HTTP/1.1" status: 200 len: 473 time: 0.0619943
2026-05-19 04:11:31.220 9 INFO neutron.wsgi [None req-87ed9fbd-dccb-45be-a7e4-696a22ee8840 022a84b12bb64829b00e7f19e96908c3 3b010cba050943a5a3326b3873c07d55 - - default default] 10.0.0.53 "POST /v2.0/ports HTTP/1.1" status: 201 len: 942 time: 0.5160747
2026-05-19 04:11:31.256 10 INFO neutron.wsgi [None req-bd6edbc8-fd0a-42a6-8cb7-8e74e54078ca 5ad42db38ef242da8f62e6fbc8d0ffc8 24495c9b077e4d85b844796fa114b7cf - - default default] 10.0.0.53 "PUT /v2.0/floatingips/3dac7bd5-c7a1-4a2d-8ad1-b0c6ae1cc3a4/tags HTTP/1.1" status: 200 len: 210 time: 0.0628626
2026-05-19 04:11:31.300 10 INFO neutron.wsgi [None req-5242a376-0f59-4c90-b339-7a4336396b8d 5ad42db38ef242da8f62e6fbc8d0ffc8 24495c9b077e4d85b844796fa114b7cf - - default default] 10.0.0.53 "PUT /v2.0/floatingips/4a0e8abe-75da-4716-882d-519b7df29270/tags HTTP/1.1" status: 200 len: 218 time: 0.0388129
2026-05-19 04:11:31.336 9 INFO neutron.db.segments_db [None req-ce2eed6d-a67d-4075-8d50-691a3205c119 022a84b12bb64829b00e7f19e96908c3 3b010cba050943a5a3326b3873c07d55 - - default default] Added segment 170aa049-8956-4cbb-8813-da90289d3237 of type geneve for network 1a19da57-58fa-4e8f-a0a6-12093a992d02
2026-05-19 04:11:31.341 10 INFO neutron.wsgi [None req-88b0a1c6-b0be-4658-9bb1-539cda186898 5ad42db38ef242da8f62e6fbc8d0ffc8 24495c9b077e4d85b844796fa114b7cf - - default default] 10.0.0.53 "PUT /v2.0/floatingips/c7512118-59a4-40ec-9d28-2e1248a87c25/tags HTTP/1.1" status: 200 len: 227 time: 0.0358620
2026-05-19 04:11:31.396 10 INFO neutron.wsgi [None req-000b7e98-4757-4950-90ae-2f3d99add510 5ad42db38ef242da8f62e6fbc8d0ffc8 24495c9b077e4d85b844796fa114b7cf - - default default] 10.0.0.53 "PUT /v2.0/floatingips/f359d005-800b-450c-b1bf-a9751c2f8f23/tags HTTP/1.1" status: 200 len: 212 time: 0.0495400
2026-05-19 04:11:31.399 10 INFO neutron.wsgi [req-e74e4e28-8065-4cb5-b34d-155ebbc2a572 req-9177c54a-08c7-404d-ac4d-0a4c4580cb63 f861119eb0924eb8a5ecaf94c6dcc5a3 ac82bda9158e4c30a38103e4e9fad327 - - default default] 10.0.0.80 "GET /v2.0/ports?device_id=1005da3c-5232-4cbc-846b-293c420d071a HTTP/1.1" status: 200 len: 210 time: 0.0277283
2026-05-19 04:11:31.452 10 INFO neutron.wsgi [None req-b8cd485b-bb18-417a-9492-50028cb5661a 5ad42db38ef242da8f62e6fbc8d0ffc8 24495c9b077e4d85b844796fa114b7cf - - default default] 10.0.0.53 "GET /v2.0/floatingips?tags=red HTTP/1.1" status: 200 len: 1866 time: 0.0495431
2026-05-19 04:11:31.542 9 INFO neutron.db.ovn_revision_numbers_db [None req-ce2eed6d-a67d-4075-8d50-691a3205c119 022a84b12bb64829b00e7f19e96908c3 3b010cba050943a5a3326b3873c07d55 - - default default] Successfully bumped revision number for resource 1a19da57-58fa-4e8f-a0a6-12093a992d02 (type: networks) to 1
2026-05-19 04:11:31.672 9 WARNING neutron.scheduler.dhcp_agent_scheduler [req-e429e88b-62ae-4cc7-8f86-021535da3ee1 req-adc15ea4-fcbd-4098-aed6-cfa5f580ee34 f861119eb0924eb8a5ecaf94c6dcc5a3 ac82bda9158e4c30a38103e4e9fad327 - - default default] No more DHCP agents
2026-05-19 04:11:31.674 9 WARNING neutron.api.rpc.agentnotifiers.dhcp_rpc_agent_api [req-e429e88b-62ae-4cc7-8f86-021535da3ee1 req-adc15ea4-fcbd-4098-aed6-cfa5f580ee34 f861119eb0924eb8a5ecaf94c6dcc5a3 ac82bda9158e4c30a38103e4e9fad327 - - default default] Unable to schedule network 0fc1ebaa-363d-4591-9a5c-472bfc260d00: no agents available; will retry on subsequent port and subnet creation events.
2026-05-19 04:11:31.786 9 WARNING neutron.scheduler.dhcp_agent_scheduler [None req-ce2eed6d-a67d-4075-8d50-691a3205c119 022a84b12bb64829b00e7f19e96908c3 3b010cba050943a5a3326b3873c07d55 - - default default] No more DHCP agents
2026-05-19 04:11:31.791 9 WARNING neutron.api.rpc.agentnotifiers.dhcp_rpc_agent_api [None req-ce2eed6d-a67d-4075-8d50-691a3205c119 022a84b12bb64829b00e7f19e96908c3 3b010cba050943a5a3326b3873c07d55 - - default default] Unable to schedule network 1a19da57-58fa-4e8f-a0a6-12093a992d02: no agents available; will retry on subsequent port and subnet creation events.
2026-05-19 04:11:31.887 10 INFO neutron.wsgi [None req-86bcd800-ed7e-4d0f-a82d-437f4de5cb48 5ad42db38ef242da8f62e6fbc8d0ffc8 24495c9b077e4d85b844796fa114b7cf - - default default] 10.0.0.53 "GET /v2.0/floatingips?tags=red%2Cblue HTTP/1.1" status: 200 len: 1323 time: 0.4259675
2026-05-19 04:11:31.899 9 INFO neutron.db.ovn_revision_numbers_db [None req-ce2eed6d-a67d-4075-8d50-691a3205c119 022a84b12bb64829b00e7f19e96908c3 3b010cba050943a5a3326b3873c07d55 - - default default] Successfully bumped revision number for resource 62350cf9-2b65-4ebd-9522-0a07a2d5f63e (type: ports) to 1
2026-05-19 04:11:31.920 9 INFO neutron.wsgi [None req-ce2eed6d-a67d-4075-8d50-691a3205c119 022a84b12bb64829b00e7f19e96908c3 3b010cba050943a5a3326b3873c07d55 - - default default] 10.0.0.53 "POST /v2.0/networks HTTP/1.1" status: 201 len: 831 time: 0.6928110
2026-05-19 04:11:31.920 9 INFO neutron.db.ovn_revision_numbers_db [req-e429e88b-62ae-4cc7-8f86-021535da3ee1 req-adc15ea4-fcbd-4098-aed6-cfa5f580ee34 f861119eb0924eb8a5ecaf94c6dcc5a3 ac82bda9158e4c30a38103e4e9fad327 - - default default] Successfully bumped revision number for resource 9e78e430-066b-430e-8e7c-8df4f08072c9 (type: ports) to 1
2026-05-19 04:11:31.938 10 INFO neutron.wsgi [None req-c00a1bee-ab92-433b-96e3-89bab27d632a 5ad42db38ef242da8f62e6fbc8d0ffc8 24495c9b077e4d85b844796fa114b7cf - - default default] 10.0.0.53 "GET /v2.0/floatingips?tags-any=blue HTTP/1.1" status: 200 len: 1323 time: 0.0454199
