2026-05-19 04:09:06.815 10 INFO neutron.wsgi [req-614f527f-e763-432d-8673-9fe18666572c req-d57ae40d-7993-4392-8113-83fd5af086ef 84f2e35392b945eeab7749e5ca4252d6 8cc470d7c3ce4d928804cd9f47fd0ac6 - - default default] 10.0.0.80 "GET /v2.0/ports?device_id=dd2be88d-c025-46bb-b05d-f5f13e9bbea3 HTTP/1.1" status: 200 len: 1170 time: 0.0594296
2026-05-19 04:09:06.950 9 INFO neutron.db.ovn_revision_numbers_db [None req-8bac5458-4588-43bb-b5a9-3be57fee1436 - - - - - -] Successfully bumped revision number for resource 08315e8b-4aa9-4aa7-995f-73e77bfeaca8 (type: ports) to 4
2026-05-19 04:09:07.119 9 INFO neutron.db.l3_db [None req-19a8ddd4-d838-477b-b833-e62fef892fb0 84f2e35392b945eeab7749e5ca4252d6 8cc470d7c3ce4d928804cd9f47fd0ac6 - - default default] Floating IP 46efd330-20ad-4cd8-9b83-4da8814adefc associated. External IP: 10.96.250.201, port: 2f2fed12-575e-4168-99ef-6dc20714cdd1.
2026-05-19 04:09:07.356 9 INFO neutron.db.ovn_revision_numbers_db [None req-19a8ddd4-d838-477b-b833-e62fef892fb0 84f2e35392b945eeab7749e5ca4252d6 8cc470d7c3ce4d928804cd9f47fd0ac6 - - default default] Successfully bumped revision number for resource 46efd330-20ad-4cd8-9b83-4da8814adefc (type: floatingips) to 1 /var/lib/openstack/lib/python3.10/site-packages/pycadf/identifier.py:71: UserWarning: Invalid uuid: neutron. To ensure interoperability, identifiers should be a valid uuid. warnings.warn(('Invalid uuid: %s. To ensure interoperability, '
2026-05-19 04:09:07.448 9 INFO neutron.wsgi [req-4718721a-fc28-4d2b-8e00-e4c2defa27a0 req-813b55a5-3202-4759-bacf-6d2dc3ef81c1 d99081fd6d824cdca10714ac4d417180 042c9e2fddec4569bcde9be181195f41 - - default default] 10.0.0.80 "GET /v2.0/ports?device_id=d94cdcd6-b2be-42f0-840c-4de712fd6832 HTTP/1.1" status: 200 len: 1170 time: 0.0425785
2026-05-19 04:09:07.507 9 INFO neutron.db.ovn_revision_numbers_db [None req-19a8ddd4-d838-477b-b833-e62fef892fb0 84f2e35392b945eeab7749e5ca4252d6 8cc470d7c3ce4d928804cd9f47fd0ac6 - - default default] Successfully bumped revision number for resource 46efd330-20ad-4cd8-9b83-4da8814adefc (type: floatingips) to 2
2026-05-19 04:09:07.514 9 INFO neutron.wsgi [req-4718721a-fc28-4d2b-8e00-e4c2defa27a0 req-ef33a5a8-b190-40da-a762-1c6fc1734ed2 d99081fd6d824cdca10714ac4d417180 042c9e2fddec4569bcde9be181195f41 - - default default] 10.0.0.80 "GET /v2.0/security-groups?id=1369e2fe-12fe-4377-804f-367dab07ab43&fields=id&fields=name HTTP/1.1" status: 200 len: 313 time: 0.0587986
2026-05-19 04:09:07.531 9 INFO neutron.wsgi [None req-19a8ddd4-d838-477b-b833-e62fef892fb0 84f2e35392b945eeab7749e5ca4252d6 8cc470d7c3ce4d928804cd9f47fd0ac6 - - default default] 10.0.0.53 "PUT /v2.0/floatingips/46efd330-20ad-4cd8-9b83-4da8814adefc HTTP/1.1" status: 200 len: 1049 time: 0.6986125
2026-05-19 04:09:07.625 10 INFO neutron.wsgi [req-f1db772a-1b80-4ad6-a1be-4c7fe0a75c18 req-af36b86b-769e-4e6a-8a4f-173df4520cd9 d90ddc0e36f442ef969eeefc0e8a65a0 aa99a1b2c8464a0190733132f1fde0e0 - - 90f575837326456b8ab9bf10c47d7749 90f575837326456b8ab9bf10c47d7749] 10.0.0.253 "GET /v2.0/ports?device_id=2ca7d2c9-4585-4c3f-806a-c1cce12fddf9 HTTP/1.1" status: 200 len: 1413 time: 0.1527073
2026-05-19 04:09:07.635 10 INFO neutron.wsgi [req-61b4e92d-1037-444a-afcc-c5438c474446 req-20ba13ab-a472-4f36-820b-515c6b387743 84f2e35392b945eeab7749e5ca4252d6 8cc470d7c3ce4d928804cd9f47fd0ac6 - - default default] 10.0.0.80 "GET /v2.0/ports?device_id=dd2be88d-c025-46bb-b05d-f5f13e9bbea3 HTTP/1.1" status: 200 len: 1170 time: 0.0516107
2026-05-19 04:09:07.685 10 INFO neutron.wsgi [req-f1db772a-1b80-4ad6-a1be-4c7fe0a75c18 req-276f2f67-90b3-4a94-95a6-747373670174 d90ddc0e36f442ef969eeefc0e8a65a0 aa99a1b2c8464a0190733132f1fde0e0 - - 90f575837326456b8ab9bf10c47d7749 90f575837326456b8ab9bf10c47d7749] 10.0.0.253 "GET /v2.0/security-groups?id=0341a113-4c8d-4f98-a331-6aaf3ef046f5&fields=id&fields=name HTTP/1.1" status: 200 len: 313 time: 0.0499115
2026-05-19 04:09:07.693 10 INFO neutron.wsgi [req-61b4e92d-1037-444a-afcc-c5438c474446 req-1c7a4ccd-f6c4-4e5c-abb9-b47b4b3f51f3 84f2e35392b945eeab7749e5ca4252d6 8cc470d7c3ce4d928804cd9f47fd0ac6 - - default default] 10.0.0.80 "GET /v2.0/security-groups?id=0980185c-da14-4c9e-a7df-d27508d490c3&fields=id&fields=name HTTP/1.1" status: 200 len: 313 time: 0.0519073
2026-05-19 04:09:08.043 9 INFO neutron.plugins.ml2.drivers.ovn.mech_driver.mech_driver [None req-8bac5458-4588-43bb-b5a9-3be57fee1436 - - - - - -] OVN reports status down for port: 2f2fed12-575e-4168-99ef-6dc20714cdd1
2026-05-19 04:09:08.144 9 INFO neutron.wsgi [req-756fec6f-b1ba-4294-8c01-1f8b8269659e req-b9195545-c19f-4714-9da3-1205f2a6c8b1 84f2e35392b945eeab7749e5ca4252d6 8cc470d7c3ce4d928804cd9f47fd0ac6 - - default default] 10.0.0.80 "GET /v2.0/ports?device_id=dd2be88d-c025-46bb-b05d-f5f13e9bbea3 HTTP/1.1" status: 200 len: 1170 time: 0.1393912
2026-05-19 04:09:08.208 9 INFO neutron.wsgi [req-756fec6f-b1ba-4294-8c01-1f8b8269659e req-999a9a5f-0f8c-487f-98d3-b8dcb7e0dd42 84f2e35392b945eeab7749e5ca4252d6 8cc470d7c3ce4d928804cd9f47fd0ac6 - - default default] 10.0.0.80 "GET /v2.0/security-groups?id=0980185c-da14-4c9e-a7df-d27508d490c3&fields=id&fields=name HTTP/1.1" status: 200 len: 313 time: 0.0576050
2026-05-19 04:09:08.224 9 INFO neutron.notifiers.nova [-] Nova event matching ['req-95e44a93-161c-4692-9c9d-7c7dfb79f737'] response: {'server_uuid': 'dd2be88d-c025-46bb-b05d-f5f13e9bbea3', 'name': 'network-vif-plugged', 'status': 'completed', 'tag': '2f2fed12-575e-4168-99ef-6dc20714cdd1', 'code': 200}
2026-05-19 04:09:08.225 9 INFO neutron.notifiers.nova [-] Nova event matching ['req-95e44a93-161c-4692-9c9d-7c7dfb79f737'] response: {'server_uuid': 'd94cdcd6-b2be-42f0-840c-4de712fd6832', 'name': 'network-vif-plugged', 'status': 'completed', 'tag': '08315e8b-4aa9-4aa7-995f-73e77bfeaca8', 'code': 200}
2026-05-19 04:09:08.225 9 INFO neutron.notifiers.nova [-] Nova event matching ['req-95e44a93-161c-4692-9c9d-7c7dfb79f737'] response: {'server_uuid': 'd94cdcd6-b2be-42f0-840c-4de712fd6832', 'name': 'network-vif-plugged', 'status': 'completed', 'tag': '08315e8b-4aa9-4aa7-995f-73e77bfeaca8', 'code': 200}
2026-05-19 04:09:08.225 9 INFO neutron.notifiers.nova [-] Nova event matching ['req-95e44a93-161c-4692-9c9d-7c7dfb79f737'] response: {'name': 'network-changed', 'server_uuid': 'dd2be88d-c025-46bb-b05d-f5f13e9bbea3', 'tag': '2f2fed12-575e-4168-99ef-6dc20714cdd1', 'status': 'completed', 'code': 200}
2026-05-19 04:09:08.318 9 INFO neutron.wsgi [req-c69b6ec3-a2d9-41b1-8c7f-37bc0f964a2c req-494fc5f2-c4e0-4aea-b2a4-4ac2cae6a3c8 d90ddc0e36f442ef969eeefc0e8a65a0 aa99a1b2c8464a0190733132f1fde0e0 - - 90f575837326456b8ab9bf10c47d7749 90f575837326456b8ab9bf10c47d7749] 199.19.213.191 "GET /v2.0/ports?tenant_id=8cc470d7c3ce4d928804cd9f47fd0ac6&device_id=dd2be88d-c025-46bb-b05d-f5f13e9bbea3 HTTP/1.1" status: 200 len: 1407 time: 0.0595737
2026-05-19 04:09:08.413 10 INFO neutron.wsgi [req-dcab3c4b-81c3-40cf-a457-8f2c24695fe1 req-3edb4b32-b475-4d5f-9736-6cfe4744b374 84f2e35392b945eeab7749e5ca4252d6 8cc470d7c3ce4d928804cd9f47fd0ac6 - - default default] 199.19.213.191 "GET /v2.0/ports?device_id=dd2be88d-c025-46bb-b05d-f5f13e9bbea3 HTTP/1.1" status: 200 len: 1168 time: 0.0600092
2026-05-19 04:09:08.420 9 INFO neutron.wsgi [req-c69b6ec3-a2d9-41b1-8c7f-37bc0f964a2c req-ace1c266-a34d-4677-9855-ef629e7637d5 d90ddc0e36f442ef969eeefc0e8a65a0 aa99a1b2c8464a0190733132f1fde0e0 - - 90f575837326456b8ab9bf10c47d7749 90f575837326456b8ab9bf10c47d7749] 199.19.213.191 "GET /v2.0/networks?id=ce2abfa5-ba05-4992-819b-6d3a129be4b3 HTTP/1.1" status: 200 len: 978 time: 0.0922518
2026-05-19 04:09:08.478 9 INFO neutron.wsgi [req-c69b6ec3-a2d9-41b1-8c7f-37bc0f964a2c req-b8206822-aa9e-4db0-b6df-81b0e5b05338 d90ddc0e36f442ef969eeefc0e8a65a0 aa99a1b2c8464a0190733132f1fde0e0 - - 90f575837326456b8ab9bf10c47d7749 90f575837326456b8ab9bf10c47d7749] 199.19.213.191 "GET /v2.0/floatingips?fixed_ip_address=10.100.0.8&port_id=2f2fed12-575e-4168-99ef-6dc20714cdd1 HTTP/1.1" status: 200 len: 1057 time: 0.0508487
2026-05-19 04:09:08.517 9 INFO neutron.db.ovn_revision_numbers_db [None req-8bac5458-4588-43bb-b5a9-3be57fee1436 - - - - - -] Successfully bumped revision number for resource 2f2fed12-575e-4168-99ef-6dc20714cdd1 (type: ports) to 5
2026-05-19 04:09:08.521 9 INFO neutron.wsgi [req-c69b6ec3-a2d9-41b1-8c7f-37bc0f964a2c req-18b338e8-a8f9-4dcb-8599-0f63ba39fe3b d90ddc0e36f442ef969eeefc0e8a65a0 aa99a1b2c8464a0190733132f1fde0e0 - - 90f575837326456b8ab9bf10c47d7749 90f575837326456b8ab9bf10c47d7749] 199.19.213.191 "GET /v2.0/subnets?id=6766664e-14c9-436b-aaf6-17b9f5fbd5eb HTTP/1.1" status: 200 len: 873 time: 0.0359900
2026-05-19 04:09:08.559 9 INFO neutron.wsgi [req-c69b6ec3-a2d9-41b1-8c7f-37bc0f964a2c req-b02a2b3b-109e-4252-a7bf-ae9620d1fa0d d90ddc0e36f442ef969eeefc0e8a65a0 aa99a1b2c8464a0190733132f1fde0e0 - - 90f575837326456b8ab9bf10c47d7749 90f575837326456b8ab9bf10c47d7749] 199.19.213.191 "GET /v2.0/ports?network_id=ce2abfa5-ba05-4992-819b-6d3a129be4b3&device_owner=network%3Adhcp HTTP/1.1" status: 200 len: 210 time: 0.0324860 /var/lib/openstack/lib/python3.10/site-packages/pycadf/identifier.py:71: UserWarning: Invalid uuid: neutron. To ensure interoperability, identifiers should be a valid uuid. warnings.warn(('Invalid uuid: %s. To ensure interoperability, '
2026-05-19 04:09:08.652 9 INFO neutron.wsgi [req-c69b6ec3-a2d9-41b1-8c7f-37bc0f964a2c req-875efe05-85f3-41c8-a617-1de752282feb d90ddc0e36f442ef969eeefc0e8a65a0 aa99a1b2c8464a0190733132f1fde0e0 - - 90f575837326456b8ab9bf10c47d7749 90f575837326456b8ab9bf10c47d7749] 199.19.213.191 "GET /v2.0/networks/ce2abfa5-ba05-4992-819b-6d3a129be4b3?fields=segments HTTP/1.1" status: 200 len: 212 time: 0.0794086
2026-05-19 04:09:08.751 10 INFO neutron.wsgi [req-36c3e566-d0a9-4eff-a166-5e7c3854d0a6 req-176548aa-3aae-4a02-b08a-bd921a76e9e5 d99081fd6d824cdca10714ac4d417180 042c9e2fddec4569bcde9be181195f41 - - default default] 10.0.0.80 "GET /v2.0/ports?device_id=d94cdcd6-b2be-42f0-840c-4de712fd6832 HTTP/1.1" status: 200 len: 1170 time: 0.1626308
2026-05-19 04:09:08.759 9 INFO neutron.wsgi [req-c69b6ec3-a2d9-41b1-8c7f-37bc0f964a2c req-d62f5db4-617e-4608-8439-eb5b5a2292bf d90ddc0e36f442ef969eeefc0e8a65a0 aa99a1b2c8464a0190733132f1fde0e0 - - 90f575837326456b8ab9bf10c47d7749 90f575837326456b8ab9bf10c47d7749] 199.19.213.191 "GET /v2.0/networks/ce2abfa5-ba05-4992-819b-6d3a129be4b3?fields=provider%3Aphysical_network&fields=provider%3Anetwork_type HTTP/1.1" status: 200 len: 277 time: 0.1009121
2026-05-19 04:09:09.071 10 INFO neutron.wsgi [req-36c3e566-d0a9-4eff-a166-5e7c3854d0a6 req-d2857810-0207-417c-91b7-d91b15b678a2 d99081fd6d824cdca10714ac4d417180 042c9e2fddec4569bcde9be181195f41 - - default default] 10.0.0.80 "GET /v2.0/security-groups?id=1369e2fe-12fe-4377-804f-367dab07ab43&fields=id&fields=name HTTP/1.1" status: 200 len: 313 time: 0.3087306
2026-05-19 04:09:09.111 10 INFO neutron.db.l3_db [req-dcab3c4b-81c3-40cf-a457-8f2c24695fe1 req-b4efb2d8-20b1-4ea4-b03e-a813873e5bd1 84f2e35392b945eeab7749e5ca4252d6 8cc470d7c3ce4d928804cd9f47fd0ac6 - - default default] Floating IP 46efd330-20ad-4cd8-9b83-4da8814adefc disassociated. External IP: 10.96.250.201, port: 2f2fed12-575e-4168-99ef-6dc20714cdd1. /var/lib/openstack/lib/python3.10/site-packages/pycadf/identifier.py:71: UserWarning: Invalid uuid: neutron. To ensure interoperability, identifiers should be a valid uuid. warnings.warn(('Invalid uuid: %s. To ensure interoperability, '
2026-05-19 04:09:09.214 9 INFO neutron.wsgi [req-33131b9a-41cb-40fc-89e2-e710beed154d req-74b97d91-fe9a-4ef5-ba34-924ece417df5 d99081fd6d824cdca10714ac4d417180 042c9e2fddec4569bcde9be181195f41 - - default default] 10.0.0.80 "GET /v2.0/ports?device_id=d94cdcd6-b2be-42f0-840c-4de712fd6832 HTTP/1.1" status: 200 len: 1170 time: 0.0429678
2026-05-19 04:09:09.298 9 INFO neutron.db.ovn_revision_numbers_db [None req-fa9f8b07-2ad0-4105-8e37-539c04abdc5a ce236c34059d4d0babda12e0bbe32b2e 0e5e868812414428a8f6c3218fbd1854 - - default default] Successfully bumped revision number for resource b799beec-bf76-4e6e-9d2f-86659e080e7c (type: security_groups) to 1
2026-05-19 04:09:09.302 10 INFO neutron.wsgi [req-7212bf6c-ba08-4599-a9d1-105f327778c4 req-5838cfa3-e497-45fd-9bca-a4fdfc8e024c 84f2e35392b945eeab7749e5ca4252d6 8cc470d7c3ce4d928804cd9f47fd0ac6 - - default default] 10.0.0.80 "GET /v2.0/ports?device_id=dd2be88d-c025-46bb-b05d-f5f13e9bbea3 HTTP/1.1" status: 200 len: 210 time: 0.0232680
2026-05-19 04:09:09.306 10 INFO neutron.wsgi [req-dcab3c4b-81c3-40cf-a457-8f2c24695fe1 req-b4efb2d8-20b1-4ea4-b03e-a813873e5bd1 84f2e35392b945eeab7749e5ca4252d6 8cc470d7c3ce4d928804cd9f47fd0ac6 - - default default] 199.19.213.191 "DELETE /v2.0/ports/2f2fed12-575e-4168-99ef-6dc20714cdd1 HTTP/1.1" status: 204 len: 173 time: 0.8863609
2026-05-19 04:09:09.339 9 INFO neutron.db.ovn_revision_numbers_db [None req-fa9f8b07-2ad0-4105-8e37-539c04abdc5a ce236c34059d4d0babda12e0bbe32b2e 0e5e868812414428a8f6c3218fbd1854 - - default default] Successfully bumped revision number for resource 3c489907-563a-4ef7-8013-377ae41bb3df (type: security_group_rules) to 0
2026-05-19 04:09:09.354 10 INFO neutron.notifiers.nova [-] Nova event matching ['req-e71b0aef-2fe5-4b83-b37e-deb132645eb1'] response: {'server_uuid': 'dd2be88d-c025-46bb-b05d-f5f13e9bbea3', 'name': 'network-vif-deleted', 'tag': '2f2fed12-575e-4168-99ef-6dc20714cdd1', 'status': 'completed', 'code': 200}
2026-05-19 04:09:09.361 9 INFO neutron.db.ovn_revision_numbers_db [None req-fa9f8b07-2ad0-4105-8e37-539c04abdc5a ce236c34059d4d0babda12e0bbe32b2e 0e5e868812414428a8f6c3218fbd1854 - - default default] Successfully bumped revision number for resource a04089a7-2bc5-4977-a404-576cdb418256 (type: security_group_rules) to 0
2026-05-19 04:09:09.396 9 INFO neutron.db.ovn_revision_numbers_db [None req-fa9f8b07-2ad0-4105-8e37-539c04abdc5a ce236c34059d4d0babda12e0bbe32b2e 0e5e868812414428a8f6c3218fbd1854 - - default default] Successfully bumped revision number for resource b8e0e6c7-fc1a-4f75-a9de-90e08c4978a7 (type: security_group_rules) to 0
2026-05-19 04:09:09.438 9 INFO neutron.db.ovn_revision_numbers_db [None req-fa9f8b07-2ad0-4105-8e37-539c04abdc5a ce236c34059d4d0babda12e0bbe32b2e 0e5e868812414428a8f6c3218fbd1854 - - default default] Successfully bumped revision number for resource ef49572c-5747-446f-acd8-8809597002a2 (type: security_group_rules) to 0
2026-05-19 04:09:09.522 9 INFO neutron.db.segments_db [None req-fa9f8b07-2ad0-4105-8e37-539c04abdc5a ce236c34059d4d0babda12e0bbe32b2e 0e5e868812414428a8f6c3218fbd1854 - - default default] Added segment 83cfd7d4-1d4b-402d-b03e-813f772ad19c of type geneve for network d094af69-6de6-4410-93f6-374495f7baec
2026-05-19 04:09:09.787 9 INFO neutron.db.l3_db [None req-cd2635ef-5921-49d6-bc2f-56e5f043dba8 d99081fd6d824cdca10714ac4d417180 042c9e2fddec4569bcde9be181195f41 - - default default] Floating IP bfd285b0-73c0-4937-8325-3fadeb268195 associated. External IP: 10.96.250.210, port: 08315e8b-4aa9-4aa7-995f-73e77bfeaca8.
2026-05-19 04:09:09.943 9 INFO neutron.db.ovn_revision_numbers_db [None req-fa9f8b07-2ad0-4105-8e37-539c04abdc5a ce236c34059d4d0babda12e0bbe32b2e 0e5e868812414428a8f6c3218fbd1854 - - default default] Successfully bumped revision number for resource d094af69-6de6-4410-93f6-374495f7baec (type: networks) to 1
2026-05-19 04:09:10.098 9 INFO neutron.db.ovn_revision_numbers_db [None req-cd2635ef-5921-49d6-bc2f-56e5f043dba8 d99081fd6d824cdca10714ac4d417180 042c9e2fddec4569bcde9be181195f41 - - default default] Successfully bumped revision number for resource bfd285b0-73c0-4937-8325-3fadeb268195 (type: floatingips) to 1
2026-05-19 04:09:10.245 9 WARNING neutron.scheduler.dhcp_agent_scheduler [None req-fa9f8b07-2ad0-4105-8e37-539c04abdc5a ce236c34059d4d0babda12e0bbe32b2e 0e5e868812414428a8f6c3218fbd1854 - - default default] No more DHCP agents
2026-05-19 04:09:10.251 9 WARNING neutron.api.rpc.agentnotifiers.dhcp_rpc_agent_api [None req-fa9f8b07-2ad0-4105-8e37-539c04abdc5a ce236c34059d4d0babda12e0bbe32b2e 0e5e868812414428a8f6c3218fbd1854 - - default default] Unable to schedule network d094af69-6de6-4410-93f6-374495f7baec: no agents available; will retry on subsequent port and subnet creation events.
2026-05-19 04:09:10.274 9 INFO neutron.db.ovn_revision_numbers_db [None req-cd2635ef-5921-49d6-bc2f-56e5f043dba8 d99081fd6d824cdca10714ac4d417180 042c9e2fddec4569bcde9be181195f41 - - default default] Successfully bumped revision number for resource bfd285b0-73c0-4937-8325-3fadeb268195 (type: floatingips) to 2
2026-05-19 04:09:10.279 9 INFO neutron.notifiers.nova [-] Nova event matching ['req-60d69ad5-347f-4fa8-a5bb-fb76767be03a'] response: {'server_uuid': 'dd2be88d-c025-46bb-b05d-f5f13e9bbea3', 'name': 'network-vif-unplugged', 'status': 'completed', 'tag': '2f2fed12-575e-4168-99ef-6dc20714cdd1', 'code': 200}
2026-05-19 04:09:10.279 9 INFO neutron.notifiers.nova [-] Nova event matching ['req-60d69ad5-347f-4fa8-a5bb-fb76767be03a'] response: {'server_uuid': 'dd2be88d-c025-46bb-b05d-f5f13e9bbea3', 'name': 'network-vif-plugged', 'status': 'completed', 'tag': '2f2fed12-575e-4168-99ef-6dc20714cdd1', 'code': 200}
2026-05-19 04:09:10.317 9 INFO neutron.wsgi [None req-cd2635ef-5921-49d6-bc2f-56e5f043dba8 d99081fd6d824cdca10714ac4d417180 042c9e2fddec4569bcde9be181195f41 - - default default] 10.0.0.53 "PUT /v2.0/floatingips/bfd285b0-73c0-4937-8325-3fadeb268195 HTTP/1.1" status: 200 len: 1049 time: 1.0714636 /var/lib/openstack/lib/python3.10/site-packages/pycadf/identifier.py:71: UserWarning: Invalid uuid: neutron. To ensure interoperability, identifiers should be a valid uuid. warnings.warn(('Invalid uuid: %s. To ensure interoperability, '
2026-05-19 04:09:10.381 9 INFO neutron.db.ovn_revision_numbers_db [None req-fa9f8b07-2ad0-4105-8e37-539c04abdc5a ce236c34059d4d0babda12e0bbe32b2e 0e5e868812414428a8f6c3218fbd1854 - - default default] Successfully bumped revision number for resource 56649eda-4b16-44b0-b9c5-8e9b3f73933b (type: ports) to 1
2026-05-19 04:09:10.415 9 INFO neutron.wsgi [None req-fa9f8b07-2ad0-4105-8e37-539c04abdc5a ce236c34059d4d0babda12e0bbe32b2e 0e5e868812414428a8f6c3218fbd1854 - - default default] 10.0.0.53 "POST /v2.0/networks HTTP/1.1" status: 201 len: 944 time: 1.6735847
2026-05-19 04:09:10.490 9 INFO neutron.wsgi [req-6f545354-8680-4e7c-a248-9eb3ac0cc06c req-e89baf2e-e3d0-4b53-8fce-318409fc6878 d99081fd6d824cdca10714ac4d417180 042c9e2fddec4569bcde9be181195f41 - - default default] 10.0.0.80 "GET /v2.0/ports?device_id=d94cdcd6-b2be-42f0-840c-4de712fd6832 HTTP/1.1" status: 200 len: 1170 time: 0.1177058
2026-05-19 04:09:10.525 10 INFO neutron.wsgi [None req-cf31559a-3642-4873-b2e7-499009ec2249 84f2e35392b945eeab7749e5ca4252d6 8cc470d7c3ce4d928804cd9f47fd0ac6 - - default default] 10.0.0.53 "DELETE /v2.0/security-groups/0980185c-da14-4c9e-a7df-d27508d490c3 HTTP/1.1" status: 204 len: 168 time: 0.1228755
2026-05-19 04:09:10.541 10 INFO neutron.api.v2.resource [None req-0b07f5b2-662b-44f7-b853-414e2ace4de6 84f2e35392b945eeab7749e5ca4252d6 8cc470d7c3ce4d928804cd9f47fd0ac6 - - default default] show failed (client error): The resource could not be found.
2026-05-19 04:09:10.542 10 INFO neutron.wsgi [None req-0b07f5b2-662b-44f7-b853-414e2ace4de6 84f2e35392b945eeab7749e5ca4252d6 8cc470d7c3ce4d928804cd9f47fd0ac6 - - default default] 10.0.0.53 "GET /v2.0/security-groups/0980185c-da14-4c9e-a7df-d27508d490c3 HTTP/1.1" status: 404 len: 347 time: 0.0110757
2026-05-19 04:09:10.577 10 INFO neutron.wsgi [req-3ffd1b00-5664-4f41-9b98-56213f737e6c req-86f643ea-4469-4c46-99f0-21ec3e8ffa50 d90ddc0e36f442ef969eeefc0e8a65a0 aa99a1b2c8464a0190733132f1fde0e0 - - 90f575837326456b8ab9bf10c47d7749 90f575837326456b8ab9bf10c47d7749] 199.19.213.191 "GET /v2.0/ports?device_id=2ca7d2c9-4585-4c3f-806a-c1cce12fddf9&fields=binding%3Ahost_id&fields=binding%3Avif_type HTTP/1.1" status: 200 len: 265 time: 0.0335541
2026-05-19 04:09:10.580 9 INFO neutron.wsgi [req-6f545354-8680-4e7c-a248-9eb3ac0cc06c req-4d71e91a-96f0-4f2d-8a1c-39168ad9e863 d99081fd6d824cdca10714ac4d417180 042c9e2fddec4569bcde9be181195f41 - - default default] 10.0.0.80 "GET /v2.0/security-groups?id=1369e2fe-12fe-4377-804f-367dab07ab43&fields=id&fields=name HTTP/1.1" status: 200 len: 313 time: 0.0837102
2026-05-19 04:09:10.677 10 INFO neutron.wsgi [req-3ffd1b00-5664-4f41-9b98-56213f737e6c req-332de6a1-38a7-4326-af56-425432906c99 d90ddc0e36f442ef969eeefc0e8a65a0 aa99a1b2c8464a0190733132f1fde0e0 - - 90f575837326456b8ab9bf10c47d7749 90f575837326456b8ab9bf10c47d7749] 199.19.213.191 "GET /v2.0/ports?tenant_id=aaea1624e4704eb188c7dc1771a906fd&device_id=2ca7d2c9-4585-4c3f-806a-c1cce12fddf9 HTTP/1.1" status: 200 len: 1413 time: 0.0461979
2026-05-19 04:09:10.701 9 WARNING neutron.scheduler.dhcp_agent_scheduler [None req-aa13d568-33c0-47f3-b30e-91b9fd54f603 ce236c34059d4d0babda12e0bbe32b2e 0e5e868812414428a8f6c3218fbd1854 - - default default] No more DHCP agents
2026-05-19 04:09:10.705 9 WARNING neutron.api.rpc.agentnotifiers.dhcp_rpc_agent_api [None req-aa13d568-33c0-47f3-b30e-91b9fd54f603 ce236c34059d4d0babda12e0bbe32b2e 0e5e868812414428a8f6c3218fbd1854 - - default default] Unable to schedule network d094af69-6de6-4410-93f6-374495f7baec: no agents available; will retry on subsequent port and subnet creation events.
2026-05-19 04:09:10.756 10 INFO neutron.wsgi [req-3ffd1b00-5664-4f41-9b98-56213f737e6c req-6bac2a27-9150-4cc0-b54f-23b2fd39eebf d90ddc0e36f442ef969eeefc0e8a65a0 aa99a1b2c8464a0190733132f1fde0e0 - - 90f575837326456b8ab9bf10c47d7749 90f575837326456b8ab9bf10c47d7749] 199.19.213.191 "GET /v2.0/networks?id=7a90aa25-1627-40b3-b288-0acf17276efe HTTP/1.1" status: 200 len: 973 time: 0.0586329
2026-05-19 04:09:10.813 10 INFO neutron.wsgi [req-3ffd1b00-5664-4f41-9b98-56213f737e6c req-c5804dc2-6302-487a-bcb8-b6c01ba523f0 d90ddc0e36f442ef969eeefc0e8a65a0 aa99a1b2c8464a0190733132f1fde0e0 - - 90f575837326456b8ab9bf10c47d7749 90f575837326456b8ab9bf10c47d7749] 199.19.213.191 "GET /v2.0/floatingips?fixed_ip_address=10.100.0.12&port_id=508d3630-d43a-4176-8f75-815b2dc25e64 HTTP/1.1" status: 200 len: 1060 time: 0.0481410
2026-05-19 04:09:10.844 10 INFO neutron.wsgi [req-3ffd1b00-5664-4f41-9b98-56213f737e6c req-3591d36f-52de-49b3-a603-eeef98a2ac34 d90ddc0e36f442ef969eeefc0e8a65a0 aa99a1b2c8464a0190733132f1fde0e0 - - 90f575837326456b8ab9bf10c47d7749 90f575837326456b8ab9bf10c47d7749] 199.19.213.191 "GET /v2.0/subnets?id=3cbb9e29-01c5-4cbd-b287-479fb0ded2f9 HTTP/1.1" status: 200 len: 868 time: 0.0256824
2026-05-19 04:09:10.872 10 INFO neutron.wsgi [req-3ffd1b00-5664-4f41-9b98-56213f737e6c req-d2e0aff6-de0f-41dd-addf-5398d58ce8a5 d90ddc0e36f442ef969eeefc0e8a65a0 aa99a1b2c8464a0190733132f1fde0e0 - - 90f575837326456b8ab9bf10c47d7749 90f575837326456b8ab9bf10c47d7749] 199.19.213.191 "GET /v2.0/ports?network_id=7a90aa25-1627-40b3-b288-0acf17276efe&device_owner=network%3Adhcp HTTP/1.1" status: 200 len: 210 time: 0.0196671
2026-05-19 04:09:10.940 10 INFO neutron.wsgi [req-3ffd1b00-5664-4f41-9b98-56213f737e6c req-ea2abd2f-9a06-4733-90d9-8ee24bf1ac54 d90ddc0e36f442ef969eeefc0e8a65a0 aa99a1b2c8464a0190733132f1fde0e0 - - 90f575837326456b8ab9bf10c47d7749 90f575837326456b8ab9bf10c47d7749] 199.19.213.191 "GET /v2.0/networks/7a90aa25-1627-40b3-b288-0acf17276efe?fields=segments HTTP/1.1" status: 200 len: 212 time: 0.0602796
2026-05-19 04:09:10.998 10 INFO neutron.wsgi [req-3ffd1b00-5664-4f41-9b98-56213f737e6c req-2c33af1b-615c-4151-9f25-81d2c54b6e3f d90ddc0e36f442ef969eeefc0e8a65a0 aa99a1b2c8464a0190733132f1fde0e0 - - 90f575837326456b8ab9bf10c47d7749 90f575837326456b8ab9bf10c47d7749] 199.19.213.191 "GET /v2.0/networks/7a90aa25-1627-40b3-b288-0acf17276efe?fields=provider%3Aphysical_network&fields=provider%3Anetwork_type HTTP/1.1" status: 200 len: 277 time: 0.0529983
2026-05-19 04:09:11.078 9 INFO neutron.wsgi [None req-f5fd42f5-ccb2-453e-9de2-d1dfb349a982 84f2e35392b945eeab7749e5ca4252d6 8cc470d7c3ce4d928804cd9f47fd0ac6 - - default default] 10.0.0.53 "DELETE /v2.0/floatingips/46efd330-20ad-4cd8-9b83-4da8814adefc HTTP/1.1" status: 204 len: 168 time: 0.5284629
2026-05-19 04:09:11.291 9 INFO neutron.db.ovn_revision_numbers_db [None req-aa13d568-33c0-47f3-b30e-91b9fd54f603 ce236c34059d4d0babda12e0bbe32b2e 0e5e868812414428a8f6c3218fbd1854 - - default default] Successfully bumped revision number for resource 56649eda-4b16-44b0-b9c5-8e9b3f73933b (type: ports) to 2
2026-05-19 04:09:11.328 9 INFO neutron.db.ovn_revision_numbers_db [None req-aa13d568-33c0-47f3-b30e-91b9fd54f603 ce236c34059d4d0babda12e0bbe32b2e 0e5e868812414428a8f6c3218fbd1854 - - default default] Successfully bumped revision number for resource 16589ccd-b94e-4ae4-a2ea-2c65c987da64 (type: subnets) to 0
2026-05-19 04:09:11.346 9 INFO neutron.wsgi [None req-aa13d568-33c0-47f3-b30e-91b9fd54f603 ce236c34059d4d0babda12e0bbe32b2e 0e5e868812414428a8f6c3218fbd1854 - - default default] 10.0.0.53 "POST /v2.0/subnets HTTP/1.1" status: 201 len: 864 time: 0.9229064
2026-05-19 04:09:11.849 10 INFO neutron.wsgi [req-db164212-f8b4-4880-9b14-cf8f0324c3c2 req-0c6ad8bb-a5a2-4834-bcc7-5bfd6eba16d0 13ba675076b345e9973177c3d0cf0f76 aaea1624e4704eb188c7dc1771a906fd - - default default] 10.0.0.80 "GET /v2.0/ports?device_id=2ca7d2c9-4585-4c3f-806a-c1cce12fddf9 HTTP/1.1" status: 200 len: 1174 time: 0.1279240
2026-05-19 04:09:11.875 9 WARNING neutron.scheduler.dhcp_agent_scheduler [None req-e5268cc1-e9ac-4eb4-9376-95f8f68c0439 ce236c34059d4d0babda12e0bbe32b2e 0e5e868812414428a8f6c3218fbd1854 - - default default] No more DHCP agents
2026-05-19 04:09:11.877 9 WARNING neutron.api.rpc.agentnotifiers.dhcp_rpc_agent_api [None req-e5268cc1-e9ac-4eb4-9376-95f8f68c0439 ce236c34059d4d0babda12e0bbe32b2e 0e5e868812414428a8f6c3218fbd1854 - - default default] Unable to schedule network e18f6192-7bae-4335-85f7-38be0ae35f75: no agents available; will retry on subsequent port and subnet creation events.
2026-05-19 04:09:11.913 10 INFO neutron.wsgi [req-db164212-f8b4-4880-9b14-cf8f0324c3c2 req-f03afd57-5521-45ad-899c-76ce50ef73fe 13ba675076b345e9973177c3d0cf0f76 aaea1624e4704eb188c7dc1771a906fd - - default default] 10.0.0.80 "GET /v2.0/security-groups?id=0341a113-4c8d-4f98-a331-6aaf3ef046f5&fields=id&fields=name HTTP/1.1" status: 200 len: 313 time: 0.0453575
2026-05-19 04:09:12.080 9 INFO neutron.db.ovn_revision_numbers_db [None req-e5268cc1-e9ac-4eb4-9376-95f8f68c0439 ce236c34059d4d0babda12e0bbe32b2e 0e5e868812414428a8f6c3218fbd1854 - - default default] Successfully bumped revision number for resource 9c495098-dea0-43e5-85aa-7f76ee5a7e71 (type: ports) to 1
2026-05-19 04:09:12.094 9 INFO neutron.wsgi [req-de9bbfc9-383f-4e28-b7de-a70da7205ee9 req-ec9b9b22-5805-45ab-bc0b-59dd5c2c6b33 13ba675076b345e9973177c3d0cf0f76 aaea1624e4704eb188c7dc1771a906fd - - default default] 10.0.0.80 "GET /v2.0/ports?device_id=2ca7d2c9-4585-4c3f-806a-c1cce12fddf9 HTTP/1.1" status: 200 len: 1174 time: 0.0975211
2026-05-19 04:09:12.161 9 INFO neutron.wsgi [req-de9bbfc9-383f-4e28-b7de-a70da7205ee9 req-6ed43e2e-5804-4709-98af-804600106e57 13ba675076b345e9973177c3d0cf0f76 aaea1624e4704eb188c7dc1771a906fd - - default default] 10.0.0.80 "GET /v2.0/security-groups?id=0341a113-4c8d-4f98-a331-6aaf3ef046f5&fields=id&fields=name HTTP/1.1" status: 200 len: 313 time: 0.0532165
2026-05-19 04:09:12.208 10 INFO neutron.wsgi [None req-891ee9de-6ac4-48c4-9e51-e957267c4e39 ce236c34059d4d0babda12e0bbe32b2e 0e5e868812414428a8f6c3218fbd1854 - - default default] 10.0.0.53 "PUT /v2.0/routers/0772fc06-56f5-4704-aa38-b35be7ee50c7/remove_router_interface HTTP/1.1" status: 200 len: 503 time: 1.1218736 /var/lib/openstack/lib/python3.10/site-packages/pycadf/identifier.py:71: UserWarning: Invalid uuid: neutron. To ensure interoperability, identifiers should be a valid uuid. warnings.warn(('Invalid uuid: %s. To ensure interoperability, '
2026-05-19 04:09:12.553 9 INFO neutron.notifiers.nova [-] Nova event matching ['req-dcbd82a8-3bd9-4d95-9598-abf6089c7dad'] response: {'name': 'network-changed', 'server_uuid': 'd94cdcd6-b2be-42f0-840c-4de712fd6832', 'tag': '08315e8b-4aa9-4aa7-995f-73e77bfeaca8', 'status': 'completed', 'code': 200}
2026-05-19 04:09:12.619 10 INFO neutron.wsgi [req-a5b97372-3c82-4fcb-8cb5-f7bfbe3d1259 req-9713bc7f-ae7e-4faa-90d5-3669b532553c d90ddc0e36f442ef969eeefc0e8a65a0 aa99a1b2c8464a0190733132f1fde0e0 - - 90f575837326456b8ab9bf10c47d7749 90f575837326456b8ab9bf10c47d7749] 199.19.213.191 "GET /v2.0/ports?tenant_id=aaea1624e4704eb188c7dc1771a906fd&device_id=2ca7d2c9-4585-4c3f-806a-c1cce12fddf9 HTTP/1.1" status: 200 len: 1413 time: 0.0351887
2026-05-19 04:09:12.646 9 INFO neutron.wsgi [req-1758ff8a-b15f-4373-8269-3566487e7f25 req-8da9d580-3521-4505-982e-08f5b4fb6e1c d90ddc0e36f442ef969eeefc0e8a65a0 aa99a1b2c8464a0190733132f1fde0e0 - - 90f575837326456b8ab9bf10c47d7749 90f575837326456b8ab9bf10c47d7749] 199.19.213.191 "GET /v2.0/ports?tenant_id=042c9e2fddec4569bcde9be181195f41&device_id=d94cdcd6-b2be-42f0-840c-4de712fd6832 HTTP/1.1" status: 200 len: 1409 time: 0.0570004
2026-05-19 04:09:12.651 9 INFO neutron.wsgi [req-46207a52-7cc1-4ca5-bd32-efffaa69b1a0 req-ed17fb7c-7ea0-4c41-8616-25d95bdcced8 13ba675076b345e9973177c3d0cf0f76 aaea1624e4704eb188c7dc1771a906fd - - default default] 10.0.0.80 "GET /v2.0/ports?device_id=2ca7d2c9-4585-4c3f-806a-c1cce12fddf9 HTTP/1.1" status: 200 len: 1174 time: 0.0614123
2026-05-19 04:09:12.737 9 INFO neutron.wsgi [req-46207a52-7cc1-4ca5-bd32-efffaa69b1a0 req-c3fc5edc-fb2e-4235-a8a9-d0aeed6813d0 13ba675076b345e9973177c3d0cf0f76 aaea1624e4704eb188c7dc1771a906fd - - default default] 10.0.0.80 "GET /v2.0/security-groups?id=0341a113-4c8d-4f98-a331-6aaf3ef046f5&fields=id&fields=name HTTP/1.1" status: 200 len: 313 time: 0.0772400
2026-05-19 04:09:12.753 9 INFO neutron.wsgi [req-1758ff8a-b15f-4373-8269-3566487e7f25 req-d41369b8-30c0-4cd7-adbf-1e4d947f6174 d90ddc0e36f442ef969eeefc0e8a65a0 aa99a1b2c8464a0190733132f1fde0e0 - - 90f575837326456b8ab9bf10c47d7749 90f575837326456b8ab9bf10c47d7749] 199.19.213.191 "GET /v2.0/networks?id=044987a6-1136-40c1-912f-161c37784790 HTTP/1.1" status: 200 len: 981 time: 0.0954933
2026-05-19 04:09:12.767 10 INFO neutron.wsgi [req-a5b97372-3c82-4fcb-8cb5-f7bfbe3d1259 req-a1132cc5-8991-473a-9a8a-b1057e2cf835 d90ddc0e36f442ef969eeefc0e8a65a0 aa99a1b2c8464a0190733132f1fde0e0 - - 90f575837326456b8ab9bf10c47d7749 90f575837326456b8ab9bf10c47d7749] 199.19.213.191 "GET /v2.0/networks?id=7a90aa25-1627-40b3-b288-0acf17276efe HTTP/1.1" status: 200 len: 973 time: 0.1359122
2026-05-19 04:09:12.808 9 INFO neutron.wsgi [req-1758ff8a-b15f-4373-8269-3566487e7f25 req-5c51bc2a-131e-4811-8fa9-34d679e9d1da d90ddc0e36f442ef969eeefc0e8a65a0 aa99a1b2c8464a0190733132f1fde0e0 - - 90f575837326456b8ab9bf10c47d7749 90f575837326456b8ab9bf10c47d7749] 199.19.213.191 "GET /v2.0/floatingips?fixed_ip_address=10.100.0.8&port_id=08315e8b-4aa9-4aa7-995f-73e77bfeaca8 HTTP/1.1" status: 200 len: 1059 time: 0.0429370
2026-05-19 04:09:12.822 10 INFO neutron.wsgi [req-a5b97372-3c82-4fcb-8cb5-f7bfbe3d1259 req-d0ee9ca6-673e-416e-a292-8b2d898aead4 d90ddc0e36f442ef969eeefc0e8a65a0 aa99a1b2c8464a0190733132f1fde0e0 - - 90f575837326456b8ab9bf10c47d7749 90f575837326456b8ab9bf10c47d7749] 199.19.213.191 "GET /v2.0/floatingips?fixed_ip_address=10.100.0.12&port_id=508d3630-d43a-4176-8f75-815b2dc25e64 HTTP/1.1" status: 200 len: 1060 time: 0.0517190
2026-05-19 04:09:12.859 9 INFO neutron.wsgi [req-1758ff8a-b15f-4373-8269-3566487e7f25 req-44406dec-8cea-4619-a68b-5b49ce6db893 d90ddc0e36f442ef969eeefc0e8a65a0 aa99a1b2c8464a0190733132f1fde0e0 - - 90f575837326456b8ab9bf10c47d7749 90f575837326456b8ab9bf10c47d7749] 199.19.213.191 "GET /v2.0/subnets?id=2a1e3a4d-f287-4699-b520-ecb2c191593e HTTP/1.1" status: 200 len: 876 time: 0.0459578
2026-05-19 04:09:12.867 10 INFO neutron.wsgi [req-a5b97372-3c82-4fcb-8cb5-f7bfbe3d1259 req-85b8bcd0-0be2-49ef-9fba-26ad9d224fbc d90ddc0e36f442ef969eeefc0e8a65a0 aa99a1b2c8464a0190733132f1fde0e0 - - 90f575837326456b8ab9bf10c47d7749 90f575837326456b8ab9bf10c47d7749] 199.19.213.191 "GET /v2.0/subnets?id=3cbb9e29-01c5-4cbd-b287-479fb0ded2f9 HTTP/1.1" status: 200 len: 868 time: 0.0383468
2026-05-19 04:09:12.896 9 INFO neutron.wsgi [req-1758ff8a-b15f-4373-8269-3566487e7f25 req-d2990a5f-db61-4bba-810d-6e97cc929c3e d90ddc0e36f442ef969eeefc0e8a65a0 aa99a1b2c8464a0190733132f1fde0e0 - - 90f575837326456b8ab9bf10c47d7749 90f575837326456b8ab9bf10c47d7749] 199.19.213.191 "GET /v2.0/ports?network_id=044987a6-1136-40c1-912f-161c37784790&device_owner=network%3Adhcp HTTP/1.1" status: 200 len: 210 time: 0.0283744
2026-05-19 04:09:12.928 10 INFO neutron.wsgi [req-a5b97372-3c82-4fcb-8cb5-f7bfbe3d1259 req-9357ba65-96cd-492f-9360-5f17a0411058 d90ddc0e36f442ef969eeefc0e8a65a0 aa99a1b2c8464a0190733132f1fde0e0 - - 90f575837326456b8ab9bf10c47d7749 90f575837326456b8ab9bf10c47d7749] 199.19.213.191 "GET /v2.0/ports?network_id=7a90aa25-1627-40b3-b288-0acf17276efe&device_owner=network%3Adhcp HTTP/1.1" status: 200 len: 210 time: 0.0439534
2026-05-19 04:09:12.979 9 INFO neutron.wsgi [req-1758ff8a-b15f-4373-8269-3566487e7f25 req-ea058791-c549-498f-8f61-0a413057c519 d90ddc0e36f442ef969eeefc0e8a65a0 aa99a1b2c8464a0190733132f1fde0e0 - - 90f575837326456b8ab9bf10c47d7749 90f575837326456b8ab9bf10c47d7749] 199.19.213.191 "GET /v2.0/networks/044987a6-1136-40c1-912f-161c37784790?fields=segments HTTP/1.1" status: 200 len: 212 time: 0.0738831
2026-05-19 04:09:12.995 10 INFO neutron.wsgi [None req-0966f0ef-c55d-496a-95e6-ab885b3eb3d0 ce236c34059d4d0babda12e0bbe32b2e 0e5e868812414428a8f6c3218fbd1854 - - default default] 10.0.0.53 "DELETE /v2.0/routers/0772fc06-56f5-4704-aa38-b35be7ee50c7 HTTP/1.1" status: 204 len: 168 time: 0.7813523
2026-05-19 04:09:13.020 10 INFO neutron.wsgi [req-a5b97372-3c82-4fcb-8cb5-f7bfbe3d1259 req-31596b4d-fbd8-417c-8e4f-7126af51e632 d90ddc0e36f442ef969eeefc0e8a65a0 aa99a1b2c8464a0190733132f1fde0e0 - - 90f575837326456b8ab9bf10c47d7749 90f575837326456b8ab9bf10c47d7749] 199.19.213.191 "GET /v2.0/networks/7a90aa25-1627-40b3-b288-0acf17276efe?fields=segments HTTP/1.1" status: 200 len: 212 time: 0.0744271
2026-05-19 04:09:13.094 10 INFO neutron.wsgi [req-a5b97372-3c82-4fcb-8cb5-f7bfbe3d1259 req-b621b0da-7b92-4737-8a5c-11ac57b32c77 d90ddc0e36f442ef969eeefc0e8a65a0 aa99a1b2c8464a0190733132f1fde0e0 - - 90f575837326456b8ab9bf10c47d7749 90f575837326456b8ab9bf10c47d7749] 199.19.213.191 "GET /v2.0/networks/7a90aa25-1627-40b3-b288-0acf17276efe?fields=provider%3Aphysical_network&fields=provider%3Anetwork_type HTTP/1.1" status: 200 len: 277 time: 0.0652142
2026-05-19 04:09:13.108 9 INFO neutron.wsgi [req-1758ff8a-b15f-4373-8269-3566487e7f25 req-cff44649-a9bf-479e-bb86-80c688480836 d90ddc0e36f442ef969eeefc0e8a65a0 aa99a1b2c8464a0190733132f1fde0e0 - - 90f575837326456b8ab9bf10c47d7749 90f575837326456b8ab9bf10c47d7749] 199.19.213.191 "GET /v2.0/networks/044987a6-1136-40c1-912f-161c37784790?fields=provider%3Aphysical_network&fields=provider%3Anetwork_type HTTP/1.1" status: 200 len: 277 time: 0.1178107
2026-05-19 04:09:13.135 9 INFO neutron.plugins.ml2.drivers.ovn.mech_driver.mech_driver [None req-8bac5458-4588-43bb-b5a9-3be57fee1436 - - - - - -] OVN reports status up for port: 9c495098-dea0-43e5-85aa-7f76ee5a7e71
2026-05-19 04:09:13.165 9 INFO neutron.plugins.ml2.drivers.ovn.mech_driver.ovsdb.ovsdb_monitor [None req-aa19efe0-5379-4903-94d8-48f6ce13ce21 - - - - - -] Router c2a8aeb0-0b71-4f0a-b1e6-7c7fe808b42c is bound to host instance
2026-05-19 04:09:13.181 9 INFO neutron.plugins.ml2.plugin [None req-8bac5458-4588-43bb-b5a9-3be57fee1436 - - - - - -] Attempt 1 to provision port 9c495098-dea0-43e5-85aa-7f76ee5a7e71
2026-05-19 04:09:13.200 9 INFO neutron.db.ovn_revision_numbers_db [None req-e5268cc1-e9ac-4eb4-9376-95f8f68c0439 ce236c34059d4d0babda12e0bbe32b2e 0e5e868812414428a8f6c3218fbd1854 - - default default] Successfully bumped revision number for resource 9c495098-dea0-43e5-85aa-7f76ee5a7e71 (type: router_ports) to 1
2026-05-19 04:09:13.348 9 INFO neutron.db.ovn_revision_numbers_db [None req-e5268cc1-e9ac-4eb4-9376-95f8f68c0439 ce236c34059d4d0babda12e0bbe32b2e 0e5e868812414428a8f6c3218fbd1854 - - default default] Successfully bumped revision number for resource c2a8aeb0-0b71-4f0a-b1e6-7c7fe808b42c (type: routers) to 2
2026-05-19 04:09:13.381 9 INFO neutron.wsgi [None req-e5268cc1-e9ac-4eb4-9376-95f8f68c0439 ce236c34059d4d0babda12e0bbe32b2e 0e5e868812414428a8f6c3218fbd1854 - - default default] 10.0.0.53 "POST /v2.0/routers HTTP/1.1" status: 201 len: 875 time: 2.0292704
2026-05-19 04:09:13.445 9 INFO neutron.wsgi [None req-0bda379e-fcfa-4abe-9a77-b60dcaffbf68 ce236c34059d4d0babda12e0bbe32b2e 0e5e868812414428a8f6c3218fbd1854 - - default default] 10.0.0.53 "DELETE /v2.0/subnets/6766664e-14c9-436b-aaf6-17b9f5fbd5eb HTTP/1.1" status: 204 len: 168 time: 0.4419918
2026-05-19 04:09:13.716 10 INFO neutron.wsgi [-] 10.0.0.66 "GET / HTTP/1.1" status: 200 len: 247 time: 0.0021830
2026-05-19 04:09:13.718 10 INFO neutron.wsgi [-] 10.0.0.66 "GET / HTTP/1.1" status: 200 len: 247 time: 0.0013661
2026-05-19 04:09:13.881 10 INFO neutron.wsgi [req-44b721dc-d3e9-49f4-815e-935ac5719059 req-8fb064ec-485f-4458-9cf0-847b2ca959ae 13ba675076b345e9973177c3d0cf0f76 aaea1624e4704eb188c7dc1771a906fd - - default default] 10.0.0.80 "GET /v2.0/ports?device_id=2ca7d2c9-4585-4c3f-806a-c1cce12fddf9 HTTP/1.1" status: 200 len: 1174 time: 0.0696936
2026-05-19 04:09:13.929 10 INFO neutron.services.segments.plugin [-] Segment 8b1b8578-0d45-45b2-938d-8ec75eed92b1 resource provider aggregate not found
2026-05-19 04:09:13.937 10 INFO neutron.services.segments.plugin [-] Segment 8b1b8578-0d45-45b2-938d-8ec75eed92b1 resource provider aggregate not found
2026-05-19 04:09:13.949 10 INFO neutron.services.segments.plugin [-] Segment 8b1b8578-0d45-45b2-938d-8ec75eed92b1 resource provider not found; error: Placement Client Error (4xx): {"errors": [{"status": 404, "title": "Not Found", "detail": "The resource could not be found.\n\n No resource provider with uuid 8b1b8578-0d45-45b2-938d-8ec75eed92b1 found for delete ", "request_id": "req-a975a43a-85e8-4f88-b0f0-a5edbd8ea588"}]}
2026-05-19 04:09:13.961 10 INFO neutron.services.segments.plugin [-] Segment 8b1b8578-0d45-45b2-938d-8ec75eed92b1 resource provider not found; error: Placement Client Error (4xx): {"errors": [{"status": 404, "title": "Not Found", "detail": "The resource could not be found.\n\n No resource provider with uuid 8b1b8578-0d45-45b2-938d-8ec75eed92b1 found for delete ", "request_id": "req-73a862a6-4f1a-460e-8fa0-d74481160be5"}]}
2026-05-19 04:09:13.978 10 INFO neutron.wsgi [req-44b721dc-d3e9-49f4-815e-935ac5719059 req-03f9cb74-f1a0-4ca5-aa7a-7a2947c61409 13ba675076b345e9973177c3d0cf0f76 aaea1624e4704eb188c7dc1771a906fd - - default default] 10.0.0.80 "GET /v2.0/security-groups?id=0341a113-4c8d-4f98-a331-6aaf3ef046f5&fields=id&fields=name HTTP/1.1" status: 200 len: 313 time: 0.0885077
2026-05-19 04:09:14.000 10 INFO neutron.wsgi [None req-02e72f60-c96e-44cc-8036-4420a8d7d1e6 ce236c34059d4d0babda12e0bbe32b2e 0e5e868812414428a8f6c3218fbd1854 - - default default] 10.0.0.53 "DELETE /v2.0/networks/ce2abfa5-ba05-4992-819b-6d3a129be4b3 HTTP/1.1" status: 204 len: 168 time: 0.5443077
2026-05-19 04:09:14.214 10 INFO neutron.wsgi [None req-1d4e3d0d-7995-4516-85de-6b29297a64b6 ce236c34059d4d0babda12e0bbe32b2e 0e5e868812414428a8f6c3218fbd1854 - - default default] 10.0.0.53 "GET /v2.0/security-groups?tenant_id=8cc470d7c3ce4d928804cd9f47fd0ac6&name=default HTTP/1.1" status: 200 len: 2992 time: 0.0512457
2026-05-19 04:09:14.324 9 WARNING neutron.scheduler.dhcp_agent_scheduler [None req-2721c647-5d44-4517-90c0-bc97097f5af9 ce236c34059d4d0babda12e0bbe32b2e 0e5e868812414428a8f6c3218fbd1854 - - default default] No more DHCP agents
2026-05-19 04:09:14.329 9 WARNING neutron.api.rpc.agentnotifiers.dhcp_rpc_agent_api [None req-2721c647-5d44-4517-90c0-bc97097f5af9 ce236c34059d4d0babda12e0bbe32b2e 0e5e868812414428a8f6c3218fbd1854 - - default default] Unable to schedule network d094af69-6de6-4410-93f6-374495f7baec: no agents available; will retry on subsequent port and subnet creation events.
2026-05-19 04:09:14.373 9 INFO neutron.db.ovn_revision_numbers_db [None req-aa19efe0-5379-4903-94d8-48f6ce13ce21 - - - - - -] Successfully bumped revision number for resource 9c495098-dea0-43e5-85aa-7f76ee5a7e71 (type: ports) to 1
2026-05-19 04:09:14.509 10 INFO neutron.wsgi [None req-7b134993-ca88-4d9d-98c2-9e5ad64faeb0 ce236c34059d4d0babda12e0bbe32b2e 0e5e868812414428a8f6c3218fbd1854 - - default default] 10.0.0.53 "DELETE /v2.0/security-groups/2d8fd1b6-c9da-4243-833b-76df96c0a82e HTTP/1.1" status: 204 len: 168 time: 0.2873003
2026-05-19 04:09:14.602 9 INFO neutron.db.ovn_revision_numbers_db [None req-2721c647-5d44-4517-90c0-bc97097f5af9 ce236c34059d4d0babda12e0bbe32b2e 0e5e868812414428a8f6c3218fbd1854 - - default default] Successfully bumped revision number for resource bf78c8c4-95fa-4a42-8172-07057c61d435 (type: ports) to 1
2026-05-19 04:09:14.785 9 INFO neutron.db.ovn_revision_numbers_db [None req-aa19efe0-5379-4903-94d8-48f6ce13ce21 - - - - - -] Successfully bumped revision number for resource 9c495098-dea0-43e5-85aa-7f76ee5a7e71 (type: router_ports) to 3
2026-05-19 04:09:15.005 9 INFO neutron.db.ovn_revision_numbers_db [None req-aa19efe0-5379-4903-94d8-48f6ce13ce21 - - - - - -] Successfully bumped revision number for resource 9c495098-dea0-43e5-85aa-7f76ee5a7e71 (type: ports) to 2
2026-05-19 04:09:15.118 9 INFO neutron.wsgi [req-5a99f877-5ff8-4ac3-9c32-e00bf3a13e30 req-f32b2c4d-d6a6-426a-9836-6778b00f2fbd 13ba675076b345e9973177c3d0cf0f76 aaea1624e4704eb188c7dc1771a906fd - - default default] 10.0.0.80 "GET /v2.0/ports?device_id=2ca7d2c9-4585-4c3f-806a-c1cce12fddf9 HTTP/1.1" status: 200 len: 1174 time: 0.0553544
2026-05-19 04:09:15.172 10 INFO neutron.plugins.ml2.drivers.ovn.mech_driver.mech_driver [None req-da3fb100-a53e-4f38-a7e8-c98adf43af4b - - - - - -] OVN reports status up for port: bf78c8c4-95fa-4a42-8172-07057c61d435
2026-05-19 04:09:15.190 10 INFO neutron.plugins.ml2.plugin [None req-da3fb100-a53e-4f38-a7e8-c98adf43af4b - - - - - -] Attempt 1 to provision port bf78c8c4-95fa-4a42-8172-07057c61d435
2026-05-19 04:09:15.198 9 INFO neutron.wsgi [req-5a99f877-5ff8-4ac3-9c32-e00bf3a13e30 req-98bf733f-9370-433b-ab30-f0ac7a039cba 13ba675076b345e9973177c3d0cf0f76 aaea1624e4704eb188c7dc1771a906fd - - default default] 10.0.0.80 "GET /v2.0/security-groups?id=0341a113-4c8d-4f98-a331-6aaf3ef046f5&fields=id&fields=name HTTP/1.1" status: 200 len: 313 time: 0.0660710
2026-05-19 04:09:15.211 9 INFO neutron.db.ovn_revision_numbers_db [None req-2721c647-5d44-4517-90c0-bc97097f5af9 ce236c34059d4d0babda12e0bbe32b2e 0e5e868812414428a8f6c3218fbd1854 - - default default] Successfully bumped revision number for resource bf78c8c4-95fa-4a42-8172-07057c61d435 (type: router_ports) to 1
2026-05-19 04:09:15.354 9 INFO neutron.db.ovn_revision_numbers_db [None req-aa19efe0-5379-4903-94d8-48f6ce13ce21 - - - - - -] Successfully bumped revision number for resource 9c495098-dea0-43e5-85aa-7f76ee5a7e71 (type: ports) to 4
2026-05-19 04:09:15.406 9 INFO neutron.db.ovn_revision_numbers_db [None req-2721c647-5d44-4517-90c0-bc97097f5af9 ce236c34059d4d0babda12e0bbe32b2e 0e5e868812414428a8f6c3218fbd1854 - - default default] Successfully bumped revision number for resource bf78c8c4-95fa-4a42-8172-07057c61d435 (type: ports) to 1
2026-05-19 04:09:15.519 9 WARNING neutron.scheduler.dhcp_agent_scheduler [None req-2721c647-5d44-4517-90c0-bc97097f5af9 ce236c34059d4d0babda12e0bbe32b2e 0e5e868812414428a8f6c3218fbd1854 - - default default] No more DHCP agents
2026-05-19 04:09:15.521 9 WARNING neutron.api.rpc.agentnotifiers.dhcp_rpc_agent_api [None req-2721c647-5d44-4517-90c0-bc97097f5af9 ce236c34059d4d0babda12e0bbe32b2e 0e5e868812414428a8f6c3218fbd1854 - - default default] Unable to schedule network d094af69-6de6-4410-93f6-374495f7baec: no agents available; will retry on subsequent port and subnet creation events.
2026-05-19 04:09:15.665 9 INFO neutron.db.ovn_revision_numbers_db [None req-aa19efe0-5379-4903-94d8-48f6ce13ce21 - - - - - -] Successfully bumped revision number for resource 9c495098-dea0-43e5-85aa-7f76ee5a7e71 (type: router_ports) to 4
2026-05-19 04:09:15.695 10 INFO neutron.db.ovn_revision_numbers_db [None req-da3fb100-a53e-4f38-a7e8-c98adf43af4b - - - - - -] Successfully bumped revision number for resource bf78c8c4-95fa-4a42-8172-07057c61d435 (type: ports) to 2
2026-05-19 04:09:15.818 10 INFO neutron.db.ovn_revision_numbers_db [None req-da3fb100-a53e-4f38-a7e8-c98adf43af4b - - - - - -] Successfully bumped revision number for resource bf78c8c4-95fa-4a42-8172-07057c61d435 (type: router_ports) to 2
2026-05-19 04:09:15.955 9 INFO neutron.plugins.ml2.drivers.ovn.mech_driver.mech_driver [None req-8bac5458-4588-43bb-b5a9-3be57fee1436 - - - - - -] OVN reports status down for port: 508d3630-d43a-4176-8f75-815b2dc25e64
2026-05-19 04:09:16.122 9 INFO neutron.notifiers.nova [-] Nova event matching ['req-8828db2c-cf02-41e0-acaf-313fb6874c7d'] response: {'server_uuid': '2ca7d2c9-4585-4c3f-806a-c1cce12fddf9', 'name': 'network-vif-unplugged', 'status': 'completed', 'tag': '508d3630-d43a-4176-8f75-815b2dc25e64', 'code': 200}
2026-05-19 04:09:16.330 9 INFO neutron.db.ovn_revision_numbers_db [None req-2721c647-5d44-4517-90c0-bc97097f5af9 ce236c34059d4d0babda12e0bbe32b2e 0e5e868812414428a8f6c3218fbd1854 - - default default] Successfully bumped revision number for resource bf78c8c4-95fa-4a42-8172-07057c61d435 (type: router_ports) to 2
2026-05-19 04:09:16.333 9 INFO neutron.wsgi [None req-2721c647-5d44-4517-90c0-bc97097f5af9 ce236c34059d4d0babda12e0bbe32b2e 0e5e868812414428a8f6c3218fbd1854 - - default default] 10.0.0.53 "PUT /v2.0/routers/c2a8aeb0-0b71-4f0a-b1e6-7c7fe808b42c/add_router_interface HTTP/1.1" status: 200 len: 503 time: 2.9461308
2026-05-19 04:09:16.365 9 INFO neutron.db.ovn_revision_numbers_db [None req-8bac5458-4588-43bb-b5a9-3be57fee1436 - - - - - -] Successfully bumped revision number for resource 508d3630-d43a-4176-8f75-815b2dc25e64 (type: ports) to 5
2026-05-19 04:09:16.378 9 WARNING neutron.plugins.ml2.drivers.ovn.mech_driver.ovsdb.ovn_client [None req-8bac5458-4588-43bb-b5a9-3be57fee1436 - - - - - -] Logical_Switch_Port %s host information not removed, the port state is up
2026-05-19 04:09:16.379 9 INFO neutron.plugins.ml2.drivers.ovn.mech_driver.mech_driver [None req-8bac5458-4588-43bb-b5a9-3be57fee1436 - - - - - -] OVN reports status up for port: 508d3630-d43a-4176-8f75-815b2dc25e64
2026-05-19 04:09:16.420 9 INFO neutron.plugins.ml2.plugin [None req-8bac5458-4588-43bb-b5a9-3be57fee1436 - - - - - -] Attempt 1 to provision port 508d3630-d43a-4176-8f75-815b2dc25e64
2026-05-19 04:09:16.721 9 INFO neutron.db.ovn_revision_numbers_db [None req-8bac5458-4588-43bb-b5a9-3be57fee1436 - - - - - -] Successfully bumped revision number for resource 508d3630-d43a-4176-8f75-815b2dc25e64 (type: ports) to 6 /var/lib/openstack/lib/python3.10/site-packages/pycadf/identifier.py:71: UserWarning: Invalid uuid: neutron. To ensure interoperability, identifiers should be a valid uuid. warnings.warn(('Invalid uuid: %s. To ensure interoperability, '
2026-05-19 04:09:17.286 9 INFO neutron.db.ovn_revision_numbers_db [None req-0f42987c-927a-4b4e-b959-85c11a5c1bee 43066e9931e547ad8c6948580dd51501 96efd90f1f654f57bb27a14afe121d2c - - default default] Successfully bumped revision number for resource 8a2bf4bd-7da8-44d9-b47e-d43a2b2e9b56 (type: security_groups) to 1
2026-05-19 04:09:17.303 9 INFO neutron.db.ovn_revision_numbers_db [None req-0f42987c-927a-4b4e-b959-85c11a5c1bee 43066e9931e547ad8c6948580dd51501 96efd90f1f654f57bb27a14afe121d2c - - default default] Successfully bumped revision number for resource 259100ac-d2cf-4cf1-8bcb-66aff1812bb1 (type: security_group_rules) to 0
2026-05-19 04:09:17.318 9 INFO neutron.db.ovn_revision_numbers_db [None req-0f42987c-927a-4b4e-b959-85c11a5c1bee 43066e9931e547ad8c6948580dd51501 96efd90f1f654f57bb27a14afe121d2c - - default default] Successfully bumped revision number for resource 6c594e2a-b652-4a35-87fe-3f928d7652d6 (type: security_group_rules) to 0
2026-05-19 04:09:17.358 9 INFO neutron.wsgi [None req-0f42987c-927a-4b4e-b959-85c11a5c1bee 43066e9931e547ad8c6948580dd51501 96efd90f1f654f57bb27a14afe121d2c - - default default] 10.0.0.53 "POST /v2.0/security-groups HTTP/1.1" status: 201 len: 1797 time: 0.2106156
2026-05-19 04:09:17.497 10 INFO neutron.db.ovn_revision_numbers_db [None req-78aa8966-4e5d-4dd1-986f-84b0810c607c 43066e9931e547ad8c6948580dd51501 96efd90f1f654f57bb27a14afe121d2c - - default default] Successfully bumped revision number for resource 773322c2-4663-40d3-bc8c-d2bdb1c47788 (type: security_group_rules) to 0
2026-05-19 04:09:17.519 10 INFO neutron.wsgi [None req-78aa8966-4e5d-4dd1-986f-84b0810c607c 43066e9931e547ad8c6948580dd51501 96efd90f1f654f57bb27a14afe121d2c - - default default] 10.0.0.53 "POST /v2.0/security-group-rules HTTP/1.1" status: 201 len: 764 time: 0.1529534
2026-05-19 04:09:17.652 9 INFO neutron.db.ovn_revision_numbers_db [None req-7c0406c6-52a4-4add-8b16-856d87fc5a70 43066e9931e547ad8c6948580dd51501 96efd90f1f654f57bb27a14afe121d2c - - default default] Successfully bumped revision number for resource 072720bd-6874-4c58-9e53-7bb65b97b0b2 (type: security_group_rules) to 0
2026-05-19 04:09:17.680 9 INFO neutron.wsgi [None req-7c0406c6-52a4-4add-8b16-856d87fc5a70 43066e9931e547ad8c6948580dd51501 96efd90f1f654f57bb27a14afe121d2c - - default default] 10.0.0.53 "POST /v2.0/security-group-rules HTTP/1.1" status: 201 len: 769 time: 0.1555259
2026-05-19 04:09:18.177 9 INFO neutron.notifiers.nova [-] Nova event matching ['req-6e4a2e00-d606-448e-88d4-897b8690bc36'] response: {'server_uuid': '2ca7d2c9-4585-4c3f-806a-c1cce12fddf9', 'name': 'network-vif-plugged', 'status': 'completed', 'tag': '508d3630-d43a-4176-8f75-815b2dc25e64', 'code': 200}
2026-05-19 04:09:18.178 9 INFO neutron.notifiers.nova [-] Nova event matching ['req-6e4a2e00-d606-448e-88d4-897b8690bc36'] response: {'server_uuid': '2ca7d2c9-4585-4c3f-806a-c1cce12fddf9', 'name': 'network-vif-plugged', 'status': 'completed', 'tag': '508d3630-d43a-4176-8f75-815b2dc25e64', 'code': 200}
