2026-05-19 04:10:51.288 9 INFO neutron.db.ovn_revision_numbers_db [None req-2044a58b-a8b6-4154-aabe-58a69ae16079 d266e6a694bd4ff89d6824927e47ff6c b60654791cd248c688e26c6e58ed888d - - default default] Successfully bumped revision number for resource 07874214-f6d3-462b-b2b1-f96acb3c4d3e (type: ports) to 1
2026-05-19 04:10:51.317 9 INFO neutron.wsgi [None req-2044a58b-a8b6-4154-aabe-58a69ae16079 d266e6a694bd4ff89d6824927e47ff6c b60654791cd248c688e26c6e58ed888d - - default default] 10.0.0.53 "POST /v2.0/networks HTTP/1.1" status: 201 len: 829 time: 0.6118493
2026-05-19 04:10:51.345 9 INFO neutron.wsgi [None req-12549dd0-0a62-4965-93f4-76a2f38367b5 3306f6a1affd4d62ae77de7e38c875b2 df70f5a2b21e4447beb91aaae675ef50 - - default default] 10.0.0.53 "GET /v2.0/ports HTTP/1.1" status: 200 len: 1733 time: 0.0858040
2026-05-19 04:10:51.402 9 INFO neutron.wsgi [None req-e5205a60-9754-4521-94eb-eff994cf5f8d 3306f6a1affd4d62ae77de7e38c875b2 df70f5a2b21e4447beb91aaae675ef50 - - default default] 10.0.0.53 "GET /v2.0/ports/188bc5ca-f667-4711-8354-55672fbac9cd HTTP/1.1" status: 200 len: 973 time: 0.0468554
2026-05-19 04:10:51.426 9 INFO neutron.pecan_wsgi.hooks.translation [None req-bdf787a4-addc-4f23-a8bc-32f3bc49565a 3306f6a1affd4d62ae77de7e38c875b2 df70f5a2b21e4447beb91aaae675ef50 - - default default] DELETE failed (client error): The resource could not be found.
2026-05-19 04:10:51.428 9 INFO neutron.wsgi [None req-bdf787a4-addc-4f23-a8bc-32f3bc49565a 3306f6a1affd4d62ae77de7e38c875b2 df70f5a2b21e4447beb91aaae675ef50 - - default default] 10.0.0.53 "DELETE /v2.0/ports/7f15045e-d70d-4d72-8b7f-181c2aecfb28 HTTP/1.1" status: 404 len: 333 time: 0.0189667
2026-05-19 04:10:51.470 9 INFO neutron.pecan_wsgi.hooks.translation [None req-b2a420e1-62c4-4e91-b34d-6e1230802c97 3306f6a1affd4d62ae77de7e38c875b2 df70f5a2b21e4447beb91aaae675ef50 - - default default] DELETE failed (client error): The resource could not be found.
2026-05-19 04:10:51.473 9 INFO neutron.wsgi [None req-b2a420e1-62c4-4e91-b34d-6e1230802c97 3306f6a1affd4d62ae77de7e38c875b2 df70f5a2b21e4447beb91aaae675ef50 - - default default] 10.0.0.53 "DELETE /v2.0/subnets/51650da9-e941-4356-a639-91e908d28dd6 HTTP/1.1" status: 404 len: 337 time: 0.0393147
2026-05-19 04:10:51.502 9 INFO neutron.pecan_wsgi.hooks.translation [None req-d977d290-d29d-4c87-ac59-d5d6f7bd1286 3306f6a1affd4d62ae77de7e38c875b2 df70f5a2b21e4447beb91aaae675ef50 - - default default] DELETE failed (client error): The resource could not be found.
2026-05-19 04:10:51.504 9 INFO neutron.wsgi [None req-d977d290-d29d-4c87-ac59-d5d6f7bd1286 3306f6a1affd4d62ae77de7e38c875b2 df70f5a2b21e4447beb91aaae675ef50 - - default default] 10.0.0.53 "DELETE /v2.0/subnets/c1f4ceec-178e-4684-9440-b149331d7f13 HTTP/1.1" status: 404 len: 337 time: 0.0246730
2026-05-19 04:10:51.626 10 INFO neutron.wsgi [None req-fe11bead-e792-4531-8aef-6a0b268ac5cf ce236c34059d4d0babda12e0bbe32b2e 0e5e868812414428a8f6c3218fbd1854 - - default default] 10.0.0.53 "PUT /v2.0/routers/d7a309b7-d682-4be9-97a0-96beebdf658b/remove_router_interface HTTP/1.1" status: 200 len: 503 time: 1.2033992 /var/lib/openstack/lib/python3.10/site-packages/pycadf/identifier.py:71: UserWarning: Invalid uuid: neutron. To ensure interoperability, identifiers should be a valid uuid. warnings.warn(('Invalid uuid: %s. To ensure interoperability, '
2026-05-19 04:10:51.922 9 WARNING neutron.scheduler.dhcp_agent_scheduler [None req-1ef46376-95fa-4887-b22d-809937fb2965 d266e6a694bd4ff89d6824927e47ff6c b60654791cd248c688e26c6e58ed888d - - default default] No more DHCP agents
2026-05-19 04:10:51.926 9 WARNING neutron.api.rpc.agentnotifiers.dhcp_rpc_agent_api [None req-1ef46376-95fa-4887-b22d-809937fb2965 d266e6a694bd4ff89d6824927e47ff6c b60654791cd248c688e26c6e58ed888d - - default default] Unable to schedule network eea3d250-5b3f-42d6-981a-1ee572dae954: no agents available; will retry on subsequent port and subnet creation events.
2026-05-19 04:10:51.990 9 INFO neutron.wsgi [None req-52dee621-bc2b-4930-bc10-27400238ebd1 ce236c34059d4d0babda12e0bbe32b2e 0e5e868812414428a8f6c3218fbd1854 - - default default] 10.0.0.19 "GET /v2.0/subnets HTTP/1.1" status: 200 len: 2701 time: 0.1094606
2026-05-19 04:10:52.018 9 INFO neutron.services.segments.plugin [-] Segment 41e19a86-cc9a-417e-8784-ec67d996b9ef resource provider aggregate not found
2026-05-19 04:10:52.023 9 INFO neutron.wsgi [None req-a6e4b160-579f-4920-9d52-968c72108cde ce236c34059d4d0babda12e0bbe32b2e 0e5e868812414428a8f6c3218fbd1854 - - default default] 10.0.0.19 "GET /v2.0/subnetpools HTTP/1.1" status: 200 len: 193 time: 0.0293267
2026-05-19 04:10:52.032 9 INFO neutron.services.segments.plugin [-] Segment 41e19a86-cc9a-417e-8784-ec67d996b9ef resource provider aggregate not found
2026-05-19 04:10:52.045 9 INFO neutron.services.segments.plugin [-] Segment 41e19a86-cc9a-417e-8784-ec67d996b9ef resource provider not found; error: Placement Client Error (4xx): {"errors": [{"status": 404, "title": "Not Found", "detail": "The resource could not be found.\n\n No resource provider with uuid 41e19a86-cc9a-417e-8784-ec67d996b9ef found for delete ", "request_id": "req-c19c573f-e236-493e-bad4-2d7daf3944ba"}]}
2026-05-19 04:10:52.057 9 INFO neutron.services.segments.plugin [-] Segment 41e19a86-cc9a-417e-8784-ec67d996b9ef resource provider not found; error: Placement Client Error (4xx): {"errors": [{"status": 404, "title": "Not Found", "detail": "The resource could not be found.\n\n No resource provider with uuid 41e19a86-cc9a-417e-8784-ec67d996b9ef found for delete ", "request_id": "req-4abedeb8-dd14-4fc8-93b3-fec93b69fb3d"}]}
2026-05-19 04:10:52.107 9 INFO neutron.db.ovn_revision_numbers_db [None req-24b640aa-20d6-42ea-bd7f-05773b924880 ce236c34059d4d0babda12e0bbe32b2e 0e5e868812414428a8f6c3218fbd1854 - - default default] Successfully bumped revision number for resource 93494b9e-b502-444d-a7ab-62a49b37e97f (type: security_groups) to 1
2026-05-19 04:10:52.127 9 INFO neutron.wsgi [None req-cc63211d-9aaa-4eec-becd-18a5200dfd43 ce236c34059d4d0babda12e0bbe32b2e 0e5e868812414428a8f6c3218fbd1854 - - default default] 10.0.0.19 "GET /v2.0/networks HTTP/1.1" status: 200 len: 4573 time: 0.1021831
2026-05-19 04:10:52.165 9 INFO neutron.db.ovn_revision_numbers_db [None req-24b640aa-20d6-42ea-bd7f-05773b924880 ce236c34059d4d0babda12e0bbe32b2e 0e5e868812414428a8f6c3218fbd1854 - - default default] Successfully bumped revision number for resource 03013892-b6d1-4798-b5b0-f0aa20462fcb (type: security_group_rules) to 0
2026-05-19 04:10:52.214 9 INFO neutron.db.ovn_revision_numbers_db [None req-24b640aa-20d6-42ea-bd7f-05773b924880 ce236c34059d4d0babda12e0bbe32b2e 0e5e868812414428a8f6c3218fbd1854 - - default default] Successfully bumped revision number for resource 5685e6ec-e41a-432e-8264-f37cabb43ef1 (type: security_group_rules) to 0
2026-05-19 04:10:52.239 9 INFO neutron.db.ovn_revision_numbers_db [None req-24b640aa-20d6-42ea-bd7f-05773b924880 ce236c34059d4d0babda12e0bbe32b2e 0e5e868812414428a8f6c3218fbd1854 - - default default] Successfully bumped revision number for resource cd4487bd-41bc-43c9-9914-ca9969940e95 (type: security_group_rules) to 0
2026-05-19 04:10:52.252 9 INFO neutron.wsgi [None req-dfec64b2-2224-4cc0-a8d8-55ef13672662 ce236c34059d4d0babda12e0bbe32b2e 0e5e868812414428a8f6c3218fbd1854 - - default default] 10.0.0.19 "GET /v2.0/routers HTTP/1.1" status: 200 len: 859 time: 0.1208036
2026-05-19 04:10:52.256 10 INFO neutron.wsgi [None req-afd226e9-f335-4700-b1f1-3ef48f9813ff 3306f6a1affd4d62ae77de7e38c875b2 df70f5a2b21e4447beb91aaae675ef50 - - default default] 10.0.0.53 "DELETE /v2.0/ports/188bc5ca-f667-4711-8354-55672fbac9cd HTTP/1.1" status: 204 len: 168 time: 0.7455807
2026-05-19 04:10:52.277 9 WARNING neutron.plugins.ml2.drivers.ovn.mech_driver.ovsdb.ovn_client [None req-8bac5458-4588-43bb-b5a9-3be57fee1436 - - - - - -] No port found with ID 55fc13ab-9e48-4ab5-a537-d9307cd99d34: RuntimeError: No port found with ID 55fc13ab-9e48-4ab5-a537-d9307cd99d34
2026-05-19 04:10:52.278 9 INFO neutron.plugins.ml2.drivers.ovn.mech_driver.mech_driver [None req-8bac5458-4588-43bb-b5a9-3be57fee1436 - - - - - -] OVN reports status up for port: d5019db8-6cba-4d12-859c-19b8eeae54e4
2026-05-19 04:10:52.286 9 INFO neutron.db.ovn_revision_numbers_db [None req-24b640aa-20d6-42ea-bd7f-05773b924880 ce236c34059d4d0babda12e0bbe32b2e 0e5e868812414428a8f6c3218fbd1854 - - default default] Successfully bumped revision number for resource e6af66cf-5b8e-4d6d-b1c0-f994b61ddf28 (type: security_group_rules) to 0
2026-05-19 04:10:52.302 9 INFO neutron.plugins.ml2.drivers.ovn.mech_driver.mech_driver [None req-8bac5458-4588-43bb-b5a9-3be57fee1436 - - - - - -] OVN reports status down for port: 00b8c915-0372-4d79-9712-776bc8a67176
2026-05-19 04:10:52.324 9 INFO neutron.wsgi [None req-a39e8673-0260-4a20-bcd4-7a42c1f47b8b ce236c34059d4d0babda12e0bbe32b2e 0e5e868812414428a8f6c3218fbd1854 - - default default] 10.0.0.19 "GET /v2.0/agents?binary=ovn-controller HTTP/1.1" status: 200 len: 591 time: 0.0693824
2026-05-19 04:10:52.330 9 INFO neutron.wsgi [None req-24b640aa-20d6-42ea-bd7f-05773b924880 ce236c34059d4d0babda12e0bbe32b2e 0e5e868812414428a8f6c3218fbd1854 - - default default] 10.0.0.53 "GET /v2.0/security-groups?tenant_id=f223d178dcda4862b5e54d5affb050e0&name=default HTTP/1.1" status: 200 len: 2996 time: 0.8825321
2026-05-19 04:10:52.374 9 INFO neutron.wsgi [None req-1318a367-8bc5-41f1-b9d7-6ad67b2ca124 ce236c34059d4d0babda12e0bbe32b2e 0e5e868812414428a8f6c3218fbd1854 - - default default] 10.0.0.19 "GET /v2.0/ports HTTP/1.1" status: 200 len: 9273 time: 0.0467281
2026-05-19 04:10:52.403 9 INFO neutron.wsgi [None req-050e8b50-5c82-4151-8919-b857e6196249 ce236c34059d4d0babda12e0bbe32b2e 0e5e868812414428a8f6c3218fbd1854 - - default default] 10.0.0.19 "GET /v2.0/floatingips HTTP/1.1" status: 200 len: 193 time: 0.0203424
2026-05-19 04:10:52.491 9 INFO neutron.wsgi [None req-277cf180-f23c-4162-9a32-389a2b5e7f52 ce236c34059d4d0babda12e0bbe32b2e 0e5e868812414428a8f6c3218fbd1854 - - default default] 10.0.0.19 "GET /v2.0/security-groups HTTP/1.1" status: 200 len: 27923 time: 0.0814512
2026-05-19 04:10:52.544 9 INFO neutron.wsgi [None req-3d49ab6a-09ec-490e-9601-cdf6c0f8b27c ce236c34059d4d0babda12e0bbe32b2e 0e5e868812414428a8f6c3218fbd1854 - - default default] 10.0.0.19 "GET /v2.0/subnets HTTP/1.1" status: 200 len: 2701 time: 0.0441501
2026-05-19 04:10:52.558 9 INFO neutron.wsgi [None req-cabcfa31-d587-4f17-849a-e82819c47858 ce236c34059d4d0babda12e0bbe32b2e 0e5e868812414428a8f6c3218fbd1854 - - default default] 10.0.0.19 "GET /v2.0/agents HTTP/1.1" status: 200 len: 997 time: 0.0116248
2026-05-19 04:10:52.573 9 INFO neutron.wsgi [None req-8bec0bed-3c08-4992-8784-bca262fdc308 ce236c34059d4d0babda12e0bbe32b2e 0e5e868812414428a8f6c3218fbd1854 - - default default] 10.0.0.19 "GET /v2.0/network-ip-availabilities HTTP/1.1" status: 200 len: 2450 time: 0.0133722
2026-05-19 04:10:52.677 9 INFO neutron.db.ovn_revision_numbers_db [None req-1ef46376-95fa-4887-b22d-809937fb2965 d266e6a694bd4ff89d6824927e47ff6c b60654791cd248c688e26c6e58ed888d - - default default] Successfully bumped revision number for resource 07874214-f6d3-462b-b2b1-f96acb3c4d3e (type: ports) to 2
2026-05-19 04:10:52.709 9 INFO neutron.db.ovn_revision_numbers_db [None req-1ef46376-95fa-4887-b22d-809937fb2965 d266e6a694bd4ff89d6824927e47ff6c b60654791cd248c688e26c6e58ed888d - - default default] Successfully bumped revision number for resource d99788dd-0b49-496d-aa1e-ed413baea77f (type: subnets) to 0
2026-05-19 04:10:52.725 9 INFO neutron.wsgi [None req-1ef46376-95fa-4887-b22d-809937fb2965 d266e6a694bd4ff89d6824927e47ff6c b60654791cd248c688e26c6e58ed888d - - default default] 10.0.0.53 "POST /v2.0/subnets HTTP/1.1" status: 201 len: 801 time: 1.4020007
2026-05-19 04:10:52.751 10 INFO neutron.wsgi [None req-e78fc3f6-4db4-4bef-a4d4-6efd3198dd9b ce236c34059d4d0babda12e0bbe32b2e 0e5e868812414428a8f6c3218fbd1854 - - default default] 10.0.0.53 "DELETE /v2.0/security-groups/93494b9e-b502-444d-a7ab-62a49b37e97f HTTP/1.1" status: 204 len: 168 time: 0.4129052
2026-05-19 04:10:52.817 10 INFO neutron.services.segments.plugin [-] Segment 61e2c48a-3b28-477c-b523-a04417079ee2 resource provider aggregate not found
2026-05-19 04:10:52.822 10 INFO neutron.services.segments.plugin [-] Segment 61e2c48a-3b28-477c-b523-a04417079ee2 resource provider aggregate not found
2026-05-19 04:10:52.855 10 INFO neutron.services.segments.plugin [-] Segment 61e2c48a-3b28-477c-b523-a04417079ee2 resource provider not found; error: Placement Client Error (4xx): {"errors": [{"status": 404, "title": "Not Found", "detail": "The resource could not be found.\n\n No resource provider with uuid 61e2c48a-3b28-477c-b523-a04417079ee2 found for delete ", "request_id": "req-12a5c24f-f0d2-4a48-95f8-de353a0b5d52"}]}
2026-05-19 04:10:52.856 10 INFO neutron.services.segments.plugin [-] Segment 61e2c48a-3b28-477c-b523-a04417079ee2 resource provider not found; error: Placement Client Error (4xx): {"errors": [{"status": 404, "title": "Not Found", "detail": "The resource could not be found.\n\n No resource provider with uuid 61e2c48a-3b28-477c-b523-a04417079ee2 found for delete ", "request_id": "req-dfc27edc-66a2-4541-a3ad-c492478a227a"}]}
2026-05-19 04:10:52.909 9 INFO neutron.db.ovn_revision_numbers_db [None req-a262dece-4b8c-45a6-9424-254da9b9654a d266e6a694bd4ff89d6824927e47ff6c b60654791cd248c688e26c6e58ed888d - - default default] Successfully bumped revision number for resource 94ca1fbe-6e77-4021-8bfe-40a639791258 (type: routers) to 1
2026-05-19 04:10:52.925 10 INFO neutron.wsgi [None req-f269d5c2-0e6f-4dc0-ab2f-c96ef2c7f6c6 3306f6a1affd4d62ae77de7e38c875b2 df70f5a2b21e4447beb91aaae675ef50 - - default default] 10.0.0.53 "DELETE /v2.0/networks/09bfd4c6-f0f4-417f-b7dd-a64ebf07cf0c HTTP/1.1" status: 204 len: 168 time: 0.6631999
2026-05-19 04:10:52.927 9 INFO neutron.wsgi [None req-a262dece-4b8c-45a6-9424-254da9b9654a d266e6a694bd4ff89d6824927e47ff6c b60654791cd248c688e26c6e58ed888d - - default default] 10.0.0.53 "POST /v2.0/routers HTTP/1.1" status: 201 len: 686 time: 0.1976280
2026-05-19 04:10:52.954 10 INFO neutron.wsgi [None req-7d7bb0b8-fc0f-45f6-8268-77660dc48208 ce236c34059d4d0babda12e0bbe32b2e 0e5e868812414428a8f6c3218fbd1854 - - default default] 10.0.0.53 "DELETE /v2.0/routers/d7a309b7-d682-4be9-97a0-96beebdf658b HTTP/1.1" status: 204 len: 168 time: 1.3183925
2026-05-19 04:10:53.180 10 INFO neutron.wsgi [None req-4f0ba29b-7638-4513-977d-7926da4b85d2 ce236c34059d4d0babda12e0bbe32b2e 0e5e868812414428a8f6c3218fbd1854 - - default default] 10.0.0.53 "DELETE /v2.0/subnets/b4f8331f-7e93-4d6e-a58d-74b2b74e2002 HTTP/1.1" status: 204 len: 168 time: 0.2195623
2026-05-19 04:10:53.272 9 WARNING neutron.scheduler.dhcp_agent_scheduler [None req-451e3038-c061-4651-84e3-af44202467cd d266e6a694bd4ff89d6824927e47ff6c b60654791cd248c688e26c6e58ed888d - - default default] No more DHCP agents
2026-05-19 04:10:53.275 9 WARNING neutron.api.rpc.agentnotifiers.dhcp_rpc_agent_api [None req-451e3038-c061-4651-84e3-af44202467cd d266e6a694bd4ff89d6824927e47ff6c b60654791cd248c688e26c6e58ed888d - - default default] Unable to schedule network eea3d250-5b3f-42d6-981a-1ee572dae954: no agents available; will retry on subsequent port and subnet creation events.
2026-05-19 04:10:53.431 9 INFO neutron.db.ovn_revision_numbers_db [None req-451e3038-c061-4651-84e3-af44202467cd d266e6a694bd4ff89d6824927e47ff6c b60654791cd248c688e26c6e58ed888d - - default default] Successfully bumped revision number for resource 1d8f7c69-33e3-4f36-9508-a2f9616f674d (type: ports) to 1
2026-05-19 04:10:53.466 9 INFO neutron.wsgi [None req-451e3038-c061-4651-84e3-af44202467cd d266e6a694bd4ff89d6824927e47ff6c b60654791cd248c688e26c6e58ed888d - - default default] 10.0.0.53 "POST /v2.0/ports HTTP/1.1" status: 201 len: 1146 time: 0.5271146 /var/lib/openstack/lib/python3.10/site-packages/pycadf/identifier.py:71: UserWarning: Invalid uuid: neutron. To ensure interoperability, identifiers should be a valid uuid. warnings.warn(('Invalid uuid: %s. To ensure interoperability, '
2026-05-19 04:10:53.593 9 INFO neutron.wsgi [None req-f4f1e548-acf4-4ddb-aedc-0c34c129afc6 ce236c34059d4d0babda12e0bbe32b2e 0e5e868812414428a8f6c3218fbd1854 - - default default] 10.0.0.53 "GET /v2.0/security-groups?tenant_id=df70f5a2b21e4447beb91aaae675ef50&name=default HTTP/1.1" status: 200 len: 2996 time: 0.1586959
2026-05-19 04:10:53.616 10 INFO neutron.wsgi [None req-bc45c8e4-8fc3-4de1-8874-277e44e423ec ce236c34059d4d0babda12e0bbe32b2e 0e5e868812414428a8f6c3218fbd1854 - - default default] 10.0.0.53 "DELETE /v2.0/networks/5b1f1773-f478-4bb4-a7fa-e32e99663d96 HTTP/1.1" status: 204 len: 168 time: 0.4294734
2026-05-19 04:10:53.864 9 INFO neutron.wsgi [None req-6b37ed7a-9c42-4414-a62e-f467d0ea6079 ce236c34059d4d0babda12e0bbe32b2e 0e5e868812414428a8f6c3218fbd1854 - - default default] 10.0.0.53 "DELETE /v2.0/security-groups/6d018a78-7f7a-4a5e-9b6d-f3ff081e399f HTTP/1.1" status: 204 len: 168 time: 0.2652555
2026-05-19 04:10:53.891 9 INFO neutron.wsgi [None req-9f746f4e-cf66-4480-a149-593b5c8331fa ce236c34059d4d0babda12e0bbe32b2e 0e5e868812414428a8f6c3218fbd1854 - - default default] 10.0.0.53 "GET /v2.0/security-groups?tenant_id=8639ed4d04474a23848ad9f3bfd48ad4&name=default HTTP/1.1" status: 200 len: 2996 time: 0.0444767
2026-05-19 04:10:53.966 9 INFO neutron.plugins.ml2.drivers.ovn.mech_driver.mech_driver [None req-8bac5458-4588-43bb-b5a9-3be57fee1436 - - - - - -] OVN reports status up for port: 1d8f7c69-33e3-4f36-9508-a2f9616f674d
2026-05-19 04:10:53.982 9 INFO neutron.plugins.ml2.plugin [None req-8bac5458-4588-43bb-b5a9-3be57fee1436 - - - - - -] Attempt 1 to provision port 1d8f7c69-33e3-4f36-9508-a2f9616f674d
2026-05-19 04:10:53.995 10 INFO neutron.db.ovn_revision_numbers_db [None req-274253b9-4c55-4173-94f5-307d98495a41 d266e6a694bd4ff89d6824927e47ff6c b60654791cd248c688e26c6e58ed888d - - default default] Successfully bumped revision number for resource 1d8f7c69-33e3-4f36-9508-a2f9616f674d (type: router_ports) to 2
2026-05-19 04:10:54.126 9 INFO neutron.wsgi [None req-d8995939-a448-4d1a-a667-fe8d5f5a7b75 ce236c34059d4d0babda12e0bbe32b2e 0e5e868812414428a8f6c3218fbd1854 - - default default] 10.0.0.53 "DELETE /v2.0/security-groups/628e5318-d538-4e13-9cd6-79faea107027 HTTP/1.1" status: 204 len: 168 time: 0.2309387
2026-05-19 04:10:54.246 10 INFO neutron.db.ovn_revision_numbers_db [None req-274253b9-4c55-4173-94f5-307d98495a41 d266e6a694bd4ff89d6824927e47ff6c b60654791cd248c688e26c6e58ed888d - - default default] Successfully bumped revision number for resource 1d8f7c69-33e3-4f36-9508-a2f9616f674d (type: ports) to 2
2026-05-19 04:10:54.265 9 INFO neutron.db.ovn_revision_numbers_db [None req-8bac5458-4588-43bb-b5a9-3be57fee1436 - - - - - -] Successfully bumped revision number for resource 1d8f7c69-33e3-4f36-9508-a2f9616f674d (type: ports) to 3
2026-05-19 04:10:54.448 9 INFO neutron.db.ovn_revision_numbers_db [None req-8bac5458-4588-43bb-b5a9-3be57fee1436 - - - - - -] Successfully bumped revision number for resource 1d8f7c69-33e3-4f36-9508-a2f9616f674d (type: router_ports) to 3
2026-05-19 04:10:54.834 10 INFO neutron.db.ovn_revision_numbers_db [None req-274253b9-4c55-4173-94f5-307d98495a41 d266e6a694bd4ff89d6824927e47ff6c b60654791cd248c688e26c6e58ed888d - - default default] Successfully bumped revision number for resource 1d8f7c69-33e3-4f36-9508-a2f9616f674d (type: ports) to 3
2026-05-19 04:10:54.887 10 INFO neutron.services.segments.plugin [-] Segment fbfa8680-fcb7-4dd6-85bc-306d5174ef4d resource provider aggregate not found
2026-05-19 04:10:54.891 10 INFO neutron.services.segments.plugin [-] Segment fbfa8680-fcb7-4dd6-85bc-306d5174ef4d resource provider aggregate not found
2026-05-19 04:10:54.904 10 INFO neutron.services.segments.plugin [-] Segment fbfa8680-fcb7-4dd6-85bc-306d5174ef4d resource provider not found; error: Placement Client Error (4xx): {"errors": [{"status": 404, "title": "Not Found", "detail": "The resource could not be found.\n\n No resource provider with uuid fbfa8680-fcb7-4dd6-85bc-306d5174ef4d found for delete ", "request_id": "req-ff05dad1-e63c-4d48-abbc-eb250464ff82"}]}
2026-05-19 04:10:54.911 10 INFO neutron.services.segments.plugin [-] Segment fbfa8680-fcb7-4dd6-85bc-306d5174ef4d resource provider not found; error: Placement Client Error (4xx): {"errors": [{"status": 404, "title": "Not Found", "detail": "The resource could not be found.\n\n No resource provider with uuid fbfa8680-fcb7-4dd6-85bc-306d5174ef4d found for delete ", "request_id": "req-b181c76f-85ce-4740-9238-f697040799f2"}]}
2026-05-19 04:10:54.927 10 WARNING neutron.scheduler.dhcp_agent_scheduler [None req-274253b9-4c55-4173-94f5-307d98495a41 d266e6a694bd4ff89d6824927e47ff6c b60654791cd248c688e26c6e58ed888d - - default default] No more DHCP agents
2026-05-19 04:10:54.928 10 WARNING neutron.api.rpc.agentnotifiers.dhcp_rpc_agent_api [None req-274253b9-4c55-4173-94f5-307d98495a41 d266e6a694bd4ff89d6824927e47ff6c b60654791cd248c688e26c6e58ed888d - - default default] Unable to schedule network eea3d250-5b3f-42d6-981a-1ee572dae954: no agents available; will retry on subsequent port and subnet creation events.
2026-05-19 04:10:55.087 10 INFO neutron.db.ovn_revision_numbers_db [None req-274253b9-4c55-4173-94f5-307d98495a41 d266e6a694bd4ff89d6824927e47ff6c b60654791cd248c688e26c6e58ed888d - - default default] Successfully bumped revision number for resource 1d8f7c69-33e3-4f36-9508-a2f9616f674d (type: router_ports) to 3
2026-05-19 04:10:55.089 10 INFO neutron.wsgi [None req-274253b9-4c55-4173-94f5-307d98495a41 d266e6a694bd4ff89d6824927e47ff6c b60654791cd248c688e26c6e58ed888d - - default default] 10.0.0.53 "PUT /v2.0/routers/94ca1fbe-6e77-4021-8bfe-40a639791258/add_router_interface HTTP/1.1" status: 200 len: 503 time: 1.6158087 /var/lib/openstack/lib/python3.10/site-packages/pycadf/identifier.py:71: UserWarning: Invalid uuid: neutron. To ensure interoperability, identifiers should be a valid uuid. warnings.warn(('Invalid uuid: %s. To ensure interoperability, '
2026-05-19 04:10:55.190 10 INFO neutron.wsgi [None req-42e4130d-39f6-4ad5-aeda-9b903040ba4c d266e6a694bd4ff89d6824927e47ff6c b60654791cd248c688e26c6e58ed888d - - default default] 10.0.0.53 "GET /v2.0/ports/1d8f7c69-33e3-4f36-9508-a2f9616f674d HTTP/1.1" status: 200 len: 1204 time: 0.0951397 /var/lib/openstack/lib/python3.10/site-packages/pycadf/identifier.py:71: UserWarning: Invalid uuid: neutron. To ensure interoperability, identifiers should be a valid uuid. warnings.warn(('Invalid uuid: %s. To ensure interoperability, '
2026-05-19 04:10:56.001 9 INFO neutron.wsgi [None req-83cff411-fb70-4c82-a003-5400e89f9e48 fbf950b5339941a699b0252b80dfba80 9a3bd280b23a40ca8737e5805ea0dc18 - - default default] 10.0.0.53 "POST /v2.0/subnetpools HTTP/1.1" status: 201 len: 748 time: 0.2641516 /var/lib/openstack/lib/python3.10/site-packages/pycadf/identifier.py:71: UserWarning: Invalid uuid: neutron. To ensure interoperability, identifiers should be a valid uuid. warnings.warn(('Invalid uuid: %s. To ensure interoperability, '
2026-05-19 04:10:56.039 10 INFO neutron.wsgi [None req-f8d89f73-194b-45d0-bf3c-901f83187d37 fbf950b5339941a699b0252b80dfba80 9a3bd280b23a40ca8737e5805ea0dc18 - - default default] 10.0.0.53 "GET /v2.0/subnetpools/04e4596b-ea49-4126-b7e9-0360ea61a9f4 HTTP/1.1" status: 200 len: 743 time: 0.0340180
2026-05-19 04:10:56.158 10 INFO neutron.wsgi [None req-fd9e11ee-26e4-42bd-9730-57ebd834b50d d266e6a694bd4ff89d6824927e47ff6c b60654791cd248c688e26c6e58ed888d - - default default] 10.0.0.53 "PUT /v2.0/routers/94ca1fbe-6e77-4021-8bfe-40a639791258/remove_router_interface HTTP/1.1" status: 200 len: 503 time: 0.9631486
2026-05-19 04:10:56.174 10 INFO neutron.wsgi [None req-ee2d9548-d44c-497d-89fb-81561609d482 fbf950b5339941a699b0252b80dfba80 9a3bd280b23a40ca8737e5805ea0dc18 - - default default] 10.0.0.53 "PUT /v2.0/subnetpools/04e4596b-ea49-4126-b7e9-0360ea61a9f4 HTTP/1.1" status: 200 len: 695 time: 0.1311288 /var/lib/openstack/lib/python3.10/site-packages/pycadf/identifier.py:71: UserWarning: Invalid uuid: neutron. To ensure interoperability, identifiers should be a valid uuid. warnings.warn(('Invalid uuid: %s. To ensure interoperability, '
2026-05-19 04:10:56.236 10 INFO neutron.wsgi [None req-f39497ce-27cc-4c15-ad7f-541eb7595672 fbf950b5339941a699b0252b80dfba80 9a3bd280b23a40ca8737e5805ea0dc18 - - default default] 10.0.0.53 "DELETE /v2.0/subnetpools/04e4596b-ea49-4126-b7e9-0360ea61a9f4 HTTP/1.1" status: 204 len: 168 time: 0.0558202
2026-05-19 04:10:56.239 9 INFO neutron.api.v2.resource [None req-dabc46dc-d2a6-4a6a-962e-c5659644aa4e d266e6a694bd4ff89d6824927e47ff6c b60654791cd248c688e26c6e58ed888d - - default default] remove_router_interface failed (client error): The resource could not be found.
2026-05-19 04:10:56.241 9 INFO neutron.wsgi [None req-dabc46dc-d2a6-4a6a-962e-c5659644aa4e d266e6a694bd4ff89d6824927e47ff6c b60654791cd248c688e26c6e58ed888d - - default default] 10.0.0.53 "PUT /v2.0/routers/94ca1fbe-6e77-4021-8bfe-40a639791258/remove_router_interface HTTP/1.1" status: 404 len: 398 time: 0.0751207
2026-05-19 04:10:56.255 9 INFO neutron.api.v2.resource [None req-ebea7b19-be26-4af3-b151-aca9dcd58056 fbf950b5339941a699b0252b80dfba80 9a3bd280b23a40ca8737e5805ea0dc18 - - default default] show failed (client error): The resource could not be found.
2026-05-19 04:10:56.256 9 INFO neutron.wsgi [None req-ebea7b19-be26-4af3-b151-aca9dcd58056 fbf950b5339941a699b0252b80dfba80 9a3bd280b23a40ca8737e5805ea0dc18 - - default default] 10.0.0.53 "GET /v2.0/subnetpools/04e4596b-ea49-4126-b7e9-0360ea61a9f4 HTTP/1.1" status: 404 len: 346 time: 0.0128205
2026-05-19 04:10:56.267 10 INFO neutron.wsgi [None req-db1d241a-c85d-487f-9081-f2b6a4176e25 d266e6a694bd4ff89d6824927e47ff6c b60654791cd248c688e26c6e58ed888d - - default default] 10.0.0.53 "GET /v2.0/ports?device_id=94ca1fbe-6e77-4021-8bfe-40a639791258 HTTP/1.1" status: 200 len: 205 time: 0.0214794
2026-05-19 04:10:56.271 9 INFO neutron.api.v2.resource [None req-ccf31ef5-4956-4c99-a18e-97912c639d20 fbf950b5339941a699b0252b80dfba80 9a3bd280b23a40ca8737e5805ea0dc18 - - default default] delete failed (client error): The resource could not be found.
2026-05-19 04:10:56.273 9 INFO neutron.wsgi [None req-ccf31ef5-4956-4c99-a18e-97912c639d20 fbf950b5339941a699b0252b80dfba80 9a3bd280b23a40ca8737e5805ea0dc18 - - default default] 10.0.0.53 "DELETE /v2.0/subnetpools/04e4596b-ea49-4126-b7e9-0360ea61a9f4 HTTP/1.1" status: 404 len: 346 time: 0.0120983
2026-05-19 04:10:56.488 10 INFO neutron.wsgi [None req-f6b98905-01e8-44d5-9063-4c6a1be7f58a d266e6a694bd4ff89d6824927e47ff6c b60654791cd248c688e26c6e58ed888d - - default default] 10.0.0.53 "DELETE /v2.0/routers/94ca1fbe-6e77-4021-8bfe-40a639791258 HTTP/1.1" status: 204 len: 168 time: 0.2151544
2026-05-19 04:10:56.721 10 INFO neutron.wsgi [None req-60c19bc8-4e77-4a28-8b81-e29da96f2d24 d266e6a694bd4ff89d6824927e47ff6c b60654791cd248c688e26c6e58ed888d - - default default] 10.0.0.53 "DELETE /v2.0/subnets/d99788dd-0b49-496d-aa1e-ed413baea77f HTTP/1.1" status: 204 len: 168 time: 0.2286041
2026-05-19 04:10:57.049 10 INFO neutron.db.ovn_revision_numbers_db [None req-f33bf55c-b1fe-4b9d-bff8-46dc56f316bb ce236c34059d4d0babda12e0bbe32b2e 0e5e868812414428a8f6c3218fbd1854 - - default default] Successfully bumped revision number for resource 24588f4a-582a-4dc2-825a-9f85ac91e725 (type: security_groups) to 1
2026-05-19 04:10:57.068 10 INFO neutron.db.ovn_revision_numbers_db [None req-f33bf55c-b1fe-4b9d-bff8-46dc56f316bb ce236c34059d4d0babda12e0bbe32b2e 0e5e868812414428a8f6c3218fbd1854 - - default default] Successfully bumped revision number for resource 9d0b4e76-7666-44c8-85c0-ea80a4785a46 (type: security_group_rules) to 0
2026-05-19 04:10:57.074 9 INFO neutron.services.segments.plugin [-] Segment b7d1146a-4634-4a86-8e75-733d0f1437ff resource provider aggregate not found
2026-05-19 04:10:57.080 9 INFO neutron.services.segments.plugin [-] Segment b7d1146a-4634-4a86-8e75-733d0f1437ff resource provider aggregate not found
2026-05-19 04:10:57.081 10 INFO neutron.db.ovn_revision_numbers_db [None req-f33bf55c-b1fe-4b9d-bff8-46dc56f316bb ce236c34059d4d0babda12e0bbe32b2e 0e5e868812414428a8f6c3218fbd1854 - - default default] Successfully bumped revision number for resource b6bd2780-309a-426c-9f93-b4c91d240b4d (type: security_group_rules) to 0
2026-05-19 04:10:57.094 10 INFO neutron.db.ovn_revision_numbers_db [None req-f33bf55c-b1fe-4b9d-bff8-46dc56f316bb ce236c34059d4d0babda12e0bbe32b2e 0e5e868812414428a8f6c3218fbd1854 - - default default] Successfully bumped revision number for resource c9c9311e-76d3-4b0c-bec2-227c980e4850 (type: security_group_rules) to 0
2026-05-19 04:10:57.108 9 INFO neutron.services.segments.plugin [-] Segment b7d1146a-4634-4a86-8e75-733d0f1437ff resource provider not found; error: Placement Client Error (4xx): {"errors": [{"status": 404, "title": "Not Found", "detail": "The resource could not be found.\n\n No resource provider with uuid b7d1146a-4634-4a86-8e75-733d0f1437ff found for delete ", "request_id": "req-225e30f8-301f-47a9-b3e0-31518ce0c8e4"}]}
2026-05-19 04:10:57.109 9 INFO neutron.services.segments.plugin [-] Segment b7d1146a-4634-4a86-8e75-733d0f1437ff resource provider not found; error: Placement Client Error (4xx): {"errors": [{"status": 404, "title": "Not Found", "detail": "The resource could not be found.\n\n No resource provider with uuid b7d1146a-4634-4a86-8e75-733d0f1437ff found for delete ", "request_id": "req-456e6ede-a72d-4e4b-8a30-0671c4f39a69"}]}
2026-05-19 04:10:57.109 10 INFO neutron.db.ovn_revision_numbers_db [None req-f33bf55c-b1fe-4b9d-bff8-46dc56f316bb ce236c34059d4d0babda12e0bbe32b2e 0e5e868812414428a8f6c3218fbd1854 - - default default] Successfully bumped revision number for resource ec6f2a31-20eb-4fed-9983-e79e72844eea (type: security_group_rules) to 0
2026-05-19 04:10:57.132 9 INFO neutron.wsgi [None req-c024209c-4816-4ba8-86df-8401b9c63c13 d266e6a694bd4ff89d6824927e47ff6c b60654791cd248c688e26c6e58ed888d - - default default] 10.0.0.53 "DELETE /v2.0/networks/eea3d250-5b3f-42d6-981a-1ee572dae954 HTTP/1.1" status: 204 len: 168 time: 0.4032402
2026-05-19 04:10:57.132 10 INFO neutron.wsgi [None req-f33bf55c-b1fe-4b9d-bff8-46dc56f316bb ce236c34059d4d0babda12e0bbe32b2e 0e5e868812414428a8f6c3218fbd1854 - - default default] 10.0.0.53 "GET /v2.0/security-groups?tenant_id=9a3bd280b23a40ca8737e5805ea0dc18&name=default HTTP/1.1" status: 200 len: 2996 time: 0.4051118
2026-05-19 04:10:57.231 9 INFO neutron.db.segments_db [None req-846b59c0-899e-486e-8b11-c4e6d302d62b d266e6a694bd4ff89d6824927e47ff6c b60654791cd248c688e26c6e58ed888d - - default default] Added segment 211da0c6-c08b-4095-b76a-5eb05e4aabb4 of type geneve for network 85b018d1-c83f-489d-9a6b-ca9b333255cb
2026-05-19 04:10:57.343 10 INFO neutron.db.ovn_revision_numbers_db [None req-3b0cdccd-fb1b-41ca-9500-4fff8ad64ee0 f861119eb0924eb8a5ecaf94c6dcc5a3 ac82bda9158e4c30a38103e4e9fad327 - - default default] Successfully bumped revision number for resource 8847c07c-f135-4010-97a2-240b9f06d69d (type: security_groups) to 1
2026-05-19 04:10:57.362 10 INFO neutron.db.ovn_revision_numbers_db [None req-3b0cdccd-fb1b-41ca-9500-4fff8ad64ee0 f861119eb0924eb8a5ecaf94c6dcc5a3 ac82bda9158e4c30a38103e4e9fad327 - - default default] Successfully bumped revision number for resource 1b79e0b4-32a7-4510-9748-ec3e63a0522a (type: security_group_rules) to 0
2026-05-19 04:10:57.378 10 INFO neutron.db.ovn_revision_numbers_db [None req-3b0cdccd-fb1b-41ca-9500-4fff8ad64ee0 f861119eb0924eb8a5ecaf94c6dcc5a3 ac82bda9158e4c30a38103e4e9fad327 - - default default] Successfully bumped revision number for resource 81ab874f-b137-4b51-8587-16cacdbc5af7 (type: security_group_rules) to 0
2026-05-19 04:10:57.383 9 INFO neutron.db.ovn_revision_numbers_db [None req-846b59c0-899e-486e-8b11-c4e6d302d62b d266e6a694bd4ff89d6824927e47ff6c b60654791cd248c688e26c6e58ed888d - - default default] Successfully bumped revision number for resource 85b018d1-c83f-489d-9a6b-ca9b333255cb (type: networks) to 1
2026-05-19 04:10:57.394 10 INFO neutron.db.ovn_revision_numbers_db [None req-3b0cdccd-fb1b-41ca-9500-4fff8ad64ee0 f861119eb0924eb8a5ecaf94c6dcc5a3 ac82bda9158e4c30a38103e4e9fad327 - - default default] Successfully bumped revision number for resource 87bbd8fc-839a-4b7e-85d1-2170249ca1db (type: security_group_rules) to 0
2026-05-19 04:10:57.409 10 INFO neutron.db.ovn_revision_numbers_db [None req-3b0cdccd-fb1b-41ca-9500-4fff8ad64ee0 f861119eb0924eb8a5ecaf94c6dcc5a3 ac82bda9158e4c30a38103e4e9fad327 - - default default] Successfully bumped revision number for resource 935ef4c2-7187-481a-8980-269ceeba68bf (type: security_group_rules) to 0
2026-05-19 04:10:57.423 9 INFO neutron.wsgi [None req-afd1e662-5196-41a5-9e3d-078e77a7341a ce236c34059d4d0babda12e0bbe32b2e 0e5e868812414428a8f6c3218fbd1854 - - default default] 10.0.0.53 "DELETE /v2.0/security-groups/24588f4a-582a-4dc2-825a-9f85ac91e725 HTTP/1.1" status: 204 len: 168 time: 0.2838528
2026-05-19 04:10:57.463 10 INFO neutron.db.segments_db [None req-3b0cdccd-fb1b-41ca-9500-4fff8ad64ee0 f861119eb0924eb8a5ecaf94c6dcc5a3 ac82bda9158e4c30a38103e4e9fad327 - - default default] Added segment ebe0cd5c-2bff-4271-afed-6aca3666af38 of type geneve for network 0fc1ebaa-363d-4591-9a5c-472bfc260d00
2026-05-19 04:10:57.582 9 WARNING neutron.scheduler.dhcp_agent_scheduler [None req-846b59c0-899e-486e-8b11-c4e6d302d62b d266e6a694bd4ff89d6824927e47ff6c b60654791cd248c688e26c6e58ed888d - - default default] No more DHCP agents
2026-05-19 04:10:57.586 9 WARNING neutron.api.rpc.agentnotifiers.dhcp_rpc_agent_api [None req-846b59c0-899e-486e-8b11-c4e6d302d62b d266e6a694bd4ff89d6824927e47ff6c b60654791cd248c688e26c6e58ed888d - - default default] Unable to schedule network 85b018d1-c83f-489d-9a6b-ca9b333255cb: no agents available; will retry on subsequent port and subnet creation events.
2026-05-19 04:10:57.612 10 INFO neutron.db.ovn_revision_numbers_db [None req-3b0cdccd-fb1b-41ca-9500-4fff8ad64ee0 f861119eb0924eb8a5ecaf94c6dcc5a3 ac82bda9158e4c30a38103e4e9fad327 - - default default] Successfully bumped revision number for resource 0fc1ebaa-363d-4591-9a5c-472bfc260d00 (type: networks) to 1
2026-05-19 04:10:57.668 9 INFO neutron.db.ovn_revision_numbers_db [None req-846b59c0-899e-486e-8b11-c4e6d302d62b d266e6a694bd4ff89d6824927e47ff6c b60654791cd248c688e26c6e58ed888d - - default default] Successfully bumped revision number for resource 3e40738d-886c-43a5-b807-11ffb4452813 (type: ports) to 1
2026-05-19 04:10:57.693 9 INFO neutron.wsgi [None req-846b59c0-899e-486e-8b11-c4e6d302d62b d266e6a694bd4ff89d6824927e47ff6c b60654791cd248c688e26c6e58ed888d - - default default] 10.0.0.53 "POST /v2.0/networks HTTP/1.1" status: 201 len: 829 time: 0.5545700
2026-05-19 04:10:57.826 10 WARNING neutron.scheduler.dhcp_agent_scheduler [None req-3b0cdccd-fb1b-41ca-9500-4fff8ad64ee0 f861119eb0924eb8a5ecaf94c6dcc5a3 ac82bda9158e4c30a38103e4e9fad327 - - default default] No more DHCP agents
2026-05-19 04:10:57.829 10 WARNING neutron.api.rpc.agentnotifiers.dhcp_rpc_agent_api [None req-3b0cdccd-fb1b-41ca-9500-4fff8ad64ee0 f861119eb0924eb8a5ecaf94c6dcc5a3 ac82bda9158e4c30a38103e4e9fad327 - - default default] Unable to schedule network 0fc1ebaa-363d-4591-9a5c-472bfc260d00: no agents available; will retry on subsequent port and subnet creation events.
2026-05-19 04:10:57.914 10 INFO neutron.db.ovn_revision_numbers_db [None req-3b0cdccd-fb1b-41ca-9500-4fff8ad64ee0 f861119eb0924eb8a5ecaf94c6dcc5a3 ac82bda9158e4c30a38103e4e9fad327 - - default default] Successfully bumped revision number for resource fdf84deb-5384-44f4-8015-f2828f85801f (type: ports) to 1
2026-05-19 04:10:57.937 10 INFO neutron.wsgi [None req-3b0cdccd-fb1b-41ca-9500-4fff8ad64ee0 f861119eb0924eb8a5ecaf94c6dcc5a3 ac82bda9158e4c30a38103e4e9fad327 - - default default] 10.0.0.53 "POST /v2.0/networks HTTP/1.1" status: 201 len: 831 time: 0.7994845
2026-05-19 04:10:57.989 9 WARNING neutron.scheduler.dhcp_agent_scheduler [None req-6e38f2ac-bd7d-4432-9b9b-c04deec4c054 d266e6a694bd4ff89d6824927e47ff6c b60654791cd248c688e26c6e58ed888d - - default default] No more DHCP agents
2026-05-19 04:10:57.993 9 WARNING neutron.api.rpc.agentnotifiers.dhcp_rpc_agent_api [None req-6e38f2ac-bd7d-4432-9b9b-c04deec4c054 d266e6a694bd4ff89d6824927e47ff6c b60654791cd248c688e26c6e58ed888d - - default default] Unable to schedule network 85b018d1-c83f-489d-9a6b-ca9b333255cb: no agents available; will retry on subsequent port and subnet creation events.
2026-05-19 04:10:58.717 10 INFO neutron.wsgi [-] 10.0.0.66 "GET / HTTP/1.1" status: 200 len: 247 time: 0.0029225
2026-05-19 04:10:58.719 10 INFO neutron.wsgi [-] 10.0.0.66 "GET / HTTP/1.1" status: 200 len: 247 time: 0.0012772
2026-05-19 04:10:58.878 9 WARNING neutron.scheduler.dhcp_agent_scheduler [None req-20f3802a-1cc4-4613-a59d-f408da7e21af f861119eb0924eb8a5ecaf94c6dcc5a3 ac82bda9158e4c30a38103e4e9fad327 - - default default] No more DHCP agents
2026-05-19 04:10:58.883 9 WARNING neutron.api.rpc.agentnotifiers.dhcp_rpc_agent_api [None req-20f3802a-1cc4-4613-a59d-f408da7e21af f861119eb0924eb8a5ecaf94c6dcc5a3 ac82bda9158e4c30a38103e4e9fad327 - - default default] Unable to schedule network e18f6192-7bae-4335-85f7-38be0ae35f75: no agents available; will retry on subsequent port and subnet creation events.
2026-05-19 04:10:59.017 9 INFO neutron.db.ovn_revision_numbers_db [None req-6e38f2ac-bd7d-4432-9b9b-c04deec4c054 d266e6a694bd4ff89d6824927e47ff6c b60654791cd248c688e26c6e58ed888d - - default default] Successfully bumped revision number for resource 3e40738d-886c-43a5-b807-11ffb4452813 (type: ports) to 2
2026-05-19 04:10:59.059 9 INFO neutron.db.ovn_revision_numbers_db [None req-6e38f2ac-bd7d-4432-9b9b-c04deec4c054 d266e6a694bd4ff89d6824927e47ff6c b60654791cd248c688e26c6e58ed888d - - default default] Successfully bumped revision number for resource d981d55b-954d-4d60-aae5-e19624682367 (type: subnets) to 0
2026-05-19 04:10:59.086 9 INFO neutron.wsgi [None req-6e38f2ac-bd7d-4432-9b9b-c04deec4c054 d266e6a694bd4ff89d6824927e47ff6c b60654791cd248c688e26c6e58ed888d - - default default] 10.0.0.53 "POST /v2.0/subnets HTTP/1.1" status: 201 len: 801 time: 1.3851936
2026-05-19 04:10:59.105 9 INFO neutron.db.ovn_revision_numbers_db [None req-20f3802a-1cc4-4613-a59d-f408da7e21af f861119eb0924eb8a5ecaf94c6dcc5a3 ac82bda9158e4c30a38103e4e9fad327 - - default default] Successfully bumped revision number for resource d14ca064-c92e-4218-b62d-dd0d7e16f1ae (type: ports) to 1
2026-05-19 04:10:59.168 9 INFO neutron.wsgi [-] 10.0.0.53 "GET / HTTP/1.1" status: 200 len: 279 time: 0.0015659
2026-05-19 04:10:59.309 9 INFO neutron.db.ovn_revision_numbers_db [None req-51168d56-56c8-4b30-a1f0-962d52c4c426 d266e6a694bd4ff89d6824927e47ff6c b60654791cd248c688e26c6e58ed888d - - default default] Successfully bumped revision number for resource ebb7f5f2-bbfe-41c5-b2de-d106884c91c8 (type: routers) to 1
2026-05-19 04:10:59.357 9 INFO neutron.wsgi [None req-51168d56-56c8-4b30-a1f0-962d52c4c426 d266e6a694bd4ff89d6824927e47ff6c b60654791cd248c688e26c6e58ed888d - - default default] 10.0.0.53 "POST /v2.0/routers HTTP/1.1" status: 201 len: 687 time: 0.2665110
2026-05-19 04:10:59.367 9 INFO neutron.wsgi [None req-9247760a-84c0-4df5-82f8-2e7fb8c22ab2 e2f67926c3624c61acaa9effe7987140 5bb7d2687523459486f40a21602fbb8c - - default default] 10.0.0.53 "GET /v2.0/ HTTP/1.1" status: 200 len: 826 time: 0.1940370
2026-05-19 04:10:59.774 9 WARNING neutron.plugins.ml2.drivers.ovn.mech_driver.ovsdb.ovn_client [None req-8bac5458-4588-43bb-b5a9-3be57fee1436 - - - - - -] No port found with ID 1d8f7c69-33e3-4f36-9508-a2f9616f674d: RuntimeError: No port found with ID 1d8f7c69-33e3-4f36-9508-a2f9616f674d
2026-05-19 04:10:59.811 9 INFO neutron.plugins.ml2.drivers.ovn.mech_driver.mech_driver [None req-8bac5458-4588-43bb-b5a9-3be57fee1436 - - - - - -] OVN reports status up for port: d14ca064-c92e-4218-b62d-dd0d7e16f1ae
2026-05-19 04:10:59.826 9 INFO neutron.plugins.ml2.plugin [None req-8bac5458-4588-43bb-b5a9-3be57fee1436 - - - - - -] Attempt 1 to provision port d14ca064-c92e-4218-b62d-dd0d7e16f1ae
2026-05-19 04:10:59.831 9 INFO neutron.plugins.ml2.drivers.ovn.mech_driver.ovsdb.ovsdb_monitor [None req-aa19efe0-5379-4903-94d8-48f6ce13ce21 - - - - - -] Router b703a273-c762-4849-8cc6-afcf1915dbae is bound to host instance
2026-05-19 04:10:59.854 10 WARNING neutron.scheduler.dhcp_agent_scheduler [None req-a72e643b-aeba-4053-aef1-4a808e4454ed d266e6a694bd4ff89d6824927e47ff6c b60654791cd248c688e26c6e58ed888d - - default default] No more DHCP agents
2026-05-19 04:10:59.855 10 WARNING neutron.api.rpc.agentnotifiers.dhcp_rpc_agent_api [None req-a72e643b-aeba-4053-aef1-4a808e4454ed d266e6a694bd4ff89d6824927e47ff6c b60654791cd248c688e26c6e58ed888d - - default default] Unable to schedule network 85b018d1-c83f-489d-9a6b-ca9b333255cb: no agents available; will retry on subsequent port and subnet creation events.
2026-05-19 04:10:59.862 9 INFO neutron.db.ovn_revision_numbers_db [None req-20f3802a-1cc4-4613-a59d-f408da7e21af f861119eb0924eb8a5ecaf94c6dcc5a3 ac82bda9158e4c30a38103e4e9fad327 - - default default] Successfully bumped revision number for resource d14ca064-c92e-4218-b62d-dd0d7e16f1ae (type: router_ports) to 1
2026-05-19 04:10:59.968 9 INFO neutron.db.ovn_revision_numbers_db [None req-20f3802a-1cc4-4613-a59d-f408da7e21af f861119eb0924eb8a5ecaf94c6dcc5a3 ac82bda9158e4c30a38103e4e9fad327 - - default default] Successfully bumped revision number for resource b703a273-c762-4849-8cc6-afcf1915dbae (type: routers) to 2
2026-05-19 04:10:59.988 9 INFO neutron.wsgi [None req-20f3802a-1cc4-4613-a59d-f408da7e21af f861119eb0924eb8a5ecaf94c6dcc5a3 ac82bda9158e4c30a38103e4e9fad327 - - default default] 10.0.0.53 "POST /v2.0/routers HTTP/1.1" status: 201 len: 875 time: 2.0437529
2026-05-19 04:11:00.045 10 INFO neutron.db.ovn_revision_numbers_db [None req-a72e643b-aeba-4053-aef1-4a808e4454ed d266e6a694bd4ff89d6824927e47ff6c b60654791cd248c688e26c6e58ed888d - - default default] Successfully bumped revision number for resource 7649400b-99b6-4172-abe9-0954acdbf8f9 (type: ports) to 1
2026-05-19 04:11:00.199 9 INFO neutron.wsgi [None req-d61882d9-bc7d-480f-8f6c-2397f5385ce1 ac969dd205fc4f66b9386ac2cf6eb415 500d913c39964ddda685dba2fcbc7f90 - - default default] 10.0.0.53 "GET /v2.0/subnets?project_id=ac82bda9158e4c30a38103e4e9fad327&cidr=10.100.0.0%2F28 HTTP/1.1" status: 200 len: 207 time: 0.2055681
2026-05-19 04:11:00.290 10 INFO neutron.db.ovn_revision_numbers_db [None req-c0350634-2d70-43ce-9633-ecb364d3d561 ce236c34059d4d0babda12e0bbe32b2e 0e5e868812414428a8f6c3218fbd1854 - - default default] Successfully bumped revision number for resource 57429cdf-281e-402d-909b-4589f96d1ba4 (type: security_groups) to 1
2026-05-19 04:11:00.293 9 INFO neutron.wsgi [None req-3bf707a0-75cd-4e31-96e9-95a86b2ae878 ac969dd205fc4f66b9386ac2cf6eb415 500d913c39964ddda685dba2fcbc7f90 - - default default] 10.0.0.53 "GET /v2.0/networks?router%3Aexternal=True HTTP/1.1" status: 200 len: 947 time: 0.0850868
2026-05-19 04:11:00.318 10 INFO neutron.db.ovn_revision_numbers_db [None req-c0350634-2d70-43ce-9633-ecb364d3d561 ce236c34059d4d0babda12e0bbe32b2e 0e5e868812414428a8f6c3218fbd1854 - - default default] Successfully bumped revision number for resource 1d9294ea-a483-43f3-91c0-879d68ad5e3d (type: security_group_rules) to 0
2026-05-19 04:11:00.333 9 INFO neutron.wsgi [None req-ccd9d90b-bc04-4674-8644-f2c61353a90d ac969dd205fc4f66b9386ac2cf6eb415 500d913c39964ddda685dba2fcbc7f90 - - default default] 10.0.0.53 "GET /v2.0/subnets?network_id=e18f6192-7bae-4335-85f7-38be0ae35f75&cidr=10.100.0.0%2F28 HTTP/1.1" status: 200 len: 207 time: 0.0222175
2026-05-19 04:11:00.346 10 INFO neutron.db.ovn_revision_numbers_db [None req-c0350634-2d70-43ce-9633-ecb364d3d561 ce236c34059d4d0babda12e0bbe32b2e 0e5e868812414428a8f6c3218fbd1854 - - default default] Successfully bumped revision number for resource 281324ea-d466-4e69-bf60-9c26dc759899 (type: security_group_rules) to 0
2026-05-19 04:11:00.369 10 INFO neutron.db.ovn_revision_numbers_db [None req-c0350634-2d70-43ce-9633-ecb364d3d561 ce236c34059d4d0babda12e0bbe32b2e 0e5e868812414428a8f6c3218fbd1854 - - default default] Successfully bumped revision number for resource 94c55e28-3147-44bd-ab65-51a587d21454 (type: security_group_rules) to 0
2026-05-19 04:11:00.401 10 INFO neutron.db.ovn_revision_numbers_db [None req-c0350634-2d70-43ce-9633-ecb364d3d561 ce236c34059d4d0babda12e0bbe32b2e 0e5e868812414428a8f6c3218fbd1854 - - default default] Successfully bumped revision number for resource c9a4087e-7fd2-467e-b2b1-701e71a2cd9e (type: security_group_rules) to 0
2026-05-19 04:11:00.448 10 INFO neutron.wsgi [None req-c0350634-2d70-43ce-9633-ecb364d3d561 ce236c34059d4d0babda12e0bbe32b2e 0e5e868812414428a8f6c3218fbd1854 - - default default] 10.0.0.53 "GET /v2.0/security-groups?tenant_id=5bb7d2687523459486f40a21602fbb8c&name=default HTTP/1.1" status: 200 len: 2996 time: 0.5056374
2026-05-19 04:11:00.488 9 INFO neutron.db.ovn_revision_numbers_db [None req-aa19efe0-5379-4903-94d8-48f6ce13ce21 - - - - - -] Successfully bumped revision number for resource d14ca064-c92e-4218-b62d-dd0d7e16f1ae (type: ports) to 1
2026-05-19 04:11:00.521 10 INFO neutron.plugins.ml2.drivers.ovn.mech_driver.mech_driver [None req-da3fb100-a53e-4f38-a7e8-c98adf43af4b - - - - - -] OVN reports status up for port: 7649400b-99b6-4172-abe9-0954acdbf8f9
2026-05-19 04:11:00.535 10 INFO neutron.plugins.ml2.plugin [None req-da3fb100-a53e-4f38-a7e8-c98adf43af4b - - - - - -] Attempt 1 to provision port 7649400b-99b6-4172-abe9-0954acdbf8f9
2026-05-19 04:11:00.559 10 INFO neutron.db.ovn_revision_numbers_db [None req-a72e643b-aeba-4053-aef1-4a808e4454ed d266e6a694bd4ff89d6824927e47ff6c b60654791cd248c688e26c6e58ed888d - - default default] Successfully bumped revision number for resource 7649400b-99b6-4172-abe9-0954acdbf8f9 (type: router_ports) to 1
2026-05-19 04:11:00.673 9 WARNING neutron.scheduler.dhcp_agent_scheduler [None req-034af7d0-030b-4747-8ea3-1bedc92865a2 f861119eb0924eb8a5ecaf94c6dcc5a3 ac82bda9158e4c30a38103e4e9fad327 - - default default] No more DHCP agents
2026-05-19 04:11:00.680 9 WARNING neutron.api.rpc.agentnotifiers.dhcp_rpc_agent_api [None req-034af7d0-030b-4747-8ea3-1bedc92865a2 f861119eb0924eb8a5ecaf94c6dcc5a3 ac82bda9158e4c30a38103e4e9fad327 - - default default] Unable to schedule network 0fc1ebaa-363d-4591-9a5c-472bfc260d00: no agents available; will retry on subsequent port and subnet creation events.
2026-05-19 04:11:00.785 10 INFO neutron.db.ovn_revision_numbers_db [None req-a72e643b-aeba-4053-aef1-4a808e4454ed d266e6a694bd4ff89d6824927e47ff6c b60654791cd248c688e26c6e58ed888d - - default default] Successfully bumped revision number for resource 7649400b-99b6-4172-abe9-0954acdbf8f9 (type: ports) to 1
2026-05-19 04:11:00.891 10 WARNING neutron.scheduler.dhcp_agent_scheduler [None req-a72e643b-aeba-4053-aef1-4a808e4454ed d266e6a694bd4ff89d6824927e47ff6c b60654791cd248c688e26c6e58ed888d - - default default] No more DHCP agents
2026-05-19 04:11:00.894 10 WARNING neutron.api.rpc.agentnotifiers.dhcp_rpc_agent_api [None req-a72e643b-aeba-4053-aef1-4a808e4454ed d266e6a694bd4ff89d6824927e47ff6c b60654791cd248c688e26c6e58ed888d - - default default] Unable to schedule network 85b018d1-c83f-489d-9a6b-ca9b333255cb: no agents available; will retry on subsequent port and subnet creation events.
2026-05-19 04:11:00.912 10 INFO neutron.db.ovn_revision_numbers_db [None req-da3fb100-a53e-4f38-a7e8-c98adf43af4b - - - - - -] Successfully bumped revision number for resource 7649400b-99b6-4172-abe9-0954acdbf8f9 (type: ports) to 2
2026-05-19 04:11:01.178 9 INFO neutron.wsgi [None req-64176308-c2fb-43c3-9720-a5d5d4c3d436 ce236c34059d4d0babda12e0bbe32b2e 0e5e868812414428a8f6c3218fbd1854 - - default default] 10.0.0.53 "DELETE /v2.0/security-groups/57429cdf-281e-402d-909b-4589f96d1ba4 HTTP/1.1" status: 204 len: 168 time: 0.7230687
2026-05-19 04:11:01.198 9 INFO neutron.db.ovn_revision_numbers_db [None req-aa19efe0-5379-4903-94d8-48f6ce13ce21 - - - - - -] Successfully bumped revision number for resource d14ca064-c92e-4218-b62d-dd0d7e16f1ae (type: router_ports) to 3
2026-05-19 04:11:01.398 9 INFO neutron.db.ovn_revision_numbers_db [None req-aa19efe0-5379-4903-94d8-48f6ce13ce21 - - - - - -] Successfully bumped revision number for resource d14ca064-c92e-4218-b62d-dd0d7e16f1ae (type: ports) to 2
2026-05-19 04:11:01.484 10 INFO neutron.db.ovn_revision_numbers_db [None req-da3fb100-a53e-4f38-a7e8-c98adf43af4b - - - - - -] Successfully bumped revision number for resource 7649400b-99b6-4172-abe9-0954acdbf8f9 (type: router_ports) to 2
2026-05-19 04:11:01.508 10 INFO neutron.db.ovn_revision_numbers_db [None req-a72e643b-aeba-4053-aef1-4a808e4454ed d266e6a694bd4ff89d6824927e47ff6c b60654791cd248c688e26c6e58ed888d - - default default] Successfully bumped revision number for resource 7649400b-99b6-4172-abe9-0954acdbf8f9 (type: router_ports) to 2
2026-05-19 04:11:01.511 10 INFO neutron.wsgi [None req-a72e643b-aeba-4053-aef1-4a808e4454ed d266e6a694bd4ff89d6824927e47ff6c b60654791cd248c688e26c6e58ed888d - - default default] 10.0.0.53 "PUT /v2.0/routers/ebb7f5f2-bbfe-41c5-b2de-d106884c91c8/add_router_interface HTTP/1.1" status: 200 len: 503 time: 2.1480117
2026-05-19 04:11:01.618 10 INFO neutron.wsgi [None req-0569e9e1-6b09-4112-92cf-e99d7b4d9056 d266e6a694bd4ff89d6824927e47ff6c b60654791cd248c688e26c6e58ed888d - - default default] 10.0.0.53 "GET /v2.0/ports/7649400b-99b6-4172-abe9-0954acdbf8f9 HTTP/1.1" status: 200 len: 1137 time: 0.1010273
2026-05-19 04:11:01.639 9 INFO neutron.db.ovn_revision_numbers_db [None req-034af7d0-030b-4747-8ea3-1bedc92865a2 f861119eb0924eb8a5ecaf94c6dcc5a3 ac82bda9158e4c30a38103e4e9fad327 - - default default] Successfully bumped revision number for resource fdf84deb-5384-44f4-8015-f2828f85801f (type: ports) to 2
2026-05-19 04:11:01.661 10 INFO neutron.wsgi [None req-2b86c49c-244c-415c-84fb-fc3be3efb5f7 d266e6a694bd4ff89d6824927e47ff6c b60654791cd248c688e26c6e58ed888d - - default default] 10.0.0.53 "GET /v2.0/ports/7649400b-99b6-4172-abe9-0954acdbf8f9 HTTP/1.1" status: 200 len: 1137 time: 0.0352941
