2026-05-19 04:08:26.439 9 INFO neutron.db.ovn_revision_numbers_db [None req-3cb4aa26-7b9c-47c6-b279-8f81fbb1410e ce236c34059d4d0babda12e0bbe32b2e 0e5e868812414428a8f6c3218fbd1854 - - default default] Successfully bumped revision number for resource b2043ae8-2c8f-4011-890a-5b9b1386cb8f (type: security_group_rules) to 0
2026-05-19 04:08:26.522 9 INFO neutron.db.segments_db [None req-3cb4aa26-7b9c-47c6-b279-8f81fbb1410e ce236c34059d4d0babda12e0bbe32b2e 0e5e868812414428a8f6c3218fbd1854 - - default default] Added segment 8b1b8578-0d45-45b2-938d-8ec75eed92b1 of type geneve for network ce2abfa5-ba05-4992-819b-6d3a129be4b3
2026-05-19 04:08:26.549 9 INFO neutron.db.ovn_revision_numbers_db [None req-8eb99e65-5b90-4e3b-9951-c48173f1ad61 ce236c34059d4d0babda12e0bbe32b2e 0e5e868812414428a8f6c3218fbd1854 - - default default] Successfully bumped revision number for resource c78405c6-93c1-411c-8450-2a562031b74a (type: ports) to 1
2026-05-19 04:08:26.696 9 WARNING neutron.scheduler.dhcp_agent_scheduler [None req-8eb99e65-5b90-4e3b-9951-c48173f1ad61 ce236c34059d4d0babda12e0bbe32b2e 0e5e868812414428a8f6c3218fbd1854 - - default default] No more DHCP agents
2026-05-19 04:08:26.700 9 WARNING neutron.api.rpc.agentnotifiers.dhcp_rpc_agent_api [None req-8eb99e65-5b90-4e3b-9951-c48173f1ad61 ce236c34059d4d0babda12e0bbe32b2e 0e5e868812414428a8f6c3218fbd1854 - - default default] Unable to schedule network df2f993e-9fb6-45a4-b603-9faa7530f613: no agents available; will retry on subsequent port and subnet creation events.
2026-05-19 04:08:26.730 9 INFO neutron.db.ovn_revision_numbers_db [None req-3cb4aa26-7b9c-47c6-b279-8f81fbb1410e ce236c34059d4d0babda12e0bbe32b2e 0e5e868812414428a8f6c3218fbd1854 - - default default] Successfully bumped revision number for resource ce2abfa5-ba05-4992-819b-6d3a129be4b3 (type: networks) to 1
2026-05-19 04:08:26.797 9 INFO neutron.db.ovn_revision_numbers_db [None req-8bac5458-4588-43bb-b5a9-3be57fee1436 - - - - - -] Successfully bumped revision number for resource c78405c6-93c1-411c-8450-2a562031b74a (type: ports) to 2
2026-05-19 04:08:26.910 10 INFO neutron.db.ovn_revision_numbers_db [None req-c60378fa-0b93-4a26-adc3-5d1a2030ff7c - - - - - -] Successfully bumped revision number for resource 4965ec97-e421-496f-8d97-72f22b2c52f1 (type: router_ports) to 3
2026-05-19 04:08:27.005 9 WARNING neutron.scheduler.dhcp_agent_scheduler [None req-3cb4aa26-7b9c-47c6-b279-8f81fbb1410e ce236c34059d4d0babda12e0bbe32b2e 0e5e868812414428a8f6c3218fbd1854 - - default default] No more DHCP agents
2026-05-19 04:08:27.012 9 WARNING neutron.api.rpc.agentnotifiers.dhcp_rpc_agent_api [None req-3cb4aa26-7b9c-47c6-b279-8f81fbb1410e ce236c34059d4d0babda12e0bbe32b2e 0e5e868812414428a8f6c3218fbd1854 - - default default] Unable to schedule network ce2abfa5-ba05-4992-819b-6d3a129be4b3: no agents available; will retry on subsequent port and subnet creation events.
2026-05-19 04:08:27.026 9 INFO neutron.db.ovn_revision_numbers_db [None req-8bac5458-4588-43bb-b5a9-3be57fee1436 - - - - - -] Successfully bumped revision number for resource c78405c6-93c1-411c-8450-2a562031b74a (type: router_ports) to 2
2026-05-19 04:08:27.233 9 INFO neutron.db.ovn_revision_numbers_db [None req-3cb4aa26-7b9c-47c6-b279-8f81fbb1410e ce236c34059d4d0babda12e0bbe32b2e 0e5e868812414428a8f6c3218fbd1854 - - default default] Successfully bumped revision number for resource 4230c0f0-bec9-4730-8a19-04732498f915 (type: ports) to 1
2026-05-19 04:08:27.276 9 INFO neutron.wsgi [None req-3cb4aa26-7b9c-47c6-b279-8f81fbb1410e ce236c34059d4d0babda12e0bbe32b2e 0e5e868812414428a8f6c3218fbd1854 - - default default] 10.0.0.53 "POST /v2.0/networks HTTP/1.1" status: 201 len: 950 time: 1.3878436
2026-05-19 04:08:27.302 10 INFO neutron.db.ovn_revision_numbers_db [None req-c60378fa-0b93-4a26-adc3-5d1a2030ff7c - - - - - -] Successfully bumped revision number for resource 4965ec97-e421-496f-8d97-72f22b2c52f1 (type: ports) to 2
2026-05-19 04:08:27.385 9 INFO neutron.plugins.ml2.drivers.ovn.mech_driver.ovsdb.ovsdb_monitor [-] Router 7146b75e-6f59-4159-a30b-2f8bcbd1ece9 is bound to host instance
2026-05-19 04:08:27.412 10 INFO neutron.db.ovn_revision_numbers_db [None req-a23c1736-3cc8-41f3-b10d-97ff145327de ce236c34059d4d0babda12e0bbe32b2e 0e5e868812414428a8f6c3218fbd1854 - - default default] Successfully bumped revision number for resource d9747d82-202f-45f7-ab14-001843c1c38f (type: router_ports) to 1
2026-05-19 04:08:27.478 10 INFO neutron.db.ovn_revision_numbers_db [None req-8597fb3a-0d84-44be-a945-0880a228a144 ce236c34059d4d0babda12e0bbe32b2e 0e5e868812414428a8f6c3218fbd1854 - - default default] Successfully bumped revision number for resource 57dacb50-9a70-4e86-bf6e-084b172c19ec (type: router_ports) to 1
2026-05-19 04:08:27.548 10 INFO neutron.db.ovn_revision_numbers_db [None req-a23c1736-3cc8-41f3-b10d-97ff145327de ce236c34059d4d0babda12e0bbe32b2e 0e5e868812414428a8f6c3218fbd1854 - - default default] Successfully bumped revision number for resource 7146b75e-6f59-4159-a30b-2f8bcbd1ece9 (type: routers) to 2
2026-05-19 04:08:27.567 10 INFO neutron.wsgi [None req-a23c1736-3cc8-41f3-b10d-97ff145327de ce236c34059d4d0babda12e0bbe32b2e 0e5e868812414428a8f6c3218fbd1854 - - default default] 10.0.0.53 "POST /v2.0/routers HTTP/1.1" status: 201 len: 877 time: 2.6578999
2026-05-19 04:08:27.594 9 WARNING neutron.scheduler.dhcp_agent_scheduler [None req-12f2db06-0d1d-46b9-b352-235767acc02b ce236c34059d4d0babda12e0bbe32b2e 0e5e868812414428a8f6c3218fbd1854 - - default default] No more DHCP agents
2026-05-19 04:08:27.600 9 WARNING neutron.api.rpc.agentnotifiers.dhcp_rpc_agent_api [None req-12f2db06-0d1d-46b9-b352-235767acc02b ce236c34059d4d0babda12e0bbe32b2e 0e5e868812414428a8f6c3218fbd1854 - - default default] Unable to schedule network ce2abfa5-ba05-4992-819b-6d3a129be4b3: no agents available; will retry on subsequent port and subnet creation events.
2026-05-19 04:08:27.601 10 INFO neutron.db.ovn_revision_numbers_db [None req-8597fb3a-0d84-44be-a945-0880a228a144 ce236c34059d4d0babda12e0bbe32b2e 0e5e868812414428a8f6c3218fbd1854 - - default default] Successfully bumped revision number for resource f9a71c8a-6322-40d2-a7d3-6450dfd8976c (type: routers) to 2
2026-05-19 04:08:27.629 10 INFO neutron.wsgi [None req-8597fb3a-0d84-44be-a945-0880a228a144 ce236c34059d4d0babda12e0bbe32b2e 0e5e868812414428a8f6c3218fbd1854 - - default default] 10.0.0.53 "POST /v2.0/routers HTTP/1.1" status: 201 len: 876 time: 2.7349868
2026-05-19 04:08:27.733 9 INFO neutron.db.ovn_revision_numbers_db [None req-8eb99e65-5b90-4e3b-9951-c48173f1ad61 ce236c34059d4d0babda12e0bbe32b2e 0e5e868812414428a8f6c3218fbd1854 - - default default] Successfully bumped revision number for resource c78405c6-93c1-411c-8450-2a562031b74a (type: router_ports) to 2
2026-05-19 04:08:27.736 9 INFO neutron.wsgi [None req-8eb99e65-5b90-4e3b-9951-c48173f1ad61 ce236c34059d4d0babda12e0bbe32b2e 0e5e868812414428a8f6c3218fbd1854 - - default default] 10.0.0.53 "PUT /v2.0/routers/aa74aae8-57e2-43ce-be56-b9a75bb52f43/add_router_interface HTTP/1.1" status: 200 len: 503 time: 2.6208351
2026-05-19 04:08:27.831 10 INFO neutron.db.ovn_revision_numbers_db [None req-c60378fa-0b93-4a26-adc3-5d1a2030ff7c - - - - - -] Successfully bumped revision number for resource 4965ec97-e421-496f-8d97-72f22b2c52f1 (type: ports) to 4
2026-05-19 04:08:28.157 10 INFO neutron.plugins.ml2.drivers.ovn.mech_driver.mech_driver [None req-da3fb100-a53e-4f38-a7e8-c98adf43af4b - - - - - -] OVN reports status up for port: d9747d82-202f-45f7-ab14-001843c1c38f
2026-05-19 04:08:28.188 10 INFO neutron.plugins.ml2.plugin [None req-da3fb100-a53e-4f38-a7e8-c98adf43af4b - - - - - -] Attempt 1 to provision port d9747d82-202f-45f7-ab14-001843c1c38f
2026-05-19 04:08:28.281 9 INFO neutron.db.ovn_revision_numbers_db [None req-aa19efe0-5379-4903-94d8-48f6ce13ce21 - - - - - -] Successfully bumped revision number for resource d9747d82-202f-45f7-ab14-001843c1c38f (type: ports) to 1
2026-05-19 04:08:28.400 9 INFO neutron.db.ovn_revision_numbers_db [None req-12f2db06-0d1d-46b9-b352-235767acc02b ce236c34059d4d0babda12e0bbe32b2e 0e5e868812414428a8f6c3218fbd1854 - - default default] Successfully bumped revision number for resource 4230c0f0-bec9-4730-8a19-04732498f915 (type: ports) to 2
2026-05-19 04:08:28.478 9 INFO neutron.db.ovn_revision_numbers_db [None req-12f2db06-0d1d-46b9-b352-235767acc02b ce236c34059d4d0babda12e0bbe32b2e 0e5e868812414428a8f6c3218fbd1854 - - default default] Successfully bumped revision number for resource 6766664e-14c9-436b-aaf6-17b9f5fbd5eb (type: subnets) to 0
2026-05-19 04:08:28.506 9 INFO neutron.wsgi [None req-12f2db06-0d1d-46b9-b352-235767acc02b ce236c34059d4d0babda12e0bbe32b2e 0e5e868812414428a8f6c3218fbd1854 - - default default] 10.0.0.53 "POST /v2.0/subnets HTTP/1.1" status: 201 len: 870 time: 1.2233310
2026-05-19 04:08:28.508 10 INFO neutron.db.ovn_revision_numbers_db [None req-c60378fa-0b93-4a26-adc3-5d1a2030ff7c - - - - - -] Successfully bumped revision number for resource 4965ec97-e421-496f-8d97-72f22b2c52f1 (type: router_ports) to 4
2026-05-19 04:08:28.580 10 INFO neutron.plugins.ml2.drivers.ovn.mech_driver.ovsdb.ovsdb_monitor [None req-c60378fa-0b93-4a26-adc3-5d1a2030ff7c - - - - - -] Router f9a71c8a-6322-40d2-a7d3-6450dfd8976c is bound to host instance
2026-05-19 04:08:28.633 9 INFO neutron.db.ovn_revision_numbers_db [None req-aa19efe0-5379-4903-94d8-48f6ce13ce21 - - - - - -] Successfully bumped revision number for resource d9747d82-202f-45f7-ab14-001843c1c38f (type: router_ports) to 3
2026-05-19 04:08:28.685 10 WARNING neutron.scheduler.dhcp_agent_scheduler [None req-e15c1219-d7fd-4943-aaec-090c3e27c144 ce236c34059d4d0babda12e0bbe32b2e 0e5e868812414428a8f6c3218fbd1854 - - default default] No more DHCP agents
2026-05-19 04:08:28.702 10 WARNING neutron.api.rpc.agentnotifiers.dhcp_rpc_agent_api [None req-e15c1219-d7fd-4943-aaec-090c3e27c144 ce236c34059d4d0babda12e0bbe32b2e 0e5e868812414428a8f6c3218fbd1854 - - default default] Unable to schedule network d59c9dd5-6414-4d9d-8c2a-b2187cf78c0a: no agents available; will retry on subsequent port and subnet creation events.
2026-05-19 04:08:28.709 10 WARNING neutron.scheduler.dhcp_agent_scheduler [None req-b83c173d-66a9-4c8a-beaf-3ce57b911a3b ce236c34059d4d0babda12e0bbe32b2e 0e5e868812414428a8f6c3218fbd1854 - - default default] No more DHCP agents
2026-05-19 04:08:28.717 9 INFO neutron.wsgi [-] 10.0.0.66 "GET / HTTP/1.1" status: 200 len: 247 time: 0.0021467
2026-05-19 04:08:28.719 9 INFO neutron.wsgi [-] 10.0.0.66 "GET / HTTP/1.1" status: 200 len: 247 time: 0.0011024
2026-05-19 04:08:28.729 10 WARNING neutron.api.rpc.agentnotifiers.dhcp_rpc_agent_api [None req-b83c173d-66a9-4c8a-beaf-3ce57b911a3b ce236c34059d4d0babda12e0bbe32b2e 0e5e868812414428a8f6c3218fbd1854 - - default default] Unable to schedule network 7a90aa25-1627-40b3-b288-0acf17276efe: no agents available; will retry on subsequent port and subnet creation events.
2026-05-19 04:08:28.787 9 INFO neutron.db.ovn_revision_numbers_db [req-87ff79cf-5389-48d7-a676-ad0daa6f59fa req-ebb10755-7d2d-4cb1-a9f4-af0b92420a81 87e5309f6beb4509a95934c79930b586 a5f3a76ffadc465eb384a449f970fe1c - - default default] Successfully bumped revision number for resource 2eb3f105-628d-40ff-9a46-bd8a085114d9 (type: security_groups) to 1
2026-05-19 04:08:28.804 9 INFO neutron.db.ovn_revision_numbers_db [None req-aa19efe0-5379-4903-94d8-48f6ce13ce21 - - - - - -] Successfully bumped revision number for resource d9747d82-202f-45f7-ab14-001843c1c38f (type: ports) to 2
2026-05-19 04:08:28.805 9 INFO neutron.db.ovn_revision_numbers_db [req-87ff79cf-5389-48d7-a676-ad0daa6f59fa req-ebb10755-7d2d-4cb1-a9f4-af0b92420a81 87e5309f6beb4509a95934c79930b586 a5f3a76ffadc465eb384a449f970fe1c - - default default] Successfully bumped revision number for resource 15778c8c-f79d-4348-8e29-48a2fbca3b21 (type: security_group_rules) to 0
2026-05-19 04:08:28.828 9 INFO neutron.db.ovn_revision_numbers_db [req-87ff79cf-5389-48d7-a676-ad0daa6f59fa req-ebb10755-7d2d-4cb1-a9f4-af0b92420a81 87e5309f6beb4509a95934c79930b586 a5f3a76ffadc465eb384a449f970fe1c - - default default] Successfully bumped revision number for resource 61bac8f7-b934-4654-b29d-f9e6ff2906a9 (type: security_group_rules) to 0
2026-05-19 04:08:28.863 9 INFO neutron.wsgi [req-87ff79cf-5389-48d7-a676-ad0daa6f59fa req-ebb10755-7d2d-4cb1-a9f4-af0b92420a81 87e5309f6beb4509a95934c79930b586 a5f3a76ffadc465eb384a449f970fe1c - - default default] 10.0.0.80 "POST /v2.0/security-groups HTTP/1.1" status: 201 len: 1824 time: 0.2824841
2026-05-19 04:08:29.091 9 INFO neutron.db.ovn_revision_numbers_db [None req-aa19efe0-5379-4903-94d8-48f6ce13ce21 - - - - - -] Successfully bumped revision number for resource d9747d82-202f-45f7-ab14-001843c1c38f (type: ports) to 4
2026-05-19 04:08:29.254 10 INFO neutron.db.ovn_revision_numbers_db [None req-e15c1219-d7fd-4943-aaec-090c3e27c144 ce236c34059d4d0babda12e0bbe32b2e 0e5e868812414428a8f6c3218fbd1854 - - default default] Successfully bumped revision number for resource dc52dadd-aca0-4753-ab71-22ace4a98969 (type: ports) to 1
2026-05-19 04:08:29.297 9 INFO neutron.db.ovn_revision_numbers_db [None req-aa19efe0-5379-4903-94d8-48f6ce13ce21 - - - - - -] Successfully bumped revision number for resource d9747d82-202f-45f7-ab14-001843c1c38f (type: router_ports) to 4
2026-05-19 04:08:29.318 10 INFO neutron.db.ovn_revision_numbers_db [None req-b83c173d-66a9-4c8a-beaf-3ce57b911a3b ce236c34059d4d0babda12e0bbe32b2e 0e5e868812414428a8f6c3218fbd1854 - - default default] Successfully bumped revision number for resource 28fdba6a-096b-40e5-9218-7e376af4d491 (type: ports) to 1
2026-05-19 04:08:29.467 10 INFO neutron.wsgi [req-1fddf667-9733-4ffe-b90c-c341c21ed8ce req-a205efc9-30ea-4de6-bf44-52901f218273 87e5309f6beb4509a95934c79930b586 a5f3a76ffadc465eb384a449f970fe1c - - default default] 10.0.0.80 "GET /v2.0/security-groups/2eb3f105-628d-40ff-9a46-bd8a085114d9 HTTP/1.1" status: 200 len: 1819 time: 0.2430902
2026-05-19 04:08:30.068 10 WARNING neutron.scheduler.dhcp_agent_scheduler [None req-108e2766-4920-4fee-bdc5-4682855cffb9 ce236c34059d4d0babda12e0bbe32b2e 0e5e868812414428a8f6c3218fbd1854 - - default default] No more DHCP agents
2026-05-19 04:08:30.079 10 WARNING neutron.api.rpc.agentnotifiers.dhcp_rpc_agent_api [None req-108e2766-4920-4fee-bdc5-4682855cffb9 ce236c34059d4d0babda12e0bbe32b2e 0e5e868812414428a8f6c3218fbd1854 - - default default] Unable to schedule network e18f6192-7bae-4335-85f7-38be0ae35f75: no agents available; will retry on subsequent port and subnet creation events.
2026-05-19 04:08:30.099 10 INFO neutron.db.ovn_revision_numbers_db [req-1fddf667-9733-4ffe-b90c-c341c21ed8ce req-7075acea-1a98-43f3-a4d6-0c521da7944f 87e5309f6beb4509a95934c79930b586 a5f3a76ffadc465eb384a449f970fe1c - - default default] Successfully bumped revision number for resource 73d6f33d-bfad-4644-9558-a1f42870443e (type: security_group_rules) to 0
2026-05-19 04:08:30.186 10 INFO neutron.wsgi [req-1fddf667-9733-4ffe-b90c-c341c21ed8ce req-7075acea-1a98-43f3-a4d6-0c521da7944f 87e5309f6beb4509a95934c79930b586 a5f3a76ffadc465eb384a449f970fe1c - - default default] 10.0.0.80 "POST /v2.0/security-group-rules HTTP/1.1" status: 201 len: 786 time: 0.7097175
2026-05-19 04:08:30.339 9 INFO neutron.db.ovn_revision_numbers_db [req-02a4ad5c-18e8-4e9a-8e34-05bcf36c700c req-bdd8f97f-9180-4375-afed-2098921d8882 87e5309f6beb4509a95934c79930b586 a5f3a76ffadc465eb384a449f970fe1c - - default default] Successfully bumped revision number for resource 90a33720-0096-4f0a-a1d8-26a1ff7f0d33 (type: security_groups) to 1
2026-05-19 04:08:30.359 9 INFO neutron.db.ovn_revision_numbers_db [req-02a4ad5c-18e8-4e9a-8e34-05bcf36c700c req-bdd8f97f-9180-4375-afed-2098921d8882 87e5309f6beb4509a95934c79930b586 a5f3a76ffadc465eb384a449f970fe1c - - default default] Successfully bumped revision number for resource 1872df93-6f20-4c3b-a600-402b347f3759 (type: security_group_rules) to 0
2026-05-19 04:08:30.379 9 INFO neutron.db.ovn_revision_numbers_db [req-02a4ad5c-18e8-4e9a-8e34-05bcf36c700c req-bdd8f97f-9180-4375-afed-2098921d8882 87e5309f6beb4509a95934c79930b586 a5f3a76ffadc465eb384a449f970fe1c - - default default] Successfully bumped revision number for resource e38e3f16-0b40-4e3d-95be-1fdf331f4975 (type: security_group_rules) to 0
2026-05-19 04:08:30.401 9 INFO neutron.wsgi [req-02a4ad5c-18e8-4e9a-8e34-05bcf36c700c req-bdd8f97f-9180-4375-afed-2098921d8882 87e5309f6beb4509a95934c79930b586 a5f3a76ffadc465eb384a449f970fe1c - - default default] 10.0.0.80 "POST /v2.0/security-groups HTTP/1.1" status: 201 len: 1827 time: 0.1787241
2026-05-19 04:08:30.469 10 INFO neutron.db.ovn_revision_numbers_db [None req-108e2766-4920-4fee-bdc5-4682855cffb9 ce236c34059d4d0babda12e0bbe32b2e 0e5e868812414428a8f6c3218fbd1854 - - default default] Successfully bumped revision number for resource 171c2bcb-52f5-4eeb-895a-b7ef562692f6 (type: ports) to 1
2026-05-19 04:08:30.573 10 INFO neutron.db.ovn_revision_numbers_db [None req-c60378fa-0b93-4a26-adc3-5d1a2030ff7c - - - - - -] Successfully bumped revision number for resource 57dacb50-9a70-4e86-bf6e-084b172c19ec (type: ports) to 1
2026-05-19 04:08:30.585 10 INFO neutron.wsgi [req-4698d8bd-483e-4a01-85dc-2453157f9cdf req-0350fcd8-4a73-424e-a81b-7f15fcee9b0a 87e5309f6beb4509a95934c79930b586 a5f3a76ffadc465eb384a449f970fe1c - - default default] 10.0.0.80 "GET /v2.0/security-groups/90a33720-0096-4f0a-a1d8-26a1ff7f0d33 HTTP/1.1" status: 200 len: 1822 time: 0.1476967
2026-05-19 04:08:30.716 10 INFO neutron.db.ovn_revision_numbers_db [None req-e15c1219-d7fd-4943-aaec-090c3e27c144 ce236c34059d4d0babda12e0bbe32b2e 0e5e868812414428a8f6c3218fbd1854 - - default default] Successfully bumped revision number for resource dc52dadd-aca0-4753-ab71-22ace4a98969 (type: router_ports) to 1
2026-05-19 04:08:30.752 10 INFO neutron.db.ovn_revision_numbers_db [None req-b83c173d-66a9-4c8a-beaf-3ce57b911a3b ce236c34059d4d0babda12e0bbe32b2e 0e5e868812414428a8f6c3218fbd1854 - - default default] Successfully bumped revision number for resource 28fdba6a-096b-40e5-9218-7e376af4d491 (type: router_ports) to 1
2026-05-19 04:08:31.237 10 INFO neutron.db.ovn_revision_numbers_db [req-4698d8bd-483e-4a01-85dc-2453157f9cdf req-0753e0d5-b97c-4ea0-a39d-8112734781e5 87e5309f6beb4509a95934c79930b586 a5f3a76ffadc465eb384a449f970fe1c - - default default] Successfully bumped revision number for resource a2c479ea-773c-4699-9a50-7cd11335f200 (type: security_group_rules) to 0
2026-05-19 04:08:31.288 10 INFO neutron.db.ovn_revision_numbers_db [None req-e15c1219-d7fd-4943-aaec-090c3e27c144 ce236c34059d4d0babda12e0bbe32b2e 0e5e868812414428a8f6c3218fbd1854 - - default default] Successfully bumped revision number for resource dc52dadd-aca0-4753-ab71-22ace4a98969 (type: ports) to 1
2026-05-19 04:08:31.337 10 INFO neutron.wsgi [req-4698d8bd-483e-4a01-85dc-2453157f9cdf req-0753e0d5-b97c-4ea0-a39d-8112734781e5 87e5309f6beb4509a95934c79930b586 a5f3a76ffadc465eb384a449f970fe1c - - default default] 10.0.0.80 "POST /v2.0/security-group-rules HTTP/1.1" status: 201 len: 786 time: 0.7443895
2026-05-19 04:08:31.339 10 INFO neutron.db.ovn_revision_numbers_db [None req-b83c173d-66a9-4c8a-beaf-3ce57b911a3b ce236c34059d4d0babda12e0bbe32b2e 0e5e868812414428a8f6c3218fbd1854 - - default default] Successfully bumped revision number for resource 28fdba6a-096b-40e5-9218-7e376af4d491 (type: ports) to 1
2026-05-19 04:08:31.400 9 INFO neutron.wsgi [req-53b46810-599b-4c53-85bf-71ed01dea4b3 req-ad7f68bb-2c48-49b7-9e40-16e4c3c526cb 87e5309f6beb4509a95934c79930b586 a5f3a76ffadc465eb384a449f970fe1c - - default default] 10.0.0.80 "GET /v2.0/security-groups/90a33720-0096-4f0a-a1d8-26a1ff7f0d33 HTTP/1.1" status: 200 len: 2415 time: 0.0329368
2026-05-19 04:08:31.467 10 WARNING neutron.scheduler.dhcp_agent_scheduler [None req-e15c1219-d7fd-4943-aaec-090c3e27c144 ce236c34059d4d0babda12e0bbe32b2e 0e5e868812414428a8f6c3218fbd1854 - - default default] No more DHCP agents
2026-05-19 04:08:31.478 10 WARNING neutron.api.rpc.agentnotifiers.dhcp_rpc_agent_api [None req-e15c1219-d7fd-4943-aaec-090c3e27c144 ce236c34059d4d0babda12e0bbe32b2e 0e5e868812414428a8f6c3218fbd1854 - - default default] Unable to schedule network d59c9dd5-6414-4d9d-8c2a-b2187cf78c0a: no agents available; will retry on subsequent port and subnet creation events.
2026-05-19 04:08:31.508 10 WARNING neutron.scheduler.dhcp_agent_scheduler [None req-b83c173d-66a9-4c8a-beaf-3ce57b911a3b ce236c34059d4d0babda12e0bbe32b2e 0e5e868812414428a8f6c3218fbd1854 - - default default] No more DHCP agents
2026-05-19 04:08:31.513 10 WARNING neutron.api.rpc.agentnotifiers.dhcp_rpc_agent_api [None req-b83c173d-66a9-4c8a-beaf-3ce57b911a3b ce236c34059d4d0babda12e0bbe32b2e 0e5e868812414428a8f6c3218fbd1854 - - default default] Unable to schedule network 7a90aa25-1627-40b3-b288-0acf17276efe: no agents available; will retry on subsequent port and subnet creation events.
2026-05-19 04:08:31.536 9 INFO neutron.db.ovn_revision_numbers_db [req-53b46810-599b-4c53-85bf-71ed01dea4b3 req-d6c51f8a-2c63-4382-8fc1-60910d447397 87e5309f6beb4509a95934c79930b586 a5f3a76ffadc465eb384a449f970fe1c - - default default] Successfully bumped revision number for resource 30ad7de9-e427-40aa-8d5e-853b3d1bee8a (type: security_group_rules) to 0
2026-05-19 04:08:31.568 10 INFO neutron.db.ovn_revision_numbers_db [None req-c60378fa-0b93-4a26-adc3-5d1a2030ff7c - - - - - -] Successfully bumped revision number for resource 57dacb50-9a70-4e86-bf6e-084b172c19ec (type: router_ports) to 3
2026-05-19 04:08:31.571 9 INFO neutron.wsgi [req-53b46810-599b-4c53-85bf-71ed01dea4b3 req-d6c51f8a-2c63-4382-8fc1-60910d447397 87e5309f6beb4509a95934c79930b586 a5f3a76ffadc465eb384a449f970fe1c - - default default] 10.0.0.80 "POST /v2.0/security-group-rules HTTP/1.1" status: 201 len: 791 time: 0.1649983
2026-05-19 04:08:31.715 10 INFO neutron.wsgi [req-387cd1b0-52f0-44af-bf6c-41d33a67c2f6 req-b04005d3-927f-4cd9-9b1c-89256feb99d1 87e5309f6beb4509a95934c79930b586 a5f3a76ffadc465eb384a449f970fe1c - - default default] 10.0.0.80 "GET /v2.0/security-groups/90a33720-0096-4f0a-a1d8-26a1ff7f0d33 HTTP/1.1" status: 200 len: 3013 time: 0.1086442
2026-05-19 04:08:31.767 9 INFO neutron.wsgi [req-66e71ef1-58ce-4287-aed1-f19e7f56dc5c req-08c5d7e0-9143-4d26-b976-d04fe2091229 87e5309f6beb4509a95934c79930b586 a5f3a76ffadc465eb384a449f970fe1c - - default default] 10.0.0.80 "GET /v2.0/security-group-rules/30ad7de9-e427-40aa-8d5e-853b3d1bee8a HTTP/1.1" status: 200 len: 783 time: 0.0243666
2026-05-19 04:08:31.804 9 INFO neutron.wsgi [req-66e71ef1-58ce-4287-aed1-f19e7f56dc5c req-0c65c9bb-f5c9-44a0-8a6f-0f4e813e9d3e 87e5309f6beb4509a95934c79930b586 a5f3a76ffadc465eb384a449f970fe1c - - default default] 10.0.0.80 "GET /v2.0/security-groups/90a33720-0096-4f0a-a1d8-26a1ff7f0d33 HTTP/1.1" status: 200 len: 3013 time: 0.0284097
2026-05-19 04:08:31.937 9 INFO neutron.wsgi [req-66e71ef1-58ce-4287-aed1-f19e7f56dc5c req-42531ff1-0cd2-44ff-8ce4-987fc3feac4e 87e5309f6beb4509a95934c79930b586 a5f3a76ffadc465eb384a449f970fe1c - - default default] 10.0.0.80 "DELETE /v2.0/security-group-rules/30ad7de9-e427-40aa-8d5e-853b3d1bee8a HTTP/1.1" status: 204 len: 173 time: 0.1240571
2026-05-19 04:08:32.117 10 INFO neutron.db.ovn_revision_numbers_db [None req-c60378fa-0b93-4a26-adc3-5d1a2030ff7c - - - - - -] Successfully bumped revision number for resource 57dacb50-9a70-4e86-bf6e-084b172c19ec (type: ports) to 2
2026-05-19 04:08:32.143 10 INFO neutron.wsgi [req-1d788259-a04c-43f6-ac30-9eb9a1eea4b4 req-31fb8ad1-6b92-4d15-9d3d-dfe4c9ed5809 87e5309f6beb4509a95934c79930b586 a5f3a76ffadc465eb384a449f970fe1c - - default default] 10.0.0.80 "GET /v2.0/security-groups/90a33720-0096-4f0a-a1d8-26a1ff7f0d33 HTTP/1.1" status: 200 len: 2415 time: 0.0937068
2026-05-19 04:08:32.212 9 INFO neutron.plugins.ml2.drivers.ovn.mech_driver.ovsdb.ovsdb_monitor [None req-aa19efe0-5379-4903-94d8-48f6ce13ce21 - - - - - -] Router 0772fc06-56f5-4704-aa38-b35be7ee50c7 is bound to host instance
2026-05-19 04:08:32.299 10 INFO neutron.db.ovn_revision_numbers_db [None req-108e2766-4920-4fee-bdc5-4682855cffb9 ce236c34059d4d0babda12e0bbe32b2e 0e5e868812414428a8f6c3218fbd1854 - - default default] Successfully bumped revision number for resource 171c2bcb-52f5-4eeb-895a-b7ef562692f6 (type: router_ports) to 1
2026-05-19 04:08:32.477 10 INFO neutron.db.ovn_revision_numbers_db [None req-108e2766-4920-4fee-bdc5-4682855cffb9 ce236c34059d4d0babda12e0bbe32b2e 0e5e868812414428a8f6c3218fbd1854 - - default default] Successfully bumped revision number for resource 0772fc06-56f5-4704-aa38-b35be7ee50c7 (type: routers) to 2
2026-05-19 04:08:32.523 10 INFO neutron.wsgi [None req-108e2766-4920-4fee-bdc5-4682855cffb9 ce236c34059d4d0babda12e0bbe32b2e 0e5e868812414428a8f6c3218fbd1854 - - default default] 10.0.0.53 "POST /v2.0/routers HTTP/1.1" status: 201 len: 881 time: 4.0039358
2026-05-19 04:08:32.571 10 INFO neutron.wsgi [req-1d788259-a04c-43f6-ac30-9eb9a1eea4b4 req-753d259e-1d5c-4cca-8126-81ba99428f37 87e5309f6beb4509a95934c79930b586 a5f3a76ffadc465eb384a449f970fe1c - - default default] 10.0.0.80 "DELETE /v2.0/security-groups/90a33720-0096-4f0a-a1d8-26a1ff7f0d33 HTTP/1.1" status: 204 len: 173 time: 0.4170837
2026-05-19 04:08:32.796 10 INFO neutron.db.ovn_revision_numbers_db [None req-c60378fa-0b93-4a26-adc3-5d1a2030ff7c - - - - - -] Successfully bumped revision number for resource 57dacb50-9a70-4e86-bf6e-084b172c19ec (type: ports) to 4
2026-05-19 04:08:32.816 9 INFO neutron.wsgi [req-b225a490-6948-405d-a203-3ffbdff07629 req-81bb24cf-10d7-4234-9cbd-cc5365f9e88f 87e5309f6beb4509a95934c79930b586 a5f3a76ffadc465eb384a449f970fe1c - - default default] 10.0.0.80 "GET /v2.0/security-groups/2eb3f105-628d-40ff-9a46-bd8a085114d9 HTTP/1.1" status: 200 len: 2411 time: 0.0554407
2026-05-19 04:08:32.892 9 WARNING neutron.plugins.ml2.drivers.ovn.mech_driver.ovsdb.ovn_client [None req-8bac5458-4588-43bb-b5a9-3be57fee1436 - - - - - -] No hosting information found for port c78405c6-93c1-411c-8450-2a562031b74a: RuntimeError: No hosting information found for port c78405c6-93c1-411c-8450-2a562031b74a
2026-05-19 04:08:32.893 9 INFO neutron.plugins.ml2.drivers.ovn.mech_driver.mech_driver [None req-8bac5458-4588-43bb-b5a9-3be57fee1436 - - - - - -] OVN reports status up for port: 57dacb50-9a70-4e86-bf6e-084b172c19ec
2026-05-19 04:08:32.917 9 INFO neutron.plugins.ml2.plugin [None req-8bac5458-4588-43bb-b5a9-3be57fee1436 - - - - - -] Attempt 1 to provision port 57dacb50-9a70-4e86-bf6e-084b172c19ec
2026-05-19 04:08:32.962 10 INFO neutron.plugins.ml2.plugin [None req-c60378fa-0b93-4a26-adc3-5d1a2030ff7c - - - - - -] Attempt 1 to provision port 57dacb50-9a70-4e86-bf6e-084b172c19ec
2026-05-19 04:08:33.069 9 INFO neutron.db.ovn_revision_numbers_db [None req-aa19efe0-5379-4903-94d8-48f6ce13ce21 - - - - - -] Successfully bumped revision number for resource 171c2bcb-52f5-4eeb-895a-b7ef562692f6 (type: ports) to 1
2026-05-19 04:08:33.081 9 INFO neutron.plugins.ml2.drivers.ovn.mech_driver.mech_driver [None req-8bac5458-4588-43bb-b5a9-3be57fee1436 - - - - - -] OVN reports status up for port: dc52dadd-aca0-4753-ab71-22ace4a98969
2026-05-19 04:08:33.097 9 INFO neutron.plugins.ml2.plugin [None req-8bac5458-4588-43bb-b5a9-3be57fee1436 - - - - - -] Attempt 1 to provision port dc52dadd-aca0-4753-ab71-22ace4a98969
2026-05-19 04:08:33.102 9 INFO neutron.wsgi [req-b225a490-6948-405d-a203-3ffbdff07629 req-35e5068d-7513-4a80-9b1d-81ba5c480f9f 87e5309f6beb4509a95934c79930b586 a5f3a76ffadc465eb384a449f970fe1c - - default default] 10.0.0.80 "DELETE /v2.0/security-groups/2eb3f105-628d-40ff-9a46-bd8a085114d9 HTTP/1.1" status: 204 len: 173 time: 0.2792020
2026-05-19 04:08:33.472 10 INFO neutron.db.ovn_revision_numbers_db [None req-e15c1219-d7fd-4943-aaec-090c3e27c144 ce236c34059d4d0babda12e0bbe32b2e 0e5e868812414428a8f6c3218fbd1854 - - default default] Successfully bumped revision number for resource dc52dadd-aca0-4753-ab71-22ace4a98969 (type: router_ports) to 1
2026-05-19 04:08:33.474 10 INFO neutron.wsgi [None req-e15c1219-d7fd-4943-aaec-090c3e27c144 ce236c34059d4d0babda12e0bbe32b2e 0e5e868812414428a8f6c3218fbd1854 - - default default] 10.0.0.53 "PUT /v2.0/routers/7146b75e-6f59-4159-a30b-2f8bcbd1ece9/add_router_interface HTTP/1.1" status: 200 len: 503 time: 5.9001765
2026-05-19 04:08:33.501 10 INFO neutron.db.ovn_revision_numbers_db [None req-b83c173d-66a9-4c8a-beaf-3ce57b911a3b ce236c34059d4d0babda12e0bbe32b2e 0e5e868812414428a8f6c3218fbd1854 - - default default] Successfully bumped revision number for resource 28fdba6a-096b-40e5-9218-7e376af4d491 (type: router_ports) to 1
2026-05-19 04:08:33.503 10 INFO neutron.wsgi [None req-b83c173d-66a9-4c8a-beaf-3ce57b911a3b ce236c34059d4d0babda12e0bbe32b2e 0e5e868812414428a8f6c3218fbd1854 - - default default] 10.0.0.53 "PUT /v2.0/routers/f9a71c8a-6322-40d2-a7d3-6450dfd8976c/add_router_interface HTTP/1.1" status: 200 len: 503 time: 5.8666420
2026-05-19 04:08:33.594 10 INFO neutron.db.ovn_revision_numbers_db [None req-c60378fa-0b93-4a26-adc3-5d1a2030ff7c - - - - - -] Successfully bumped revision number for resource 57dacb50-9a70-4e86-bf6e-084b172c19ec (type: router_ports) to 4
2026-05-19 04:08:33.874 9 WARNING neutron.scheduler.dhcp_agent_scheduler [None req-d1d11613-2cca-4fe3-9058-01fd0620e937 ce236c34059d4d0babda12e0bbe32b2e 0e5e868812414428a8f6c3218fbd1854 - - default default] No more DHCP agents
2026-05-19 04:08:33.886 9 WARNING neutron.api.rpc.agentnotifiers.dhcp_rpc_agent_api [None req-d1d11613-2cca-4fe3-9058-01fd0620e937 ce236c34059d4d0babda12e0bbe32b2e 0e5e868812414428a8f6c3218fbd1854 - - default default] Unable to schedule network ce2abfa5-ba05-4992-819b-6d3a129be4b3: no agents available; will retry on subsequent port and subnet creation events.
2026-05-19 04:08:33.992 9 INFO neutron.db.ovn_revision_numbers_db [None req-aa19efe0-5379-4903-94d8-48f6ce13ce21 - - - - - -] Successfully bumped revision number for resource 171c2bcb-52f5-4eeb-895a-b7ef562692f6 (type: router_ports) to 3
2026-05-19 04:08:34.128 10 INFO neutron.db.ovn_revision_numbers_db [req-89077e1a-698d-4e1c-ab20-5fc379380639 req-96019932-c86c-436b-ab24-1907ecc6c267 51e4636b5efb434ea13d26ada1977b47 6259a47dba6142d29307edc2b89b69d2 - - default default] Successfully bumped revision number for resource 6c2f291e-c6e7-49bf-bace-f079fbf59a11 (type: security_groups) to 1
2026-05-19 04:08:34.143 10 INFO neutron.db.ovn_revision_numbers_db [req-89077e1a-698d-4e1c-ab20-5fc379380639 req-96019932-c86c-436b-ab24-1907ecc6c267 51e4636b5efb434ea13d26ada1977b47 6259a47dba6142d29307edc2b89b69d2 - - default default] Successfully bumped revision number for resource 1077bea0-b35c-4d82-98a8-368867e0b5c2 (type: security_group_rules) to 0
2026-05-19 04:08:34.149 9 INFO neutron.db.ovn_revision_numbers_db [None req-8bac5458-4588-43bb-b5a9-3be57fee1436 - - - - - -] Successfully bumped revision number for resource dc52dadd-aca0-4753-ab71-22ace4a98969 (type: ports) to 2
2026-05-19 04:08:34.173 10 INFO neutron.db.ovn_revision_numbers_db [req-89077e1a-698d-4e1c-ab20-5fc379380639 req-96019932-c86c-436b-ab24-1907ecc6c267 51e4636b5efb434ea13d26ada1977b47 6259a47dba6142d29307edc2b89b69d2 - - default default] Successfully bumped revision number for resource 5354457f-d464-48bb-af11-6d908f6ee68e (type: security_group_rules) to 0
2026-05-19 04:08:34.196 10 INFO neutron.wsgi [req-89077e1a-698d-4e1c-ab20-5fc379380639 req-96019932-c86c-436b-ab24-1907ecc6c267 51e4636b5efb434ea13d26ada1977b47 6259a47dba6142d29307edc2b89b69d2 - - default default] 10.0.0.80 "POST /v2.0/security-groups HTTP/1.1" status: 201 len: 1823 time: 0.2005086
2026-05-19 04:08:34.252 10 INFO neutron.db.ovn_revision_numbers_db [None req-9e0d0e12-31f5-4bdd-8880-56b009ce0cd0 13ba675076b345e9973177c3d0cf0f76 aaea1624e4704eb188c7dc1771a906fd - - default default] Successfully bumped revision number for resource 0341a113-4c8d-4f98-a331-6aaf3ef046f5 (type: security_groups) to 1
2026-05-19 04:08:34.274 10 INFO neutron.db.ovn_revision_numbers_db [None req-9e0d0e12-31f5-4bdd-8880-56b009ce0cd0 13ba675076b345e9973177c3d0cf0f76 aaea1624e4704eb188c7dc1771a906fd - - default default] Successfully bumped revision number for resource 134e7f8e-a6ae-4ce0-b6a1-2cb35ea9663a (type: security_group_rules) to 0
2026-05-19 04:08:34.274 9 INFO neutron.db.ovn_revision_numbers_db [None req-d1d11613-2cca-4fe3-9058-01fd0620e937 ce236c34059d4d0babda12e0bbe32b2e 0e5e868812414428a8f6c3218fbd1854 - - default default] Successfully bumped revision number for resource 0a56b35b-b173-44a3-b04c-7251b418c511 (type: ports) to 1
2026-05-19 04:08:34.287 10 INFO neutron.db.ovn_revision_numbers_db [None req-9e0d0e12-31f5-4bdd-8880-56b009ce0cd0 13ba675076b345e9973177c3d0cf0f76 aaea1624e4704eb188c7dc1771a906fd - - default default] Successfully bumped revision number for resource 65b543ea-6c0c-4fad-b7b8-526729d98048 (type: security_group_rules) to 0
2026-05-19 04:08:34.314 10 INFO neutron.wsgi [None req-9e0d0e12-31f5-4bdd-8880-56b009ce0cd0 13ba675076b345e9973177c3d0cf0f76 aaea1624e4704eb188c7dc1771a906fd - - default default] 10.0.0.53 "POST /v2.0/security-groups HTTP/1.1" status: 201 len: 1796 time: 0.2323315
2026-05-19 04:08:34.423 9 INFO neutron.db.ovn_revision_numbers_db [None req-aa19efe0-5379-4903-94d8-48f6ce13ce21 - - - - - -] Successfully bumped revision number for resource 171c2bcb-52f5-4eeb-895a-b7ef562692f6 (type: ports) to 2
2026-05-19 04:08:34.439 10 INFO neutron.db.ovn_revision_numbers_db [None req-ecc7f15e-2980-4f52-9ef4-0ae462d1ddee 13ba675076b345e9973177c3d0cf0f76 aaea1624e4704eb188c7dc1771a906fd - - default default] Successfully bumped revision number for resource 76b27ae8-0dd4-4ec5-a2be-747091dced78 (type: security_group_rules) to 0
2026-05-19 04:08:34.470 10 INFO neutron.wsgi [None req-ecc7f15e-2980-4f52-9ef4-0ae462d1ddee 13ba675076b345e9973177c3d0cf0f76 aaea1624e4704eb188c7dc1771a906fd - - default default] 10.0.0.53 "POST /v2.0/security-group-rules HTTP/1.1" status: 201 len: 764 time: 0.1504941
2026-05-19 04:08:34.483 9 INFO neutron.db.ovn_revision_numbers_db [None req-8bac5458-4588-43bb-b5a9-3be57fee1436 - - - - - -] Successfully bumped revision number for resource dc52dadd-aca0-4753-ab71-22ace4a98969 (type: router_ports) to 2
2026-05-19 04:08:34.583 10 INFO neutron.db.ovn_revision_numbers_db [None req-5373d23e-4833-4776-b416-e42e2611cc3a 13ba675076b345e9973177c3d0cf0f76 aaea1624e4704eb188c7dc1771a906fd - - default default] Successfully bumped revision number for resource fe8217e7-f59b-433e-9572-23c9cb762580 (type: security_group_rules) to 0
2026-05-19 04:08:34.602 9 INFO neutron.db.ovn_revision_numbers_db [req-0ea0b7b2-4686-412a-8b0d-5fc7233ede2f req-130043e0-135d-4876-975d-faa22d010e1d 51e4636b5efb434ea13d26ada1977b47 6259a47dba6142d29307edc2b89b69d2 - - default default] Successfully bumped revision number for resource 296453ca-092d-47db-b562-1e56c77279e2 (type: security_groups) to 1
2026-05-19 04:08:34.610 10 INFO neutron.wsgi [None req-5373d23e-4833-4776-b416-e42e2611cc3a 13ba675076b345e9973177c3d0cf0f76 aaea1624e4704eb188c7dc1771a906fd - - default default] 10.0.0.53 "POST /v2.0/security-group-rules HTTP/1.1" status: 201 len: 769 time: 0.1349943
2026-05-19 04:08:34.656 9 INFO neutron.db.ovn_revision_numbers_db [req-0ea0b7b2-4686-412a-8b0d-5fc7233ede2f req-130043e0-135d-4876-975d-faa22d010e1d 51e4636b5efb434ea13d26ada1977b47 6259a47dba6142d29307edc2b89b69d2 - - default default] Successfully bumped revision number for resource 3a398a6a-740c-49fb-8b4a-7183674885fc (type: security_group_rules) to 0
2026-05-19 04:08:34.822 9 INFO neutron.db.ovn_revision_numbers_db [req-0ea0b7b2-4686-412a-8b0d-5fc7233ede2f req-130043e0-135d-4876-975d-faa22d010e1d 51e4636b5efb434ea13d26ada1977b47 6259a47dba6142d29307edc2b89b69d2 - - default default] Successfully bumped revision number for resource 7cdcf991-2bd6-4762-8270-d9eb40bc12e0 (type: security_group_rules) to 0
2026-05-19 04:08:34.855 9 INFO neutron.wsgi [req-0ea0b7b2-4686-412a-8b0d-5fc7233ede2f req-130043e0-135d-4876-975d-faa22d010e1d 51e4636b5efb434ea13d26ada1977b47 6259a47dba6142d29307edc2b89b69d2 - - default default] 10.0.0.80 "POST /v2.0/security-groups HTTP/1.1" status: 201 len: 1822 time: 0.6260042
2026-05-19 04:08:35.086 9 INFO neutron.db.ovn_revision_numbers_db [None req-aa19efe0-5379-4903-94d8-48f6ce13ce21 - - - - - -] Successfully bumped revision number for resource 171c2bcb-52f5-4eeb-895a-b7ef562692f6 (type: ports) to 4
2026-05-19 04:08:35.098 10 WARNING neutron.scheduler.dhcp_agent_scheduler [None req-e21d3387-7332-46b4-b6a8-21b4c264e4ae 13ba675076b345e9973177c3d0cf0f76 aaea1624e4704eb188c7dc1771a906fd - - default default] No more DHCP agents
2026-05-19 04:08:35.102 10 WARNING neutron.api.rpc.agentnotifiers.dhcp_rpc_agent_api [None req-e21d3387-7332-46b4-b6a8-21b4c264e4ae 13ba675076b345e9973177c3d0cf0f76 aaea1624e4704eb188c7dc1771a906fd - - default default] Unable to schedule network e18f6192-7bae-4335-85f7-38be0ae35f75: no agents available; will retry on subsequent port and subnet creation events.
2026-05-19 04:08:35.289 10 INFO neutron.db.ovn_revision_numbers_db [req-c0c33af7-462c-423d-b676-7b82d6968735 req-5201f61a-5770-4616-89a2-aec10ffd8f9e 51e4636b5efb434ea13d26ada1977b47 6259a47dba6142d29307edc2b89b69d2 - - default default] Successfully bumped revision number for resource ba87e05f-aa37-4800-ac59-ece747948d1f (type: security_groups) to 1
2026-05-19 04:08:35.298 9 INFO neutron.db.ovn_revision_numbers_db [None req-d1d11613-2cca-4fe3-9058-01fd0620e937 ce236c34059d4d0babda12e0bbe32b2e 0e5e868812414428a8f6c3218fbd1854 - - default default] Successfully bumped revision number for resource 0a56b35b-b173-44a3-b04c-7251b418c511 (type: router_ports) to 1
2026-05-19 04:08:35.320 10 INFO neutron.db.ovn_revision_numbers_db [req-c0c33af7-462c-423d-b676-7b82d6968735 req-5201f61a-5770-4616-89a2-aec10ffd8f9e 51e4636b5efb434ea13d26ada1977b47 6259a47dba6142d29307edc2b89b69d2 - - default default] Successfully bumped revision number for resource 56531467-fa3a-4a39-82e5-c536028c5125 (type: security_group_rules) to 0
2026-05-19 04:08:35.334 10 INFO neutron.db.ovn_revision_numbers_db [req-c0c33af7-462c-423d-b676-7b82d6968735 req-5201f61a-5770-4616-89a2-aec10ffd8f9e 51e4636b5efb434ea13d26ada1977b47 6259a47dba6142d29307edc2b89b69d2 - - default default] Successfully bumped revision number for resource ea53911f-1cfc-41d4-b2e8-4fc19741c296 (type: security_group_rules) to 0
2026-05-19 04:08:35.359 10 INFO neutron.wsgi [req-c0c33af7-462c-423d-b676-7b82d6968735 req-5201f61a-5770-4616-89a2-aec10ffd8f9e 51e4636b5efb434ea13d26ada1977b47 6259a47dba6142d29307edc2b89b69d2 - - default default] 10.0.0.80 "POST /v2.0/security-groups HTTP/1.1" status: 201 len: 1822 time: 0.3059866
2026-05-19 04:08:35.458 10 INFO neutron.db.ovn_revision_numbers_db [None req-e21d3387-7332-46b4-b6a8-21b4c264e4ae 13ba675076b345e9973177c3d0cf0f76 aaea1624e4704eb188c7dc1771a906fd - - default default] Successfully bumped revision number for resource 44d70864-1489-4877-83b7-85b3129847d3 (type: floatingips) to 0
2026-05-19 04:08:35.473 10 INFO neutron.wsgi [None req-e21d3387-7332-46b4-b6a8-21b4c264e4ae 13ba675076b345e9973177c3d0cf0f76 aaea1624e4704eb188c7dc1771a906fd - - default default] 10.0.0.53 "POST /v2.0/floatingips HTTP/1.1" status: 201 len: 751 time: 0.8577936
2026-05-19 04:08:35.497 9 INFO neutron.wsgi [req-1b3e0254-048d-4954-b039-8be333ba3fa3 req-2a2d2f7a-3788-4111-991e-47f16a01e2b6 51e4636b5efb434ea13d26ada1977b47 6259a47dba6142d29307edc2b89b69d2 - - default default] 10.0.0.80 "GET /v2.0/security-groups?tenant_id=6259a47dba6142d29307edc2b89b69d2 HTTP/1.1" status: 200 len: 7795 time: 0.1072617
2026-05-19 04:08:35.589 9 INFO neutron.wsgi [req-1b3e0254-048d-4954-b039-8be333ba3fa3 req-7fd15520-14b6-4abf-aa26-76a8d9464dfa 51e4636b5efb434ea13d26ada1977b47 6259a47dba6142d29307edc2b89b69d2 - - default default] 10.0.0.80 "GET /v2.0/security-groups/1493ba92-113a-4983-a1cd-e67641c53631 HTTP/1.1" status: 200 len: 2994 time: 0.0699470
2026-05-19 04:08:35.592 9 INFO neutron.db.ovn_revision_numbers_db [None req-aa19efe0-5379-4903-94d8-48f6ce13ce21 - - - - - -] Successfully bumped revision number for resource 171c2bcb-52f5-4eeb-895a-b7ef562692f6 (type: router_ports) to 4
2026-05-19 04:08:35.608 9 INFO neutron.db.ovn_revision_numbers_db [None req-d1d11613-2cca-4fe3-9058-01fd0620e937 ce236c34059d4d0babda12e0bbe32b2e 0e5e868812414428a8f6c3218fbd1854 - - default default] Successfully bumped revision number for resource 0a56b35b-b173-44a3-b04c-7251b418c511 (type: ports) to 1
2026-05-19 04:08:35.824 9 INFO neutron.wsgi [req-1b3e0254-048d-4954-b039-8be333ba3fa3 req-fd5a9da6-9516-4aa5-8eda-3acad03695d0 51e4636b5efb434ea13d26ada1977b47 6259a47dba6142d29307edc2b89b69d2 - - default default] 10.0.0.80 "GET /v2.0/security-groups/1493ba92-113a-4983-a1cd-e67641c53631 HTTP/1.1" status: 200 len: 2994 time: 0.2255287
2026-05-19 04:08:35.901 9 WARNING neutron.scheduler.dhcp_agent_scheduler [None req-d1d11613-2cca-4fe3-9058-01fd0620e937 ce236c34059d4d0babda12e0bbe32b2e 0e5e868812414428a8f6c3218fbd1854 - - default default] No more DHCP agents
2026-05-19 04:08:35.906 9 INFO neutron.wsgi [req-f5ff5f0b-ebf1-4e1d-9688-95abea23cc12 req-3e6ae189-5889-47a3-bd2e-ee2ebc560466 51e4636b5efb434ea13d26ada1977b47 6259a47dba6142d29307edc2b89b69d2 - - default default] 10.0.0.80 "GET /v2.0/security-groups/6c2f291e-c6e7-49bf-bace-f079fbf59a11 HTTP/1.1" status: 200 len: 1818 time: 0.0524693
2026-05-19 04:08:35.907 9 WARNING neutron.api.rpc.agentnotifiers.dhcp_rpc_agent_api [None req-d1d11613-2cca-4fe3-9058-01fd0620e937 ce236c34059d4d0babda12e0bbe32b2e 0e5e868812414428a8f6c3218fbd1854 - - default default] Unable to schedule network ce2abfa5-ba05-4992-819b-6d3a129be4b3: no agents available; will retry on subsequent port and subnet creation events.
2026-05-19 04:08:35.967 10 INFO neutron.wsgi [req-3119eec0-2720-4c8a-aca4-9293af4e6554 req-b753a6ac-7e0b-49b5-86db-057ccae1a082 13ba675076b345e9973177c3d0cf0f76 aaea1624e4704eb188c7dc1771a906fd - - default default] 10.0.0.80 "GET /v2.0/security-groups?name=tempest-securitygroup--1209363999&fields=id&tenant_id=aaea1624e4704eb188c7dc1771a906fd HTTP/1.1" status: 200 len: 267 time: 0.0603452
2026-05-19 04:08:36.063 10 INFO neutron.wsgi [req-3119eec0-2720-4c8a-aca4-9293af4e6554 req-7321673d-2500-449c-84cd-6004155b1c19 13ba675076b345e9973177c3d0cf0f76 aaea1624e4704eb188c7dc1771a906fd - - default default] 10.0.0.80 "GET /v2.0/networks?id=7a90aa25-1627-40b3-b288-0acf17276efe HTTP/1.1" status: 200 len: 874 time: 0.0882745
2026-05-19 04:08:36.080 10 INFO neutron.wsgi [req-3119eec0-2720-4c8a-aca4-9293af4e6554 req-92ecdcb1-0177-4f72-ae93-081e0b21e5de 13ba675076b345e9973177c3d0cf0f76 aaea1624e4704eb188c7dc1771a906fd - - default default] 10.0.0.80 "GET /v2.0/quotas/aaea1624e4704eb188c7dc1771a906fd HTTP/1.1" status: 200 len: 386 time: 0.0081072
2026-05-19 04:08:36.108 9 INFO neutron.wsgi [None req-f7efeb44-5502-4e0e-9ce1-9daa1f55d8db ce236c34059d4d0babda12e0bbe32b2e 0e5e868812414428a8f6c3218fbd1854 - - default default] 10.0.0.53 "PUT /v2.0/routers/aa74aae8-57e2-43ce-be56-b9a75bb52f43/remove_router_interface HTTP/1.1" status: 200 len: 503 time: 2.9773896
2026-05-19 04:08:36.143 9 INFO neutron.wsgi [req-f5ff5f0b-ebf1-4e1d-9688-95abea23cc12 req-a20af86c-b513-4f97-9e9e-f485c7a73568 51e4636b5efb434ea13d26ada1977b47 6259a47dba6142d29307edc2b89b69d2 - - default default] 10.0.0.80 "DELETE /v2.0/security-groups/6c2f291e-c6e7-49bf-bace-f079fbf59a11 HTTP/1.1" status: 204 len: 173 time: 0.2244608 /var/lib/openstack/lib/python3.10/site-packages/pycadf/identifier.py:71: UserWarning: Invalid uuid: neutron. To ensure interoperability, identifiers should be a valid uuid. warnings.warn(('Invalid uuid: %s. To ensure interoperability, '
2026-05-19 04:08:36.183 9 INFO neutron.api.v2.resource [req-5475eea4-194b-4a28-8311-004d2c188bbe req-f8bf55d8-e3f9-4088-be81-a102cf1dd3aa 51e4636b5efb434ea13d26ada1977b47 6259a47dba6142d29307edc2b89b69d2 - - default default] show failed (client error): The resource could not be found.
2026-05-19 04:08:36.184 9 INFO neutron.wsgi [req-5475eea4-194b-4a28-8311-004d2c188bbe req-f8bf55d8-e3f9-4088-be81-a102cf1dd3aa 51e4636b5efb434ea13d26ada1977b47 6259a47dba6142d29307edc2b89b69d2 - - default default] 10.0.0.80 "GET /v2.0/security-groups/6c2f291e-c6e7-49bf-bace-f079fbf59a11 HTTP/1.1" status: 404 len: 352 time: 0.0174742
2026-05-19 04:08:36.218 10 INFO neutron.wsgi [req-3119eec0-2720-4c8a-aca4-9293af4e6554 req-3769e612-4129-4acd-a9fd-c4a5bebe09c7 13ba675076b345e9973177c3d0cf0f76 aaea1624e4704eb188c7dc1771a906fd - - default default] 10.0.0.80 "GET /v2.0/ports?tenant_id=aaea1624e4704eb188c7dc1771a906fd&fields=id HTTP/1.1" status: 200 len: 302 time: 0.1343586
2026-05-19 04:08:36.246 9 INFO neutron.wsgi [req-c6da7c8c-9a0b-44a1-a448-edd7bc705ac0 req-293b2dcd-9c98-4834-b706-b6f5a0280f75 51e4636b5efb434ea13d26ada1977b47 6259a47dba6142d29307edc2b89b69d2 - - default default] 10.0.0.80 "GET /v2.0/security-groups/296453ca-092d-47db-b562-1e56c77279e2 HTTP/1.1" status: 200 len: 1817 time: 0.0380173
2026-05-19 04:08:36.396 9 INFO neutron.wsgi [req-c6da7c8c-9a0b-44a1-a448-edd7bc705ac0 req-9d66b7a1-5816-4580-a609-3d3338c730a6 51e4636b5efb434ea13d26ada1977b47 6259a47dba6142d29307edc2b89b69d2 - - default default] 10.0.0.80 "DELETE /v2.0/security-groups/296453ca-092d-47db-b562-1e56c77279e2 HTTP/1.1" status: 204 len: 173 time: 0.1382506
2026-05-19 04:08:36.432 9 INFO neutron.api.v2.resource [req-743b2cb6-0a25-4c70-a059-fa8adb63f2e2 req-65abd448-dd8a-4d0a-b78d-f0332e1f6681 51e4636b5efb434ea13d26ada1977b47 6259a47dba6142d29307edc2b89b69d2 - - default default] show failed (client error): The resource could not be found.
2026-05-19 04:08:36.433 9 INFO neutron.wsgi [req-743b2cb6-0a25-4c70-a059-fa8adb63f2e2 req-65abd448-dd8a-4d0a-b78d-f0332e1f6681 51e4636b5efb434ea13d26ada1977b47 6259a47dba6142d29307edc2b89b69d2 - - default default] 10.0.0.80 "GET /v2.0/security-groups/296453ca-092d-47db-b562-1e56c77279e2 HTTP/1.1" status: 404 len: 352 time: 0.0104942
2026-05-19 04:08:36.486 9 INFO neutron.wsgi [req-84faee18-1da4-47a3-b413-945599a97a06 req-7a783228-fcac-4e65-a13c-bca5ca1f0bd9 51e4636b5efb434ea13d26ada1977b47 6259a47dba6142d29307edc2b89b69d2 - - default default] 10.0.0.80 "GET /v2.0/security-groups/ba87e05f-aa37-4800-ac59-ece747948d1f HTTP/1.1" status: 200 len: 1817 time: 0.0357170
2026-05-19 04:08:36.629 9 INFO neutron.wsgi [req-84faee18-1da4-47a3-b413-945599a97a06 req-c16d17bb-e9d4-4b3c-956a-fc8f94d1b9b0 51e4636b5efb434ea13d26ada1977b47 6259a47dba6142d29307edc2b89b69d2 - - default default] 10.0.0.80 "DELETE /v2.0/security-groups/ba87e05f-aa37-4800-ac59-ece747948d1f HTTP/1.1" status: 204 len: 173 time: 0.1354823
2026-05-19 04:08:36.676 9 INFO neutron.api.v2.resource [req-ef8eeaf9-ae2c-41f2-a647-8c50d06bf167 req-f0ef7168-d141-46ba-ae91-2a7097ff1dd1 51e4636b5efb434ea13d26ada1977b47 6259a47dba6142d29307edc2b89b69d2 - - default default] show failed (client error): The resource could not be found.
2026-05-19 04:08:36.677 9 INFO neutron.wsgi [req-ef8eeaf9-ae2c-41f2-a647-8c50d06bf167 req-f0ef7168-d141-46ba-ae91-2a7097ff1dd1 51e4636b5efb434ea13d26ada1977b47 6259a47dba6142d29307edc2b89b69d2 - - default default] 10.0.0.80 "GET /v2.0/security-groups/ba87e05f-aa37-4800-ac59-ece747948d1f HTTP/1.1" status: 404 len: 352 time: 0.0214896
2026-05-19 04:08:36.688 9 INFO neutron.db.ovn_revision_numbers_db [None req-d1d11613-2cca-4fe3-9058-01fd0620e937 ce236c34059d4d0babda12e0bbe32b2e 0e5e868812414428a8f6c3218fbd1854 - - default default] Successfully bumped revision number for resource 0a56b35b-b173-44a3-b04c-7251b418c511 (type: router_ports) to 1
2026-05-19 04:08:36.691 9 INFO neutron.wsgi [None req-d1d11613-2cca-4fe3-9058-01fd0620e937 ce236c34059d4d0babda12e0bbe32b2e 0e5e868812414428a8f6c3218fbd1854 - - default default] 10.0.0.53 "PUT /v2.0/routers/0772fc06-56f5-4704-aa38-b35be7ee50c7/add_router_interface HTTP/1.1" status: 200 len: 503 time: 4.1607513
2026-05-19 04:08:36.735 9 INFO neutron.wsgi [req-392a87a9-f9af-48a0-a1cd-c4b50d18f70c req-c3bc40ae-0840-4f63-a17b-061fee43e6b7 51e4636b5efb434ea13d26ada1977b47 6259a47dba6142d29307edc2b89b69d2 - - default default] 10.0.0.80 "GET /v2.0/security-groups?tenant_id=6259a47dba6142d29307edc2b89b69d2 HTTP/1.1" status: 200 len: 2997 time: 0.0345635
2026-05-19 04:08:36.742 10 INFO neutron.wsgi [req-3119eec0-2720-4c8a-aca4-9293af4e6554 req-6232d563-8d57-4c1e-8e1e-da0b2f22461d d90ddc0e36f442ef969eeefc0e8a65a0 aa99a1b2c8464a0190733132f1fde0e0 - - 90f575837326456b8ab9bf10c47d7749 90f575837326456b8ab9bf10c47d7749] 10.0.0.80 "GET /v2.0/extensions HTTP/1.1" status: 200 len: 16525 time: 0.1925309
2026-05-19 04:08:36.780 9 INFO neutron.wsgi [req-392a87a9-f9af-48a0-a1cd-c4b50d18f70c req-c75fd8ce-000c-4075-bc1f-ce005bbc986d 51e4636b5efb434ea13d26ada1977b47 6259a47dba6142d29307edc2b89b69d2 - - default default] 10.0.0.80 "GET /v2.0/security-groups/1493ba92-113a-4983-a1cd-e67641c53631 HTTP/1.1" status: 200 len: 2994 time: 0.0363777
2026-05-19 04:08:36.819 9 INFO neutron.wsgi [req-392a87a9-f9af-48a0-a1cd-c4b50d18f70c req-6454f787-b9d3-429a-9219-8ef9a1ad8349 51e4636b5efb434ea13d26ada1977b47 6259a47dba6142d29307edc2b89b69d2 - - default default] 10.0.0.80 "GET /v2.0/security-groups/1493ba92-113a-4983-a1cd-e67641c53631 HTTP/1.1" status: 200 len: 2994 time: 0.0293574
2026-05-19 04:08:36.856 9 INFO neutron.api.v2.resource [req-ebc26207-53f9-4019-a6a2-ae54b238913a req-267d0d3f-aa81-442c-ad3f-2c02cba0752e 51e4636b5efb434ea13d26ada1977b47 6259a47dba6142d29307edc2b89b69d2 - - default default] show failed (client error): The resource could not be found.
2026-05-19 04:08:36.856 10 INFO neutron.wsgi [req-3119eec0-2720-4c8a-aca4-9293af4e6554 req-9afbe587-c410-49d2-91de-8fec4dce0409 d90ddc0e36f442ef969eeefc0e8a65a0 aa99a1b2c8464a0190733132f1fde0e0 - - 90f575837326456b8ab9bf10c47d7749 90f575837326456b8ab9bf10c47d7749] 10.0.0.80 "GET /v2.0/networks/7a90aa25-1627-40b3-b288-0acf17276efe?fields=segments HTTP/1.1" status: 200 len: 212 time: 0.1055410
