2026-05-19 04:11:01.720 9 INFO neutron.db.ovn_revision_numbers_db [None req-aa19efe0-5379-4903-94d8-48f6ce13ce21 - - - - - -] Successfully bumped revision number for resource d14ca064-c92e-4218-b62d-dd0d7e16f1ae (type: ports) to 4
2026-05-19 04:11:01.722 9 INFO neutron.db.ovn_revision_numbers_db [None req-034af7d0-030b-4747-8ea3-1bedc92865a2 f861119eb0924eb8a5ecaf94c6dcc5a3 ac82bda9158e4c30a38103e4e9fad327 - - default default] Successfully bumped revision number for resource c9f4d66f-1cff-494f-8fd0-0b2ea3668305 (type: subnets) to 0
2026-05-19 04:11:01.740 9 INFO neutron.wsgi [None req-034af7d0-030b-4747-8ea3-1bedc92865a2 f861119eb0924eb8a5ecaf94c6dcc5a3 ac82bda9158e4c30a38103e4e9fad327 - - default default] 10.0.0.53 "POST /v2.0/subnets HTTP/1.1" status: 201 len: 830 time: 1.4019978
2026-05-19 04:11:01.972 9 INFO neutron.db.ovn_revision_numbers_db [None req-aa19efe0-5379-4903-94d8-48f6ce13ce21 - - - - - -] Successfully bumped revision number for resource d14ca064-c92e-4218-b62d-dd0d7e16f1ae (type: router_ports) to 4
2026-05-19 04:11:02.285 10 WARNING neutron.scheduler.dhcp_agent_scheduler [None req-7ff44888-9d06-4f5f-a66d-5862da429ba0 f861119eb0924eb8a5ecaf94c6dcc5a3 ac82bda9158e4c30a38103e4e9fad327 - - default default] No more DHCP agents
2026-05-19 04:11:02.287 10 WARNING neutron.api.rpc.agentnotifiers.dhcp_rpc_agent_api [None req-7ff44888-9d06-4f5f-a66d-5862da429ba0 f861119eb0924eb8a5ecaf94c6dcc5a3 ac82bda9158e4c30a38103e4e9fad327 - - default default] Unable to schedule network 0fc1ebaa-363d-4591-9a5c-472bfc260d00: no agents available; will retry on subsequent port and subnet creation events.
2026-05-19 04:11:02.428 9 INFO neutron.wsgi [None req-fe71d80e-11d4-4a21-8c2a-a3359ca04674 d266e6a694bd4ff89d6824927e47ff6c b60654791cd248c688e26c6e58ed888d - - default default] 10.0.0.53 "PUT /v2.0/routers/ebb7f5f2-bbfe-41c5-b2de-d106884c91c8/remove_router_interface HTTP/1.1" status: 200 len: 503 time: 0.7613852 /var/lib/openstack/lib/python3.10/site-packages/pycadf/identifier.py:71: UserWarning: Invalid uuid: neutron. To ensure interoperability, identifiers should be a valid uuid. warnings.warn(('Invalid uuid: %s. To ensure interoperability, '
2026-05-19 04:11:02.457 9 INFO neutron.wsgi [None req-a75f3b7a-2d39-4237-adb7-3e93fe6e7f81 d266e6a694bd4ff89d6824927e47ff6c b60654791cd248c688e26c6e58ed888d - - default default] 10.0.0.53 "GET /v2.0/ports?device_id=ebb7f5f2-bbfe-41c5-b2de-d106884c91c8 HTTP/1.1" status: 200 len: 205 time: 0.0247669
2026-05-19 04:11:02.513 10 INFO neutron.db.ovn_revision_numbers_db [None req-7ff44888-9d06-4f5f-a66d-5862da429ba0 f861119eb0924eb8a5ecaf94c6dcc5a3 ac82bda9158e4c30a38103e4e9fad327 - - default default] Successfully bumped revision number for resource d391019b-a8d6-4952-9eb6-be02d73a9002 (type: ports) to 1
2026-05-19 04:11:02.670 9 INFO neutron.wsgi [None req-04eb90b9-edc2-47a8-bf28-71ea3a1cfe30 d266e6a694bd4ff89d6824927e47ff6c b60654791cd248c688e26c6e58ed888d - - default default] 10.0.0.53 "DELETE /v2.0/routers/ebb7f5f2-bbfe-41c5-b2de-d106884c91c8 HTTP/1.1" status: 204 len: 168 time: 0.2061689
2026-05-19 04:11:02.895 9 INFO neutron.wsgi [None req-17034725-4096-4b99-918b-f041529b702d d266e6a694bd4ff89d6824927e47ff6c b60654791cd248c688e26c6e58ed888d - - default default] 10.0.0.53 "DELETE /v2.0/subnets/d981d55b-954d-4d60-aae5-e19624682367 HTTP/1.1" status: 204 len: 168 time: 0.2186317
2026-05-19 04:11:03.070 10 INFO neutron.db.ovn_revision_numbers_db [None req-7ff44888-9d06-4f5f-a66d-5862da429ba0 f861119eb0924eb8a5ecaf94c6dcc5a3 ac82bda9158e4c30a38103e4e9fad327 - - default default] Successfully bumped revision number for resource d391019b-a8d6-4952-9eb6-be02d73a9002 (type: router_ports) to 1
2026-05-19 04:11:03.240 10 INFO neutron.db.ovn_revision_numbers_db [None req-7ff44888-9d06-4f5f-a66d-5862da429ba0 f861119eb0924eb8a5ecaf94c6dcc5a3 ac82bda9158e4c30a38103e4e9fad327 - - default default] Successfully bumped revision number for resource d391019b-a8d6-4952-9eb6-be02d73a9002 (type: ports) to 1
2026-05-19 04:11:03.247 9 INFO neutron.services.segments.plugin [-] Segment 211da0c6-c08b-4095-b76a-5eb05e4aabb4 resource provider aggregate not found
2026-05-19 04:11:03.252 9 INFO neutron.services.segments.plugin [-] Segment 211da0c6-c08b-4095-b76a-5eb05e4aabb4 resource provider aggregate not found
2026-05-19 04:11:03.266 9 INFO neutron.services.segments.plugin [-] Segment 211da0c6-c08b-4095-b76a-5eb05e4aabb4 resource provider not found; error: Placement Client Error (4xx): {"errors": [{"status": 404, "title": "Not Found", "detail": "The resource could not be found.\n\n No resource provider with uuid 211da0c6-c08b-4095-b76a-5eb05e4aabb4 found for delete ", "request_id": "req-ec0aacb7-6140-4287-af61-b856c97dafd2"}]}
2026-05-19 04:11:03.267 9 INFO neutron.services.segments.plugin [-] Segment 211da0c6-c08b-4095-b76a-5eb05e4aabb4 resource provider not found; error: Placement Client Error (4xx): {"errors": [{"status": 404, "title": "Not Found", "detail": "The resource could not be found.\n\n No resource provider with uuid 211da0c6-c08b-4095-b76a-5eb05e4aabb4 found for delete ", "request_id": "req-305d6b64-2c6f-4f28-8e22-ae425e05e7e4"}]}
2026-05-19 04:11:03.293 9 INFO neutron.wsgi [None req-fb05e60d-290f-4a78-9dc7-fd96e3b55251 d266e6a694bd4ff89d6824927e47ff6c b60654791cd248c688e26c6e58ed888d - - default default] 10.0.0.53 "DELETE /v2.0/networks/85b018d1-c83f-489d-9a6b-ca9b333255cb HTTP/1.1" status: 204 len: 168 time: 0.3926454
2026-05-19 04:11:03.337 10 WARNING neutron.scheduler.dhcp_agent_scheduler [None req-7ff44888-9d06-4f5f-a66d-5862da429ba0 f861119eb0924eb8a5ecaf94c6dcc5a3 ac82bda9158e4c30a38103e4e9fad327 - - default default] No more DHCP agents
2026-05-19 04:11:03.338 10 WARNING neutron.api.rpc.agentnotifiers.dhcp_rpc_agent_api [None req-7ff44888-9d06-4f5f-a66d-5862da429ba0 f861119eb0924eb8a5ecaf94c6dcc5a3 ac82bda9158e4c30a38103e4e9fad327 - - default default] Unable to schedule network 0fc1ebaa-363d-4591-9a5c-472bfc260d00: no agents available; will retry on subsequent port and subnet creation events.
2026-05-19 04:11:03.832 10 INFO neutron.db.ovn_revision_numbers_db [None req-7ff44888-9d06-4f5f-a66d-5862da429ba0 f861119eb0924eb8a5ecaf94c6dcc5a3 ac82bda9158e4c30a38103e4e9fad327 - - default default] Successfully bumped revision number for resource d391019b-a8d6-4952-9eb6-be02d73a9002 (type: router_ports) to 1
2026-05-19 04:11:03.835 10 INFO neutron.wsgi [None req-7ff44888-9d06-4f5f-a66d-5862da429ba0 f861119eb0924eb8a5ecaf94c6dcc5a3 ac82bda9158e4c30a38103e4e9fad327 - - default default] 10.0.0.53 "PUT /v2.0/routers/b703a273-c762-4849-8cc6-afcf1915dbae/add_router_interface HTTP/1.1" status: 200 len: 503 time: 2.0873079
2026-05-19 04:11:03.902 10 WARNING neutron.scheduler.dhcp_agent_scheduler [None req-6d70b733-42db-41f5-901c-bb12f9b095ab d266e6a694bd4ff89d6824927e47ff6c b60654791cd248c688e26c6e58ed888d - - default default] No more DHCP agents
2026-05-19 04:11:03.903 9 INFO neutron.wsgi [None req-35186517-d000-4a4b-9b66-9d5e284d65a1 ac969dd205fc4f66b9386ac2cf6eb415 500d913c39964ddda685dba2fcbc7f90 - - default default] 10.0.0.53 "GET /v2.0/networks HTTP/1.1" status: 200 len: 3112 time: 0.0636239
2026-05-19 04:11:03.905 10 WARNING neutron.api.rpc.agentnotifiers.dhcp_rpc_agent_api [None req-6d70b733-42db-41f5-901c-bb12f9b095ab d266e6a694bd4ff89d6824927e47ff6c b60654791cd248c688e26c6e58ed888d - - default default] Unable to schedule network e18f6192-7bae-4335-85f7-38be0ae35f75: no agents available; will retry on subsequent port and subnet creation events.
2026-05-19 04:11:03.944 9 INFO neutron.wsgi [None req-d8b016fa-4402-4c6b-8ef7-3abca750590c ac969dd205fc4f66b9386ac2cf6eb415 500d913c39964ddda685dba2fcbc7f90 - - default default] 10.0.0.53 "GET /v2.0/subnets HTTP/1.1" status: 200 len: 2095 time: 0.0344987
2026-05-19 04:11:04.025 9 INFO neutron.wsgi [None req-efd45b5f-9906-4c08-9a62-3d017296262c ac969dd205fc4f66b9386ac2cf6eb415 500d913c39964ddda685dba2fcbc7f90 - - default default] 10.0.0.53 "GET /v2.0/routers HTTP/1.1" status: 200 len: 1358 time: 0.0746379
2026-05-19 04:11:04.125 10 INFO neutron.db.ovn_revision_numbers_db [None req-6d70b733-42db-41f5-901c-bb12f9b095ab d266e6a694bd4ff89d6824927e47ff6c b60654791cd248c688e26c6e58ed888d - - default default] Successfully bumped revision number for resource d604eee0-70db-49eb-b2f6-7452f479aa8d (type: ports) to 1
2026-05-19 04:11:04.257 9 INFO neutron.db.ovn_revision_numbers_db [None req-712d8842-1ade-4973-9914-4eebf8df1e95 f861119eb0924eb8a5ecaf94c6dcc5a3 ac82bda9158e4c30a38103e4e9fad327 - - default default] Successfully bumped revision number for resource 176747d1-53a5-4d46-b0b4-df446ca04fa2 (type: security_groups) to 1
2026-05-19 04:11:04.277 9 INFO neutron.db.ovn_revision_numbers_db [None req-712d8842-1ade-4973-9914-4eebf8df1e95 f861119eb0924eb8a5ecaf94c6dcc5a3 ac82bda9158e4c30a38103e4e9fad327 - - default default] Successfully bumped revision number for resource 621d80c8-1eec-44f5-8e1a-623a99bae2d8 (type: security_group_rules) to 0
2026-05-19 04:11:04.294 9 INFO neutron.db.ovn_revision_numbers_db [None req-712d8842-1ade-4973-9914-4eebf8df1e95 f861119eb0924eb8a5ecaf94c6dcc5a3 ac82bda9158e4c30a38103e4e9fad327 - - default default] Successfully bumped revision number for resource b4663423-c77f-4ac2-ad4f-8c2646c507e4 (type: security_group_rules) to 0
2026-05-19 04:11:04.313 9 INFO neutron.wsgi [None req-712d8842-1ade-4973-9914-4eebf8df1e95 f861119eb0924eb8a5ecaf94c6dcc5a3 ac82bda9158e4c30a38103e4e9fad327 - - default default] 10.0.0.53 "POST /v2.0/security-groups HTTP/1.1" status: 201 len: 1811 time: 0.2099357
2026-05-19 04:11:04.441 9 INFO neutron.db.ovn_revision_numbers_db [None req-aaa320ca-1147-4acd-8a67-db8d6d634797 f861119eb0924eb8a5ecaf94c6dcc5a3 ac82bda9158e4c30a38103e4e9fad327 - - default default] Successfully bumped revision number for resource 6d5a16d5-344d-43da-83d3-2e612ccfd483 (type: security_group_rules) to 0
2026-05-19 04:11:04.488 9 INFO neutron.wsgi [None req-aaa320ca-1147-4acd-8a67-db8d6d634797 f861119eb0924eb8a5ecaf94c6dcc5a3 ac82bda9158e4c30a38103e4e9fad327 - - default default] 10.0.0.53 "POST /v2.0/security-group-rules HTTP/1.1" status: 201 len: 764 time: 0.1652558
2026-05-19 04:11:04.645 9 INFO neutron.db.ovn_revision_numbers_db [None req-13eb794b-d90c-453c-b1f8-8553f06caf1c f861119eb0924eb8a5ecaf94c6dcc5a3 ac82bda9158e4c30a38103e4e9fad327 - - default default] Successfully bumped revision number for resource a752df0f-368b-41bc-ac16-010a457e5c0e (type: security_group_rules) to 0
2026-05-19 04:11:04.689 9 INFO neutron.wsgi [None req-13eb794b-d90c-453c-b1f8-8553f06caf1c f861119eb0924eb8a5ecaf94c6dcc5a3 ac82bda9158e4c30a38103e4e9fad327 - - default default] 10.0.0.53 "POST /v2.0/security-group-rules HTTP/1.1" status: 201 len: 763 time: 0.1944776
2026-05-19 04:11:04.829 9 INFO neutron.db.ovn_revision_numbers_db [None req-ba7d660d-4586-492b-9a11-537efdf9f0c3 f861119eb0924eb8a5ecaf94c6dcc5a3 ac82bda9158e4c30a38103e4e9fad327 - - default default] Successfully bumped revision number for resource 9bacfe16-27f7-4dae-a9a0-758f9cbaa3ab (type: security_group_rules) to 0
2026-05-19 04:11:04.844 10 INFO neutron.db.ovn_revision_numbers_db [None req-6d70b733-42db-41f5-901c-bb12f9b095ab d266e6a694bd4ff89d6824927e47ff6c b60654791cd248c688e26c6e58ed888d - - default default] Successfully bumped revision number for resource d604eee0-70db-49eb-b2f6-7452f479aa8d (type: router_ports) to 1
2026-05-19 04:11:04.853 9 INFO neutron.wsgi [None req-ba7d660d-4586-492b-9a11-537efdf9f0c3 f861119eb0924eb8a5ecaf94c6dcc5a3 ac82bda9158e4c30a38103e4e9fad327 - - default default] 10.0.0.53 "POST /v2.0/security-group-rules HTTP/1.1" status: 201 len: 769 time: 0.1593390
2026-05-19 04:11:04.911 10 INFO neutron.db.ovn_revision_numbers_db [None req-6d70b733-42db-41f5-901c-bb12f9b095ab d266e6a694bd4ff89d6824927e47ff6c b60654791cd248c688e26c6e58ed888d - - default default] Successfully bumped revision number for resource adea2354-5a65-4717-9669-ada041c6a54b (type: routers) to 2
2026-05-19 04:11:04.931 10 INFO neutron.wsgi [None req-6d70b733-42db-41f5-901c-bb12f9b095ab d266e6a694bd4ff89d6824927e47ff6c b60654791cd248c688e26c6e58ed888d - - default default] 10.0.0.53 "POST /v2.0/routers HTTP/1.1" status: 201 len: 868 time: 1.6301868
2026-05-19 04:11:05.018 9 INFO neutron.db.ovn_revision_numbers_db [None req-60c56d39-69fb-40c5-9ec9-f088cde4814d f861119eb0924eb8a5ecaf94c6dcc5a3 ac82bda9158e4c30a38103e4e9fad327 - - default default] Successfully bumped revision number for resource e55ba043-cec9-4b8b-b745-794007cef7de (type: security_group_rules) to 0
2026-05-19 04:11:05.024 10 INFO neutron.wsgi [None req-44a55534-e0c3-440c-9c99-219fe8ce0cb9 d266e6a694bd4ff89d6824927e47ff6c b60654791cd248c688e26c6e58ed888d - - default default] 10.0.0.53 "GET /v2.0/routers/adea2354-5a65-4717-9669-ada041c6a54b HTTP/1.1" status: 200 len: 869 time: 0.0871706
2026-05-19 04:11:05.047 9 INFO neutron.db.ovn_revision_numbers_db [None req-e5c13fd5-9df9-43e2-957f-7cf508c23d72 ce236c34059d4d0babda12e0bbe32b2e 0e5e868812414428a8f6c3218fbd1854 - - default default] Successfully bumped revision number for resource 34e3bbfd-8f30-425e-8736-b7b027d1b092 (type: security_groups) to 1
2026-05-19 04:11:05.053 9 INFO neutron.wsgi [None req-60c56d39-69fb-40c5-9ec9-f088cde4814d f861119eb0924eb8a5ecaf94c6dcc5a3 ac82bda9158e4c30a38103e4e9fad327 - - default default] 10.0.0.53 "POST /v2.0/security-group-rules HTTP/1.1" status: 201 len: 768 time: 0.1904848
2026-05-19 04:11:05.074 9 INFO neutron.db.ovn_revision_numbers_db [None req-e5c13fd5-9df9-43e2-957f-7cf508c23d72 ce236c34059d4d0babda12e0bbe32b2e 0e5e868812414428a8f6c3218fbd1854 - - default default] Successfully bumped revision number for resource 4c288c89-0a9f-437a-a504-fc4b17ed521c (type: security_group_rules) to 0
2026-05-19 04:11:05.085 9 INFO neutron.db.securitygroups_db [None req-92c008f7-ae40-43a8-a49f-491c304f44b9 f861119eb0924eb8a5ecaf94c6dcc5a3 ac82bda9158e4c30a38103e4e9fad327 - - default default] Project ac82bda9158e4c30a38103e4e9fad327 added a security group rule with legacy IPv6 ICMP protocol name icmp, ipv6-icmp should be used instead. It was automatically converted.
2026-05-19 04:11:05.088 9 INFO neutron.db.ovn_revision_numbers_db [None req-e5c13fd5-9df9-43e2-957f-7cf508c23d72 ce236c34059d4d0babda12e0bbe32b2e 0e5e868812414428a8f6c3218fbd1854 - - default default] Successfully bumped revision number for resource a65c1db3-cfde-4f11-8bda-c322dad01540 (type: security_group_rules) to 0
2026-05-19 04:11:05.108 9 INFO neutron.db.ovn_revision_numbers_db [None req-e5c13fd5-9df9-43e2-957f-7cf508c23d72 ce236c34059d4d0babda12e0bbe32b2e 0e5e868812414428a8f6c3218fbd1854 - - default default] Successfully bumped revision number for resource b3e20c8f-97cf-4514-acc5-00e20c3ab648 (type: security_group_rules) to 0
2026-05-19 04:11:05.129 9 INFO neutron.db.ovn_revision_numbers_db [None req-e5c13fd5-9df9-43e2-957f-7cf508c23d72 ce236c34059d4d0babda12e0bbe32b2e 0e5e868812414428a8f6c3218fbd1854 - - default default] Successfully bumped revision number for resource ed1c73db-6986-4cdb-84ae-b0be3aa16fd0 (type: security_group_rules) to 0
2026-05-19 04:11:05.159 9 INFO neutron.wsgi [None req-e5c13fd5-9df9-43e2-957f-7cf508c23d72 ce236c34059d4d0babda12e0bbe32b2e 0e5e868812414428a8f6c3218fbd1854 - - default default] 10.0.0.53 "GET /v2.0/security-groups?tenant_id=0c7c7e3453a646229a61e8ca955c92ec&name=default HTTP/1.1" status: 200 len: 2996 time: 0.4824884
2026-05-19 04:11:05.231 9 INFO neutron.db.ovn_revision_numbers_db [None req-92c008f7-ae40-43a8-a49f-491c304f44b9 f861119eb0924eb8a5ecaf94c6dcc5a3 ac82bda9158e4c30a38103e4e9fad327 - - default default] Successfully bumped revision number for resource 4d2cc062-954d-48d2-96a8-a3f30d4cd8f3 (type: security_group_rules) to 0
2026-05-19 04:11:05.267 9 INFO neutron.wsgi [None req-92c008f7-ae40-43a8-a49f-491c304f44b9 f861119eb0924eb8a5ecaf94c6dcc5a3 ac82bda9158e4c30a38103e4e9fad327 - - default default] 10.0.0.53 "POST /v2.0/security-group-rules HTTP/1.1" status: 201 len: 774 time: 0.2078702
2026-05-19 04:11:05.300 9 INFO neutron.db.securitygroups_db [None req-cdf42061-c267-4a1b-91f9-21f321318872 f861119eb0924eb8a5ecaf94c6dcc5a3 ac82bda9158e4c30a38103e4e9fad327 - - default default] Project ac82bda9158e4c30a38103e4e9fad327 added a security group rule with legacy IPv6 ICMP protocol name icmp, ipv6-icmp should be used instead. It was automatically converted.
2026-05-19 04:11:05.427 9 INFO neutron.wsgi [None req-9490d82a-1c9f-4a35-90f6-c34f0a0e7ef1 ce236c34059d4d0babda12e0bbe32b2e 0e5e868812414428a8f6c3218fbd1854 - - default default] 10.0.0.53 "DELETE /v2.0/security-groups/34e3bbfd-8f30-425e-8736-b7b027d1b092 HTTP/1.1" status: 204 len: 168 time: 0.2598455
2026-05-19 04:11:05.432 9 INFO neutron.db.ovn_revision_numbers_db [None req-cdf42061-c267-4a1b-91f9-21f321318872 f861119eb0924eb8a5ecaf94c6dcc5a3 ac82bda9158e4c30a38103e4e9fad327 - - default default] Successfully bumped revision number for resource 0eb22eea-d93c-4e81-a1f2-10fa665074b2 (type: security_group_rules) to 0
2026-05-19 04:11:05.471 9 INFO neutron.wsgi [None req-cdf42061-c267-4a1b-91f9-21f321318872 f861119eb0924eb8a5ecaf94c6dcc5a3 ac82bda9158e4c30a38103e4e9fad327 - - default default] 10.0.0.53 "POST /v2.0/security-group-rules HTTP/1.1" status: 201 len: 773 time: 0.1964099
2026-05-19 04:11:05.510 10 INFO neutron.wsgi [None req-9473a0a3-9f42-4775-afd8-0c044e63c617 d266e6a694bd4ff89d6824927e47ff6c b60654791cd248c688e26c6e58ed888d - - default default] 10.0.0.53 "GET /v2.0/routers HTTP/1.1" status: 200 len: 872 time: 0.4802396
2026-05-19 04:11:05.981 10 INFO neutron.db.ovn_revision_numbers_db [None req-198f47f5-f800-4719-96e2-8122e1e91356 d266e6a694bd4ff89d6824927e47ff6c b60654791cd248c688e26c6e58ed888d - - default default] Successfully bumped revision number for resource adea2354-5a65-4717-9669-ada041c6a54b (type: routers) to 3
2026-05-19 04:11:05.985 10 INFO neutron.wsgi [None req-198f47f5-f800-4719-96e2-8122e1e91356 d266e6a694bd4ff89d6824927e47ff6c b60654791cd248c688e26c6e58ed888d - - default default] 10.0.0.53 "PUT /v2.0/routers/adea2354-5a65-4717-9669-ada041c6a54b HTTP/1.1" status: 200 len: 876 time: 0.4689407
2026-05-19 04:11:06.034 9 INFO neutron.wsgi [None req-564e3967-2938-4775-b4fb-703f4e029892 f861119eb0924eb8a5ecaf94c6dcc5a3 ac82bda9158e4c30a38103e4e9fad327 - - default default] 10.0.0.53 "GET /v2.0/networks HTTP/1.1" status: 200 len: 1492 time: 0.1945229
2026-05-19 04:11:06.075 10 INFO neutron.wsgi [None req-0f08fbb7-3fe4-4b23-a2d2-1e5251cc3ed1 d266e6a694bd4ff89d6824927e47ff6c b60654791cd248c688e26c6e58ed888d - - default default] 10.0.0.53 "GET /v2.0/routers/adea2354-5a65-4717-9669-ada041c6a54b HTTP/1.1" status: 200 len: 876 time: 0.0851879
2026-05-19 04:11:06.110 10 INFO neutron.wsgi [None req-f51f308b-d772-4846-8238-ac33eaa70889 d266e6a694bd4ff89d6824927e47ff6c b60654791cd248c688e26c6e58ed888d - - default default] 10.0.0.53 "GET /v2.0/ports?device_id=adea2354-5a65-4717-9669-ada041c6a54b HTTP/1.1" status: 200 len: 205 time: 0.0279210
2026-05-19 04:11:06.206 10 INFO neutron.wsgi [req-24c36c3e-e3c1-43aa-b996-f5b8b95aa682 req-de8160be-f6a5-4214-a70d-fe86ed9a3e3b f861119eb0924eb8a5ecaf94c6dcc5a3 ac82bda9158e4c30a38103e4e9fad327 - - default default] 10.0.0.80 "GET /v2.0/security-groups?name=tempest-secgroup-smoke-1814813902&fields=id&tenant_id=ac82bda9158e4c30a38103e4e9fad327 HTTP/1.1" status: 200 len: 267 time: 0.0676520
2026-05-19 04:11:06.308 10 INFO neutron.wsgi [req-24c36c3e-e3c1-43aa-b996-f5b8b95aa682 req-0062b21c-6c6d-4d0b-9f21-4e32177d5304 f861119eb0924eb8a5ecaf94c6dcc5a3 ac82bda9158e4c30a38103e4e9fad327 - - default default] 10.0.0.80 "GET /v2.0/networks?id=0fc1ebaa-363d-4591-9a5c-472bfc260d00 HTTP/1.1" status: 200 len: 859 time: 0.0948272
2026-05-19 04:11:06.346 10 INFO neutron.wsgi [req-24c36c3e-e3c1-43aa-b996-f5b8b95aa682 req-53259354-a19c-47f7-bda1-7952e3f08f48 f861119eb0924eb8a5ecaf94c6dcc5a3 ac82bda9158e4c30a38103e4e9fad327 - - default default] 10.0.0.80 "GET /v2.0/quotas/ac82bda9158e4c30a38103e4e9fad327 HTTP/1.1" status: 200 len: 386 time: 0.0288575
2026-05-19 04:11:06.449 10 INFO neutron.wsgi [req-24c36c3e-e3c1-43aa-b996-f5b8b95aa682 req-6ca17020-cea3-462c-821b-49f9a2c90e7e f861119eb0924eb8a5ecaf94c6dcc5a3 ac82bda9158e4c30a38103e4e9fad327 - - default default] 10.0.0.80 "GET /v2.0/ports?tenant_id=ac82bda9158e4c30a38103e4e9fad327&fields=id HTTP/1.1" status: 200 len: 302 time: 0.0919576
2026-05-19 04:11:06.547 10 INFO neutron.wsgi [req-24c36c3e-e3c1-43aa-b996-f5b8b95aa682 req-ad953e29-917d-4946-9df7-6f7a4aae5d75 d90ddc0e36f442ef969eeefc0e8a65a0 aa99a1b2c8464a0190733132f1fde0e0 - - 90f575837326456b8ab9bf10c47d7749 90f575837326456b8ab9bf10c47d7749] 10.0.0.80 "GET /v2.0/networks/0fc1ebaa-363d-4591-9a5c-472bfc260d00?fields=segments HTTP/1.1" status: 200 len: 212 time: 0.0840349
2026-05-19 04:11:06.641 10 INFO neutron.wsgi [req-24c36c3e-e3c1-43aa-b996-f5b8b95aa682 req-c64d5a6f-0c27-4189-b17a-6ae3f70edb48 d90ddc0e36f442ef969eeefc0e8a65a0 aa99a1b2c8464a0190733132f1fde0e0 - - 90f575837326456b8ab9bf10c47d7749 90f575837326456b8ab9bf10c47d7749] 10.0.0.80 "GET /v2.0/networks/0fc1ebaa-363d-4591-9a5c-472bfc260d00?fields=provider%3Aphysical_network&fields=provider%3Anetwork_type HTTP/1.1" status: 200 len: 277 time: 0.0831814
2026-05-19 04:11:06.802 9 INFO neutron.db.ovn_revision_numbers_db [None req-03086e75-ec26-4bfc-aa83-358919b9c0b4 ce236c34059d4d0babda12e0bbe32b2e 0e5e868812414428a8f6c3218fbd1854 - - default default] Successfully bumped revision number for resource 49f639fe-dbea-4fa3-9d78-ee9f8be6f957 (type: security_groups) to 1
2026-05-19 04:11:06.807 9 INFO neutron.wsgi [req-ca186301-0fae-40b1-8685-be566706fd8e req-b77fdb2e-31fe-4d6b-9e06-9fd1b6103654 f861119eb0924eb8a5ecaf94c6dcc5a3 ac82bda9158e4c30a38103e4e9fad327 - - default default] 10.0.0.80 "GET /v2.0/ports?device_id=80bc0beb-b346-4a5b-b721-7c3707375164 HTTP/1.1" status: 200 len: 210 time: 0.0282836
2026-05-19 04:11:06.824 9 INFO neutron.db.ovn_revision_numbers_db [None req-03086e75-ec26-4bfc-aa83-358919b9c0b4 ce236c34059d4d0babda12e0bbe32b2e 0e5e868812414428a8f6c3218fbd1854 - - default default] Successfully bumped revision number for resource 1db4da7e-07d4-48e6-9c86-c3d7f6ea92a8 (type: security_group_rules) to 0
2026-05-19 04:11:06.838 9 INFO neutron.db.ovn_revision_numbers_db [None req-03086e75-ec26-4bfc-aa83-358919b9c0b4 ce236c34059d4d0babda12e0bbe32b2e 0e5e868812414428a8f6c3218fbd1854 - - default default] Successfully bumped revision number for resource 25c88f95-afcb-402f-a8fb-366c14f97ea1 (type: security_group_rules) to 0
2026-05-19 04:11:06.853 9 INFO neutron.db.ovn_revision_numbers_db [None req-03086e75-ec26-4bfc-aa83-358919b9c0b4 ce236c34059d4d0babda12e0bbe32b2e 0e5e868812414428a8f6c3218fbd1854 - - default default] Successfully bumped revision number for resource 619493cc-c9fa-45cb-90d8-e7ec4e7498b8 (type: security_group_rules) to 0
2026-05-19 04:11:06.871 9 INFO neutron.db.ovn_revision_numbers_db [None req-03086e75-ec26-4bfc-aa83-358919b9c0b4 ce236c34059d4d0babda12e0bbe32b2e 0e5e868812414428a8f6c3218fbd1854 - - default default] Successfully bumped revision number for resource cd99a301-99aa-4228-9b05-cf3f645fc946 (type: security_group_rules) to 0
2026-05-19 04:11:06.882 10 INFO neutron.wsgi [None req-0558ee43-9756-4337-b5cc-727414a7f566 d266e6a694bd4ff89d6824927e47ff6c b60654791cd248c688e26c6e58ed888d - - default default] 10.0.0.53 "DELETE /v2.0/routers/adea2354-5a65-4717-9669-ada041c6a54b HTTP/1.1" status: 204 len: 168 time: 0.7677009
2026-05-19 04:11:06.903 9 INFO neutron.wsgi [None req-03086e75-ec26-4bfc-aa83-358919b9c0b4 ce236c34059d4d0babda12e0bbe32b2e 0e5e868812414428a8f6c3218fbd1854 - - default default] 10.0.0.53 "GET /v2.0/security-groups?tenant_id=d92598b68f5b4390b7f6586f21cd24e6&name=default HTTP/1.1" status: 200 len: 2996 time: 0.3747356
2026-05-19 04:11:06.920 10 INFO neutron.wsgi [None req-5adf6be4-82db-40fd-b8e4-0449f26cc3ac d266e6a694bd4ff89d6824927e47ff6c b60654791cd248c688e26c6e58ed888d - - default default] 10.0.0.53 "GET /v2.0/ports?device_id=adea2354-5a65-4717-9669-ada041c6a54b HTTP/1.1" status: 200 len: 205 time: 0.0306199
2026-05-19 04:11:06.934 10 WARNING neutron.plugins.ml2.drivers.ovn.mech_driver.ovsdb.ovn_client [None req-da3fb100-a53e-4f38-a7e8-c98adf43af4b - - - - - -] No port found with ID 7649400b-99b6-4172-abe9-0954acdbf8f9: RuntimeError: No port found with ID 7649400b-99b6-4172-abe9-0954acdbf8f9
2026-05-19 04:11:06.934 10 INFO neutron.plugins.ml2.drivers.ovn.mech_driver.mech_driver [None req-da3fb100-a53e-4f38-a7e8-c98adf43af4b - - - - - -] OVN reports status up for port: d391019b-a8d6-4952-9eb6-be02d73a9002
2026-05-19 04:11:06.941 10 INFO neutron.plugins.ml2.plugin [None req-da3fb100-a53e-4f38-a7e8-c98adf43af4b - - - - - -] Attempt 1 to provision port d391019b-a8d6-4952-9eb6-be02d73a9002
2026-05-19 04:11:06.953 9 INFO neutron.api.v2.resource [None req-6d3a719f-31c5-4eff-98cc-034708aef234 d266e6a694bd4ff89d6824927e47ff6c b60654791cd248c688e26c6e58ed888d - - default default] delete failed (client error): The resource could not be found.
2026-05-19 04:11:06.955 9 INFO neutron.wsgi [None req-6d3a719f-31c5-4eff-98cc-034708aef234 d266e6a694bd4ff89d6824927e47ff6c b60654791cd248c688e26c6e58ed888d - - default default] 10.0.0.53 "DELETE /v2.0/routers/adea2354-5a65-4717-9669-ada041c6a54b HTTP/1.1" status: 404 len: 336 time: 0.0269628
2026-05-19 04:11:06.988 9 INFO neutron.wsgi [None req-11afb1a8-4342-4555-b80e-80239c616042 d266e6a694bd4ff89d6824927e47ff6c b60654791cd248c688e26c6e58ed888d - - default default] 10.0.0.53 "GET /v2.0/ports?device_id=ebb7f5f2-bbfe-41c5-b2de-d106884c91c8 HTTP/1.1" status: 200 len: 205 time: 0.0273147
2026-05-19 04:11:07.037 10 INFO neutron.api.v2.resource [None req-131e349e-1a6c-4540-b11a-538377fe4485 d266e6a694bd4ff89d6824927e47ff6c b60654791cd248c688e26c6e58ed888d - - default default] delete failed (client error): The resource could not be found.
2026-05-19 04:11:07.039 10 INFO neutron.wsgi [None req-131e349e-1a6c-4540-b11a-538377fe4485 d266e6a694bd4ff89d6824927e47ff6c b60654791cd248c688e26c6e58ed888d - - default default] 10.0.0.53 "DELETE /v2.0/routers/ebb7f5f2-bbfe-41c5-b2de-d106884c91c8 HTTP/1.1" status: 404 len: 336 time: 0.0414593
2026-05-19 04:11:07.072 10 INFO neutron.pecan_wsgi.hooks.translation [None req-5e85bce8-4676-434b-84a3-392034b7d4c3 d266e6a694bd4ff89d6824927e47ff6c b60654791cd248c688e26c6e58ed888d - - default default] DELETE failed (client error): The resource could not be found.
2026-05-19 04:11:07.075 10 INFO neutron.wsgi [None req-5e85bce8-4676-434b-84a3-392034b7d4c3 d266e6a694bd4ff89d6824927e47ff6c b60654791cd248c688e26c6e58ed888d - - default default] 10.0.0.53 "DELETE /v2.0/subnets/d981d55b-954d-4d60-aae5-e19624682367 HTTP/1.1" status: 404 len: 337 time: 0.0305915
2026-05-19 04:11:07.119 9 INFO neutron.wsgi [None req-00c40095-1b28-4484-8b53-edc7cf272653 d266e6a694bd4ff89d6824927e47ff6c b60654791cd248c688e26c6e58ed888d - - default default] 10.0.0.53 "GET /v2.0/ports?device_id=94ca1fbe-6e77-4021-8bfe-40a639791258 HTTP/1.1" status: 200 len: 205 time: 0.0323684
2026-05-19 04:11:07.163 10 INFO neutron.api.v2.resource [None req-780b12cd-1272-42da-ab84-99e662e0c831 d266e6a694bd4ff89d6824927e47ff6c b60654791cd248c688e26c6e58ed888d - - default default] delete failed (client error): The resource could not be found.
2026-05-19 04:11:07.165 10 INFO neutron.wsgi [None req-780b12cd-1272-42da-ab84-99e662e0c831 d266e6a694bd4ff89d6824927e47ff6c b60654791cd248c688e26c6e58ed888d - - default default] 10.0.0.53 "DELETE /v2.0/routers/94ca1fbe-6e77-4021-8bfe-40a639791258 HTTP/1.1" status: 404 len: 336 time: 0.0396879
2026-05-19 04:11:07.184 9 INFO neutron.wsgi [None req-3900ba71-f20c-4595-be41-4cdb5a9ee3e3 ce236c34059d4d0babda12e0bbe32b2e 0e5e868812414428a8f6c3218fbd1854 - - default default] 10.0.0.53 "DELETE /v2.0/security-groups/49f639fe-dbea-4fa3-9d78-ee9f8be6f957 HTTP/1.1" status: 204 len: 168 time: 0.2747476
2026-05-19 04:11:07.194 9 INFO neutron.pecan_wsgi.hooks.translation [None req-17c31a0b-4da6-4804-998c-799d096da0a7 d266e6a694bd4ff89d6824927e47ff6c b60654791cd248c688e26c6e58ed888d - - default default] DELETE failed (client error): The resource could not be found.
2026-05-19 04:11:07.196 9 INFO neutron.wsgi [None req-17c31a0b-4da6-4804-998c-799d096da0a7 d266e6a694bd4ff89d6824927e47ff6c b60654791cd248c688e26c6e58ed888d - - default default] 10.0.0.53 "DELETE /v2.0/subnets/d99788dd-0b49-496d-aa1e-ed413baea77f HTTP/1.1" status: 404 len: 337 time: 0.0226355
2026-05-19 04:11:07.225 9 INFO neutron.wsgi [None req-2dd361e7-b9f4-41b4-b38d-2e031b34471d d266e6a694bd4ff89d6824927e47ff6c b60654791cd248c688e26c6e58ed888d - - default default] 10.0.0.53 "GET /v2.0/ports?device_id=4cd90fb2-de7b-45ec-ba04-a1d89b086fcb HTTP/1.1" status: 200 len: 205 time: 0.0236771
2026-05-19 04:11:07.250 9 INFO neutron.api.v2.resource [None req-e77f1120-05bd-42f6-9848-ff69385e9a11 d266e6a694bd4ff89d6824927e47ff6c b60654791cd248c688e26c6e58ed888d - - default default] delete failed (client error): The resource could not be found.
2026-05-19 04:11:07.252 9 INFO neutron.wsgi [None req-e77f1120-05bd-42f6-9848-ff69385e9a11 d266e6a694bd4ff89d6824927e47ff6c b60654791cd248c688e26c6e58ed888d - - default default] 10.0.0.53 "DELETE /v2.0/routers/4cd90fb2-de7b-45ec-ba04-a1d89b086fcb HTTP/1.1" status: 404 len: 336 time: 0.0221591
2026-05-19 04:11:07.273 9 INFO neutron.pecan_wsgi.hooks.translation [None req-844d3755-3d9a-446e-89c4-cadaaac7c788 d266e6a694bd4ff89d6824927e47ff6c b60654791cd248c688e26c6e58ed888d - - default default] DELETE failed (client error): The resource could not be found.
2026-05-19 04:11:07.275 9 INFO neutron.wsgi [None req-844d3755-3d9a-446e-89c4-cadaaac7c788 d266e6a694bd4ff89d6824927e47ff6c b60654791cd248c688e26c6e58ed888d - - default default] 10.0.0.53 "DELETE /v2.0/subnets/20f08838-bb14-4f5d-a681-feba5f9fa89a HTTP/1.1" status: 404 len: 337 time: 0.0189497
2026-05-19 04:11:07.314 9 INFO neutron.pecan_wsgi.hooks.translation [None req-b639021b-c4c2-4c9a-aec5-beecbf166793 d266e6a694bd4ff89d6824927e47ff6c b60654791cd248c688e26c6e58ed888d - - default default] DELETE failed (client error): The resource could not be found.
2026-05-19 04:11:07.318 9 INFO neutron.wsgi [None req-b639021b-c4c2-4c9a-aec5-beecbf166793 d266e6a694bd4ff89d6824927e47ff6c b60654791cd248c688e26c6e58ed888d - - default default] 10.0.0.53 "DELETE /v2.0/subnets/040b9836-5261-43e3-bb6e-cb8e20eb0d5b HTTP/1.1" status: 404 len: 337 time: 0.0373247
2026-05-19 04:11:07.334 10 INFO neutron.db.ovn_revision_numbers_db [None req-da3fb100-a53e-4f38-a7e8-c98adf43af4b - - - - - -] Successfully bumped revision number for resource d391019b-a8d6-4952-9eb6-be02d73a9002 (type: ports) to 2
2026-05-19 04:11:07.467 10 INFO neutron.db.ovn_revision_numbers_db [None req-da3fb100-a53e-4f38-a7e8-c98adf43af4b - - - - - -] Successfully bumped revision number for resource d391019b-a8d6-4952-9eb6-be02d73a9002 (type: router_ports) to 2
2026-05-19 04:11:07.906 10 INFO neutron.wsgi [req-8cb9561d-f165-4f62-b173-89d45370ce0e req-de9bc508-fd7c-40bd-ad86-1bc6303f345a f861119eb0924eb8a5ecaf94c6dcc5a3 ac82bda9158e4c30a38103e4e9fad327 - - default default] 10.0.0.80 "GET /v2.0/ports?device_id=80bc0beb-b346-4a5b-b721-7c3707375164 HTTP/1.1" status: 200 len: 210 time: 0.0237322
2026-05-19 04:11:07.988 10 INFO neutron.wsgi [None req-de41d600-4a31-4f8a-8015-52018a932c41 ce236c34059d4d0babda12e0bbe32b2e 0e5e868812414428a8f6c3218fbd1854 - - default default] 10.0.0.53 "GET /v2.0/security-groups?tenant_id=b60654791cd248c688e26c6e58ed888d&name=default HTTP/1.1" status: 200 len: 2996 time: 0.1433737
2026-05-19 04:11:07.997 9 INFO neutron.wsgi [req-24c36c3e-e3c1-43aa-b996-f5b8b95aa682 req-e7767992-613a-4c76-8c77-a7599ec1aad0 f861119eb0924eb8a5ecaf94c6dcc5a3 ac82bda9158e4c30a38103e4e9fad327 - - default default] 199.19.213.191 "GET /v2.0/networks?id=0fc1ebaa-363d-4591-9a5c-472bfc260d00 HTTP/1.1" status: 200 len: 859 time: 0.1037560
2026-05-19 04:11:08.041 9 INFO neutron.wsgi [req-24c36c3e-e3c1-43aa-b996-f5b8b95aa682 req-19ee8c5d-b2bf-4d48-9bc0-a088a7715f94 f861119eb0924eb8a5ecaf94c6dcc5a3 ac82bda9158e4c30a38103e4e9fad327 - - default default] 199.19.213.191 "GET /v2.0/security-groups?fields=id&fields=name&tenant_id=ac82bda9158e4c30a38103e4e9fad327 HTTP/1.1" status: 200 len: 380 time: 0.0390387
2026-05-19 04:11:08.192 10 INFO neutron.wsgi [None req-0dbcbb04-c80c-41bf-85c2-1ee6ff05d9fe ce236c34059d4d0babda12e0bbe32b2e 0e5e868812414428a8f6c3218fbd1854 - - default default] 10.0.0.53 "DELETE /v2.0/security-groups/20bcfb0f-d768-4b74-9bf2-312814219201 HTTP/1.1" status: 204 len: 168 time: 0.1957827
2026-05-19 04:11:08.362 9 WARNING neutron.scheduler.dhcp_agent_scheduler [req-24c36c3e-e3c1-43aa-b996-f5b8b95aa682 req-e145b898-93bb-473b-a4ff-d1c128d756e3 f861119eb0924eb8a5ecaf94c6dcc5a3 ac82bda9158e4c30a38103e4e9fad327 - - default default] No more DHCP agents
2026-05-19 04:11:08.365 9 WARNING neutron.api.rpc.agentnotifiers.dhcp_rpc_agent_api [req-24c36c3e-e3c1-43aa-b996-f5b8b95aa682 req-e145b898-93bb-473b-a4ff-d1c128d756e3 f861119eb0924eb8a5ecaf94c6dcc5a3 ac82bda9158e4c30a38103e4e9fad327 - - default default] Unable to schedule network 0fc1ebaa-363d-4591-9a5c-472bfc260d00: no agents available; will retry on subsequent port and subnet creation events.
2026-05-19 04:11:08.880 9 INFO neutron.db.ovn_revision_numbers_db [req-24c36c3e-e3c1-43aa-b996-f5b8b95aa682 req-e145b898-93bb-473b-a4ff-d1c128d756e3 f861119eb0924eb8a5ecaf94c6dcc5a3 ac82bda9158e4c30a38103e4e9fad327 - - default default] Successfully bumped revision number for resource 7a6b5edc-55d7-44a0-896d-e5e4c47ad75e (type: ports) to 1
2026-05-19 04:11:08.903 9 INFO neutron.wsgi [req-24c36c3e-e3c1-43aa-b996-f5b8b95aa682 req-e145b898-93bb-473b-a4ff-d1c128d756e3 f861119eb0924eb8a5ecaf94c6dcc5a3 ac82bda9158e4c30a38103e4e9fad327 - - default default] 199.19.213.191 "POST /v2.0/ports HTTP/1.1" status: 201 len: 1158 time: 0.8583829 /var/lib/openstack/lib/python3.10/site-packages/pycadf/identifier.py:71: UserWarning: Invalid uuid: neutron. To ensure interoperability, identifiers should be a valid uuid. warnings.warn(('Invalid uuid: %s. To ensure interoperability, '
2026-05-19 04:11:09.099 9 INFO neutron.wsgi [req-5f5b62d7-0eec-4539-b825-baa57390ba80 req-e3fb631b-434c-42a9-aa93-69ce5b56cd8b f861119eb0924eb8a5ecaf94c6dcc5a3 ac82bda9158e4c30a38103e4e9fad327 - - default default] 10.0.0.80 "GET /v2.0/ports?device_id=80bc0beb-b346-4a5b-b721-7c3707375164 HTTP/1.1" status: 200 len: 1156 time: 0.1193409
2026-05-19 04:11:09.173 9 INFO neutron.wsgi [req-5f5b62d7-0eec-4539-b825-baa57390ba80 req-b7246c75-c7f1-4d63-96d8-3fdfdd65809a f861119eb0924eb8a5ecaf94c6dcc5a3 ac82bda9158e4c30a38103e4e9fad327 - - default default] 10.0.0.80 "GET /v2.0/security-groups?id=176747d1-53a5-4d46-b0b4-df446ca04fa2&fields=id&fields=name HTTP/1.1" status: 200 len: 313 time: 0.0658171
2026-05-19 04:11:09.418 9 INFO neutron.db.ovn_revision_numbers_db [req-24c36c3e-e3c1-43aa-b996-f5b8b95aa682 req-042490b4-32ce-4f65-8d5b-1ddd3648a4f4 d90ddc0e36f442ef969eeefc0e8a65a0 aa99a1b2c8464a0190733132f1fde0e0 - - 90f575837326456b8ab9bf10c47d7749 90f575837326456b8ab9bf10c47d7749] Successfully bumped revision number for resource 7a6b5edc-55d7-44a0-896d-e5e4c47ad75e (type: ports) to 2
2026-05-19 04:11:09.690 9 INFO neutron.db.ovn_revision_numbers_db [req-24c36c3e-e3c1-43aa-b996-f5b8b95aa682 req-042490b4-32ce-4f65-8d5b-1ddd3648a4f4 d90ddc0e36f442ef969eeefc0e8a65a0 aa99a1b2c8464a0190733132f1fde0e0 - - 90f575837326456b8ab9bf10c47d7749 90f575837326456b8ab9bf10c47d7749] Successfully bumped revision number for resource 7a6b5edc-55d7-44a0-896d-e5e4c47ad75e (type: ports) to 2
2026-05-19 04:11:09.711 9 INFO neutron.wsgi [req-24c36c3e-e3c1-43aa-b996-f5b8b95aa682 req-042490b4-32ce-4f65-8d5b-1ddd3648a4f4 d90ddc0e36f442ef969eeefc0e8a65a0 aa99a1b2c8464a0190733132f1fde0e0 - - 90f575837326456b8ab9bf10c47d7749 90f575837326456b8ab9bf10c47d7749] 199.19.213.191 "PUT /v2.0/ports/7a6b5edc-55d7-44a0-896d-e5e4c47ad75e HTTP/1.1" status: 200 len: 1376 time: 0.7993374
2026-05-19 04:11:09.750 9 INFO neutron.notifiers.nova [-] Nova event matching ['req-8240b68b-16a6-4631-948e-1f65477bcd64'] response: {'name': 'network-changed', 'server_uuid': '80bc0beb-b346-4a5b-b721-7c3707375164', 'tag': '7a6b5edc-55d7-44a0-896d-e5e4c47ad75e', 'status': 'completed', 'code': 200} /var/lib/openstack/lib/python3.10/site-packages/pycadf/identifier.py:71: UserWarning: Invalid uuid: neutron. To ensure interoperability, identifiers should be a valid uuid. warnings.warn(('Invalid uuid: %s. To ensure interoperability, '
2026-05-19 04:11:09.796 9 INFO neutron.wsgi [req-24c36c3e-e3c1-43aa-b996-f5b8b95aa682 req-d690097c-613f-487b-b2a1-07410b6e04c7 d90ddc0e36f442ef969eeefc0e8a65a0 aa99a1b2c8464a0190733132f1fde0e0 - - 90f575837326456b8ab9bf10c47d7749 90f575837326456b8ab9bf10c47d7749] 199.19.213.191 "GET /v2.0/ports?tenant_id=ac82bda9158e4c30a38103e4e9fad327&device_id=80bc0beb-b346-4a5b-b721-7c3707375164 HTTP/1.1" status: 200 len: 1407 time: 0.0392847
2026-05-19 04:11:09.830 9 INFO neutron.wsgi [req-24c36c3e-e3c1-43aa-b996-f5b8b95aa682 req-289ba765-b184-4801-96bc-709140053bd8 d90ddc0e36f442ef969eeefc0e8a65a0 aa99a1b2c8464a0190733132f1fde0e0 - - 90f575837326456b8ab9bf10c47d7749 90f575837326456b8ab9bf10c47d7749] 199.19.213.191 "GET /v2.0/floatingips?fixed_ip_address=10.100.0.5&port_id=7a6b5edc-55d7-44a0-896d-e5e4c47ad75e HTTP/1.1" status: 200 len: 217 time: 0.0282550
2026-05-19 04:11:09.863 9 INFO neutron.wsgi [req-24c36c3e-e3c1-43aa-b996-f5b8b95aa682 req-6d787ade-a8ee-4c26-8d9b-d628bbae3e4b d90ddc0e36f442ef969eeefc0e8a65a0 aa99a1b2c8464a0190733132f1fde0e0 - - 90f575837326456b8ab9bf10c47d7749 90f575837326456b8ab9bf10c47d7749] 199.19.213.191 "GET /v2.0/subnets?id=c9f4d66f-1cff-494f-8fd0-0b2ea3668305 HTTP/1.1" status: 200 len: 851 time: 0.0277429
2026-05-19 04:11:09.894 9 INFO neutron.wsgi [req-24c36c3e-e3c1-43aa-b996-f5b8b95aa682 req-b772b467-9f5c-42fe-b5cc-81beda3ffc56 d90ddc0e36f442ef969eeefc0e8a65a0 aa99a1b2c8464a0190733132f1fde0e0 - - 90f575837326456b8ab9bf10c47d7749 90f575837326456b8ab9bf10c47d7749] 199.19.213.191 "GET /v2.0/ports?network_id=0fc1ebaa-363d-4591-9a5c-472bfc260d00&device_owner=network%3Adhcp HTTP/1.1" status: 200 len: 210 time: 0.0228000
2026-05-19 04:11:09.962 9 INFO neutron.wsgi [req-24c36c3e-e3c1-43aa-b996-f5b8b95aa682 req-9800b23d-fb7d-4c12-8780-11d516e482ae d90ddc0e36f442ef969eeefc0e8a65a0 aa99a1b2c8464a0190733132f1fde0e0 - - 90f575837326456b8ab9bf10c47d7749 90f575837326456b8ab9bf10c47d7749] 199.19.213.191 "GET /v2.0/networks/0fc1ebaa-363d-4591-9a5c-472bfc260d00?fields=segments HTTP/1.1" status: 200 len: 212 time: 0.0626040
2026-05-19 04:11:10.042 9 INFO neutron.wsgi [req-24c36c3e-e3c1-43aa-b996-f5b8b95aa682 req-57a4f8ab-345c-4827-ab65-387350298a1f d90ddc0e36f442ef969eeefc0e8a65a0 aa99a1b2c8464a0190733132f1fde0e0 - - 90f575837326456b8ab9bf10c47d7749 90f575837326456b8ab9bf10c47d7749] 199.19.213.191 "GET /v2.0/networks/0fc1ebaa-363d-4591-9a5c-472bfc260d00?fields=provider%3Aphysical_network&fields=provider%3Anetwork_type HTTP/1.1" status: 200 len: 277 time: 0.0690010
2026-05-19 04:11:10.121 9 INFO neutron.wsgi [req-e7908f1c-d16b-46cf-bb66-ce5bee8563c9 req-7f054970-0ce1-4722-a05d-41606cdef3bd d90ddc0e36f442ef969eeefc0e8a65a0 aa99a1b2c8464a0190733132f1fde0e0 - - 90f575837326456b8ab9bf10c47d7749 90f575837326456b8ab9bf10c47d7749] 199.19.213.191 "GET /v2.0/ports?tenant_id=ac82bda9158e4c30a38103e4e9fad327&device_id=80bc0beb-b346-4a5b-b721-7c3707375164 HTTP/1.1" status: 200 len: 1407 time: 0.0390148
2026-05-19 04:11:10.192 9 INFO neutron.wsgi [req-e7908f1c-d16b-46cf-bb66-ce5bee8563c9 req-889b9b4d-af31-4696-a2c0-fca61593cb9d d90ddc0e36f442ef969eeefc0e8a65a0 aa99a1b2c8464a0190733132f1fde0e0 - - 90f575837326456b8ab9bf10c47d7749 90f575837326456b8ab9bf10c47d7749] 199.19.213.191 "GET /v2.0/networks?id=0fc1ebaa-363d-4591-9a5c-472bfc260d00 HTTP/1.1" status: 200 len: 958 time: 0.0591974
2026-05-19 04:11:10.244 9 INFO neutron.wsgi [req-e7908f1c-d16b-46cf-bb66-ce5bee8563c9 req-ba3a6000-2cd6-4ca6-a048-7df1fa664930 d90ddc0e36f442ef969eeefc0e8a65a0 aa99a1b2c8464a0190733132f1fde0e0 - - 90f575837326456b8ab9bf10c47d7749 90f575837326456b8ab9bf10c47d7749] 199.19.213.191 "GET /v2.0/floatingips?fixed_ip_address=10.100.0.5&port_id=7a6b5edc-55d7-44a0-896d-e5e4c47ad75e HTTP/1.1" status: 200 len: 217 time: 0.0421855
2026-05-19 04:11:10.257 9 INFO neutron.plugins.ml2.drivers.ovn.mech_driver.mech_driver [None req-8bac5458-4588-43bb-b5a9-3be57fee1436 - - - - - -] OVN reports status up for port: 7a6b5edc-55d7-44a0-896d-e5e4c47ad75e
2026-05-19 04:11:10.311 9 INFO neutron.wsgi [req-e7908f1c-d16b-46cf-bb66-ce5bee8563c9 req-145da7b2-9f9f-4faa-8864-59cb0758010b d90ddc0e36f442ef969eeefc0e8a65a0 aa99a1b2c8464a0190733132f1fde0e0 - - 90f575837326456b8ab9bf10c47d7749 90f575837326456b8ab9bf10c47d7749] 199.19.213.191 "GET /v2.0/subnets?id=c9f4d66f-1cff-494f-8fd0-0b2ea3668305 HTTP/1.1" status: 200 len: 851 time: 0.0542407
2026-05-19 04:11:10.315 9 INFO neutron.wsgi [req-566a57b8-45c8-48bc-b954-ef715290a10d req-1edfd641-459a-4b6d-9bb4-fd157cc75b32 f861119eb0924eb8a5ecaf94c6dcc5a3 ac82bda9158e4c30a38103e4e9fad327 - - default default] 10.0.0.80 "GET /v2.0/ports?device_id=80bc0beb-b346-4a5b-b721-7c3707375164 HTTP/1.1" status: 200 len: 1168 time: 0.0494175
2026-05-19 04:11:10.316 9 INFO neutron.plugins.ml2.plugin [None req-8bac5458-4588-43bb-b5a9-3be57fee1436 - - - - - -] Attempt 1 to provision port 7a6b5edc-55d7-44a0-896d-e5e4c47ad75e
2026-05-19 04:11:10.349 9 INFO neutron.wsgi [req-e7908f1c-d16b-46cf-bb66-ce5bee8563c9 req-e1f25aec-24eb-46f8-9390-af7552f4a3ac d90ddc0e36f442ef969eeefc0e8a65a0 aa99a1b2c8464a0190733132f1fde0e0 - - 90f575837326456b8ab9bf10c47d7749 90f575837326456b8ab9bf10c47d7749] 199.19.213.191 "GET /v2.0/ports?network_id=0fc1ebaa-363d-4591-9a5c-472bfc260d00&device_owner=network%3Adhcp HTTP/1.1" status: 200 len: 210 time: 0.0315363
2026-05-19 04:11:10.412 9 INFO neutron.wsgi [req-566a57b8-45c8-48bc-b954-ef715290a10d req-9a316eb7-def8-4a40-94cd-9be6377b6502 f861119eb0924eb8a5ecaf94c6dcc5a3 ac82bda9158e4c30a38103e4e9fad327 - - default default] 10.0.0.80 "GET /v2.0/security-groups?id=176747d1-53a5-4d46-b0b4-df446ca04fa2&fields=id&fields=name HTTP/1.1" status: 200 len: 313 time: 0.0857899
2026-05-19 04:11:10.438 9 INFO neutron.wsgi [req-e7908f1c-d16b-46cf-bb66-ce5bee8563c9 req-e59ecee3-098a-4c70-8aef-482113c6434d d90ddc0e36f442ef969eeefc0e8a65a0 aa99a1b2c8464a0190733132f1fde0e0 - - 90f575837326456b8ab9bf10c47d7749 90f575837326456b8ab9bf10c47d7749] 199.19.213.191 "GET /v2.0/networks/0fc1ebaa-363d-4591-9a5c-472bfc260d00?fields=segments HTTP/1.1" status: 200 len: 212 time: 0.0791872
2026-05-19 04:11:10.513 9 INFO neutron.wsgi [req-e7908f1c-d16b-46cf-bb66-ce5bee8563c9 req-bf6e54c3-b19d-4909-81d3-7a0b8c5ab815 d90ddc0e36f442ef969eeefc0e8a65a0 aa99a1b2c8464a0190733132f1fde0e0 - - 90f575837326456b8ab9bf10c47d7749 90f575837326456b8ab9bf10c47d7749] 199.19.213.191 "GET /v2.0/networks/0fc1ebaa-363d-4591-9a5c-472bfc260d00?fields=provider%3Aphysical_network&fields=provider%3Anetwork_type HTTP/1.1" status: 200 len: 277 time: 0.0705283
2026-05-19 04:11:10.708 9 INFO neutron.db.ovn_revision_numbers_db [None req-8bac5458-4588-43bb-b5a9-3be57fee1436 - - - - - -] Successfully bumped revision number for resource 7a6b5edc-55d7-44a0-896d-e5e4c47ad75e (type: ports) to 4
2026-05-19 04:11:11.594 10 INFO neutron.wsgi [req-5a5b6a49-8016-448f-8d1b-ded649a2b782 req-a464a256-176d-4d24-ad50-12fe95f793b4 f861119eb0924eb8a5ecaf94c6dcc5a3 ac82bda9158e4c30a38103e4e9fad327 - - default default] 10.0.0.80 "GET /v2.0/ports?device_id=80bc0beb-b346-4a5b-b721-7c3707375164 HTTP/1.1" status: 200 len: 1170 time: 0.0929272
2026-05-19 04:11:11.641 10 INFO neutron.wsgi [req-5a5b6a49-8016-448f-8d1b-ded649a2b782 req-293eed01-775e-42da-bc62-9e9e8b02a72f f861119eb0924eb8a5ecaf94c6dcc5a3 ac82bda9158e4c30a38103e4e9fad327 - - default default] 10.0.0.80 "GET /v2.0/security-groups?id=176747d1-53a5-4d46-b0b4-df446ca04fa2&fields=id&fields=name HTTP/1.1" status: 200 len: 313 time: 0.0414104 /var/lib/openstack/lib/python3.10/site-packages/pycadf/identifier.py:71: UserWarning: Invalid uuid: neutron. To ensure interoperability, identifiers should be a valid uuid. warnings.warn(('Invalid uuid: %s. To ensure interoperability, '
2026-05-19 04:11:11.797 9 INFO neutron.notifiers.nova [-] Nova event matching ['req-1152d0dd-9556-40c3-93f7-ca7752dd3ec2'] response: {'server_uuid': '80bc0beb-b346-4a5b-b721-7c3707375164', 'name': 'network-vif-plugged', 'status': 'completed', 'tag': '7a6b5edc-55d7-44a0-896d-e5e4c47ad75e', 'code': 200}
2026-05-19 04:11:11.798 9 INFO neutron.notifiers.nova [-] Nova event matching ['req-1152d0dd-9556-40c3-93f7-ca7752dd3ec2'] response: {'server_uuid': '80bc0beb-b346-4a5b-b721-7c3707375164', 'name': 'network-vif-plugged', 'status': 'completed', 'tag': '7a6b5edc-55d7-44a0-896d-e5e4c47ad75e', 'code': 200}
2026-05-19 04:11:11.858 9 INFO neutron.db.ovn_revision_numbers_db [None req-53873427-4726-4d47-93aa-382e2a6bd456 f27c60f8fc89422abc2ea9f59aff48cd 92b81ed5cd1046209163d6315bd91e97 - - default default] Successfully bumped revision number for resource b998dd8f-4f98-4365-bcd7-6188673bdaa0 (type: security_groups) to 1
2026-05-19 04:11:11.878 9 INFO neutron.db.ovn_revision_numbers_db [None req-53873427-4726-4d47-93aa-382e2a6bd456 f27c60f8fc89422abc2ea9f59aff48cd 92b81ed5cd1046209163d6315bd91e97 - - default default] Successfully bumped revision number for resource 0816ea04-609c-4ab3-9ef9-24d74bc23040 (type: security_group_rules) to 0
2026-05-19 04:11:11.896 9 INFO neutron.db.ovn_revision_numbers_db [None req-53873427-4726-4d47-93aa-382e2a6bd456 f27c60f8fc89422abc2ea9f59aff48cd 92b81ed5cd1046209163d6315bd91e97 - - default default] Successfully bumped revision number for resource 0ebe2c0b-c8ef-4576-9b8b-55b315868d0f (type: security_group_rules) to 0
2026-05-19 04:11:11.917 9 INFO neutron.db.ovn_revision_numbers_db [None req-53873427-4726-4d47-93aa-382e2a6bd456 f27c60f8fc89422abc2ea9f59aff48cd 92b81ed5cd1046209163d6315bd91e97 - - default default] Successfully bumped revision number for resource 2da8326c-ffd9-45ed-8028-dea980f03130 (type: security_group_rules) to 0
2026-05-19 04:11:11.941 9 INFO neutron.db.ovn_revision_numbers_db [None req-53873427-4726-4d47-93aa-382e2a6bd456 f27c60f8fc89422abc2ea9f59aff48cd 92b81ed5cd1046209163d6315bd91e97 - - default default] Successfully bumped revision number for resource 7ba54a28-dece-4f8b-ac22-4654e8489945 (type: security_group_rules) to 0
2026-05-19 04:11:11.993 9 INFO neutron.db.segments_db [None req-53873427-4726-4d47-93aa-382e2a6bd456 f27c60f8fc89422abc2ea9f59aff48cd 92b81ed5cd1046209163d6315bd91e97 - - default default] Added segment b1da0926-92f4-406c-88a0-1fc39237b675 of type geneve for network 4c273023-d26d-4fbc-a6f0-8883ca79a542
2026-05-19 04:11:12.162 9 INFO neutron.db.ovn_revision_numbers_db [None req-53873427-4726-4d47-93aa-382e2a6bd456 f27c60f8fc89422abc2ea9f59aff48cd 92b81ed5cd1046209163d6315bd91e97 - - default default] Successfully bumped revision number for resource 4c273023-d26d-4fbc-a6f0-8883ca79a542 (type: networks) to 1
2026-05-19 04:11:12.427 9 WARNING neutron.scheduler.dhcp_agent_scheduler [None req-53873427-4726-4d47-93aa-382e2a6bd456 f27c60f8fc89422abc2ea9f59aff48cd 92b81ed5cd1046209163d6315bd91e97 - - default default] No more DHCP agents
2026-05-19 04:11:12.429 9 WARNING neutron.api.rpc.agentnotifiers.dhcp_rpc_agent_api [None req-53873427-4726-4d47-93aa-382e2a6bd456 f27c60f8fc89422abc2ea9f59aff48cd 92b81ed5cd1046209163d6315bd91e97 - - default default] Unable to schedule network 4c273023-d26d-4fbc-a6f0-8883ca79a542: no agents available; will retry on subsequent port and subnet creation events.
2026-05-19 04:11:12.522 9 INFO neutron.db.ovn_revision_numbers_db [None req-53873427-4726-4d47-93aa-382e2a6bd456 f27c60f8fc89422abc2ea9f59aff48cd 92b81ed5cd1046209163d6315bd91e97 - - default default] Successfully bumped revision number for resource abf55c8a-10c5-4d8a-877d-fcb00cd3997c (type: ports) to 1
2026-05-19 04:11:12.570 9 INFO neutron.wsgi [None req-53873427-4726-4d47-93aa-382e2a6bd456 f27c60f8fc89422abc2ea9f59aff48cd 92b81ed5cd1046209163d6315bd91e97 - - default default] 10.0.0.53 "POST /v2.0/networks HTTP/1.1" status: 201 len: 929 time: 1.0073972
2026-05-19 04:11:12.761 9 WARNING neutron.scheduler.dhcp_agent_scheduler [None req-ca441187-77b8-40da-ac44-f9024346278c f27c60f8fc89422abc2ea9f59aff48cd 92b81ed5cd1046209163d6315bd91e97 - - default default] No more DHCP agents
2026-05-19 04:11:12.764 10 INFO neutron.wsgi [req-a4c0c449-3802-4029-813b-6d02b378e0aa req-e22df7e3-9aa4-4a88-b7ed-80bac8704493 f861119eb0924eb8a5ecaf94c6dcc5a3 ac82bda9158e4c30a38103e4e9fad327 - - default default] 10.0.0.80 "GET /v2.0/ports?device_id=80bc0beb-b346-4a5b-b721-7c3707375164 HTTP/1.1" status: 200 len: 1170 time: 0.0441685
2026-05-19 04:11:12.765 9 WARNING neutron.api.rpc.agentnotifiers.dhcp_rpc_agent_api [None req-ca441187-77b8-40da-ac44-f9024346278c f27c60f8fc89422abc2ea9f59aff48cd 92b81ed5cd1046209163d6315bd91e97 - - default default] Unable to schedule network 4c273023-d26d-4fbc-a6f0-8883ca79a542: no agents available; will retry on subsequent port and subnet creation events.
2026-05-19 04:11:12.803 10 INFO neutron.wsgi [req-a4c0c449-3802-4029-813b-6d02b378e0aa req-1d9f2004-657e-4f5f-8760-b8c16d7e6320 f861119eb0924eb8a5ecaf94c6dcc5a3 ac82bda9158e4c30a38103e4e9fad327 - - default default] 10.0.0.80 "GET /v2.0/security-groups?id=176747d1-53a5-4d46-b0b4-df446ca04fa2&fields=id&fields=name HTTP/1.1" status: 200 len: 313 time: 0.0385830
2026-05-19 04:11:12.927 9 INFO neutron.wsgi [req-38ffe12c-2af5-45d9-a653-1cb8ca933283 req-97c3190a-8bc9-46a3-8bdd-ac271e260076 f861119eb0924eb8a5ecaf94c6dcc5a3 ac82bda9158e4c30a38103e4e9fad327 - - default default] 10.0.0.80 "GET /v2.0/ports?device_id=80bc0beb-b346-4a5b-b721-7c3707375164 HTTP/1.1" status: 200 len: 1170 time: 0.0512877
2026-05-19 04:11:12.990 9 INFO neutron.wsgi [req-38ffe12c-2af5-45d9-a653-1cb8ca933283 req-4a426e11-b5e0-4e95-9d5f-80022212f13e f861119eb0924eb8a5ecaf94c6dcc5a3 ac82bda9158e4c30a38103e4e9fad327 - - default default] 10.0.0.80 "GET /v2.0/security-groups?id=176747d1-53a5-4d46-b0b4-df446ca04fa2&fields=id&fields=name HTTP/1.1" status: 200 len: 313 time: 0.0512791
