2026-05-19 04:15:58.706 10 INFO neutron.wsgi [None req-b0ce4260-56d6-4327-9cb2-a0804d1fba24 fc836f18886d4f98934a64723f7d29c2 3bfdc4445f0b4fd3a43ef23e02f4353c - - default default] 10.0.0.53 "PUT /v2.0/routers/f7b5f0aa-51c9-4a0b-a5b3-41a1ca62735c/remove_router_interface HTTP/1.1" status: 404 len: 399 time: 0.1257730
2026-05-19 04:15:58.715 9 INFO neutron.wsgi [-] 10.0.0.66 "GET / HTTP/1.1" status: 200 len: 247 time: 0.0022883
2026-05-19 04:15:58.718 9 INFO neutron.wsgi [-] 10.0.0.66 "GET / HTTP/1.1" status: 200 len: 247 time: 0.0015285
2026-05-19 04:15:59.600 10 INFO neutron.wsgi [None req-2652d50e-4f90-488e-bc55-9f74b7aeb9e6 fc836f18886d4f98934a64723f7d29c2 3bfdc4445f0b4fd3a43ef23e02f4353c - - default default] 10.0.0.53 "PUT /v2.0/routers/f7b5f0aa-51c9-4a0b-a5b3-41a1ca62735c/remove_router_interface HTTP/1.1" status: 200 len: 503 time: 0.8890460
2026-05-19 04:15:59.745 9 INFO neutron.api.v2.resource [None req-66617dbe-2840-4e12-b327-2d1288de8969 fc836f18886d4f98934a64723f7d29c2 3bfdc4445f0b4fd3a43ef23e02f4353c - - default default] remove_router_interface failed (client error): The resource could not be found.
2026-05-19 04:15:59.747 9 INFO neutron.wsgi [None req-66617dbe-2840-4e12-b327-2d1288de8969 fc836f18886d4f98934a64723f7d29c2 3bfdc4445f0b4fd3a43ef23e02f4353c - - default default] 10.0.0.53 "PUT /v2.0/routers/f7b5f0aa-51c9-4a0b-a5b3-41a1ca62735c/remove_router_interface HTTP/1.1" status: 404 len: 399 time: 0.1408455
2026-05-19 04:16:00.917 9 INFO neutron.wsgi [None req-b899306c-27a2-4cba-994a-41e4e35a5a3d fc836f18886d4f98934a64723f7d29c2 3bfdc4445f0b4fd3a43ef23e02f4353c - - default default] 10.0.0.53 "PUT /v2.0/routers/f7b5f0aa-51c9-4a0b-a5b3-41a1ca62735c/remove_router_interface HTTP/1.1" status: 200 len: 503 time: 1.1641090 /var/lib/openstack/lib/python3.10/site-packages/pycadf/identifier.py:71: UserWarning: Invalid uuid: neutron. To ensure interoperability, identifiers should be a valid uuid. warnings.warn(('Invalid uuid: %s. To ensure interoperability, '
2026-05-19 04:16:01.055 9 INFO neutron.api.v2.resource [None req-ab5afd54-9315-432b-9cb3-108148072b1a fc836f18886d4f98934a64723f7d29c2 3bfdc4445f0b4fd3a43ef23e02f4353c - - default default] remove_router_interface failed (client error): The resource could not be found.
2026-05-19 04:16:01.056 9 INFO neutron.wsgi [None req-ab5afd54-9315-432b-9cb3-108148072b1a fc836f18886d4f98934a64723f7d29c2 3bfdc4445f0b4fd3a43ef23e02f4353c - - default default] 10.0.0.53 "PUT /v2.0/routers/f7b5f0aa-51c9-4a0b-a5b3-41a1ca62735c/remove_router_interface HTTP/1.1" status: 404 len: 399 time: 0.1345887
2026-05-19 04:16:01.682 9 INFO neutron.wsgi [None req-6186c5ce-b88b-477c-8711-03e4e74d3c67 fc836f18886d4f98934a64723f7d29c2 3bfdc4445f0b4fd3a43ef23e02f4353c - - default default] 10.0.0.53 "DELETE /v2.0/routers/f7b5f0aa-51c9-4a0b-a5b3-41a1ca62735c HTTP/1.1" status: 204 len: 168 time: 0.6211882 /var/lib/openstack/lib/python3.10/site-packages/pycadf/identifier.py:71: UserWarning: Invalid uuid: neutron. To ensure interoperability, identifiers should be a valid uuid. warnings.warn(('Invalid uuid: %s. To ensure interoperability, '
2026-05-19 04:16:01.725 10 INFO neutron.api.v2.resource [None req-92b9c4d1-2fa0-4a7f-9c5a-8f84a27e2f7b fc836f18886d4f98934a64723f7d29c2 3bfdc4445f0b4fd3a43ef23e02f4353c - - default default] show failed (client error): The resource could not be found.
2026-05-19 04:16:01.726 10 INFO neutron.wsgi [None req-92b9c4d1-2fa0-4a7f-9c5a-8f84a27e2f7b fc836f18886d4f98934a64723f7d29c2 3bfdc4445f0b4fd3a43ef23e02f4353c - - default default] 10.0.0.53 "GET /v2.0/routers/f7b5f0aa-51c9-4a0b-a5b3-41a1ca62735c HTTP/1.1" status: 404 len: 336 time: 0.0378659
2026-05-19 04:16:01.925 10 INFO neutron.wsgi [None req-9a8be41f-6eab-4064-aed9-c0c24a44e65e fc836f18886d4f98934a64723f7d29c2 3bfdc4445f0b4fd3a43ef23e02f4353c - - default default] 10.0.0.53 "DELETE /v2.0/subnets/579d4040-7f17-486f-96d0-41298efe2182 HTTP/1.1" status: 204 len: 168 time: 0.1939356
2026-05-19 04:16:01.950 10 INFO neutron.pecan_wsgi.hooks.translation [None req-3035166d-5e38-41f0-9ed0-2decfe61587b fc836f18886d4f98934a64723f7d29c2 3bfdc4445f0b4fd3a43ef23e02f4353c - - default default] GET failed (client error): The resource could not be found.
2026-05-19 04:16:01.951 10 INFO neutron.wsgi [None req-3035166d-5e38-41f0-9ed0-2decfe61587b fc836f18886d4f98934a64723f7d29c2 3bfdc4445f0b4fd3a43ef23e02f4353c - - default default] 10.0.0.53 "GET /v2.0/subnets/579d4040-7f17-486f-96d0-41298efe2182 HTTP/1.1" status: 404 len: 337 time: 0.0186107
2026-05-19 04:16:02.165 10 INFO neutron.wsgi [None req-1463d7eb-ebd0-4ae6-b1cb-e3680b890148 fc836f18886d4f98934a64723f7d29c2 3bfdc4445f0b4fd3a43ef23e02f4353c - - default default] 10.0.0.53 "DELETE /v2.0/subnets/94675ed6-ac14-4df2-8ee2-b099d0ab5718 HTTP/1.1" status: 204 len: 168 time: 0.2087181
2026-05-19 04:16:02.189 10 INFO neutron.pecan_wsgi.hooks.translation [None req-d2c8aab2-0fe8-4e7d-9743-fea9e6b09687 fc836f18886d4f98934a64723f7d29c2 3bfdc4445f0b4fd3a43ef23e02f4353c - - default default] GET failed (client error): The resource could not be found.
2026-05-19 04:16:02.191 10 INFO neutron.wsgi [None req-d2c8aab2-0fe8-4e7d-9743-fea9e6b09687 fc836f18886d4f98934a64723f7d29c2 3bfdc4445f0b4fd3a43ef23e02f4353c - - default default] 10.0.0.53 "GET /v2.0/subnets/94675ed6-ac14-4df2-8ee2-b099d0ab5718 HTTP/1.1" status: 404 len: 337 time: 0.0194423
2026-05-19 04:16:02.600 10 INFO neutron.wsgi [None req-ba162265-402c-4b55-89ab-8a4ddb00b8a5 fc836f18886d4f98934a64723f7d29c2 3bfdc4445f0b4fd3a43ef23e02f4353c - - default default] 10.0.0.53 "DELETE /v2.0/networks/bf7e9584-a124-472c-9ba4-61732306a767 HTTP/1.1" status: 204 len: 168 time: 0.4039006
2026-05-19 04:16:02.622 10 INFO neutron.services.segments.plugin [-] Segment 2e178e35-fbfc-43aa-a290-8e190ed77a93 resource provider aggregate not found
2026-05-19 04:16:02.628 10 INFO neutron.services.segments.plugin [-] Segment 2e178e35-fbfc-43aa-a290-8e190ed77a93 resource provider aggregate not found
2026-05-19 04:16:02.630 9 INFO neutron.pecan_wsgi.hooks.translation [None req-a134dde5-aa4d-4e1a-b316-acaf88553654 fc836f18886d4f98934a64723f7d29c2 3bfdc4445f0b4fd3a43ef23e02f4353c - - default default] GET failed (client error): The resource could not be found.
2026-05-19 04:16:02.633 9 INFO neutron.wsgi [None req-a134dde5-aa4d-4e1a-b316-acaf88553654 fc836f18886d4f98934a64723f7d29c2 3bfdc4445f0b4fd3a43ef23e02f4353c - - default default] 10.0.0.53 "GET /v2.0/networks/bf7e9584-a124-472c-9ba4-61732306a767 HTTP/1.1" status: 404 len: 339 time: 0.0270245
2026-05-19 04:16:02.646 10 INFO neutron.services.segments.plugin [-] Segment 2e178e35-fbfc-43aa-a290-8e190ed77a93 resource provider not found; error: Placement Client Error (4xx): {"errors": [{"status": 404, "title": "Not Found", "detail": "The resource could not be found.\n\n No resource provider with uuid 2e178e35-fbfc-43aa-a290-8e190ed77a93 found for delete ", "request_id": "req-29b82b5b-8f5a-4b00-a0e8-aceff940eb7f"}]}
2026-05-19 04:16:02.659 10 INFO neutron.services.segments.plugin [-] Segment 2e178e35-fbfc-43aa-a290-8e190ed77a93 resource provider not found; error: Placement Client Error (4xx): {"errors": [{"status": 404, "title": "Not Found", "detail": "The resource could not be found.\n\n No resource provider with uuid 2e178e35-fbfc-43aa-a290-8e190ed77a93 found for delete ", "request_id": "req-67025c0a-8235-4392-8a35-2b82bc16bd4e"}]}
2026-05-19 04:16:02.820 10 INFO neutron.wsgi [None req-f2aae813-7cbd-4327-82c3-b03d65814629 fc836f18886d4f98934a64723f7d29c2 3bfdc4445f0b4fd3a43ef23e02f4353c - - default default] 10.0.0.53 "DELETE /v2.0/subnets/7cd9189b-2121-479a-9f11-e2653bc1e389 HTTP/1.1" status: 204 len: 168 time: 0.1819632
2026-05-19 04:16:02.849 10 INFO neutron.pecan_wsgi.hooks.translation [None req-2a5fa1d9-0fe0-4799-88d2-a01102d1b07c fc836f18886d4f98934a64723f7d29c2 3bfdc4445f0b4fd3a43ef23e02f4353c - - default default] GET failed (client error): The resource could not be found.
2026-05-19 04:16:02.852 10 INFO neutron.wsgi [None req-2a5fa1d9-0fe0-4799-88d2-a01102d1b07c fc836f18886d4f98934a64723f7d29c2 3bfdc4445f0b4fd3a43ef23e02f4353c - - default default] 10.0.0.53 "GET /v2.0/subnets/7cd9189b-2121-479a-9f11-e2653bc1e389 HTTP/1.1" status: 404 len: 337 time: 0.0259662
2026-05-19 04:16:03.092 10 INFO neutron.wsgi [None req-eb158a42-d0a2-410e-b92a-0252f741decc fc836f18886d4f98934a64723f7d29c2 3bfdc4445f0b4fd3a43ef23e02f4353c - - default default] 10.0.0.53 "DELETE /v2.0/subnets/494a937f-672f-4055-baf4-f80eabdbaf42 HTTP/1.1" status: 204 len: 168 time: 0.2342191
2026-05-19 04:16:03.112 10 INFO neutron.pecan_wsgi.hooks.translation [None req-5f9a45cd-95a6-4c2e-8596-3207438efbf7 fc836f18886d4f98934a64723f7d29c2 3bfdc4445f0b4fd3a43ef23e02f4353c - - default default] GET failed (client error): The resource could not be found.
2026-05-19 04:16:03.114 10 INFO neutron.wsgi [None req-5f9a45cd-95a6-4c2e-8596-3207438efbf7 fc836f18886d4f98934a64723f7d29c2 3bfdc4445f0b4fd3a43ef23e02f4353c - - default default] 10.0.0.53 "GET /v2.0/subnets/494a937f-672f-4055-baf4-f80eabdbaf42 HTTP/1.1" status: 404 len: 337 time: 0.0167792
2026-05-19 04:16:03.602 10 INFO neutron.wsgi [None req-c6ef8534-8da7-4351-b0df-41a049e6125a fc836f18886d4f98934a64723f7d29c2 3bfdc4445f0b4fd3a43ef23e02f4353c - - default default] 10.0.0.53 "DELETE /v2.0/networks/952b64e5-70f3-49c0-b22f-93d9014155d6 HTTP/1.1" status: 204 len: 168 time: 0.4843173
2026-05-19 04:16:03.629 9 INFO neutron.pecan_wsgi.hooks.translation [None req-709a3bd0-4b36-4c28-9d83-508978899085 fc836f18886d4f98934a64723f7d29c2 3bfdc4445f0b4fd3a43ef23e02f4353c - - default default] GET failed (client error): The resource could not be found.
2026-05-19 04:16:03.631 9 INFO neutron.wsgi [None req-709a3bd0-4b36-4c28-9d83-508978899085 fc836f18886d4f98934a64723f7d29c2 3bfdc4445f0b4fd3a43ef23e02f4353c - - default default] 10.0.0.53 "GET /v2.0/networks/952b64e5-70f3-49c0-b22f-93d9014155d6 HTTP/1.1" status: 404 len: 339 time: 0.0204706
2026-05-19 04:16:03.902 9 INFO neutron.wsgi [None req-fdfe457f-7a89-438d-a540-95a4beb3504d fc836f18886d4f98934a64723f7d29c2 3bfdc4445f0b4fd3a43ef23e02f4353c - - default default] 10.0.0.53 "DELETE /v2.0/subnets/e5daaf6a-59c7-46b4-a588-f560dd0cdfae HTTP/1.1" status: 204 len: 168 time: 0.2643545
2026-05-19 04:16:03.944 9 INFO neutron.pecan_wsgi.hooks.translation [None req-5af4705a-5cb5-4b99-a050-201974025f8a fc836f18886d4f98934a64723f7d29c2 3bfdc4445f0b4fd3a43ef23e02f4353c - - default default] GET failed (client error): The resource could not be found.
2026-05-19 04:16:03.948 9 INFO neutron.wsgi [None req-5af4705a-5cb5-4b99-a050-201974025f8a fc836f18886d4f98934a64723f7d29c2 3bfdc4445f0b4fd3a43ef23e02f4353c - - default default] 10.0.0.53 "GET /v2.0/subnets/e5daaf6a-59c7-46b4-a588-f560dd0cdfae HTTP/1.1" status: 404 len: 337 time: 0.0286129
2026-05-19 04:16:04.165 9 INFO neutron.wsgi [None req-cb7febd0-d878-4b67-898d-dc9a334c899a fc836f18886d4f98934a64723f7d29c2 3bfdc4445f0b4fd3a43ef23e02f4353c - - default default] 10.0.0.53 "DELETE /v2.0/subnets/6d40cb05-55fc-4d46-8eaf-429586faf10d HTTP/1.1" status: 204 len: 168 time: 0.2001047
2026-05-19 04:16:04.187 9 INFO neutron.pecan_wsgi.hooks.translation [None req-dac2dac5-cb62-4acf-b467-465eda309c8c fc836f18886d4f98934a64723f7d29c2 3bfdc4445f0b4fd3a43ef23e02f4353c - - default default] GET failed (client error): The resource could not be found.
2026-05-19 04:16:04.189 9 INFO neutron.wsgi [None req-dac2dac5-cb62-4acf-b467-465eda309c8c fc836f18886d4f98934a64723f7d29c2 3bfdc4445f0b4fd3a43ef23e02f4353c - - default default] 10.0.0.53 "GET /v2.0/subnets/6d40cb05-55fc-4d46-8eaf-429586faf10d HTTP/1.1" status: 404 len: 337 time: 0.0180805
2026-05-19 04:16:04.619 9 INFO neutron.wsgi [None req-32f602f7-1e1c-4169-9daf-94fb50af773d fc836f18886d4f98934a64723f7d29c2 3bfdc4445f0b4fd3a43ef23e02f4353c - - default default] 10.0.0.53 "DELETE /v2.0/networks/b1fae68d-1bdb-4bae-b59e-fb4d3f0be76c HTTP/1.1" status: 204 len: 168 time: 0.4248469
2026-05-19 04:16:04.644 9 INFO neutron.services.segments.plugin [-] Segment 5996e6cd-5060-4547-97de-7b2d687460df resource provider aggregate not found
2026-05-19 04:16:04.649 9 INFO neutron.services.segments.plugin [-] Segment 5996e6cd-5060-4547-97de-7b2d687460df resource provider aggregate not found
2026-05-19 04:16:04.660 9 INFO neutron.pecan_wsgi.hooks.translation [None req-1c7a7483-44d8-45ee-ad13-d496d200609d fc836f18886d4f98934a64723f7d29c2 3bfdc4445f0b4fd3a43ef23e02f4353c - - default default] GET failed (client error): The resource could not be found.
2026-05-19 04:16:04.662 9 INFO neutron.wsgi [None req-1c7a7483-44d8-45ee-ad13-d496d200609d fc836f18886d4f98934a64723f7d29c2 3bfdc4445f0b4fd3a43ef23e02f4353c - - default default] 10.0.0.53 "GET /v2.0/networks/b1fae68d-1bdb-4bae-b59e-fb4d3f0be76c HTTP/1.1" status: 404 len: 339 time: 0.0368862
2026-05-19 04:16:04.666 9 INFO neutron.services.segments.plugin [-] Segment 5996e6cd-5060-4547-97de-7b2d687460df resource provider not found; error: Placement Client Error (4xx): {"errors": [{"status": 404, "title": "Not Found", "detail": "The resource could not be found.\n\n No resource provider with uuid 5996e6cd-5060-4547-97de-7b2d687460df found for delete ", "request_id": "req-ad1adeea-532c-4161-9cab-aa30cedc6de3"}]}
2026-05-19 04:16:04.667 9 INFO neutron.services.segments.plugin [-] Segment 5996e6cd-5060-4547-97de-7b2d687460df resource provider not found; error: Placement Client Error (4xx): {"errors": [{"status": 404, "title": "Not Found", "detail": "The resource could not be found.\n\n No resource provider with uuid 5996e6cd-5060-4547-97de-7b2d687460df found for delete ", "request_id": "req-5542f111-8711-449b-8e5c-4e6ec4869be3"}]}
2026-05-19 04:16:04.673 10 INFO neutron.services.segments.plugin [-] Segment 73952969-a5f2-4d53-9020-b6292aada746 resource provider aggregate not found
2026-05-19 04:16:04.681 10 INFO neutron.services.segments.plugin [-] Segment 73952969-a5f2-4d53-9020-b6292aada746 resource provider aggregate not found
2026-05-19 04:16:04.691 10 INFO neutron.services.segments.plugin [-] Segment 73952969-a5f2-4d53-9020-b6292aada746 resource provider not found; error: Placement Client Error (4xx): {"errors": [{"status": 404, "title": "Not Found", "detail": "The resource could not be found.\n\n No resource provider with uuid 73952969-a5f2-4d53-9020-b6292aada746 found for delete ", "request_id": "req-1a62a313-e519-4c10-ab40-0e933daf8304"}]}
2026-05-19 04:16:04.701 10 INFO neutron.services.segments.plugin [-] Segment 73952969-a5f2-4d53-9020-b6292aada746 resource provider not found; error: Placement Client Error (4xx): {"errors": [{"status": 404, "title": "Not Found", "detail": "The resource could not be found.\n\n No resource provider with uuid 73952969-a5f2-4d53-9020-b6292aada746 found for delete ", "request_id": "req-532517e2-70c2-41b5-b030-28bf42f81c2b"}]}
2026-05-19 04:16:06.902 9 INFO neutron.db.ovn_revision_numbers_db [None req-376b4563-1507-4c3b-a3fa-9182b7834a57 ce236c34059d4d0babda12e0bbe32b2e 0e5e868812414428a8f6c3218fbd1854 - - default default] Successfully bumped revision number for resource 2a259a11-54c2-4137-92da-f8a2dfb4291f (type: security_groups) to 1
2026-05-19 04:16:06.916 9 INFO neutron.db.ovn_revision_numbers_db [None req-376b4563-1507-4c3b-a3fa-9182b7834a57 ce236c34059d4d0babda12e0bbe32b2e 0e5e868812414428a8f6c3218fbd1854 - - default default] Successfully bumped revision number for resource 26140efb-969c-4bb7-b278-ef10b89ccf47 (type: security_group_rules) to 0
2026-05-19 04:16:06.929 9 INFO neutron.db.ovn_revision_numbers_db [None req-376b4563-1507-4c3b-a3fa-9182b7834a57 ce236c34059d4d0babda12e0bbe32b2e 0e5e868812414428a8f6c3218fbd1854 - - default default] Successfully bumped revision number for resource 4f3b767e-3d3b-4885-a451-a5fb7cfc608e (type: security_group_rules) to 0
2026-05-19 04:16:06.944 9 INFO neutron.db.ovn_revision_numbers_db [None req-376b4563-1507-4c3b-a3fa-9182b7834a57 ce236c34059d4d0babda12e0bbe32b2e 0e5e868812414428a8f6c3218fbd1854 - - default default] Successfully bumped revision number for resource 643a0aa1-e176-413c-a31a-108ed51c9f50 (type: security_group_rules) to 0
2026-05-19 04:16:06.958 9 INFO neutron.db.ovn_revision_numbers_db [None req-376b4563-1507-4c3b-a3fa-9182b7834a57 ce236c34059d4d0babda12e0bbe32b2e 0e5e868812414428a8f6c3218fbd1854 - - default default] Successfully bumped revision number for resource fcb1ff42-c0b4-41fa-8a65-002204a98f92 (type: security_group_rules) to 0
2026-05-19 04:16:06.979 9 INFO neutron.wsgi [None req-376b4563-1507-4c3b-a3fa-9182b7834a57 ce236c34059d4d0babda12e0bbe32b2e 0e5e868812414428a8f6c3218fbd1854 - - default default] 10.0.0.53 "GET /v2.0/security-groups?tenant_id=0eaca12116914675a84afd85129c7df1&name=default HTTP/1.1" status: 200 len: 3000 time: 0.3508146
2026-05-19 04:16:07.189 9 INFO neutron.wsgi [None req-0b0cceb1-1194-419d-8932-6ea02db7f60f ce236c34059d4d0babda12e0bbe32b2e 0e5e868812414428a8f6c3218fbd1854 - - default default] 10.0.0.53 "DELETE /v2.0/security-groups/2a259a11-54c2-4137-92da-f8a2dfb4291f HTTP/1.1" status: 204 len: 168 time: 0.2008486
2026-05-19 04:16:07.388 9 INFO neutron.db.ovn_revision_numbers_db [None req-51bf5aba-25af-4b8e-9667-5f9a339d31de ce236c34059d4d0babda12e0bbe32b2e 0e5e868812414428a8f6c3218fbd1854 - - default default] Successfully bumped revision number for resource d451e27b-8c2d-4dde-92d4-8b1bcb775792 (type: security_groups) to 1
2026-05-19 04:16:07.402 9 INFO neutron.db.ovn_revision_numbers_db [None req-51bf5aba-25af-4b8e-9667-5f9a339d31de ce236c34059d4d0babda12e0bbe32b2e 0e5e868812414428a8f6c3218fbd1854 - - default default] Successfully bumped revision number for resource 0cb13436-a6ce-4363-981f-80027132ef8a (type: security_group_rules) to 0
2026-05-19 04:16:07.415 9 INFO neutron.db.ovn_revision_numbers_db [None req-51bf5aba-25af-4b8e-9667-5f9a339d31de ce236c34059d4d0babda12e0bbe32b2e 0e5e868812414428a8f6c3218fbd1854 - - default default] Successfully bumped revision number for resource 349dba9e-907e-4ae3-966b-9844868edd14 (type: security_group_rules) to 0
2026-05-19 04:16:07.429 9 INFO neutron.db.ovn_revision_numbers_db [None req-51bf5aba-25af-4b8e-9667-5f9a339d31de ce236c34059d4d0babda12e0bbe32b2e 0e5e868812414428a8f6c3218fbd1854 - - default default] Successfully bumped revision number for resource 5647bd25-3b11-467a-9538-621b79bcbb6a (type: security_group_rules) to 0
2026-05-19 04:16:07.443 9 INFO neutron.db.ovn_revision_numbers_db [None req-51bf5aba-25af-4b8e-9667-5f9a339d31de ce236c34059d4d0babda12e0bbe32b2e 0e5e868812414428a8f6c3218fbd1854 - - default default] Successfully bumped revision number for resource b01e86f1-6876-4018-b6af-1b8c0549540d (type: security_group_rules) to 0
2026-05-19 04:16:07.477 9 INFO neutron.wsgi [None req-51bf5aba-25af-4b8e-9667-5f9a339d31de ce236c34059d4d0babda12e0bbe32b2e 0e5e868812414428a8f6c3218fbd1854 - - default default] 10.0.0.53 "GET /v2.0/security-groups?tenant_id=a63d3cd91faf49c4aee52cfb33892028&name=default HTTP/1.1" status: 200 len: 3000 time: 0.1943741
2026-05-19 04:16:07.721 9 INFO neutron.wsgi [None req-b544f7b2-e2ae-48d0-ab7f-120c87f37da7 ce236c34059d4d0babda12e0bbe32b2e 0e5e868812414428a8f6c3218fbd1854 - - default default] 10.0.0.53 "DELETE /v2.0/security-groups/d451e27b-8c2d-4dde-92d4-8b1bcb775792 HTTP/1.1" status: 204 len: 168 time: 0.2375040
2026-05-19 04:16:07.928 10 INFO neutron.wsgi [None req-96123b2e-2baf-49d8-b574-56636eb56c34 ce236c34059d4d0babda12e0bbe32b2e 0e5e868812414428a8f6c3218fbd1854 - - default default] 10.0.0.53 "GET /v2.0/security-groups?tenant_id=3bfdc4445f0b4fd3a43ef23e02f4353c&name=default HTTP/1.1" status: 200 len: 3000 time: 0.0493729
2026-05-19 04:16:08.156 10 INFO neutron.wsgi [None req-e9ea94fc-1e6f-4c8f-ab21-3409c224398b ce236c34059d4d0babda12e0bbe32b2e 0e5e868812414428a8f6c3218fbd1854 - - default default] 10.0.0.53 "DELETE /v2.0/security-groups/7a38f1b0-4687-4940-8daf-95a04b091b2b HTTP/1.1" status: 204 len: 168 time: 0.2229693
2026-05-19 04:16:08.447 9 INFO neutron.db.ovn_revision_numbers_db [None req-aa154aca-3adf-4aa3-9b94-5d61f2a706d1 ce236c34059d4d0babda12e0bbe32b2e 0e5e868812414428a8f6c3218fbd1854 - - default default] Successfully bumped revision number for resource c7e73797-e1a9-412a-babf-afd10dda64fd (type: security_groups) to 1
2026-05-19 04:16:08.470 9 INFO neutron.db.ovn_revision_numbers_db [None req-aa154aca-3adf-4aa3-9b94-5d61f2a706d1 ce236c34059d4d0babda12e0bbe32b2e 0e5e868812414428a8f6c3218fbd1854 - - default default] Successfully bumped revision number for resource 42a59c25-be31-4784-8ec3-e8797ae516ce (type: security_group_rules) to 0
2026-05-19 04:16:08.499 9 INFO neutron.db.ovn_revision_numbers_db [None req-aa154aca-3adf-4aa3-9b94-5d61f2a706d1 ce236c34059d4d0babda12e0bbe32b2e 0e5e868812414428a8f6c3218fbd1854 - - default default] Successfully bumped revision number for resource 6838bcad-4e8f-4e16-8aea-172ca82d674b (type: security_group_rules) to 0
2026-05-19 04:16:08.515 9 INFO neutron.db.ovn_revision_numbers_db [None req-aa154aca-3adf-4aa3-9b94-5d61f2a706d1 ce236c34059d4d0babda12e0bbe32b2e 0e5e868812414428a8f6c3218fbd1854 - - default default] Successfully bumped revision number for resource 94fcf684-61e7-4341-8be1-7572115886e3 (type: security_group_rules) to 0
2026-05-19 04:16:08.528 9 INFO neutron.db.ovn_revision_numbers_db [None req-aa154aca-3adf-4aa3-9b94-5d61f2a706d1 ce236c34059d4d0babda12e0bbe32b2e 0e5e868812414428a8f6c3218fbd1854 - - default default] Successfully bumped revision number for resource e5247b1d-5d5a-4441-9c3f-a6ca6a66abba (type: security_group_rules) to 0
2026-05-19 04:16:08.551 9 INFO neutron.wsgi [None req-aa154aca-3adf-4aa3-9b94-5d61f2a706d1 ce236c34059d4d0babda12e0bbe32b2e 0e5e868812414428a8f6c3218fbd1854 - - default default] 10.0.0.53 "GET /v2.0/security-groups?tenant_id=35c55345065f402fb4c8cc47c0e46381&name=default HTTP/1.1" status: 200 len: 3000 time: 0.2159724
2026-05-19 04:16:08.738 9 INFO neutron.wsgi [None req-169cc484-53c3-4646-bc90-f4fb06e5d7ca ce236c34059d4d0babda12e0bbe32b2e 0e5e868812414428a8f6c3218fbd1854 - - default default] 10.0.0.53 "DELETE /v2.0/security-groups/c7e73797-e1a9-412a-babf-afd10dda64fd HTTP/1.1" status: 204 len: 168 time: 0.1809037
2026-05-19 04:16:09.011 9 INFO neutron.db.ovn_revision_numbers_db [None req-5d1f003b-d18c-435f-8488-3fc06d5b58f8 ce236c34059d4d0babda12e0bbe32b2e 0e5e868812414428a8f6c3218fbd1854 - - default default] Successfully bumped revision number for resource 96472cb2-e557-4c5e-a0d3-ce7c91697b56 (type: security_groups) to 1
2026-05-19 04:16:09.025 9 INFO neutron.db.ovn_revision_numbers_db [None req-5d1f003b-d18c-435f-8488-3fc06d5b58f8 ce236c34059d4d0babda12e0bbe32b2e 0e5e868812414428a8f6c3218fbd1854 - - default default] Successfully bumped revision number for resource 205aa922-ce7a-4e4b-bd5c-f1743f95a65d (type: security_group_rules) to 0
2026-05-19 04:16:09.038 9 INFO neutron.db.ovn_revision_numbers_db [None req-5d1f003b-d18c-435f-8488-3fc06d5b58f8 ce236c34059d4d0babda12e0bbe32b2e 0e5e868812414428a8f6c3218fbd1854 - - default default] Successfully bumped revision number for resource 5de50488-d5ac-47f9-92a5-5274f6abe50c (type: security_group_rules) to 0
2026-05-19 04:16:09.053 9 INFO neutron.db.ovn_revision_numbers_db [None req-5d1f003b-d18c-435f-8488-3fc06d5b58f8 ce236c34059d4d0babda12e0bbe32b2e 0e5e868812414428a8f6c3218fbd1854 - - default default] Successfully bumped revision number for resource bf88c3f0-ba0b-4864-8b03-bf705aaa982d (type: security_group_rules) to 0
2026-05-19 04:16:09.066 9 INFO neutron.db.ovn_revision_numbers_db [None req-5d1f003b-d18c-435f-8488-3fc06d5b58f8 ce236c34059d4d0babda12e0bbe32b2e 0e5e868812414428a8f6c3218fbd1854 - - default default] Successfully bumped revision number for resource ea4b6375-09c2-4ddd-a22b-d394393b5f35 (type: security_group_rules) to 0
2026-05-19 04:16:09.088 9 INFO neutron.wsgi [None req-5d1f003b-d18c-435f-8488-3fc06d5b58f8 ce236c34059d4d0babda12e0bbe32b2e 0e5e868812414428a8f6c3218fbd1854 - - default default] 10.0.0.53 "GET /v2.0/security-groups?tenant_id=13bcae93ffe34d639abeef1a7612dad2&name=default HTTP/1.1" status: 200 len: 3000 time: 0.1821077
2026-05-19 04:16:09.284 9 INFO neutron.wsgi [None req-defd6711-6c7b-48cd-8810-ff4524c14161 ce236c34059d4d0babda12e0bbe32b2e 0e5e868812414428a8f6c3218fbd1854 - - default default] 10.0.0.53 "DELETE /v2.0/security-groups/96472cb2-e557-4c5e-a0d3-ce7c91697b56 HTTP/1.1" status: 204 len: 168 time: 0.1907165
2026-05-19 04:16:09.549 9 INFO neutron.db.ovn_revision_numbers_db [None req-ef316848-db4e-432a-8cb2-ea421cc97544 ce236c34059d4d0babda12e0bbe32b2e 0e5e868812414428a8f6c3218fbd1854 - - default default] Successfully bumped revision number for resource cd5adf9e-8024-4673-93a7-72909097c07c (type: security_groups) to 1
2026-05-19 04:16:09.569 9 INFO neutron.db.ovn_revision_numbers_db [None req-ef316848-db4e-432a-8cb2-ea421cc97544 ce236c34059d4d0babda12e0bbe32b2e 0e5e868812414428a8f6c3218fbd1854 - - default default] Successfully bumped revision number for resource 004dc24d-22da-4617-8c96-33a6ec977b3f (type: security_group_rules) to 0
2026-05-19 04:16:09.583 9 INFO neutron.db.ovn_revision_numbers_db [None req-ef316848-db4e-432a-8cb2-ea421cc97544 ce236c34059d4d0babda12e0bbe32b2e 0e5e868812414428a8f6c3218fbd1854 - - default default] Successfully bumped revision number for resource 02acf856-5794-46af-ab62-7223c5a13b30 (type: security_group_rules) to 0
2026-05-19 04:16:09.600 9 INFO neutron.db.ovn_revision_numbers_db [None req-ef316848-db4e-432a-8cb2-ea421cc97544 ce236c34059d4d0babda12e0bbe32b2e 0e5e868812414428a8f6c3218fbd1854 - - default default] Successfully bumped revision number for resource 0c7484f7-29a2-4258-96f3-8651250b3b4d (type: security_group_rules) to 0
2026-05-19 04:16:09.614 9 INFO neutron.db.ovn_revision_numbers_db [None req-ef316848-db4e-432a-8cb2-ea421cc97544 ce236c34059d4d0babda12e0bbe32b2e 0e5e868812414428a8f6c3218fbd1854 - - default default] Successfully bumped revision number for resource bc16af75-823f-4454-8a6c-780345d2ab8f (type: security_group_rules) to 0
2026-05-19 04:16:09.635 9 INFO neutron.wsgi [None req-ef316848-db4e-432a-8cb2-ea421cc97544 ce236c34059d4d0babda12e0bbe32b2e 0e5e868812414428a8f6c3218fbd1854 - - default default] 10.0.0.53 "GET /v2.0/security-groups?tenant_id=67edbff6c734405c8481142b8fa0def3&name=default HTTP/1.1" status: 200 len: 3000 time: 0.1948030
2026-05-19 04:16:09.817 9 INFO neutron.wsgi [None req-2e36c6a1-981d-4e36-a3b5-dfc381e293a8 ce236c34059d4d0babda12e0bbe32b2e 0e5e868812414428a8f6c3218fbd1854 - - default default] 10.0.0.53 "DELETE /v2.0/security-groups/cd5adf9e-8024-4673-93a7-72909097c07c HTTP/1.1" status: 204 len: 168 time: 0.1760724
2026-05-19 04:16:10.073 9 INFO neutron.db.ovn_revision_numbers_db [None req-4d0cca47-7af0-405d-bd54-d585ee7cdbcc ce236c34059d4d0babda12e0bbe32b2e 0e5e868812414428a8f6c3218fbd1854 - - default default] Successfully bumped revision number for resource f37d89fc-307a-47ba-9f51-9c8beba95454 (type: security_groups) to 1
2026-05-19 04:16:10.087 9 INFO neutron.db.ovn_revision_numbers_db [None req-4d0cca47-7af0-405d-bd54-d585ee7cdbcc ce236c34059d4d0babda12e0bbe32b2e 0e5e868812414428a8f6c3218fbd1854 - - default default] Successfully bumped revision number for resource 47e637cb-9f41-4448-bc31-785e789f452f (type: security_group_rules) to 0
2026-05-19 04:16:10.102 9 INFO neutron.db.ovn_revision_numbers_db [None req-4d0cca47-7af0-405d-bd54-d585ee7cdbcc ce236c34059d4d0babda12e0bbe32b2e 0e5e868812414428a8f6c3218fbd1854 - - default default] Successfully bumped revision number for resource 692b1eb0-e0ae-4f9c-bedf-7ea6c7c0b74a (type: security_group_rules) to 0
2026-05-19 04:16:10.116 9 INFO neutron.db.ovn_revision_numbers_db [None req-4d0cca47-7af0-405d-bd54-d585ee7cdbcc ce236c34059d4d0babda12e0bbe32b2e 0e5e868812414428a8f6c3218fbd1854 - - default default] Successfully bumped revision number for resource cdaf349b-7f4b-4d27-bca0-c0e587a70b65 (type: security_group_rules) to 0
2026-05-19 04:16:10.131 9 INFO neutron.db.ovn_revision_numbers_db [None req-4d0cca47-7af0-405d-bd54-d585ee7cdbcc ce236c34059d4d0babda12e0bbe32b2e 0e5e868812414428a8f6c3218fbd1854 - - default default] Successfully bumped revision number for resource d2987455-861a-44f5-b210-ad60e908bfdb (type: security_group_rules) to 0
2026-05-19 04:16:10.166 9 INFO neutron.wsgi [None req-4d0cca47-7af0-405d-bd54-d585ee7cdbcc ce236c34059d4d0babda12e0bbe32b2e 0e5e868812414428a8f6c3218fbd1854 - - default default] 10.0.0.53 "GET /v2.0/security-groups?tenant_id=d9cf633fca1a4c65bd75e69a18fe3de4&name=default HTTP/1.1" status: 200 len: 3000 time: 0.1948342
2026-05-19 04:16:10.392 9 INFO neutron.wsgi [None req-7bf0376b-e136-4618-9f2d-c8aa5b1d13a0 ce236c34059d4d0babda12e0bbe32b2e 0e5e868812414428a8f6c3218fbd1854 - - default default] 10.0.0.53 "DELETE /v2.0/security-groups/f37d89fc-307a-47ba-9f51-9c8beba95454 HTTP/1.1" status: 204 len: 168 time: 0.2198520
2026-05-19 04:16:13.388 10 INFO neutron.wsgi [None req-25e2a3c5-8840-4de8-a150-a4881bae7563 ce236c34059d4d0babda12e0bbe32b2e 0e5e868812414428a8f6c3218fbd1854 - - default default] 10.0.0.53 "GET /v2.0/networks HTTP/1.1" status: 200 len: 2367 time: 0.2524595
2026-05-19 04:16:13.716 9 INFO neutron.wsgi [-] 10.0.0.66 "GET / HTTP/1.1" status: 200 len: 247 time: 0.0020051
2026-05-19 04:16:13.718 9 INFO neutron.wsgi [-] 10.0.0.66 "GET / HTTP/1.1" status: 200 len: 247 time: 0.0015068
2026-05-19 04:16:14.604 9 INFO neutron.wsgi [None req-506fd605-6230-484e-91ff-7fc8c1676937 ce236c34059d4d0babda12e0bbe32b2e 0e5e868812414428a8f6c3218fbd1854 - - default default] 10.0.0.53 "GET /v2.0/floatingips HTTP/1.1" status: 200 len: 212 time: 0.0253382
2026-05-19 04:16:14.636 9 INFO neutron.wsgi [None req-909a2877-f0c3-44c0-94bf-1a8d8d5c5c81 ce236c34059d4d0babda12e0bbe32b2e 0e5e868812414428a8f6c3218fbd1854 - - default default] 10.0.0.53 "GET /v2.0/routers HTTP/1.1" status: 200 len: 208 time: 0.0264583
2026-05-19 04:16:14.676 9 INFO neutron.wsgi [None req-ffd089ae-fcb8-459d-a842-060ff04a8646 ce236c34059d4d0babda12e0bbe32b2e 0e5e868812414428a8f6c3218fbd1854 - - default default] 10.0.0.53 "GET /v2.0/ports HTTP/1.1" status: 200 len: 5370 time: 0.0329921
2026-05-19 04:16:14.709 9 INFO neutron.wsgi [None req-629180f2-e334-4100-9afb-88166a35b6aa ce236c34059d4d0babda12e0bbe32b2e 0e5e868812414428a8f6c3218fbd1854 - - default default] 10.0.0.53 "GET /v2.0/subnets HTTP/1.1" status: 200 len: 1456 time: 0.0275433
2026-05-19 04:16:14.776 9 INFO neutron.wsgi [None req-18d791a7-d93a-45c0-8af2-031ca2e0fa18 ce236c34059d4d0babda12e0bbe32b2e 0e5e868812414428a8f6c3218fbd1854 - - default default] 10.0.0.53 "GET /v2.0/networks HTTP/1.1" status: 200 len: 2367 time: 0.0615783
2026-05-19 04:16:14.827 9 INFO neutron.wsgi [None req-67368c7d-fcdd-462d-8494-976276ba054e ce236c34059d4d0babda12e0bbe32b2e 0e5e868812414428a8f6c3218fbd1854 - - default default] 10.0.0.53 "GET /v2.0/security-groups HTTP/1.1" status: 200 len: 16822 time: 0.0458448
2026-05-19 04:16:14.842 9 INFO neutron.wsgi [None req-0f343fc5-6f33-4f91-83fa-607f36cf6d5d ce236c34059d4d0babda12e0bbe32b2e 0e5e868812414428a8f6c3218fbd1854 - - default default] 10.0.0.53 "GET /v2.0/subnetpools HTTP/1.1" status: 200 len: 212 time: 0.0091422
2026-05-19 04:16:28.716 9 INFO neutron.wsgi [-] 10.0.0.66 "GET / HTTP/1.1" status: 200 len: 247 time: 0.0023174
2026-05-19 04:16:28.720 9 INFO neutron.wsgi [-] 10.0.0.66 "GET / HTTP/1.1" status: 200 len: 247 time: 0.0037434
2026-05-19 04:16:43.715 10 INFO neutron.wsgi [-] 10.0.0.66 "GET / HTTP/1.1" status: 200 len: 247 time: 0.0020947
2026-05-19 04:16:43.718 9 INFO neutron.wsgi [-] 10.0.0.66 "GET / HTTP/1.1" status: 200 len: 247 time: 0.0021977
2026-05-19 04:16:51.894 9 INFO neutron.wsgi [None req-9effaa7b-9571-46b6-84a9-9cfe38807e59 ce236c34059d4d0babda12e0bbe32b2e 0e5e868812414428a8f6c3218fbd1854 - - default default] 10.0.0.19 "GET /v2.0/security-groups HTTP/1.1" status: 200 len: 16803 time: 0.1386611
2026-05-19 04:16:51.980 9 INFO neutron.wsgi [None req-4cf80018-9dbd-465e-a34e-1e0907c0f360 ce236c34059d4d0babda12e0bbe32b2e 0e5e868812414428a8f6c3218fbd1854 - - default default] 10.0.0.19 "GET /v2.0/networks HTTP/1.1" status: 200 len: 2348 time: 0.0829475
2026-05-19 04:16:52.011 9 INFO neutron.wsgi [None req-1eca8654-5333-4c8d-83bc-e5445648b168 ce236c34059d4d0babda12e0bbe32b2e 0e5e868812414428a8f6c3218fbd1854 - - default default] 10.0.0.19 "GET /v2.0/floatingips HTTP/1.1" status: 200 len: 193 time: 0.0274365
2026-05-19 04:16:52.051 9 INFO neutron.wsgi [None req-7ddaabbc-33c1-4426-8718-04d7577ed82e ce236c34059d4d0babda12e0bbe32b2e 0e5e868812414428a8f6c3218fbd1854 - - default default] 10.0.0.19 "GET /v2.0/routers HTTP/1.1" status: 200 len: 189 time: 0.0388739
2026-05-19 04:16:52.098 9 INFO neutron.wsgi [None req-0a36dbc5-cc72-43c1-a1c8-cbedd2f3a8cc ce236c34059d4d0babda12e0bbe32b2e 0e5e868812414428a8f6c3218fbd1854 - - default default] 10.0.0.19 "GET /v2.0/agents?binary=ovn-controller HTTP/1.1" status: 200 len: 591 time: 0.0461257
2026-05-19 04:16:52.137 9 INFO neutron.wsgi [None req-edbff95b-9570-447a-8eab-5a2b7186a676 ce236c34059d4d0babda12e0bbe32b2e 0e5e868812414428a8f6c3218fbd1854 - - default default] 10.0.0.19 "GET /v2.0/subnets HTTP/1.1" status: 200 len: 1437 time: 0.0377276
2026-05-19 04:16:52.195 9 INFO neutron.wsgi [None req-196e4af0-a223-4379-80b6-17fd1781bf00 ce236c34059d4d0babda12e0bbe32b2e 0e5e868812414428a8f6c3218fbd1854 - - default default] 10.0.0.19 "GET /v2.0/ports HTTP/1.1" status: 200 len: 5351 time: 0.0565786
2026-05-19 04:16:52.227 9 INFO neutron.wsgi [None req-caf84b60-bd8d-41f2-bedf-0d680a6ce46e ce236c34059d4d0babda12e0bbe32b2e 0e5e868812414428a8f6c3218fbd1854 - - default default] 10.0.0.19 "GET /v2.0/agents HTTP/1.1" status: 200 len: 997 time: 0.0239973
2026-05-19 04:16:52.244 9 INFO neutron.wsgi [None req-8f510329-6b69-4621-a44c-e89d3f12fec6 ce236c34059d4d0babda12e0bbe32b2e 0e5e868812414428a8f6c3218fbd1854 - - default default] 10.0.0.19 "GET /v2.0/network-ip-availabilities HTTP/1.1" status: 200 len: 1280 time: 0.0152977
2026-05-19 04:16:52.282 9 INFO neutron.wsgi [None req-226e3087-4ca2-4fd3-8740-55e89607382a ce236c34059d4d0babda12e0bbe32b2e 0e5e868812414428a8f6c3218fbd1854 - - default default] 10.0.0.19 "GET /v2.0/subnets HTTP/1.1" status: 200 len: 1437 time: 0.0330660
2026-05-19 04:16:52.291 9 INFO neutron.wsgi [None req-a680dbf6-081e-4600-a025-f3d1d1761b08 ce236c34059d4d0babda12e0bbe32b2e 0e5e868812414428a8f6c3218fbd1854 - - default default] 10.0.0.19 "GET /v2.0/subnetpools HTTP/1.1" status: 200 len: 193 time: 0.0086606
2026-05-19 04:16:58.716 9 INFO neutron.wsgi [-] 10.0.0.66 "GET / HTTP/1.1" status: 200 len: 247 time: 0.0025563
2026-05-19 04:16:58.717 10 INFO neutron.wsgi [-] 10.0.0.66 "GET / HTTP/1.1" status: 200 len: 247 time: 0.0028770
2026-05-19 04:17:13.720 10 INFO neutron.wsgi [-] 10.0.0.66 "GET / HTTP/1.1" status: 200 len: 247 time: 0.0056622
2026-05-19 04:17:13.721 10 INFO neutron.wsgi [-] 10.0.0.66 "GET / HTTP/1.1" status: 200 len: 247 time: 0.0011241
2026-05-19 04:17:28.717 10 INFO neutron.wsgi [-] 10.0.0.66 "GET / HTTP/1.1" status: 200 len: 247 time: 0.0031867
2026-05-19 04:17:28.717 9 INFO neutron.wsgi [-] 10.0.0.66 "GET / HTTP/1.1" status: 200 len: 247 time: 0.0041451
2026-05-19 04:17:43.715 10 INFO neutron.wsgi [-] 10.0.0.66 "GET / HTTP/1.1" status: 200 len: 247 time: 0.0018659
2026-05-19 04:17:43.717 10 INFO neutron.wsgi [-] 10.0.0.66 "GET / HTTP/1.1" status: 200 len: 247 time: 0.0009735
2026-05-19 04:17:51.813 9 INFO neutron.wsgi [None req-a19d5585-d409-42be-b74f-6ab8be07716c ce236c34059d4d0babda12e0bbe32b2e 0e5e868812414428a8f6c3218fbd1854 - - default default] 10.0.0.19 "GET /v2.0/network-ip-availabilities HTTP/1.1" status: 200 len: 1280 time: 0.0788591
2026-05-19 04:17:51.857 9 INFO neutron.wsgi [None req-06f9c309-41bc-43a1-95a5-843064cba0a3 ce236c34059d4d0babda12e0bbe32b2e 0e5e868812414428a8f6c3218fbd1854 - - default default] 10.0.0.19 "GET /v2.0/subnets HTTP/1.1" status: 200 len: 1437 time: 0.0431888
2026-05-19 04:17:51.871 9 INFO neutron.wsgi [None req-2cee1238-93a8-4278-9d81-654353c5ba8d ce236c34059d4d0babda12e0bbe32b2e 0e5e868812414428a8f6c3218fbd1854 - - default default] 10.0.0.19 "GET /v2.0/subnetpools HTTP/1.1" status: 200 len: 193 time: 0.0128591
2026-05-19 04:17:51.939 9 INFO neutron.wsgi [None req-72538b47-87c3-4f3a-a5eb-ab847e8a5caa ce236c34059d4d0babda12e0bbe32b2e 0e5e868812414428a8f6c3218fbd1854 - - default default] 10.0.0.19 "GET /v2.0/networks HTTP/1.1" status: 200 len: 2348 time: 0.0671225
2026-05-19 04:17:51.998 9 INFO neutron.wsgi [None req-abbe53a6-dfb7-437c-af5d-a0d9c3c8e424 ce236c34059d4d0babda12e0bbe32b2e 0e5e868812414428a8f6c3218fbd1854 - - default default] 10.0.0.19 "GET /v2.0/security-groups HTTP/1.1" status: 200 len: 16803 time: 0.0579259
2026-05-19 04:17:52.052 9 INFO neutron.wsgi [None req-c3a5cfc7-aabe-4a6b-b457-0ee3b87cfe8e ce236c34059d4d0babda12e0bbe32b2e 0e5e868812414428a8f6c3218fbd1854 - - default default] 10.0.0.19 "GET /v2.0/subnets HTTP/1.1" status: 200 len: 1437 time: 0.0453386
2026-05-19 04:17:52.095 9 INFO neutron.wsgi [None req-7381e0c1-87db-4770-8672-14abb7d624b5 ce236c34059d4d0babda12e0bbe32b2e 0e5e868812414428a8f6c3218fbd1854 - - default default] 10.0.0.19 "GET /v2.0/agents HTTP/1.1" status: 200 len: 997 time: 0.0420318
2026-05-19 04:17:52.134 9 INFO neutron.wsgi [None req-f296cead-e802-4aae-ab10-fd3c5407497f ce236c34059d4d0babda12e0bbe32b2e 0e5e868812414428a8f6c3218fbd1854 - - default default] 10.0.0.19 "GET /v2.0/ports HTTP/1.1" status: 200 len: 5351 time: 0.0374649
2026-05-19 04:17:52.158 9 INFO neutron.wsgi [None req-185ea8fa-2ce7-492b-a996-bf7b19263d47 ce236c34059d4d0babda12e0bbe32b2e 0e5e868812414428a8f6c3218fbd1854 - - default default] 10.0.0.19 "GET /v2.0/routers HTTP/1.1" status: 200 len: 189 time: 0.0205240
2026-05-19 04:17:52.168 9 INFO neutron.wsgi [None req-fc7f2d0c-1267-40dd-9b68-7d7ea7f4c5af ce236c34059d4d0babda12e0bbe32b2e 0e5e868812414428a8f6c3218fbd1854 - - default default] 10.0.0.19 "GET /v2.0/agents?binary=ovn-controller HTTP/1.1" status: 200 len: 591 time: 0.0088224
2026-05-19 04:17:52.192 9 INFO neutron.wsgi [None req-2e42e886-f5cc-4084-b7fd-ab7bf4172ad5 ce236c34059d4d0babda12e0bbe32b2e 0e5e868812414428a8f6c3218fbd1854 - - default default] 10.0.0.19 "GET /v2.0/floatingips HTTP/1.1" status: 200 len: 193 time: 0.0208547
2026-05-19 04:17:58.715 10 INFO neutron.wsgi [-] 10.0.0.66 "GET / HTTP/1.1" status: 200 len: 247 time: 0.0021956
2026-05-19 04:17:58.717 10 INFO neutron.wsgi [-] 10.0.0.66 "GET / HTTP/1.1" status: 200 len: 247 time: 0.0014298
2026-05-19 04:18:13.716 9 INFO neutron.wsgi [-] 10.0.0.66 "GET / HTTP/1.1" status: 200 len: 247 time: 0.0026479
2026-05-19 04:18:13.717 10 INFO neutron.wsgi [-] 10.0.0.66 "GET / HTTP/1.1" status: 200 len: 247 time: 0.0020742
2026-05-19 04:18:28.715 10 INFO neutron.wsgi [-] 10.0.0.66 "GET / HTTP/1.1" status: 200 len: 247 time: 0.0017724
2026-05-19 04:18:28.715 9 INFO neutron.wsgi [-] 10.0.0.66 "GET / HTTP/1.1" status: 200 len: 247 time: 0.0023293
2026-05-19 04:18:43.716 10 INFO neutron.wsgi [-] 10.0.0.66 "GET / HTTP/1.1" status: 200 len: 247 time: 0.0026519
2026-05-19 04:18:43.719 10 INFO neutron.wsgi [-] 10.0.0.66 "GET / HTTP/1.1" status: 200 len: 247 time: 0.0021155
2026-05-19 04:18:44.079 15 INFO neutron.plugins.ml2.drivers.ovn.mech_driver.ovsdb.maintenance [None req-c5eb50e8-5ae2-458c-ad20-58d0e91d7c88 - - - - - -] Maintenance task: Synchronization finished (took 0.17 seconds)
2026-05-19 04:18:51.958 9 INFO neutron.wsgi [None req-d46ca4f5-fbc3-473e-9357-f8a2c50c824f ce236c34059d4d0babda12e0bbe32b2e 0e5e868812414428a8f6c3218fbd1854 - - default default] 10.0.0.19 "GET /v2.0/agents HTTP/1.1" status: 200 len: 997 time: 0.1409724
2026-05-19 04:18:51.981 9 INFO neutron.wsgi [None req-3b3a55a8-9cb1-4561-a495-a01205450dc4 ce236c34059d4d0babda12e0bbe32b2e 0e5e868812414428a8f6c3218fbd1854 - - default default] 10.0.0.19 "GET /v2.0/network-ip-availabilities HTTP/1.1" status: 200 len: 1280 time: 0.0199203
2026-05-19 04:18:52.074 9 INFO neutron.wsgi [None req-6f34552c-7747-40ef-bc35-5cdb7309bad0 ce236c34059d4d0babda12e0bbe32b2e 0e5e868812414428a8f6c3218fbd1854 - - default default] 10.0.0.19 "GET /v2.0/networks HTTP/1.1" status: 200 len: 2348 time: 0.0920265
2026-05-19 04:18:52.112 9 INFO neutron.wsgi [None req-9318f8f4-1283-43c1-b314-048631e3943b ce236c34059d4d0babda12e0bbe32b2e 0e5e868812414428a8f6c3218fbd1854 - - default default] 10.0.0.19 "GET /v2.0/ports HTTP/1.1" status: 200 len: 5351 time: 0.0356128
2026-05-19 04:18:52.139 9 INFO neutron.wsgi [None req-f511d93d-11fd-4309-b1d3-c04998cf62cb ce236c34059d4d0babda12e0bbe32b2e 0e5e868812414428a8f6c3218fbd1854 - - default default] 10.0.0.19 "GET /v2.0/routers HTTP/1.1" status: 200 len: 189 time: 0.0203481
2026-05-19 04:18:52.148 9 INFO neutron.wsgi [None req-1f91f133-7d60-4b3a-b78b-2f8e87f5295f ce236c34059d4d0babda12e0bbe32b2e 0e5e868812414428a8f6c3218fbd1854 - - default default] 10.0.0.19 "GET /v2.0/agents?binary=ovn-controller HTTP/1.1" status: 200 len: 591 time: 0.0086193
2026-05-19 04:18:52.197 9 INFO neutron.wsgi [None req-5883323f-f9c8-402f-ab5f-b42d636e7a38 ce236c34059d4d0babda12e0bbe32b2e 0e5e868812414428a8f6c3218fbd1854 - - default default] 10.0.0.19 "GET /v2.0/subnets HTTP/1.1" status: 200 len: 1437 time: 0.0464122
2026-05-19 04:18:52.216 9 INFO neutron.wsgi [None req-2feebf7a-5b96-4d40-b532-ca54d87d54ff ce236c34059d4d0babda12e0bbe32b2e 0e5e868812414428a8f6c3218fbd1854 - - default default] 10.0.0.19 "GET /v2.0/subnetpools HTTP/1.1" status: 200 len: 193 time: 0.0138876
2026-05-19 04:18:52.266 9 INFO neutron.wsgi [None req-9af8555f-8220-4149-8cfa-54f9cd9b08ee ce236c34059d4d0babda12e0bbe32b2e 0e5e868812414428a8f6c3218fbd1854 - - default default] 10.0.0.19 "GET /v2.0/security-groups HTTP/1.1" status: 200 len: 16803 time: 0.0499167
2026-05-19 04:18:52.305 9 INFO neutron.wsgi [None req-f37d91a5-d733-4518-b03e-69f672293a3b ce236c34059d4d0babda12e0bbe32b2e 0e5e868812414428a8f6c3218fbd1854 - - default default] 10.0.0.19 "GET /v2.0/subnets HTTP/1.1" status: 200 len: 1437 time: 0.0342109
2026-05-19 04:18:52.324 9 INFO neutron.wsgi [None req-e3f4d3f6-6bb2-4e7b-8765-c5ae9242bc8c ce236c34059d4d0babda12e0bbe32b2e 0e5e868812414428a8f6c3218fbd1854 - - default default] 10.0.0.19 "GET /v2.0/floatingips HTTP/1.1" status: 200 len: 193 time: 0.0173414
2026-05-19 04:18:58.717 9 INFO neutron.wsgi [-] 10.0.0.66 "GET / HTTP/1.1" status: 200 len: 247 time: 0.0031176
2026-05-19 04:18:58.717 10 INFO neutron.wsgi [-] 10.0.0.66 "GET / HTTP/1.1" status: 200 len: 247 time: 0.0025980
2026-05-19 04:19:13.715 10 INFO neutron.wsgi [-] 10.0.0.66 "GET / HTTP/1.1" status: 200 len: 247 time: 0.0019317
2026-05-19 04:19:13.718 10 INFO neutron.wsgi [-] 10.0.0.66 "GET / HTTP/1.1" status: 200 len: 247 time: 0.0020578
2026-05-19 04:19:28.714 9 INFO neutron.wsgi [-] 10.0.0.66 "GET / HTTP/1.1" status: 200 len: 247 time: 0.0016053
2026-05-19 04:19:28.717 10 INFO neutron.wsgi [-] 10.0.0.66 "GET / HTTP/1.1" status: 200 len: 247 time: 0.0028119
2026-05-19 04:19:43.717 9 INFO neutron.wsgi [-] 10.0.0.66 "GET / HTTP/1.1" status: 200 len: 247 time: 0.0024292
2026-05-19 04:19:43.718 10 INFO neutron.wsgi [-] 10.0.0.66 "GET / HTTP/1.1" status: 200 len: 247 time: 0.0032580
2026-05-19 04:19:51.854 9 INFO neutron.wsgi [None req-34cd0142-9d5e-4438-a940-4700eb0c717d ce236c34059d4d0babda12e0bbe32b2e 0e5e868812414428a8f6c3218fbd1854 - - default default] 10.0.0.19 "GET /v2.0/security-groups HTTP/1.1" status: 200 len: 16803 time: 0.1021109
2026-05-19 04:19:51.882 9 INFO neutron.wsgi [None req-9148adf6-25ce-4e39-bb29-436b6d7c614a ce236c34059d4d0babda12e0bbe32b2e 0e5e868812414428a8f6c3218fbd1854 - - default default] 10.0.0.19 "GET /v2.0/floatingips HTTP/1.1" status: 200 len: 193 time: 0.0221784
2026-05-19 04:19:51.916 9 INFO neutron.wsgi [None req-5f1e6ac3-6d0a-4c51-8e4f-c6803a72cbbe ce236c34059d4d0babda12e0bbe32b2e 0e5e868812414428a8f6c3218fbd1854 - - default default] 10.0.0.19 "GET /v2.0/subnets HTTP/1.1" status: 200 len: 1437 time: 0.0333421
2026-05-19 04:19:51.984 9 INFO neutron.wsgi [None req-a624ece7-7bec-46ab-981b-3a87c9eac21b ce236c34059d4d0babda12e0bbe32b2e 0e5e868812414428a8f6c3218fbd1854 - - default default] 10.0.0.19 "GET /v2.0/networks HTTP/1.1" status: 200 len: 2348 time: 0.0646305
2026-05-19 04:19:52.028 9 INFO neutron.wsgi [None req-5d86b5da-b17c-4bb2-8cbe-446924cdafa3 ce236c34059d4d0babda12e0bbe32b2e 0e5e868812414428a8f6c3218fbd1854 - - default default] 10.0.0.19 "GET /v2.0/ports HTTP/1.1" status: 200 len: 5351 time: 0.0406659
2026-05-19 04:19:52.093 9 INFO neutron.wsgi [None req-137d369b-a37d-4a8b-ba6e-52d7bc67fd6f ce236c34059d4d0babda12e0bbe32b2e 0e5e868812414428a8f6c3218fbd1854 - - default default] 10.0.0.19 "GET /v2.0/agents HTTP/1.1" status: 200 len: 997 time: 0.0604835
2026-05-19 04:19:52.104 9 INFO neutron.wsgi [None req-3a880190-8e19-405a-aae0-24fa207059c7 ce236c34059d4d0babda12e0bbe32b2e 0e5e868812414428a8f6c3218fbd1854 - - default default] 10.0.0.19 "GET /v2.0/network-ip-availabilities HTTP/1.1" status: 200 len: 1280 time: 0.0105524
2026-05-19 04:19:52.123 9 INFO neutron.wsgi [None req-fe32ca0e-ebbe-45ce-911f-68a3032af534 ce236c34059d4d0babda12e0bbe32b2e 0e5e868812414428a8f6c3218fbd1854 - - default default] 10.0.0.19 "GET /v2.0/routers HTTP/1.1" status: 200 len: 189 time: 0.0178304
2026-05-19 04:19:52.133 9 INFO neutron.wsgi [None req-6cfef5cd-be4f-4623-a831-6f706261b7f0 ce236c34059d4d0babda12e0bbe32b2e 0e5e868812414428a8f6c3218fbd1854 - - default default] 10.0.0.19 "GET /v2.0/agents?binary=ovn-controller HTTP/1.1" status: 200 len: 591 time: 0.0090775
2026-05-19 04:19:52.169 9 INFO neutron.wsgi [None req-4302b105-3e19-47f9-b30f-c348ad9e63a7 ce236c34059d4d0babda12e0bbe32b2e 0e5e868812414428a8f6c3218fbd1854 - - default default] 10.0.0.19 "GET /v2.0/subnets HTTP/1.1" status: 200 len: 1437 time: 0.0343065
2026-05-19 04:19:52.182 9 INFO neutron.wsgi [None req-cb9662a7-f5da-43fc-8298-ca47bd69de7a ce236c34059d4d0babda12e0bbe32b2e 0e5e868812414428a8f6c3218fbd1854 - - default default] 10.0.0.19 "GET /v2.0/subnetpools HTTP/1.1" status: 200 len: 193 time: 0.0120916
2026-05-19 04:19:58.715 10 INFO neutron.wsgi [-] 10.0.0.66 "GET / HTTP/1.1" status: 200 len: 247 time: 0.0018775
2026-05-19 04:19:58.718 10 INFO neutron.wsgi [-] 10.0.0.66 "GET / HTTP/1.1" status: 200 len: 247 time: 0.0020397
2026-05-19 04:20:13.718 9 INFO neutron.wsgi [-] 10.0.0.66 "GET / HTTP/1.1" status: 200 len: 247 time: 0.0039175
2026-05-19 04:20:13.723 9 INFO neutron.wsgi [-] 10.0.0.66 "GET / HTTP/1.1" status: 200 len: 247 time: 0.0020554
2026-05-19 04:20:28.716 10 INFO neutron.wsgi [-] 10.0.0.66 "GET / HTTP/1.1" status: 200 len: 247 time: 0.0021853
2026-05-19 04:20:28.717 9 INFO neutron.wsgi [-] 10.0.0.66 "GET / HTTP/1.1" status: 200 len: 247 time: 0.0027876
2026-05-19 04:20:43.716 9 INFO neutron.wsgi [-] 10.0.0.66 "GET / HTTP/1.1" status: 200 len: 247 time: 0.0020978
2026-05-19 04:20:43.724 10 INFO neutron.wsgi [-] 10.0.0.66 "GET / HTTP/1.1" status: 200 len: 247 time: 0.0055680
2026-05-19 04:20:51.876 9 INFO neutron.wsgi [None req-cdba83f1-4154-4db5-a168-7cf3c6e22205 ce236c34059d4d0babda12e0bbe32b2e 0e5e868812414428a8f6c3218fbd1854 - - default default] 10.0.0.19 "GET /v2.0/subnets HTTP/1.1" status: 200 len: 1437 time: 0.1097436
2026-05-19 04:20:51.888 9 INFO neutron.wsgi [None req-3e747fbc-17a9-41ea-be1a-16d41126ad8d ce236c34059d4d0babda12e0bbe32b2e 0e5e868812414428a8f6c3218fbd1854 - - default default] 10.0.0.19 "GET /v2.0/network-ip-availabilities HTTP/1.1" status: 200 len: 1280 time: 0.0109179
2026-05-19 04:20:51.914 9 INFO neutron.wsgi [None req-1ecb811a-8403-4255-bda3-6624a49f786e ce236c34059d4d0babda12e0bbe32b2e 0e5e868812414428a8f6c3218fbd1854 - - default default] 10.0.0.19 "GET /v2.0/floatingips HTTP/1.1" status: 200 len: 193 time: 0.0250533
2026-05-19 04:20:51.951 9 INFO neutron.wsgi [None req-b827d1c2-1c8d-4798-9a4c-9216a749e6fa ce236c34059d4d0babda12e0bbe32b2e 0e5e868812414428a8f6c3218fbd1854 - - default default] 10.0.0.19 "GET /v2.0/ports HTTP/1.1" status: 200 len: 5351 time: 0.0357513
2026-05-19 04:20:51.981 9 INFO neutron.wsgi [None req-c5fe75ad-6b5b-4b62-b416-97a1fdb6cf63 ce236c34059d4d0babda12e0bbe32b2e 0e5e868812414428a8f6c3218fbd1854 - - default default] 10.0.0.19 "GET /v2.0/routers HTTP/1.1" status: 200 len: 189 time: 0.0241160
2026-05-19 04:20:52.022 9 INFO neutron.wsgi [None req-e95a8a04-acd5-48c4-a34a-3e11604e211e ce236c34059d4d0babda12e0bbe32b2e 0e5e868812414428a8f6c3218fbd1854 - - default default] 10.0.0.19 "GET /v2.0/agents?binary=ovn-controller HTTP/1.1" status: 200 len: 591 time: 0.0399792
2026-05-19 04:20:52.034 9 INFO neutron.wsgi [None req-7281a030-8f55-467d-9fef-7ec88d7ffe0c ce236c34059d4d0babda12e0bbe32b2e 0e5e868812414428a8f6c3218fbd1854 - - default default] 10.0.0.19 "GET /v2.0/agents HTTP/1.1" status: 200 len: 997 time: 0.0113120
2026-05-19 04:20:52.107 9 INFO neutron.wsgi [None req-a29e4d68-d9d9-4109-9a08-5c59c244713c ce236c34059d4d0babda12e0bbe32b2e 0e5e868812414428a8f6c3218fbd1854 - - default default] 10.0.0.19 "GET /v2.0/networks HTTP/1.1" status: 200 len: 2348 time: 0.0712252
2026-05-19 04:20:52.152 9 INFO neutron.wsgi [None req-569c66b1-7873-41b4-b481-8988ece5d55d ce236c34059d4d0babda12e0bbe32b2e 0e5e868812414428a8f6c3218fbd1854 - - default default] 10.0.0.19 "GET /v2.0/security-groups HTTP/1.1" status: 200 len: 16803 time: 0.0430470
2026-05-19 04:20:52.193 9 INFO neutron.wsgi [None req-47604777-d7ef-4b9a-863a-235d34dc9799 ce236c34059d4d0babda12e0bbe32b2e 0e5e868812414428a8f6c3218fbd1854 - - default default] 10.0.0.19 "GET /v2.0/subnets HTTP/1.1" status: 200 len: 1437 time: 0.0336661
2026-05-19 04:20:52.202 9 INFO neutron.wsgi [None req-d44d556b-a4cb-4a7e-8af1-a6c91829217c ce236c34059d4d0babda12e0bbe32b2e 0e5e868812414428a8f6c3218fbd1854 - - default default] 10.0.0.19 "GET /v2.0/subnetpools HTTP/1.1" status: 200 len: 193 time: 0.0076733
2026-05-19 04:20:58.715 9 INFO neutron.wsgi [-] 10.0.0.66 "GET / HTTP/1.1" status: 200 len: 247 time: 0.0018234
2026-05-19 04:20:58.716 10 INFO neutron.wsgi [-] 10.0.0.66 "GET / HTTP/1.1" status: 200 len: 247 time: 0.0026484
2026-05-19 04:21:13.716 10 INFO neutron.wsgi [-] 10.0.0.66 "GET / HTTP/1.1" status: 200 len: 247 time: 0.0023592
2026-05-19 04:21:13.716 9 INFO neutron.wsgi [-] 10.0.0.66 "GET / HTTP/1.1" status: 200 len: 247 time: 0.0029936
