2026-05-19 03:36:13.715 9 INFO neutron.wsgi [-] 10.0.0.66 "GET / HTTP/1.1" status: 200 len: 247 time: 0.0024493
2026-05-19 03:36:13.718 9 INFO neutron.wsgi [-] 10.0.0.66 "GET / HTTP/1.1" status: 200 len: 247 time: 0.0020356
2026-05-19 03:36:28.716 9 INFO neutron.wsgi [-] 10.0.0.66 "GET / HTTP/1.1" status: 200 len: 247 time: 0.0024223
2026-05-19 03:36:28.718 9 INFO neutron.wsgi [-] 10.0.0.66 "GET / HTTP/1.1" status: 200 len: 247 time: 0.0012918
2026-05-19 03:36:43.716 10 INFO neutron.wsgi [-] 10.0.0.66 "GET / HTTP/1.1" status: 200 len: 247 time: 0.0019233
2026-05-19 03:36:43.717 10 INFO neutron.wsgi [-] 10.0.0.66 "GET / HTTP/1.1" status: 200 len: 247 time: 0.0009060
2026-05-19 03:36:58.716 9 INFO neutron.wsgi [-] 10.0.0.66 "GET / HTTP/1.1" status: 200 len: 247 time: 0.0017948
2026-05-19 03:36:58.716 10 INFO neutron.wsgi [-] 10.0.0.66 "GET / HTTP/1.1" status: 200 len: 247 time: 0.0019135
2026-05-19 03:37:13.715 9 INFO neutron.wsgi [-] 10.0.0.66 "GET / HTTP/1.1" status: 200 len: 247 time: 0.0020437
2026-05-19 03:37:13.717 10 INFO neutron.wsgi [-] 10.0.0.66 "GET / HTTP/1.1" status: 200 len: 247 time: 0.0030084
2026-05-19 03:37:28.716 9 INFO neutron.wsgi [-] 10.0.0.66 "GET / HTTP/1.1" status: 200 len: 247 time: 0.0026257
2026-05-19 03:37:28.716 10 INFO neutron.wsgi [-] 10.0.0.66 "GET / HTTP/1.1" status: 200 len: 247 time: 0.0028183
2026-05-19 03:37:43.718 9 INFO neutron.wsgi [-] 10.0.0.66 "GET / HTTP/1.1" status: 200 len: 247 time: 0.0035379
2026-05-19 03:37:43.721 9 INFO neutron.wsgi [-] 10.0.0.66 "GET / HTTP/1.1" status: 200 len: 247 time: 0.0021007
2026-05-19 03:37:58.717 9 INFO neutron.wsgi [-] 10.0.0.66 "GET / HTTP/1.1" status: 200 len: 247 time: 0.0027575
2026-05-19 03:37:58.717 10 INFO neutron.wsgi [-] 10.0.0.66 "GET / HTTP/1.1" status: 200 len: 247 time: 0.0024397
2026-05-19 03:38:13.720 9 INFO neutron.wsgi [-] 10.0.0.66 "GET / HTTP/1.1" status: 200 len: 247 time: 0.0041728
2026-05-19 03:38:13.732 9 INFO neutron.wsgi [-] 10.0.0.66 "GET / HTTP/1.1" status: 200 len: 247 time: 0.0070534
2026-05-19 03:38:28.716 9 INFO neutron.wsgi [-] 10.0.0.66 "GET / HTTP/1.1" status: 200 len: 247 time: 0.0025060
2026-05-19 03:38:28.719 9 INFO neutron.wsgi [-] 10.0.0.66 "GET / HTTP/1.1" status: 200 len: 247 time: 0.0019858
2026-05-19 03:38:43.719 9 INFO neutron.wsgi [-] 10.0.0.66 "GET / HTTP/1.1" status: 200 len: 247 time: 0.0020795
2026-05-19 03:38:43.720 9 INFO neutron.wsgi [-] 10.0.0.66 "GET / HTTP/1.1" status: 200 len: 247 time: 0.0009754
2026-05-19 03:38:43.924 15 INFO neutron.db.ovn_revision_numbers_db [None req-c5eb50e8-5ae2-458c-ad20-58d0e91d7c88 - - - - - -] Successfully bumped revision number for resource e18f6192-7bae-4335-85f7-38be0ae35f75 (type: networks) to 2
2026-05-19 03:38:43.925 15 INFO neutron.plugins.ml2.drivers.ovn.mech_driver.ovsdb.maintenance [None req-c5eb50e8-5ae2-458c-ad20-58d0e91d7c88 - - - - - -] Maintenance task: Synchronization finished (took 0.16 seconds)
2026-05-19 03:38:58.715 9 INFO neutron.wsgi [-] 10.0.0.66 "GET / HTTP/1.1" status: 200 len: 247 time: 0.0017600
2026-05-19 03:38:58.716 10 INFO neutron.wsgi [-] 10.0.0.66 "GET / HTTP/1.1" status: 200 len: 247 time: 0.0024481
2026-05-19 03:39:13.716 10 INFO neutron.wsgi [-] 10.0.0.66 "GET / HTTP/1.1" status: 200 len: 247 time: 0.0026636
2026-05-19 03:39:13.716 9 INFO neutron.wsgi [-] 10.0.0.66 "GET / HTTP/1.1" status: 200 len: 247 time: 0.0023148
2026-05-19 03:39:28.717 9 INFO neutron.wsgi [-] 10.0.0.66 "GET / HTTP/1.1" status: 200 len: 247 time: 0.0032518
2026-05-19 03:39:28.717 10 INFO neutron.wsgi [-] 10.0.0.66 "GET / HTTP/1.1" status: 200 len: 247 time: 0.0030410
2026-05-19 03:39:43.716 10 INFO neutron.wsgi [-] 10.0.0.66 "GET / HTTP/1.1" status: 200 len: 247 time: 0.0019441
2026-05-19 03:39:43.716 9 INFO neutron.wsgi [-] 10.0.0.66 "GET / HTTP/1.1" status: 200 len: 247 time: 0.0026486
2026-05-19 03:39:58.717 9 INFO neutron.wsgi [-] 10.0.0.66 "GET / HTTP/1.1" status: 200 len: 247 time: 0.0026081
2026-05-19 03:39:58.717 10 INFO neutron.wsgi [-] 10.0.0.66 "GET / HTTP/1.1" status: 200 len: 247 time: 0.0026724
2026-05-19 03:40:13.716 9 INFO neutron.wsgi [-] 10.0.0.66 "GET / HTTP/1.1" status: 200 len: 247 time: 0.0026672
2026-05-19 03:40:13.718 10 INFO neutron.wsgi [-] 10.0.0.66 "GET / HTTP/1.1" status: 200 len: 247 time: 0.0045991
2026-05-19 03:40:28.717 9 INFO neutron.wsgi [-] 10.0.0.66 "GET / HTTP/1.1" status: 200 len: 247 time: 0.0031345
2026-05-19 03:40:28.719 9 INFO neutron.wsgi [-] 10.0.0.66 "GET / HTTP/1.1" status: 200 len: 247 time: 0.0012777
2026-05-19 03:40:28.897 9 INFO neutron.wsgi [None req-47031df4-8299-44ea-b05c-5ab77b0c4f59 ce236c34059d4d0babda12e0bbe32b2e 0e5e868812414428a8f6c3218fbd1854 - - default default] 199.19.213.191,10.0.0.66 "GET /v2.0/networks HTTP/1.1" status: 200 len: 928 time: 0.1761093
2026-05-19 03:40:28.988 9 INFO neutron.db.segments_db [None req-e3731792-2d42-402a-b443-c64f0e09c009 ce236c34059d4d0babda12e0bbe32b2e 0e5e868812414428a8f6c3218fbd1854 - - default default] Added segment 5a001b22-ae22-4862-89f1-b03e206e2d0b of type geneve for network 27a86718-c614-4b2c-ae60-ed7176c88c39
2026-05-19 03:40:29.161 9 INFO neutron.db.ovn_revision_numbers_db [None req-e3731792-2d42-402a-b443-c64f0e09c009 ce236c34059d4d0babda12e0bbe32b2e 0e5e868812414428a8f6c3218fbd1854 - - default default] Successfully bumped revision number for resource 27a86718-c614-4b2c-ae60-ed7176c88c39 (type: networks) to 1
2026-05-19 03:40:29.335 9 WARNING neutron.scheduler.dhcp_agent_scheduler [None req-e3731792-2d42-402a-b443-c64f0e09c009 ce236c34059d4d0babda12e0bbe32b2e 0e5e868812414428a8f6c3218fbd1854 - - default default] No more DHCP agents
2026-05-19 03:40:29.337 9 WARNING neutron.api.rpc.agentnotifiers.dhcp_rpc_agent_api [None req-e3731792-2d42-402a-b443-c64f0e09c009 ce236c34059d4d0babda12e0bbe32b2e 0e5e868812414428a8f6c3218fbd1854 - - default default] Unable to schedule network 27a86718-c614-4b2c-ae60-ed7176c88c39: no agents available; will retry on subsequent port and subnet creation events.
2026-05-19 03:40:29.416 9 INFO neutron.db.ovn_revision_numbers_db [None req-e3731792-2d42-402a-b443-c64f0e09c009 ce236c34059d4d0babda12e0bbe32b2e 0e5e868812414428a8f6c3218fbd1854 - - default default] Successfully bumped revision number for resource f0f2e22a-2e16-44e9-bee9-680454695227 (type: ports) to 1
2026-05-19 03:40:29.438 9 INFO neutron.wsgi [None req-e3731792-2d42-402a-b443-c64f0e09c009 ce236c34059d4d0babda12e0bbe32b2e 0e5e868812414428a8f6c3218fbd1854 - - default default] 199.19.213.191,10.0.0.66 "POST /v2.0/networks HTTP/1.1" status: 201 len: 890 time: 0.5356162
2026-05-19 03:40:30.343 9 INFO neutron.wsgi [None req-ecc76423-461a-41ea-a5df-5b0524cfc00b ce236c34059d4d0babda12e0bbe32b2e 0e5e868812414428a8f6c3218fbd1854 - - default default] 199.19.213.191,10.0.0.66 "GET /v2.0/subnets HTTP/1.1" status: 200 len: 819 time: 0.0968568
2026-05-19 03:40:30.415 9 INFO neutron.wsgi [None req-58a8f0cb-eae2-4c75-9367-7925d6d13ee0 ce236c34059d4d0babda12e0bbe32b2e 0e5e868812414428a8f6c3218fbd1854 - - default default] 199.19.213.191,10.0.0.66 "GET /v2.0/networks HTTP/1.1" status: 200 len: 1615 time: 0.0646899
2026-05-19 03:40:30.598 9 WARNING neutron.scheduler.dhcp_agent_scheduler [None req-595369e3-b1e6-42ab-b7b8-47d9639bdef6 ce236c34059d4d0babda12e0bbe32b2e 0e5e868812414428a8f6c3218fbd1854 - - default default] No more DHCP agents
2026-05-19 03:40:30.601 9 WARNING neutron.api.rpc.agentnotifiers.dhcp_rpc_agent_api [None req-595369e3-b1e6-42ab-b7b8-47d9639bdef6 ce236c34059d4d0babda12e0bbe32b2e 0e5e868812414428a8f6c3218fbd1854 - - default default] Unable to schedule network 27a86718-c614-4b2c-ae60-ed7176c88c39: no agents available; will retry on subsequent port and subnet creation events.
2026-05-19 03:40:31.041 9 INFO neutron.db.ovn_revision_numbers_db [None req-595369e3-b1e6-42ab-b7b8-47d9639bdef6 ce236c34059d4d0babda12e0bbe32b2e 0e5e868812414428a8f6c3218fbd1854 - - default default] Successfully bumped revision number for resource f0f2e22a-2e16-44e9-bee9-680454695227 (type: ports) to 2
2026-05-19 03:40:31.071 9 INFO neutron.db.ovn_revision_numbers_db [None req-595369e3-b1e6-42ab-b7b8-47d9639bdef6 ce236c34059d4d0babda12e0bbe32b2e 0e5e868812414428a8f6c3218fbd1854 - - default default] Successfully bumped revision number for resource fd6ac6a8-c698-4ca3-89d0-a03b95082c8d (type: subnets) to 0
2026-05-19 03:40:31.083 9 INFO neutron.wsgi [None req-595369e3-b1e6-42ab-b7b8-47d9639bdef6 ce236c34059d4d0babda12e0bbe32b2e 0e5e868812414428a8f6c3218fbd1854 - - default default] 199.19.213.191,10.0.0.66 "POST /v2.0/subnets HTTP/1.1" status: 201 len: 807 time: 0.6629033
2026-05-19 03:40:32.200 9 INFO neutron.wsgi [None req-c5d5674a-68b8-45d9-8268-ef387b334dd5 ce236c34059d4d0babda12e0bbe32b2e 0e5e868812414428a8f6c3218fbd1854 - - default default] 199.19.213.191,10.0.0.66 "GET /v2.0/security-groups?tenant_id=0e5e868812414428a8f6c3218fbd1854 HTTP/1.1" status: 200 len: 2969 time: 0.0755351
2026-05-19 03:40:32.326 9 INFO neutron.db.ovn_revision_numbers_db [None req-a151b12a-325a-4d6f-8bb2-4ac3442e4303 ce236c34059d4d0babda12e0bbe32b2e 0e5e868812414428a8f6c3218fbd1854 - - default default] Successfully bumped revision number for resource 2f8ab3a4-3ab0-4f29-b6a6-394b0f11a188 (type: security_groups) to 1
2026-05-19 03:40:32.341 9 INFO neutron.db.ovn_revision_numbers_db [None req-a151b12a-325a-4d6f-8bb2-4ac3442e4303 ce236c34059d4d0babda12e0bbe32b2e 0e5e868812414428a8f6c3218fbd1854 - - default default] Successfully bumped revision number for resource 7c41fa07-5ae0-40b3-a2fd-a66c1992ac66 (type: security_group_rules) to 0
2026-05-19 03:40:32.355 9 INFO neutron.db.ovn_revision_numbers_db [None req-a151b12a-325a-4d6f-8bb2-4ac3442e4303 ce236c34059d4d0babda12e0bbe32b2e 0e5e868812414428a8f6c3218fbd1854 - - default default] Successfully bumped revision number for resource e2ee3a21-20f6-42e0-90fc-00925dc40b27 (type: security_group_rules) to 0
2026-05-19 03:40:32.378 9 INFO neutron.wsgi [None req-a151b12a-325a-4d6f-8bb2-4ac3442e4303 ce236c34059d4d0babda12e0bbe32b2e 0e5e868812414428a8f6c3218fbd1854 - - default default] 199.19.213.191,10.0.0.66 "POST /v2.0/security-groups HTTP/1.1" status: 201 len: 1733 time: 0.1667986
2026-05-19 03:40:33.550 9 INFO neutron.wsgi [None req-89b6b8c6-92e7-4c05-8ceb-dc468cad9a83 ce236c34059d4d0babda12e0bbe32b2e 0e5e868812414428a8f6c3218fbd1854 - - default default] 199.19.213.191,10.0.0.66 "GET /v2.0/security-groups?tenant_id=0e5e868812414428a8f6c3218fbd1854 HTTP/1.1" status: 200 len: 4503 time: 0.0877168
2026-05-19 03:40:33.623 9 INFO neutron.wsgi [None req-b49e3a15-8845-43ce-bed9-96a7cae16678 ce236c34059d4d0babda12e0bbe32b2e 0e5e868812414428a8f6c3218fbd1854 - - default default] 199.19.213.191,10.0.0.66 "GET /v2.0/security-groups HTTP/1.1" status: 200 len: 4503 time: 0.0636551
2026-05-19 03:40:33.761 9 INFO neutron.db.ovn_revision_numbers_db [None req-6f4298b8-268a-48ee-84b5-5cd30b44e287 ce236c34059d4d0babda12e0bbe32b2e 0e5e868812414428a8f6c3218fbd1854 - - default default] Successfully bumped revision number for resource 0e33ebf6-7f1c-4975-85bf-ce785a9192fe (type: security_group_rules) to 0
2026-05-19 03:40:33.789 9 INFO neutron.wsgi [None req-6f4298b8-268a-48ee-84b5-5cd30b44e287 ce236c34059d4d0babda12e0bbe32b2e 0e5e868812414428a8f6c3218fbd1854 - - default default] 199.19.213.191,10.0.0.66 "POST /v2.0/security-group-rules HTTP/1.1" status: 201 len: 749 time: 0.1605647
2026-05-19 03:40:34.636 9 INFO neutron.wsgi [None req-33655985-fcd0-44b2-95dc-7e108bb5fdee ce236c34059d4d0babda12e0bbe32b2e 0e5e868812414428a8f6c3218fbd1854 - - default default] 199.19.213.191,10.0.0.66 "GET /v2.0/security-groups?tenant_id=0e5e868812414428a8f6c3218fbd1854 HTTP/1.1" status: 200 len: 5085 time: 0.0823205
2026-05-19 03:40:34.679 9 INFO neutron.wsgi [None req-dc55e31f-28da-46b9-8370-2522e9b165cd ce236c34059d4d0babda12e0bbe32b2e 0e5e868812414428a8f6c3218fbd1854 - - default default] 199.19.213.191,10.0.0.66 "GET /v2.0/security-groups HTTP/1.1" status: 200 len: 5085 time: 0.0360386
2026-05-19 03:40:34.813 9 INFO neutron.db.ovn_revision_numbers_db [None req-e3899921-1bf0-42f8-92ba-da21e676390f ce236c34059d4d0babda12e0bbe32b2e 0e5e868812414428a8f6c3218fbd1854 - - default default] Successfully bumped revision number for resource 3e028d9b-c916-4ec7-8856-19f2f58c6d91 (type: security_group_rules) to 0
2026-05-19 03:40:34.840 9 INFO neutron.wsgi [None req-e3899921-1bf0-42f8-92ba-da21e676390f ce236c34059d4d0babda12e0bbe32b2e 0e5e868812414428a8f6c3218fbd1854 - - default default] 199.19.213.191,10.0.0.66 "POST /v2.0/security-group-rules HTTP/1.1" status: 201 len: 751 time: 0.1509590
2026-05-19 03:40:35.718 9 INFO neutron.wsgi [None req-41d93c51-ecf8-4f6d-adee-4717049da58e ce236c34059d4d0babda12e0bbe32b2e 0e5e868812414428a8f6c3218fbd1854 - - default default] 199.19.213.191,10.0.0.66 "GET /v2.0/security-groups?tenant_id=0e5e868812414428a8f6c3218fbd1854 HTTP/1.1" status: 200 len: 5669 time: 0.1062179
2026-05-19 03:40:35.766 9 INFO neutron.wsgi [None req-dd962429-4b54-401f-bde5-7a3f44089045 ce236c34059d4d0babda12e0bbe32b2e 0e5e868812414428a8f6c3218fbd1854 - - default default] 199.19.213.191,10.0.0.66 "GET /v2.0/security-groups HTTP/1.1" status: 200 len: 5669 time: 0.0381830
2026-05-19 03:40:35.898 9 INFO neutron.db.ovn_revision_numbers_db [None req-a37fc2bd-1a37-4137-852b-bef427806280 ce236c34059d4d0babda12e0bbe32b2e 0e5e868812414428a8f6c3218fbd1854 - - default default] Successfully bumped revision number for resource bbad17b4-5f44-45bf-a48d-00da756489d8 (type: security_group_rules) to 0
2026-05-19 03:40:35.922 9 INFO neutron.wsgi [None req-a37fc2bd-1a37-4137-852b-bef427806280 ce236c34059d4d0babda12e0bbe32b2e 0e5e868812414428a8f6c3218fbd1854 - - default default] 199.19.213.191,10.0.0.66 "POST /v2.0/security-group-rules HTTP/1.1" status: 201 len: 751 time: 0.1473701
2026-05-19 03:40:36.755 9 INFO neutron.wsgi [None req-d8b73c5c-dfb1-4dbd-8bfe-c7678af3fa22 ce236c34059d4d0babda12e0bbe32b2e 0e5e868812414428a8f6c3218fbd1854 - - default default] 199.19.213.191,10.0.0.66 "GET /v2.0/security-groups?tenant_id=0e5e868812414428a8f6c3218fbd1854 HTTP/1.1" status: 200 len: 6253 time: 0.0752110
2026-05-19 03:40:36.805 9 INFO neutron.wsgi [None req-dad96e91-d709-4135-bb07-b9bacef62a16 ce236c34059d4d0babda12e0bbe32b2e 0e5e868812414428a8f6c3218fbd1854 - - default default] 199.19.213.191,10.0.0.66 "GET /v2.0/security-groups HTTP/1.1" status: 200 len: 6253 time: 0.0417283
2026-05-19 03:40:36.943 9 INFO neutron.db.ovn_revision_numbers_db [None req-cf01ecd4-4aec-4d37-916f-8258f0074fe2 ce236c34059d4d0babda12e0bbe32b2e 0e5e868812414428a8f6c3218fbd1854 - - default default] Successfully bumped revision number for resource e83e2bc4-f1e2-43b9-bc13-1ee928933002 (type: security_group_rules) to 0
2026-05-19 03:40:36.966 9 INFO neutron.wsgi [None req-cf01ecd4-4aec-4d37-916f-8258f0074fe2 ce236c34059d4d0babda12e0bbe32b2e 0e5e868812414428a8f6c3218fbd1854 - - default default] 199.19.213.191,10.0.0.66 "POST /v2.0/security-group-rules HTTP/1.1" status: 201 len: 751 time: 0.1510527
2026-05-19 03:40:37.834 9 INFO neutron.wsgi [None req-21c5e3e3-cc2e-4121-bab3-89b7128b197e ce236c34059d4d0babda12e0bbe32b2e 0e5e868812414428a8f6c3218fbd1854 - - default default] 199.19.213.191,10.0.0.66 "GET /v2.0/security-groups?tenant_id=0e5e868812414428a8f6c3218fbd1854 HTTP/1.1" status: 200 len: 6837 time: 0.0930901
2026-05-19 03:40:37.881 9 INFO neutron.wsgi [None req-49990034-5a0b-43f9-a0a2-3cdd6c61792c ce236c34059d4d0babda12e0bbe32b2e 0e5e868812414428a8f6c3218fbd1854 - - default default] 199.19.213.191,10.0.0.66 "GET /v2.0/security-groups HTTP/1.1" status: 200 len: 6837 time: 0.0415409
2026-05-19 03:40:38.021 9 INFO neutron.db.ovn_revision_numbers_db [None req-f0215493-bd56-4492-8a6e-8f679713c2a1 ce236c34059d4d0babda12e0bbe32b2e 0e5e868812414428a8f6c3218fbd1854 - - default default] Successfully bumped revision number for resource 0fdd21ef-8720-4f6c-866d-42ccc6a722cf (type: security_group_rules) to 0
2026-05-19 03:40:38.048 9 INFO neutron.wsgi [None req-f0215493-bd56-4492-8a6e-8f679713c2a1 ce236c34059d4d0babda12e0bbe32b2e 0e5e868812414428a8f6c3218fbd1854 - - default default] 199.19.213.191,10.0.0.66 "POST /v2.0/security-group-rules HTTP/1.1" status: 201 len: 751 time: 0.1606183
2026-05-19 03:40:39.250 9 INFO neutron.wsgi [None req-a6ccef8b-1cf0-4623-9d03-0352397dc938 ce236c34059d4d0babda12e0bbe32b2e 0e5e868812414428a8f6c3218fbd1854 - - default default] 199.19.213.191,10.0.0.66 "GET /v2.0/security-groups HTTP/1.1" status: 200 len: 7421 time: 0.0704374
2026-05-19 03:40:39.306 9 INFO neutron.wsgi [None req-1a80b5fa-ec4e-4ab1-9133-63e145df16c5 ce236c34059d4d0babda12e0bbe32b2e 0e5e868812414428a8f6c3218fbd1854 - - default default] 199.19.213.191,10.0.0.66 "GET /v2.0/ports HTTP/1.1" status: 200 len: 2301 time: 0.0451798
2026-05-19 03:40:39.376 9 INFO neutron.wsgi [None req-ae3e184c-b072-4360-98a1-7eb33540dca5 ce236c34059d4d0babda12e0bbe32b2e 0e5e868812414428a8f6c3218fbd1854 - - default default] 199.19.213.191,10.0.0.66 "GET /v2.0/networks HTTP/1.1" status: 200 len: 1653 time: 0.0615263
2026-05-19 03:40:39.636 9 WARNING neutron.scheduler.dhcp_agent_scheduler [None req-d813549a-22f3-48e5-9d7e-d7352070fcd3 ce236c34059d4d0babda12e0bbe32b2e 0e5e868812414428a8f6c3218fbd1854 - - default default] No more DHCP agents
2026-05-19 03:40:39.638 9 WARNING neutron.api.rpc.agentnotifiers.dhcp_rpc_agent_api [None req-d813549a-22f3-48e5-9d7e-d7352070fcd3 ce236c34059d4d0babda12e0bbe32b2e 0e5e868812414428a8f6c3218fbd1854 - - default default] Unable to schedule network 27a86718-c614-4b2c-ae60-ed7176c88c39: no agents available; will retry on subsequent port and subnet creation events.
2026-05-19 03:40:39.883 9 INFO neutron.db.ovn_revision_numbers_db [None req-d813549a-22f3-48e5-9d7e-d7352070fcd3 ce236c34059d4d0babda12e0bbe32b2e 0e5e868812414428a8f6c3218fbd1854 - - default default] Successfully bumped revision number for resource d6e89cb3-5a7f-48f2-9b61-2be7f7232068 (type: ports) to 1
2026-05-19 03:40:39.904 9 INFO neutron.wsgi [None req-d813549a-22f3-48e5-9d7e-d7352070fcd3 ce236c34059d4d0babda12e0bbe32b2e 0e5e868812414428a8f6c3218fbd1854 - - default default] 199.19.213.191,10.0.0.66 "POST /v2.0/ports HTTP/1.1" status: 201 len: 1281 time: 0.5212319
2026-05-19 03:40:43.716 10 INFO neutron.wsgi [-] 10.0.0.66 "GET / HTTP/1.1" status: 200 len: 247 time: 0.0019214
2026-05-19 03:40:43.717 9 INFO neutron.wsgi [-] 10.0.0.66 "GET / HTTP/1.1" status: 200 len: 247 time: 0.0029793 /var/lib/openstack/lib/python3.10/site-packages/pycadf/identifier.py:71: UserWarning: Invalid uuid: unknown. To ensure interoperability, identifiers should be a valid uuid. warnings.warn(('Invalid uuid: %s. To ensure interoperability, '
2026-05-19 03:40:47.355 9 INFO neutron.pecan_wsgi.hooks.translation [None req-baf292e4-059f-4657-b29c-0dc0f2a4f5bd ce236c34059d4d0babda12e0bbe32b2e 0e5e868812414428a8f6c3218fbd1854 - - default default] GET failed (client error): The resource could not be found.
2026-05-19 03:40:47.357 9 INFO neutron.wsgi [None req-baf292e4-059f-4657-b29c-0dc0f2a4f5bd ce236c34059d4d0babda12e0bbe32b2e 0e5e868812414428a8f6c3218fbd1854 - - default default] 199.19.213.191,10.0.0.66 "GET /v2.0/ports/octavia-health-manager-port-instance HTTP/1.1" status: 404 len: 314 time: 0.0634720
2026-05-19 03:40:47.403 9 INFO neutron.wsgi [None req-63acd05b-49ba-4e9a-8b92-49325f501587 ce236c34059d4d0babda12e0bbe32b2e 0e5e868812414428a8f6c3218fbd1854 - - default default] 199.19.213.191,10.0.0.66 "GET /v2.0/ports?name=octavia-health-manager-port-instance HTTP/1.1" status: 200 len: 1279 time: 0.0401561
2026-05-19 03:40:47.786 9 INFO neutron.db.ovn_revision_numbers_db [None req-399533ab-7a03-42dc-ab65-7498c196059a ce236c34059d4d0babda12e0bbe32b2e 0e5e868812414428a8f6c3218fbd1854 - - default default] Successfully bumped revision number for resource d6e89cb3-5a7f-48f2-9b61-2be7f7232068 (type: ports) to 1
2026-05-19 03:40:48.008 9 INFO neutron.db.ovn_revision_numbers_db [None req-399533ab-7a03-42dc-ab65-7498c196059a ce236c34059d4d0babda12e0bbe32b2e 0e5e868812414428a8f6c3218fbd1854 - - default default] Successfully bumped revision number for resource d6e89cb3-5a7f-48f2-9b61-2be7f7232068 (type: ports) to 2
2026-05-19 03:40:48.025 9 INFO neutron.wsgi [None req-399533ab-7a03-42dc-ab65-7498c196059a ce236c34059d4d0babda12e0bbe32b2e 0e5e868812414428a8f6c3218fbd1854 - - default default] 199.19.213.191,10.0.0.66 "PUT /v2.0/ports/d6e89cb3-5a7f-48f2-9b61-2be7f7232068 HTTP/1.1" status: 200 len: 1366 time: 0.6143060 /var/lib/openstack/lib/python3.10/site-packages/pycadf/identifier.py:71: UserWarning: Invalid uuid: unknown. To ensure interoperability, identifiers should be a valid uuid. warnings.warn(('Invalid uuid: %s. To ensure interoperability, '
2026-05-19 03:40:49.395 9 INFO neutron.wsgi [None req-663cbbf3-4e8b-4306-b775-20bd0e024da7 ce236c34059d4d0babda12e0bbe32b2e 0e5e868812414428a8f6c3218fbd1854 - - default default] 199.19.213.191,10.0.0.66 "GET /v2.0/ports HTTP/1.1" status: 200 len: 3511 time: 0.0716579
2026-05-19 03:40:50.386 9 INFO neutron.wsgi [None req-60ab4884-9848-483a-bf71-35f5f173dfcf ce236c34059d4d0babda12e0bbe32b2e 0e5e868812414428a8f6c3218fbd1854 - - default default] 199.19.213.191,10.0.0.66 "GET /v2.0/security-groups?tenant_id=0e5e868812414428a8f6c3218fbd1854 HTTP/1.1" status: 200 len: 7421 time: 0.0761061
2026-05-19 03:40:50.520 9 INFO neutron.db.ovn_revision_numbers_db [None req-4f0cb076-c840-4e38-9ec6-66111b8f226f ce236c34059d4d0babda12e0bbe32b2e 0e5e868812414428a8f6c3218fbd1854 - - default default] Successfully bumped revision number for resource 35fcc5a5-24aa-411a-adad-5b73fbd03a27 (type: security_groups) to 1
2026-05-19 03:40:50.539 9 INFO neutron.db.ovn_revision_numbers_db [None req-4f0cb076-c840-4e38-9ec6-66111b8f226f ce236c34059d4d0babda12e0bbe32b2e 0e5e868812414428a8f6c3218fbd1854 - - default default] Successfully bumped revision number for resource 43903d58-659f-467a-8431-44ab1d37b90d (type: security_group_rules) to 0
2026-05-19 03:40:50.559 9 INFO neutron.db.ovn_revision_numbers_db [None req-4f0cb076-c840-4e38-9ec6-66111b8f226f ce236c34059d4d0babda12e0bbe32b2e 0e5e868812414428a8f6c3218fbd1854 - - default default] Successfully bumped revision number for resource 67c57f6e-62f8-4e82-9b6e-6e5c6f13bb3f (type: security_group_rules) to 0
2026-05-19 03:40:50.578 9 INFO neutron.wsgi [None req-4f0cb076-c840-4e38-9ec6-66111b8f226f ce236c34059d4d0babda12e0bbe32b2e 0e5e868812414428a8f6c3218fbd1854 - - default default] 199.19.213.191,10.0.0.66 "POST /v2.0/security-groups HTTP/1.1" status: 201 len: 1727 time: 0.1822214
2026-05-19 03:40:51.516 9 INFO neutron.wsgi [None req-76dd82ea-b6ed-4dbd-ae17-0751d41871ae ce236c34059d4d0babda12e0bbe32b2e 0e5e868812414428a8f6c3218fbd1854 - - default default] 199.19.213.191,10.0.0.66 "GET /v2.0/security-groups?tenant_id=0e5e868812414428a8f6c3218fbd1854 HTTP/1.1" status: 200 len: 8949 time: 0.0840733
2026-05-19 03:40:51.569 9 INFO neutron.wsgi [None req-31acf1ab-a9de-460e-bbc2-3bc96c1a0850 ce236c34059d4d0babda12e0bbe32b2e 0e5e868812414428a8f6c3218fbd1854 - - default default] 199.19.213.191,10.0.0.66 "GET /v2.0/security-groups HTTP/1.1" status: 200 len: 8949 time: 0.0416625
2026-05-19 03:40:51.712 9 INFO neutron.db.ovn_revision_numbers_db [None req-0e2d6bbf-9427-4ec6-9f50-d446002da319 ce236c34059d4d0babda12e0bbe32b2e 0e5e868812414428a8f6c3218fbd1854 - - default default] Successfully bumped revision number for resource d1bda2cd-9c4d-4a27-b402-6c46c6eff6a8 (type: security_group_rules) to 0
2026-05-19 03:40:51.737 9 INFO neutron.wsgi [None req-0e2d6bbf-9427-4ec6-9f50-d446002da319 ce236c34059d4d0babda12e0bbe32b2e 0e5e868812414428a8f6c3218fbd1854 - - default default] 199.19.213.191,10.0.0.66 "POST /v2.0/security-group-rules HTTP/1.1" status: 201 len: 771 time: 0.1572657
2026-05-19 03:40:52.595 9 INFO neutron.wsgi [None req-54c0a396-4bbc-4c11-8861-e7cd78885d5e ce236c34059d4d0babda12e0bbe32b2e 0e5e868812414428a8f6c3218fbd1854 - - default default] 199.19.213.191,10.0.0.66 "GET /v2.0/security-groups?tenant_id=0e5e868812414428a8f6c3218fbd1854 HTTP/1.1" status: 200 len: 9553 time: 0.0744317
2026-05-19 03:40:52.643 9 INFO neutron.wsgi [None req-375d15d4-89ee-4f7b-86c3-1d022ee590e1 ce236c34059d4d0babda12e0bbe32b2e 0e5e868812414428a8f6c3218fbd1854 - - default default] 199.19.213.191,10.0.0.66 "GET /v2.0/security-groups HTTP/1.1" status: 200 len: 9553 time: 0.0384684
2026-05-19 03:40:52.776 9 INFO neutron.db.ovn_revision_numbers_db [None req-ec924dec-1e4f-4110-8528-2adcffe80765 ce236c34059d4d0babda12e0bbe32b2e 0e5e868812414428a8f6c3218fbd1854 - - default default] Successfully bumped revision number for resource 65afea28-63b7-441f-9a4c-732e90d0df27 (type: security_group_rules) to 0
2026-05-19 03:40:52.800 9 INFO neutron.wsgi [None req-ec924dec-1e4f-4110-8528-2adcffe80765 ce236c34059d4d0babda12e0bbe32b2e 0e5e868812414428a8f6c3218fbd1854 - - default default] 199.19.213.191,10.0.0.66 "POST /v2.0/security-group-rules HTTP/1.1" status: 201 len: 775 time: 0.1484492
2026-05-19 03:40:58.715 10 INFO neutron.wsgi [-] 10.0.0.66 "GET / HTTP/1.1" status: 200 len: 247 time: 0.0020919
2026-05-19 03:40:58.718 10 INFO neutron.wsgi [-] 10.0.0.66 "GET / HTTP/1.1" status: 200 len: 247 time: 0.0017056
2026-05-19 03:41:13.715 9 INFO neutron.wsgi [-] 10.0.0.66 "GET / HTTP/1.1" status: 200 len: 247 time: 0.0016203
2026-05-19 03:41:13.715 10 INFO neutron.wsgi [-] 10.0.0.66 "GET / HTTP/1.1" status: 200 len: 247 time: 0.0015080
2026-05-19 03:41:28.716 10 INFO neutron.wsgi [-] 10.0.0.66 "GET / HTTP/1.1" status: 200 len: 247 time: 0.0022981
2026-05-19 03:41:28.719 10 INFO neutron.wsgi [-] 10.0.0.66 "GET / HTTP/1.1" status: 200 len: 247 time: 0.0016494
2026-05-19 03:41:43.727 10 INFO neutron.wsgi [-] 10.0.0.66 "GET / HTTP/1.1" status: 200 len: 247 time: 0.0125508
2026-05-19 03:41:43.727 9 INFO neutron.wsgi [-] 10.0.0.66 "GET / HTTP/1.1" status: 200 len: 247 time: 0.0069966
2026-05-19 03:41:58.676 9 INFO neutron.wsgi [None req-41f6ef72-a323-444f-9d85-463ee4e6da8b ce236c34059d4d0babda12e0bbe32b2e 0e5e868812414428a8f6c3218fbd1854 - - default default] 199.19.213.191,10.0.0.66 "GET /v2.0/quotas/0e5e868812414428a8f6c3218fbd1854 HTTP/1.1" status: 200 len: 362 time: 0.0204039
2026-05-19 03:41:58.716 10 INFO neutron.wsgi [-] 10.0.0.66 "GET / HTTP/1.1" status: 200 len: 247 time: 0.0024903
2026-05-19 03:41:58.717 9 INFO neutron.wsgi [-] 10.0.0.66 "GET / HTTP/1.1" status: 200 len: 247 time: 0.0029216 /var/lib/openstack/lib/python3.10/site-packages/neutron/extensions/quotasv2.py:140: UserWarning: Neutron quota engine will require "--force" parameter to set a quota limit without checking the resource usage. warnings.warn('Neutron quota engine will require "--force" '
2026-05-19 03:41:59.036 9 INFO neutron.wsgi [None req-7caf404f-4f0d-48bf-bc25-5be69527bf07 ce236c34059d4d0babda12e0bbe32b2e 0e5e868812414428a8f6c3218fbd1854 - - default default] 199.19.213.191,10.0.0.66 "PUT /v2.0/quotas/0e5e868812414428a8f6c3218fbd1854 HTTP/1.1" status: 200 len: 361 time: 0.0356531
2026-05-19 03:41:59.670 9 INFO neutron.wsgi [None req-79a8bfc8-e951-41b3-88f1-9dca5eee5133 ce236c34059d4d0babda12e0bbe32b2e 0e5e868812414428a8f6c3218fbd1854 - - default default] 199.19.213.191,10.0.0.66 "GET /v2.0/quotas/0e5e868812414428a8f6c3218fbd1854 HTTP/1.1" status: 200 len: 361 time: 0.0147622
2026-05-19 03:42:13.715 10 INFO neutron.wsgi [-] 10.0.0.66 "GET / HTTP/1.1" status: 200 len: 247 time: 0.0018957
2026-05-19 03:42:13.717 9 INFO neutron.wsgi [-] 10.0.0.66 "GET / HTTP/1.1" status: 200 len: 247 time: 0.0032251
2026-05-19 03:42:28.715 9 INFO neutron.wsgi [-] 10.0.0.66 "GET / HTTP/1.1" status: 200 len: 247 time: 0.0024586
2026-05-19 03:42:28.717 10 INFO neutron.wsgi [-] 10.0.0.66 "GET / HTTP/1.1" status: 200 len: 247 time: 0.0039301
2026-05-19 03:42:43.716 10 INFO neutron.wsgi [-] 10.0.0.66 "GET / HTTP/1.1" status: 200 len: 247 time: 0.0028682
2026-05-19 03:42:43.716 9 INFO neutron.wsgi [-] 10.0.0.66 "GET / HTTP/1.1" status: 200 len: 247 time: 0.0027926
2026-05-19 03:42:58.715 10 INFO neutron.wsgi [-] 10.0.0.66 "GET / HTTP/1.1" status: 200 len: 247 time: 0.0017269
2026-05-19 03:42:58.717 9 INFO neutron.wsgi [-] 10.0.0.66 "GET / HTTP/1.1" status: 200 len: 247 time: 0.0029209
2026-05-19 03:43:13.717 10 INFO neutron.wsgi [-] 10.0.0.66 "GET / HTTP/1.1" status: 200 len: 247 time: 0.0026755
2026-05-19 03:43:13.720 10 INFO neutron.wsgi [-] 10.0.0.66 "GET / HTTP/1.1" status: 200 len: 247 time: 0.0023148
2026-05-19 03:43:28.717 10 INFO neutron.wsgi [-] 10.0.0.66 "GET / HTTP/1.1" status: 200 len: 247 time: 0.0023665
2026-05-19 03:43:28.718 9 INFO neutron.wsgi [-] 10.0.0.66 "GET / HTTP/1.1" status: 200 len: 247 time: 0.0038235
2026-05-19 03:43:43.716 9 INFO neutron.wsgi [-] 10.0.0.66 "GET / HTTP/1.1" status: 200 len: 247 time: 0.0019710
2026-05-19 03:43:43.717 10 INFO neutron.wsgi [-] 10.0.0.66 "GET / HTTP/1.1" status: 200 len: 247 time: 0.0031855
2026-05-19 03:43:43.930 15 INFO neutron.db.ovn_revision_numbers_db [None req-c5eb50e8-5ae2-458c-ad20-58d0e91d7c88 - - - - - -] Successfully bumped revision number for resource 27a86718-c614-4b2c-ae60-ed7176c88c39 (type: networks) to 2
2026-05-19 03:43:43.977 15 INFO neutron.db.ovn_revision_numbers_db [None req-c5eb50e8-5ae2-458c-ad20-58d0e91d7c88 - - - - - -] Successfully bumped revision number for resource 2f8ab3a4-3ab0-4f29-b6a6-394b0f11a188 (type: security_groups) to 6
2026-05-19 03:43:44.018 15 INFO neutron.db.ovn_revision_numbers_db [None req-c5eb50e8-5ae2-458c-ad20-58d0e91d7c88 - - - - - -] Successfully bumped revision number for resource 35fcc5a5-24aa-411a-adad-5b73fbd03a27 (type: security_groups) to 3
2026-05-19 03:43:44.215 15 INFO neutron.db.ovn_revision_numbers_db [None req-c5eb50e8-5ae2-458c-ad20-58d0e91d7c88 - - - - - -] Successfully bumped revision number for resource d6e89cb3-5a7f-48f2-9b61-2be7f7232068 (type: ports) to 3
2026-05-19 03:43:44.215 15 INFO neutron.plugins.ml2.drivers.ovn.mech_driver.ovsdb.maintenance [None req-c5eb50e8-5ae2-458c-ad20-58d0e91d7c88 - - - - - -] Maintenance task: Synchronization finished (took 0.41 seconds)
2026-05-19 03:43:58.716 9 INFO neutron.wsgi [-] 10.0.0.66 "GET / HTTP/1.1" status: 200 len: 247 time: 0.0020745
2026-05-19 03:43:58.718 9 INFO neutron.wsgi [-] 10.0.0.66 "GET / HTTP/1.1" status: 200 len: 247 time: 0.0011373 /var/lib/openstack/lib/python3.10/site-packages/pycadf/identifier.py:71: UserWarning: Invalid uuid: neutron. To ensure interoperability, identifiers should be a valid uuid. warnings.warn(('Invalid uuid: %s. To ensure interoperability, '
2026-05-19 03:44:09.457 9 INFO neutron.pecan_wsgi.hooks.translation [None req-5189822a-2415-4b22-bac9-ca8690d140c5 ce236c34059d4d0babda12e0bbe32b2e 0e5e868812414428a8f6c3218fbd1854 - - default default] GET failed (client error): The resource could not be found.
2026-05-19 03:44:09.461 9 INFO neutron.wsgi [None req-5189822a-2415-4b22-bac9-ca8690d140c5 ce236c34059d4d0babda12e0bbe32b2e 0e5e868812414428a8f6c3218fbd1854 - - default default] 199.19.213.191 "GET /v2.0/ports/octavia-health-manager-port-instance HTTP/1.1" status: 404 len: 338 time: 0.2222078
2026-05-19 03:44:09.509 9 INFO neutron.wsgi [None req-66eb29e6-dc0d-4951-9232-a1d1a5fd3ccd ce236c34059d4d0babda12e0bbe32b2e 0e5e868812414428a8f6c3218fbd1854 - - default default] 199.19.213.191 "GET /v2.0/ports?name=octavia-health-manager-port-instance HTTP/1.1" status: 200 len: 1421 time: 0.0415165
2026-05-19 03:44:11.386 9 INFO neutron.pecan_wsgi.hooks.translation [None req-2e6c452f-6dbf-44b5-a684-39348f6b38ac ce236c34059d4d0babda12e0bbe32b2e 0e5e868812414428a8f6c3218fbd1854 - - default default] GET failed (client error): The resource could not be found.
2026-05-19 03:44:11.388 9 INFO neutron.wsgi [None req-2e6c452f-6dbf-44b5-a684-39348f6b38ac ce236c34059d4d0babda12e0bbe32b2e 0e5e868812414428a8f6c3218fbd1854 - - default default] 199.19.213.191 "GET /v2.0/ports/octavia-health-manager-port-instance HTTP/1.1" status: 404 len: 338 time: 0.1365309
2026-05-19 03:44:11.433 9 INFO neutron.wsgi [None req-5655042e-dc46-4d12-bf03-014f622ff282 ce236c34059d4d0babda12e0bbe32b2e 0e5e868812414428a8f6c3218fbd1854 - - default default] 199.19.213.191 "GET /v2.0/ports?name=octavia-health-manager-port-instance HTTP/1.1" status: 200 len: 1421 time: 0.0365791
2026-05-19 03:44:12.204 10 INFO neutron.plugins.ml2.drivers.ovn.mech_driver.mech_driver [-] OVN reports status up for port: d6e89cb3-5a7f-48f2-9b61-2be7f7232068
2026-05-19 03:44:12.231 10 INFO neutron.plugins.ml2.plugin [None req-da3fb100-a53e-4f38-a7e8-c98adf43af4b - - - - - -] Attempt 1 to provision port d6e89cb3-5a7f-48f2-9b61-2be7f7232068
2026-05-19 03:44:12.603 10 INFO neutron.plugins.ml2.drivers.ovn.mech_driver.ovsdb.extensions.qos [None req-da3fb100-a53e-4f38-a7e8-c98adf43af4b - - - - - -] Starting OVNClientQosExtension
2026-05-19 03:44:12.603 10 INFO neutron.plugins.ml2.drivers.ovn.mech_driver.ovsdb.extensions.placement [None req-da3fb100-a53e-4f38-a7e8-c98adf43af4b - - - - - -] Starting OVNClientPlacementExtension
2026-05-19 03:44:12.796 10 INFO neutron.db.ovn_revision_numbers_db [None req-da3fb100-a53e-4f38-a7e8-c98adf43af4b - - - - - -] Successfully bumped revision number for resource d6e89cb3-5a7f-48f2-9b61-2be7f7232068 (type: ports) to 4
2026-05-19 03:44:13.717 9 INFO neutron.wsgi [-] 10.0.0.66 "GET / HTTP/1.1" status: 200 len: 247 time: 0.0030165
2026-05-19 03:44:13.720 9 INFO neutron.wsgi [-] 10.0.0.66 "GET / HTTP/1.1" status: 200 len: 247 time: 0.0015049
2026-05-19 03:44:28.716 10 INFO neutron.wsgi [-] 10.0.0.66 "GET / HTTP/1.1" status: 200 len: 247 time: 0.0026083
2026-05-19 03:44:28.717 9 INFO neutron.wsgi [-] 10.0.0.66 "GET / HTTP/1.1" status: 200 len: 247 time: 0.0025365
2026-05-19 03:44:43.715 9 INFO neutron.wsgi [-] 10.0.0.66 "GET / HTTP/1.1" status: 200 len: 247 time: 0.0017686
2026-05-19 03:44:43.716 10 INFO neutron.wsgi [-] 10.0.0.66 "GET / HTTP/1.1" status: 200 len: 247 time: 0.0023444
2026-05-19 03:44:58.717 9 INFO neutron.wsgi [-] 10.0.0.66 "GET / HTTP/1.1" status: 200 len: 247 time: 0.0021613
2026-05-19 03:44:58.719 9 INFO neutron.wsgi [-] 10.0.0.66 "GET / HTTP/1.1" status: 200 len: 247 time: 0.0014603
2026-05-19 03:45:13.718 10 INFO neutron.wsgi [-] 10.0.0.66 "GET / HTTP/1.1" status: 200 len: 247 time: 0.0035083
2026-05-19 03:45:13.720 9 INFO neutron.wsgi [-] 10.0.0.66 "GET / HTTP/1.1" status: 200 len: 247 time: 0.0058732
2026-05-19 03:45:28.716 10 INFO neutron.wsgi [-] 10.0.0.66 "GET / HTTP/1.1" status: 200 len: 247 time: 0.0026681
2026-05-19 03:45:28.718 10 INFO neutron.wsgi [-] 10.0.0.66 "GET / HTTP/1.1" status: 200 len: 247 time: 0.0013433
2026-05-19 03:45:43.716 10 INFO neutron.wsgi [-] 10.0.0.66 "GET / HTTP/1.1" status: 200 len: 247 time: 0.0026886
2026-05-19 03:45:43.716 9 INFO neutron.wsgi [-] 10.0.0.66 "GET / HTTP/1.1" status: 200 len: 247 time: 0.0028706
2026-05-19 03:45:58.715 10 INFO neutron.wsgi [-] 10.0.0.66 "GET / HTTP/1.1" status: 200 len: 247 time: 0.0017846
2026-05-19 03:45:58.717 9 INFO neutron.wsgi [-] 10.0.0.66 "GET / HTTP/1.1" status: 200 len: 247 time: 0.0034692
2026-05-19 03:46:13.716 9 INFO neutron.wsgi [-] 10.0.0.66 "GET / HTTP/1.1" status: 200 len: 247 time: 0.0025325
2026-05-19 03:46:13.719 9 INFO neutron.wsgi [-] 10.0.0.66 "GET / HTTP/1.1" status: 200 len: 247 time: 0.0020113
2026-05-19 03:46:28.716 10 INFO neutron.wsgi [-] 10.0.0.66 "GET / HTTP/1.1" status: 200 len: 247 time: 0.0031519
2026-05-19 03:46:28.716 9 INFO neutron.wsgi [-] 10.0.0.66 "GET / HTTP/1.1" status: 200 len: 247 time: 0.0028989
2026-05-19 03:46:43.715 10 INFO neutron.wsgi [-] 10.0.0.66 "GET / HTTP/1.1" status: 200 len: 247 time: 0.0015259
2026-05-19 03:46:43.717 9 INFO neutron.wsgi [-] 10.0.0.66 "GET / HTTP/1.1" status: 200 len: 247 time: 0.0032792
2026-05-19 03:46:58.715 10 INFO neutron.wsgi [-] 10.0.0.66 "GET / HTTP/1.1" status: 200 len: 247 time: 0.0019085
2026-05-19 03:46:58.716 9 INFO neutron.wsgi [-] 10.0.0.66 "GET / HTTP/1.1" status: 200 len: 247 time: 0.0023332
2026-05-19 03:47:13.716 10 INFO neutron.wsgi [-] 10.0.0.66 "GET / HTTP/1.1" status: 200 len: 247 time: 0.0030549
2026-05-19 03:47:13.719 10 INFO neutron.wsgi [-] 10.0.0.66 "GET / HTTP/1.1" status: 200 len: 247 time: 0.0022306
2026-05-19 03:47:28.716 10 INFO neutron.wsgi [-] 10.0.0.66 "GET / HTTP/1.1" status: 200 len: 247 time: 0.0018239
2026-05-19 03:47:28.717 9 INFO neutron.wsgi [-] 10.0.0.66 "GET / HTTP/1.1" status: 200 len: 247 time: 0.0033226
2026-05-19 03:47:43.717 9 INFO neutron.wsgi [-] 10.0.0.66 "GET / HTTP/1.1" status: 200 len: 247 time: 0.0029883
2026-05-19 03:47:43.722 9 INFO neutron.wsgi [-] 10.0.0.66 "GET / HTTP/1.1" status: 200 len: 247 time: 0.0028765
2026-05-19 03:47:58.716 9 INFO neutron.wsgi [-] 10.0.0.66 "GET / HTTP/1.1" status: 200 len: 247 time: 0.0027692
2026-05-19 03:47:58.716 10 INFO neutron.wsgi [-] 10.0.0.66 "GET / HTTP/1.1" status: 200 len: 247 time: 0.0019412
2026-05-19 03:48:13.716 9 INFO neutron.wsgi [-] 10.0.0.66 "GET / HTTP/1.1" status: 200 len: 247 time: 0.0026042
2026-05-19 03:48:13.719 10 INFO neutron.wsgi [-] 10.0.0.66 "GET / HTTP/1.1" status: 200 len: 247 time: 0.0049484
2026-05-19 03:48:28.717 9 INFO neutron.wsgi [-] 10.0.0.66 "GET / HTTP/1.1" status: 200 len: 247 time: 0.0035021
2026-05-19 03:48:28.717 10 INFO neutron.wsgi [-] 10.0.0.66 "GET / HTTP/1.1" status: 200 len: 247 time: 0.0035019
2026-05-19 03:48:43.717 9 INFO neutron.wsgi [-] 10.0.0.66 "GET / HTTP/1.1" status: 200 len: 247 time: 0.0032158
2026-05-19 03:48:43.720 9 INFO neutron.wsgi [-] 10.0.0.66 "GET / HTTP/1.1" status: 200 len: 247 time: 0.0020239
2026-05-19 03:48:58.717 10 INFO neutron.wsgi [-] 10.0.0.66 "GET / HTTP/1.1" status: 200 len: 247 time: 0.0031323
2026-05-19 03:48:58.718 9 INFO neutron.wsgi [-] 10.0.0.66 "GET / HTTP/1.1" status: 200 len: 247 time: 0.0034692
2026-05-19 03:49:13.719 10 INFO neutron.wsgi [-] 10.0.0.66 "GET / HTTP/1.1" status: 200 len: 247 time: 0.0054984
2026-05-19 03:49:13.722 10 INFO neutron.wsgi [-] 10.0.0.66 "GET / HTTP/1.1" status: 200 len: 247 time: 0.0018730
2026-05-19 03:49:28.715 9 INFO neutron.wsgi [-] 10.0.0.66 "GET / HTTP/1.1" status: 200 len: 247 time: 0.0014644
2026-05-19 03:49:28.717 10 INFO neutron.wsgi [-] 10.0.0.66 "GET / HTTP/1.1" status: 200 len: 247 time: 0.0028460
2026-05-19 03:49:43.716 10 INFO neutron.wsgi [-] 10.0.0.66 "GET / HTTP/1.1" status: 200 len: 247 time: 0.0023916
2026-05-19 03:49:43.716 9 INFO neutron.wsgi [-] 10.0.0.66 "GET / HTTP/1.1" status: 200 len: 247 time: 0.0026236
2026-05-19 03:49:58.716 9 INFO neutron.wsgi [-] 10.0.0.66 "GET / HTTP/1.1" status: 200 len: 247 time: 0.0022795
2026-05-19 03:49:58.717 10 INFO neutron.wsgi [-] 10.0.0.66 "GET / HTTP/1.1" status: 200 len: 247 time: 0.0031149
2026-05-19 03:50:12.909 9 INFO neutron.db.ovn_revision_numbers_db [None req-7f45bb9e-eda1-407e-8b56-08c6134d523c ce236c34059d4d0babda12e0bbe32b2e 0e5e868812414428a8f6c3218fbd1854 - - default default] Successfully bumped revision number for resource 4c47e6e7-b9e0-4d3d-97fa-5cde76bfd4bf (type: security_groups) to 1
2026-05-19 03:50:12.929 9 INFO neutron.db.ovn_revision_numbers_db [None req-7f45bb9e-eda1-407e-8b56-08c6134d523c ce236c34059d4d0babda12e0bbe32b2e 0e5e868812414428a8f6c3218fbd1854 - - default default] Successfully bumped revision number for resource 314379ff-b8cd-421e-a1de-1af8e79a60dc (type: security_group_rules) to 0
2026-05-19 03:50:12.947 9 INFO neutron.db.ovn_revision_numbers_db [None req-7f45bb9e-eda1-407e-8b56-08c6134d523c ce236c34059d4d0babda12e0bbe32b2e 0e5e868812414428a8f6c3218fbd1854 - - default default] Successfully bumped revision number for resource bb26f676-96e7-4e7e-a24b-c741cf4d5f89 (type: security_group_rules) to 0
2026-05-19 03:50:12.963 9 INFO neutron.db.ovn_revision_numbers_db [None req-7f45bb9e-eda1-407e-8b56-08c6134d523c ce236c34059d4d0babda12e0bbe32b2e 0e5e868812414428a8f6c3218fbd1854 - - default default] Successfully bumped revision number for resource cef7eff6-c7ec-45ec-98f5-946c9ce4c3c0 (type: security_group_rules) to 0
2026-05-19 03:50:12.979 9 INFO neutron.db.ovn_revision_numbers_db [None req-7f45bb9e-eda1-407e-8b56-08c6134d523c ce236c34059d4d0babda12e0bbe32b2e 0e5e868812414428a8f6c3218fbd1854 - - default default] Successfully bumped revision number for resource eb832334-e610-44b7-8e30-621a228b49d4 (type: security_group_rules) to 0
2026-05-19 03:50:13.002 9 INFO neutron.wsgi [None req-7f45bb9e-eda1-407e-8b56-08c6134d523c ce236c34059d4d0babda12e0bbe32b2e 0e5e868812414428a8f6c3218fbd1854 - - default default] 199.19.213.191,10.0.0.66 "GET /v2.0/security-groups?tenant_id=aa99a1b2c8464a0190733132f1fde0e0 HTTP/1.1" status: 200 len: 2973 time: 0.3426223
2026-05-19 03:50:13.127 9 INFO neutron.db.ovn_revision_numbers_db [None req-f9e29492-fbf9-49a8-96b9-29065ad78ad5 ce236c34059d4d0babda12e0bbe32b2e 0e5e868812414428a8f6c3218fbd1854 - - default default] Successfully bumped revision number for resource 6d12a23f-a672-47ed-9545-ee70cb2ca955 (type: security_groups) to 1
2026-05-19 03:50:13.141 9 INFO neutron.db.ovn_revision_numbers_db [None req-f9e29492-fbf9-49a8-96b9-29065ad78ad5 ce236c34059d4d0babda12e0bbe32b2e 0e5e868812414428a8f6c3218fbd1854 - - default default] Successfully bumped revision number for resource 459b936c-74c4-4052-86d5-4807adae602f (type: security_group_rules) to 0
2026-05-19 03:50:13.155 9 INFO neutron.db.ovn_revision_numbers_db [None req-f9e29492-fbf9-49a8-96b9-29065ad78ad5 ce236c34059d4d0babda12e0bbe32b2e 0e5e868812414428a8f6c3218fbd1854 - - default default] Successfully bumped revision number for resource dec4f1f8-0042-4d6e-b474-9892ac9d28e2 (type: security_group_rules) to 0
2026-05-19 03:50:13.173 9 INFO neutron.wsgi [None req-f9e29492-fbf9-49a8-96b9-29065ad78ad5 ce236c34059d4d0babda12e0bbe32b2e 0e5e868812414428a8f6c3218fbd1854 - - default default] 199.19.213.191,10.0.0.66 "POST /v2.0/security-groups HTTP/1.1" status: 201 len: 1741 time: 0.1538866
2026-05-19 03:50:13.716 9 INFO neutron.wsgi [-] 10.0.0.66 "GET / HTTP/1.1" status: 200 len: 247 time: 0.0020421
2026-05-19 03:50:13.717 10 INFO neutron.wsgi [-] 10.0.0.66 "GET / HTTP/1.1" status: 200 len: 247 time: 0.0027235
2026-05-19 03:50:14.144 9 INFO neutron.wsgi [None req-9cd13eca-30ea-47b9-bc20-e81fe2d9ff05 ce236c34059d4d0babda12e0bbe32b2e 0e5e868812414428a8f6c3218fbd1854 - - default default] 199.19.213.191,10.0.0.66 "GET /v2.0/security-groups?tenant_id=aa99a1b2c8464a0190733132f1fde0e0 HTTP/1.1" status: 200 len: 4515 time: 0.0784910
2026-05-19 03:50:14.189 9 INFO neutron.wsgi [None req-f8db950b-63c5-4236-a4d9-64df98a4559a ce236c34059d4d0babda12e0bbe32b2e 0e5e868812414428a8f6c3218fbd1854 - - default default] 199.19.213.191,10.0.0.66 "GET /v2.0/security-groups HTTP/1.1" status: 200 len: 14480 time: 0.0350316
2026-05-19 03:50:14.327 9 INFO neutron.db.ovn_revision_numbers_db [None req-9ed43652-3987-466b-82a3-cb8916bf72a6 ce236c34059d4d0babda12e0bbe32b2e 0e5e868812414428a8f6c3218fbd1854 - - default default] Successfully bumped revision number for resource 783811da-4d09-4ba6-b7fc-13cc4a50fdb3 (type: security_group_rules) to 0
2026-05-19 03:50:14.357 9 INFO neutron.wsgi [None req-9ed43652-3987-466b-82a3-cb8916bf72a6 ce236c34059d4d0babda12e0bbe32b2e 0e5e868812414428a8f6c3218fbd1854 - - default default] 199.19.213.191,10.0.0.66 "POST /v2.0/security-group-rules HTTP/1.1" status: 201 len: 745 time: 0.1555882
2026-05-19 03:50:15.283 9 INFO neutron.wsgi [None req-51d85024-a768-49aa-b2f7-9d13dc587b84 ce236c34059d4d0babda12e0bbe32b2e 0e5e868812414428a8f6c3218fbd1854 - - default default] 199.19.213.191,10.0.0.66 "GET /v2.0/security-groups?tenant_id=aa99a1b2c8464a0190733132f1fde0e0 HTTP/1.1" status: 200 len: 5093 time: 0.0685940
2026-05-19 03:50:15.346 9 INFO neutron.wsgi [None req-f0a1c242-cad8-4e15-acb1-cb7f171cf161 ce236c34059d4d0babda12e0bbe32b2e 0e5e868812414428a8f6c3218fbd1854 - - default default] 199.19.213.191,10.0.0.66 "GET /v2.0/security-groups HTTP/1.1" status: 200 len: 15058 time: 0.0502260
2026-05-19 03:50:15.475 9 INFO neutron.db.ovn_revision_numbers_db [None req-bccd6872-4cb5-4b5e-a978-c019dfa71745 ce236c34059d4d0babda12e0bbe32b2e 0e5e868812414428a8f6c3218fbd1854 - - default default] Successfully bumped revision number for resource 56b97dc3-8de4-48ce-a2ea-0eeb468030c0 (type: security_group_rules) to 0
2026-05-19 03:50:15.511 9 INFO neutron.wsgi [None req-bccd6872-4cb5-4b5e-a978-c019dfa71745 ce236c34059d4d0babda12e0bbe32b2e 0e5e868812414428a8f6c3218fbd1854 - - default default] 199.19.213.191,10.0.0.66 "POST /v2.0/security-group-rules HTTP/1.1" status: 201 len: 747 time: 0.1526856
2026-05-19 03:50:16.390 9 INFO neutron.wsgi [None req-2af18e1c-27ca-460b-af04-400186954b48 ce236c34059d4d0babda12e0bbe32b2e 0e5e868812414428a8f6c3218fbd1854 - - default default] 199.19.213.191,10.0.0.66 "GET /v2.0/security-groups?tenant_id=aa99a1b2c8464a0190733132f1fde0e0 HTTP/1.1" status: 200 len: 5673 time: 0.0668919
2026-05-19 03:50:16.504 9 INFO neutron.wsgi [None req-8d60cb02-3d1a-4667-9457-d636ac4df483 ce236c34059d4d0babda12e0bbe32b2e 0e5e868812414428a8f6c3218fbd1854 - - default default] 199.19.213.191,10.0.0.66 "GET /v2.0/security-groups HTTP/1.1" status: 200 len: 15638 time: 0.1061821
2026-05-19 03:50:16.638 9 INFO neutron.db.ovn_revision_numbers_db [None req-4b853eef-9f33-42a0-a087-283c24b9710f ce236c34059d4d0babda12e0bbe32b2e 0e5e868812414428a8f6c3218fbd1854 - - default default] Successfully bumped revision number for resource 965c9d11-978e-4755-91da-a20ca9e06366 (type: security_group_rules) to 0
2026-05-19 03:50:16.658 9 INFO neutron.wsgi [None req-4b853eef-9f33-42a0-a087-283c24b9710f ce236c34059d4d0babda12e0bbe32b2e 0e5e868812414428a8f6c3218fbd1854 - - default default] 199.19.213.191,10.0.0.66 "POST /v2.0/security-group-rules HTTP/1.1" status: 201 len: 749 time: 0.1401081
2026-05-19 03:50:17.794 9 INFO neutron.wsgi [None req-b89a4ff4-d9d2-4ae5-9545-e037a2c5f31a ce236c34059d4d0babda12e0bbe32b2e 0e5e868812414428a8f6c3218fbd1854 - - default default] 199.19.213.191,10.0.0.66 "GET /v2.0/security-groups?tenant_id=aa99a1b2c8464a0190733132f1fde0e0 HTTP/1.1" status: 200 len: 6255 time: 0.0795546
2026-05-19 03:50:17.856 9 INFO neutron.wsgi [None req-c599c34b-4f45-47b8-ab01-20e5a383cde4 ce236c34059d4d0babda12e0bbe32b2e 0e5e868812414428a8f6c3218fbd1854 - - default default] 199.19.213.191,10.0.0.66 "GET /v2.0/security-groups HTTP/1.1" status: 200 len: 16220 time: 0.0514483
2026-05-19 03:50:17.987 9 INFO neutron.db.ovn_revision_numbers_db [None req-5ca58584-bed1-4fac-aaf9-449ba38745c7 ce236c34059d4d0babda12e0bbe32b2e 0e5e868812414428a8f6c3218fbd1854 - - default default] Successfully bumped revision number for resource 424a8501-74cc-4391-ae08-65ebfd6bcda5 (type: security_group_rules) to 0
2026-05-19 03:50:18.008 9 INFO neutron.wsgi [None req-5ca58584-bed1-4fac-aaf9-449ba38745c7 ce236c34059d4d0babda12e0bbe32b2e 0e5e868812414428a8f6c3218fbd1854 - - default default] 199.19.213.191,10.0.0.66 "POST /v2.0/security-group-rules HTTP/1.1" status: 201 len: 750 time: 0.1409919
2026-05-19 03:50:28.716 10 INFO neutron.wsgi [-] 10.0.0.66 "GET / HTTP/1.1" status: 200 len: 247 time: 0.0019219
2026-05-19 03:50:28.717 9 INFO neutron.wsgi [-] 10.0.0.66 "GET / HTTP/1.1" status: 200 len: 247 time: 0.0025027
2026-05-19 03:50:43.717 10 INFO neutron.wsgi [-] 10.0.0.66 "GET / HTTP/1.1" status: 200 len: 247 time: 0.0027189
2026-05-19 03:50:43.717 9 INFO neutron.wsgi [-] 10.0.0.66 "GET / HTTP/1.1" status: 200 len: 247 time: 0.0032194
2026-05-19 03:50:58.714 9 INFO neutron.wsgi [-] 10.0.0.66 "GET / HTTP/1.1" status: 200 len: 247 time: 0.0015194
2026-05-19 03:50:58.716 10 INFO neutron.wsgi [-] 10.0.0.66 "GET / HTTP/1.1" status: 200 len: 247 time: 0.0030193
2026-05-19 03:51:13.716 10 INFO neutron.wsgi [-] 10.0.0.66 "GET / HTTP/1.1" status: 200 len: 247 time: 0.0026855
2026-05-19 03:51:13.718 10 INFO neutron.wsgi [-] 10.0.0.66 "GET / HTTP/1.1" status: 200 len: 247 time: 0.0012629
2026-05-19 03:51:28.720 10 INFO neutron.wsgi [-] 10.0.0.66 "GET / HTTP/1.1" status: 200 len: 247 time: 0.0014491
2026-05-19 03:51:28.720 9 INFO neutron.wsgi [-] 10.0.0.66 "GET / HTTP/1.1" status: 200 len: 247 time: 0.0017233
2026-05-19 03:51:43.716 10 INFO neutron.wsgi [-] 10.0.0.66 "GET / HTTP/1.1" status: 200 len: 247 time: 0.0024247
2026-05-19 03:51:43.716 9 INFO neutron.wsgi [-] 10.0.0.66 "GET / HTTP/1.1" status: 200 len: 247 time: 0.0026233
2026-05-19 03:51:58.716 9 INFO neutron.wsgi [-] 10.0.0.66 "GET / HTTP/1.1" status: 200 len: 247 time: 0.0024173
2026-05-19 03:51:58.718 10 INFO neutron.wsgi [-] 10.0.0.66 "GET / HTTP/1.1" status: 200 len: 247 time: 0.0031798
2026-05-19 03:52:13.716 10 INFO neutron.wsgi [-] 10.0.0.66 "GET / HTTP/1.1" status: 200 len: 247 time: 0.0022888
2026-05-19 03:52:13.716 9 INFO neutron.wsgi [-] 10.0.0.66 "GET / HTTP/1.1" status: 200 len: 247 time: 0.0024819
2026-05-19 03:52:26.916 9 INFO neutron.wsgi [None req-75c578e2-ed43-4533-949a-626bc8a8c79f 5be18693ff4e4004a2e2dcf10eadda90 aa99a1b2c8464a0190733132f1fde0e0 - - 90f575837326456b8ab9bf10c47d7749 90f575837326456b8ab9bf10c47d7749] 199.19.213.191 "GET /v2.0/networks?tenant_id=aa99a1b2c8464a0190733132f1fde0e0&shared=False HTTP/1.1" status: 200 len: 213 time: 0.1423571
2026-05-19 03:52:27.006 9 INFO neutron.db.segments_db [None req-9be49099-b11a-4485-89fc-df00b2bf40eb 5be18693ff4e4004a2e2dcf10eadda90 aa99a1b2c8464a0190733132f1fde0e0 - - 90f575837326456b8ab9bf10c47d7749 90f575837326456b8ab9bf10c47d7749] Added segment ee72e201-8975-4f46-b80c-c0ff26c51a5c of type geneve for network 49d85987-319b-4759-a6fd-c6fad2bf67cd
2026-05-19 03:52:27.223 9 INFO neutron.db.ovn_revision_numbers_db [None req-9be49099-b11a-4485-89fc-df00b2bf40eb 5be18693ff4e4004a2e2dcf10eadda90 aa99a1b2c8464a0190733132f1fde0e0 - - 90f575837326456b8ab9bf10c47d7749 90f575837326456b8ab9bf10c47d7749] Successfully bumped revision number for resource 49d85987-319b-4759-a6fd-c6fad2bf67cd (type: networks) to 1
2026-05-19 03:52:27.435 9 WARNING neutron.scheduler.dhcp_agent_scheduler [None req-9be49099-b11a-4485-89fc-df00b2bf40eb 5be18693ff4e4004a2e2dcf10eadda90 aa99a1b2c8464a0190733132f1fde0e0 - - 90f575837326456b8ab9bf10c47d7749 90f575837326456b8ab9bf10c47d7749] No more DHCP agents
