2026-05-19 04:12:23.034 9 INFO neutron.wsgi [req-a1e61bf1-9502-4500-8780-cd3898354b9d req-ba8e6cde-7ca5-45fe-a89d-2f85b2e51e51 d90ddc0e36f442ef969eeefc0e8a65a0 aa99a1b2c8464a0190733132f1fde0e0 - - 90f575837326456b8ab9bf10c47d7749 90f575837326456b8ab9bf10c47d7749] 199.19.213.191 "GET /v2.0/ports?network_id=98dae852-f3ce-46fd-a8d1-c0ad612959b4&device_owner=network%3Adhcp HTTP/1.1" status: 200 len: 210 time: 0.0217760
2026-05-19 04:12:23.070 10 INFO neutron.wsgi [None req-0d8912b8-a47c-4f11-a728-33084196edca ce236c34059d4d0babda12e0bbe32b2e 0e5e868812414428a8f6c3218fbd1854 - - default default] 10.0.0.53 "GET /v2.0/security-groups?tenant_id=8e777ff9261f48f2a30905d1e5aaa0b9&name=default HTTP/1.1" status: 200 len: 3000 time: 0.1545439
2026-05-19 04:12:23.115 9 INFO neutron.wsgi [req-a1e61bf1-9502-4500-8780-cd3898354b9d req-ff3dff19-e0d3-4a8d-bba3-c1914443bc97 d90ddc0e36f442ef969eeefc0e8a65a0 aa99a1b2c8464a0190733132f1fde0e0 - - 90f575837326456b8ab9bf10c47d7749 90f575837326456b8ab9bf10c47d7749] 199.19.213.191 "GET /v2.0/networks/98dae852-f3ce-46fd-a8d1-c0ad612959b4?fields=segments HTTP/1.1" status: 200 len: 212 time: 0.0732918
2026-05-19 04:12:23.181 9 INFO neutron.wsgi [req-a1e61bf1-9502-4500-8780-cd3898354b9d req-ea0d9cc1-97e0-4cbb-af97-211f82d65b45 d90ddc0e36f442ef969eeefc0e8a65a0 aa99a1b2c8464a0190733132f1fde0e0 - - 90f575837326456b8ab9bf10c47d7749 90f575837326456b8ab9bf10c47d7749] 199.19.213.191 "GET /v2.0/networks/98dae852-f3ce-46fd-a8d1-c0ad612959b4?fields=provider%3Aphysical_network&fields=provider%3Anetwork_type HTTP/1.1" status: 200 len: 277 time: 0.0572612
2026-05-19 04:12:23.264 9 INFO neutron.wsgi [req-382cd48c-fece-47b5-b7e2-de3807363982 req-24651077-4ea8-4627-a120-c2bd3aaa34e8 d90ddc0e36f442ef969eeefc0e8a65a0 aa99a1b2c8464a0190733132f1fde0e0 - - 90f575837326456b8ab9bf10c47d7749 90f575837326456b8ab9bf10c47d7749] 199.19.213.191 "GET /v2.0/ports?tenant_id=6ce31645df144dbfb651024788e1d91b&device_id=7f02b96f-f77c-46e6-be4f-e55b11f08202 HTTP/1.1" status: 200 len: 1450 time: 0.0358601
2026-05-19 04:12:23.291 10 INFO neutron.wsgi [None req-70134974-e25b-4e54-9a2e-c80c1d77332f ce236c34059d4d0babda12e0bbe32b2e 0e5e868812414428a8f6c3218fbd1854 - - default default] 10.0.0.53 "DELETE /v2.0/security-groups/f625178e-de9f-4d54-aaf9-598c6bf41427 HTTP/1.1" status: 204 len: 168 time: 0.2146699
2026-05-19 04:12:23.340 9 INFO neutron.wsgi [req-382cd48c-fece-47b5-b7e2-de3807363982 req-6ffcdb88-9c11-4e79-ae1f-3484cf93f770 d90ddc0e36f442ef969eeefc0e8a65a0 aa99a1b2c8464a0190733132f1fde0e0 - - 90f575837326456b8ab9bf10c47d7749 90f575837326456b8ab9bf10c47d7749] 199.19.213.191 "GET /v2.0/networks?id=98dae852-f3ce-46fd-a8d1-c0ad612959b4 HTTP/1.1" status: 200 len: 971 time: 0.0707636
2026-05-19 04:12:23.407 9 INFO neutron.wsgi [req-382cd48c-fece-47b5-b7e2-de3807363982 req-32b8a6df-050c-4a6b-b066-570a0a323c86 d90ddc0e36f442ef969eeefc0e8a65a0 aa99a1b2c8464a0190733132f1fde0e0 - - 90f575837326456b8ab9bf10c47d7749 90f575837326456b8ab9bf10c47d7749] 199.19.213.191 "GET /v2.0/floatingips?fixed_ip_address=10.100.0.12&port_id=c71e92e9-5017-4443-8fc7-4687893f185b HTTP/1.1" status: 200 len: 217 time: 0.0560796
2026-05-19 04:12:23.443 9 INFO neutron.wsgi [req-9f190652-dde2-454b-8b0e-ecbd82e0739a req-c6b9049e-4681-4790-a272-c374a6b4d41b d90ddc0e36f442ef969eeefc0e8a65a0 aa99a1b2c8464a0190733132f1fde0e0 - - 90f575837326456b8ab9bf10c47d7749 90f575837326456b8ab9bf10c47d7749] 199.19.213.191 "GET /v2.0/ports?device_id=7f02b96f-f77c-46e6-be4f-e55b11f08202 HTTP/1.1" status: 200 len: 1450 time: 0.0934103
2026-05-19 04:12:23.454 9 INFO neutron.wsgi [req-382cd48c-fece-47b5-b7e2-de3807363982 req-2d8aa1db-f464-4d64-8659-8db3e0281b05 d90ddc0e36f442ef969eeefc0e8a65a0 aa99a1b2c8464a0190733132f1fde0e0 - - 90f575837326456b8ab9bf10c47d7749 90f575837326456b8ab9bf10c47d7749] 199.19.213.191 "GET /v2.0/subnets?id=6eb9da7a-7859-4599-a631-333b7f9f56f4 HTTP/1.1" status: 200 len: 866 time: 0.0401316
2026-05-19 04:12:23.487 9 INFO neutron.wsgi [req-382cd48c-fece-47b5-b7e2-de3807363982 req-63ee4868-5bf1-458a-9a2c-d4c962ac00b4 d90ddc0e36f442ef969eeefc0e8a65a0 aa99a1b2c8464a0190733132f1fde0e0 - - 90f575837326456b8ab9bf10c47d7749 90f575837326456b8ab9bf10c47d7749] 199.19.213.191 "GET /v2.0/ports?network_id=98dae852-f3ce-46fd-a8d1-c0ad612959b4&device_owner=network%3Adhcp HTTP/1.1" status: 200 len: 210 time: 0.0286901
2026-05-19 04:12:23.541 9 INFO neutron.wsgi [req-9f190652-dde2-454b-8b0e-ecbd82e0739a req-ac18e4ec-b727-4746-9a08-f40d2271667b d90ddc0e36f442ef969eeefc0e8a65a0 aa99a1b2c8464a0190733132f1fde0e0 - - 90f575837326456b8ab9bf10c47d7749 90f575837326456b8ab9bf10c47d7749] 199.19.213.191 "GET /v2.0/security-groups?id=c1ddd749-cbc3-4aad-bf7e-0c55949a7f96&id=0431e2e7-3155-4f40-9a80-84c84e326408&fields=id&fields=name HTTP/1.1" status: 200 len: 406 time: 0.0934453
2026-05-19 04:12:23.545 10 INFO neutron.db.ovn_revision_numbers_db [None req-031381fe-892d-46cf-beb5-1c1ad4401552 ce236c34059d4d0babda12e0bbe32b2e 0e5e868812414428a8f6c3218fbd1854 - - default default] Successfully bumped revision number for resource 327d2df7-16c5-48d2-9f3a-3d1c78c186e8 (type: security_groups) to 1
2026-05-19 04:12:23.560 10 INFO neutron.db.ovn_revision_numbers_db [None req-031381fe-892d-46cf-beb5-1c1ad4401552 ce236c34059d4d0babda12e0bbe32b2e 0e5e868812414428a8f6c3218fbd1854 - - default default] Successfully bumped revision number for resource 070a7db4-8ea5-40f2-b91a-33f23260e78d (type: security_group_rules) to 0
2026-05-19 04:12:23.566 9 INFO neutron.wsgi [req-382cd48c-fece-47b5-b7e2-de3807363982 req-1cc457aa-7e69-44f3-a621-3eb28904af2d d90ddc0e36f442ef969eeefc0e8a65a0 aa99a1b2c8464a0190733132f1fde0e0 - - 90f575837326456b8ab9bf10c47d7749 90f575837326456b8ab9bf10c47d7749] 199.19.213.191 "GET /v2.0/networks/98dae852-f3ce-46fd-a8d1-c0ad612959b4?fields=segments HTTP/1.1" status: 200 len: 212 time: 0.0751193
2026-05-19 04:12:23.576 10 INFO neutron.db.ovn_revision_numbers_db [None req-031381fe-892d-46cf-beb5-1c1ad4401552 ce236c34059d4d0babda12e0bbe32b2e 0e5e868812414428a8f6c3218fbd1854 - - default default] Successfully bumped revision number for resource 4c92874a-4d61-48c3-be77-a305d10cf289 (type: security_group_rules) to 0
2026-05-19 04:12:23.592 10 INFO neutron.db.ovn_revision_numbers_db [None req-031381fe-892d-46cf-beb5-1c1ad4401552 ce236c34059d4d0babda12e0bbe32b2e 0e5e868812414428a8f6c3218fbd1854 - - default default] Successfully bumped revision number for resource 690bd682-47a8-43d7-b94e-41690a73f6c6 (type: security_group_rules) to 0
2026-05-19 04:12:23.609 10 INFO neutron.db.ovn_revision_numbers_db [None req-031381fe-892d-46cf-beb5-1c1ad4401552 ce236c34059d4d0babda12e0bbe32b2e 0e5e868812414428a8f6c3218fbd1854 - - default default] Successfully bumped revision number for resource cee8bacc-5cb1-48c0-9b84-83ad3dd9ccaf (type: security_group_rules) to 0
2026-05-19 04:12:23.645 10 INFO neutron.wsgi [None req-031381fe-892d-46cf-beb5-1c1ad4401552 ce236c34059d4d0babda12e0bbe32b2e 0e5e868812414428a8f6c3218fbd1854 - - default default] 10.0.0.53 "GET /v2.0/security-groups?tenant_id=54b51dc8faa04604a5b792647dd74cc5&name=default HTTP/1.1" status: 200 len: 3000 time: 0.2011571
2026-05-19 04:12:23.648 9 INFO neutron.wsgi [req-382cd48c-fece-47b5-b7e2-de3807363982 req-18e2af3a-7aaa-4bf5-9715-37e776ef0fbd d90ddc0e36f442ef969eeefc0e8a65a0 aa99a1b2c8464a0190733132f1fde0e0 - - 90f575837326456b8ab9bf10c47d7749 90f575837326456b8ab9bf10c47d7749] 199.19.213.191 "GET /v2.0/networks/98dae852-f3ce-46fd-a8d1-c0ad612959b4?fields=provider%3Aphysical_network&fields=provider%3Anetwork_type HTTP/1.1" status: 200 len: 277 time: 0.0637813
2026-05-19 04:12:23.685 9 INFO neutron.plugins.ml2.drivers.ovn.mech_driver.mech_driver [None req-8bac5458-4588-43bb-b5a9-3be57fee1436 - - - - - -] OVN reports status up for port: c71e92e9-5017-4443-8fc7-4687893f185b
2026-05-19 04:12:23.702 9 INFO neutron.plugins.ml2.plugin [None req-8bac5458-4588-43bb-b5a9-3be57fee1436 - - - - - -] Attempt 1 to provision port c71e92e9-5017-4443-8fc7-4687893f185b
2026-05-19 04:12:23.775 10 INFO neutron.wsgi [req-5d0f1d7a-8833-44da-8354-975c181a7e4b req-df222582-09d6-41fd-87d5-26832c8fc0df afb2cce48e1747bbbcbac1cccc295889 6ce31645df144dbfb651024788e1d91b - - default default] 10.0.0.80 "GET /v2.0/ports?device_id=7f02b96f-f77c-46e6-be4f-e55b11f08202 HTTP/1.1" status: 200 len: 1212 time: 0.0542769
2026-05-19 04:12:23.877 10 INFO neutron.wsgi [req-5d0f1d7a-8833-44da-8354-975c181a7e4b req-635fdd66-6e87-40e6-a41c-30b7837e0686 afb2cce48e1747bbbcbac1cccc295889 6ce31645df144dbfb651024788e1d91b - - default default] 10.0.0.80 "GET /v2.0/security-groups?id=0431e2e7-3155-4f40-9a80-84c84e326408&id=c1ddd749-cbc3-4aad-bf7e-0c55949a7f96&fields=id&fields=name HTTP/1.1" status: 200 len: 406 time: 0.0932326
2026-05-19 04:12:24.022 9 INFO neutron.wsgi [None req-85a2aa58-39af-4b98-9287-c08ddcca4300 ce236c34059d4d0babda12e0bbe32b2e 0e5e868812414428a8f6c3218fbd1854 - - default default] 10.0.0.53 "DELETE /v2.0/security-groups/327d2df7-16c5-48d2-9f3a-3d1c78c186e8 HTTP/1.1" status: 204 len: 168 time: 0.3705671
2026-05-19 04:12:24.042 9 INFO neutron.db.ovn_revision_numbers_db [None req-8bac5458-4588-43bb-b5a9-3be57fee1436 - - - - - -] Successfully bumped revision number for resource c71e92e9-5017-4443-8fc7-4687893f185b (type: ports) to 4
2026-05-19 04:12:24.933 9 INFO neutron.notifiers.nova [-] Nova event matching ['req-86dfafb2-9be3-4fbb-8878-0825ec98b123'] response: {'server_uuid': '7f02b96f-f77c-46e6-be4f-e55b11f08202', 'name': 'network-vif-plugged', 'status': 'completed', 'tag': 'c71e92e9-5017-4443-8fc7-4687893f185b', 'code': 200}
2026-05-19 04:12:24.933 9 INFO neutron.notifiers.nova [-] Nova event matching ['req-86dfafb2-9be3-4fbb-8878-0825ec98b123'] response: {'server_uuid': '7f02b96f-f77c-46e6-be4f-e55b11f08202', 'name': 'network-vif-plugged', 'status': 'completed', 'tag': 'c71e92e9-5017-4443-8fc7-4687893f185b', 'code': 200}
2026-05-19 04:12:25.051 10 INFO neutron.wsgi [req-e6cedc39-3577-4005-8ca0-defcafe37cc7 req-0ce7d5ff-4383-48d5-8ed1-84a2058a3b9f afb2cce48e1747bbbcbac1cccc295889 6ce31645df144dbfb651024788e1d91b - - default default] 10.0.0.80 "GET /v2.0/ports?device_id=7f02b96f-f77c-46e6-be4f-e55b11f08202 HTTP/1.1" status: 200 len: 1214 time: 0.1089380
2026-05-19 04:12:25.104 10 INFO neutron.wsgi [req-e6cedc39-3577-4005-8ca0-defcafe37cc7 req-699cf174-7b09-49f5-ada6-8ea5d6659d07 afb2cce48e1747bbbcbac1cccc295889 6ce31645df144dbfb651024788e1d91b - - default default] 10.0.0.80 "GET /v2.0/security-groups?id=0431e2e7-3155-4f40-9a80-84c84e326408&id=c1ddd749-cbc3-4aad-bf7e-0c55949a7f96&fields=id&fields=name HTTP/1.1" status: 200 len: 406 time: 0.0467124
2026-05-19 04:12:26.123 10 INFO neutron.db.ovn_revision_numbers_db [None req-f1327b2c-f265-401c-a6a2-4c3107f9bfbe d6300566806742269be41ae4ca95502d 56e9c094116c45d2ba6e49674a9aa21a - - default default] Successfully bumped revision number for resource fcbafb74-b368-400c-ba1d-5bc72cb09073 (type: security_groups) to 1
2026-05-19 04:12:26.141 10 INFO neutron.db.ovn_revision_numbers_db [None req-f1327b2c-f265-401c-a6a2-4c3107f9bfbe d6300566806742269be41ae4ca95502d 56e9c094116c45d2ba6e49674a9aa21a - - default default] Successfully bumped revision number for resource 40d7f2be-0de2-4974-93bb-ea348e88b858 (type: security_group_rules) to 0
2026-05-19 04:12:26.158 10 INFO neutron.db.ovn_revision_numbers_db [None req-f1327b2c-f265-401c-a6a2-4c3107f9bfbe d6300566806742269be41ae4ca95502d 56e9c094116c45d2ba6e49674a9aa21a - - default default] Successfully bumped revision number for resource 5c879562-3ec8-4e99-9fea-f126720bccc2 (type: security_group_rules) to 0
2026-05-19 04:12:26.173 10 INFO neutron.db.ovn_revision_numbers_db [None req-f1327b2c-f265-401c-a6a2-4c3107f9bfbe d6300566806742269be41ae4ca95502d 56e9c094116c45d2ba6e49674a9aa21a - - default default] Successfully bumped revision number for resource 806db90b-70f2-4a55-aed8-00e128632bdf (type: security_group_rules) to 0 /var/lib/openstack/lib/python3.10/site-packages/pycadf/identifier.py:71: UserWarning: Invalid uuid: neutron. To ensure interoperability, identifiers should be a valid uuid. warnings.warn(('Invalid uuid: %s. To ensure interoperability, '
2026-05-19 04:12:26.204 10 INFO neutron.db.ovn_revision_numbers_db [None req-f1327b2c-f265-401c-a6a2-4c3107f9bfbe d6300566806742269be41ae4ca95502d 56e9c094116c45d2ba6e49674a9aa21a - - default default] Successfully bumped revision number for resource aa4effd0-295d-4b08-987a-4c74e7a45d4b (type: security_group_rules) to 0
2026-05-19 04:12:26.215 9 INFO neutron.wsgi [req-d73ec5b9-b5f8-4ebd-9900-4874266962e4 req-5e7dc64a-59c0-44af-8b38-7e4d5569d189 afb2cce48e1747bbbcbac1cccc295889 6ce31645df144dbfb651024788e1d91b - - default default] 10.0.0.80 "GET /v2.0/ports?device_id=7f02b96f-f77c-46e6-be4f-e55b11f08202 HTTP/1.1" status: 200 len: 1214 time: 0.0371826
2026-05-19 04:12:26.258 10 INFO neutron.db.segments_db [None req-f1327b2c-f265-401c-a6a2-4c3107f9bfbe d6300566806742269be41ae4ca95502d 56e9c094116c45d2ba6e49674a9aa21a - - default default] Added segment f20ba3d8-9e52-48d3-8a90-1f0c47311c4c of type geneve for network 169f3094-2e30-4847-9970-1a8147442531
2026-05-19 04:12:26.266 9 INFO neutron.wsgi [req-d73ec5b9-b5f8-4ebd-9900-4874266962e4 req-e300d823-bd40-4fa2-b0e2-555c4fba44b1 afb2cce48e1747bbbcbac1cccc295889 6ce31645df144dbfb651024788e1d91b - - default default] 10.0.0.80 "GET /v2.0/security-groups?id=0431e2e7-3155-4f40-9a80-84c84e326408&id=c1ddd749-cbc3-4aad-bf7e-0c55949a7f96&fields=id&fields=name HTTP/1.1" status: 200 len: 406 time: 0.0440640
2026-05-19 04:12:26.407 10 INFO neutron.wsgi [req-4223e79a-391e-4de4-9855-164c5c52417d req-b60ba2ee-6f6e-4de8-9d26-8f81f55974f8 afb2cce48e1747bbbcbac1cccc295889 6ce31645df144dbfb651024788e1d91b - - default default] 10.0.0.80 "GET /v2.0/ports?device_id=7f02b96f-f77c-46e6-be4f-e55b11f08202 HTTP/1.1" status: 200 len: 1214 time: 0.0751359
2026-05-19 04:12:26.442 10 INFO neutron.db.ovn_revision_numbers_db [None req-f1327b2c-f265-401c-a6a2-4c3107f9bfbe d6300566806742269be41ae4ca95502d 56e9c094116c45d2ba6e49674a9aa21a - - default default] Successfully bumped revision number for resource 169f3094-2e30-4847-9970-1a8147442531 (type: networks) to 1
2026-05-19 04:12:26.633 10 WARNING neutron.scheduler.dhcp_agent_scheduler [None req-f1327b2c-f265-401c-a6a2-4c3107f9bfbe d6300566806742269be41ae4ca95502d 56e9c094116c45d2ba6e49674a9aa21a - - default default] No more DHCP agents
2026-05-19 04:12:26.636 10 WARNING neutron.api.rpc.agentnotifiers.dhcp_rpc_agent_api [None req-f1327b2c-f265-401c-a6a2-4c3107f9bfbe d6300566806742269be41ae4ca95502d 56e9c094116c45d2ba6e49674a9aa21a - - default default] Unable to schedule network 169f3094-2e30-4847-9970-1a8147442531: no agents available; will retry on subsequent port and subnet creation events.
2026-05-19 04:12:26.709 9 INFO neutron.db.l3_db [None req-1e9c200e-7f10-4bd0-bfde-bce17c2ab071 afb2cce48e1747bbbcbac1cccc295889 6ce31645df144dbfb651024788e1d91b - - default default] Floating IP a50458a7-eca2-45e3-8afa-9c9c28625a56 associated. External IP: 10.96.250.219, port: c71e92e9-5017-4443-8fc7-4687893f185b.
2026-05-19 04:12:26.740 10 INFO neutron.db.ovn_revision_numbers_db [None req-f1327b2c-f265-401c-a6a2-4c3107f9bfbe d6300566806742269be41ae4ca95502d 56e9c094116c45d2ba6e49674a9aa21a - - default default] Successfully bumped revision number for resource 64e4b25b-04ae-4cc6-a897-8e9c394690e5 (type: ports) to 1
2026-05-19 04:12:26.763 10 INFO neutron.wsgi [None req-f1327b2c-f265-401c-a6a2-4c3107f9bfbe d6300566806742269be41ae4ca95502d 56e9c094116c45d2ba6e49674a9aa21a - - default default] 10.0.0.53 "POST /v2.0/networks HTTP/1.1" status: 201 len: 831 time: 0.9517009
2026-05-19 04:12:26.901 9 INFO neutron.db.ovn_revision_numbers_db [None req-1e9c200e-7f10-4bd0-bfde-bce17c2ab071 afb2cce48e1747bbbcbac1cccc295889 6ce31645df144dbfb651024788e1d91b - - default default] Successfully bumped revision number for resource a50458a7-eca2-45e3-8afa-9c9c28625a56 (type: floatingips) to 1
2026-05-19 04:12:27.018 9 INFO neutron.db.ovn_revision_numbers_db [None req-1e9c200e-7f10-4bd0-bfde-bce17c2ab071 afb2cce48e1747bbbcbac1cccc295889 6ce31645df144dbfb651024788e1d91b - - default default] Successfully bumped revision number for resource a50458a7-eca2-45e3-8afa-9c9c28625a56 (type: floatingips) to 2
2026-05-19 04:12:27.041 9 INFO neutron.wsgi [None req-1e9c200e-7f10-4bd0-bfde-bce17c2ab071 afb2cce48e1747bbbcbac1cccc295889 6ce31645df144dbfb651024788e1d91b - - default default] 10.0.0.53 "PUT /v2.0/floatingips/a50458a7-eca2-45e3-8afa-9c9c28625a56 HTTP/1.1" status: 200 len: 1050 time: 0.6188982
2026-05-19 04:12:27.049 10 WARNING neutron.scheduler.dhcp_agent_scheduler [None req-366d97c0-314f-40dd-9ddb-ad74c1aafde2 d6300566806742269be41ae4ca95502d 56e9c094116c45d2ba6e49674a9aa21a - - default default] No more DHCP agents
2026-05-19 04:12:27.052 10 WARNING neutron.api.rpc.agentnotifiers.dhcp_rpc_agent_api [None req-366d97c0-314f-40dd-9ddb-ad74c1aafde2 d6300566806742269be41ae4ca95502d 56e9c094116c45d2ba6e49674a9aa21a - - default default] Unable to schedule network 169f3094-2e30-4847-9970-1a8147442531: no agents available; will retry on subsequent port and subnet creation events.
2026-05-19 04:12:27.085 9 INFO neutron.notifiers.nova [-] Nova event matching ['req-1f0e5fc9-314b-4976-97d7-9432b0f6f3c7'] response: {'name': 'network-changed', 'server_uuid': '7f02b96f-f77c-46e6-be4f-e55b11f08202', 'tag': 'c71e92e9-5017-4443-8fc7-4687893f185b', 'status': 'completed', 'code': 200}
2026-05-19 04:12:27.144 9 INFO neutron.wsgi [req-4b14e58f-0b52-41c0-ace8-a1ae237b74c3 req-042f2a25-6074-44ad-b922-a915b9bab9cf d90ddc0e36f442ef969eeefc0e8a65a0 aa99a1b2c8464a0190733132f1fde0e0 - - 90f575837326456b8ab9bf10c47d7749 90f575837326456b8ab9bf10c47d7749] 199.19.213.191 "GET /v2.0/ports?tenant_id=6ce31645df144dbfb651024788e1d91b&device_id=7f02b96f-f77c-46e6-be4f-e55b11f08202 HTTP/1.1" status: 200 len: 1452 time: 0.0437083
2026-05-19 04:12:27.216 9 INFO neutron.wsgi [req-4b14e58f-0b52-41c0-ace8-a1ae237b74c3 req-67feee80-bd88-4691-9fe2-384eb3e319b0 d90ddc0e36f442ef969eeefc0e8a65a0 aa99a1b2c8464a0190733132f1fde0e0 - - 90f575837326456b8ab9bf10c47d7749 90f575837326456b8ab9bf10c47d7749] 199.19.213.191 "GET /v2.0/networks?id=98dae852-f3ce-46fd-a8d1-c0ad612959b4 HTTP/1.1" status: 200 len: 971 time: 0.0674028
2026-05-19 04:12:27.264 9 INFO neutron.wsgi [req-4b14e58f-0b52-41c0-ace8-a1ae237b74c3 req-389dcf49-2bf9-4e84-9476-d7aada9e979f d90ddc0e36f442ef969eeefc0e8a65a0 aa99a1b2c8464a0190733132f1fde0e0 - - 90f575837326456b8ab9bf10c47d7749 90f575837326456b8ab9bf10c47d7749] 199.19.213.191 "GET /v2.0/floatingips?fixed_ip_address=10.100.0.12&port_id=c71e92e9-5017-4443-8fc7-4687893f185b HTTP/1.1" status: 200 len: 1060 time: 0.0405064
2026-05-19 04:12:27.508 10 INFO neutron.db.ovn_revision_numbers_db [None req-366d97c0-314f-40dd-9ddb-ad74c1aafde2 d6300566806742269be41ae4ca95502d 56e9c094116c45d2ba6e49674a9aa21a - - default default] Successfully bumped revision number for resource 61673cc3-b2bd-4bf5-9e06-880c397cee2d (type: ports) to 1
2026-05-19 04:12:27.530 10 INFO neutron.wsgi [None req-366d97c0-314f-40dd-9ddb-ad74c1aafde2 d6300566806742269be41ae4ca95502d 56e9c094116c45d2ba6e49674a9aa21a - - default default] 10.0.0.53 "POST /v2.0/ports HTTP/1.1" status: 201 len: 942 time: 0.7596319 /var/lib/openstack/lib/python3.10/site-packages/pycadf/identifier.py:71: UserWarning: Invalid uuid: neutron. To ensure interoperability, identifiers should be a valid uuid. warnings.warn(('Invalid uuid: %s. To ensure interoperability, '
2026-05-19 04:12:27.652 9 INFO neutron.wsgi [req-4b14e58f-0b52-41c0-ace8-a1ae237b74c3 req-9eb09fdf-291e-4b9c-95d3-896a24f19aab d90ddc0e36f442ef969eeefc0e8a65a0 aa99a1b2c8464a0190733132f1fde0e0 - - 90f575837326456b8ab9bf10c47d7749 90f575837326456b8ab9bf10c47d7749] 199.19.213.191 "GET /v2.0/subnets?id=6eb9da7a-7859-4599-a631-333b7f9f56f4 HTTP/1.1" status: 200 len: 866 time: 0.3816047
2026-05-19 04:12:27.677 9 INFO neutron.wsgi [req-4b14e58f-0b52-41c0-ace8-a1ae237b74c3 req-4eba7f6d-5742-4fe4-b4ed-4ada529deffa d90ddc0e36f442ef969eeefc0e8a65a0 aa99a1b2c8464a0190733132f1fde0e0 - - 90f575837326456b8ab9bf10c47d7749 90f575837326456b8ab9bf10c47d7749] 199.19.213.191 "GET /v2.0/ports?network_id=98dae852-f3ce-46fd-a8d1-c0ad612959b4&device_owner=network%3Adhcp HTTP/1.1" status: 200 len: 210 time: 0.0190902
2026-05-19 04:12:27.682 10 INFO neutron.wsgi [None req-724f200c-22b5-486f-9786-d1ba53c80746 3f3277d160844035a5b52234469a089b 1214cc0501f04b8e8dbb6d0a05a1ed5a - - default default] 10.0.0.53 "POST /v2.0/qos/policies HTTP/1.1" status: 201 len: 558 time: 0.2322092
2026-05-19 04:12:27.727 10 INFO neutron.wsgi [None req-d8218efb-5418-4df0-a89d-4521ab250ced 3f3277d160844035a5b52234469a089b 1214cc0501f04b8e8dbb6d0a05a1ed5a - - default default] 10.0.0.53 "PUT /v2.0/policies/c50e053b-2464-439e-90ae-7eff738e0f4b/tags HTTP/1.1" status: 200 len: 218 time: 0.0334768
2026-05-19 04:12:27.745 10 INFO neutron.wsgi [None req-3b33fcf1-dc6e-4adf-a260-799189668d4b d6300566806742269be41ae4ca95502d 56e9c094116c45d2ba6e49674a9aa21a - - default default] 10.0.0.53 "POST /v2.0/trunks HTTP/1.1" status: 201 len: 608 time: 0.2101731
2026-05-19 04:12:27.752 9 INFO neutron.wsgi [None req-a63bcd6d-4a66-4f1b-a38b-f4bbd066ee53 3f3277d160844035a5b52234469a089b 1214cc0501f04b8e8dbb6d0a05a1ed5a - - default default] 10.0.0.53 "GET /v2.0/policies/c50e053b-2464-439e-90ae-7eff738e0f4b/tags HTTP/1.1" status: 200 len: 218 time: 0.0193806
2026-05-19 04:12:27.770 9 INFO neutron.wsgi [req-4b14e58f-0b52-41c0-ace8-a1ae237b74c3 req-763af144-ffc2-455e-8524-eed3ffbacaeb d90ddc0e36f442ef969eeefc0e8a65a0 aa99a1b2c8464a0190733132f1fde0e0 - - 90f575837326456b8ab9bf10c47d7749 90f575837326456b8ab9bf10c47d7749] 199.19.213.191 "GET /v2.0/networks/98dae852-f3ce-46fd-a8d1-c0ad612959b4?fields=segments HTTP/1.1" status: 200 len: 212 time: 0.0786667
2026-05-19 04:12:27.775 10 INFO neutron.wsgi [None req-22cd5652-8841-4795-b6df-631b52b511d3 d6300566806742269be41ae4ca95502d 56e9c094116c45d2ba6e49674a9aa21a - - default default] 10.0.0.53 "PUT /v2.0/trunks/2e3b7085-db17-46c5-9b6e-aa0472b5df11/tags HTTP/1.1" status: 200 len: 218 time: 0.0242493
2026-05-19 04:12:27.789 9 INFO neutron.wsgi [None req-3235061c-e18e-4adc-9608-0766facfe2e5 3f3277d160844035a5b52234469a089b 1214cc0501f04b8e8dbb6d0a05a1ed5a - - default default] 10.0.0.53 "PUT /v2.0/policies/c50e053b-2464-439e-90ae-7eff738e0f4b/tags/green HTTP/1.1" status: 201 len: 201 time: 0.0334570
2026-05-19 04:12:27.794 10 INFO neutron.wsgi [None req-061cba2e-35e2-4805-a153-e1a73fe033f0 d6300566806742269be41ae4ca95502d 56e9c094116c45d2ba6e49674a9aa21a - - default default] 10.0.0.53 "GET /v2.0/trunks/2e3b7085-db17-46c5-9b6e-aa0472b5df11/tags HTTP/1.1" status: 200 len: 218 time: 0.0141804
2026-05-19 04:12:27.817 9 INFO neutron.wsgi [None req-53929ff4-a18f-4d17-bd50-b069ca4926fa 3f3277d160844035a5b52234469a089b 1214cc0501f04b8e8dbb6d0a05a1ed5a - - default default] 10.0.0.53 "GET /v2.0/policies/c50e053b-2464-439e-90ae-7eff738e0f4b/tags HTTP/1.1" status: 200 len: 227 time: 0.0230312
2026-05-19 04:12:27.822 10 INFO neutron.wsgi [None req-e2f4377c-4dfa-40fd-8422-7a081d1bfed7 d6300566806742269be41ae4ca95502d 56e9c094116c45d2ba6e49674a9aa21a - - default default] 10.0.0.53 "PUT /v2.0/trunks/2e3b7085-db17-46c5-9b6e-aa0472b5df11/tags/green HTTP/1.1" status: 201 len: 201 time: 0.0243475
2026-05-19 04:12:27.837 10 INFO neutron.wsgi [None req-ec4d1974-ee51-46c5-81c0-840cbf355134 3f3277d160844035a5b52234469a089b 1214cc0501f04b8e8dbb6d0a05a1ed5a - - default default] 10.0.0.53 "PUT /v2.0/policies/c50e053b-2464-439e-90ae-7eff738e0f4b/tags/red HTTP/1.1" status: 201 len: 201 time: 0.0127296
2026-05-19 04:12:27.846 9 INFO neutron.wsgi [None req-63da914d-a61d-4c21-836d-114d38790a44 d6300566806742269be41ae4ca95502d 56e9c094116c45d2ba6e49674a9aa21a - - default default] 10.0.0.53 "GET /v2.0/trunks/2e3b7085-db17-46c5-9b6e-aa0472b5df11/tags HTTP/1.1" status: 200 len: 227 time: 0.0193858
2026-05-19 04:12:27.848 9 INFO neutron.wsgi [req-4b14e58f-0b52-41c0-ace8-a1ae237b74c3 req-ee439e59-65e8-49cc-8dde-803ad22b8213 d90ddc0e36f442ef969eeefc0e8a65a0 aa99a1b2c8464a0190733132f1fde0e0 - - 90f575837326456b8ab9bf10c47d7749 90f575837326456b8ab9bf10c47d7749] 199.19.213.191 "GET /v2.0/networks/98dae852-f3ce-46fd-a8d1-c0ad612959b4?fields=provider%3Aphysical_network&fields=provider%3Anetwork_type HTTP/1.1" status: 200 len: 277 time: 0.0692794
2026-05-19 04:12:27.853 10 INFO neutron.wsgi [None req-bc08cd2e-f05c-4044-9525-804d75a11aa2 3f3277d160844035a5b52234469a089b 1214cc0501f04b8e8dbb6d0a05a1ed5a - - default default] 10.0.0.53 "GET /v2.0/policies/c50e053b-2464-439e-90ae-7eff738e0f4b/tags HTTP/1.1" status: 200 len: 227 time: 0.0119748
2026-05-19 04:12:27.868 9 INFO neutron.wsgi [None req-d17e7df4-ad7a-4ad2-afba-e4d793f974e7 d6300566806742269be41ae4ca95502d 56e9c094116c45d2ba6e49674a9aa21a - - default default] 10.0.0.53 "PUT /v2.0/trunks/2e3b7085-db17-46c5-9b6e-aa0472b5df11/tags/red HTTP/1.1" status: 201 len: 201 time: 0.0183861
2026-05-19 04:12:27.882 10 INFO neutron.wsgi [None req-57b72906-b968-4c1a-b226-68d9a4ae4af7 3f3277d160844035a5b52234469a089b 1214cc0501f04b8e8dbb6d0a05a1ed5a - - default default] 10.0.0.53 "PUT /v2.0/policies/c50e053b-2464-439e-90ae-7eff738e0f4b/tags/black.or.white HTTP/1.1" status: 201 len: 201 time: 0.0262759
2026-05-19 04:12:27.887 10 INFO neutron.wsgi [None req-a00bf6eb-317a-4771-a3f9-9553cfb4c1a6 d6300566806742269be41ae4ca95502d 56e9c094116c45d2ba6e49674a9aa21a - - default default] 10.0.0.53 "GET /v2.0/trunks/2e3b7085-db17-46c5-9b6e-aa0472b5df11/tags HTTP/1.1" status: 200 len: 227 time: 0.0138128
2026-05-19 04:12:27.902 9 INFO neutron.wsgi [None req-9607e087-3871-4c43-9b99-68a5d71392a6 3f3277d160844035a5b52234469a089b 1214cc0501f04b8e8dbb6d0a05a1ed5a - - default default] 10.0.0.53 "GET /v2.0/policies/c50e053b-2464-439e-90ae-7eff738e0f4b/tags HTTP/1.1" status: 200 len: 245 time: 0.0162802
2026-05-19 04:12:27.916 10 INFO neutron.wsgi [None req-e2564aed-8753-4c30-91f5-90e7af134ac0 d6300566806742269be41ae4ca95502d 56e9c094116c45d2ba6e49674a9aa21a - - default default] 10.0.0.53 "PUT /v2.0/trunks/2e3b7085-db17-46c5-9b6e-aa0472b5df11/tags/black.or.white HTTP/1.1" status: 201 len: 201 time: 0.0260208
2026-05-19 04:12:27.935 10 INFO neutron.wsgi [None req-3a11d0c5-5d86-4fa6-aacd-55b64f5d3038 d6300566806742269be41ae4ca95502d 56e9c094116c45d2ba6e49674a9aa21a - - default default] 10.0.0.53 "GET /v2.0/trunks/2e3b7085-db17-46c5-9b6e-aa0472b5df11/tags HTTP/1.1" status: 200 len: 245 time: 0.0136111
2026-05-19 04:12:27.942 9 INFO neutron.wsgi [None req-9e86ac8d-fc7b-481a-82a1-1bc0aaa50fc9 3f3277d160844035a5b52234469a089b 1214cc0501f04b8e8dbb6d0a05a1ed5a - - default default] 10.0.0.53 "PUT /v2.0/policies/c50e053b-2464-439e-90ae-7eff738e0f4b/tags HTTP/1.1" status: 200 len: 230 time: 0.0351093
2026-05-19 04:12:27.963 10 INFO neutron.wsgi [None req-29b810ad-355d-4015-9c1c-e30de8257f4b d6300566806742269be41ae4ca95502d 56e9c094116c45d2ba6e49674a9aa21a - - default default] 10.0.0.53 "PUT /v2.0/trunks/2e3b7085-db17-46c5-9b6e-aa0472b5df11/tags HTTP/1.1" status: 200 len: 230 time: 0.0231130
2026-05-19 04:12:27.965 9 INFO neutron.wsgi [None req-c563462d-7813-49f9-be6e-9fd2b0d96815 3f3277d160844035a5b52234469a089b 1214cc0501f04b8e8dbb6d0a05a1ed5a - - default default] 10.0.0.53 "GET /v2.0/policies/c50e053b-2464-439e-90ae-7eff738e0f4b/tags HTTP/1.1" status: 200 len: 230 time: 0.0175467
2026-05-19 04:12:27.985 10 INFO neutron.wsgi [None req-bb23be0d-8ae6-43cd-984b-a587cb712847 3f3277d160844035a5b52234469a089b 1214cc0501f04b8e8dbb6d0a05a1ed5a - - default default] 10.0.0.53 "GET /v2.0/policies/c50e053b-2464-439e-90ae-7eff738e0f4b/tags/red HTTP/1.1" status: 204 len: 168 time: 0.0147665
2026-05-19 04:12:27.991 9 INFO neutron.wsgi [None req-53187fc2-9e66-4aa8-8dbe-d179e27a62da d6300566806742269be41ae4ca95502d 56e9c094116c45d2ba6e49674a9aa21a - - default default] 10.0.0.53 "GET /v2.0/trunks/2e3b7085-db17-46c5-9b6e-aa0472b5df11/tags HTTP/1.1" status: 200 len: 230 time: 0.0201864
2026-05-19 04:12:28.002 10 INFO neutron.api.v2.resource [None req-8352cd6f-8976-4cec-8a1d-1f0610aeb570 3f3277d160844035a5b52234469a089b 1214cc0501f04b8e8dbb6d0a05a1ed5a - - default default] show failed (client error): The resource could not be found.
2026-05-19 04:12:28.003 10 INFO neutron.wsgi [None req-8352cd6f-8976-4cec-8a1d-1f0610aeb570 3f3277d160844035a5b52234469a089b 1214cc0501f04b8e8dbb6d0a05a1ed5a - - default default] 10.0.0.53 "GET /v2.0/policies/c50e053b-2464-439e-90ae-7eff738e0f4b/tags/green HTTP/1.1" status: 404 len: 299 time: 0.0129850
2026-05-19 04:12:28.011 9 INFO neutron.wsgi [None req-c0e2731a-a721-4969-ab00-e222bcc63a0b d6300566806742269be41ae4ca95502d 56e9c094116c45d2ba6e49674a9aa21a - - default default] 10.0.0.53 "GET /v2.0/trunks/2e3b7085-db17-46c5-9b6e-aa0472b5df11/tags/red HTTP/1.1" status: 204 len: 168 time: 0.0162890
2026-05-19 04:12:28.031 10 INFO neutron.api.v2.resource [None req-8023234d-3d05-4f7a-a0c7-6831c7c47acb d6300566806742269be41ae4ca95502d 56e9c094116c45d2ba6e49674a9aa21a - - default default] show failed (client error): The resource could not be found.
2026-05-19 04:12:28.032 10 INFO neutron.wsgi [None req-8023234d-3d05-4f7a-a0c7-6831c7c47acb d6300566806742269be41ae4ca95502d 56e9c094116c45d2ba6e49674a9aa21a - - default default] 10.0.0.53 "GET /v2.0/trunks/2e3b7085-db17-46c5-9b6e-aa0472b5df11/tags/green HTTP/1.1" status: 404 len: 299 time: 0.0177124
2026-05-19 04:12:28.044 10 INFO neutron.wsgi [None req-c38acee1-b8dc-475a-9410-38ee827204ac 3f3277d160844035a5b52234469a089b 1214cc0501f04b8e8dbb6d0a05a1ed5a - - default default] 10.0.0.53 "DELETE /v2.0/policies/c50e053b-2464-439e-90ae-7eff738e0f4b/tags/red HTTP/1.1" status: 204 len: 168 time: 0.0348842
2026-05-19 04:12:28.064 10 INFO neutron.wsgi [None req-ab9ec286-a73d-4431-91ca-c6553fe737bc d6300566806742269be41ae4ca95502d 56e9c094116c45d2ba6e49674a9aa21a - - default default] 10.0.0.53 "DELETE /v2.0/trunks/2e3b7085-db17-46c5-9b6e-aa0472b5df11/tags/red HTTP/1.1" status: 204 len: 168 time: 0.0267174
2026-05-19 04:12:28.069 9 INFO neutron.wsgi [None req-128a55ea-ebf5-4db1-aeeb-44824857c555 3f3277d160844035a5b52234469a089b 1214cc0501f04b8e8dbb6d0a05a1ed5a - - default default] 10.0.0.53 "GET /v2.0/policies/c50e053b-2464-439e-90ae-7eff738e0f4b/tags HTTP/1.1" status: 200 len: 223 time: 0.0218136
2026-05-19 04:12:28.084 10 INFO neutron.wsgi [None req-4e38f833-b572-4af0-b281-6b4e409a45aa d6300566806742269be41ae4ca95502d 56e9c094116c45d2ba6e49674a9aa21a - - default default] 10.0.0.53 "GET /v2.0/trunks/2e3b7085-db17-46c5-9b6e-aa0472b5df11/tags HTTP/1.1" status: 200 len: 223 time: 0.0145609
2026-05-19 04:12:28.092 9 INFO neutron.api.v2.resource [None req-9e6db768-e74f-4469-9615-ac4936875faa 3f3277d160844035a5b52234469a089b 1214cc0501f04b8e8dbb6d0a05a1ed5a - - default default] delete failed (client error): The resource could not be found.
2026-05-19 04:12:28.094 9 INFO neutron.wsgi [None req-9e6db768-e74f-4469-9615-ac4936875faa 3f3277d160844035a5b52234469a089b 1214cc0501f04b8e8dbb6d0a05a1ed5a - - default default] 10.0.0.53 "DELETE /v2.0/policies/c50e053b-2464-439e-90ae-7eff738e0f4b/tags/green HTTP/1.1" status: 404 len: 299 time: 0.0215023
2026-05-19 04:12:28.104 10 INFO neutron.api.v2.resource [None req-2e38f4ef-5f09-4192-a31b-9d638b11def1 d6300566806742269be41ae4ca95502d 56e9c094116c45d2ba6e49674a9aa21a - - default default] delete failed (client error): The resource could not be found.
2026-05-19 04:12:28.105 10 INFO neutron.wsgi [None req-2e38f4ef-5f09-4192-a31b-9d638b11def1 d6300566806742269be41ae4ca95502d 56e9c094116c45d2ba6e49674a9aa21a - - default default] 10.0.0.53 "DELETE /v2.0/trunks/2e3b7085-db17-46c5-9b6e-aa0472b5df11/tags/green HTTP/1.1" status: 404 len: 299 time: 0.0169225
2026-05-19 04:12:28.127 9 INFO neutron.wsgi [None req-e1a4d117-01da-4338-ba17-e164908f200f 3f3277d160844035a5b52234469a089b 1214cc0501f04b8e8dbb6d0a05a1ed5a - - default default] 10.0.0.53 "DELETE /v2.0/policies/c50e053b-2464-439e-90ae-7eff738e0f4b/tags HTTP/1.1" status: 204 len: 168 time: 0.0284500
2026-05-19 04:12:28.139 10 INFO neutron.wsgi [None req-e8e7ffaa-3fc9-4aa0-8ce2-c9255f8561bd d6300566806742269be41ae4ca95502d 56e9c094116c45d2ba6e49674a9aa21a - - default default] 10.0.0.53 "DELETE /v2.0/trunks/2e3b7085-db17-46c5-9b6e-aa0472b5df11/tags HTTP/1.1" status: 204 len: 168 time: 0.0305624
2026-05-19 04:12:28.144 10 INFO neutron.wsgi [None req-29b6427a-5ff1-4b7f-b916-641f17e41a99 3f3277d160844035a5b52234469a089b 1214cc0501f04b8e8dbb6d0a05a1ed5a - - default default] 10.0.0.53 "GET /v2.0/policies/c50e053b-2464-439e-90ae-7eff738e0f4b/tags HTTP/1.1" status: 200 len: 205 time: 0.0134604
2026-05-19 04:12:28.168 9 INFO neutron.wsgi [None req-2312bbe3-8f8b-4a93-b974-46fce14bbdfe d6300566806742269be41ae4ca95502d 56e9c094116c45d2ba6e49674a9aa21a - - default default] 10.0.0.53 "GET /v2.0/trunks/2e3b7085-db17-46c5-9b6e-aa0472b5df11/tags HTTP/1.1" status: 200 len: 205 time: 0.0193086
2026-05-19 04:12:28.208 10 INFO neutron.wsgi [None req-ffd0f6e1-e4f1-449d-8ff0-9a15ed97b45f d6300566806742269be41ae4ca95502d 56e9c094116c45d2ba6e49674a9aa21a - - default default] 10.0.0.53 "GET /v2.0/trunks/2e3b7085-db17-46c5-9b6e-aa0472b5df11 HTTP/1.1" status: 200 len: 603 time: 0.0267456
2026-05-19 04:12:28.235 10 INFO neutron.wsgi [None req-9163083e-c609-47ee-8a2b-bcb44f345f3e 3f3277d160844035a5b52234469a089b 1214cc0501f04b8e8dbb6d0a05a1ed5a - - default default] 10.0.0.53 "DELETE /v2.0/qos/policies/c50e053b-2464-439e-90ae-7eff738e0f4b HTTP/1.1" status: 204 len: 168 time: 0.0839002
2026-05-19 04:12:28.308 9 INFO neutron.wsgi [None req-2133c0bf-0fa4-46c7-a659-73b1ca07c88e d6300566806742269be41ae4ca95502d 56e9c094116c45d2ba6e49674a9aa21a - - default default] 10.0.0.53 "GET /v2.0/ports/61673cc3-b2bd-4bf5-9e06-880c397cee2d HTTP/1.1" status: 200 len: 1020 time: 0.0934553
2026-05-19 04:12:28.395 9 INFO neutron.wsgi [None req-21f267ae-fe2c-460c-84fd-1d62ea38abfa d6300566806742269be41ae4ca95502d 56e9c094116c45d2ba6e49674a9aa21a - - default default] 10.0.0.53 "DELETE /v2.0/trunks/2e3b7085-db17-46c5-9b6e-aa0472b5df11 HTTP/1.1" status: 204 len: 168 time: 0.0814416
2026-05-19 04:12:28.661 9 INFO neutron.wsgi [None req-b8984606-f9a7-4dc3-9ca5-6ee9ef39a0ea d6300566806742269be41ae4ca95502d 56e9c094116c45d2ba6e49674a9aa21a - - default default] 10.0.0.53 "DELETE /v2.0/ports/61673cc3-b2bd-4bf5-9e06-880c397cee2d HTTP/1.1" status: 204 len: 168 time: 0.2598605
2026-05-19 04:12:28.715 9 INFO neutron.wsgi [-] 10.0.0.66 "GET / HTTP/1.1" status: 200 len: 247 time: 0.0022089
2026-05-19 04:12:28.719 9 INFO neutron.wsgi [-] 10.0.0.66 "GET / HTTP/1.1" status: 200 len: 247 time: 0.0021658
2026-05-19 04:12:29.061 9 INFO neutron.services.segments.plugin [-] Segment f20ba3d8-9e52-48d3-8a90-1f0c47311c4c resource provider aggregate not found
2026-05-19 04:12:29.066 9 INFO neutron.services.segments.plugin [-] Segment f20ba3d8-9e52-48d3-8a90-1f0c47311c4c resource provider aggregate not found
2026-05-19 04:12:29.081 9 INFO neutron.services.segments.plugin [-] Segment f20ba3d8-9e52-48d3-8a90-1f0c47311c4c resource provider not found; error: Placement Client Error (4xx): {"errors": [{"status": 404, "title": "Not Found", "detail": "The resource could not be found.\n\n No resource provider with uuid f20ba3d8-9e52-48d3-8a90-1f0c47311c4c found for delete ", "request_id": "req-f184e446-3717-40ce-9345-9cd55bc93b17"}]}
2026-05-19 04:12:29.082 9 INFO neutron.services.segments.plugin [-] Segment f20ba3d8-9e52-48d3-8a90-1f0c47311c4c resource provider not found; error: Placement Client Error (4xx): {"errors": [{"status": 404, "title": "Not Found", "detail": "The resource could not be found.\n\n No resource provider with uuid f20ba3d8-9e52-48d3-8a90-1f0c47311c4c found for delete ", "request_id": "req-06797251-1bc6-47cd-a792-65e836a1850b"}]}
2026-05-19 04:12:29.106 9 INFO neutron.wsgi [None req-2d89f751-60b8-4aa2-b20d-7e1d0c6c05d6 d6300566806742269be41ae4ca95502d 56e9c094116c45d2ba6e49674a9aa21a - - default default] 10.0.0.53 "DELETE /v2.0/networks/169f3094-2e30-4847-9970-1a8147442531 HTTP/1.1" status: 204 len: 168 time: 0.4409921
2026-05-19 04:12:29.226 9 INFO neutron.db.ovn_revision_numbers_db [None req-d9d5e16d-1933-41f5-8bb2-9354cf34027b ce236c34059d4d0babda12e0bbe32b2e 0e5e868812414428a8f6c3218fbd1854 - - default default] Successfully bumped revision number for resource eb6e1b75-3eea-4f3f-a1a6-562773a6ca2f (type: security_groups) to 1
2026-05-19 04:12:29.239 9 INFO neutron.db.ovn_revision_numbers_db [None req-d9d5e16d-1933-41f5-8bb2-9354cf34027b ce236c34059d4d0babda12e0bbe32b2e 0e5e868812414428a8f6c3218fbd1854 - - default default] Successfully bumped revision number for resource 21ab3fcc-ccc7-4997-962c-7c037a43c280 (type: security_group_rules) to 0
2026-05-19 04:12:29.253 9 INFO neutron.db.ovn_revision_numbers_db [None req-d9d5e16d-1933-41f5-8bb2-9354cf34027b ce236c34059d4d0babda12e0bbe32b2e 0e5e868812414428a8f6c3218fbd1854 - - default default] Successfully bumped revision number for resource 37ace49d-8e6f-4e36-8d2c-ef8942c5af3e (type: security_group_rules) to 0
2026-05-19 04:12:29.269 9 INFO neutron.db.ovn_revision_numbers_db [None req-d9d5e16d-1933-41f5-8bb2-9354cf34027b ce236c34059d4d0babda12e0bbe32b2e 0e5e868812414428a8f6c3218fbd1854 - - default default] Successfully bumped revision number for resource 489a291c-5d81-4e3d-8fba-1b16a13fccee (type: security_group_rules) to 0
2026-05-19 04:12:29.283 9 INFO neutron.db.ovn_revision_numbers_db [None req-d9d5e16d-1933-41f5-8bb2-9354cf34027b ce236c34059d4d0babda12e0bbe32b2e 0e5e868812414428a8f6c3218fbd1854 - - default default] Successfully bumped revision number for resource 6bbe30b1-4550-4919-94a6-e3bc06f0cbc8 (type: security_group_rules) to 0
2026-05-19 04:12:29.308 9 INFO neutron.wsgi [None req-d9d5e16d-1933-41f5-8bb2-9354cf34027b ce236c34059d4d0babda12e0bbe32b2e 0e5e868812414428a8f6c3218fbd1854 - - default default] 10.0.0.53 "GET /v2.0/security-groups?tenant_id=1214cc0501f04b8e8dbb6d0a05a1ed5a&name=default HTTP/1.1" status: 200 len: 3000 time: 0.3145945
2026-05-19 04:12:29.507 9 INFO neutron.wsgi [None req-619d9f43-f5d8-4e53-b13a-2d4fe8d0f8e8 ce236c34059d4d0babda12e0bbe32b2e 0e5e868812414428a8f6c3218fbd1854 - - default default] 10.0.0.53 "DELETE /v2.0/security-groups/eb6e1b75-3eea-4f3f-a1a6-562773a6ca2f HTTP/1.1" status: 204 len: 168 time: 0.1909206
2026-05-19 04:12:29.819 10 INFO neutron.db.ovn_revision_numbers_db [None req-c272fabb-3026-421e-bf09-c9aad57c0392 ce236c34059d4d0babda12e0bbe32b2e 0e5e868812414428a8f6c3218fbd1854 - - default default] Successfully bumped revision number for resource 32ca0fa9-40b9-4ec1-bdfe-c58151deadd8 (type: security_groups) to 1
2026-05-19 04:12:29.832 10 INFO neutron.db.ovn_revision_numbers_db [None req-c272fabb-3026-421e-bf09-c9aad57c0392 ce236c34059d4d0babda12e0bbe32b2e 0e5e868812414428a8f6c3218fbd1854 - - default default] Successfully bumped revision number for resource 00eaa001-55a5-471e-95d3-eef8456a1f03 (type: security_group_rules) to 0
2026-05-19 04:12:29.847 10 INFO neutron.db.ovn_revision_numbers_db [None req-c272fabb-3026-421e-bf09-c9aad57c0392 ce236c34059d4d0babda12e0bbe32b2e 0e5e868812414428a8f6c3218fbd1854 - - default default] Successfully bumped revision number for resource 6cdc85a4-f371-4798-abb0-01438529d919 (type: security_group_rules) to 0
2026-05-19 04:12:29.862 10 INFO neutron.db.ovn_revision_numbers_db [None req-c272fabb-3026-421e-bf09-c9aad57c0392 ce236c34059d4d0babda12e0bbe32b2e 0e5e868812414428a8f6c3218fbd1854 - - default default] Successfully bumped revision number for resource b5ca4979-ebf8-4526-a136-0d0eb85dea63 (type: security_group_rules) to 0
2026-05-19 04:12:29.878 10 INFO neutron.db.ovn_revision_numbers_db [None req-c272fabb-3026-421e-bf09-c9aad57c0392 ce236c34059d4d0babda12e0bbe32b2e 0e5e868812414428a8f6c3218fbd1854 - - default default] Successfully bumped revision number for resource f6ef60c4-060a-4670-bc50-f5fc6c251c4c (type: security_group_rules) to 0
2026-05-19 04:12:29.913 10 INFO neutron.wsgi [None req-c272fabb-3026-421e-bf09-c9aad57c0392 ce236c34059d4d0babda12e0bbe32b2e 0e5e868812414428a8f6c3218fbd1854 - - default default] 10.0.0.53 "GET /v2.0/security-groups?tenant_id=8f2ff7136a5e4d5683a1273cff727ff6&name=default HTTP/1.1" status: 200 len: 3000 time: 0.2106063
2026-05-19 04:12:30.039 9 INFO neutron.db.ovn_revision_numbers_db [None req-d84302b8-d5cf-4f19-97db-850549844bfd ce236c34059d4d0babda12e0bbe32b2e 0e5e868812414428a8f6c3218fbd1854 - - default default] Successfully bumped revision number for resource 747725d6-e0cd-4a4f-9b9f-dd19e2a64bcb (type: security_groups) to 1
2026-05-19 04:12:30.055 9 INFO neutron.db.ovn_revision_numbers_db [None req-d84302b8-d5cf-4f19-97db-850549844bfd ce236c34059d4d0babda12e0bbe32b2e 0e5e868812414428a8f6c3218fbd1854 - - default default] Successfully bumped revision number for resource 185ae076-1f85-4198-8dfe-40a632cdf7bc (type: security_group_rules) to 0
2026-05-19 04:12:30.070 9 INFO neutron.db.ovn_revision_numbers_db [None req-d84302b8-d5cf-4f19-97db-850549844bfd ce236c34059d4d0babda12e0bbe32b2e 0e5e868812414428a8f6c3218fbd1854 - - default default] Successfully bumped revision number for resource 1d128685-06c1-4e2c-885a-ad425a2573f3 (type: security_group_rules) to 0
2026-05-19 04:12:30.091 9 INFO neutron.db.ovn_revision_numbers_db [None req-d84302b8-d5cf-4f19-97db-850549844bfd ce236c34059d4d0babda12e0bbe32b2e 0e5e868812414428a8f6c3218fbd1854 - - default default] Successfully bumped revision number for resource 883b97a5-fd55-4bd6-b1bd-b03211682c00 (type: security_group_rules) to 0
2026-05-19 04:12:30.106 9 INFO neutron.db.ovn_revision_numbers_db [None req-d84302b8-d5cf-4f19-97db-850549844bfd ce236c34059d4d0babda12e0bbe32b2e 0e5e868812414428a8f6c3218fbd1854 - - default default] Successfully bumped revision number for resource f389d742-06a1-4599-92c4-020ed66d26b9 (type: security_group_rules) to 0
2026-05-19 04:12:30.131 9 INFO neutron.wsgi [None req-d84302b8-d5cf-4f19-97db-850549844bfd ce236c34059d4d0babda12e0bbe32b2e 0e5e868812414428a8f6c3218fbd1854 - - default default] 10.0.0.53 "GET /v2.0/security-groups?tenant_id=cd9cc513d9ea43589030869289bda921&name=default HTTP/1.1" status: 200 len: 3000 time: 0.3701625
2026-05-19 04:12:30.143 10 INFO neutron.wsgi [None req-18f75e17-4ca1-4dee-b7af-561f09dd66d5 ce236c34059d4d0babda12e0bbe32b2e 0e5e868812414428a8f6c3218fbd1854 - - default default] 10.0.0.53 "DELETE /v2.0/security-groups/32ca0fa9-40b9-4ec1-bdfe-c58151deadd8 HTTP/1.1" status: 204 len: 168 time: 0.2236202
2026-05-19 04:12:30.349 9 INFO neutron.wsgi [None req-e75c144e-48cc-4f73-8dab-0694d132ee22 ce236c34059d4d0babda12e0bbe32b2e 0e5e868812414428a8f6c3218fbd1854 - - default default] 10.0.0.53 "DELETE /v2.0/security-groups/747725d6-e0cd-4a4f-9b9f-dd19e2a64bcb HTTP/1.1" status: 204 len: 168 time: 0.2090061
2026-05-19 04:12:30.562 9 INFO neutron.wsgi [None req-bd7f389d-5a75-46b1-9ba7-6d65fc9f7a0d ce236c34059d4d0babda12e0bbe32b2e 0e5e868812414428a8f6c3218fbd1854 - - default default] 10.0.0.53 "GET /v2.0/security-groups?tenant_id=56e9c094116c45d2ba6e49674a9aa21a&name=default HTTP/1.1" status: 200 len: 3000 time: 0.0382385
2026-05-19 04:12:30.801 9 INFO neutron.wsgi [None req-b3e79981-819a-492e-8ee7-ece87f9a034d ce236c34059d4d0babda12e0bbe32b2e 0e5e868812414428a8f6c3218fbd1854 - - default default] 10.0.0.53 "DELETE /v2.0/security-groups/fcbafb74-b368-400c-ba1d-5bc72cb09073 HTTP/1.1" status: 204 len: 168 time: 0.2347293
2026-05-19 04:12:33.594 9 INFO neutron.wsgi [None req-acdaaf60-4c57-4c4e-b565-cdb13da2937a bcad407d264f4d61baddb6e8c31b9bb6 280762c932ca4e648d81f4c3f502ece6 - - default default] 10.0.0.53 "POST /v2.0/subnetpools HTTP/1.1" status: 201 len: 715 time: 0.2234125
2026-05-19 04:12:33.635 9 INFO neutron.wsgi [None req-36ad9c88-1fcf-456f-8ace-ae3d955fbc23 bcad407d264f4d61baddb6e8c31b9bb6 280762c932ca4e648d81f4c3f502ece6 - - default default] 10.0.0.53 "PUT /v2.0/subnetpools/82e063b3-a05c-49de-a55c-1dca4914af8e/tags HTTP/1.1" status: 200 len: 218 time: 0.0342739
2026-05-19 04:12:33.660 9 INFO neutron.wsgi [None req-56853214-24ab-41a3-8b9f-48195f14a2f7 bcad407d264f4d61baddb6e8c31b9bb6 280762c932ca4e648d81f4c3f502ece6 - - default default] 10.0.0.53 "GET /v2.0/subnetpools/82e063b3-a05c-49de-a55c-1dca4914af8e/tags HTTP/1.1" status: 200 len: 218 time: 0.0197330
2026-05-19 04:12:33.696 9 INFO neutron.wsgi [None req-5364e240-4d90-4e01-84bf-af258086917a bcad407d264f4d61baddb6e8c31b9bb6 280762c932ca4e648d81f4c3f502ece6 - - default default] 10.0.0.53 "PUT /v2.0/subnetpools/82e063b3-a05c-49de-a55c-1dca4914af8e/tags/green HTTP/1.1" status: 201 len: 201 time: 0.0322030
2026-05-19 04:12:33.720 9 INFO neutron.wsgi [None req-b0185320-5693-483f-88fd-127eb8f20c6b bcad407d264f4d61baddb6e8c31b9bb6 280762c932ca4e648d81f4c3f502ece6 - - default default] 10.0.0.53 "GET /v2.0/subnetpools/82e063b3-a05c-49de-a55c-1dca4914af8e/tags HTTP/1.1" status: 200 len: 227 time: 0.0194111
2026-05-19 04:12:33.754 9 INFO neutron.wsgi [None req-55e4baca-b1b9-4843-bea1-67e957d8df56 bcad407d264f4d61baddb6e8c31b9bb6 280762c932ca4e648d81f4c3f502ece6 - - default default] 10.0.0.53 "PUT /v2.0/subnetpools/82e063b3-a05c-49de-a55c-1dca4914af8e/tags/red HTTP/1.1" status: 201 len: 201 time: 0.0277369
2026-05-19 04:12:33.778 9 INFO neutron.wsgi [None req-2231b6b6-84df-4a2d-8c6b-7ebea6174c26 bcad407d264f4d61baddb6e8c31b9bb6 280762c932ca4e648d81f4c3f502ece6 - - default default] 10.0.0.53 "GET /v2.0/subnetpools/82e063b3-a05c-49de-a55c-1dca4914af8e/tags HTTP/1.1" status: 200 len: 227 time: 0.0187900
2026-05-19 04:12:33.817 9 INFO neutron.wsgi [None req-b0e6512b-6da5-48c8-938a-af177a3614db bcad407d264f4d61baddb6e8c31b9bb6 280762c932ca4e648d81f4c3f502ece6 - - default default] 10.0.0.53 "PUT /v2.0/subnetpools/82e063b3-a05c-49de-a55c-1dca4914af8e/tags/black.or.white HTTP/1.1" status: 201 len: 201 time: 0.0329852
2026-05-19 04:12:33.848 9 INFO neutron.wsgi [None req-05380c82-d28b-4db6-b59d-2b6c02418ec6 bcad407d264f4d61baddb6e8c31b9bb6 280762c932ca4e648d81f4c3f502ece6 - - default default] 10.0.0.53 "GET /v2.0/subnetpools/82e063b3-a05c-49de-a55c-1dca4914af8e/tags HTTP/1.1" status: 200 len: 245 time: 0.0263617
2026-05-19 04:12:33.907 9 INFO neutron.wsgi [None req-386af399-c735-4d95-889a-4e06d7379aad bcad407d264f4d61baddb6e8c31b9bb6 280762c932ca4e648d81f4c3f502ece6 - - default default] 10.0.0.53 "PUT /v2.0/subnetpools/82e063b3-a05c-49de-a55c-1dca4914af8e/tags HTTP/1.1" status: 200 len: 230 time: 0.0488749
2026-05-19 04:12:33.931 9 INFO neutron.wsgi [None req-54b5525b-b231-49ba-9b35-51a0f63bd07a bcad407d264f4d61baddb6e8c31b9bb6 280762c932ca4e648d81f4c3f502ece6 - - default default] 10.0.0.53 "GET /v2.0/subnetpools/82e063b3-a05c-49de-a55c-1dca4914af8e/tags HTTP/1.1" status: 200 len: 230 time: 0.0168433
2026-05-19 04:12:33.953 9 INFO neutron.wsgi [None req-9379dd31-0980-48ab-b904-58209874e7a7 bcad407d264f4d61baddb6e8c31b9bb6 280762c932ca4e648d81f4c3f502ece6 - - default default] 10.0.0.53 "GET /v2.0/subnetpools/82e063b3-a05c-49de-a55c-1dca4914af8e/tags/red HTTP/1.1" status: 204 len: 168 time: 0.0170383
2026-05-19 04:12:33.973 9 INFO neutron.api.v2.resource [None req-af4d4649-f09d-4d42-a391-5bc1187a9577 bcad407d264f4d61baddb6e8c31b9bb6 280762c932ca4e648d81f4c3f502ece6 - - default default] show failed (client error): The resource could not be found.
2026-05-19 04:12:33.974 9 INFO neutron.wsgi [None req-af4d4649-f09d-4d42-a391-5bc1187a9577 bcad407d264f4d61baddb6e8c31b9bb6 280762c932ca4e648d81f4c3f502ece6 - - default default] 10.0.0.53 "GET /v2.0/subnetpools/82e063b3-a05c-49de-a55c-1dca4914af8e/tags/green HTTP/1.1" status: 404 len: 299 time: 0.0156698
2026-05-19 04:12:34.011 9 INFO neutron.wsgi [None req-2ea3bda1-7ea5-4c13-a382-7abea23079e3 bcad407d264f4d61baddb6e8c31b9bb6 280762c932ca4e648d81f4c3f502ece6 - - default default] 10.0.0.53 "DELETE /v2.0/subnetpools/82e063b3-a05c-49de-a55c-1dca4914af8e/tags/red HTTP/1.1" status: 204 len: 168 time: 0.0327613
2026-05-19 04:12:34.030 9 INFO neutron.wsgi [None req-1eb8bce7-8b80-44ae-9ca3-e18a27222117 bcad407d264f4d61baddb6e8c31b9bb6 280762c932ca4e648d81f4c3f502ece6 - - default default] 10.0.0.53 "GET /v2.0/subnetpools/82e063b3-a05c-49de-a55c-1dca4914af8e/tags HTTP/1.1" status: 200 len: 223 time: 0.0156515
2026-05-19 04:12:34.055 9 INFO neutron.api.v2.resource [None req-0bb1c0bf-0044-4cae-b277-a618af2a3839 bcad407d264f4d61baddb6e8c31b9bb6 280762c932ca4e648d81f4c3f502ece6 - - default default] delete failed (client error): The resource could not be found.
2026-05-19 04:12:34.056 9 INFO neutron.wsgi [None req-0bb1c0bf-0044-4cae-b277-a618af2a3839 bcad407d264f4d61baddb6e8c31b9bb6 280762c932ca4e648d81f4c3f502ece6 - - default default] 10.0.0.53 "DELETE /v2.0/subnetpools/82e063b3-a05c-49de-a55c-1dca4914af8e/tags/green HTTP/1.1" status: 404 len: 299 time: 0.0215721
2026-05-19 04:12:34.089 9 INFO neutron.wsgi [None req-7b13fc3a-c09f-4d62-91b9-8d52605bce0e bcad407d264f4d61baddb6e8c31b9bb6 280762c932ca4e648d81f4c3f502ece6 - - default default] 10.0.0.53 "DELETE /v2.0/subnetpools/82e063b3-a05c-49de-a55c-1dca4914af8e/tags HTTP/1.1" status: 204 len: 168 time: 0.0285678
2026-05-19 04:12:34.110 9 INFO neutron.wsgi [None req-b58eaba0-772c-4a5c-81ab-d3d5bc3928ef bcad407d264f4d61baddb6e8c31b9bb6 280762c932ca4e648d81f4c3f502ece6 - - default default] 10.0.0.53 "GET /v2.0/subnetpools/82e063b3-a05c-49de-a55c-1dca4914af8e/tags HTTP/1.1" status: 200 len: 205 time: 0.0164766
2026-05-19 04:12:34.184 9 INFO neutron.wsgi [None req-e4e2600e-cb83-4a16-9bd5-b8eff611d2aa bcad407d264f4d61baddb6e8c31b9bb6 280762c932ca4e648d81f4c3f502ece6 - - default default] 10.0.0.53 "DELETE /v2.0/subnetpools/82e063b3-a05c-49de-a55c-1dca4914af8e HTTP/1.1" status: 204 len: 168 time: 0.0631089
2026-05-19 04:12:35.072 10 INFO neutron.db.ovn_revision_numbers_db [None req-27311757-cfd6-4b34-9aa4-6e18ef793f19 ce236c34059d4d0babda12e0bbe32b2e 0e5e868812414428a8f6c3218fbd1854 - - default default] Successfully bumped revision number for resource f4454d4f-14b9-4736-8da1-872bbb6b24f8 (type: security_groups) to 1
