2026-05-19 04:10:12.214 10 WARNING neutron.api.rpc.agentnotifiers.dhcp_rpc_agent_api [None req-5403d618-2039-4853-9842-fd047e000837 2dae6f47700e4fac9bbd1e6549bb6ea0 27022b2b3d2e468bb6c5a783ccb59144 - - default default] Unable to schedule network 72a7804d-b28c-4654-9505-77a086dc33f2: no agents available; will retry on subsequent port and subnet creation events.
2026-05-19 04:10:12.229 10 INFO neutron.db.ovn_revision_numbers_db [None req-da0fe23d-d311-42c9-b18e-c7209e974d9e ce236c34059d4d0babda12e0bbe32b2e 0e5e868812414428a8f6c3218fbd1854 - - default default] Successfully bumped revision number for resource 3c8fa444-30df-4991-8180-d59d589142c2 (type: security_group_rules) to 0
2026-05-19 04:10:12.264 10 INFO neutron.db.ovn_revision_numbers_db [None req-da0fe23d-d311-42c9-b18e-c7209e974d9e ce236c34059d4d0babda12e0bbe32b2e 0e5e868812414428a8f6c3218fbd1854 - - default default] Successfully bumped revision number for resource b39fb7e5-e32d-48ea-bae0-ac5cff480c6e (type: security_group_rules) to 0
2026-05-19 04:10:12.293 10 INFO neutron.wsgi [None req-59cc67cf-8a7f-4303-8927-0ebb34bac5a5 f7bff2d98cd44eb9ab5aab0e5c8cd9d9 6ec4a20037234889aaa8db98c43181b3 - - default default] 10.0.0.53 "DELETE /v2.0/ports/ae3971d4-d175-40d2-9248-3541437a5294 HTTP/1.1" status: 204 len: 168 time: 0.3605874
2026-05-19 04:10:12.299 10 INFO neutron.db.ovn_revision_numbers_db [None req-da0fe23d-d311-42c9-b18e-c7209e974d9e ce236c34059d4d0babda12e0bbe32b2e 0e5e868812414428a8f6c3218fbd1854 - - default default] Successfully bumped revision number for resource d8f2ec21-b0e1-461f-87d2-a2945eddd3f0 (type: security_group_rules) to 0
2026-05-19 04:10:12.323 10 INFO neutron.db.ovn_revision_numbers_db [None req-da0fe23d-d311-42c9-b18e-c7209e974d9e ce236c34059d4d0babda12e0bbe32b2e 0e5e868812414428a8f6c3218fbd1854 - - default default] Successfully bumped revision number for resource df72025f-84dd-4f37-9da8-04c1496f6ffb (type: security_group_rules) to 0
2026-05-19 04:10:12.346 10 INFO neutron.db.ovn_revision_numbers_db [None req-5403d618-2039-4853-9842-fd047e000837 2dae6f47700e4fac9bbd1e6549bb6ea0 27022b2b3d2e468bb6c5a783ccb59144 - - default default] Successfully bumped revision number for resource fa2dfebe-b080-431b-8342-b6b07f11476f (type: ports) to 1
2026-05-19 04:10:12.371 10 INFO neutron.wsgi [None req-da0fe23d-d311-42c9-b18e-c7209e974d9e ce236c34059d4d0babda12e0bbe32b2e 0e5e868812414428a8f6c3218fbd1854 - - default default] 10.0.0.53 "GET /v2.0/security-groups?tenant_id=1e76f44310334d9ba2d7f2a85d1f1fc5&name=default HTTP/1.1" status: 200 len: 2996 time: 0.4908423
2026-05-19 04:10:12.385 10 INFO neutron.wsgi [None req-5403d618-2039-4853-9842-fd047e000837 2dae6f47700e4fac9bbd1e6549bb6ea0 27022b2b3d2e468bb6c5a783ccb59144 - - default default] 10.0.0.53 "POST /v2.0/networks HTTP/1.1" status: 201 len: 848 time: 1.1486535
2026-05-19 04:10:12.564 10 INFO neutron.wsgi [None req-7d33706e-d0f0-4ccb-84c3-4b54f8a581c9 ce236c34059d4d0babda12e0bbe32b2e 0e5e868812414428a8f6c3218fbd1854 - - default default] 10.0.0.53 "DELETE /v2.0/security-groups/f93c26f1-67f6-416a-aba9-2c28c24e1323 HTTP/1.1" status: 204 len: 168 time: 0.1877873
2026-05-19 04:10:12.753 9 WARNING neutron.scheduler.dhcp_agent_scheduler [None req-c186d4bd-fca2-47d2-857e-f9ed0d4e19d8 2dae6f47700e4fac9bbd1e6549bb6ea0 27022b2b3d2e468bb6c5a783ccb59144 - - default default] No more DHCP agents
2026-05-19 04:10:12.759 9 WARNING neutron.api.rpc.agentnotifiers.dhcp_rpc_agent_api [None req-c186d4bd-fca2-47d2-857e-f9ed0d4e19d8 2dae6f47700e4fac9bbd1e6549bb6ea0 27022b2b3d2e468bb6c5a783ccb59144 - - default default] Unable to schedule network 72a7804d-b28c-4654-9505-77a086dc33f2: no agents available; will retry on subsequent port and subnet creation events.
2026-05-19 04:10:12.800 9 INFO neutron.db.ovn_revision_numbers_db [None req-c186d4bd-fca2-47d2-857e-f9ed0d4e19d8 2dae6f47700e4fac9bbd1e6549bb6ea0 27022b2b3d2e468bb6c5a783ccb59144 - - default default] Successfully bumped revision number for resource e1c70075-ba55-4431-800d-2b7cdc0150e4 (type: subnets) to 0
2026-05-19 04:10:12.855 9 INFO neutron.services.segments.plugin [-] Segment 65708f70-9002-4303-9a37-af1dfe35cfe9 resource provider aggregate not found
2026-05-19 04:10:12.863 9 INFO neutron.services.segments.plugin [-] Segment 65708f70-9002-4303-9a37-af1dfe35cfe9 resource provider aggregate not found
2026-05-19 04:10:12.882 9 INFO neutron.wsgi [None req-c186d4bd-fca2-47d2-857e-f9ed0d4e19d8 2dae6f47700e4fac9bbd1e6549bb6ea0 27022b2b3d2e468bb6c5a783ccb59144 - - default default] 10.0.0.53 "POST /v2.0/subnets HTTP/1.1" status: 201 len: 802 time: 0.4907639
2026-05-19 04:10:12.891 9 INFO neutron.services.segments.plugin [-] Segment 65708f70-9002-4303-9a37-af1dfe35cfe9 resource provider not found; error: Placement Client Error (4xx): {"errors": [{"status": 404, "title": "Not Found", "detail": "The resource could not be found.\n\n No resource provider with uuid 65708f70-9002-4303-9a37-af1dfe35cfe9 found for delete ", "request_id": "req-75f56018-b0d1-4ee0-b01e-4912edfe0ff4"}]}
2026-05-19 04:10:12.916 9 INFO neutron.services.segments.plugin [-] Segment 65708f70-9002-4303-9a37-af1dfe35cfe9 resource provider not found; error: Placement Client Error (4xx): {"errors": [{"status": 404, "title": "Not Found", "detail": "The resource could not be found.\n\n No resource provider with uuid 65708f70-9002-4303-9a37-af1dfe35cfe9 found for delete ", "request_id": "req-e9d76571-5a27-4a90-9467-e0c319d42f0b"}]}
2026-05-19 04:10:12.960 9 INFO neutron.wsgi [None req-5b65304d-161c-4f50-aa4b-7decd7bc7f75 f7bff2d98cd44eb9ab5aab0e5c8cd9d9 6ec4a20037234889aaa8db98c43181b3 - - default default] 10.0.0.53 "DELETE /v2.0/networks/d3cb295f-617d-4acc-8d86-dfd826f83cd2 HTTP/1.1" status: 204 len: 168 time: 0.6403339
2026-05-19 04:10:12.994 10 INFO neutron.db.ovn_revision_numbers_db [None req-a65cc689-319e-472d-9dc5-27e6771dcc58 ce236c34059d4d0babda12e0bbe32b2e 0e5e868812414428a8f6c3218fbd1854 - - default default] Successfully bumped revision number for resource df4e0d09-5f1f-4961-8967-91b293162a40 (type: security_groups) to 1
2026-05-19 04:10:13.013 10 INFO neutron.db.ovn_revision_numbers_db [None req-a65cc689-319e-472d-9dc5-27e6771dcc58 ce236c34059d4d0babda12e0bbe32b2e 0e5e868812414428a8f6c3218fbd1854 - - default default] Successfully bumped revision number for resource 139f5f81-9305-42b1-af0e-c334bb1c5f93 (type: security_group_rules) to 0
2026-05-19 04:10:13.033 10 INFO neutron.db.ovn_revision_numbers_db [None req-a65cc689-319e-472d-9dc5-27e6771dcc58 ce236c34059d4d0babda12e0bbe32b2e 0e5e868812414428a8f6c3218fbd1854 - - default default] Successfully bumped revision number for resource 49cf78b9-1628-4bba-9f58-56840d1e27cf (type: security_group_rules) to 0
2026-05-19 04:10:13.047 10 INFO neutron.db.ovn_revision_numbers_db [None req-a65cc689-319e-472d-9dc5-27e6771dcc58 ce236c34059d4d0babda12e0bbe32b2e 0e5e868812414428a8f6c3218fbd1854 - - default default] Successfully bumped revision number for resource 6f1b4a6d-1c7d-4571-9fed-2ea62ef0b74b (type: security_group_rules) to 0
2026-05-19 04:10:13.060 10 INFO neutron.db.ovn_revision_numbers_db [None req-a65cc689-319e-472d-9dc5-27e6771dcc58 ce236c34059d4d0babda12e0bbe32b2e 0e5e868812414428a8f6c3218fbd1854 - - default default] Successfully bumped revision number for resource 95cfdc1d-4047-4221-9ed6-d2435ba4d1fa (type: security_group_rules) to 0
2026-05-19 04:10:13.094 10 INFO neutron.wsgi [None req-a65cc689-319e-472d-9dc5-27e6771dcc58 ce236c34059d4d0babda12e0bbe32b2e 0e5e868812414428a8f6c3218fbd1854 - - default default] 10.0.0.53 "GET /v2.0/security-groups?tenant_id=2bd49bc206584769b4391f7e6b74a3af&name=default HTTP/1.1" status: 200 len: 2996 time: 0.3139911
2026-05-19 04:10:13.309 10 INFO neutron.wsgi [None req-13b9bef1-b94a-4472-b4d8-d33854bdb517 ce236c34059d4d0babda12e0bbe32b2e 0e5e868812414428a8f6c3218fbd1854 - - default default] 10.0.0.53 "DELETE /v2.0/security-groups/df4e0d09-5f1f-4961-8967-91b293162a40 HTTP/1.1" status: 204 len: 168 time: 0.2103212
2026-05-19 04:10:13.480 9 WARNING neutron.scheduler.dhcp_agent_scheduler [None req-f109504e-f44c-4da0-b9f0-f0a275a33dc4 2dae6f47700e4fac9bbd1e6549bb6ea0 27022b2b3d2e468bb6c5a783ccb59144 - - default default] No more DHCP agents
2026-05-19 04:10:13.483 9 WARNING neutron.api.rpc.agentnotifiers.dhcp_rpc_agent_api [None req-f109504e-f44c-4da0-b9f0-f0a275a33dc4 2dae6f47700e4fac9bbd1e6549bb6ea0 27022b2b3d2e468bb6c5a783ccb59144 - - default default] Unable to schedule network e18f6192-7bae-4335-85f7-38be0ae35f75: no agents available; will retry on subsequent port and subnet creation events.
2026-05-19 04:10:13.707 9 INFO neutron.db.ovn_revision_numbers_db [None req-f109504e-f44c-4da0-b9f0-f0a275a33dc4 2dae6f47700e4fac9bbd1e6549bb6ea0 27022b2b3d2e468bb6c5a783ccb59144 - - default default] Successfully bumped revision number for resource 98de1374-fc0d-47ed-9937-17fcaf4626a5 (type: ports) to 1
2026-05-19 04:10:13.716 9 INFO neutron.wsgi [-] 10.0.0.66 "GET / HTTP/1.1" status: 200 len: 247 time: 0.0021639
2026-05-19 04:10:13.718 10 INFO neutron.wsgi [-] 10.0.0.66 "GET / HTTP/1.1" status: 200 len: 247 time: 0.0042291
2026-05-19 04:10:13.876 9 INFO neutron.wsgi [None req-a2a80298-0e1a-4b2c-a911-566d948a5d36 ce236c34059d4d0babda12e0bbe32b2e 0e5e868812414428a8f6c3218fbd1854 - - default default] 10.0.0.53 "GET /v2.0/security-groups?tenant_id=6ec4a20037234889aaa8db98c43181b3&name=default HTTP/1.1" status: 200 len: 2996 time: 0.3599384
2026-05-19 04:10:14.269 9 INFO neutron.wsgi [None req-74e286cb-b6ed-4b7b-a93c-c2b3fe7e8db5 ce236c34059d4d0babda12e0bbe32b2e 0e5e868812414428a8f6c3218fbd1854 - - default default] 10.0.0.53 "DELETE /v2.0/security-groups/c1f7ead5-f938-475e-ad6f-3906a3dbe688 HTTP/1.1" status: 204 len: 168 time: 0.3843107
2026-05-19 04:10:14.462 10 INFO neutron.plugins.ml2.drivers.ovn.mech_driver.mech_driver [None req-da3fb100-a53e-4f38-a7e8-c98adf43af4b - - - - - -] OVN reports status up for port: 98de1374-fc0d-47ed-9937-17fcaf4626a5
2026-05-19 04:10:14.474 10 INFO neutron.plugins.ml2.plugin [None req-da3fb100-a53e-4f38-a7e8-c98adf43af4b - - - - - -] Attempt 1 to provision port 98de1374-fc0d-47ed-9937-17fcaf4626a5
2026-05-19 04:10:14.495 9 INFO neutron.db.ovn_revision_numbers_db [None req-f109504e-f44c-4da0-b9f0-f0a275a33dc4 2dae6f47700e4fac9bbd1e6549bb6ea0 27022b2b3d2e468bb6c5a783ccb59144 - - default default] Successfully bumped revision number for resource 98de1374-fc0d-47ed-9937-17fcaf4626a5 (type: router_ports) to 1
2026-05-19 04:10:14.601 9 INFO neutron.db.ovn_revision_numbers_db [None req-f109504e-f44c-4da0-b9f0-f0a275a33dc4 2dae6f47700e4fac9bbd1e6549bb6ea0 27022b2b3d2e468bb6c5a783ccb59144 - - default default] Successfully bumped revision number for resource 182e58fb-6c18-46d8-b2d6-5ee8d483d23a (type: routers) to 2
2026-05-19 04:10:14.620 9 INFO neutron.wsgi [None req-f109504e-f44c-4da0-b9f0-f0a275a33dc4 2dae6f47700e4fac9bbd1e6549bb6ea0 27022b2b3d2e468bb6c5a783ccb59144 - - default default] 10.0.0.53 "POST /v2.0/routers HTTP/1.1" status: 201 len: 875 time: 1.7229750
2026-05-19 04:10:15.247 9 WARNING neutron.scheduler.dhcp_agent_scheduler [None req-54c184bd-7fa6-4626-96d8-8cae831c5af3 2dae6f47700e4fac9bbd1e6549bb6ea0 27022b2b3d2e468bb6c5a783ccb59144 - - default default] No more DHCP agents
2026-05-19 04:10:15.250 9 WARNING neutron.api.rpc.agentnotifiers.dhcp_rpc_agent_api [None req-54c184bd-7fa6-4626-96d8-8cae831c5af3 2dae6f47700e4fac9bbd1e6549bb6ea0 27022b2b3d2e468bb6c5a783ccb59144 - - default default] Unable to schedule network 72a7804d-b28c-4654-9505-77a086dc33f2: no agents available; will retry on subsequent port and subnet creation events.
2026-05-19 04:10:15.439 9 INFO neutron.db.ovn_revision_numbers_db [None req-54c184bd-7fa6-4626-96d8-8cae831c5af3 2dae6f47700e4fac9bbd1e6549bb6ea0 27022b2b3d2e468bb6c5a783ccb59144 - - default default] Successfully bumped revision number for resource d21dd016-fb9b-4b8a-897a-5f09dcd8da6b (type: ports) to 1
2026-05-19 04:10:16.345 9 INFO neutron.db.ovn_revision_numbers_db [None req-54c184bd-7fa6-4626-96d8-8cae831c5af3 2dae6f47700e4fac9bbd1e6549bb6ea0 27022b2b3d2e468bb6c5a783ccb59144 - - default default] Successfully bumped revision number for resource d21dd016-fb9b-4b8a-897a-5f09dcd8da6b (type: router_ports) to 1
2026-05-19 04:10:16.534 9 INFO neutron.db.ovn_revision_numbers_db [None req-54c184bd-7fa6-4626-96d8-8cae831c5af3 2dae6f47700e4fac9bbd1e6549bb6ea0 27022b2b3d2e468bb6c5a783ccb59144 - - default default] Successfully bumped revision number for resource d21dd016-fb9b-4b8a-897a-5f09dcd8da6b (type: ports) to 1
2026-05-19 04:10:16.614 9 WARNING neutron.scheduler.dhcp_agent_scheduler [None req-54c184bd-7fa6-4626-96d8-8cae831c5af3 2dae6f47700e4fac9bbd1e6549bb6ea0 27022b2b3d2e468bb6c5a783ccb59144 - - default default] No more DHCP agents
2026-05-19 04:10:16.617 9 WARNING neutron.api.rpc.agentnotifiers.dhcp_rpc_agent_api [None req-54c184bd-7fa6-4626-96d8-8cae831c5af3 2dae6f47700e4fac9bbd1e6549bb6ea0 27022b2b3d2e468bb6c5a783ccb59144 - - default default] Unable to schedule network 72a7804d-b28c-4654-9505-77a086dc33f2: no agents available; will retry on subsequent port and subnet creation events.
2026-05-19 04:10:17.016 9 INFO neutron.db.ovn_revision_numbers_db [None req-ce246d0d-3cbc-4563-999a-be169f829a97 2cd26ae031d74173b98bf78f67b556c4 d02dde106de248218319c3728b8fce87 - - default default] Successfully bumped revision number for resource acb5543b-7f02-4b95-802e-66b3b543be51 (type: security_groups) to 1
2026-05-19 04:10:17.048 9 INFO neutron.db.ovn_revision_numbers_db [None req-ce246d0d-3cbc-4563-999a-be169f829a97 2cd26ae031d74173b98bf78f67b556c4 d02dde106de248218319c3728b8fce87 - - default default] Successfully bumped revision number for resource 85e108ce-e6a2-488e-aacb-970f9d4549c2 (type: security_group_rules) to 0
2026-05-19 04:10:17.054 9 INFO neutron.db.ovn_revision_numbers_db [None req-54c184bd-7fa6-4626-96d8-8cae831c5af3 2dae6f47700e4fac9bbd1e6549bb6ea0 27022b2b3d2e468bb6c5a783ccb59144 - - default default] Successfully bumped revision number for resource d21dd016-fb9b-4b8a-897a-5f09dcd8da6b (type: router_ports) to 1
2026-05-19 04:10:17.056 9 INFO neutron.wsgi [None req-54c184bd-7fa6-4626-96d8-8cae831c5af3 2dae6f47700e4fac9bbd1e6549bb6ea0 27022b2b3d2e468bb6c5a783ccb59144 - - default default] 10.0.0.53 "PUT /v2.0/routers/182e58fb-6c18-46d8-b2d6-5ee8d483d23a/add_router_interface HTTP/1.1" status: 200 len: 503 time: 2.4280744
2026-05-19 04:10:17.075 9 INFO neutron.db.ovn_revision_numbers_db [None req-ce246d0d-3cbc-4563-999a-be169f829a97 2cd26ae031d74173b98bf78f67b556c4 d02dde106de248218319c3728b8fce87 - - default default] Successfully bumped revision number for resource a63bd3e6-dbd8-46c8-82c7-85452b6c81b3 (type: security_group_rules) to 0
2026-05-19 04:10:17.109 9 INFO neutron.db.ovn_revision_numbers_db [None req-ce246d0d-3cbc-4563-999a-be169f829a97 2cd26ae031d74173b98bf78f67b556c4 d02dde106de248218319c3728b8fce87 - - default default] Successfully bumped revision number for resource c9d1414b-281b-4540-a122-368b80f00dc4 (type: security_group_rules) to 0
2026-05-19 04:10:17.131 9 INFO neutron.db.ovn_revision_numbers_db [None req-ce246d0d-3cbc-4563-999a-be169f829a97 2cd26ae031d74173b98bf78f67b556c4 d02dde106de248218319c3728b8fce87 - - default default] Successfully bumped revision number for resource d0d6f2c4-b95c-4e8b-808f-3f21c10f7921 (type: security_group_rules) to 0
2026-05-19 04:10:17.198 9 INFO neutron.db.segments_db [None req-ce246d0d-3cbc-4563-999a-be169f829a97 2cd26ae031d74173b98bf78f67b556c4 d02dde106de248218319c3728b8fce87 - - default default] Added segment 536fdb9d-2889-45bb-9549-ca139dcd1a36 of type geneve for network c32ecd02-04f4-4f7f-948c-47eb894a09d5
2026-05-19 04:10:17.432 9 INFO neutron.db.ovn_revision_numbers_db [None req-ce246d0d-3cbc-4563-999a-be169f829a97 2cd26ae031d74173b98bf78f67b556c4 d02dde106de248218319c3728b8fce87 - - default default] Successfully bumped revision number for resource c32ecd02-04f4-4f7f-948c-47eb894a09d5 (type: networks) to 1
2026-05-19 04:10:17.580 10 INFO neutron.db.ovn_revision_numbers_db [None req-a209a114-9052-4f7e-a1de-91fb46669585 ce236c34059d4d0babda12e0bbe32b2e 0e5e868812414428a8f6c3218fbd1854 - - default default] Successfully bumped revision number for resource 3837e09a-4e7c-4005-9b6f-51e8194e085c (type: security_groups) to 1
2026-05-19 04:10:17.594 10 INFO neutron.db.ovn_revision_numbers_db [None req-a209a114-9052-4f7e-a1de-91fb46669585 ce236c34059d4d0babda12e0bbe32b2e 0e5e868812414428a8f6c3218fbd1854 - - default default] Successfully bumped revision number for resource 0f0e0c72-2664-4471-8193-22710c724518 (type: security_group_rules) to 0
2026-05-19 04:10:17.608 10 INFO neutron.db.ovn_revision_numbers_db [None req-a209a114-9052-4f7e-a1de-91fb46669585 ce236c34059d4d0babda12e0bbe32b2e 0e5e868812414428a8f6c3218fbd1854 - - default default] Successfully bumped revision number for resource 23ddc2bb-44a1-44b5-8d61-b03964565f93 (type: security_group_rules) to 0
2026-05-19 04:10:17.621 10 INFO neutron.db.ovn_revision_numbers_db [None req-a209a114-9052-4f7e-a1de-91fb46669585 ce236c34059d4d0babda12e0bbe32b2e 0e5e868812414428a8f6c3218fbd1854 - - default default] Successfully bumped revision number for resource 707d44fa-787e-467d-97a8-35e089e1ab9e (type: security_group_rules) to 0
2026-05-19 04:10:17.631 9 WARNING neutron.scheduler.dhcp_agent_scheduler [None req-287a4601-1ca2-4eca-822b-52fad720067d 2dae6f47700e4fac9bbd1e6549bb6ea0 27022b2b3d2e468bb6c5a783ccb59144 - - default default] No more DHCP agents
2026-05-19 04:10:17.633 10 INFO neutron.db.ovn_revision_numbers_db [None req-a209a114-9052-4f7e-a1de-91fb46669585 ce236c34059d4d0babda12e0bbe32b2e 0e5e868812414428a8f6c3218fbd1854 - - default default] Successfully bumped revision number for resource c9b51531-9ab0-4edf-8b10-8490b88f0742 (type: security_group_rules) to 0
2026-05-19 04:10:17.639 9 WARNING neutron.api.rpc.agentnotifiers.dhcp_rpc_agent_api [None req-287a4601-1ca2-4eca-822b-52fad720067d 2dae6f47700e4fac9bbd1e6549bb6ea0 27022b2b3d2e468bb6c5a783ccb59144 - - default default] Unable to schedule network 72a7804d-b28c-4654-9505-77a086dc33f2: no agents available; will retry on subsequent port and subnet creation events.
2026-05-19 04:10:17.660 10 INFO neutron.wsgi [None req-a209a114-9052-4f7e-a1de-91fb46669585 ce236c34059d4d0babda12e0bbe32b2e 0e5e868812414428a8f6c3218fbd1854 - - default default] 10.0.0.53 "GET /v2.0/security-groups?tenant_id=9342753941f74e168a9a34182d991172&name=default HTTP/1.1" status: 200 len: 2996 time: 0.5188580
2026-05-19 04:10:17.736 9 WARNING neutron.scheduler.dhcp_agent_scheduler [None req-ce246d0d-3cbc-4563-999a-be169f829a97 2cd26ae031d74173b98bf78f67b556c4 d02dde106de248218319c3728b8fce87 - - default default] No more DHCP agents
2026-05-19 04:10:17.739 9 WARNING neutron.api.rpc.agentnotifiers.dhcp_rpc_agent_api [None req-ce246d0d-3cbc-4563-999a-be169f829a97 2cd26ae031d74173b98bf78f67b556c4 d02dde106de248218319c3728b8fce87 - - default default] Unable to schedule network c32ecd02-04f4-4f7f-948c-47eb894a09d5: no agents available; will retry on subsequent port and subnet creation events. /var/lib/openstack/lib/python3.10/site-packages/pycadf/identifier.py:71: UserWarning: Invalid uuid: neutron. To ensure interoperability, identifiers should be a valid uuid. warnings.warn(('Invalid uuid: %s. To ensure interoperability, '
2026-05-19 04:10:17.869 10 INFO neutron.wsgi [None req-733cf3c0-45bf-4b0a-b071-8aa07f606442 ce236c34059d4d0babda12e0bbe32b2e 0e5e868812414428a8f6c3218fbd1854 - - default default] 10.0.0.53 "DELETE /v2.0/security-groups/3837e09a-4e7c-4005-9b6f-51e8194e085c HTTP/1.1" status: 204 len: 168 time: 0.2035143
2026-05-19 04:10:17.889 9 INFO neutron.db.ovn_revision_numbers_db [None req-ce246d0d-3cbc-4563-999a-be169f829a97 2cd26ae031d74173b98bf78f67b556c4 d02dde106de248218319c3728b8fce87 - - default default] Successfully bumped revision number for resource 04424b35-33b4-4493-bb19-d18f84092dce (type: ports) to 1
2026-05-19 04:10:17.904 9 INFO neutron.db.ovn_revision_numbers_db [None req-287a4601-1ca2-4eca-822b-52fad720067d 2dae6f47700e4fac9bbd1e6549bb6ea0 27022b2b3d2e468bb6c5a783ccb59144 - - default default] Successfully bumped revision number for resource 8e0d8602-ae8c-4848-ae0d-c647c1bbefa2 (type: ports) to 1
2026-05-19 04:10:17.918 9 INFO neutron.wsgi [None req-ce246d0d-3cbc-4563-999a-be169f829a97 2cd26ae031d74173b98bf78f67b556c4 d02dde106de248218319c3728b8fce87 - - default default] 10.0.0.53 "POST /v2.0/networks HTTP/1.1" status: 201 len: 833 time: 1.3935153
2026-05-19 04:10:17.938 9 INFO neutron.wsgi [None req-287a4601-1ca2-4eca-822b-52fad720067d 2dae6f47700e4fac9bbd1e6549bb6ea0 27022b2b3d2e468bb6c5a783ccb59144 - - default default] 10.0.0.53 "POST /v2.0/ports HTTP/1.1" status: 201 len: 1154 time: 0.8772297
2026-05-19 04:10:17.956 9 INFO neutron.db.ovn_revision_numbers_db [None req-2b57b301-c442-4c56-977c-40418427aae5 ce236c34059d4d0babda12e0bbe32b2e 0e5e868812414428a8f6c3218fbd1854 - - default default] Successfully bumped revision number for resource 4a9bc94f-ac2c-401c-a853-0e6ee3843a83 (type: security_groups) to 1
2026-05-19 04:10:17.988 9 INFO neutron.db.ovn_revision_numbers_db [None req-2b57b301-c442-4c56-977c-40418427aae5 ce236c34059d4d0babda12e0bbe32b2e 0e5e868812414428a8f6c3218fbd1854 - - default default] Successfully bumped revision number for resource 4c7b975d-1fae-42eb-a0ce-b4db76d0e332 (type: security_group_rules) to 0
2026-05-19 04:10:18.007 9 INFO neutron.db.ovn_revision_numbers_db [None req-2b57b301-c442-4c56-977c-40418427aae5 ce236c34059d4d0babda12e0bbe32b2e 0e5e868812414428a8f6c3218fbd1854 - - default default] Successfully bumped revision number for resource 78f9cec2-6d68-4a18-b15f-25717f8c6357 (type: security_group_rules) to 0
2026-05-19 04:10:18.027 9 INFO neutron.db.ovn_revision_numbers_db [None req-2b57b301-c442-4c56-977c-40418427aae5 ce236c34059d4d0babda12e0bbe32b2e 0e5e868812414428a8f6c3218fbd1854 - - default default] Successfully bumped revision number for resource dd2fd761-3c63-4720-9887-2b6831d6fc6b (type: security_group_rules) to 0
2026-05-19 04:10:18.047 9 INFO neutron.db.segments_db [None req-86f3b829-ef3d-4d82-aeca-1a36deee1e19 2cd26ae031d74173b98bf78f67b556c4 d02dde106de248218319c3728b8fce87 - - default default] Added segment e2dde4db-67e8-4e13-a984-353b2b40ef9f of type geneve for network bed62d86-c5c1-46d3-926f-aa995c93eb85
2026-05-19 04:10:18.050 9 INFO neutron.db.ovn_revision_numbers_db [None req-2b57b301-c442-4c56-977c-40418427aae5 ce236c34059d4d0babda12e0bbe32b2e 0e5e868812414428a8f6c3218fbd1854 - - default default] Successfully bumped revision number for resource e0cb0b18-2d6e-4484-978d-8e7c2ebe83ae (type: security_group_rules) to 0
2026-05-19 04:10:18.084 9 INFO neutron.wsgi [None req-2b57b301-c442-4c56-977c-40418427aae5 ce236c34059d4d0babda12e0bbe32b2e 0e5e868812414428a8f6c3218fbd1854 - - default default] 10.0.0.53 "GET /v2.0/security-groups?tenant_id=e0bd94f7447e4223a6f2f7f6743bbdba&name=default HTTP/1.1" status: 200 len: 2996 time: 0.4480093
2026-05-19 04:10:18.131 9 INFO neutron.db.ovn_revision_numbers_db [None req-56bb4714-ae8c-402f-954e-a1f89737a6ad ce236c34059d4d0babda12e0bbe32b2e 0e5e868812414428a8f6c3218fbd1854 - - default default] Successfully bumped revision number for resource fab9c730-69a7-437e-b934-a2195f31e1b5 (type: security_groups) to 1
2026-05-19 04:10:18.149 9 INFO neutron.db.ovn_revision_numbers_db [None req-56bb4714-ae8c-402f-954e-a1f89737a6ad ce236c34059d4d0babda12e0bbe32b2e 0e5e868812414428a8f6c3218fbd1854 - - default default] Successfully bumped revision number for resource 093103dd-a4d6-44f2-b476-e97d77ba4d07 (type: security_group_rules) to 0
2026-05-19 04:10:18.189 9 INFO neutron.db.ovn_revision_numbers_db [None req-56bb4714-ae8c-402f-954e-a1f89737a6ad ce236c34059d4d0babda12e0bbe32b2e 0e5e868812414428a8f6c3218fbd1854 - - default default] Successfully bumped revision number for resource 1c30ece4-765d-42fd-b3a7-238a477c50ab (type: security_group_rules) to 0
2026-05-19 04:10:18.219 9 INFO neutron.db.ovn_revision_numbers_db [None req-56bb4714-ae8c-402f-954e-a1f89737a6ad ce236c34059d4d0babda12e0bbe32b2e 0e5e868812414428a8f6c3218fbd1854 - - default default] Successfully bumped revision number for resource 520c009b-2312-48a6-82e8-05f3082f083f (type: security_group_rules) to 0
2026-05-19 04:10:18.222 9 INFO neutron.db.ovn_revision_numbers_db [None req-86f3b829-ef3d-4d82-aeca-1a36deee1e19 2cd26ae031d74173b98bf78f67b556c4 d02dde106de248218319c3728b8fce87 - - default default] Successfully bumped revision number for resource bed62d86-c5c1-46d3-926f-aa995c93eb85 (type: networks) to 1
2026-05-19 04:10:18.241 9 INFO neutron.db.ovn_revision_numbers_db [None req-56bb4714-ae8c-402f-954e-a1f89737a6ad ce236c34059d4d0babda12e0bbe32b2e 0e5e868812414428a8f6c3218fbd1854 - - default default] Successfully bumped revision number for resource fc111a0e-bb07-46fe-ac83-faa13bdd63c6 (type: security_group_rules) to 0
2026-05-19 04:10:18.268 9 INFO neutron.wsgi [None req-56bb4714-ae8c-402f-954e-a1f89737a6ad ce236c34059d4d0babda12e0bbe32b2e 0e5e868812414428a8f6c3218fbd1854 - - default default] 10.0.0.53 "GET /v2.0/security-groups?tenant_id=9ef63916ac6b4b42b9a26fc360b8c42c&name=default HTTP/1.1" status: 200 len: 2996 time: 0.2952173
2026-05-19 04:10:18.359 10 WARNING neutron.scheduler.dhcp_agent_scheduler [None req-be903897-b143-4a2b-b7fb-8685772156e7 2dae6f47700e4fac9bbd1e6549bb6ea0 27022b2b3d2e468bb6c5a783ccb59144 - - default default] No more DHCP agents
2026-05-19 04:10:18.363 10 WARNING neutron.api.rpc.agentnotifiers.dhcp_rpc_agent_api [None req-be903897-b143-4a2b-b7fb-8685772156e7 2dae6f47700e4fac9bbd1e6549bb6ea0 27022b2b3d2e468bb6c5a783ccb59144 - - default default] Unable to schedule network 72a7804d-b28c-4654-9505-77a086dc33f2: no agents available; will retry on subsequent port and subnet creation events.
2026-05-19 04:10:18.426 10 INFO neutron.wsgi [None req-55172896-3cd4-48fb-bee3-7eb9379c2456 ce236c34059d4d0babda12e0bbe32b2e 0e5e868812414428a8f6c3218fbd1854 - - default default] 10.0.0.53 "DELETE /v2.0/security-groups/4a9bc94f-ac2c-401c-a853-0e6ee3843a83 HTTP/1.1" status: 204 len: 168 time: 0.3340967
2026-05-19 04:10:18.438 9 WARNING neutron.scheduler.dhcp_agent_scheduler [None req-86f3b829-ef3d-4d82-aeca-1a36deee1e19 2cd26ae031d74173b98bf78f67b556c4 d02dde106de248218319c3728b8fce87 - - default default] No more DHCP agents
2026-05-19 04:10:18.442 9 WARNING neutron.api.rpc.agentnotifiers.dhcp_rpc_agent_api [None req-86f3b829-ef3d-4d82-aeca-1a36deee1e19 2cd26ae031d74173b98bf78f67b556c4 d02dde106de248218319c3728b8fce87 - - default default] Unable to schedule network bed62d86-c5c1-46d3-926f-aa995c93eb85: no agents available; will retry on subsequent port and subnet creation events.
2026-05-19 04:10:18.535 9 INFO neutron.db.ovn_revision_numbers_db [None req-86f3b829-ef3d-4d82-aeca-1a36deee1e19 2cd26ae031d74173b98bf78f67b556c4 d02dde106de248218319c3728b8fce87 - - default default] Successfully bumped revision number for resource e98750b9-e543-4b8d-9993-9ada6ae1cfce (type: ports) to 1
2026-05-19 04:10:18.560 9 INFO neutron.wsgi [None req-86f3b829-ef3d-4d82-aeca-1a36deee1e19 2cd26ae031d74173b98bf78f67b556c4 d02dde106de248218319c3728b8fce87 - - default default] 10.0.0.53 "POST /v2.0/networks HTTP/1.1" status: 201 len: 833 time: 0.6315074
2026-05-19 04:10:18.571 10 INFO neutron.db.ovn_revision_numbers_db [None req-be903897-b143-4a2b-b7fb-8685772156e7 2dae6f47700e4fac9bbd1e6549bb6ea0 27022b2b3d2e468bb6c5a783ccb59144 - - default default] Successfully bumped revision number for resource 8f649d66-4d4e-4def-9bf8-bc2ce24efaa8 (type: ports) to 1
2026-05-19 04:10:18.593 10 INFO neutron.wsgi [None req-be903897-b143-4a2b-b7fb-8685772156e7 2dae6f47700e4fac9bbd1e6549bb6ea0 27022b2b3d2e468bb6c5a783ccb59144 - - default default] 10.0.0.53 "POST /v2.0/ports HTTP/1.1" status: 201 len: 1154 time: 0.6510675
2026-05-19 04:10:18.602 9 INFO neutron.wsgi [None req-8428311d-fc6a-4801-987a-f0404e8c5c2b ce236c34059d4d0babda12e0bbe32b2e 0e5e868812414428a8f6c3218fbd1854 - - default default] 10.0.0.53 "DELETE /v2.0/security-groups/fab9c730-69a7-437e-b934-a2195f31e1b5 HTTP/1.1" status: 204 len: 168 time: 0.3267736 /var/lib/openstack/lib/python3.10/site-packages/pycadf/identifier.py:71: UserWarning: Invalid uuid: neutron. To ensure interoperability, identifiers should be a valid uuid. warnings.warn(('Invalid uuid: %s. To ensure interoperability, '
2026-05-19 04:10:18.814 9 WARNING neutron.scheduler.dhcp_agent_scheduler [None req-ff3036f3-eac4-47a9-be89-d0ea1bcf7c94 2cd26ae031d74173b98bf78f67b556c4 d02dde106de248218319c3728b8fce87 - - default default] No more DHCP agents
2026-05-19 04:10:18.815 9 WARNING neutron.api.rpc.agentnotifiers.dhcp_rpc_agent_api [None req-ff3036f3-eac4-47a9-be89-d0ea1bcf7c94 2cd26ae031d74173b98bf78f67b556c4 d02dde106de248218319c3728b8fce87 - - default default] Unable to schedule network c32ecd02-04f4-4f7f-948c-47eb894a09d5: no agents available; will retry on subsequent port and subnet creation events.
2026-05-19 04:10:18.856 9 INFO neutron.db.ovn_revision_numbers_db [None req-ff3036f3-eac4-47a9-be89-d0ea1bcf7c94 2cd26ae031d74173b98bf78f67b556c4 d02dde106de248218319c3728b8fce87 - - default default] Successfully bumped revision number for resource 5b46618b-efb2-49bb-8428-98f838eab554 (type: subnets) to 0
2026-05-19 04:10:18.872 9 INFO neutron.wsgi [None req-ff3036f3-eac4-47a9-be89-d0ea1bcf7c94 2cd26ae031d74173b98bf78f67b556c4 d02dde106de248218319c3728b8fce87 - - default default] 10.0.0.53 "POST /v2.0/subnets HTTP/1.1" status: 201 len: 821 time: 0.3072605
2026-05-19 04:10:18.878 10 WARNING neutron.scheduler.dhcp_agent_scheduler [None req-63442442-c054-4b37-a195-235a32bd3cad 2dae6f47700e4fac9bbd1e6549bb6ea0 27022b2b3d2e468bb6c5a783ccb59144 - - default default] No more DHCP agents
2026-05-19 04:10:18.883 10 WARNING neutron.api.rpc.agentnotifiers.dhcp_rpc_agent_api [None req-63442442-c054-4b37-a195-235a32bd3cad 2dae6f47700e4fac9bbd1e6549bb6ea0 27022b2b3d2e468bb6c5a783ccb59144 - - default default] Unable to schedule network e18f6192-7bae-4335-85f7-38be0ae35f75: no agents available; will retry on subsequent port and subnet creation events.
2026-05-19 04:10:19.126 9 WARNING neutron.scheduler.dhcp_agent_scheduler [None req-b765c44b-a293-4972-9990-7c64c21fe096 2cd26ae031d74173b98bf78f67b556c4 d02dde106de248218319c3728b8fce87 - - default default] No more DHCP agents
2026-05-19 04:10:19.128 9 WARNING neutron.api.rpc.agentnotifiers.dhcp_rpc_agent_api [None req-b765c44b-a293-4972-9990-7c64c21fe096 2cd26ae031d74173b98bf78f67b556c4 d02dde106de248218319c3728b8fce87 - - default default] Unable to schedule network bed62d86-c5c1-46d3-926f-aa995c93eb85: no agents available; will retry on subsequent port and subnet creation events.
2026-05-19 04:10:19.165 9 INFO neutron.db.ovn_revision_numbers_db [None req-b765c44b-a293-4972-9990-7c64c21fe096 2cd26ae031d74173b98bf78f67b556c4 d02dde106de248218319c3728b8fce87 - - default default] Successfully bumped revision number for resource 614ba513-7230-48e4-9137-8f9f366242b7 (type: subnets) to 0
2026-05-19 04:10:19.182 9 INFO neutron.wsgi [None req-b765c44b-a293-4972-9990-7c64c21fe096 2cd26ae031d74173b98bf78f67b556c4 d02dde106de248218319c3728b8fce87 - - default default] 10.0.0.53 "POST /v2.0/subnets HTTP/1.1" status: 201 len: 830 time: 0.3030255
2026-05-19 04:10:19.305 10 INFO neutron.db.l3_db [None req-63442442-c054-4b37-a195-235a32bd3cad 2dae6f47700e4fac9bbd1e6549bb6ea0 27022b2b3d2e468bb6c5a783ccb59144 - - default default] Floating IP ee8880ec-cc68-4c70-bcb0-69915a10814c associated. External IP: 10.96.250.218, port: 8f649d66-4d4e-4def-9bf8-bc2ce24efaa8.
2026-05-19 04:10:19.370 9 INFO neutron.db.ovn_revision_numbers_db [None req-5e2fce4d-6ae2-4a1e-ad7f-8bfb46322749 2cd26ae031d74173b98bf78f67b556c4 d02dde106de248218319c3728b8fce87 - - default default] Successfully bumped revision number for resource fa9c3a48-fbd2-4dac-9104-528862bcb835 (type: routers) to 1
2026-05-19 04:10:19.392 9 INFO neutron.wsgi [None req-5e2fce4d-6ae2-4a1e-ad7f-8bfb46322749 2cd26ae031d74173b98bf78f67b556c4 d02dde106de248218319c3728b8fce87 - - default default] 10.0.0.53 "POST /v2.0/routers HTTP/1.1" status: 201 len: 691 time: 0.2049940
2026-05-19 04:10:19.608 10 INFO neutron.db.ovn_revision_numbers_db [None req-63442442-c054-4b37-a195-235a32bd3cad 2dae6f47700e4fac9bbd1e6549bb6ea0 27022b2b3d2e468bb6c5a783ccb59144 - - default default] Successfully bumped revision number for resource ee8880ec-cc68-4c70-bcb0-69915a10814c (type: floatingips) to 0
2026-05-19 04:10:20.073 10 INFO neutron.db.ovn_revision_numbers_db [None req-63442442-c054-4b37-a195-235a32bd3cad 2dae6f47700e4fac9bbd1e6549bb6ea0 27022b2b3d2e468bb6c5a783ccb59144 - - default default] Successfully bumped revision number for resource ee8880ec-cc68-4c70-bcb0-69915a10814c (type: floatingips) to 1
2026-05-19 04:10:20.076 10 WARNING neutron.plugins.ml2.drivers.ovn.mech_driver.ovsdb.ovn_client [None req-da3fb100-a53e-4f38-a7e8-c98adf43af4b - - - - - -] No hosting information found for port 98de1374-fc0d-47ed-9937-17fcaf4626a5: RuntimeError: No hosting information found for port 98de1374-fc0d-47ed-9937-17fcaf4626a5
2026-05-19 04:10:20.076 10 INFO neutron.plugins.ml2.drivers.ovn.mech_driver.mech_driver [None req-da3fb100-a53e-4f38-a7e8-c98adf43af4b - - - - - -] OVN reports status up for port: d21dd016-fb9b-4b8a-897a-5f09dcd8da6b
2026-05-19 04:10:20.093 10 INFO neutron.plugins.ml2.plugin [None req-da3fb100-a53e-4f38-a7e8-c98adf43af4b - - - - - -] Attempt 1 to provision port d21dd016-fb9b-4b8a-897a-5f09dcd8da6b
2026-05-19 04:10:20.138 10 INFO neutron.wsgi [None req-63442442-c054-4b37-a195-235a32bd3cad 2dae6f47700e4fac9bbd1e6549bb6ea0 27022b2b3d2e468bb6c5a783ccb59144 - - default default] 10.0.0.53 "POST /v2.0/floatingips HTTP/1.1" status: 201 len: 1041 time: 1.5370994
2026-05-19 04:10:20.191 10 WARNING neutron.scheduler.dhcp_agent_scheduler [None req-d9b5ec3c-b666-4328-8899-62d96b3b71a5 2cd26ae031d74173b98bf78f67b556c4 d02dde106de248218319c3728b8fce87 - - default default] No more DHCP agents
2026-05-19 04:10:20.198 10 WARNING neutron.api.rpc.agentnotifiers.dhcp_rpc_agent_api [None req-d9b5ec3c-b666-4328-8899-62d96b3b71a5 2cd26ae031d74173b98bf78f67b556c4 d02dde106de248218319c3728b8fce87 - - default default] Unable to schedule network c32ecd02-04f4-4f7f-948c-47eb894a09d5: no agents available; will retry on subsequent port and subnet creation events.
2026-05-19 04:10:20.353 10 INFO neutron.db.l3_db [None req-b0c2dde2-6e38-4edb-b45f-7040619109c1 2dae6f47700e4fac9bbd1e6549bb6ea0 27022b2b3d2e468bb6c5a783ccb59144 - - default default] Floating IP ee8880ec-cc68-4c70-bcb0-69915a10814c disassociated. External IP: 10.96.250.218, port: 8f649d66-4d4e-4def-9bf8-bc2ce24efaa8.
2026-05-19 04:10:20.420 10 INFO neutron.db.ovn_revision_numbers_db [None req-b0c2dde2-6e38-4edb-b45f-7040619109c1 2dae6f47700e4fac9bbd1e6549bb6ea0 27022b2b3d2e468bb6c5a783ccb59144 - - default default] Successfully bumped revision number for resource ee8880ec-cc68-4c70-bcb0-69915a10814c (type: floatingips) to 2
2026-05-19 04:10:20.423 10 INFO neutron.db.ovn_revision_numbers_db [None req-d9b5ec3c-b666-4328-8899-62d96b3b71a5 2cd26ae031d74173b98bf78f67b556c4 d02dde106de248218319c3728b8fce87 - - default default] Successfully bumped revision number for resource 6aef8847-2e95-476d-81a3-3a37b077578d (type: ports) to 1
2026-05-19 04:10:20.532 10 INFO neutron.wsgi [None req-b0c2dde2-6e38-4edb-b45f-7040619109c1 2dae6f47700e4fac9bbd1e6549bb6ea0 27022b2b3d2e468bb6c5a783ccb59144 - - default default] 10.0.0.53 "PUT /v2.0/floatingips/ee8880ec-cc68-4c70-bcb0-69915a10814c HTTP/1.1" status: 200 len: 748 time: 0.3864503 /var/lib/openstack/lib/python3.10/site-packages/pycadf/identifier.py:71: UserWarning: Invalid uuid: neutron. To ensure interoperability, identifiers should be a valid uuid. warnings.warn(('Invalid uuid: %s. To ensure interoperability, '
2026-05-19 04:10:20.607 10 INFO neutron.db.ovn_revision_numbers_db [None req-da3fb100-a53e-4f38-a7e8-c98adf43af4b - - - - - -] Successfully bumped revision number for resource d21dd016-fb9b-4b8a-897a-5f09dcd8da6b (type: ports) to 2
2026-05-19 04:10:20.796 10 INFO neutron.db.ovn_revision_numbers_db [None req-da3fb100-a53e-4f38-a7e8-c98adf43af4b - - - - - -] Successfully bumped revision number for resource d21dd016-fb9b-4b8a-897a-5f09dcd8da6b (type: router_ports) to 2
2026-05-19 04:10:20.928 9 INFO neutron.plugins.ml2.drivers.ovn.mech_driver.mech_driver [None req-8bac5458-4588-43bb-b5a9-3be57fee1436 - - - - - -] OVN reports status up for port: 6aef8847-2e95-476d-81a3-3a37b077578d
2026-05-19 04:10:20.937 9 INFO neutron.plugins.ml2.plugin [None req-8bac5458-4588-43bb-b5a9-3be57fee1436 - - - - - -] Attempt 1 to provision port 6aef8847-2e95-476d-81a3-3a37b077578d
2026-05-19 04:10:20.955 9 INFO neutron.wsgi [None req-268c2fbd-756b-4a3c-881b-0743443fe6e5 2dae6f47700e4fac9bbd1e6549bb6ea0 27022b2b3d2e468bb6c5a783ccb59144 - - default default] 10.0.0.53 "DELETE /v2.0/floatingips/ee8880ec-cc68-4c70-bcb0-69915a10814c HTTP/1.1" status: 204 len: 168 time: 0.4160011
2026-05-19 04:10:20.975 10 INFO neutron.db.ovn_revision_numbers_db [None req-d9b5ec3c-b666-4328-8899-62d96b3b71a5 2cd26ae031d74173b98bf78f67b556c4 d02dde106de248218319c3728b8fce87 - - default default] Successfully bumped revision number for resource 6aef8847-2e95-476d-81a3-3a37b077578d (type: router_ports) to 1
2026-05-19 04:10:21.122 10 INFO neutron.db.ovn_revision_numbers_db [None req-d9b5ec3c-b666-4328-8899-62d96b3b71a5 2cd26ae031d74173b98bf78f67b556c4 d02dde106de248218319c3728b8fce87 - - default default] Successfully bumped revision number for resource 6aef8847-2e95-476d-81a3-3a37b077578d (type: ports) to 1
2026-05-19 04:10:21.220 10 WARNING neutron.scheduler.dhcp_agent_scheduler [None req-d9b5ec3c-b666-4328-8899-62d96b3b71a5 2cd26ae031d74173b98bf78f67b556c4 d02dde106de248218319c3728b8fce87 - - default default] No more DHCP agents
2026-05-19 04:10:21.226 10 WARNING neutron.api.rpc.agentnotifiers.dhcp_rpc_agent_api [None req-d9b5ec3c-b666-4328-8899-62d96b3b71a5 2cd26ae031d74173b98bf78f67b556c4 d02dde106de248218319c3728b8fce87 - - default default] Unable to schedule network c32ecd02-04f4-4f7f-948c-47eb894a09d5: no agents available; will retry on subsequent port and subnet creation events.
2026-05-19 04:10:21.230 9 INFO neutron.db.ovn_revision_numbers_db [None req-8bac5458-4588-43bb-b5a9-3be57fee1436 - - - - - -] Successfully bumped revision number for resource 6aef8847-2e95-476d-81a3-3a37b077578d (type: ports) to 2
2026-05-19 04:10:21.321 10 WARNING neutron.scheduler.dhcp_agent_scheduler [None req-cfcf3503-3a09-460d-ab46-d2121ab5eb71 2dae6f47700e4fac9bbd1e6549bb6ea0 27022b2b3d2e468bb6c5a783ccb59144 - - default default] No more DHCP agents
2026-05-19 04:10:21.329 10 WARNING neutron.api.rpc.agentnotifiers.dhcp_rpc_agent_api [None req-cfcf3503-3a09-460d-ab46-d2121ab5eb71 2dae6f47700e4fac9bbd1e6549bb6ea0 27022b2b3d2e468bb6c5a783ccb59144 - - default default] Unable to schedule network e18f6192-7bae-4335-85f7-38be0ae35f75: no agents available; will retry on subsequent port and subnet creation events.
2026-05-19 04:10:21.362 9 INFO neutron.db.ovn_revision_numbers_db [None req-8bac5458-4588-43bb-b5a9-3be57fee1436 - - - - - -] Successfully bumped revision number for resource 6aef8847-2e95-476d-81a3-3a37b077578d (type: router_ports) to 2
2026-05-19 04:10:21.539 10 INFO neutron.db.ovn_revision_numbers_db [None req-d9b5ec3c-b666-4328-8899-62d96b3b71a5 2cd26ae031d74173b98bf78f67b556c4 d02dde106de248218319c3728b8fce87 - - default default] Successfully bumped revision number for resource 6aef8847-2e95-476d-81a3-3a37b077578d (type: router_ports) to 2
2026-05-19 04:10:21.542 10 INFO neutron.wsgi [None req-d9b5ec3c-b666-4328-8899-62d96b3b71a5 2cd26ae031d74173b98bf78f67b556c4 d02dde106de248218319c3728b8fce87 - - default default] 10.0.0.53 "PUT /v2.0/routers/fa9c3a48-fbd2-4dac-9104-528862bcb835/add_router_interface HTTP/1.1" status: 200 len: 503 time: 2.1438816
2026-05-19 04:10:21.585 9 INFO neutron.wsgi [None req-6619b8e6-83f6-4ecc-a970-e2eb98bc9603 2cd26ae031d74173b98bf78f67b556c4 d02dde106de248218319c3728b8fce87 - - default default] 10.0.0.53 "GET /v2.0/ports/6aef8847-2e95-476d-81a3-3a37b077578d HTTP/1.1" status: 200 len: 1141 time: 0.0377073
2026-05-19 04:10:21.840 10 INFO neutron.db.l3_db [None req-cfcf3503-3a09-460d-ab46-d2121ab5eb71 2dae6f47700e4fac9bbd1e6549bb6ea0 27022b2b3d2e468bb6c5a783ccb59144 - - default default] Floating IP 9f3c01da-9fd2-49b7-b194-17d4c7ffee69 associated. External IP: 10.96.250.214, port: 8e0d8602-ae8c-4848-ae0d-c647c1bbefa2.
2026-05-19 04:10:22.055 10 INFO neutron.db.ovn_revision_numbers_db [None req-cfcf3503-3a09-460d-ab46-d2121ab5eb71 2dae6f47700e4fac9bbd1e6549bb6ea0 27022b2b3d2e468bb6c5a783ccb59144 - - default default] Successfully bumped revision number for resource 9f3c01da-9fd2-49b7-b194-17d4c7ffee69 (type: floatingips) to 0
2026-05-19 04:10:22.188 10 INFO neutron.db.ovn_revision_numbers_db [None req-cfcf3503-3a09-460d-ab46-d2121ab5eb71 2dae6f47700e4fac9bbd1e6549bb6ea0 27022b2b3d2e468bb6c5a783ccb59144 - - default default] Successfully bumped revision number for resource 9f3c01da-9fd2-49b7-b194-17d4c7ffee69 (type: floatingips) to 1
2026-05-19 04:10:22.236 10 INFO neutron.wsgi [None req-cfcf3503-3a09-460d-ab46-d2121ab5eb71 2dae6f47700e4fac9bbd1e6549bb6ea0 27022b2b3d2e468bb6c5a783ccb59144 - - default default] 10.0.0.53 "POST /v2.0/floatingips HTTP/1.1" status: 201 len: 1041 time: 1.2749507
2026-05-19 04:10:22.283 10 INFO neutron.wsgi [None req-c8bbf289-e37b-430f-89e8-3f3aa6fe7873 2dae6f47700e4fac9bbd1e6549bb6ea0 27022b2b3d2e468bb6c5a783ccb59144 - - default default] 10.0.0.53 "GET /v2.0/floatingips/9f3c01da-9fd2-49b7-b194-17d4c7ffee69 HTTP/1.1" status: 200 len: 1038 time: 0.0422673
2026-05-19 04:10:22.293 9 WARNING neutron.scheduler.dhcp_agent_scheduler [None req-125fee56-cd10-43e7-87bb-a3f232e6d385 2cd26ae031d74173b98bf78f67b556c4 d02dde106de248218319c3728b8fce87 - - default default] No more DHCP agents
2026-05-19 04:10:22.296 9 WARNING neutron.api.rpc.agentnotifiers.dhcp_rpc_agent_api [None req-125fee56-cd10-43e7-87bb-a3f232e6d385 2cd26ae031d74173b98bf78f67b556c4 d02dde106de248218319c3728b8fce87 - - default default] Unable to schedule network bed62d86-c5c1-46d3-926f-aa995c93eb85: no agents available; will retry on subsequent port and subnet creation events.
2026-05-19 04:10:22.343 10 INFO neutron.wsgi [None req-7e937040-9a40-4991-b75e-d137c28e42f4 2dae6f47700e4fac9bbd1e6549bb6ea0 27022b2b3d2e468bb6c5a783ccb59144 - - default default] 10.0.0.53 "GET /v2.0/floatingips HTTP/1.1" status: 200 len: 1041 time: 0.0543473
2026-05-19 04:10:22.423 9 INFO neutron.db.ovn_revision_numbers_db [None req-125fee56-cd10-43e7-87bb-a3f232e6d385 2cd26ae031d74173b98bf78f67b556c4 d02dde106de248218319c3728b8fce87 - - default default] Successfully bumped revision number for resource d95631b5-e456-4239-b939-ec8552814dd3 (type: ports) to 1
2026-05-19 04:10:22.536 9 INFO neutron.db.ovn_revision_numbers_db [None req-1cb18a59-de5c-4fc3-baa7-34828f2870cc ce236c34059d4d0babda12e0bbe32b2e 0e5e868812414428a8f6c3218fbd1854 - - default default] Successfully bumped revision number for resource 75047a3d-4ce4-4234-af4d-3aa308f30e1b (type: security_groups) to 1
2026-05-19 04:10:22.551 9 INFO neutron.db.ovn_revision_numbers_db [None req-1cb18a59-de5c-4fc3-baa7-34828f2870cc ce236c34059d4d0babda12e0bbe32b2e 0e5e868812414428a8f6c3218fbd1854 - - default default] Successfully bumped revision number for resource 25f5e08f-fe20-4538-b274-7a9ef9addd0c (type: security_group_rules) to 0
2026-05-19 04:10:22.568 9 INFO neutron.db.ovn_revision_numbers_db [None req-1cb18a59-de5c-4fc3-baa7-34828f2870cc ce236c34059d4d0babda12e0bbe32b2e 0e5e868812414428a8f6c3218fbd1854 - - default default] Successfully bumped revision number for resource a8cbd730-def9-4d49-9db6-763564b09f91 (type: security_group_rules) to 0
2026-05-19 04:10:22.593 9 INFO neutron.db.ovn_revision_numbers_db [None req-1cb18a59-de5c-4fc3-baa7-34828f2870cc ce236c34059d4d0babda12e0bbe32b2e 0e5e868812414428a8f6c3218fbd1854 - - default default] Successfully bumped revision number for resource d77c93e8-9a9b-4a66-9269-bd5dadf2d817 (type: security_group_rules) to 0
2026-05-19 04:10:22.613 9 INFO neutron.db.ovn_revision_numbers_db [None req-1cb18a59-de5c-4fc3-baa7-34828f2870cc ce236c34059d4d0babda12e0bbe32b2e 0e5e868812414428a8f6c3218fbd1854 - - default default] Successfully bumped revision number for resource f35ef6a8-0670-4522-8b66-ecc4432d323a (type: security_group_rules) to 0
2026-05-19 04:10:22.638 9 INFO neutron.wsgi [None req-1cb18a59-de5c-4fc3-baa7-34828f2870cc ce236c34059d4d0babda12e0bbe32b2e 0e5e868812414428a8f6c3218fbd1854 - - default default] 10.0.0.53 "GET /v2.0/security-groups?tenant_id=b9a8a25f80a44cb5a3ba0bfe06f44674&name=default HTTP/1.1" status: 200 len: 2996 time: 0.5072646
2026-05-19 04:10:22.932 10 INFO neutron.db.l3_db [None req-c71e9d1a-721d-426e-9e49-33a1c55281e9 2dae6f47700e4fac9bbd1e6549bb6ea0 27022b2b3d2e468bb6c5a783ccb59144 - - default default] Floating IP 9f3c01da-9fd2-49b7-b194-17d4c7ffee69 associated. External IP: 10.96.250.214, port: 8e0d8602-ae8c-4848-ae0d-c647c1bbefa2.
2026-05-19 04:10:22.962 9 INFO neutron.db.ovn_revision_numbers_db [None req-125fee56-cd10-43e7-87bb-a3f232e6d385 2cd26ae031d74173b98bf78f67b556c4 d02dde106de248218319c3728b8fce87 - - default default] Successfully bumped revision number for resource d95631b5-e456-4239-b939-ec8552814dd3 (type: router_ports) to 1
2026-05-19 04:10:22.998 9 INFO neutron.wsgi [None req-8f917811-ad79-470b-953c-970d5e3fdf2a ce236c34059d4d0babda12e0bbe32b2e 0e5e868812414428a8f6c3218fbd1854 - - default default] 10.0.0.53 "DELETE /v2.0/security-groups/75047a3d-4ce4-4234-af4d-3aa308f30e1b HTTP/1.1" status: 204 len: 168 time: 0.3454638
2026-05-19 04:10:23.094 9 INFO neutron.db.ovn_revision_numbers_db [None req-125fee56-cd10-43e7-87bb-a3f232e6d385 2cd26ae031d74173b98bf78f67b556c4 d02dde106de248218319c3728b8fce87 - - default default] Successfully bumped revision number for resource d95631b5-e456-4239-b939-ec8552814dd3 (type: ports) to 1
2026-05-19 04:10:23.147 10 INFO neutron.db.ovn_revision_numbers_db [None req-c71e9d1a-721d-426e-9e49-33a1c55281e9 2dae6f47700e4fac9bbd1e6549bb6ea0 27022b2b3d2e468bb6c5a783ccb59144 - - default default] Successfully bumped revision number for resource 9f3c01da-9fd2-49b7-b194-17d4c7ffee69 (type: floatingips) to 2
2026-05-19 04:10:23.149 10 INFO neutron.db.ovn_revision_numbers_db [None req-fd962626-a6b9-4be3-b7d3-37108561cadd ce236c34059d4d0babda12e0bbe32b2e 0e5e868812414428a8f6c3218fbd1854 - - default default] Successfully bumped revision number for resource a1c9ea80-cde3-4729-b5dd-31b365f44905 (type: security_groups) to 1
2026-05-19 04:10:23.173 9 WARNING neutron.scheduler.dhcp_agent_scheduler [None req-125fee56-cd10-43e7-87bb-a3f232e6d385 2cd26ae031d74173b98bf78f67b556c4 d02dde106de248218319c3728b8fce87 - - default default] No more DHCP agents
2026-05-19 04:10:23.175 9 WARNING neutron.api.rpc.agentnotifiers.dhcp_rpc_agent_api [None req-125fee56-cd10-43e7-87bb-a3f232e6d385 2cd26ae031d74173b98bf78f67b556c4 d02dde106de248218319c3728b8fce87 - - default default] Unable to schedule network bed62d86-c5c1-46d3-926f-aa995c93eb85: no agents available; will retry on subsequent port and subnet creation events.
2026-05-19 04:10:23.186 10 INFO neutron.db.ovn_revision_numbers_db [None req-fd962626-a6b9-4be3-b7d3-37108561cadd ce236c34059d4d0babda12e0bbe32b2e 0e5e868812414428a8f6c3218fbd1854 - - default default] Successfully bumped revision number for resource ad51d4fc-e7f0-4ee4-b5a8-dfd152e420d4 (type: security_group_rules) to 0
2026-05-19 04:10:23.219 10 INFO neutron.db.ovn_revision_numbers_db [None req-fd962626-a6b9-4be3-b7d3-37108561cadd ce236c34059d4d0babda12e0bbe32b2e 0e5e868812414428a8f6c3218fbd1854 - - default default] Successfully bumped revision number for resource f7583656-7e89-4b82-b9d7-a58dade91b98 (type: security_group_rules) to 0
2026-05-19 04:10:23.246 10 INFO neutron.db.ovn_revision_numbers_db [None req-fd962626-a6b9-4be3-b7d3-37108561cadd ce236c34059d4d0babda12e0bbe32b2e 0e5e868812414428a8f6c3218fbd1854 - - default default] Successfully bumped revision number for resource f99b211d-4dfc-41ff-8fdd-0f83bf59d6ae (type: security_group_rules) to 0
2026-05-19 04:10:23.265 10 INFO neutron.db.ovn_revision_numbers_db [None req-fd962626-a6b9-4be3-b7d3-37108561cadd ce236c34059d4d0babda12e0bbe32b2e 0e5e868812414428a8f6c3218fbd1854 - - default default] Successfully bumped revision number for resource f9a06774-8642-4872-ae00-5e733fa11819 (type: security_group_rules) to 0
2026-05-19 04:10:23.287 10 INFO neutron.db.ovn_revision_numbers_db [None req-c71e9d1a-721d-426e-9e49-33a1c55281e9 2dae6f47700e4fac9bbd1e6549bb6ea0 27022b2b3d2e468bb6c5a783ccb59144 - - default default] Successfully bumped revision number for resource 9f3c01da-9fd2-49b7-b194-17d4c7ffee69 (type: floatingips) to 2
2026-05-19 04:10:23.293 10 INFO neutron.wsgi [None req-fd962626-a6b9-4be3-b7d3-37108561cadd ce236c34059d4d0babda12e0bbe32b2e 0e5e868812414428a8f6c3218fbd1854 - - default default] 10.0.0.53 "GET /v2.0/security-groups?tenant_id=13388740378b444bbe37a92eee9e71ee&name=default HTTP/1.1" status: 200 len: 2996 time: 0.5757763
2026-05-19 04:10:23.338 10 INFO neutron.wsgi [None req-c71e9d1a-721d-426e-9e49-33a1c55281e9 2dae6f47700e4fac9bbd1e6549bb6ea0 27022b2b3d2e468bb6c5a783ccb59144 - - default default] 10.0.0.53 "PUT /v2.0/floatingips/9f3c01da-9fd2-49b7-b194-17d4c7ffee69 HTTP/1.1" status: 200 len: 1038 time: 0.9893050
2026-05-19 04:10:23.440 9 INFO neutron.db.ovn_revision_numbers_db [None req-125fee56-cd10-43e7-87bb-a3f232e6d385 2cd26ae031d74173b98bf78f67b556c4 d02dde106de248218319c3728b8fce87 - - default default] Successfully bumped revision number for resource d95631b5-e456-4239-b939-ec8552814dd3 (type: router_ports) to 1
2026-05-19 04:10:23.443 9 INFO neutron.wsgi [None req-125fee56-cd10-43e7-87bb-a3f232e6d385 2cd26ae031d74173b98bf78f67b556c4 d02dde106de248218319c3728b8fce87 - - default default] 10.0.0.53 "PUT /v2.0/routers/fa9c3a48-fbd2-4dac-9104-528862bcb835/add_router_interface HTTP/1.1" status: 200 len: 503 time: 1.8503354
