2026-05-19 04:10:05.180 9 WARNING neutron.api.rpc.agentnotifiers.dhcp_rpc_agent_api [None req-6a60a119-2ee6-4e75-839c-123c0419c601 f7bff2d98cd44eb9ab5aab0e5c8cd9d9 6ec4a20037234889aaa8db98c43181b3 - - default default] Unable to schedule network ddb43c81-9f74-4481-abcc-f733367a3963: no agents available; will retry on subsequent port and subnet creation events.
2026-05-19 04:10:05.207 9 INFO neutron.wsgi [None req-1d2e0100-bc8e-4e03-8b94-08c4d002f619 ce236c34059d4d0babda12e0bbe32b2e 0e5e868812414428a8f6c3218fbd1854 - - default default] 10.0.0.53 "GET /v2.0/security-groups?tenant_id=c6c829029b5048bab2c9c301065f26fc&name=default HTTP/1.1" status: 200 len: 2996 time: 0.3175249
2026-05-19 04:10:05.407 9 INFO neutron.db.ovn_revision_numbers_db [None req-6a60a119-2ee6-4e75-839c-123c0419c601 f7bff2d98cd44eb9ab5aab0e5c8cd9d9 6ec4a20037234889aaa8db98c43181b3 - - default default] Successfully bumped revision number for resource 73547ff8-c36e-4f04-a2d7-39845b9b9fae (type: ports) to 1
2026-05-19 04:10:05.422 10 INFO neutron.wsgi [None req-e9e5d221-de3a-4984-9f6c-8111919f8b22 ce236c34059d4d0babda12e0bbe32b2e 0e5e868812414428a8f6c3218fbd1854 - - default default] 10.0.0.53 "DELETE /v2.0/security-groups/14358b82-c944-4561-8f1c-53de0b07c374 HTTP/1.1" status: 204 len: 168 time: 0.2080228
2026-05-19 04:10:05.435 9 INFO neutron.wsgi [None req-6a60a119-2ee6-4e75-839c-123c0419c601 f7bff2d98cd44eb9ab5aab0e5c8cd9d9 6ec4a20037234889aaa8db98c43181b3 - - default default] 10.0.0.53 "POST /v2.0/ports HTTP/1.1" status: 201 len: 1148 time: 0.6714237 /var/lib/openstack/lib/python3.10/site-packages/pycadf/identifier.py:71: UserWarning: Invalid uuid: neutron. To ensure interoperability, identifiers should be a valid uuid. warnings.warn(('Invalid uuid: %s. To ensure interoperability, '
2026-05-19 04:10:05.783 9 INFO neutron.wsgi [None req-3493a51a-40c5-4aca-9944-e92fea6b676e f7bff2d98cd44eb9ab5aab0e5c8cd9d9 6ec4a20037234889aaa8db98c43181b3 - - default default] 10.0.0.53 "DELETE /v2.0/ports/73547ff8-c36e-4f04-a2d7-39845b9b9fae HTTP/1.1" status: 204 len: 168 time: 0.3441224
2026-05-19 04:10:05.811 9 INFO neutron.pecan_wsgi.hooks.translation [None req-9873e447-25cc-44de-9430-e554146fb647 f7bff2d98cd44eb9ab5aab0e5c8cd9d9 6ec4a20037234889aaa8db98c43181b3 - - default default] DELETE failed (client error): The resource could not be found.
2026-05-19 04:10:05.814 9 INFO neutron.wsgi [None req-9873e447-25cc-44de-9430-e554146fb647 f7bff2d98cd44eb9ab5aab0e5c8cd9d9 6ec4a20037234889aaa8db98c43181b3 - - default default] 10.0.0.53 "DELETE /v2.0/ports/73547ff8-c36e-4f04-a2d7-39845b9b9fae HTTP/1.1" status: 404 len: 333 time: 0.0248022
2026-05-19 04:10:05.846 9 INFO neutron.pecan_wsgi.hooks.translation [None req-0fd673e6-5626-43c6-bc11-905c951addf6 f7bff2d98cd44eb9ab5aab0e5c8cd9d9 6ec4a20037234889aaa8db98c43181b3 - - default default] GET failed (client error): The resource could not be found.
2026-05-19 04:10:05.847 9 INFO neutron.wsgi [None req-0fd673e6-5626-43c6-bc11-905c951addf6 f7bff2d98cd44eb9ab5aab0e5c8cd9d9 6ec4a20037234889aaa8db98c43181b3 - - default default] 10.0.0.53 "GET /v2.0/ports/73547ff8-c36e-4f04-a2d7-39845b9b9fae HTTP/1.1" status: 404 len: 333 time: 0.0245786
2026-05-19 04:10:06.060 9 INFO neutron.wsgi [None req-0d8af65f-5b76-4bb1-9f5c-24f03c078e0a f7bff2d98cd44eb9ab5aab0e5c8cd9d9 6ec4a20037234889aaa8db98c43181b3 - - default default] 10.0.0.53 "DELETE /v2.0/subnets/262fa7a1-61e2-431b-a820-b9853e23a914 HTTP/1.1" status: 204 len: 168 time: 0.2071857
2026-05-19 04:10:06.480 9 INFO neutron.services.segments.plugin [-] Segment 1ce3068a-8dc0-493b-97ad-9e48837b97ab resource provider aggregate not found
2026-05-19 04:10:06.485 9 INFO neutron.services.segments.plugin [-] Segment 1ce3068a-8dc0-493b-97ad-9e48837b97ab resource provider aggregate not found
2026-05-19 04:10:06.503 9 INFO neutron.services.segments.plugin [-] Segment 1ce3068a-8dc0-493b-97ad-9e48837b97ab resource provider not found; error: Placement Client Error (4xx): {"errors": [{"status": 404, "title": "Not Found", "detail": "The resource could not be found.\n\n No resource provider with uuid 1ce3068a-8dc0-493b-97ad-9e48837b97ab found for delete ", "request_id": "req-2ac634dd-c6c8-406f-a8bf-bd72429f5617"}]}
2026-05-19 04:10:06.511 9 INFO neutron.services.segments.plugin [-] Segment 1ce3068a-8dc0-493b-97ad-9e48837b97ab resource provider not found; error: Placement Client Error (4xx): {"errors": [{"status": 404, "title": "Not Found", "detail": "The resource could not be found.\n\n No resource provider with uuid 1ce3068a-8dc0-493b-97ad-9e48837b97ab found for delete ", "request_id": "req-3d1c4239-9be8-4f7e-99aa-4aefab949f48"}]}
2026-05-19 04:10:06.537 9 INFO neutron.wsgi [None req-eb073bc7-10da-44b9-a183-5dae10a55bb9 f7bff2d98cd44eb9ab5aab0e5c8cd9d9 6ec4a20037234889aaa8db98c43181b3 - - default default] 10.0.0.53 "DELETE /v2.0/networks/ddb43c81-9f74-4481-abcc-f733367a3963 HTTP/1.1" status: 204 len: 168 time: 0.4728918
2026-05-19 04:10:06.669 10 INFO neutron.db.segments_db [None req-d2250b4e-6086-4f3c-87fb-66121788f831 f7bff2d98cd44eb9ab5aab0e5c8cd9d9 6ec4a20037234889aaa8db98c43181b3 - - default default] Added segment 6404d96c-e272-44db-b4b4-ef5fc0bc8066 of type geneve for network 7a09183b-23b1-4773-8f2d-b4cbedf37fb4
2026-05-19 04:10:06.833 10 INFO neutron.db.ovn_revision_numbers_db [None req-d2250b4e-6086-4f3c-87fb-66121788f831 f7bff2d98cd44eb9ab5aab0e5c8cd9d9 6ec4a20037234889aaa8db98c43181b3 - - default default] Successfully bumped revision number for resource 7a09183b-23b1-4773-8f2d-b4cbedf37fb4 (type: networks) to 1
2026-05-19 04:10:07.034 10 WARNING neutron.scheduler.dhcp_agent_scheduler [None req-d2250b4e-6086-4f3c-87fb-66121788f831 f7bff2d98cd44eb9ab5aab0e5c8cd9d9 6ec4a20037234889aaa8db98c43181b3 - - default default] No more DHCP agents
2026-05-19 04:10:07.036 10 WARNING neutron.api.rpc.agentnotifiers.dhcp_rpc_agent_api [None req-d2250b4e-6086-4f3c-87fb-66121788f831 f7bff2d98cd44eb9ab5aab0e5c8cd9d9 6ec4a20037234889aaa8db98c43181b3 - - default default] Unable to schedule network 7a09183b-23b1-4773-8f2d-b4cbedf37fb4: no agents available; will retry on subsequent port and subnet creation events.
2026-05-19 04:10:07.054 9 INFO neutron.wsgi [None req-479846e4-50eb-4366-bee0-cab8a2e026a2 e52101623b274d028a1c07cfe7663063 ca97cbfe5d664736a918c3b73fbeefbf - - default default] 10.0.0.53 "GET /v2.0/extensions HTTP/1.1" status: 200 len: 16520 time: 0.2543163
2026-05-19 04:10:07.066 9 INFO neutron.wsgi [None req-16745e93-6c20-488d-a7c5-ab6cabc05c3f e52101623b274d028a1c07cfe7663063 ca97cbfe5d664736a918c3b73fbeefbf - - default default] 10.0.0.53 "GET /v2.0/extensions/address-group HTTP/1.1" status: 200 len: 353 time: 0.0063391
2026-05-19 04:10:07.076 9 INFO neutron.wsgi [None req-c0a4741e-9eda-4e5b-8471-de1f35357497 e52101623b274d028a1c07cfe7663063 ca97cbfe5d664736a918c3b73fbeefbf - - default default] 10.0.0.53 "GET /v2.0/extensions/address-scope HTTP/1.1" status: 200 len: 357 time: 0.0057213
2026-05-19 04:10:07.088 9 INFO neutron.wsgi [None req-37f45efd-8846-48d6-8b65-a0829f57337b e52101623b274d028a1c07cfe7663063 ca97cbfe5d664736a918c3b73fbeefbf - - default default] 10.0.0.53 "GET /v2.0/extensions/agent HTTP/1.1" status: 200 len: 347 time: 0.0071542
2026-05-19 04:10:07.105 9 INFO neutron.wsgi [None req-f31744e1-00ec-4245-890a-ccc9023fb705 e52101623b274d028a1c07cfe7663063 ca97cbfe5d664736a918c3b73fbeefbf - - default default] 10.0.0.53 "GET /v2.0/extensions/allowed-address-pairs HTTP/1.1" status: 200 len: 378 time: 0.0050857
2026-05-19 04:10:07.113 9 INFO neutron.wsgi [None req-1b4a47d9-9cf6-47d7-9d2f-fd1cfb6df702 e52101623b274d028a1c07cfe7663063 ca97cbfe5d664736a918c3b73fbeefbf - - default default] 10.0.0.53 "GET /v2.0/extensions/auto-allocated-topology HTTP/1.1" status: 200 len: 394 time: 0.0041821
2026-05-19 04:10:07.124 10 INFO neutron.wsgi [None req-b1db58f3-bfd1-4fda-b71b-8460017556a2 e52101623b274d028a1c07cfe7663063 ca97cbfe5d664736a918c3b73fbeefbf - - default default] 10.0.0.53 "GET /v2.0/extensions/availability_zone HTTP/1.1" status: 200 len: 372 time: 0.0075662
2026-05-19 04:10:07.137 9 INFO neutron.wsgi [None req-3c0a8401-c4e9-4b17-bdfd-0f575c1ec863 e52101623b274d028a1c07cfe7663063 ca97cbfe5d664736a918c3b73fbeefbf - - default default] 10.0.0.53 "GET /v2.0/extensions/default-subnetpools HTTP/1.1" status: 200 len: 405 time: 0.0076497
2026-05-19 04:10:07.138 10 INFO neutron.db.ovn_revision_numbers_db [None req-d2250b4e-6086-4f3c-87fb-66121788f831 f7bff2d98cd44eb9ab5aab0e5c8cd9d9 6ec4a20037234889aaa8db98c43181b3 - - default default] Successfully bumped revision number for resource 97477a85-bf9d-4b92-8998-c0e2207aa039 (type: ports) to 1
2026-05-19 04:10:07.148 10 INFO neutron.wsgi [None req-fef9e110-1eec-4ffa-9a0f-5080c1072961 e52101623b274d028a1c07cfe7663063 ca97cbfe5d664736a918c3b73fbeefbf - - default default] 10.0.0.53 "GET /v2.0/extensions/dhcp_agent_scheduler HTTP/1.1" status: 200 len: 381 time: 0.0069718
2026-05-19 04:10:07.155 10 INFO neutron.wsgi [None req-a363cef8-5f99-48bd-800e-c8d7a53a6859 e52101623b274d028a1c07cfe7663063 ca97cbfe5d664736a918c3b73fbeefbf - - default default] 10.0.0.53 "GET /v2.0/extensions/dns-integration HTTP/1.1" status: 200 len: 366 time: 0.0029607
2026-05-19 04:10:07.165 9 INFO neutron.wsgi [None req-dcc32aed-6c0b-48d0-a81f-667a4d18cb0b e52101623b274d028a1c07cfe7663063 ca97cbfe5d664736a918c3b73fbeefbf - - default default] 10.0.0.53 "GET /v2.0/extensions/dns-domain-ports HTTP/1.1" status: 200 len: 399 time: 0.0068812
2026-05-19 04:10:07.172 10 INFO neutron.wsgi [None req-d2250b4e-6086-4f3c-87fb-66121788f831 f7bff2d98cd44eb9ab5aab0e5c8cd9d9 6ec4a20037234889aaa8db98c43181b3 - - default default] 10.0.0.53 "POST /v2.0/networks HTTP/1.1" status: 201 len: 831 time: 0.6259785
2026-05-19 04:10:07.178 9 INFO neutron.wsgi [None req-5f82165e-e1ff-4baa-9007-7b6197bd47b9 e52101623b274d028a1c07cfe7663063 ca97cbfe5d664736a918c3b73fbeefbf - - default default] 10.0.0.53 "GET /v2.0/extensions/dns-integration-domain-keywords HTTP/1.1" status: 200 len: 477 time: 0.0058482
2026-05-19 04:10:07.187 9 INFO neutron.wsgi [None req-7037fd36-23c2-4af8-8696-28ddb3896fcd e52101623b274d028a1c07cfe7663063 ca97cbfe5d664736a918c3b73fbeefbf - - default default] 10.0.0.53 "GET /v2.0/extensions/external-net HTTP/1.1" status: 200 len: 394 time: 0.0042896
2026-05-19 04:10:07.203 9 INFO neutron.wsgi [None req-7888f072-66f7-458b-bd7a-38a1c54a32aa e52101623b274d028a1c07cfe7663063 ca97cbfe5d664736a918c3b73fbeefbf - - default default] 10.0.0.53 "GET /v2.0/extensions/extra_dhcp_opt HTTP/1.1" status: 200 len: 498 time: 0.0100813
2026-05-19 04:10:07.217 9 INFO neutron.wsgi [None req-28174978-d378-4250-ba79-b02fb9dc7de7 e52101623b274d028a1c07cfe7663063 ca97cbfe5d664736a918c3b73fbeefbf - - default default] 10.0.0.53 "GET /v2.0/extensions/extraroute HTTP/1.1" status: 200 len: 375 time: 0.0087929
2026-05-19 04:10:07.231 10 INFO neutron.wsgi [None req-6c2f551f-8248-4a76-8304-5363769a6530 e52101623b274d028a1c07cfe7663063 ca97cbfe5d664736a918c3b73fbeefbf - - default default] 10.0.0.53 "GET /v2.0/extensions/filter-validation HTTP/1.1" status: 200 len: 392 time: 0.0089560
2026-05-19 04:10:07.245 9 INFO neutron.wsgi [None req-5a956463-1184-45fe-9cdb-aa0bcfdcbe77 e52101623b274d028a1c07cfe7663063 ca97cbfe5d664736a918c3b73fbeefbf - - default default] 10.0.0.53 "GET /v2.0/extensions/floating-ip-port-forwarding-detail HTTP/1.1" status: 200 len: 465 time: 0.0092649
2026-05-19 04:10:07.252 9 INFO neutron.wsgi [None req-672c4b5b-d0a4-4b5e-b39b-1049ddd99616 e52101623b274d028a1c07cfe7663063 ca97cbfe5d664736a918c3b73fbeefbf - - default default] 10.0.0.53 "GET /v2.0/extensions/fip-port-details HTTP/1.1" status: 200 len: 406 time: 0.0042360
2026-05-19 04:10:07.260 9 INFO neutron.wsgi [None req-061d97f4-d202-4a5c-94ba-05da77dd3e31 e52101623b274d028a1c07cfe7663063 ca97cbfe5d664736a918c3b73fbeefbf - - default default] 10.0.0.53 "GET /v2.0/extensions/flavors HTTP/1.1" status: 200 len: 387 time: 0.0044765
2026-05-19 04:10:07.269 9 INFO neutron.wsgi [None req-1a5cb92d-7166-4d50-8cbb-10e15fd237ea e52101623b274d028a1c07cfe7663063 ca97cbfe5d664736a918c3b73fbeefbf - - default default] 10.0.0.53 "GET /v2.0/extensions/floatingip-pools HTTP/1.1" status: 200 len: 382 time: 0.0041304
2026-05-19 04:10:07.280 9 INFO neutron.wsgi [None req-0559621f-3a2c-45be-b540-b770f0aff0d7 e52101623b274d028a1c07cfe7663063 ca97cbfe5d664736a918c3b73fbeefbf - - default default] 10.0.0.53 "GET /v2.0/extensions/ip_allocation HTTP/1.1" status: 200 len: 356 time: 0.0064204
2026-05-19 04:10:07.287 9 INFO neutron.wsgi [None req-80946532-fcca-4447-80bd-c5457838fdad e52101623b274d028a1c07cfe7663063 ca97cbfe5d664736a918c3b73fbeefbf - - default default] 10.0.0.53 "GET /v2.0/extensions/l2_adjacency HTTP/1.1" status: 200 len: 372 time: 0.0039670
2026-05-19 04:10:07.294 9 INFO neutron.wsgi [None req-9d55e8dc-02cf-4a1f-b16f-5a0df409f835 e52101623b274d028a1c07cfe7663063 ca97cbfe5d664736a918c3b73fbeefbf - - default default] 10.0.0.53 "GET /v2.0/extensions/router HTTP/1.1" status: 200 len: 450 time: 0.0040591
2026-05-19 04:10:07.302 9 INFO neutron.wsgi [None req-c8ae72cb-8753-41ef-9db5-d3a03f4b523d e52101623b274d028a1c07cfe7663063 ca97cbfe5d664736a918c3b73fbeefbf - - default default] 10.0.0.53 "GET /v2.0/extensions/ext-gw-mode HTTP/1.1" status: 200 len: 462 time: 0.0043461
2026-05-19 04:10:07.315 9 INFO neutron.wsgi [None req-6c0768c8-51b1-49ed-87bb-28ea15de5255 e52101623b274d028a1c07cfe7663063 ca97cbfe5d664736a918c3b73fbeefbf - - default default] 10.0.0.53 "GET /v2.0/extensions/logging HTTP/1.1" status: 200 len: 407 time: 0.0092361
2026-05-19 04:10:07.324 9 INFO neutron.wsgi [None req-1eea0a52-c641-43f7-8603-7c7fcc4abc4b e52101623b274d028a1c07cfe7663063 ca97cbfe5d664736a918c3b73fbeefbf - - default default] 10.0.0.53 "GET /v2.0/extensions/multi-provider HTTP/1.1" status: 200 len: 406 time: 0.0046504
2026-05-19 04:10:07.332 9 INFO neutron.wsgi [None req-4e3701d2-d9c9-480a-9d32-21a3f15f332e e52101623b274d028a1c07cfe7663063 ca97cbfe5d664736a918c3b73fbeefbf - - default default] 10.0.0.53 "GET /v2.0/extensions/net-mtu HTTP/1.1" status: 200 len: 370 time: 0.0044463
2026-05-19 04:10:07.339 9 INFO neutron.wsgi [None req-750166b2-8357-45a5-abe9-4eed40a91a87 e52101623b274d028a1c07cfe7663063 ca97cbfe5d664736a918c3b73fbeefbf - - default default] 10.0.0.53 "GET /v2.0/extensions/net-mtu-writable HTTP/1.1" status: 200 len: 401 time: 0.0039704
2026-05-19 04:10:07.347 9 INFO neutron.wsgi [None req-7134b07e-5dc2-4500-a98b-c9830e8d1877 e52101623b274d028a1c07cfe7663063 ca97cbfe5d664736a918c3b73fbeefbf - - default default] 10.0.0.53 "GET /v2.0/extensions/network_availability_zone HTTP/1.1" status: 200 len: 394 time: 0.0046856
2026-05-19 04:10:07.357 9 INFO neutron.wsgi [None req-d8e2d7c6-0999-4e98-868c-bcec830c0544 e52101623b274d028a1c07cfe7663063 ca97cbfe5d664736a918c3b73fbeefbf - - default default] 10.0.0.53 "GET /v2.0/extensions/network-ip-availability HTTP/1.1" status: 200 len: 410 time: 0.0043674
2026-05-19 04:10:07.364 9 INFO neutron.wsgi [None req-5defcea8-fea6-4f8a-92f4-110753dd3bef e52101623b274d028a1c07cfe7663063 ca97cbfe5d664736a918c3b73fbeefbf - - default default] 10.0.0.53 "GET /v2.0/extensions/pagination HTTP/1.1" status: 200 len: 386 time: 0.0042558
2026-05-19 04:10:07.380 10 INFO neutron.wsgi [None req-f1101727-2a6c-42d5-bbe0-2a969b084d50 e52101623b274d028a1c07cfe7663063 ca97cbfe5d664736a918c3b73fbeefbf - - default default] 10.0.0.53 "GET /v2.0/extensions/port-device-profile HTTP/1.1" status: 200 len: 383 time: 0.0124593
2026-05-19 04:10:07.390 10 INFO neutron.wsgi [None req-9bd404b9-063a-463f-b5d3-211d72f89a58 e52101623b274d028a1c07cfe7663063 ca97cbfe5d664736a918c3b73fbeefbf - - default default] 10.0.0.53 "GET /v2.0/extensions/port-mac-address-regenerate HTTP/1.1" status: 200 len: 403 time: 0.0043759
2026-05-19 04:10:07.397 10 INFO neutron.wsgi [None req-6e2c3292-d36e-443c-acf6-9fa9ec4420c5 e52101623b274d028a1c07cfe7663063 ca97cbfe5d664736a918c3b73fbeefbf - - default default] 10.0.0.53 "GET /v2.0/extensions/port-numa-affinity-policy HTTP/1.1" status: 200 len: 392 time: 0.0042593
2026-05-19 04:10:07.415 9 INFO neutron.wsgi [None req-c3db0850-8513-46ee-a376-6c878ab03131 e52101623b274d028a1c07cfe7663063 ca97cbfe5d664736a918c3b73fbeefbf - - default default] 10.0.0.53 "GET /v2.0/extensions/port-resource-request HTTP/1.1" status: 200 len: 379 time: 0.0093074
2026-05-19 04:10:07.425 9 INFO neutron.wsgi [None req-aafecab3-d946-4071-ad4c-0609386e25ca e52101623b274d028a1c07cfe7663063 ca97cbfe5d664736a918c3b73fbeefbf - - default default] 10.0.0.53 "GET /v2.0/extensions/port-resource-request-groups HTTP/1.1" status: 200 len: 465 time: 0.0061769
2026-05-19 04:10:07.433 9 INFO neutron.wsgi [None req-7432fd2d-2557-413d-ad98-ff870d5d41de e52101623b274d028a1c07cfe7663063 ca97cbfe5d664736a918c3b73fbeefbf - - default default] 10.0.0.53 "GET /v2.0/extensions/binding HTTP/1.1" status: 200 len: 387 time: 0.0039308
2026-05-19 04:10:07.440 9 INFO neutron.wsgi [None req-6515265c-2b32-412b-be17-155304d85a27 e52101623b274d028a1c07cfe7663063 ca97cbfe5d664736a918c3b73fbeefbf - - default default] 10.0.0.53 "GET /v2.0/extensions/binding-extended HTTP/1.1" status: 200 len: 406 time: 0.0039513
2026-05-19 04:10:07.447 9 INFO neutron.wsgi [None req-55cd6f11-7345-4643-9d3c-b04b4b7e334b e52101623b274d028a1c07cfe7663063 ca97cbfe5d664736a918c3b73fbeefbf - - default default] 10.0.0.53 "GET /v2.0/extensions/port-security HTTP/1.1" status: 200 len: 354 time: 0.0038853
2026-05-19 04:10:07.454 9 INFO neutron.wsgi [None req-2bd01786-c60d-4ade-a0ca-bcea6fa89427 e52101623b274d028a1c07cfe7663063 ca97cbfe5d664736a918c3b73fbeefbf - - default default] 10.0.0.53 "GET /v2.0/extensions/project-id HTTP/1.1" status: 200 len: 398 time: 0.0043707
2026-05-19 04:10:07.472 10 WARNING neutron.scheduler.dhcp_agent_scheduler [None req-a65a28a0-1ec1-423a-8f29-9e61dcf629f8 f7bff2d98cd44eb9ab5aab0e5c8cd9d9 6ec4a20037234889aaa8db98c43181b3 - - default default] No more DHCP agents
2026-05-19 04:10:07.473 9 INFO neutron.wsgi [None req-0ed722ad-e195-4e03-a3b8-d701cacce576 e52101623b274d028a1c07cfe7663063 ca97cbfe5d664736a918c3b73fbeefbf - - default default] 10.0.0.53 "GET /v2.0/extensions/provider HTTP/1.1" status: 200 len: 385 time: 0.0045061
2026-05-19 04:10:07.477 10 WARNING neutron.api.rpc.agentnotifiers.dhcp_rpc_agent_api [None req-a65a28a0-1ec1-423a-8f29-9e61dcf629f8 f7bff2d98cd44eb9ab5aab0e5c8cd9d9 6ec4a20037234889aaa8db98c43181b3 - - default default] Unable to schedule network 7a09183b-23b1-4773-8f2d-b4cbedf37fb4: no agents available; will retry on subsequent port and subnet creation events.
2026-05-19 04:10:07.481 9 INFO neutron.wsgi [None req-0be0095d-e20d-4700-a96a-157165d336b5 e52101623b274d028a1c07cfe7663063 ca97cbfe5d664736a918c3b73fbeefbf - - default default] 10.0.0.53 "GET /v2.0/extensions/qos HTTP/1.1" status: 200 len: 360 time: 0.0038018
2026-05-19 04:10:07.497 9 INFO neutron.wsgi [None req-e4dc4914-c137-440d-9853-4f3cb9411896 e52101623b274d028a1c07cfe7663063 ca97cbfe5d664736a918c3b73fbeefbf - - default default] 10.0.0.53 "GET /v2.0/extensions/qos-bw-limit-direction HTTP/1.1" status: 200 len: 452 time: 0.0102649
2026-05-19 04:10:07.507 9 INFO neutron.wsgi [None req-e276ff51-3cb4-48ba-a45e-d92f3a55671a e52101623b274d028a1c07cfe7663063 ca97cbfe5d664736a918c3b73fbeefbf - - default default] 10.0.0.53 "GET /v2.0/extensions/qos-bw-minimum-ingress HTTP/1.1" status: 200 len: 445 time: 0.0053709
2026-05-19 04:10:07.515 9 INFO neutron.wsgi [None req-2b0d4893-f109-4361-ab25-1fee8a0b3984 e52101623b274d028a1c07cfe7663063 ca97cbfe5d664736a918c3b73fbeefbf - - default default] 10.0.0.53 "GET /v2.0/extensions/qos-default HTTP/1.1" status: 200 len: 377 time: 0.0037739
2026-05-19 04:10:07.521 9 INFO neutron.wsgi [None req-82c8a31f-1cab-4414-bb22-c8c795001633 e52101623b274d028a1c07cfe7663063 ca97cbfe5d664736a918c3b73fbeefbf - - default default] 10.0.0.53 "GET /v2.0/extensions/qos-fip HTTP/1.1" status: 200 len: 372 time: 0.0038595
2026-05-19 04:10:07.528 9 INFO neutron.wsgi [None req-669caa64-265c-4c56-a014-48030a3f49ef e52101623b274d028a1c07cfe7663063 ca97cbfe5d664736a918c3b73fbeefbf - - default default] 10.0.0.53 "GET /v2.0/extensions/qos-gateway-ip HTTP/1.1" status: 200 len: 391 time: 0.0038750
2026-05-19 04:10:07.536 9 INFO neutron.wsgi [None req-13309a25-eb37-4e54-ac61-940a14424843 e52101623b274d028a1c07cfe7663063 ca97cbfe5d664736a918c3b73fbeefbf - - default default] 10.0.0.53 "GET /v2.0/extensions/qos-port-network-policy HTTP/1.1" status: 200 len: 403 time: 0.0042491
2026-05-19 04:10:07.546 9 INFO neutron.wsgi [None req-7bd8e42f-6075-4da7-a3bf-a1e6152793dc e52101623b274d028a1c07cfe7663063 ca97cbfe5d664736a918c3b73fbeefbf - - default default] 10.0.0.53 "GET /v2.0/extensions/qos-pps-minimum HTTP/1.1" status: 200 len: 397 time: 0.0041862
2026-05-19 04:10:07.553 9 INFO neutron.wsgi [None req-85828bb6-b50f-4755-80a4-6a2bcf362a99 e52101623b274d028a1c07cfe7663063 ca97cbfe5d664736a918c3b73fbeefbf - - default default] 10.0.0.53 "GET /v2.0/extensions/qos-pps-minimum-rule-alias HTTP/1.1" status: 200 len: 471 time: 0.0039859
2026-05-19 04:10:07.563 9 INFO neutron.wsgi [None req-35bf312c-207c-49b0-89c2-fdfc1711a5cb e52101623b274d028a1c07cfe7663063 ca97cbfe5d664736a918c3b73fbeefbf - - default default] 10.0.0.53 "GET /v2.0/extensions/qos-pps HTTP/1.1" status: 200 len: 389 time: 0.0038276
2026-05-19 04:10:07.570 9 INFO neutron.wsgi [None req-e1cd88f0-24c0-40b0-8bf9-f10247c93b2e e52101623b274d028a1c07cfe7663063 ca97cbfe5d664736a918c3b73fbeefbf - - default default] 10.0.0.53 "GET /v2.0/extensions/qos-rule-type-details HTTP/1.1" status: 200 len: 423 time: 0.0043240
2026-05-19 04:10:07.578 9 INFO neutron.wsgi [None req-2a3bcbc7-b00e-4884-80e6-e2eab6e628f5 e52101623b274d028a1c07cfe7663063 ca97cbfe5d664736a918c3b73fbeefbf - - default default] 10.0.0.53 "GET /v2.0/extensions/qos-rule-type-filter HTTP/1.1" status: 200 len: 567 time: 0.0037842
2026-05-19 04:10:07.585 9 INFO neutron.wsgi [None req-64c66e89-0910-48c2-8d9d-69cff1673f58 e52101623b274d028a1c07cfe7663063 ca97cbfe5d664736a918c3b73fbeefbf - - default default] 10.0.0.53 "GET /v2.0/extensions/qos-rules-alias HTTP/1.1" status: 200 len: 448 time: 0.0038567
2026-05-19 04:10:07.593 9 INFO neutron.wsgi [None req-66e52abc-ac11-465e-a3f4-78bbf214ae7e e52101623b274d028a1c07cfe7663063 ca97cbfe5d664736a918c3b73fbeefbf - - default default] 10.0.0.53 "GET /v2.0/extensions/quota-check-limit HTTP/1.1" status: 200 len: 420 time: 0.0043564
2026-05-19 04:10:07.601 9 INFO neutron.wsgi [None req-24f1a91d-e7a1-4504-acab-fbf1407860a6 e52101623b274d028a1c07cfe7663063 ca97cbfe5d664736a918c3b73fbeefbf - - default default] 10.0.0.53 "GET /v2.0/extensions/quotas HTTP/1.1" status: 200 len: 386 time: 0.0043640
2026-05-19 04:10:07.608 9 INFO neutron.wsgi [None req-cd949b86-9e16-49b7-ac61-72e0b75c2716 e52101623b274d028a1c07cfe7663063 ca97cbfe5d664736a918c3b73fbeefbf - - default default] 10.0.0.53 "GET /v2.0/extensions/quota_details HTTP/1.1" status: 200 len: 407 time: 0.0041196
2026-05-19 04:10:07.616 9 INFO neutron.wsgi [None req-c3b00dd7-9705-4dfa-8065-48ec97febf4d e52101623b274d028a1c07cfe7663063 ca97cbfe5d664736a918c3b73fbeefbf - - default default] 10.0.0.53 "GET /v2.0/extensions/rbac-policies HTTP/1.1" status: 200 len: 417 time: 0.0038574
2026-05-19 04:10:07.624 9 INFO neutron.wsgi [None req-e248f5ff-72da-49cb-aeae-422cc8070a96 e52101623b274d028a1c07cfe7663063 ca97cbfe5d664736a918c3b73fbeefbf - - default default] 10.0.0.53 "GET /v2.0/extensions/rbac-address-scope HTTP/1.1" status: 200 len: 384 time: 0.0038881
2026-05-19 04:10:07.633 9 INFO neutron.wsgi [None req-c733aed4-3863-44e5-9d7f-5c2e4c134353 e52101623b274d028a1c07cfe7663063 ca97cbfe5d664736a918c3b73fbeefbf - - default default] 10.0.0.53 "GET /v2.0/extensions/rbac-security-groups HTTP/1.1" status: 200 len: 404 time: 0.0045385
2026-05-19 04:10:07.640 9 INFO neutron.wsgi [None req-230e9e69-61a3-457d-9b33-ad9cf728388d e52101623b274d028a1c07cfe7663063 ca97cbfe5d664736a918c3b73fbeefbf - - default default] 10.0.0.53 "GET /v2.0/extensions/revision-if-match HTTP/1.1" status: 200 len: 441 time: 0.0037103
2026-05-19 04:10:07.647 9 INFO neutron.wsgi [None req-83721e78-483b-4629-856b-4c74120fde0f e52101623b274d028a1c07cfe7663063 ca97cbfe5d664736a918c3b73fbeefbf - - default default] 10.0.0.53 "GET /v2.0/extensions/standard-attr-revisions HTTP/1.1" status: 200 len: 423 time: 0.0036476
2026-05-19 04:10:07.654 9 INFO neutron.wsgi [None req-ebef9568-5c71-48c9-8289-77db5ec92a95 e52101623b274d028a1c07cfe7663063 ca97cbfe5d664736a918c3b73fbeefbf - - default default] 10.0.0.53 "GET /v2.0/extensions/router_availability_zone HTTP/1.1" status: 200 len: 391 time: 0.0038722
2026-05-19 04:10:07.663 9 INFO neutron.wsgi [None req-e197d7a8-e228-4fdf-812e-2fb5475b489d e52101623b274d028a1c07cfe7663063 ca97cbfe5d664736a918c3b73fbeefbf - - default default] 10.0.0.53 "GET /v2.0/extensions/security-groups-normalized-cidr HTTP/1.1" status: 200 len: 445 time: 0.0045378
2026-05-19 04:10:07.670 9 INFO neutron.wsgi [None req-8705a03e-fb31-46ae-9e7e-1e3d43fb6c5d e52101623b274d028a1c07cfe7663063 ca97cbfe5d664736a918c3b73fbeefbf - - default default] 10.0.0.53 "GET /v2.0/extensions/security-groups-remote-address-group HTTP/1.1" status: 200 len: 448 time: 0.0040095
2026-05-19 04:10:07.680 9 INFO neutron.wsgi [None req-3a470ae3-759b-4dc2-b9f1-0d9a36a985ab e52101623b274d028a1c07cfe7663063 ca97cbfe5d664736a918c3b73fbeefbf - - default default] 10.0.0.53 "GET /v2.0/extensions/security-groups-shared-filtering HTTP/1.1" status: 200 len: 435 time: 0.0037670
2026-05-19 04:10:07.689 9 INFO neutron.wsgi [None req-ce8020d2-2439-4988-8631-5269e85d1510 e52101623b274d028a1c07cfe7663063 ca97cbfe5d664736a918c3b73fbeefbf - - default default] 10.0.0.53 "GET /v2.0/extensions/security-group HTTP/1.1" status: 200 len: 364 time: 0.0048213
2026-05-19 04:10:07.698 9 INFO neutron.wsgi [None req-4b514375-6d7e-4b16-af19-5e7c15abeca6 e52101623b274d028a1c07cfe7663063 ca97cbfe5d664736a918c3b73fbeefbf - - default default] 10.0.0.53 "GET /v2.0/extensions/segment HTTP/1.1" status: 200 len: 339 time: 0.0046921
2026-05-19 04:10:07.705 9 INFO neutron.wsgi [None req-1afc32dc-df04-49c2-ac6b-1d4b22309556 e52101623b274d028a1c07cfe7663063 ca97cbfe5d664736a918c3b73fbeefbf - - default default] 10.0.0.53 "GET /v2.0/extensions/segments-peer-subnet-host-routes HTTP/1.1" status: 200 len: 427 time: 0.0037496
2026-05-19 04:10:07.712 9 INFO neutron.wsgi [None req-c1e92d9a-0dd7-4b3b-9500-b4506a6cb373 e52101623b274d028a1c07cfe7663063 ca97cbfe5d664736a918c3b73fbeefbf - - default default] 10.0.0.53 "GET /v2.0/extensions/service-type HTTP/1.1" status: 200 len: 415 time: 0.0039759
2026-05-19 04:10:07.719 9 INFO neutron.wsgi [None req-e1b4ebee-fc82-4ccc-a814-177b01873cd4 e52101623b274d028a1c07cfe7663063 ca97cbfe5d664736a918c3b73fbeefbf - - default default] 10.0.0.53 "GET /v2.0/extensions/sorting HTTP/1.1" status: 200 len: 377 time: 0.0041327
2026-05-19 04:10:07.727 9 INFO neutron.wsgi [None req-6a6dcc1b-80e0-4e1d-b3c4-dda4a17ef282 e52101623b274d028a1c07cfe7663063 ca97cbfe5d664736a918c3b73fbeefbf - - default default] 10.0.0.53 "GET /v2.0/extensions/standard-attr-segment HTTP/1.1" status: 200 len: 406 time: 0.0040469
2026-05-19 04:10:07.733 9 INFO neutron.wsgi [None req-8f061443-a945-43e7-88f0-2be2a4370905 e52101623b274d028a1c07cfe7663063 ca97cbfe5d664736a918c3b73fbeefbf - - default default] 10.0.0.53 "GET /v2.0/extensions/standard-attr-description HTTP/1.1" status: 200 len: 408 time: 0.0030079
2026-05-19 04:10:07.741 9 INFO neutron.wsgi [None req-8f2195a5-4f65-4bb8-afb8-8183a73cd092 e52101623b274d028a1c07cfe7663063 ca97cbfe5d664736a918c3b73fbeefbf - - default default] 10.0.0.53 "GET /v2.0/extensions/stateful-security-group HTTP/1.1" status: 200 len: 402 time: 0.0039589
2026-05-19 04:10:07.748 9 INFO neutron.wsgi [None req-db4c751e-a29b-48ac-87c0-d5b980052c98 e52101623b274d028a1c07cfe7663063 ca97cbfe5d664736a918c3b73fbeefbf - - default default] 10.0.0.53 "GET /v2.0/extensions/subnet-dns-publish-fixed-ip HTTP/1.1" status: 200 len: 421 time: 0.0037837
2026-05-19 04:10:07.755 9 INFO neutron.wsgi [None req-b1ef0666-d6c6-40b5-9eb6-4184451704de e52101623b274d028a1c07cfe7663063 ca97cbfe5d664736a918c3b73fbeefbf - - default default] 10.0.0.53 "GET /v2.0/extensions/subnet-segmentid-writable HTTP/1.1" status: 200 len: 421 time: 0.0042360
2026-05-19 04:10:07.762 9 INFO neutron.wsgi [None req-bd2c657c-2dff-43ee-94f9-0d0bbf9c9242 e52101623b274d028a1c07cfe7663063 ca97cbfe5d664736a918c3b73fbeefbf - - default default] 10.0.0.53 "GET /v2.0/extensions/subnet-service-types HTTP/1.1" status: 200 len: 400 time: 0.0038028
2026-05-19 04:10:07.767 9 INFO neutron.wsgi [None req-0aadcaa5-c96f-4f90-946c-731492ea19ec e52101623b274d028a1c07cfe7663063 ca97cbfe5d664736a918c3b73fbeefbf - - default default] 10.0.0.53 "GET /v2.0/extensions/subnet_allocation HTTP/1.1" status: 200 len: 388 time: 0.0027199
2026-05-19 04:10:07.776 9 INFO neutron.wsgi [None req-b93a15fc-a14e-4b40-ae7a-aaad1fa5cdc4 e52101623b274d028a1c07cfe7663063 ca97cbfe5d664736a918c3b73fbeefbf - - default default] 10.0.0.53 "GET /v2.0/extensions/subnetpool-prefix-ops HTTP/1.1" status: 200 len: 418 time: 0.0045722
2026-05-19 04:10:07.783 9 INFO neutron.wsgi [None req-4bc0d85d-9a88-4d39-a566-1a0540e3408c e52101623b274d028a1c07cfe7663063 ca97cbfe5d664736a918c3b73fbeefbf - - default default] 10.0.0.53 "GET /v2.0/extensions/standard-attr-tag HTTP/1.1" status: 200 len: 537 time: 0.0040920
2026-05-19 04:10:07.791 9 INFO neutron.wsgi [None req-53600c37-6ce5-446b-beaf-d7a56f75531f e52101623b274d028a1c07cfe7663063 ca97cbfe5d664736a918c3b73fbeefbf - - default default] 10.0.0.53 "GET /v2.0/extensions/standard-attr-timestamp HTTP/1.1" status: 200 len: 449 time: 0.0041170
2026-05-19 04:10:07.800 9 INFO neutron.wsgi [None req-04819df5-c6bf-449f-b15f-c27facb65740 e52101623b274d028a1c07cfe7663063 ca97cbfe5d664736a918c3b73fbeefbf - - default default] 10.0.0.53 "GET /v2.0/extensions/trunk HTTP/1.1" status: 200 len: 358 time: 0.0039728
2026-05-19 04:10:07.808 9 INFO neutron.wsgi [None req-42c1bd18-1581-4469-bdda-5b3525f72ab8 e52101623b274d028a1c07cfe7663063 ca97cbfe5d664736a918c3b73fbeefbf - - default default] 10.0.0.53 "GET /v2.0/extensions/trunk-details HTTP/1.1" status: 200 len: 362 time: 0.0037494
2026-05-19 04:10:07.982 10 INFO neutron.db.ovn_revision_numbers_db [None req-a65a28a0-1ec1-423a-8f29-9e61dcf629f8 f7bff2d98cd44eb9ab5aab0e5c8cd9d9 6ec4a20037234889aaa8db98c43181b3 - - default default] Successfully bumped revision number for resource 97477a85-bf9d-4b92-8998-c0e2207aa039 (type: ports) to 2
2026-05-19 04:10:08.016 10 INFO neutron.db.ovn_revision_numbers_db [None req-a65a28a0-1ec1-423a-8f29-9e61dcf629f8 f7bff2d98cd44eb9ab5aab0e5c8cd9d9 6ec4a20037234889aaa8db98c43181b3 - - default default] Successfully bumped revision number for resource bb0a734c-f4b1-4590-b576-8cb058bd7c4b (type: subnets) to 0
2026-05-19 04:10:08.037 10 INFO neutron.wsgi [None req-a65a28a0-1ec1-423a-8f29-9e61dcf629f8 f7bff2d98cd44eb9ab5aab0e5c8cd9d9 6ec4a20037234889aaa8db98c43181b3 - - default default] 10.0.0.53 "POST /v2.0/subnets HTTP/1.1" status: 201 len: 801 time: 0.8599699
2026-05-19 04:10:08.378 10 WARNING neutron.scheduler.dhcp_agent_scheduler [None req-377d723b-015b-45fb-8367-b20082c6258b f7bff2d98cd44eb9ab5aab0e5c8cd9d9 6ec4a20037234889aaa8db98c43181b3 - - default default] No more DHCP agents
2026-05-19 04:10:08.380 10 WARNING neutron.api.rpc.agentnotifiers.dhcp_rpc_agent_api [None req-377d723b-015b-45fb-8367-b20082c6258b f7bff2d98cd44eb9ab5aab0e5c8cd9d9 6ec4a20037234889aaa8db98c43181b3 - - default default] Unable to schedule network 7a09183b-23b1-4773-8f2d-b4cbedf37fb4: no agents available; will retry on subsequent port and subnet creation events.
2026-05-19 04:10:08.518 9 INFO neutron.db.ovn_revision_numbers_db [None req-5c258306-169b-490a-af13-f8491eb90955 ce236c34059d4d0babda12e0bbe32b2e 0e5e868812414428a8f6c3218fbd1854 - - default default] Successfully bumped revision number for resource 4128e352-7bd4-44ed-95ef-cd680f9ce8a2 (type: security_groups) to 1
2026-05-19 04:10:08.525 9 INFO neutron.db.ovn_revision_numbers_db [None req-3e15c245-f4f0-4be3-89af-5950e8439976 ce236c34059d4d0babda12e0bbe32b2e 0e5e868812414428a8f6c3218fbd1854 - - default default] Successfully bumped revision number for resource a623deec-3db5-4c11-95a0-ebe0b966fb95 (type: security_groups) to 1
2026-05-19 04:10:08.539 9 INFO neutron.db.ovn_revision_numbers_db [None req-5c258306-169b-490a-af13-f8491eb90955 ce236c34059d4d0babda12e0bbe32b2e 0e5e868812414428a8f6c3218fbd1854 - - default default] Successfully bumped revision number for resource 2280469d-d3aa-435e-b11b-30bcfaedf54f (type: security_group_rules) to 0
2026-05-19 04:10:08.545 9 INFO neutron.db.ovn_revision_numbers_db [None req-3e15c245-f4f0-4be3-89af-5950e8439976 ce236c34059d4d0babda12e0bbe32b2e 0e5e868812414428a8f6c3218fbd1854 - - default default] Successfully bumped revision number for resource 1ece5613-d2b6-4cea-ac51-7076293a74ec (type: security_group_rules) to 0
2026-05-19 04:10:08.555 9 INFO neutron.db.ovn_revision_numbers_db [None req-5c258306-169b-490a-af13-f8491eb90955 ce236c34059d4d0babda12e0bbe32b2e 0e5e868812414428a8f6c3218fbd1854 - - default default] Successfully bumped revision number for resource 5459bcca-f3fc-4792-adaa-5acc7d1fc7ed (type: security_group_rules) to 0
2026-05-19 04:10:08.557 10 INFO neutron.db.ovn_revision_numbers_db [None req-377d723b-015b-45fb-8367-b20082c6258b f7bff2d98cd44eb9ab5aab0e5c8cd9d9 6ec4a20037234889aaa8db98c43181b3 - - default default] Successfully bumped revision number for resource 76565868-2ca2-4fad-a5d0-81c11bf88b6e (type: ports) to 1
2026-05-19 04:10:08.563 9 INFO neutron.db.ovn_revision_numbers_db [None req-3e15c245-f4f0-4be3-89af-5950e8439976 ce236c34059d4d0babda12e0bbe32b2e 0e5e868812414428a8f6c3218fbd1854 - - default default] Successfully bumped revision number for resource 74684435-fde5-4bda-b281-212a89648685 (type: security_group_rules) to 0
2026-05-19 04:10:08.569 9 INFO neutron.db.ovn_revision_numbers_db [None req-5c258306-169b-490a-af13-f8491eb90955 ce236c34059d4d0babda12e0bbe32b2e 0e5e868812414428a8f6c3218fbd1854 - - default default] Successfully bumped revision number for resource 698d73b3-a79a-4949-a670-9a39e7e51ee8 (type: security_group_rules) to 0
2026-05-19 04:10:08.574 9 INFO neutron.db.ovn_revision_numbers_db [None req-3e15c245-f4f0-4be3-89af-5950e8439976 ce236c34059d4d0babda12e0bbe32b2e 0e5e868812414428a8f6c3218fbd1854 - - default default] Successfully bumped revision number for resource bc98473d-c0f2-4840-85df-ad66c5644274 (type: security_group_rules) to 0
2026-05-19 04:10:08.582 10 INFO neutron.wsgi [None req-377d723b-015b-45fb-8367-b20082c6258b f7bff2d98cd44eb9ab5aab0e5c8cd9d9 6ec4a20037234889aaa8db98c43181b3 - - default default] 10.0.0.53 "POST /v2.0/ports HTTP/1.1" status: 201 len: 1111 time: 0.5325360
2026-05-19 04:10:08.583 9 INFO neutron.db.ovn_revision_numbers_db [None req-5c258306-169b-490a-af13-f8491eb90955 ce236c34059d4d0babda12e0bbe32b2e 0e5e868812414428a8f6c3218fbd1854 - - default default] Successfully bumped revision number for resource c9ae7ac5-1a01-4a54-84d6-56b295f7ec2c (type: security_group_rules) to 0
2026-05-19 04:10:08.591 9 INFO neutron.db.ovn_revision_numbers_db [None req-3e15c245-f4f0-4be3-89af-5950e8439976 ce236c34059d4d0babda12e0bbe32b2e 0e5e868812414428a8f6c3218fbd1854 - - default default] Successfully bumped revision number for resource be33fc2a-4a54-402e-b220-2cc0c2164842 (type: security_group_rules) to 0
2026-05-19 04:10:08.614 9 INFO neutron.wsgi [None req-5c258306-169b-490a-af13-f8491eb90955 ce236c34059d4d0babda12e0bbe32b2e 0e5e868812414428a8f6c3218fbd1854 - - default default] 10.0.0.53 "GET /v2.0/security-groups?tenant_id=62a1cbb2cbc844618e6c4b5b1c62ace0&name=default HTTP/1.1" status: 200 len: 2996 time: 0.3459923
2026-05-19 04:10:08.618 9 INFO neutron.wsgi [None req-3e15c245-f4f0-4be3-89af-5950e8439976 ce236c34059d4d0babda12e0bbe32b2e 0e5e868812414428a8f6c3218fbd1854 - - default default] 10.0.0.53 "GET /v2.0/security-groups?tenant_id=ca97cbfe5d664736a918c3b73fbeefbf&name=default HTTP/1.1" status: 200 len: 2996 time: 0.3057396
2026-05-19 04:10:08.866 9 INFO neutron.wsgi [None req-6ef0f643-c8a8-48f4-bbf6-37b3a17edbb8 ce236c34059d4d0babda12e0bbe32b2e 0e5e868812414428a8f6c3218fbd1854 - - default default] 10.0.0.53 "DELETE /v2.0/security-groups/4128e352-7bd4-44ed-95ef-cd680f9ce8a2 HTTP/1.1" status: 204 len: 168 time: 0.2462845
2026-05-19 04:10:09.135 9 INFO neutron.db.ovn_revision_numbers_db [None req-7ae04405-988f-463e-a9f0-e2e0eae129a7 ce236c34059d4d0babda12e0bbe32b2e 0e5e868812414428a8f6c3218fbd1854 - - default default] Successfully bumped revision number for resource 6a01032b-1568-4271-91df-709f53062cc2 (type: security_groups) to 1
2026-05-19 04:10:09.153 9 INFO neutron.db.ovn_revision_numbers_db [None req-7ae04405-988f-463e-a9f0-e2e0eae129a7 ce236c34059d4d0babda12e0bbe32b2e 0e5e868812414428a8f6c3218fbd1854 - - default default] Successfully bumped revision number for resource 51d17c42-2a23-49a6-a466-f7819f777ac4 (type: security_group_rules) to 0
2026-05-19 04:10:09.170 9 INFO neutron.db.ovn_revision_numbers_db [None req-7ae04405-988f-463e-a9f0-e2e0eae129a7 ce236c34059d4d0babda12e0bbe32b2e 0e5e868812414428a8f6c3218fbd1854 - - default default] Successfully bumped revision number for resource 6a1a56d4-babc-4e18-b9af-2fa6c8c5b9fa (type: security_group_rules) to 0
2026-05-19 04:10:09.206 10 INFO neutron.wsgi [None req-d0ea50d4-d324-47ed-bc46-61ea41ce4401 ce236c34059d4d0babda12e0bbe32b2e 0e5e868812414428a8f6c3218fbd1854 - - default default] 10.0.0.53 "DELETE /v2.0/security-groups/a623deec-3db5-4c11-95a0-ebe0b966fb95 HTTP/1.1" status: 204 len: 168 time: 0.5799303
2026-05-19 04:10:09.210 9 INFO neutron.db.ovn_revision_numbers_db [None req-7ae04405-988f-463e-a9f0-e2e0eae129a7 ce236c34059d4d0babda12e0bbe32b2e 0e5e868812414428a8f6c3218fbd1854 - - default default] Successfully bumped revision number for resource 97cc5e54-e40e-4c4d-9e41-a82940b78d18 (type: security_group_rules) to 0
2026-05-19 04:10:09.248 9 INFO neutron.db.ovn_revision_numbers_db [None req-7ae04405-988f-463e-a9f0-e2e0eae129a7 ce236c34059d4d0babda12e0bbe32b2e 0e5e868812414428a8f6c3218fbd1854 - - default default] Successfully bumped revision number for resource ae8a8de2-2a13-4ac2-807a-d8acac5fae9a (type: security_group_rules) to 0
2026-05-19 04:10:09.271 9 INFO neutron.wsgi [None req-7ae04405-988f-463e-a9f0-e2e0eae129a7 ce236c34059d4d0babda12e0bbe32b2e 0e5e868812414428a8f6c3218fbd1854 - - default default] 10.0.0.53 "GET /v2.0/security-groups?tenant_id=7de52ea7f8104c438a71c85e46f5a3f7&name=default HTTP/1.1" status: 200 len: 2996 time: 0.2727623
2026-05-19 04:10:09.305 10 INFO neutron.wsgi [None req-2ce82b5f-98a2-428b-a649-f12d2dbbf103 f7bff2d98cd44eb9ab5aab0e5c8cd9d9 6ec4a20037234889aaa8db98c43181b3 - - default default] 10.0.0.53 "DELETE /v2.0/ports/76565868-2ca2-4fad-a5d0-81c11bf88b6e HTTP/1.1" status: 204 len: 168 time: 0.7159922
2026-05-19 04:10:09.350 9 INFO neutron.pecan_wsgi.hooks.translation [None req-8e432854-f2f5-4320-8643-8b4af015a9fc f7bff2d98cd44eb9ab5aab0e5c8cd9d9 6ec4a20037234889aaa8db98c43181b3 - - default default] GET failed (client error): The resource could not be found.
2026-05-19 04:10:09.351 9 INFO neutron.wsgi [None req-8e432854-f2f5-4320-8643-8b4af015a9fc f7bff2d98cd44eb9ab5aab0e5c8cd9d9 6ec4a20037234889aaa8db98c43181b3 - - default default] 10.0.0.53 "GET /v2.0/ports/76565868-2ca2-4fad-a5d0-81c11bf88b6e HTTP/1.1" status: 404 len: 333 time: 0.0249956
2026-05-19 04:10:09.515 9 INFO neutron.wsgi [None req-56da0aac-4646-42fe-a564-7e0a6b1c7c31 ce236c34059d4d0babda12e0bbe32b2e 0e5e868812414428a8f6c3218fbd1854 - - default default] 10.0.0.53 "DELETE /v2.0/security-groups/6a01032b-1568-4271-91df-709f53062cc2 HTTP/1.1" status: 204 len: 168 time: 0.2403133
2026-05-19 04:10:09.593 10 INFO neutron.wsgi [None req-6d5b6eb5-0f1e-407c-9611-45765d62912a f7bff2d98cd44eb9ab5aab0e5c8cd9d9 6ec4a20037234889aaa8db98c43181b3 - - default default] 10.0.0.53 "DELETE /v2.0/subnets/bb0a734c-f4b1-4590-b576-8cb058bd7c4b HTTP/1.1" status: 204 len: 168 time: 0.2341886
2026-05-19 04:10:10.036 10 INFO neutron.services.segments.plugin [-] Segment 6404d96c-e272-44db-b4b4-ef5fc0bc8066 resource provider aggregate not found
2026-05-19 04:10:10.045 10 INFO neutron.services.segments.plugin [-] Segment 6404d96c-e272-44db-b4b4-ef5fc0bc8066 resource provider aggregate not found
2026-05-19 04:10:10.066 10 INFO neutron.services.segments.plugin [-] Segment 6404d96c-e272-44db-b4b4-ef5fc0bc8066 resource provider not found; error: Placement Client Error (4xx): {"errors": [{"status": 404, "title": "Not Found", "detail": "The resource could not be found.\n\n No resource provider with uuid 6404d96c-e272-44db-b4b4-ef5fc0bc8066 found for delete ", "request_id": "req-a424ddd7-87e4-46b1-bc49-5a71734b840d"}]}
2026-05-19 04:10:10.067 10 INFO neutron.services.segments.plugin [-] Segment 6404d96c-e272-44db-b4b4-ef5fc0bc8066 resource provider not found; error: Placement Client Error (4xx): {"errors": [{"status": 404, "title": "Not Found", "detail": "The resource could not be found.\n\n No resource provider with uuid 6404d96c-e272-44db-b4b4-ef5fc0bc8066 found for delete ", "request_id": "req-f979b853-5150-4261-8ee2-0072d9b7dfb2"}]}
2026-05-19 04:10:10.105 10 INFO neutron.wsgi [None req-8a4858aa-d80b-46ab-83b4-dba18613a048 f7bff2d98cd44eb9ab5aab0e5c8cd9d9 6ec4a20037234889aaa8db98c43181b3 - - default default] 10.0.0.53 "DELETE /v2.0/networks/7a09183b-23b1-4773-8f2d-b4cbedf37fb4 HTTP/1.1" status: 204 len: 168 time: 0.5059333
2026-05-19 04:10:10.412 9 WARNING neutron.scheduler.dhcp_agent_scheduler [None req-b13d9946-58f3-43a9-8858-d02ec52bb26b f7bff2d98cd44eb9ab5aab0e5c8cd9d9 6ec4a20037234889aaa8db98c43181b3 - - default default] No more DHCP agents
2026-05-19 04:10:10.416 9 WARNING neutron.api.rpc.agentnotifiers.dhcp_rpc_agent_api [None req-b13d9946-58f3-43a9-8858-d02ec52bb26b f7bff2d98cd44eb9ab5aab0e5c8cd9d9 6ec4a20037234889aaa8db98c43181b3 - - default default] Unable to schedule network d3cb295f-617d-4acc-8d86-dfd826f83cd2: no agents available; will retry on subsequent port and subnet creation events.
2026-05-19 04:10:10.545 9 INFO neutron.db.ovn_revision_numbers_db [None req-b13d9946-58f3-43a9-8858-d02ec52bb26b f7bff2d98cd44eb9ab5aab0e5c8cd9d9 6ec4a20037234889aaa8db98c43181b3 - - default default] Successfully bumped revision number for resource a5ddb50e-fe36-4954-85f9-d5dddc9d15a7 (type: ports) to 1
2026-05-19 04:10:10.576 9 INFO neutron.wsgi [None req-b13d9946-58f3-43a9-8858-d02ec52bb26b f7bff2d98cd44eb9ab5aab0e5c8cd9d9 6ec4a20037234889aaa8db98c43181b3 - - default default] 10.0.0.53 "POST /v2.0/ports HTTP/1.1" status: 201 len: 973 time: 0.4600801 /var/lib/openstack/lib/python3.10/site-packages/pycadf/identifier.py:71: UserWarning: Invalid uuid: neutron. To ensure interoperability, identifiers should be a valid uuid. warnings.warn(('Invalid uuid: %s. To ensure interoperability, '
2026-05-19 04:10:10.854 9 INFO neutron.plugins.ml2.drivers.ovn.mech_driver.mech_driver [None req-8bac5458-4588-43bb-b5a9-3be57fee1436 - - - - - -] OVN reports status down for port: a5ddb50e-fe36-4954-85f9-d5dddc9d15a7
2026-05-19 04:10:10.898 9 INFO neutron.db.ovn_revision_numbers_db [None req-64e1daf3-1852-4ba5-969f-89a9e88747d3 f7bff2d98cd44eb9ab5aab0e5c8cd9d9 6ec4a20037234889aaa8db98c43181b3 - - default default] Successfully bumped revision number for resource a5ddb50e-fe36-4954-85f9-d5dddc9d15a7 (type: ports) to 2
2026-05-19 04:10:10.921 9 INFO neutron.wsgi [None req-64e1daf3-1852-4ba5-969f-89a9e88747d3 f7bff2d98cd44eb9ab5aab0e5c8cd9d9 6ec4a20037234889aaa8db98c43181b3 - - default default] 10.0.0.53 "PUT /v2.0/ports/a5ddb50e-fe36-4954-85f9-d5dddc9d15a7 HTTP/1.1" status: 200 len: 946 time: 0.3406861 /var/lib/openstack/lib/python3.10/site-packages/pycadf/identifier.py:71: UserWarning: Invalid uuid: neutron. To ensure interoperability, identifiers should be a valid uuid. warnings.warn(('Invalid uuid: %s. To ensure interoperability, '
2026-05-19 04:10:11.194 9 INFO neutron.wsgi [None req-f1eefd2c-3bac-4393-904f-29cd9c8d42fa f7bff2d98cd44eb9ab5aab0e5c8cd9d9 6ec4a20037234889aaa8db98c43181b3 - - default default] 10.0.0.53 "DELETE /v2.0/ports/a5ddb50e-fe36-4954-85f9-d5dddc9d15a7 HTTP/1.1" status: 204 len: 168 time: 0.2642572
2026-05-19 04:10:11.604 10 INFO neutron.db.ovn_revision_numbers_db [None req-5403d618-2039-4853-9842-fd047e000837 2dae6f47700e4fac9bbd1e6549bb6ea0 27022b2b3d2e468bb6c5a783ccb59144 - - default default] Successfully bumped revision number for resource 72b93d0a-e357-4731-8f44-7c3f7bc80a07 (type: security_groups) to 1
2026-05-19 04:10:11.636 10 INFO neutron.db.ovn_revision_numbers_db [None req-5403d618-2039-4853-9842-fd047e000837 2dae6f47700e4fac9bbd1e6549bb6ea0 27022b2b3d2e468bb6c5a783ccb59144 - - default default] Successfully bumped revision number for resource 215d9ef6-9386-481b-85d8-7c683416d026 (type: security_group_rules) to 0
2026-05-19 04:10:11.651 10 INFO neutron.db.ovn_revision_numbers_db [None req-5403d618-2039-4853-9842-fd047e000837 2dae6f47700e4fac9bbd1e6549bb6ea0 27022b2b3d2e468bb6c5a783ccb59144 - - default default] Successfully bumped revision number for resource 522d856d-1a19-48d6-bf36-9d03fe737050 (type: security_group_rules) to 0
2026-05-19 04:10:11.656 9 INFO neutron.wsgi [None req-a7629f4b-a3fc-43cf-bf64-c3655001245e f7bff2d98cd44eb9ab5aab0e5c8cd9d9 6ec4a20037234889aaa8db98c43181b3 - - default default] 10.0.0.53 "GET /v2.0/ports HTTP/1.1" status: 200 len: 1729 time: 0.4558413
2026-05-19 04:10:11.672 10 INFO neutron.db.ovn_revision_numbers_db [None req-5403d618-2039-4853-9842-fd047e000837 2dae6f47700e4fac9bbd1e6549bb6ea0 27022b2b3d2e468bb6c5a783ccb59144 - - default default] Successfully bumped revision number for resource a902a377-e1fe-405a-8525-7afc7438dadf (type: security_group_rules) to 0
2026-05-19 04:10:11.686 10 INFO neutron.pecan_wsgi.hooks.translation [None req-0abe2fa4-e3ae-475c-9708-03454d4e9093 f7bff2d98cd44eb9ab5aab0e5c8cd9d9 6ec4a20037234889aaa8db98c43181b3 - - default default] GET failed (client error): The resource could not be found.
2026-05-19 04:10:11.688 10 INFO neutron.wsgi [None req-0abe2fa4-e3ae-475c-9708-03454d4e9093 f7bff2d98cd44eb9ab5aab0e5c8cd9d9 6ec4a20037234889aaa8db98c43181b3 - - default default] 10.0.0.53 "GET /v2.0/ports/a5ddb50e-fe36-4954-85f9-d5dddc9d15a7 HTTP/1.1" status: 404 len: 333 time: 0.0231829
2026-05-19 04:10:11.704 10 INFO neutron.db.ovn_revision_numbers_db [None req-5403d618-2039-4853-9842-fd047e000837 2dae6f47700e4fac9bbd1e6549bb6ea0 27022b2b3d2e468bb6c5a783ccb59144 - - default default] Successfully bumped revision number for resource f1185573-e9f5-40f1-b2ac-fcbc814a3ce5 (type: security_group_rules) to 0
2026-05-19 04:10:11.770 10 INFO neutron.db.segments_db [None req-5403d618-2039-4853-9842-fd047e000837 2dae6f47700e4fac9bbd1e6549bb6ea0 27022b2b3d2e468bb6c5a783ccb59144 - - default default] Added segment 0fe0ac5d-7270-416d-88c1-fa8d715a324c of type geneve for network 72a7804d-b28c-4654-9505-77a086dc33f2
2026-05-19 04:10:11.779 10 INFO neutron.wsgi [None req-8626990b-d3ca-4615-a823-8f050b9e72be f7bff2d98cd44eb9ab5aab0e5c8cd9d9 6ec4a20037234889aaa8db98c43181b3 - - default default] 10.0.0.53 "GET /v2.0/ports HTTP/1.1" status: 200 len: 1729 time: 0.0835369
2026-05-19 04:10:11.827 9 INFO neutron.wsgi [None req-73751119-fcc1-4be2-b672-3de7835483c2 f7bff2d98cd44eb9ab5aab0e5c8cd9d9 6ec4a20037234889aaa8db98c43181b3 - - default default] 10.0.0.53 "GET /v2.0/ports/ae3971d4-d175-40d2-9248-3541437a5294 HTTP/1.1" status: 200 len: 969 time: 0.0386741
2026-05-19 04:10:11.857 10 INFO neutron.pecan_wsgi.hooks.translation [None req-aa25f3bf-2a7c-4428-b9aa-2ab262328868 f7bff2d98cd44eb9ab5aab0e5c8cd9d9 6ec4a20037234889aaa8db98c43181b3 - - default default] DELETE failed (client error): The resource could not be found.
2026-05-19 04:10:11.859 10 INFO neutron.wsgi [None req-aa25f3bf-2a7c-4428-b9aa-2ab262328868 f7bff2d98cd44eb9ab5aab0e5c8cd9d9 6ec4a20037234889aaa8db98c43181b3 - - default default] 10.0.0.53 "DELETE /v2.0/ports/76565868-2ca2-4fad-a5d0-81c11bf88b6e HTTP/1.1" status: 404 len: 333 time: 0.0228567
2026-05-19 04:10:11.890 9 INFO neutron.pecan_wsgi.hooks.translation [None req-923fcb9c-7347-40a4-8210-fb69475e2b7b f7bff2d98cd44eb9ab5aab0e5c8cd9d9 6ec4a20037234889aaa8db98c43181b3 - - default default] DELETE failed (client error): The resource could not be found.
2026-05-19 04:10:11.894 9 INFO neutron.wsgi [None req-923fcb9c-7347-40a4-8210-fb69475e2b7b f7bff2d98cd44eb9ab5aab0e5c8cd9d9 6ec4a20037234889aaa8db98c43181b3 - - default default] 10.0.0.53 "DELETE /v2.0/subnets/bb0a734c-f4b1-4590-b576-8cb058bd7c4b HTTP/1.1" status: 404 len: 337 time: 0.0288029
2026-05-19 04:10:11.923 9 INFO neutron.pecan_wsgi.hooks.translation [None req-e4521ceb-572a-4bf0-976e-d46430a70b09 f7bff2d98cd44eb9ab5aab0e5c8cd9d9 6ec4a20037234889aaa8db98c43181b3 - - default default] DELETE failed (client error): The resource could not be found.
2026-05-19 04:10:11.926 9 INFO neutron.wsgi [None req-e4521ceb-572a-4bf0-976e-d46430a70b09 f7bff2d98cd44eb9ab5aab0e5c8cd9d9 6ec4a20037234889aaa8db98c43181b3 - - default default] 10.0.0.53 "DELETE /v2.0/subnets/262fa7a1-61e2-431b-a820-b9853e23a914 HTTP/1.1" status: 404 len: 337 time: 0.0268774
2026-05-19 04:10:11.940 10 INFO neutron.db.ovn_revision_numbers_db [None req-5403d618-2039-4853-9842-fd047e000837 2dae6f47700e4fac9bbd1e6549bb6ea0 27022b2b3d2e468bb6c5a783ccb59144 - - default default] Successfully bumped revision number for resource 72a7804d-b28c-4654-9505-77a086dc33f2 (type: networks) to 1
2026-05-19 04:10:12.205 10 INFO neutron.db.ovn_revision_numbers_db [None req-da0fe23d-d311-42c9-b18e-c7209e974d9e ce236c34059d4d0babda12e0bbe32b2e 0e5e868812414428a8f6c3218fbd1854 - - default default] Successfully bumped revision number for resource f93c26f1-67f6-416a-aba9-2c28c24e1323 (type: security_groups) to 1
2026-05-19 04:10:12.209 10 WARNING neutron.scheduler.dhcp_agent_scheduler [None req-5403d618-2039-4853-9842-fd047e000837 2dae6f47700e4fac9bbd1e6549bb6ea0 27022b2b3d2e468bb6c5a783ccb59144 - - default default] No more DHCP agents
