2026-05-19 04:11:31.941 9 INFO neutron.wsgi [req-e429e88b-62ae-4cc7-8f86-021535da3ee1 req-adc15ea4-fcbd-4098-aed6-cfa5f580ee34 f861119eb0924eb8a5ecaf94c6dcc5a3 ac82bda9158e4c30a38103e4e9fad327 - - default default] 199.19.213.191 "POST /v2.0/ports HTTP/1.1" status: 201 len: 1162 time: 0.7092488 /var/lib/openstack/lib/python3.10/site-packages/pycadf/identifier.py:71: UserWarning: Invalid uuid: neutron. To ensure interoperability, identifiers should be a valid uuid. warnings.warn(('Invalid uuid: %s. To ensure interoperability, '
2026-05-19 04:11:31.994 9 INFO neutron.wsgi [None req-d2adb919-1f39-46ed-aa75-775161495aa0 5ad42db38ef242da8f62e6fbc8d0ffc8 24495c9b077e4d85b844796fa114b7cf - - default default] 10.0.0.53 "GET /v2.0/floatingips?tags-any=red%2Cblue HTTP/1.1" status: 200 len: 1866 time: 0.0491459
2026-05-19 04:11:32.159 10 WARNING neutron.scheduler.dhcp_agent_scheduler [None req-04eafef8-d135-4c1d-8146-6256b1dd03ea 022a84b12bb64829b00e7f19e96908c3 3b010cba050943a5a3326b3873c07d55 - - default default] No more DHCP agents
2026-05-19 04:11:32.161 10 WARNING neutron.api.rpc.agentnotifiers.dhcp_rpc_agent_api [None req-04eafef8-d135-4c1d-8146-6256b1dd03ea 022a84b12bb64829b00e7f19e96908c3 3b010cba050943a5a3326b3873c07d55 - - default default] Unable to schedule network 1a19da57-58fa-4e8f-a0a6-12093a992d02: no agents available; will retry on subsequent port and subnet creation events.
2026-05-19 04:11:32.240 10 INFO neutron.db.ovn_revision_numbers_db [None req-04eafef8-d135-4c1d-8146-6256b1dd03ea 022a84b12bb64829b00e7f19e96908c3 3b010cba050943a5a3326b3873c07d55 - - default default] Successfully bumped revision number for resource 3b99a8bd-72d9-4fb7-b87e-16ead895b0b7 (type: ports) to 1
2026-05-19 04:11:32.260 10 INFO neutron.wsgi [None req-04eafef8-d135-4c1d-8146-6256b1dd03ea 022a84b12bb64829b00e7f19e96908c3 3b010cba050943a5a3326b3873c07d55 - - default default] 10.0.0.53 "POST /v2.0/ports HTTP/1.1" status: 201 len: 942 time: 0.3325920 /var/lib/openstack/lib/python3.10/site-packages/pycadf/identifier.py:71: UserWarning: Invalid uuid: neutron. To ensure interoperability, identifiers should be a valid uuid. warnings.warn(('Invalid uuid: %s. To ensure interoperability, '
2026-05-19 04:11:32.344 9 INFO neutron.wsgi [None req-e84924f9-5028-4547-93d2-147115460014 5ad42db38ef242da8f62e6fbc8d0ffc8 24495c9b077e4d85b844796fa114b7cf - - default default] 10.0.0.53 "GET /v2.0/floatingips?not-tags=red HTTP/1.1" status: 200 len: 1295 time: 0.3452401
2026-05-19 04:11:32.347 10 INFO neutron.db.segments_db [None req-c3c3b99f-f810-4282-996f-bd46413a605a 022a84b12bb64829b00e7f19e96908c3 3b010cba050943a5a3326b3873c07d55 - - default default] Added segment 805697a1-f5b8-477f-b41a-4c134163b301 of type geneve for network 8a17a435-5cf6-4bab-95e8-ddaa46d8407a
2026-05-19 04:11:32.389 9 INFO neutron.wsgi [None req-79ae479c-ea5d-40c2-b7d1-47c449e52e95 5ad42db38ef242da8f62e6fbc8d0ffc8 24495c9b077e4d85b844796fa114b7cf - - default default] 10.0.0.53 "GET /v2.0/floatingips?not-tags=red%2Cblue HTTP/1.1" status: 200 len: 1838 time: 0.0389977
2026-05-19 04:11:32.456 9 INFO neutron.wsgi [None req-563431a8-2073-434d-8d03-33d681cd1698 5ad42db38ef242da8f62e6fbc8d0ffc8 24495c9b077e4d85b844796fa114b7cf - - default default] 10.0.0.53 "GET /v2.0/floatingips?not-tags-any=blue HTTP/1.1" status: 200 len: 1838 time: 0.0555394
2026-05-19 04:11:32.482 10 INFO neutron.db.ovn_revision_numbers_db [None req-c3c3b99f-f810-4282-996f-bd46413a605a 022a84b12bb64829b00e7f19e96908c3 3b010cba050943a5a3326b3873c07d55 - - default default] Successfully bumped revision number for resource 8a17a435-5cf6-4bab-95e8-ddaa46d8407a (type: networks) to 1
2026-05-19 04:11:32.520 9 INFO neutron.wsgi [None req-e0d399e1-0d26-4adf-bb9e-ebf584ca4b1e 5ad42db38ef242da8f62e6fbc8d0ffc8 24495c9b077e4d85b844796fa114b7cf - - default default] 10.0.0.53 "GET /v2.0/floatingips?not-tags-any=red%2Cblue HTTP/1.1" status: 200 len: 1295 time: 0.0547216
2026-05-19 04:11:32.598 9 INFO neutron.wsgi [req-6102e502-0bed-4be3-941f-8f13a50d2492 req-03359a67-846a-44af-b641-71340a0f4c60 f861119eb0924eb8a5ecaf94c6dcc5a3 ac82bda9158e4c30a38103e4e9fad327 - - default default] 10.0.0.80 "GET /v2.0/ports?device_id=1005da3c-5232-4cbc-846b-293c420d071a HTTP/1.1" status: 200 len: 1160 time: 0.1217291
2026-05-19 04:11:32.663 9 INFO neutron.wsgi [req-6102e502-0bed-4be3-941f-8f13a50d2492 req-6c1763cb-807a-44a6-889a-6e403ab19f97 f861119eb0924eb8a5ecaf94c6dcc5a3 ac82bda9158e4c30a38103e4e9fad327 - - default default] 10.0.0.80 "GET /v2.0/security-groups?id=13a5b52d-be04-4477-b0bc-4175e2ef2409&fields=id&fields=name HTTP/1.1" status: 200 len: 313 time: 0.0577452
2026-05-19 04:11:32.693 10 WARNING neutron.scheduler.dhcp_agent_scheduler [None req-c3c3b99f-f810-4282-996f-bd46413a605a 022a84b12bb64829b00e7f19e96908c3 3b010cba050943a5a3326b3873c07d55 - - default default] No more DHCP agents
2026-05-19 04:11:32.698 10 WARNING neutron.api.rpc.agentnotifiers.dhcp_rpc_agent_api [None req-c3c3b99f-f810-4282-996f-bd46413a605a 022a84b12bb64829b00e7f19e96908c3 3b010cba050943a5a3326b3873c07d55 - - default default] Unable to schedule network 8a17a435-5cf6-4bab-95e8-ddaa46d8407a: no agents available; will retry on subsequent port and subnet creation events.
2026-05-19 04:11:32.895 10 INFO neutron.db.ovn_revision_numbers_db [None req-c3c3b99f-f810-4282-996f-bd46413a605a 022a84b12bb64829b00e7f19e96908c3 3b010cba050943a5a3326b3873c07d55 - - default default] Successfully bumped revision number for resource 4a745676-00c4-4626-b769-6906558789e7 (type: ports) to 1
2026-05-19 04:11:32.941 10 INFO neutron.wsgi [None req-c3c3b99f-f810-4282-996f-bd46413a605a 022a84b12bb64829b00e7f19e96908c3 3b010cba050943a5a3326b3873c07d55 - - default default] 10.0.0.53 "POST /v2.0/networks HTTP/1.1" status: 201 len: 830 time: 0.6746461
2026-05-19 04:11:32.960 9 INFO neutron.db.ovn_revision_numbers_db [req-e429e88b-62ae-4cc7-8f86-021535da3ee1 req-2864dd79-085c-4101-9d41-94524c067bab d90ddc0e36f442ef969eeefc0e8a65a0 aa99a1b2c8464a0190733132f1fde0e0 - - 90f575837326456b8ab9bf10c47d7749 90f575837326456b8ab9bf10c47d7749] Successfully bumped revision number for resource 9e78e430-066b-430e-8e7c-8df4f08072c9 (type: ports) to 2
2026-05-19 04:11:33.092 10 INFO neutron.wsgi [None req-113bd747-5dbf-4e30-ae67-57bde24c822d 5ad42db38ef242da8f62e6fbc8d0ffc8 24495c9b077e4d85b844796fa114b7cf - - default default] 10.0.0.53 "DELETE /v2.0/floatingips/3dac7bd5-c7a1-4a2d-8ad1-b0c6ae1cc3a4 HTTP/1.1" status: 204 len: 168 time: 0.5583649
2026-05-19 04:11:33.227 9 INFO neutron.db.ovn_revision_numbers_db [req-e429e88b-62ae-4cc7-8f86-021535da3ee1 req-2864dd79-085c-4101-9d41-94524c067bab d90ddc0e36f442ef969eeefc0e8a65a0 aa99a1b2c8464a0190733132f1fde0e0 - - 90f575837326456b8ab9bf10c47d7749 90f575837326456b8ab9bf10c47d7749] Successfully bumped revision number for resource 9e78e430-066b-430e-8e7c-8df4f08072c9 (type: ports) to 2
2026-05-19 04:11:33.245 9 INFO neutron.wsgi [req-e429e88b-62ae-4cc7-8f86-021535da3ee1 req-2864dd79-085c-4101-9d41-94524c067bab d90ddc0e36f442ef969eeefc0e8a65a0 aa99a1b2c8464a0190733132f1fde0e0 - - 90f575837326456b8ab9bf10c47d7749 90f575837326456b8ab9bf10c47d7749] 199.19.213.191 "PUT /v2.0/ports/9e78e430-066b-430e-8e7c-8df4f08072c9 HTTP/1.1" status: 200 len: 1380 time: 1.2941959 /var/lib/openstack/lib/python3.10/site-packages/pycadf/identifier.py:71: UserWarning: Invalid uuid: neutron. To ensure interoperability, identifiers should be a valid uuid. warnings.warn(('Invalid uuid: %s. To ensure interoperability, '
2026-05-19 04:11:33.288 9 INFO neutron.notifiers.nova [-] Nova event matching ['req-06ab9850-66f5-4077-af53-9276f6202b0b'] response: {'name': 'network-changed', 'server_uuid': '1005da3c-5232-4cbc-846b-293c420d071a', 'tag': '9e78e430-066b-430e-8e7c-8df4f08072c9', 'status': 'completed', 'code': 200}
2026-05-19 04:11:33.319 9 INFO neutron.wsgi [req-e429e88b-62ae-4cc7-8f86-021535da3ee1 req-8ec9e4fd-e47f-4efb-a0eb-c5b4d90fbea2 d90ddc0e36f442ef969eeefc0e8a65a0 aa99a1b2c8464a0190733132f1fde0e0 - - 90f575837326456b8ab9bf10c47d7749 90f575837326456b8ab9bf10c47d7749] 199.19.213.191 "GET /v2.0/ports?tenant_id=ac82bda9158e4c30a38103e4e9fad327&device_id=1005da3c-5232-4cbc-846b-293c420d071a HTTP/1.1" status: 200 len: 1411 time: 0.0406952
2026-05-19 04:11:33.324 10 WARNING neutron.scheduler.dhcp_agent_scheduler [None req-b97529d7-306c-465f-b821-1c933d01849e 022a84b12bb64829b00e7f19e96908c3 3b010cba050943a5a3326b3873c07d55 - - default default] No more DHCP agents
2026-05-19 04:11:33.328 10 WARNING neutron.api.rpc.agentnotifiers.dhcp_rpc_agent_api [None req-b97529d7-306c-465f-b821-1c933d01849e 022a84b12bb64829b00e7f19e96908c3 3b010cba050943a5a3326b3873c07d55 - - default default] Unable to schedule network 8a17a435-5cf6-4bab-95e8-ddaa46d8407a: no agents available; will retry on subsequent port and subnet creation events.
2026-05-19 04:11:33.349 9 INFO neutron.wsgi [req-e429e88b-62ae-4cc7-8f86-021535da3ee1 req-2de9e08f-7c58-4184-b46e-5edc0ed2b92a d90ddc0e36f442ef969eeefc0e8a65a0 aa99a1b2c8464a0190733132f1fde0e0 - - 90f575837326456b8ab9bf10c47d7749 90f575837326456b8ab9bf10c47d7749] 199.19.213.191 "GET /v2.0/floatingips?fixed_ip_address=10.100.0.12&port_id=9e78e430-066b-430e-8e7c-8df4f08072c9 HTTP/1.1" status: 200 len: 217 time: 0.0235057
2026-05-19 04:11:33.389 9 INFO neutron.wsgi [req-e429e88b-62ae-4cc7-8f86-021535da3ee1 req-c5534923-54b8-4b1d-9f1e-703bd9817653 d90ddc0e36f442ef969eeefc0e8a65a0 aa99a1b2c8464a0190733132f1fde0e0 - - 90f575837326456b8ab9bf10c47d7749 90f575837326456b8ab9bf10c47d7749] 199.19.213.191 "GET /v2.0/subnets?id=c9f4d66f-1cff-494f-8fd0-0b2ea3668305 HTTP/1.1" status: 200 len: 851 time: 0.0334740
2026-05-19 04:11:33.429 9 INFO neutron.wsgi [req-e429e88b-62ae-4cc7-8f86-021535da3ee1 req-8354ca37-d51a-4fcd-abef-d9de33f76516 d90ddc0e36f442ef969eeefc0e8a65a0 aa99a1b2c8464a0190733132f1fde0e0 - - 90f575837326456b8ab9bf10c47d7749 90f575837326456b8ab9bf10c47d7749] 199.19.213.191 "GET /v2.0/ports?network_id=0fc1ebaa-363d-4591-9a5c-472bfc260d00&device_owner=network%3Adhcp HTTP/1.1" status: 200 len: 210 time: 0.0328393
2026-05-19 04:11:33.448 10 INFO neutron.db.ovn_revision_numbers_db [None req-b97529d7-306c-465f-b821-1c933d01849e 022a84b12bb64829b00e7f19e96908c3 3b010cba050943a5a3326b3873c07d55 - - default default] Successfully bumped revision number for resource 3c7ca158-add5-4087-9f3d-16dd7da6ac1c (type: ports) to 1
2026-05-19 04:11:33.474 10 INFO neutron.wsgi [None req-b97529d7-306c-465f-b821-1c933d01849e 022a84b12bb64829b00e7f19e96908c3 3b010cba050943a5a3326b3873c07d55 - - default default] 10.0.0.53 "POST /v2.0/ports HTTP/1.1" status: 201 len: 942 time: 0.5301485
2026-05-19 04:11:33.541 9 INFO neutron.wsgi [req-e429e88b-62ae-4cc7-8f86-021535da3ee1 req-5f53484e-74a9-4c90-b74a-3124a7d05f24 d90ddc0e36f442ef969eeefc0e8a65a0 aa99a1b2c8464a0190733132f1fde0e0 - - 90f575837326456b8ab9bf10c47d7749 90f575837326456b8ab9bf10c47d7749] 199.19.213.191 "GET /v2.0/networks/0fc1ebaa-363d-4591-9a5c-472bfc260d00?fields=segments HTTP/1.1" status: 200 len: 212 time: 0.1012499
2026-05-19 04:11:33.576 10 INFO neutron.wsgi [None req-f7fa0d14-29bf-4899-b78b-1c7711a2e894 5ad42db38ef242da8f62e6fbc8d0ffc8 24495c9b077e4d85b844796fa114b7cf - - default default] 10.0.0.53 "DELETE /v2.0/floatingips/4a0e8abe-75da-4716-882d-519b7df29270 HTTP/1.1" status: 204 len: 168 time: 0.4760661 /var/lib/openstack/lib/python3.10/site-packages/pycadf/identifier.py:71: UserWarning: Invalid uuid: neutron. To ensure interoperability, identifiers should be a valid uuid. warnings.warn(('Invalid uuid: %s. To ensure interoperability, '
2026-05-19 04:11:33.612 9 INFO neutron.wsgi [req-e429e88b-62ae-4cc7-8f86-021535da3ee1 req-cf25a6fb-8110-447c-9889-455621d73f1c d90ddc0e36f442ef969eeefc0e8a65a0 aa99a1b2c8464a0190733132f1fde0e0 - - 90f575837326456b8ab9bf10c47d7749 90f575837326456b8ab9bf10c47d7749] 199.19.213.191 "GET /v2.0/networks/0fc1ebaa-363d-4591-9a5c-472bfc260d00?fields=provider%3Aphysical_network&fields=provider%3Anetwork_type HTTP/1.1" status: 200 len: 277 time: 0.0598929
2026-05-19 04:11:33.615 9 INFO neutron.db.segments_db [None req-da2cdb68-65b9-4327-aba1-5e0cfee01b82 022a84b12bb64829b00e7f19e96908c3 3b010cba050943a5a3326b3873c07d55 - - default default] Added segment bac2ca45-c577-40c7-95b3-fef68ee1d7c5 of type geneve for network eb90f0dc-cbea-40ad-863e-6540caf901b8
2026-05-19 04:11:33.790 9 INFO neutron.wsgi [req-00ec4f50-349f-4371-84da-bcb66f8e9ba5 req-77cad47a-10e0-4e2e-ab63-fcd70a1ca9a1 d90ddc0e36f442ef969eeefc0e8a65a0 aa99a1b2c8464a0190733132f1fde0e0 - - 90f575837326456b8ab9bf10c47d7749 90f575837326456b8ab9bf10c47d7749] 199.19.213.191 "GET /v2.0/ports?tenant_id=ac82bda9158e4c30a38103e4e9fad327&device_id=1005da3c-5232-4cbc-846b-293c420d071a HTTP/1.1" status: 200 len: 1411 time: 0.0923994
2026-05-19 04:11:33.859 9 INFO neutron.wsgi [req-dc914cbe-fca6-434c-b38e-73595f112fdd req-7e7989c6-7cfe-4c54-9047-98b1286f48e8 f861119eb0924eb8a5ecaf94c6dcc5a3 ac82bda9158e4c30a38103e4e9fad327 - - default default] 10.0.0.80 "GET /v2.0/ports?device_id=1005da3c-5232-4cbc-846b-293c420d071a HTTP/1.1" status: 200 len: 1172 time: 0.1101267
2026-05-19 04:11:33.885 9 INFO neutron.plugins.ml2.drivers.ovn.mech_driver.mech_driver [None req-8bac5458-4588-43bb-b5a9-3be57fee1436 - - - - - -] OVN reports status up for port: 9e78e430-066b-430e-8e7c-8df4f08072c9
2026-05-19 04:11:33.906 9 INFO neutron.db.ovn_revision_numbers_db [None req-da2cdb68-65b9-4327-aba1-5e0cfee01b82 022a84b12bb64829b00e7f19e96908c3 3b010cba050943a5a3326b3873c07d55 - - default default] Successfully bumped revision number for resource eb90f0dc-cbea-40ad-863e-6540caf901b8 (type: networks) to 1
2026-05-19 04:11:33.913 9 INFO neutron.plugins.ml2.plugin [None req-8bac5458-4588-43bb-b5a9-3be57fee1436 - - - - - -] Attempt 1 to provision port 9e78e430-066b-430e-8e7c-8df4f08072c9
2026-05-19 04:11:33.960 9 INFO neutron.wsgi [req-dc914cbe-fca6-434c-b38e-73595f112fdd req-5798fe96-c3fa-4eea-bc4f-2420d89229ab f861119eb0924eb8a5ecaf94c6dcc5a3 ac82bda9158e4c30a38103e4e9fad327 - - default default] 10.0.0.80 "GET /v2.0/security-groups?id=13a5b52d-be04-4477-b0bc-4175e2ef2409&fields=id&fields=name HTTP/1.1" status: 200 len: 313 time: 0.0824089
2026-05-19 04:11:33.962 9 INFO neutron.wsgi [req-00ec4f50-349f-4371-84da-bcb66f8e9ba5 req-2986acd2-c561-405d-8a01-2ee8b68ef618 d90ddc0e36f442ef969eeefc0e8a65a0 aa99a1b2c8464a0190733132f1fde0e0 - - 90f575837326456b8ab9bf10c47d7749 90f575837326456b8ab9bf10c47d7749] 199.19.213.191 "GET /v2.0/networks?id=0fc1ebaa-363d-4591-9a5c-472bfc260d00 HTTP/1.1" status: 200 len: 958 time: 0.1612973
2026-05-19 04:11:33.997 9 INFO neutron.wsgi [req-00ec4f50-349f-4371-84da-bcb66f8e9ba5 req-f16ca5fd-0649-45fb-abf0-f9db4fd01981 d90ddc0e36f442ef969eeefc0e8a65a0 aa99a1b2c8464a0190733132f1fde0e0 - - 90f575837326456b8ab9bf10c47d7749 90f575837326456b8ab9bf10c47d7749] 199.19.213.191 "GET /v2.0/floatingips?fixed_ip_address=10.100.0.12&port_id=9e78e430-066b-430e-8e7c-8df4f08072c9 HTTP/1.1" status: 200 len: 217 time: 0.0285158
2026-05-19 04:11:34.060 10 INFO neutron.wsgi [None req-abd576e5-3d9e-4034-9023-93d90ed64b86 5ad42db38ef242da8f62e6fbc8d0ffc8 24495c9b077e4d85b844796fa114b7cf - - default default] 10.0.0.53 "DELETE /v2.0/floatingips/c7512118-59a4-40ec-9d28-2e1248a87c25 HTTP/1.1" status: 204 len: 168 time: 0.4670858
2026-05-19 04:11:34.062 9 INFO neutron.wsgi [req-00ec4f50-349f-4371-84da-bcb66f8e9ba5 req-cb66ae1a-4efc-4b34-a7e5-3d5f369a7211 d90ddc0e36f442ef969eeefc0e8a65a0 aa99a1b2c8464a0190733132f1fde0e0 - - 90f575837326456b8ab9bf10c47d7749 90f575837326456b8ab9bf10c47d7749] 199.19.213.191 "GET /v2.0/subnets?id=c9f4d66f-1cff-494f-8fd0-0b2ea3668305 HTTP/1.1" status: 200 len: 851 time: 0.0599661
2026-05-19 04:11:34.106 9 INFO neutron.wsgi [req-00ec4f50-349f-4371-84da-bcb66f8e9ba5 req-95a41f53-011f-4571-ba06-3559c3453afe d90ddc0e36f442ef969eeefc0e8a65a0 aa99a1b2c8464a0190733132f1fde0e0 - - 90f575837326456b8ab9bf10c47d7749 90f575837326456b8ab9bf10c47d7749] 199.19.213.191 "GET /v2.0/ports?network_id=0fc1ebaa-363d-4591-9a5c-472bfc260d00&device_owner=network%3Adhcp HTTP/1.1" status: 200 len: 210 time: 0.0378206
2026-05-19 04:11:34.257 9 INFO neutron.wsgi [req-00ec4f50-349f-4371-84da-bcb66f8e9ba5 req-eb499413-b510-4d8c-8df7-aa8b7f528ed6 d90ddc0e36f442ef969eeefc0e8a65a0 aa99a1b2c8464a0190733132f1fde0e0 - - 90f575837326456b8ab9bf10c47d7749 90f575837326456b8ab9bf10c47d7749] 199.19.213.191 "GET /v2.0/networks/0fc1ebaa-363d-4591-9a5c-472bfc260d00?fields=segments HTTP/1.1" status: 200 len: 212 time: 0.1450782
2026-05-19 04:11:34.284 9 WARNING neutron.scheduler.dhcp_agent_scheduler [None req-da2cdb68-65b9-4327-aba1-5e0cfee01b82 022a84b12bb64829b00e7f19e96908c3 3b010cba050943a5a3326b3873c07d55 - - default default] No more DHCP agents
2026-05-19 04:11:34.293 9 WARNING neutron.api.rpc.agentnotifiers.dhcp_rpc_agent_api [None req-da2cdb68-65b9-4327-aba1-5e0cfee01b82 022a84b12bb64829b00e7f19e96908c3 3b010cba050943a5a3326b3873c07d55 - - default default] Unable to schedule network eb90f0dc-cbea-40ad-863e-6540caf901b8: no agents available; will retry on subsequent port and subnet creation events.
2026-05-19 04:11:34.313 10 INFO neutron.db.ovn_revision_numbers_db [None req-1076291a-e340-4526-80e0-8a0b7ef8f850 e6f8af9c62084ee6ba6b6c8bc2f2fa4f 6d9bef6a1bb44fdda3da779e4621f84f - - default default] Successfully bumped revision number for resource bc0d3e0d-ceff-4e11-b401-36143d3ed438 (type: security_groups) to 1
2026-05-19 04:11:34.339 10 INFO neutron.db.ovn_revision_numbers_db [None req-1076291a-e340-4526-80e0-8a0b7ef8f850 e6f8af9c62084ee6ba6b6c8bc2f2fa4f 6d9bef6a1bb44fdda3da779e4621f84f - - default default] Successfully bumped revision number for resource 2962c525-116e-4a10-ae24-52a00ce4d04a (type: security_group_rules) to 0
2026-05-19 04:11:34.359 10 INFO neutron.db.ovn_revision_numbers_db [None req-1076291a-e340-4526-80e0-8a0b7ef8f850 e6f8af9c62084ee6ba6b6c8bc2f2fa4f 6d9bef6a1bb44fdda3da779e4621f84f - - default default] Successfully bumped revision number for resource 305f3101-7f2f-467f-b53f-048a80a67100 (type: security_group_rules) to 0
2026-05-19 04:11:34.392 9 INFO neutron.wsgi [req-00ec4f50-349f-4371-84da-bcb66f8e9ba5 req-5e52df77-7d74-416f-a1ee-dae43eec7931 d90ddc0e36f442ef969eeefc0e8a65a0 aa99a1b2c8464a0190733132f1fde0e0 - - 90f575837326456b8ab9bf10c47d7749 90f575837326456b8ab9bf10c47d7749] 199.19.213.191 "GET /v2.0/networks/0fc1ebaa-363d-4591-9a5c-472bfc260d00?fields=provider%3Aphysical_network&fields=provider%3Anetwork_type HTTP/1.1" status: 200 len: 277 time: 0.1274107
2026-05-19 04:11:34.395 10 INFO neutron.db.ovn_revision_numbers_db [None req-1076291a-e340-4526-80e0-8a0b7ef8f850 e6f8af9c62084ee6ba6b6c8bc2f2fa4f 6d9bef6a1bb44fdda3da779e4621f84f - - default default] Successfully bumped revision number for resource 80059631-02f8-4faf-8a79-b67638df72e7 (type: security_group_rules) to 0
2026-05-19 04:11:34.417 10 INFO neutron.db.ovn_revision_numbers_db [None req-1076291a-e340-4526-80e0-8a0b7ef8f850 e6f8af9c62084ee6ba6b6c8bc2f2fa4f 6d9bef6a1bb44fdda3da779e4621f84f - - default default] Successfully bumped revision number for resource e9b359d7-c07a-4c74-b83e-4bd7a8c7005a (type: security_group_rules) to 0
2026-05-19 04:11:34.448 9 INFO neutron.db.ovn_revision_numbers_db [None req-da2cdb68-65b9-4327-aba1-5e0cfee01b82 022a84b12bb64829b00e7f19e96908c3 3b010cba050943a5a3326b3873c07d55 - - default default] Successfully bumped revision number for resource c73089a1-3c58-4b2a-a934-2a6aaa5af20f (type: ports) to 1
2026-05-19 04:11:34.477 10 INFO neutron.db.segments_db [None req-1076291a-e340-4526-80e0-8a0b7ef8f850 e6f8af9c62084ee6ba6b6c8bc2f2fa4f 6d9bef6a1bb44fdda3da779e4621f84f - - default default] Added segment 36926b8a-5e92-4c86-bcca-ea82f91649cb of type geneve for network fb69f082-a78b-43b1-a8a8-ba9700fd786c
2026-05-19 04:11:34.483 9 INFO neutron.wsgi [None req-da2cdb68-65b9-4327-aba1-5e0cfee01b82 022a84b12bb64829b00e7f19e96908c3 3b010cba050943a5a3326b3873c07d55 - - default default] 10.0.0.53 "POST /v2.0/networks HTTP/1.1" status: 201 len: 831 time: 0.9983881
2026-05-19 04:11:34.498 9 INFO neutron.db.ovn_revision_numbers_db [None req-8bac5458-4588-43bb-b5a9-3be57fee1436 - - - - - -] Successfully bumped revision number for resource 9e78e430-066b-430e-8e7c-8df4f08072c9 (type: ports) to 4
2026-05-19 04:11:34.628 10 INFO neutron.wsgi [None req-2920a314-e790-4d04-ad16-3e3c6d4be473 5ad42db38ef242da8f62e6fbc8d0ffc8 24495c9b077e4d85b844796fa114b7cf - - default default] 10.0.0.53 "DELETE /v2.0/floatingips/f359d005-800b-450c-b1bf-a9751c2f8f23 HTTP/1.1" status: 204 len: 168 time: 0.5582047 /var/lib/openstack/lib/python3.10/site-packages/pycadf/identifier.py:71: UserWarning: Invalid uuid: neutron. To ensure interoperability, identifiers should be a valid uuid. warnings.warn(('Invalid uuid: %s. To ensure interoperability, '
2026-05-19 04:11:34.717 10 INFO neutron.db.ovn_revision_numbers_db [None req-1076291a-e340-4526-80e0-8a0b7ef8f850 e6f8af9c62084ee6ba6b6c8bc2f2fa4f 6d9bef6a1bb44fdda3da779e4621f84f - - default default] Successfully bumped revision number for resource fb69f082-a78b-43b1-a8a8-ba9700fd786c (type: networks) to 1
2026-05-19 04:11:34.901 10 WARNING neutron.scheduler.dhcp_agent_scheduler [None req-fdcad208-688b-418b-9eef-889b1af53db4 022a84b12bb64829b00e7f19e96908c3 3b010cba050943a5a3326b3873c07d55 - - default default] No more DHCP agents
2026-05-19 04:11:34.907 10 WARNING neutron.api.rpc.agentnotifiers.dhcp_rpc_agent_api [None req-fdcad208-688b-418b-9eef-889b1af53db4 022a84b12bb64829b00e7f19e96908c3 3b010cba050943a5a3326b3873c07d55 - - default default] Unable to schedule network eb90f0dc-cbea-40ad-863e-6540caf901b8: no agents available; will retry on subsequent port and subnet creation events.
2026-05-19 04:11:34.977 10 WARNING neutron.scheduler.dhcp_agent_scheduler [None req-1076291a-e340-4526-80e0-8a0b7ef8f850 e6f8af9c62084ee6ba6b6c8bc2f2fa4f 6d9bef6a1bb44fdda3da779e4621f84f - - default default] No more DHCP agents
2026-05-19 04:11:34.980 10 WARNING neutron.api.rpc.agentnotifiers.dhcp_rpc_agent_api [None req-1076291a-e340-4526-80e0-8a0b7ef8f850 e6f8af9c62084ee6ba6b6c8bc2f2fa4f 6d9bef6a1bb44fdda3da779e4621f84f - - default default] Unable to schedule network fb69f082-a78b-43b1-a8a8-ba9700fd786c: no agents available; will retry on subsequent port and subnet creation events.
2026-05-19 04:11:35.023 9 INFO neutron.wsgi [None req-a5d7fcf8-8ce3-4a89-a94a-dc2584c91ddf 5ad42db38ef242da8f62e6fbc8d0ffc8 24495c9b077e4d85b844796fa114b7cf - - default default] 10.0.0.53 "DELETE /v2.0/floatingips/1f0f2094-5315-44aa-bc6d-08158676b1cb HTTP/1.1" status: 204 len: 168 time: 0.3890903
2026-05-19 04:11:35.023 10 INFO neutron.db.ovn_revision_numbers_db [None req-fdcad208-688b-418b-9eef-889b1af53db4 022a84b12bb64829b00e7f19e96908c3 3b010cba050943a5a3326b3873c07d55 - - default default] Successfully bumped revision number for resource b75bd6af-76d7-48b9-a498-0f227f58ad98 (type: ports) to 1 /var/lib/openstack/lib/python3.10/site-packages/pycadf/identifier.py:71: UserWarning: Invalid uuid: neutron. To ensure interoperability, identifiers should be a valid uuid. warnings.warn(('Invalid uuid: %s. To ensure interoperability, '
2026-05-19 04:11:35.073 10 INFO neutron.wsgi [None req-fdcad208-688b-418b-9eef-889b1af53db4 022a84b12bb64829b00e7f19e96908c3 3b010cba050943a5a3326b3873c07d55 - - default default] 10.0.0.53 "POST /v2.0/ports HTTP/1.1" status: 201 len: 942 time: 0.5807047
2026-05-19 04:11:35.094 10 INFO neutron.db.ovn_revision_numbers_db [None req-1076291a-e340-4526-80e0-8a0b7ef8f850 e6f8af9c62084ee6ba6b6c8bc2f2fa4f 6d9bef6a1bb44fdda3da779e4621f84f - - default default] Successfully bumped revision number for resource 24c7d51a-09c1-4327-b87a-89fd79572ef3 (type: ports) to 1
2026-05-19 04:11:35.128 10 INFO neutron.wsgi [None req-1076291a-e340-4526-80e0-8a0b7ef8f850 e6f8af9c62084ee6ba6b6c8bc2f2fa4f 6d9bef6a1bb44fdda3da779e4621f84f - - default default] 10.0.0.53 "POST /v2.0/networks HTTP/1.1" status: 201 len: 831 time: 1.1600108
2026-05-19 04:11:35.149 10 INFO neutron.wsgi [req-2170bdcc-8c48-42c4-af4b-faae09d78e91 req-88a302d4-5bd9-4c79-8961-7be380921caa f861119eb0924eb8a5ecaf94c6dcc5a3 ac82bda9158e4c30a38103e4e9fad327 - - default default] 10.0.0.80 "GET /v2.0/ports?device_id=1005da3c-5232-4cbc-846b-293c420d071a HTTP/1.1" status: 200 len: 1174 time: 0.1045702
2026-05-19 04:11:35.182 9 INFO neutron.wsgi [None req-16d0d8b6-ea83-48c1-a697-7b08706129cd e6f8af9c62084ee6ba6b6c8bc2f2fa4f 6d9bef6a1bb44fdda3da779e4621f84f - - default default] 10.0.0.53 "PUT /v2.0/networks/fb69f082-a78b-43b1-a8a8-ba9700fd786c/tags HTTP/1.1" status: 200 len: 218 time: 0.0476968
2026-05-19 04:11:35.183 9 INFO neutron.db.segments_db [None req-33059aa8-06bb-42d8-8c65-fdeefa2e4fb3 022a84b12bb64829b00e7f19e96908c3 3b010cba050943a5a3326b3873c07d55 - - default default] Added segment 695eabb6-c080-4f1f-ad7a-324f852f6067 of type geneve for network e45172f8-498a-4184-89d4-a3f1a752d7b6
2026-05-19 04:11:35.194 10 INFO neutron.wsgi [req-2170bdcc-8c48-42c4-af4b-faae09d78e91 req-5093a895-b47b-4bfe-b4df-caecc65845a2 f861119eb0924eb8a5ecaf94c6dcc5a3 ac82bda9158e4c30a38103e4e9fad327 - - default default] 10.0.0.80 "GET /v2.0/security-groups?id=13a5b52d-be04-4477-b0bc-4175e2ef2409&fields=id&fields=name HTTP/1.1" status: 200 len: 313 time: 0.0353823
2026-05-19 04:11:35.236 9 INFO neutron.wsgi [None req-d77a5527-a892-4828-861b-4cf6e5d6786b e6f8af9c62084ee6ba6b6c8bc2f2fa4f 6d9bef6a1bb44fdda3da779e4621f84f - - default default] 10.0.0.53 "GET /v2.0/networks/fb69f082-a78b-43b1-a8a8-ba9700fd786c/tags HTTP/1.1" status: 200 len: 218 time: 0.0482590
2026-05-19 04:11:35.332 9 INFO neutron.notifiers.nova [-] Nova event matching ['req-cf8c5768-89db-4a65-a111-ec7a20b53de8'] response: {'server_uuid': '1005da3c-5232-4cbc-846b-293c420d071a', 'name': 'network-vif-plugged', 'status': 'completed', 'tag': '9e78e430-066b-430e-8e7c-8df4f08072c9', 'code': 200}
2026-05-19 04:11:35.333 9 INFO neutron.notifiers.nova [-] Nova event matching ['req-cf8c5768-89db-4a65-a111-ec7a20b53de8'] response: {'server_uuid': '1005da3c-5232-4cbc-846b-293c420d071a', 'name': 'network-vif-plugged', 'status': 'completed', 'tag': '9e78e430-066b-430e-8e7c-8df4f08072c9', 'code': 200}
2026-05-19 04:11:35.352 9 INFO neutron.db.ovn_revision_numbers_db [None req-33059aa8-06bb-42d8-8c65-fdeefa2e4fb3 022a84b12bb64829b00e7f19e96908c3 3b010cba050943a5a3326b3873c07d55 - - default default] Successfully bumped revision number for resource e45172f8-498a-4184-89d4-a3f1a752d7b6 (type: networks) to 1
2026-05-19 04:11:35.526 10 INFO neutron.wsgi [None req-eeb65923-7264-4d69-aa47-3927f5c872fd e6f8af9c62084ee6ba6b6c8bc2f2fa4f 6d9bef6a1bb44fdda3da779e4621f84f - - default default] 10.0.0.53 "PUT /v2.0/networks/fb69f082-a78b-43b1-a8a8-ba9700fd786c/tags/green HTTP/1.1" status: 201 len: 201 time: 0.2840874
2026-05-19 04:11:35.571 10 INFO neutron.wsgi [None req-94c1fc74-dd1a-4bf4-af21-efa0cd98ee90 e6f8af9c62084ee6ba6b6c8bc2f2fa4f 6d9bef6a1bb44fdda3da779e4621f84f - - default default] 10.0.0.53 "GET /v2.0/networks/fb69f082-a78b-43b1-a8a8-ba9700fd786c/tags HTTP/1.1" status: 200 len: 227 time: 0.0403538
2026-05-19 04:11:35.609 10 INFO neutron.wsgi [None req-71118af6-d148-4acd-9365-85789205a26d e6f8af9c62084ee6ba6b6c8bc2f2fa4f 6d9bef6a1bb44fdda3da779e4621f84f - - default default] 10.0.0.53 "PUT /v2.0/networks/fb69f082-a78b-43b1-a8a8-ba9700fd786c/tags/red HTTP/1.1" status: 201 len: 201 time: 0.0339432
2026-05-19 04:11:35.655 10 INFO neutron.wsgi [None req-f06f180b-48e7-449e-abc1-76e77f4c0088 e6f8af9c62084ee6ba6b6c8bc2f2fa4f 6d9bef6a1bb44fdda3da779e4621f84f - - default default] 10.0.0.53 "GET /v2.0/networks/fb69f082-a78b-43b1-a8a8-ba9700fd786c/tags HTTP/1.1" status: 200 len: 227 time: 0.0399640
2026-05-19 04:11:35.710 10 INFO neutron.wsgi [None req-9e84045c-96a5-45e5-9c90-fda721d97516 e6f8af9c62084ee6ba6b6c8bc2f2fa4f 6d9bef6a1bb44fdda3da779e4621f84f - - default default] 10.0.0.53 "PUT /v2.0/networks/fb69f082-a78b-43b1-a8a8-ba9700fd786c/tags/black.or.white HTTP/1.1" status: 201 len: 201 time: 0.0505023
2026-05-19 04:11:35.775 10 INFO neutron.wsgi [None req-6ed0fb42-df3a-4744-83c9-1b54d1bb47e6 e6f8af9c62084ee6ba6b6c8bc2f2fa4f 6d9bef6a1bb44fdda3da779e4621f84f - - default default] 10.0.0.53 "GET /v2.0/networks/fb69f082-a78b-43b1-a8a8-ba9700fd786c/tags HTTP/1.1" status: 200 len: 245 time: 0.0593147
2026-05-19 04:11:35.846 9 INFO neutron.wsgi [None req-7520cfe7-e86b-4b75-a8a7-419814ab0742 e6f8af9c62084ee6ba6b6c8bc2f2fa4f 6d9bef6a1bb44fdda3da779e4621f84f - - default default] 10.0.0.53 "PUT /v2.0/networks/fb69f082-a78b-43b1-a8a8-ba9700fd786c/tags HTTP/1.1" status: 200 len: 230 time: 0.0652826
2026-05-19 04:11:35.868 9 WARNING neutron.scheduler.dhcp_agent_scheduler [None req-33059aa8-06bb-42d8-8c65-fdeefa2e4fb3 022a84b12bb64829b00e7f19e96908c3 3b010cba050943a5a3326b3873c07d55 - - default default] No more DHCP agents
2026-05-19 04:11:35.872 9 WARNING neutron.api.rpc.agentnotifiers.dhcp_rpc_agent_api [None req-33059aa8-06bb-42d8-8c65-fdeefa2e4fb3 022a84b12bb64829b00e7f19e96908c3 3b010cba050943a5a3326b3873c07d55 - - default default] Unable to schedule network e45172f8-498a-4184-89d4-a3f1a752d7b6: no agents available; will retry on subsequent port and subnet creation events.
2026-05-19 04:11:35.889 10 INFO neutron.wsgi [None req-f1d26b39-bb27-44ab-b211-33e9a23a0f18 e6f8af9c62084ee6ba6b6c8bc2f2fa4f 6d9bef6a1bb44fdda3da779e4621f84f - - default default] 10.0.0.53 "GET /v2.0/networks/fb69f082-a78b-43b1-a8a8-ba9700fd786c/tags HTTP/1.1" status: 200 len: 230 time: 0.0366735
2026-05-19 04:11:35.937 10 INFO neutron.wsgi [None req-5f8fa465-ffcb-4403-b9db-3afdcc498934 e6f8af9c62084ee6ba6b6c8bc2f2fa4f 6d9bef6a1bb44fdda3da779e4621f84f - - default default] 10.0.0.53 "GET /v2.0/networks/fb69f082-a78b-43b1-a8a8-ba9700fd786c/tags/red HTTP/1.1" status: 204 len: 168 time: 0.0439928
2026-05-19 04:11:35.958 9 INFO neutron.db.ovn_revision_numbers_db [None req-33059aa8-06bb-42d8-8c65-fdeefa2e4fb3 022a84b12bb64829b00e7f19e96908c3 3b010cba050943a5a3326b3873c07d55 - - default default] Successfully bumped revision number for resource c4e7d67e-1174-41fa-8ea5-580433235b03 (type: ports) to 1
2026-05-19 04:11:35.980 9 INFO neutron.wsgi [None req-33059aa8-06bb-42d8-8c65-fdeefa2e4fb3 022a84b12bb64829b00e7f19e96908c3 3b010cba050943a5a3326b3873c07d55 - - default default] 10.0.0.53 "POST /v2.0/networks HTTP/1.1" status: 201 len: 831 time: 0.8998692
2026-05-19 04:11:35.993 10 INFO neutron.api.v2.resource [None req-18fd6a4b-5914-4ce0-89b7-24219372bab9 e6f8af9c62084ee6ba6b6c8bc2f2fa4f 6d9bef6a1bb44fdda3da779e4621f84f - - default default] show failed (client error): The resource could not be found.
2026-05-19 04:11:35.994 10 INFO neutron.wsgi [None req-18fd6a4b-5914-4ce0-89b7-24219372bab9 e6f8af9c62084ee6ba6b6c8bc2f2fa4f 6d9bef6a1bb44fdda3da779e4621f84f - - default default] 10.0.0.53 "GET /v2.0/networks/fb69f082-a78b-43b1-a8a8-ba9700fd786c/tags/green HTTP/1.1" status: 404 len: 299 time: 0.0481718
2026-05-19 04:11:36.063 10 INFO neutron.wsgi [None req-a0bf169c-daa7-49be-8653-fb28b9a2ed02 e6f8af9c62084ee6ba6b6c8bc2f2fa4f 6d9bef6a1bb44fdda3da779e4621f84f - - default default] 10.0.0.53 "DELETE /v2.0/networks/fb69f082-a78b-43b1-a8a8-ba9700fd786c/tags/red HTTP/1.1" status: 204 len: 168 time: 0.0624557
2026-05-19 04:11:36.106 10 INFO neutron.wsgi [None req-f80bd2e7-6f0f-47c3-be2c-cddd0d2f6994 e6f8af9c62084ee6ba6b6c8bc2f2fa4f 6d9bef6a1bb44fdda3da779e4621f84f - - default default] 10.0.0.53 "GET /v2.0/networks/fb69f082-a78b-43b1-a8a8-ba9700fd786c/tags HTTP/1.1" status: 200 len: 223 time: 0.0375195
2026-05-19 04:11:36.161 10 INFO neutron.api.v2.resource [None req-50c6bcb4-810a-4e20-a40b-ec787bae11b6 e6f8af9c62084ee6ba6b6c8bc2f2fa4f 6d9bef6a1bb44fdda3da779e4621f84f - - default default] delete failed (client error): The resource could not be found.
2026-05-19 04:11:36.163 10 INFO neutron.wsgi [None req-50c6bcb4-810a-4e20-a40b-ec787bae11b6 e6f8af9c62084ee6ba6b6c8bc2f2fa4f 6d9bef6a1bb44fdda3da779e4621f84f - - default default] 10.0.0.53 "DELETE /v2.0/networks/fb69f082-a78b-43b1-a8a8-ba9700fd786c/tags/green HTTP/1.1" status: 404 len: 299 time: 0.0520353
2026-05-19 04:11:36.223 10 INFO neutron.wsgi [None req-1fa3ce39-7c83-402a-8556-8fcc6c8de7d9 e6f8af9c62084ee6ba6b6c8bc2f2fa4f 6d9bef6a1bb44fdda3da779e4621f84f - - default default] 10.0.0.53 "DELETE /v2.0/networks/fb69f082-a78b-43b1-a8a8-ba9700fd786c/tags HTTP/1.1" status: 204 len: 168 time: 0.0551836
2026-05-19 04:11:36.252 9 INFO neutron.db.ovn_revision_numbers_db [None req-2cb7db10-72e4-4b51-b6cc-d79522a60b31 ce236c34059d4d0babda12e0bbe32b2e 0e5e868812414428a8f6c3218fbd1854 - - default default] Successfully bumped revision number for resource 8fa4070c-4d45-4dcb-8cf8-4341ebe96758 (type: security_groups) to 1
2026-05-19 04:11:36.275 9 INFO neutron.wsgi [None req-51adfed1-f623-44aa-8e4f-e19d5579a651 e6f8af9c62084ee6ba6b6c8bc2f2fa4f 6d9bef6a1bb44fdda3da779e4621f84f - - default default] 10.0.0.53 "GET /v2.0/networks/fb69f082-a78b-43b1-a8a8-ba9700fd786c/tags HTTP/1.1" status: 200 len: 205 time: 0.0468915
2026-05-19 04:11:36.281 9 INFO neutron.db.ovn_revision_numbers_db [None req-2cb7db10-72e4-4b51-b6cc-d79522a60b31 ce236c34059d4d0babda12e0bbe32b2e 0e5e868812414428a8f6c3218fbd1854 - - default default] Successfully bumped revision number for resource 5715ff91-c13d-482c-afa4-1582deddc6f8 (type: security_group_rules) to 0
2026-05-19 04:11:36.305 9 WARNING neutron.scheduler.dhcp_agent_scheduler [None req-beec4b35-7931-47b9-9a7a-511e56c46dd4 022a84b12bb64829b00e7f19e96908c3 3b010cba050943a5a3326b3873c07d55 - - default default] No more DHCP agents
2026-05-19 04:11:36.307 9 WARNING neutron.api.rpc.agentnotifiers.dhcp_rpc_agent_api [None req-beec4b35-7931-47b9-9a7a-511e56c46dd4 022a84b12bb64829b00e7f19e96908c3 3b010cba050943a5a3326b3873c07d55 - - default default] Unable to schedule network e45172f8-498a-4184-89d4-a3f1a752d7b6: no agents available; will retry on subsequent port and subnet creation events.
2026-05-19 04:11:36.310 9 INFO neutron.db.ovn_revision_numbers_db [None req-2cb7db10-72e4-4b51-b6cc-d79522a60b31 ce236c34059d4d0babda12e0bbe32b2e 0e5e868812414428a8f6c3218fbd1854 - - default default] Successfully bumped revision number for resource c064c115-f9d3-4bcb-ad58-b9f2860f7b3a (type: security_group_rules) to 0
2026-05-19 04:11:36.312 10 INFO neutron.wsgi [req-d54cf457-2074-49be-817c-30c4fbabdc4c req-53607b6f-dcd8-411b-9e83-9df795a57e72 f861119eb0924eb8a5ecaf94c6dcc5a3 ac82bda9158e4c30a38103e4e9fad327 - - default default] 10.0.0.80 "GET /v2.0/ports?device_id=1005da3c-5232-4cbc-846b-293c420d071a HTTP/1.1" status: 200 len: 1174 time: 0.0542092
2026-05-19 04:11:36.342 9 INFO neutron.db.ovn_revision_numbers_db [None req-2cb7db10-72e4-4b51-b6cc-d79522a60b31 ce236c34059d4d0babda12e0bbe32b2e 0e5e868812414428a8f6c3218fbd1854 - - default default] Successfully bumped revision number for resource cd255343-97b8-4ae5-8cb6-f39dfb41bad7 (type: security_group_rules) to 0
2026-05-19 04:11:36.361 9 INFO neutron.db.ovn_revision_numbers_db [None req-2cb7db10-72e4-4b51-b6cc-d79522a60b31 ce236c34059d4d0babda12e0bbe32b2e 0e5e868812414428a8f6c3218fbd1854 - - default default] Successfully bumped revision number for resource cf56141f-9b9c-4a44-9834-a739dfe9dbb4 (type: security_group_rules) to 0
2026-05-19 04:11:36.389 10 INFO neutron.wsgi [req-d54cf457-2074-49be-817c-30c4fbabdc4c req-7460b972-f9fa-4a9b-a693-b728e6ddefaa f861119eb0924eb8a5ecaf94c6dcc5a3 ac82bda9158e4c30a38103e4e9fad327 - - default default] 10.0.0.80 "GET /v2.0/security-groups?id=13a5b52d-be04-4477-b0bc-4175e2ef2409&fields=id&fields=name HTTP/1.1" status: 200 len: 313 time: 0.0646892
2026-05-19 04:11:36.393 9 INFO neutron.wsgi [None req-2cb7db10-72e4-4b51-b6cc-d79522a60b31 ce236c34059d4d0babda12e0bbe32b2e 0e5e868812414428a8f6c3218fbd1854 - - default default] 10.0.0.53 "GET /v2.0/security-groups?tenant_id=cfc1eeac330a4510b47b37c2c4ff221f&name=default HTTP/1.1" status: 200 len: 2996 time: 0.5094192 /var/lib/openstack/lib/python3.10/site-packages/pycadf/identifier.py:71: UserWarning: Invalid uuid: neutron. To ensure interoperability, identifiers should be a valid uuid. warnings.warn(('Invalid uuid: %s. To ensure interoperability, '
2026-05-19 04:11:36.420 9 INFO neutron.db.ovn_revision_numbers_db [None req-beec4b35-7931-47b9-9a7a-511e56c46dd4 022a84b12bb64829b00e7f19e96908c3 3b010cba050943a5a3326b3873c07d55 - - default default] Successfully bumped revision number for resource 4f4830e0-66cb-4653-8646-0e24c6e7e490 (type: ports) to 1
2026-05-19 04:11:36.443 9 INFO neutron.wsgi [None req-beec4b35-7931-47b9-9a7a-511e56c46dd4 022a84b12bb64829b00e7f19e96908c3 3b010cba050943a5a3326b3873c07d55 - - default default] 10.0.0.53 "POST /v2.0/ports HTTP/1.1" status: 201 len: 942 time: 0.4553964
2026-05-19 04:11:36.503 9 INFO neutron.wsgi [req-1d30c824-c53d-4805-88d7-64b77092bea2 req-4e28f3d5-b5d8-48a0-ab6f-e73d4407c59a f861119eb0924eb8a5ecaf94c6dcc5a3 ac82bda9158e4c30a38103e4e9fad327 - - default default] 10.0.0.80 "GET /v2.0/ports?device_id=1005da3c-5232-4cbc-846b-293c420d071a HTTP/1.1" status: 200 len: 1174 time: 0.0394852
2026-05-19 04:11:36.511 10 INFO neutron.wsgi [None req-0bd0645b-e671-43de-9a3e-148e853ea646 022a84b12bb64829b00e7f19e96908c3 3b010cba050943a5a3326b3873c07d55 - - default default] 10.0.0.53 "PUT /v2.0/ports/52e61dc2-76ac-4287-ac0b-3f701f444536/tags HTTP/1.1" status: 200 len: 210 time: 0.0619550
2026-05-19 04:11:36.562 9 INFO neutron.wsgi [req-1d30c824-c53d-4805-88d7-64b77092bea2 req-69b3b425-a619-4d32-821e-9a3ab4d01cb6 f861119eb0924eb8a5ecaf94c6dcc5a3 ac82bda9158e4c30a38103e4e9fad327 - - default default] 10.0.0.80 "GET /v2.0/security-groups?id=13a5b52d-be04-4477-b0bc-4175e2ef2409&fields=id&fields=name HTTP/1.1" status: 200 len: 313 time: 0.0524127
2026-05-19 04:11:36.581 10 INFO neutron.wsgi [None req-f206a294-aaa7-40e2-b316-12dec7354028 022a84b12bb64829b00e7f19e96908c3 3b010cba050943a5a3326b3873c07d55 - - default default] 10.0.0.53 "PUT /v2.0/ports/3b99a8bd-72d9-4fb7-b87e-16ead895b0b7/tags HTTP/1.1" status: 200 len: 218 time: 0.0538492
2026-05-19 04:11:36.624 9 INFO neutron.wsgi [None req-ca2be58d-d7dd-46be-b7ec-07dd4ebeff8f ac969dd205fc4f66b9386ac2cf6eb415 500d913c39964ddda685dba2fcbc7f90 - - default default] 10.0.0.53 "GET /v2.0/ports?device_id=1005da3c-5232-4cbc-846b-293c420d071a HTTP/1.1" status: 200 len: 1408 time: 0.0311859
2026-05-19 04:11:36.642 10 INFO neutron.wsgi [None req-7d438634-f687-4c42-972b-6377e7eef05b 022a84b12bb64829b00e7f19e96908c3 3b010cba050943a5a3326b3873c07d55 - - default default] 10.0.0.53 "PUT /v2.0/ports/3c7ca158-add5-4087-9f3d-16dd7da6ac1c/tags HTTP/1.1" status: 200 len: 227 time: 0.0553143
2026-05-19 04:11:36.676 9 INFO neutron.wsgi [None req-0427502b-f4d7-4e9d-b0a9-67d8d3f9ffc7 ce236c34059d4d0babda12e0bbe32b2e 0e5e868812414428a8f6c3218fbd1854 - - default default] 10.0.0.53 "DELETE /v2.0/security-groups/8fa4070c-4d45-4dcb-8cf8-4341ebe96758 HTTP/1.1" status: 204 len: 168 time: 0.2786715
2026-05-19 04:11:36.690 10 INFO neutron.wsgi [None req-4b8db79a-38b4-44f1-9035-86a5457f4152 022a84b12bb64829b00e7f19e96908c3 3b010cba050943a5a3326b3873c07d55 - - default default] 10.0.0.53 "PUT /v2.0/ports/b75bd6af-76d7-48b9-a498-0f227f58ad98/tags HTTP/1.1" status: 200 len: 212 time: 0.0433640
2026-05-19 04:11:36.723 10 INFO neutron.services.segments.plugin [-] Segment 36926b8a-5e92-4c86-bcca-ea82f91649cb resource provider aggregate not found
2026-05-19 04:11:36.729 10 INFO neutron.services.segments.plugin [-] Segment 36926b8a-5e92-4c86-bcca-ea82f91649cb resource provider aggregate not found
2026-05-19 04:11:36.741 10 INFO neutron.services.segments.plugin [-] Segment 36926b8a-5e92-4c86-bcca-ea82f91649cb resource provider not found; error: Placement Client Error (4xx): {"errors": [{"status": 404, "title": "Not Found", "detail": "The resource could not be found.\n\n No resource provider with uuid 36926b8a-5e92-4c86-bcca-ea82f91649cb found for delete ", "request_id": "req-6eb0cdfa-4b11-4fd6-9906-5c86f628f75c"}]}
2026-05-19 04:11:36.749 10 INFO neutron.services.segments.plugin [-] Segment 36926b8a-5e92-4c86-bcca-ea82f91649cb resource provider not found; error: Placement Client Error (4xx): {"errors": [{"status": 404, "title": "Not Found", "detail": "The resource could not be found.\n\n No resource provider with uuid 36926b8a-5e92-4c86-bcca-ea82f91649cb found for delete ", "request_id": "req-29937542-ba24-43ca-b1b1-84f5e4d0e0ad"}]}
2026-05-19 04:11:36.765 10 INFO neutron.wsgi [None req-899847e2-57ac-44de-aeb6-71926bb6baec e6f8af9c62084ee6ba6b6c8bc2f2fa4f 6d9bef6a1bb44fdda3da779e4621f84f - - default default] 10.0.0.53 "DELETE /v2.0/networks/fb69f082-a78b-43b1-a8a8-ba9700fd786c HTTP/1.1" status: 204 len: 168 time: 0.4825325
2026-05-19 04:11:36.959 9 INFO neutron.db.l3_db [None req-587f78be-926a-4014-96f4-e19e1bce9f4e f861119eb0924eb8a5ecaf94c6dcc5a3 ac82bda9158e4c30a38103e4e9fad327 - - default default] Floating IP fbc933ef-8708-4d47-be76-4fec97aa9f5a associated. External IP: 10.96.250.219, port: 9e78e430-066b-430e-8e7c-8df4f08072c9.
2026-05-19 04:11:36.968 9 INFO neutron.wsgi [None req-26e89f2a-364f-405a-81a4-91d16ebcc60e 022a84b12bb64829b00e7f19e96908c3 3b010cba050943a5a3326b3873c07d55 - - default default] 10.0.0.53 "GET /v2.0/ports?tags=red HTTP/1.1" status: 200 len: 2448 time: 0.2712166
2026-05-19 04:11:37.005 9 INFO neutron.db.ovn_revision_numbers_db [None req-cbc8ce28-1c0d-4de2-b5d6-5f5e60ea7ee0 ce236c34059d4d0babda12e0bbe32b2e 0e5e868812414428a8f6c3218fbd1854 - - default default] Successfully bumped revision number for resource 0a676b04-1ed5-4c8b-b982-b65ebf45bf5f (type: security_groups) to 1
2026-05-19 04:11:37.025 9 INFO neutron.db.ovn_revision_numbers_db [None req-cbc8ce28-1c0d-4de2-b5d6-5f5e60ea7ee0 ce236c34059d4d0babda12e0bbe32b2e 0e5e868812414428a8f6c3218fbd1854 - - default default] Successfully bumped revision number for resource 37845a9a-2743-4f4f-93cc-a0c7050eb0de (type: security_group_rules) to 0
2026-05-19 04:11:37.051 9 INFO neutron.db.ovn_revision_numbers_db [None req-cbc8ce28-1c0d-4de2-b5d6-5f5e60ea7ee0 ce236c34059d4d0babda12e0bbe32b2e 0e5e868812414428a8f6c3218fbd1854 - - default default] Successfully bumped revision number for resource 6b64f8af-b962-4acb-b6ad-b34be90108f5 (type: security_group_rules) to 0
2026-05-19 04:11:37.076 9 INFO neutron.db.ovn_revision_numbers_db [None req-cbc8ce28-1c0d-4de2-b5d6-5f5e60ea7ee0 ce236c34059d4d0babda12e0bbe32b2e 0e5e868812414428a8f6c3218fbd1854 - - default default] Successfully bumped revision number for resource bd50b4de-6c75-4523-93e4-4735c9f618d4 (type: security_group_rules) to 0
2026-05-19 04:11:37.090 9 INFO neutron.db.ovn_revision_numbers_db [None req-cbc8ce28-1c0d-4de2-b5d6-5f5e60ea7ee0 ce236c34059d4d0babda12e0bbe32b2e 0e5e868812414428a8f6c3218fbd1854 - - default default] Successfully bumped revision number for resource eb02beb9-3dab-4f8c-9e9a-a4ebe6ce31bf (type: security_group_rules) to 0
2026-05-19 04:11:37.101 10 INFO neutron.wsgi [None req-d63272a0-181c-44ae-bd85-0dd01a95948c 022a84b12bb64829b00e7f19e96908c3 3b010cba050943a5a3326b3873c07d55 - - default default] 10.0.0.53 "GET /v2.0/ports?tags=red%2Cblue HTTP/1.1" status: 200 len: 1708 time: 0.1258330
2026-05-19 04:11:37.118 9 INFO neutron.wsgi [None req-cbc8ce28-1c0d-4de2-b5d6-5f5e60ea7ee0 ce236c34059d4d0babda12e0bbe32b2e 0e5e868812414428a8f6c3218fbd1854 - - default default] 10.0.0.53 "GET /v2.0/security-groups?tenant_id=524d6135a8674b22bd0a5de153ec68fc&name=default HTTP/1.1" status: 200 len: 2996 time: 0.3445013
2026-05-19 04:11:37.181 9 INFO neutron.db.ovn_revision_numbers_db [None req-587f78be-926a-4014-96f4-e19e1bce9f4e f861119eb0924eb8a5ecaf94c6dcc5a3 ac82bda9158e4c30a38103e4e9fad327 - - default default] Successfully bumped revision number for resource fbc933ef-8708-4d47-be76-4fec97aa9f5a (type: floatingips) to 4
2026-05-19 04:11:37.201 10 INFO neutron.wsgi [None req-cab90a36-d0cd-40b3-bd4f-8262b1125d76 022a84b12bb64829b00e7f19e96908c3 3b010cba050943a5a3326b3873c07d55 - - default default] 10.0.0.53 "GET /v2.0/ports?tags-any=blue HTTP/1.1" status: 200 len: 1708 time: 0.0967023 /var/lib/openstack/lib/python3.10/site-packages/pycadf/identifier.py:71: UserWarning: Invalid uuid: neutron. To ensure interoperability, identifiers should be a valid uuid. warnings.warn(('Invalid uuid: %s. To ensure interoperability, '
2026-05-19 04:11:37.289 10 INFO neutron.wsgi [None req-35a1e7e0-aef5-492d-8e7d-d681ce09826b 022a84b12bb64829b00e7f19e96908c3 3b010cba050943a5a3326b3873c07d55 - - default default] 10.0.0.53 "GET /v2.0/ports?tags-any=red%2Cblue HTTP/1.1" status: 200 len: 2448 time: 0.0812874
2026-05-19 04:11:37.304 9 INFO neutron.db.ovn_revision_numbers_db [None req-587f78be-926a-4014-96f4-e19e1bce9f4e f861119eb0924eb8a5ecaf94c6dcc5a3 ac82bda9158e4c30a38103e4e9fad327 - - default default] Successfully bumped revision number for resource fbc933ef-8708-4d47-be76-4fec97aa9f5a (type: floatingips) to 5
2026-05-19 04:11:37.326 9 INFO neutron.wsgi [None req-587f78be-926a-4014-96f4-e19e1bce9f4e f861119eb0924eb8a5ecaf94c6dcc5a3 ac82bda9158e4c30a38103e4e9fad327 - - default default] 10.0.0.53 "PUT /v2.0/floatingips/fbc933ef-8708-4d47-be76-4fec97aa9f5a HTTP/1.1" status: 200 len: 1050 time: 0.6975780
2026-05-19 04:11:37.378 9 INFO neutron.notifiers.nova [-] Nova event matching ['req-6ed8d480-32c2-4cf5-a05d-9ea8eae782a9'] response: {'name': 'network-changed', 'server_uuid': '1005da3c-5232-4cbc-846b-293c420d071a', 'tag': '9e78e430-066b-430e-8e7c-8df4f08072c9', 'status': 'completed', 'code': 200}
2026-05-19 04:11:37.393 9 INFO neutron.wsgi [None req-ada64a97-c498-462a-b855-aee3957a8b94 f861119eb0924eb8a5ecaf94c6dcc5a3 ac82bda9158e4c30a38103e4e9fad327 - - default default] 10.0.0.53 "GET /v2.0/floatingips/fbc933ef-8708-4d47-be76-4fec97aa9f5a HTTP/1.1" status: 200 len: 1052 time: 0.0617924
2026-05-19 04:11:37.417 9 INFO neutron.wsgi [None req-ddcd310f-8d93-4e93-a926-05f80443e477 ce236c34059d4d0babda12e0bbe32b2e 0e5e868812414428a8f6c3218fbd1854 - - default default] 10.0.0.53 "DELETE /v2.0/security-groups/0a676b04-1ed5-4c8b-b982-b65ebf45bf5f HTTP/1.1" status: 204 len: 168 time: 0.2895625
2026-05-19 04:11:37.440 9 INFO neutron.wsgi [req-c945f605-5c4e-45fd-af1d-2572bdf30832 req-5d277868-db01-49e6-8fc3-98776b3b2a91 d90ddc0e36f442ef969eeefc0e8a65a0 aa99a1b2c8464a0190733132f1fde0e0 - - 90f575837326456b8ab9bf10c47d7749 90f575837326456b8ab9bf10c47d7749] 199.19.213.191 "GET /v2.0/ports?tenant_id=ac82bda9158e4c30a38103e4e9fad327&device_id=1005da3c-5232-4cbc-846b-293c420d071a HTTP/1.1" status: 200 len: 1413 time: 0.0382369
2026-05-19 04:11:37.450 10 INFO neutron.wsgi [None req-8aa45f01-55f9-47a5-be18-3b8d1723a256 022a84b12bb64829b00e7f19e96908c3 3b010cba050943a5a3326b3873c07d55 - - default default] 10.0.0.53 "GET /v2.0/ports?not-tags=red HTTP/1.1" status: 200 len: 5463 time: 0.1554906
2026-05-19 04:11:37.519 9 INFO neutron.wsgi [req-c945f605-5c4e-45fd-af1d-2572bdf30832 req-9054965f-8c8f-49b9-9f8c-4378a88972e1 d90ddc0e36f442ef969eeefc0e8a65a0 aa99a1b2c8464a0190733132f1fde0e0 - - 90f575837326456b8ab9bf10c47d7749 90f575837326456b8ab9bf10c47d7749] 199.19.213.191 "GET /v2.0/networks?id=0fc1ebaa-363d-4591-9a5c-472bfc260d00 HTTP/1.1" status: 200 len: 958 time: 0.0707226
2026-05-19 04:11:37.534 10 INFO neutron.wsgi [None req-250e3904-e94d-4106-a64f-f3b43049f73a 022a84b12bb64829b00e7f19e96908c3 3b010cba050943a5a3326b3873c07d55 - - default default] 10.0.0.53 "GET /v2.0/ports?not-tags=red%2Cblue HTTP/1.1" status: 200 len: 6203 time: 0.0778005
2026-05-19 04:11:37.611 9 INFO neutron.wsgi [req-c945f605-5c4e-45fd-af1d-2572bdf30832 req-5a77f7d0-f0b9-457f-b02d-885210488904 d90ddc0e36f442ef969eeefc0e8a65a0 aa99a1b2c8464a0190733132f1fde0e0 - - 90f575837326456b8ab9bf10c47d7749 90f575837326456b8ab9bf10c47d7749] 199.19.213.191 "GET /v2.0/floatingips?fixed_ip_address=10.100.0.12&port_id=9e78e430-066b-430e-8e7c-8df4f08072c9 HTTP/1.1" status: 200 len: 1060 time: 0.0816636
2026-05-19 04:11:37.683 9 INFO neutron.wsgi [req-c945f605-5c4e-45fd-af1d-2572bdf30832 req-b94c09a2-3330-4528-a46b-965f0d59e10e d90ddc0e36f442ef969eeefc0e8a65a0 aa99a1b2c8464a0190733132f1fde0e0 - - 90f575837326456b8ab9bf10c47d7749 90f575837326456b8ab9bf10c47d7749] 199.19.213.191 "GET /v2.0/subnets?id=c9f4d66f-1cff-494f-8fd0-0b2ea3668305 HTTP/1.1" status: 200 len: 851 time: 0.0598691
2026-05-19 04:11:37.702 10 INFO neutron.db.ovn_revision_numbers_db [None req-3caa11c1-b917-45f9-91cd-977c555c2b78 ce236c34059d4d0babda12e0bbe32b2e 0e5e868812414428a8f6c3218fbd1854 - - default default] Successfully bumped revision number for resource 0904ca8c-7158-4848-a9b9-f8bd2691d265 (type: security_groups) to 1
2026-05-19 04:11:37.716 10 INFO neutron.db.ovn_revision_numbers_db [None req-3caa11c1-b917-45f9-91cd-977c555c2b78 ce236c34059d4d0babda12e0bbe32b2e 0e5e868812414428a8f6c3218fbd1854 - - default default] Successfully bumped revision number for resource 075b9442-b080-4210-9327-c92723f52ab6 (type: security_group_rules) to 0
2026-05-19 04:11:37.728 9 INFO neutron.wsgi [req-c945f605-5c4e-45fd-af1d-2572bdf30832 req-70f1987b-3865-4f6a-8c0f-524202489942 d90ddc0e36f442ef969eeefc0e8a65a0 aa99a1b2c8464a0190733132f1fde0e0 - - 90f575837326456b8ab9bf10c47d7749 90f575837326456b8ab9bf10c47d7749] 199.19.213.191 "GET /v2.0/ports?network_id=0fc1ebaa-363d-4591-9a5c-472bfc260d00&device_owner=network%3Adhcp HTTP/1.1" status: 200 len: 210 time: 0.0355651
2026-05-19 04:11:37.731 10 INFO neutron.db.ovn_revision_numbers_db [None req-3caa11c1-b917-45f9-91cd-977c555c2b78 ce236c34059d4d0babda12e0bbe32b2e 0e5e868812414428a8f6c3218fbd1854 - - default default] Successfully bumped revision number for resource 414f4493-36bd-4cd3-b83e-ab57446bcc1f (type: security_group_rules) to 0
2026-05-19 04:11:37.745 10 INFO neutron.db.ovn_revision_numbers_db [None req-3caa11c1-b917-45f9-91cd-977c555c2b78 ce236c34059d4d0babda12e0bbe32b2e 0e5e868812414428a8f6c3218fbd1854 - - default default] Successfully bumped revision number for resource 45f03f50-47e2-4e28-b756-23a2f7c4dc08 (type: security_group_rules) to 0
2026-05-19 04:11:37.755 9 INFO neutron.wsgi [None req-726cfa85-93d3-4db3-884f-00a306bc8bce 022a84b12bb64829b00e7f19e96908c3 3b010cba050943a5a3326b3873c07d55 - - default default] 10.0.0.53 "GET /v2.0/ports?not-tags-any=blue HTTP/1.1" status: 200 len: 6203 time: 0.2138560
