2026-04-29 03:04:33.880 8 INFO cinder.api.openstack.wsgi [None req-56973a0a-32d3-4e57-8ba8-4997c4752918 71c6d2a2f29d4c339dd8ca811a09efa8 e602b13c325e43e4876260d1efa6518d - - default default] http://cinder-api.openstack.svc.cluster.local:8776/v3/e602b13c325e43e4876260d1efa6518d/limits?tenant_id=e602b13c325e43e4876260d1efa6518d returned with HTTP 200 [pid: 8|app: 0|req: 355/710] 10.0.0.126 () {34 vars in 879 bytes} [Wed Apr 29 03:04:33 2026] GET /v3/e602b13c325e43e4876260d1efa6518d/limits?tenant_id=e602b13c325e43e4876260d1efa6518d => generated 302 bytes in 33 msecs (HTTP/1.1 200) 7 headers in 286 bytes (1 switches on core 0)
2026-04-29 03:04:35.346 7 INFO cinder.api.openstack.wsgi [None req-9b055c64-99ce-4904-b3af-b5c82385befe 71c6d2a2f29d4c339dd8ca811a09efa8 e602b13c325e43e4876260d1efa6518d - - default default] GET http://cinder-api.openstack.svc.cluster.local:8776/
2026-04-29 03:04:35.347 7 INFO cinder.api.openstack.wsgi [None req-9b055c64-99ce-4904-b3af-b5c82385befe 71c6d2a2f29d4c339dd8ca811a09efa8 e602b13c325e43e4876260d1efa6518d - - default default] http://cinder-api.openstack.svc.cluster.local:8776/ returned with HTTP 300 [pid: 7|app: 0|req: 356/711] 10.0.0.126 () {28 vars in 376 bytes} [Wed Apr 29 03:04:35 2026] GET / => generated 411 bytes in 2 msecs (HTTP/1.1 300) 5 headers in 169 bytes (1 switches on core 0)
2026-04-29 03:04:35.353 8 INFO cinder.api.openstack.wsgi [None req-56973a0a-32d3-4e57-8ba8-4997c4752918 71c6d2a2f29d4c339dd8ca811a09efa8 e602b13c325e43e4876260d1efa6518d - - default default] GET http://cinder-api.openstack.svc.cluster.local:8776/
2026-04-29 03:04:35.355 8 INFO cinder.api.openstack.wsgi [None req-56973a0a-32d3-4e57-8ba8-4997c4752918 71c6d2a2f29d4c339dd8ca811a09efa8 e602b13c325e43e4876260d1efa6518d - - default default] http://cinder-api.openstack.svc.cluster.local:8776/ returned with HTTP 300 [pid: 8|app: 0|req: 356/712] 10.0.0.126 () {28 vars in 376 bytes} [Wed Apr 29 03:04:35 2026] GET / => generated 411 bytes in 3 msecs (HTTP/1.1 300) 5 headers in 169 bytes (1 switches on core 0)
2026-04-29 03:04:36.349 7 INFO cinder.api.openstack.wsgi [None req-c55e045d-8d9f-4ebf-ac62-ec38ec91d4d9 cb4b23c7b7c44ed0b8825fb5613f4072 000da5a1f8dd4604b32bd0711f36bed3 - - default default] GET http://cinder-api.openstack.svc.cluster.local:8776/v3/000da5a1f8dd4604b32bd0711f36bed3/volumes/detail?all_tenants=true
2026-04-29 03:04:36.360 7 INFO cinder.volume.api [None req-c55e045d-8d9f-4ebf-ac62-ec38ec91d4d9 cb4b23c7b7c44ed0b8825fb5613f4072 000da5a1f8dd4604b32bd0711f36bed3 - - default default] Get all volumes completed successfully.
2026-04-29 03:04:36.364 7 INFO cinder.api.openstack.wsgi [None req-c55e045d-8d9f-4ebf-ac62-ec38ec91d4d9 cb4b23c7b7c44ed0b8825fb5613f4072 000da5a1f8dd4604b32bd0711f36bed3 - - default default] http://cinder-api.openstack.svc.cluster.local:8776/v3/000da5a1f8dd4604b32bd0711f36bed3/volumes/detail?all_tenants=true returned with HTTP 200 [pid: 7|app: 0|req: 357/713] 10.0.0.249 () {28 vars in 684 bytes} [Wed Apr 29 03:04:36 2026] GET /v3/000da5a1f8dd4604b32bd0711f36bed3/volumes/detail?all_tenants=true => generated 15 bytes in 102 msecs (HTTP/1.1 200) 7 headers in 284 bytes (1 switches on core 0)
2026-04-29 03:04:36.375 8 INFO cinder.api.openstack.wsgi [None req-26759ac6-aeeb-4fae-aed5-beeff812b462 cb4b23c7b7c44ed0b8825fb5613f4072 000da5a1f8dd4604b32bd0711f36bed3 - - default default] GET http://cinder-api.openstack.svc.cluster.local:8776/v3/000da5a1f8dd4604b32bd0711f36bed3/snapshots?all_tenants=true
2026-04-29 03:04:36.381 8 INFO cinder.volume.api [None req-26759ac6-aeeb-4fae-aed5-beeff812b462 cb4b23c7b7c44ed0b8825fb5613f4072 000da5a1f8dd4604b32bd0711f36bed3 - - default default] Get all snapshots completed successfully.
2026-04-29 03:04:36.382 8 INFO cinder.api.openstack.wsgi [None req-26759ac6-aeeb-4fae-aed5-beeff812b462 cb4b23c7b7c44ed0b8825fb5613f4072 000da5a1f8dd4604b32bd0711f36bed3 - - default default] http://cinder-api.openstack.svc.cluster.local:8776/v3/000da5a1f8dd4604b32bd0711f36bed3/snapshots?all_tenants=true returned with HTTP 200 [pid: 8|app: 0|req: 357/714] 10.0.0.249 () {28 vars in 674 bytes} [Wed Apr 29 03:04:36 2026] GET /v3/000da5a1f8dd4604b32bd0711f36bed3/snapshots?all_tenants=true => generated 17 bytes in 14 msecs (HTTP/1.1 200) 7 headers in 284 bytes (1 switches on core 0)
2026-04-29 03:04:36.391 7 INFO cinder.api.openstack.wsgi [None req-b362806b-52ec-4c08-940d-14ea276b0a52 cb4b23c7b7c44ed0b8825fb5613f4072 000da5a1f8dd4604b32bd0711f36bed3 - - default default] GET http://cinder-api.openstack.svc.cluster.local:8776/v3/000da5a1f8dd4604b32bd0711f36bed3/volumes/detail?all_tenants=true
2026-04-29 03:04:36.399 7 INFO cinder.volume.api [None req-b362806b-52ec-4c08-940d-14ea276b0a52 cb4b23c7b7c44ed0b8825fb5613f4072 000da5a1f8dd4604b32bd0711f36bed3 - - default default] Get all volumes completed successfully.
2026-04-29 03:04:36.401 7 INFO cinder.api.openstack.wsgi [None req-b362806b-52ec-4c08-940d-14ea276b0a52 cb4b23c7b7c44ed0b8825fb5613f4072 000da5a1f8dd4604b32bd0711f36bed3 - - default default] http://cinder-api.openstack.svc.cluster.local:8776/v3/000da5a1f8dd4604b32bd0711f36bed3/volumes/detail?all_tenants=true returned with HTTP 200 [pid: 7|app: 0|req: 358/715] 10.0.0.249 () {28 vars in 684 bytes} [Wed Apr 29 03:04:36 2026] GET /v3/000da5a1f8dd4604b32bd0711f36bed3/volumes/detail?all_tenants=true => generated 15 bytes in 16 msecs (HTTP/1.1 200) 7 headers in 284 bytes (1 switches on core 0)
2026-04-29 03:04:36.412 8 INFO cinder.api.openstack.wsgi [None req-54b7a94a-3bfe-4493-a2ea-5da8f3fea268 cb4b23c7b7c44ed0b8825fb5613f4072 000da5a1f8dd4604b32bd0711f36bed3 - - default default] GET http://cinder-api.openstack.svc.cluster.local:8776/v3/000da5a1f8dd4604b32bd0711f36bed3/scheduler-stats/get_pools?detail=true
2026-04-29 03:04:36.916 8 INFO cinder.api.openstack.wsgi [None req-54b7a94a-3bfe-4493-a2ea-5da8f3fea268 cb4b23c7b7c44ed0b8825fb5613f4072 000da5a1f8dd4604b32bd0711f36bed3 - - default default] http://cinder-api.openstack.svc.cluster.local:8776/v3/000da5a1f8dd4604b32bd0711f36bed3/scheduler-stats/get_pools?detail=true returned with HTTP 200 [pid: 8|app: 0|req: 358/716] 10.0.0.249 () {28 vars in 696 bytes} [Wed Apr 29 03:04:36 2026] GET /v3/000da5a1f8dd4604b32bd0711f36bed3/scheduler-stats/get_pools?detail=true => generated 670 bytes in 512 msecs (HTTP/1.1 200) 7 headers in 285 bytes (1 switches on core 0)
2026-04-29 03:04:37.047 7 INFO cinder.api.openstack.wsgi [None req-ae683f16-9a99-4b6b-92a1-557032c76a2a cb4b23c7b7c44ed0b8825fb5613f4072 000da5a1f8dd4604b32bd0711f36bed3 - - default default] GET http://cinder-api.openstack.svc.cluster.local:8776/v3/000da5a1f8dd4604b32bd0711f36bed3/os-quota-sets/000da5a1f8dd4604b32bd0711f36bed3?usage=true
2026-04-29 03:04:37.077 7 INFO cinder.api.openstack.wsgi [None req-ae683f16-9a99-4b6b-92a1-557032c76a2a cb4b23c7b7c44ed0b8825fb5613f4072 000da5a1f8dd4604b32bd0711f36bed3 - - default default] http://cinder-api.openstack.svc.cluster.local:8776/v3/000da5a1f8dd4604b32bd0711f36bed3/os-quota-sets/000da5a1f8dd4604b32bd0711f36bed3?usage=true returned with HTTP 200 [pid: 7|app: 0|req: 359/717] 10.0.0.249 () {28 vars in 736 bytes} [Wed Apr 29 03:04:37 2026] GET /v3/000da5a1f8dd4604b32bd0711f36bed3/os-quota-sets/000da5a1f8dd4604b32bd0711f36bed3?usage=true => generated 845 bytes in 35 msecs (HTTP/1.1 200) 7 headers in 285 bytes (1 switches on core 0)
2026-04-29 03:04:37.090 8 INFO cinder.api.openstack.wsgi [None req-d553b34f-a13b-472b-8631-a81e8311fc58 cb4b23c7b7c44ed0b8825fb5613f4072 000da5a1f8dd4604b32bd0711f36bed3 - - default default] GET http://cinder-api.openstack.svc.cluster.local:8776/v3/000da5a1f8dd4604b32bd0711f36bed3/os-quota-sets/2ec4259ac4d24f38848815536be3d55a?usage=true
2026-04-29 03:04:37.112 8 INFO cinder.api.openstack.wsgi [None req-d553b34f-a13b-472b-8631-a81e8311fc58 cb4b23c7b7c44ed0b8825fb5613f4072 000da5a1f8dd4604b32bd0711f36bed3 - - default default] http://cinder-api.openstack.svc.cluster.local:8776/v3/000da5a1f8dd4604b32bd0711f36bed3/os-quota-sets/2ec4259ac4d24f38848815536be3d55a?usage=true returned with HTTP 200 [pid: 8|app: 0|req: 359/718] 10.0.0.249 () {28 vars in 736 bytes} [Wed Apr 29 03:04:37 2026] GET /v3/000da5a1f8dd4604b32bd0711f36bed3/os-quota-sets/2ec4259ac4d24f38848815536be3d55a?usage=true => generated 847 bytes in 29 msecs (HTTP/1.1 200) 7 headers in 285 bytes (1 switches on core 0)
2026-04-29 03:04:37.124 7 INFO cinder.api.openstack.wsgi [None req-54edcba5-a4b5-4d3b-8229-d9ed7e9ae8b9 cb4b23c7b7c44ed0b8825fb5613f4072 000da5a1f8dd4604b32bd0711f36bed3 - - default default] GET http://cinder-api.openstack.svc.cluster.local:8776/v3/000da5a1f8dd4604b32bd0711f36bed3/os-quota-sets/305a665339f2468b98384a48c8ef73f3?usage=true
2026-04-29 03:04:37.144 7 INFO cinder.api.openstack.wsgi [None req-54edcba5-a4b5-4d3b-8229-d9ed7e9ae8b9 cb4b23c7b7c44ed0b8825fb5613f4072 000da5a1f8dd4604b32bd0711f36bed3 - - default default] http://cinder-api.openstack.svc.cluster.local:8776/v3/000da5a1f8dd4604b32bd0711f36bed3/os-quota-sets/305a665339f2468b98384a48c8ef73f3?usage=true returned with HTTP 200 [pid: 7|app: 0|req: 360/719] 10.0.0.249 () {28 vars in 736 bytes} [Wed Apr 29 03:04:37 2026] GET /v3/000da5a1f8dd4604b32bd0711f36bed3/os-quota-sets/305a665339f2468b98384a48c8ef73f3?usage=true => generated 847 bytes in 29 msecs (HTTP/1.1 200) 7 headers in 285 bytes (1 switches on core 0)
2026-04-29 03:04:37.158 8 INFO cinder.api.openstack.wsgi [None req-0f5eaf24-b13e-41ca-a6c6-676c53a1ba15 cb4b23c7b7c44ed0b8825fb5613f4072 000da5a1f8dd4604b32bd0711f36bed3 - - default default] GET http://cinder-api.openstack.svc.cluster.local:8776/v3/000da5a1f8dd4604b32bd0711f36bed3/os-quota-sets/55c03efd9f6840ceaea121e02b43b459?usage=true
2026-04-29 03:04:37.175 8 INFO cinder.api.openstack.wsgi [None req-0f5eaf24-b13e-41ca-a6c6-676c53a1ba15 cb4b23c7b7c44ed0b8825fb5613f4072 000da5a1f8dd4604b32bd0711f36bed3 - - default default] http://cinder-api.openstack.svc.cluster.local:8776/v3/000da5a1f8dd4604b32bd0711f36bed3/os-quota-sets/55c03efd9f6840ceaea121e02b43b459?usage=true returned with HTTP 200 [pid: 8|app: 0|req: 360/720] 10.0.0.249 () {28 vars in 736 bytes} [Wed Apr 29 03:04:37 2026] GET /v3/000da5a1f8dd4604b32bd0711f36bed3/os-quota-sets/55c03efd9f6840ceaea121e02b43b459?usage=true => generated 847 bytes in 27 msecs (HTTP/1.1 200) 7 headers in 285 bytes (1 switches on core 0)
2026-04-29 03:04:37.189 7 INFO cinder.api.openstack.wsgi [None req-82eb7e54-6521-489e-9ee5-b2a81bc9dacd cb4b23c7b7c44ed0b8825fb5613f4072 000da5a1f8dd4604b32bd0711f36bed3 - - default default] GET http://cinder-api.openstack.svc.cluster.local:8776/v3/000da5a1f8dd4604b32bd0711f36bed3/os-quota-sets/d74a9f5238b74b8ab3394a2ed1c7e32c?usage=true
2026-04-29 03:04:37.220 7 INFO cinder.api.openstack.wsgi [None req-82eb7e54-6521-489e-9ee5-b2a81bc9dacd cb4b23c7b7c44ed0b8825fb5613f4072 000da5a1f8dd4604b32bd0711f36bed3 - - default default] http://cinder-api.openstack.svc.cluster.local:8776/v3/000da5a1f8dd4604b32bd0711f36bed3/os-quota-sets/d74a9f5238b74b8ab3394a2ed1c7e32c?usage=true returned with HTTP 200 [pid: 7|app: 0|req: 361/721] 10.0.0.249 () {28 vars in 736 bytes} [Wed Apr 29 03:04:37 2026] GET /v3/000da5a1f8dd4604b32bd0711f36bed3/os-quota-sets/d74a9f5238b74b8ab3394a2ed1c7e32c?usage=true => generated 847 bytes in 39 msecs (HTTP/1.1 200) 7 headers in 285 bytes (1 switches on core 0)
2026-04-29 03:04:37.242 8 INFO cinder.api.openstack.wsgi [None req-9b08d028-5d96-4152-9c55-96a92d1d7dae cb4b23c7b7c44ed0b8825fb5613f4072 000da5a1f8dd4604b32bd0711f36bed3 - - default default] GET http://cinder-api.openstack.svc.cluster.local:8776/v3/000da5a1f8dd4604b32bd0711f36bed3/os-quota-sets/e249646d1015424095b9b53cb0e31050?usage=true
2026-04-29 03:04:37.282 8 INFO cinder.api.openstack.wsgi [None req-9b08d028-5d96-4152-9c55-96a92d1d7dae cb4b23c7b7c44ed0b8825fb5613f4072 000da5a1f8dd4604b32bd0711f36bed3 - - default default] http://cinder-api.openstack.svc.cluster.local:8776/v3/000da5a1f8dd4604b32bd0711f36bed3/os-quota-sets/e249646d1015424095b9b53cb0e31050?usage=true returned with HTTP 200 [pid: 8|app: 0|req: 361/722] 10.0.0.249 () {28 vars in 736 bytes} [Wed Apr 29 03:04:37 2026] GET /v3/000da5a1f8dd4604b32bd0711f36bed3/os-quota-sets/e249646d1015424095b9b53cb0e31050?usage=true => generated 845 bytes in 51 msecs (HTTP/1.1 200) 7 headers in 285 bytes (1 switches on core 0)
2026-04-29 03:04:37.299 7 INFO cinder.api.openstack.wsgi [None req-754435cb-2741-4029-ad31-bc4dd9e8c7bb cb4b23c7b7c44ed0b8825fb5613f4072 000da5a1f8dd4604b32bd0711f36bed3 - - default default] GET http://cinder-api.openstack.svc.cluster.local:8776/v3/000da5a1f8dd4604b32bd0711f36bed3/os-quota-sets/e602b13c325e43e4876260d1efa6518d?usage=true
2026-04-29 03:04:37.317 7 INFO cinder.api.openstack.wsgi [None req-754435cb-2741-4029-ad31-bc4dd9e8c7bb cb4b23c7b7c44ed0b8825fb5613f4072 000da5a1f8dd4604b32bd0711f36bed3 - - default default] http://cinder-api.openstack.svc.cluster.local:8776/v3/000da5a1f8dd4604b32bd0711f36bed3/os-quota-sets/e602b13c325e43e4876260d1efa6518d?usage=true returned with HTTP 200 [pid: 7|app: 0|req: 362/723] 10.0.0.249 () {28 vars in 736 bytes} [Wed Apr 29 03:04:37 2026] GET /v3/000da5a1f8dd4604b32bd0711f36bed3/os-quota-sets/e602b13c325e43e4876260d1efa6518d?usage=true => generated 847 bytes in 28 msecs (HTTP/1.1 200) 7 headers in 285 bytes (1 switches on core 0)
2026-04-29 03:04:37.327 8 INFO cinder.api.openstack.wsgi [None req-d215f7fe-e64f-42ec-b204-c9ab582f0286 cb4b23c7b7c44ed0b8825fb5613f4072 000da5a1f8dd4604b32bd0711f36bed3 - - default default] GET http://cinder-api.openstack.svc.cluster.local:8776/v3/000da5a1f8dd4604b32bd0711f36bed3/os-services
2026-04-29 03:04:37.333 8 INFO cinder.api.openstack.wsgi [None req-d215f7fe-e64f-42ec-b204-c9ab582f0286 cb4b23c7b7c44ed0b8825fb5613f4072 000da5a1f8dd4604b32bd0711f36bed3 - - default default] http://cinder-api.openstack.svc.cluster.local:8776/v3/000da5a1f8dd4604b32bd0711f36bed3/os-services returned with HTTP 200 [pid: 8|app: 0|req: 362/724] 10.0.0.249 () {28 vars in 645 bytes} [Wed Apr 29 03:04:37 2026] GET /v3/000da5a1f8dd4604b32bd0711f36bed3/os-services => generated 646 bytes in 12 msecs (HTTP/1.1 200) 7 headers in 285 bytes (1 switches on core 0)
2026-04-29 03:04:41.222 7 INFO cinder.api.openstack.wsgi [None req-754435cb-2741-4029-ad31-bc4dd9e8c7bb cb4b23c7b7c44ed0b8825fb5613f4072 000da5a1f8dd4604b32bd0711f36bed3 - - default default] GET http://10.0.0.83:8776/
2026-04-29 03:04:41.223 7 INFO cinder.api.openstack.wsgi [None req-754435cb-2741-4029-ad31-bc4dd9e8c7bb cb4b23c7b7c44ed0b8825fb5613f4072 000da5a1f8dd4604b32bd0711f36bed3 - - default default] http://10.0.0.83:8776/ returned with HTTP 300
2026-04-29 03:04:41.224 8 INFO cinder.api.openstack.wsgi [None req-d215f7fe-e64f-42ec-b204-c9ab582f0286 cb4b23c7b7c44ed0b8825fb5613f4072 000da5a1f8dd4604b32bd0711f36bed3 - - default default] GET http://10.0.0.83:8776/
2026-04-29 03:04:41.225 8 INFO cinder.api.openstack.wsgi [None req-d215f7fe-e64f-42ec-b204-c9ab582f0286 cb4b23c7b7c44ed0b8825fb5613f4072 000da5a1f8dd4604b32bd0711f36bed3 - - default default] http://10.0.0.83:8776/ returned with HTTP 300
2026-04-29 03:04:51.222 7 INFO cinder.api.openstack.wsgi [None req-754435cb-2741-4029-ad31-bc4dd9e8c7bb cb4b23c7b7c44ed0b8825fb5613f4072 000da5a1f8dd4604b32bd0711f36bed3 - - default default] GET http://10.0.0.83:8776/
2026-04-29 03:04:51.222 8 INFO cinder.api.openstack.wsgi [None req-d215f7fe-e64f-42ec-b204-c9ab582f0286 cb4b23c7b7c44ed0b8825fb5613f4072 000da5a1f8dd4604b32bd0711f36bed3 - - default default] GET http://10.0.0.83:8776/
2026-04-29 03:04:51.223 8 INFO cinder.api.openstack.wsgi [None req-d215f7fe-e64f-42ec-b204-c9ab582f0286 cb4b23c7b7c44ed0b8825fb5613f4072 000da5a1f8dd4604b32bd0711f36bed3 - - default default] http://10.0.0.83:8776/ returned with HTTP 300
2026-04-29 03:04:51.223 7 INFO cinder.api.openstack.wsgi [None req-754435cb-2741-4029-ad31-bc4dd9e8c7bb cb4b23c7b7c44ed0b8825fb5613f4072 000da5a1f8dd4604b32bd0711f36bed3 - - default default] http://10.0.0.83:8776/ returned with HTTP 300
2026-04-29 03:05:01.222 8 INFO cinder.api.openstack.wsgi [None req-d215f7fe-e64f-42ec-b204-c9ab582f0286 cb4b23c7b7c44ed0b8825fb5613f4072 000da5a1f8dd4604b32bd0711f36bed3 - - default default] GET http://10.0.0.83:8776/
2026-04-29 03:05:01.223 7 INFO cinder.api.openstack.wsgi [None req-754435cb-2741-4029-ad31-bc4dd9e8c7bb cb4b23c7b7c44ed0b8825fb5613f4072 000da5a1f8dd4604b32bd0711f36bed3 - - default default] GET http://10.0.0.83:8776/
2026-04-29 03:05:01.224 8 INFO cinder.api.openstack.wsgi [None req-d215f7fe-e64f-42ec-b204-c9ab582f0286 cb4b23c7b7c44ed0b8825fb5613f4072 000da5a1f8dd4604b32bd0711f36bed3 - - default default] http://10.0.0.83:8776/ returned with HTTP 300
2026-04-29 03:05:01.224 7 INFO cinder.api.openstack.wsgi [None req-754435cb-2741-4029-ad31-bc4dd9e8c7bb cb4b23c7b7c44ed0b8825fb5613f4072 000da5a1f8dd4604b32bd0711f36bed3 - - default default] http://10.0.0.83:8776/ returned with HTTP 300
2026-04-29 03:05:11.222 8 INFO cinder.api.openstack.wsgi [None req-d215f7fe-e64f-42ec-b204-c9ab582f0286 cb4b23c7b7c44ed0b8825fb5613f4072 000da5a1f8dd4604b32bd0711f36bed3 - - default default] GET http://10.0.0.83:8776/
2026-04-29 03:05:11.223 8 INFO cinder.api.openstack.wsgi [None req-d215f7fe-e64f-42ec-b204-c9ab582f0286 cb4b23c7b7c44ed0b8825fb5613f4072 000da5a1f8dd4604b32bd0711f36bed3 - - default default] http://10.0.0.83:8776/ returned with HTTP 300
2026-04-29 03:05:11.223 7 INFO cinder.api.openstack.wsgi [None req-754435cb-2741-4029-ad31-bc4dd9e8c7bb cb4b23c7b7c44ed0b8825fb5613f4072 000da5a1f8dd4604b32bd0711f36bed3 - - default default] GET http://10.0.0.83:8776/
2026-04-29 03:05:11.224 7 INFO cinder.api.openstack.wsgi [None req-754435cb-2741-4029-ad31-bc4dd9e8c7bb cb4b23c7b7c44ed0b8825fb5613f4072 000da5a1f8dd4604b32bd0711f36bed3 - - default default] http://10.0.0.83:8776/ returned with HTTP 300
2026-04-29 03:05:21.223 8 INFO cinder.api.openstack.wsgi [None req-d215f7fe-e64f-42ec-b204-c9ab582f0286 cb4b23c7b7c44ed0b8825fb5613f4072 000da5a1f8dd4604b32bd0711f36bed3 - - default default] GET http://10.0.0.83:8776/
2026-04-29 03:05:21.223 7 INFO cinder.api.openstack.wsgi [None req-754435cb-2741-4029-ad31-bc4dd9e8c7bb cb4b23c7b7c44ed0b8825fb5613f4072 000da5a1f8dd4604b32bd0711f36bed3 - - default default] GET http://10.0.0.83:8776/
2026-04-29 03:05:21.224 7 INFO cinder.api.openstack.wsgi [None req-754435cb-2741-4029-ad31-bc4dd9e8c7bb cb4b23c7b7c44ed0b8825fb5613f4072 000da5a1f8dd4604b32bd0711f36bed3 - - default default] http://10.0.0.83:8776/ returned with HTTP 300
2026-04-29 03:05:21.224 8 INFO cinder.api.openstack.wsgi [None req-d215f7fe-e64f-42ec-b204-c9ab582f0286 cb4b23c7b7c44ed0b8825fb5613f4072 000da5a1f8dd4604b32bd0711f36bed3 - - default default] http://10.0.0.83:8776/ returned with HTTP 300
2026-04-29 03:05:31.223 7 INFO cinder.api.openstack.wsgi [None req-754435cb-2741-4029-ad31-bc4dd9e8c7bb cb4b23c7b7c44ed0b8825fb5613f4072 000da5a1f8dd4604b32bd0711f36bed3 - - default default] GET http://10.0.0.83:8776/
2026-04-29 03:05:31.223 8 INFO cinder.api.openstack.wsgi [None req-d215f7fe-e64f-42ec-b204-c9ab582f0286 cb4b23c7b7c44ed0b8825fb5613f4072 000da5a1f8dd4604b32bd0711f36bed3 - - default default] GET http://10.0.0.83:8776/
2026-04-29 03:05:31.224 7 INFO cinder.api.openstack.wsgi [None req-754435cb-2741-4029-ad31-bc4dd9e8c7bb cb4b23c7b7c44ed0b8825fb5613f4072 000da5a1f8dd4604b32bd0711f36bed3 - - default default] http://10.0.0.83:8776/ returned with HTTP 300
2026-04-29 03:05:31.224 8 INFO cinder.api.openstack.wsgi [None req-d215f7fe-e64f-42ec-b204-c9ab582f0286 cb4b23c7b7c44ed0b8825fb5613f4072 000da5a1f8dd4604b32bd0711f36bed3 - - default default] http://10.0.0.83:8776/ returned with HTTP 300
2026-04-29 03:05:36.537 7 INFO cinder.api.openstack.wsgi [None req-d0e0784b-9603-4b2c-8c01-71094f7ecc6e cb4b23c7b7c44ed0b8825fb5613f4072 000da5a1f8dd4604b32bd0711f36bed3 - - default default] GET http://cinder-api.openstack.svc.cluster.local:8776/v3/000da5a1f8dd4604b32bd0711f36bed3/volumes/detail?all_tenants=true
2026-04-29 03:05:36.546 7 INFO cinder.volume.api [None req-d0e0784b-9603-4b2c-8c01-71094f7ecc6e cb4b23c7b7c44ed0b8825fb5613f4072 000da5a1f8dd4604b32bd0711f36bed3 - - default default] Get all volumes completed successfully.
2026-04-29 03:05:36.548 7 INFO cinder.api.openstack.wsgi [None req-d0e0784b-9603-4b2c-8c01-71094f7ecc6e cb4b23c7b7c44ed0b8825fb5613f4072 000da5a1f8dd4604b32bd0711f36bed3 - - default default] http://cinder-api.openstack.svc.cluster.local:8776/v3/000da5a1f8dd4604b32bd0711f36bed3/volumes/detail?all_tenants=true returned with HTTP 200 [pid: 7|app: 0|req: 369/737] 10.0.0.249 () {28 vars in 684 bytes} [Wed Apr 29 03:05:36 2026] GET /v3/000da5a1f8dd4604b32bd0711f36bed3/volumes/detail?all_tenants=true => generated 15 bytes in 224 msecs (HTTP/1.1 200) 7 headers in 284 bytes (1 switches on core 0)
2026-04-29 03:05:36.561 8 INFO cinder.api.openstack.wsgi [None req-861c9caf-9b34-4465-a65c-024d727d8750 cb4b23c7b7c44ed0b8825fb5613f4072 000da5a1f8dd4604b32bd0711f36bed3 - - default default] GET http://cinder-api.openstack.svc.cluster.local:8776/v3/000da5a1f8dd4604b32bd0711f36bed3/scheduler-stats/get_pools?detail=true
2026-04-29 03:05:37.065 8 INFO cinder.api.openstack.wsgi [None req-861c9caf-9b34-4465-a65c-024d727d8750 cb4b23c7b7c44ed0b8825fb5613f4072 000da5a1f8dd4604b32bd0711f36bed3 - - default default] http://cinder-api.openstack.svc.cluster.local:8776/v3/000da5a1f8dd4604b32bd0711f36bed3/scheduler-stats/get_pools?detail=true returned with HTTP 200 [pid: 8|app: 0|req: 369/738] 10.0.0.249 () {28 vars in 696 bytes} [Wed Apr 29 03:05:36 2026] GET /v3/000da5a1f8dd4604b32bd0711f36bed3/scheduler-stats/get_pools?detail=true => generated 670 bytes in 512 msecs (HTTP/1.1 200) 7 headers in 285 bytes (1 switches on core 0)
2026-04-29 03:05:37.113 7 INFO cinder.api.openstack.wsgi [None req-abbf8f8f-29fe-4412-8990-999604b2eafc cb4b23c7b7c44ed0b8825fb5613f4072 000da5a1f8dd4604b32bd0711f36bed3 - - default default] GET http://cinder-api.openstack.svc.cluster.local:8776/v3/000da5a1f8dd4604b32bd0711f36bed3/os-quota-sets/000da5a1f8dd4604b32bd0711f36bed3?usage=true
2026-04-29 03:05:37.136 7 INFO cinder.api.openstack.wsgi [None req-abbf8f8f-29fe-4412-8990-999604b2eafc cb4b23c7b7c44ed0b8825fb5613f4072 000da5a1f8dd4604b32bd0711f36bed3 - - default default] http://cinder-api.openstack.svc.cluster.local:8776/v3/000da5a1f8dd4604b32bd0711f36bed3/os-quota-sets/000da5a1f8dd4604b32bd0711f36bed3?usage=true returned with HTTP 200 [pid: 7|app: 0|req: 370/739] 10.0.0.249 () {28 vars in 736 bytes} [Wed Apr 29 03:05:37 2026] GET /v3/000da5a1f8dd4604b32bd0711f36bed3/os-quota-sets/000da5a1f8dd4604b32bd0711f36bed3?usage=true => generated 845 bytes in 31 msecs (HTTP/1.1 200) 7 headers in 285 bytes (1 switches on core 0)
2026-04-29 03:05:37.148 8 INFO cinder.api.openstack.wsgi [None req-d93f33b7-fc8d-4de3-b743-6d8cba644841 cb4b23c7b7c44ed0b8825fb5613f4072 000da5a1f8dd4604b32bd0711f36bed3 - - default default] GET http://cinder-api.openstack.svc.cluster.local:8776/v3/000da5a1f8dd4604b32bd0711f36bed3/os-quota-sets/2ec4259ac4d24f38848815536be3d55a?usage=true
2026-04-29 03:05:37.171 8 INFO cinder.api.openstack.wsgi [None req-d93f33b7-fc8d-4de3-b743-6d8cba644841 cb4b23c7b7c44ed0b8825fb5613f4072 000da5a1f8dd4604b32bd0711f36bed3 - - default default] http://cinder-api.openstack.svc.cluster.local:8776/v3/000da5a1f8dd4604b32bd0711f36bed3/os-quota-sets/2ec4259ac4d24f38848815536be3d55a?usage=true returned with HTTP 200 [pid: 8|app: 0|req: 370/740] 10.0.0.249 () {28 vars in 736 bytes} [Wed Apr 29 03:05:37 2026] GET /v3/000da5a1f8dd4604b32bd0711f36bed3/os-quota-sets/2ec4259ac4d24f38848815536be3d55a?usage=true => generated 847 bytes in 30 msecs (HTTP/1.1 200) 7 headers in 285 bytes (1 switches on core 0)
2026-04-29 03:05:37.182 7 INFO cinder.api.openstack.wsgi [None req-b37014f7-135a-420a-8489-89695b95a64a cb4b23c7b7c44ed0b8825fb5613f4072 000da5a1f8dd4604b32bd0711f36bed3 - - default default] GET http://cinder-api.openstack.svc.cluster.local:8776/v3/000da5a1f8dd4604b32bd0711f36bed3/os-quota-sets/305a665339f2468b98384a48c8ef73f3?usage=true
2026-04-29 03:05:37.199 7 INFO cinder.api.openstack.wsgi [None req-b37014f7-135a-420a-8489-89695b95a64a cb4b23c7b7c44ed0b8825fb5613f4072 000da5a1f8dd4604b32bd0711f36bed3 - - default default] http://cinder-api.openstack.svc.cluster.local:8776/v3/000da5a1f8dd4604b32bd0711f36bed3/os-quota-sets/305a665339f2468b98384a48c8ef73f3?usage=true returned with HTTP 200 [pid: 7|app: 0|req: 371/741] 10.0.0.249 () {28 vars in 736 bytes} [Wed Apr 29 03:05:37 2026] GET /v3/000da5a1f8dd4604b32bd0711f36bed3/os-quota-sets/305a665339f2468b98384a48c8ef73f3?usage=true => generated 847 bytes in 24 msecs (HTTP/1.1 200) 7 headers in 285 bytes (1 switches on core 0)
2026-04-29 03:05:37.211 8 INFO cinder.api.openstack.wsgi [None req-a4ebb699-aaa6-4770-8498-792c14879842 cb4b23c7b7c44ed0b8825fb5613f4072 000da5a1f8dd4604b32bd0711f36bed3 - - default default] GET http://cinder-api.openstack.svc.cluster.local:8776/v3/000da5a1f8dd4604b32bd0711f36bed3/os-quota-sets/40a2a0d664d64e768fef21b86c1fa0e8?usage=true
2026-04-29 03:05:37.233 8 INFO cinder.api.openstack.wsgi [None req-a4ebb699-aaa6-4770-8498-792c14879842 cb4b23c7b7c44ed0b8825fb5613f4072 000da5a1f8dd4604b32bd0711f36bed3 - - default default] http://cinder-api.openstack.svc.cluster.local:8776/v3/000da5a1f8dd4604b32bd0711f36bed3/os-quota-sets/40a2a0d664d64e768fef21b86c1fa0e8?usage=true returned with HTTP 200 [pid: 8|app: 0|req: 371/742] 10.0.0.249 () {28 vars in 736 bytes} [Wed Apr 29 03:05:37 2026] GET /v3/000da5a1f8dd4604b32bd0711f36bed3/os-quota-sets/40a2a0d664d64e768fef21b86c1fa0e8?usage=true => generated 847 bytes in 31 msecs (HTTP/1.1 200) 7 headers in 285 bytes (1 switches on core 0)
2026-04-29 03:05:37.244 7 INFO cinder.api.openstack.wsgi [None req-3868dc4f-e09d-4dd3-bedd-e87411dba438 cb4b23c7b7c44ed0b8825fb5613f4072 000da5a1f8dd4604b32bd0711f36bed3 - - default default] GET http://cinder-api.openstack.svc.cluster.local:8776/v3/000da5a1f8dd4604b32bd0711f36bed3/os-quota-sets/6504826cc8d5412f84751f9db854f422?usage=true
2026-04-29 03:05:37.262 7 INFO cinder.api.openstack.wsgi [None req-3868dc4f-e09d-4dd3-bedd-e87411dba438 cb4b23c7b7c44ed0b8825fb5613f4072 000da5a1f8dd4604b32bd0711f36bed3 - - default default] http://cinder-api.openstack.svc.cluster.local:8776/v3/000da5a1f8dd4604b32bd0711f36bed3/os-quota-sets/6504826cc8d5412f84751f9db854f422?usage=true returned with HTTP 200 [pid: 7|app: 0|req: 372/743] 10.0.0.249 () {28 vars in 736 bytes} [Wed Apr 29 03:05:37 2026] GET /v3/000da5a1f8dd4604b32bd0711f36bed3/os-quota-sets/6504826cc8d5412f84751f9db854f422?usage=true => generated 847 bytes in 26 msecs (HTTP/1.1 200) 7 headers in 285 bytes (1 switches on core 0)
2026-04-29 03:05:37.272 8 INFO cinder.api.openstack.wsgi [None req-c8c49742-417d-414a-906b-ed542b6dc314 cb4b23c7b7c44ed0b8825fb5613f4072 000da5a1f8dd4604b32bd0711f36bed3 - - default default] GET http://cinder-api.openstack.svc.cluster.local:8776/v3/000da5a1f8dd4604b32bd0711f36bed3/os-quota-sets/d74a9f5238b74b8ab3394a2ed1c7e32c?usage=true
2026-04-29 03:05:37.294 8 INFO cinder.api.openstack.wsgi [None req-c8c49742-417d-414a-906b-ed542b6dc314 cb4b23c7b7c44ed0b8825fb5613f4072 000da5a1f8dd4604b32bd0711f36bed3 - - default default] http://cinder-api.openstack.svc.cluster.local:8776/v3/000da5a1f8dd4604b32bd0711f36bed3/os-quota-sets/d74a9f5238b74b8ab3394a2ed1c7e32c?usage=true returned with HTTP 200 [pid: 8|app: 0|req: 372/744] 10.0.0.249 () {28 vars in 736 bytes} [Wed Apr 29 03:05:37 2026] GET /v3/000da5a1f8dd4604b32bd0711f36bed3/os-quota-sets/d74a9f5238b74b8ab3394a2ed1c7e32c?usage=true => generated 847 bytes in 28 msecs (HTTP/1.1 200) 7 headers in 285 bytes (1 switches on core 0)
2026-04-29 03:05:37.306 7 INFO cinder.api.openstack.wsgi [None req-b41c56a1-490d-4880-9619-7cf1271c60db cb4b23c7b7c44ed0b8825fb5613f4072 000da5a1f8dd4604b32bd0711f36bed3 - - default default] GET http://cinder-api.openstack.svc.cluster.local:8776/v3/000da5a1f8dd4604b32bd0711f36bed3/os-quota-sets/e0ce00165b9c40b9bb569fd13d521055?usage=true
2026-04-29 03:05:37.326 7 INFO cinder.api.openstack.wsgi [None req-b41c56a1-490d-4880-9619-7cf1271c60db cb4b23c7b7c44ed0b8825fb5613f4072 000da5a1f8dd4604b32bd0711f36bed3 - - default default] http://cinder-api.openstack.svc.cluster.local:8776/v3/000da5a1f8dd4604b32bd0711f36bed3/os-quota-sets/e0ce00165b9c40b9bb569fd13d521055?usage=true returned with HTTP 200 [pid: 7|app: 0|req: 373/745] 10.0.0.249 () {28 vars in 736 bytes} [Wed Apr 29 03:05:37 2026] GET /v3/000da5a1f8dd4604b32bd0711f36bed3/os-quota-sets/e0ce00165b9c40b9bb569fd13d521055?usage=true => generated 847 bytes in 29 msecs (HTTP/1.1 200) 7 headers in 285 bytes (1 switches on core 0)
2026-04-29 03:05:37.337 8 INFO cinder.api.openstack.wsgi [None req-493df8b5-5a06-4ed9-b7e1-2440b7ce7e7f cb4b23c7b7c44ed0b8825fb5613f4072 000da5a1f8dd4604b32bd0711f36bed3 - - default default] GET http://cinder-api.openstack.svc.cluster.local:8776/v3/000da5a1f8dd4604b32bd0711f36bed3/os-quota-sets/e249646d1015424095b9b53cb0e31050?usage=true
2026-04-29 03:05:37.353 8 INFO cinder.api.openstack.wsgi [None req-493df8b5-5a06-4ed9-b7e1-2440b7ce7e7f cb4b23c7b7c44ed0b8825fb5613f4072 000da5a1f8dd4604b32bd0711f36bed3 - - default default] http://cinder-api.openstack.svc.cluster.local:8776/v3/000da5a1f8dd4604b32bd0711f36bed3/os-quota-sets/e249646d1015424095b9b53cb0e31050?usage=true returned with HTTP 200 [pid: 8|app: 0|req: 373/746] 10.0.0.249 () {28 vars in 736 bytes} [Wed Apr 29 03:05:37 2026] GET /v3/000da5a1f8dd4604b32bd0711f36bed3/os-quota-sets/e249646d1015424095b9b53cb0e31050?usage=true => generated 845 bytes in 23 msecs (HTTP/1.1 200) 7 headers in 285 bytes (1 switches on core 0)
2026-04-29 03:05:37.364 7 INFO cinder.api.openstack.wsgi [None req-9f4b911a-bc56-4e12-a98f-9cc7d8cb234b cb4b23c7b7c44ed0b8825fb5613f4072 000da5a1f8dd4604b32bd0711f36bed3 - - default default] GET http://cinder-api.openstack.svc.cluster.local:8776/v3/000da5a1f8dd4604b32bd0711f36bed3/os-quota-sets/e77ebfc7bc9d4524a477a00567752df9?usage=true
2026-04-29 03:05:37.382 7 INFO cinder.api.openstack.wsgi [None req-9f4b911a-bc56-4e12-a98f-9cc7d8cb234b cb4b23c7b7c44ed0b8825fb5613f4072 000da5a1f8dd4604b32bd0711f36bed3 - - default default] http://cinder-api.openstack.svc.cluster.local:8776/v3/000da5a1f8dd4604b32bd0711f36bed3/os-quota-sets/e77ebfc7bc9d4524a477a00567752df9?usage=true returned with HTTP 200 [pid: 7|app: 0|req: 374/747] 10.0.0.249 () {28 vars in 736 bytes} [Wed Apr 29 03:05:37 2026] GET /v3/000da5a1f8dd4604b32bd0711f36bed3/os-quota-sets/e77ebfc7bc9d4524a477a00567752df9?usage=true => generated 847 bytes in 26 msecs (HTTP/1.1 200) 7 headers in 285 bytes (1 switches on core 0)
2026-04-29 03:05:37.394 8 INFO cinder.api.openstack.wsgi [None req-7897dc67-e739-409c-b393-d1f9472a4f5b cb4b23c7b7c44ed0b8825fb5613f4072 000da5a1f8dd4604b32bd0711f36bed3 - - default default] GET http://cinder-api.openstack.svc.cluster.local:8776/v3/000da5a1f8dd4604b32bd0711f36bed3/volumes/detail?all_tenants=true
2026-04-29 03:05:37.403 8 INFO cinder.volume.api [None req-7897dc67-e739-409c-b393-d1f9472a4f5b cb4b23c7b7c44ed0b8825fb5613f4072 000da5a1f8dd4604b32bd0711f36bed3 - - default default] Get all volumes completed successfully.
2026-04-29 03:05:37.406 8 INFO cinder.api.openstack.wsgi [None req-7897dc67-e739-409c-b393-d1f9472a4f5b cb4b23c7b7c44ed0b8825fb5613f4072 000da5a1f8dd4604b32bd0711f36bed3 - - default default] http://cinder-api.openstack.svc.cluster.local:8776/v3/000da5a1f8dd4604b32bd0711f36bed3/volumes/detail?all_tenants=true returned with HTTP 200 [pid: 8|app: 0|req: 374/748] 10.0.0.249 () {28 vars in 684 bytes} [Wed Apr 29 03:05:37 2026] GET /v3/000da5a1f8dd4604b32bd0711f36bed3/volumes/detail?all_tenants=true => generated 15 bytes in 20 msecs (HTTP/1.1 200) 7 headers in 284 bytes (1 switches on core 0)
2026-04-29 03:05:37.419 7 INFO cinder.api.openstack.wsgi [None req-e5f77ffb-460e-4894-b2d8-86babe2be943 cb4b23c7b7c44ed0b8825fb5613f4072 000da5a1f8dd4604b32bd0711f36bed3 - - default default] GET http://cinder-api.openstack.svc.cluster.local:8776/v3/000da5a1f8dd4604b32bd0711f36bed3/os-services
2026-04-29 03:05:37.424 7 INFO cinder.api.openstack.wsgi [None req-e5f77ffb-460e-4894-b2d8-86babe2be943 cb4b23c7b7c44ed0b8825fb5613f4072 000da5a1f8dd4604b32bd0711f36bed3 - - default default] http://cinder-api.openstack.svc.cluster.local:8776/v3/000da5a1f8dd4604b32bd0711f36bed3/os-services returned with HTTP 200 [pid: 7|app: 0|req: 375/749] 10.0.0.249 () {28 vars in 645 bytes} [Wed Apr 29 03:05:37 2026] GET /v3/000da5a1f8dd4604b32bd0711f36bed3/os-services => generated 646 bytes in 13 msecs (HTTP/1.1 200) 7 headers in 285 bytes (1 switches on core 0)
2026-04-29 03:05:37.435 8 INFO cinder.api.openstack.wsgi [None req-eec146ff-e658-46af-addb-0ff7c56bb903 cb4b23c7b7c44ed0b8825fb5613f4072 000da5a1f8dd4604b32bd0711f36bed3 - - default default] GET http://cinder-api.openstack.svc.cluster.local:8776/v3/000da5a1f8dd4604b32bd0711f36bed3/snapshots?all_tenants=true
2026-04-29 03:05:37.440 8 INFO cinder.volume.api [None req-eec146ff-e658-46af-addb-0ff7c56bb903 cb4b23c7b7c44ed0b8825fb5613f4072 000da5a1f8dd4604b32bd0711f36bed3 - - default default] Get all snapshots completed successfully.
2026-04-29 03:05:37.440 8 INFO cinder.api.openstack.wsgi [None req-eec146ff-e658-46af-addb-0ff7c56bb903 cb4b23c7b7c44ed0b8825fb5613f4072 000da5a1f8dd4604b32bd0711f36bed3 - - default default] http://cinder-api.openstack.svc.cluster.local:8776/v3/000da5a1f8dd4604b32bd0711f36bed3/snapshots?all_tenants=true returned with HTTP 200 [pid: 8|app: 0|req: 375/750] 10.0.0.249 () {28 vars in 674 bytes} [Wed Apr 29 03:05:37 2026] GET /v3/000da5a1f8dd4604b32bd0711f36bed3/snapshots?all_tenants=true => generated 17 bytes in 11 msecs (HTTP/1.1 200) 7 headers in 284 bytes (1 switches on core 0)
2026-04-29 03:05:41.223 7 INFO cinder.api.openstack.wsgi [None req-e5f77ffb-460e-4894-b2d8-86babe2be943 cb4b23c7b7c44ed0b8825fb5613f4072 000da5a1f8dd4604b32bd0711f36bed3 - - default default] GET http://10.0.0.83:8776/
2026-04-29 03:05:41.223 8 INFO cinder.api.openstack.wsgi [None req-eec146ff-e658-46af-addb-0ff7c56bb903 cb4b23c7b7c44ed0b8825fb5613f4072 000da5a1f8dd4604b32bd0711f36bed3 - - default default] GET http://10.0.0.83:8776/
2026-04-29 03:05:41.224 7 INFO cinder.api.openstack.wsgi [None req-e5f77ffb-460e-4894-b2d8-86babe2be943 cb4b23c7b7c44ed0b8825fb5613f4072 000da5a1f8dd4604b32bd0711f36bed3 - - default default] http://10.0.0.83:8776/ returned with HTTP 300
2026-04-29 03:05:41.224 8 INFO cinder.api.openstack.wsgi [None req-eec146ff-e658-46af-addb-0ff7c56bb903 cb4b23c7b7c44ed0b8825fb5613f4072 000da5a1f8dd4604b32bd0711f36bed3 - - default default] http://10.0.0.83:8776/ returned with HTTP 300
2026-04-29 03:05:51.222 7 INFO cinder.api.openstack.wsgi [None req-e5f77ffb-460e-4894-b2d8-86babe2be943 cb4b23c7b7c44ed0b8825fb5613f4072 000da5a1f8dd4604b32bd0711f36bed3 - - default default] GET http://10.0.0.83:8776/
2026-04-29 03:05:51.223 8 INFO cinder.api.openstack.wsgi [None req-eec146ff-e658-46af-addb-0ff7c56bb903 cb4b23c7b7c44ed0b8825fb5613f4072 000da5a1f8dd4604b32bd0711f36bed3 - - default default] GET http://10.0.0.83:8776/
2026-04-29 03:05:51.223 8 INFO cinder.api.openstack.wsgi [None req-eec146ff-e658-46af-addb-0ff7c56bb903 cb4b23c7b7c44ed0b8825fb5613f4072 000da5a1f8dd4604b32bd0711f36bed3 - - default default] http://10.0.0.83:8776/ returned with HTTP 300
2026-04-29 03:05:51.225 7 INFO cinder.api.openstack.wsgi [None req-e5f77ffb-460e-4894-b2d8-86babe2be943 cb4b23c7b7c44ed0b8825fb5613f4072 000da5a1f8dd4604b32bd0711f36bed3 - - default default] http://10.0.0.83:8776/ returned with HTTP 300
2026-04-29 03:06:01.222 8 INFO cinder.api.openstack.wsgi [None req-eec146ff-e658-46af-addb-0ff7c56bb903 cb4b23c7b7c44ed0b8825fb5613f4072 000da5a1f8dd4604b32bd0711f36bed3 - - default default] GET http://10.0.0.83:8776/
2026-04-29 03:06:01.222 7 INFO cinder.api.openstack.wsgi [None req-e5f77ffb-460e-4894-b2d8-86babe2be943 cb4b23c7b7c44ed0b8825fb5613f4072 000da5a1f8dd4604b32bd0711f36bed3 - - default default] GET http://10.0.0.83:8776/
2026-04-29 03:06:01.223 8 INFO cinder.api.openstack.wsgi [None req-eec146ff-e658-46af-addb-0ff7c56bb903 cb4b23c7b7c44ed0b8825fb5613f4072 000da5a1f8dd4604b32bd0711f36bed3 - - default default] http://10.0.0.83:8776/ returned with HTTP 300
2026-04-29 03:06:01.223 7 INFO cinder.api.openstack.wsgi [None req-e5f77ffb-460e-4894-b2d8-86babe2be943 cb4b23c7b7c44ed0b8825fb5613f4072 000da5a1f8dd4604b32bd0711f36bed3 - - default default] http://10.0.0.83:8776/ returned with HTTP 300
2026-04-29 03:06:02.936 8 INFO cinder.api.openstack.wsgi [None req-eec146ff-e658-46af-addb-0ff7c56bb903 cb4b23c7b7c44ed0b8825fb5613f4072 000da5a1f8dd4604b32bd0711f36bed3 - - default default] GET http://cinder-api.openstack.svc.cluster.local:8776/
2026-04-29 03:06:02.936 8 INFO cinder.api.openstack.wsgi [None req-eec146ff-e658-46af-addb-0ff7c56bb903 cb4b23c7b7c44ed0b8825fb5613f4072 000da5a1f8dd4604b32bd0711f36bed3 - - default default] http://cinder-api.openstack.svc.cluster.local:8776/ returned with HTTP 300 [pid: 8|app: 0|req: 379/757] 10.0.0.205 () {30 vars in 411 bytes} [Wed Apr 29 03:06:02 2026] GET / => generated 411 bytes in 1 msecs (HTTP/1.1 300) 5 headers in 169 bytes (1 switches on core 0)
2026-04-29 03:06:06.505 7 INFO cinder.api.openstack.wsgi [None req-79ab318f-da55-47b2-a586-5a07dbaae29e 4a67d0aaa70d42a8bf889b1c1866298f c7ed854e8a4246408e967f1df42db488 - - default default] POST http://cinder-api.openstack.svc.cluster.local:8776/v3/c7ed854e8a4246408e967f1df42db488/volumes
2026-04-29 03:06:06.508 7 INFO cinder.api.v3.volumes [None req-79ab318f-da55-47b2-a586-5a07dbaae29e 4a67d0aaa70d42a8bf889b1c1866298f c7ed854e8a4246408e967f1df42db488 - - default default] Create volume of 1 GB
2026-04-29 03:06:06.515 7 INFO cinder.volume.api [None req-79ab318f-da55-47b2-a586-5a07dbaae29e 4a67d0aaa70d42a8bf889b1c1866298f c7ed854e8a4246408e967f1df42db488 - - default default] Availability Zones retrieved successfully.
2026-04-29 03:06:06.634 7 INFO cinder.volume.api [None req-79ab318f-da55-47b2-a586-5a07dbaae29e 4a67d0aaa70d42a8bf889b1c1866298f c7ed854e8a4246408e967f1df42db488 - - default default] Create volume request issued successfully.
2026-04-29 03:06:06.636 7 INFO cinder.api.openstack.wsgi [None req-79ab318f-da55-47b2-a586-5a07dbaae29e 4a67d0aaa70d42a8bf889b1c1866298f c7ed854e8a4246408e967f1df42db488 - - default default] http://cinder-api.openstack.svc.cluster.local:8776/v3/c7ed854e8a4246408e967f1df42db488/volumes returned with HTTP 202 [pid: 7|app: 0|req: 379/758] 10.0.0.205 () {34 vars in 723 bytes} [Wed Apr 29 03:06:06 2026] POST /v3/c7ed854e8a4246408e967f1df42db488/volumes => generated 871 bytes in 315 msecs (HTTP/1.1 202) 7 headers in 291 bytes (1 switches on core 0)
2026-04-29 03:06:06.662 8 INFO cinder.api.openstack.wsgi [None req-3f5b5569-f059-4153-aeca-52a136d27ac1 4a67d0aaa70d42a8bf889b1c1866298f c7ed854e8a4246408e967f1df42db488 - - default default] GET http://cinder-api.openstack.svc.cluster.local:8776/v3/c7ed854e8a4246408e967f1df42db488/volumes/5321ef38-3eb2-4b2f-a204-0b8740959f36 /var/lib/openstack/lib/python3.12/site-packages/oslo_context/context.py:100: DeprecationWarning: Policy enforcement is depending on the value of is_admin. This key is deprecated. Please update your policy file to use the standard policy values. warnings.warn('Policy enforcement is depending on the value of '
2026-04-29 03:06:06.678 8 INFO cinder.volume.api [None req-3f5b5569-f059-4153-aeca-52a136d27ac1 4a67d0aaa70d42a8bf889b1c1866298f c7ed854e8a4246408e967f1df42db488 - - default default] Volume info retrieved successfully.
2026-04-29 03:06:06.684 8 INFO cinder.api.openstack.wsgi [None req-3f5b5569-f059-4153-aeca-52a136d27ac1 4a67d0aaa70d42a8bf889b1c1866298f c7ed854e8a4246408e967f1df42db488 - - default default] http://cinder-api.openstack.svc.cluster.local:8776/v3/c7ed854e8a4246408e967f1df42db488/volumes/5321ef38-3eb2-4b2f-a204-0b8740959f36 returned with HTTP 200 [pid: 8|app: 0|req: 380/759] 10.0.0.205 () {32 vars in 775 bytes} [Wed Apr 29 03:06:06 2026] GET /v3/c7ed854e8a4246408e967f1df42db488/volumes/5321ef38-3eb2-4b2f-a204-0b8740959f36 => generated 939 bytes in 29 msecs (HTTP/1.1 200) 7 headers in 285 bytes (1 switches on core 0) /var/lib/openstack/lib/python3.12/site-packages/pycadf/identifier.py:70: UserWarning: Invalid uuid: cinderv3. To ensure interoperability, identifiers should be a valid uuid. warnings.warn(('Invalid uuid: %s. To ensure interoperability, '
2026-04-29 03:06:07.710 7 INFO cinder.api.openstack.wsgi [None req-99527b5c-cc81-4ef7-8d80-74f57a1d09f7 4a67d0aaa70d42a8bf889b1c1866298f c7ed854e8a4246408e967f1df42db488 - - default default] GET http://cinder-api.openstack.svc.cluster.local:8776/v3/c7ed854e8a4246408e967f1df42db488/volumes/5321ef38-3eb2-4b2f-a204-0b8740959f36 /var/lib/openstack/lib/python3.12/site-packages/oslo_context/context.py:100: DeprecationWarning: Policy enforcement is depending on the value of is_admin. This key is deprecated. Please update your policy file to use the standard policy values. warnings.warn('Policy enforcement is depending on the value of '
2026-04-29 03:06:07.726 7 INFO cinder.volume.api [None req-99527b5c-cc81-4ef7-8d80-74f57a1d09f7 4a67d0aaa70d42a8bf889b1c1866298f c7ed854e8a4246408e967f1df42db488 - - default default] Volume info retrieved successfully.
2026-04-29 03:06:07.730 7 INFO cinder.api.openstack.wsgi [None req-99527b5c-cc81-4ef7-8d80-74f57a1d09f7 4a67d0aaa70d42a8bf889b1c1866298f c7ed854e8a4246408e967f1df42db488 - - default default] http://cinder-api.openstack.svc.cluster.local:8776/v3/c7ed854e8a4246408e967f1df42db488/volumes/5321ef38-3eb2-4b2f-a204-0b8740959f36 returned with HTTP 200 [pid: 7|app: 0|req: 380/760] 10.0.0.205 () {32 vars in 775 bytes} [Wed Apr 29 03:06:07 2026] GET /v3/c7ed854e8a4246408e967f1df42db488/volumes/5321ef38-3eb2-4b2f-a204-0b8740959f36 => generated 964 bytes in 26 msecs (HTTP/1.1 200) 7 headers in 285 bytes (1 switches on core 0) /var/lib/openstack/lib/python3.12/site-packages/pycadf/identifier.py:70: UserWarning: Invalid uuid: cinderv3. To ensure interoperability, identifiers should be a valid uuid. warnings.warn(('Invalid uuid: %s. To ensure interoperability, '
2026-04-29 03:06:07.761 8 INFO cinder.api.openstack.wsgi [None req-b7db1843-da1d-4fbe-9948-c43035ee34cd 4a67d0aaa70d42a8bf889b1c1866298f c7ed854e8a4246408e967f1df42db488 - - default default] GET http://cinder-api.openstack.svc.cluster.local:8776/v3/c7ed854e8a4246408e967f1df42db488/volumes/5321ef38-3eb2-4b2f-a204-0b8740959f36 /var/lib/openstack/lib/python3.12/site-packages/oslo_context/context.py:100: DeprecationWarning: Policy enforcement is depending on the value of is_admin. This key is deprecated. Please update your policy file to use the standard policy values. warnings.warn('Policy enforcement is depending on the value of '
2026-04-29 03:06:07.794 8 INFO cinder.volume.api [None req-b7db1843-da1d-4fbe-9948-c43035ee34cd 4a67d0aaa70d42a8bf889b1c1866298f c7ed854e8a4246408e967f1df42db488 - - default default] Volume info retrieved successfully.
2026-04-29 03:06:07.798 8 INFO cinder.api.openstack.wsgi [None req-b7db1843-da1d-4fbe-9948-c43035ee34cd 4a67d0aaa70d42a8bf889b1c1866298f c7ed854e8a4246408e967f1df42db488 - - default default] http://cinder-api.openstack.svc.cluster.local:8776/v3/c7ed854e8a4246408e967f1df42db488/volumes/5321ef38-3eb2-4b2f-a204-0b8740959f36 returned with HTTP 200 [pid: 8|app: 0|req: 381/761] 10.0.0.205 () {32 vars in 775 bytes} [Wed Apr 29 03:06:07 2026] GET /v3/c7ed854e8a4246408e967f1df42db488/volumes/5321ef38-3eb2-4b2f-a204-0b8740959f36 => generated 964 bytes in 43 msecs (HTTP/1.1 200) 7 headers in 285 bytes (1 switches on core 0) /var/lib/openstack/lib/python3.12/site-packages/pycadf/identifier.py:70: UserWarning: Invalid uuid: cinderv3. To ensure interoperability, identifiers should be a valid uuid. warnings.warn(('Invalid uuid: %s. To ensure interoperability, '
2026-04-29 03:06:07.830 7 INFO cinder.api.openstack.wsgi [None req-8023a261-024b-47a0-952b-7e6bcef484ea 4a67d0aaa70d42a8bf889b1c1866298f c7ed854e8a4246408e967f1df42db488 - - default default] PUT http://cinder-api.openstack.svc.cluster.local:8776/v3/c7ed854e8a4246408e967f1df42db488/volumes/5321ef38-3eb2-4b2f-a204-0b8740959f36 /var/lib/openstack/lib/python3.12/site-packages/oslo_context/context.py:100: DeprecationWarning: Policy enforcement is depending on the value of is_admin. This key is deprecated. Please update your policy file to use the standard policy values. warnings.warn('Policy enforcement is depending on the value of '
2026-04-29 03:06:07.845 7 INFO cinder.volume.api [None req-8023a261-024b-47a0-952b-7e6bcef484ea 4a67d0aaa70d42a8bf889b1c1866298f c7ed854e8a4246408e967f1df42db488 - - default default] Volume info retrieved successfully.
2026-04-29 03:06:07.852 7 INFO cinder.volume.api [None req-8023a261-024b-47a0-952b-7e6bcef484ea 4a67d0aaa70d42a8bf889b1c1866298f c7ed854e8a4246408e967f1df42db488 - - default default] Volume updated successfully.
2026-04-29 03:06:07.853 7 INFO cinder.api.openstack.wsgi [None req-8023a261-024b-47a0-952b-7e6bcef484ea 4a67d0aaa70d42a8bf889b1c1866298f c7ed854e8a4246408e967f1df42db488 - - default default] http://cinder-api.openstack.svc.cluster.local:8776/v3/c7ed854e8a4246408e967f1df42db488/volumes/5321ef38-3eb2-4b2f-a204-0b8740959f36 returned with HTTP 200 [pid: 7|app: 0|req: 381/762] 10.0.0.205 () {34 vars in 795 bytes} [Wed Apr 29 03:06:07 2026] PUT /v3/c7ed854e8a4246408e967f1df42db488/volumes/5321ef38-3eb2-4b2f-a204-0b8740959f36 => generated 896 bytes in 29 msecs (HTTP/1.1 200) 7 headers in 285 bytes (1 switches on core 0) /var/lib/openstack/lib/python3.12/site-packages/pycadf/identifier.py:70: UserWarning: Invalid uuid: cinderv3. To ensure interoperability, identifiers should be a valid uuid. warnings.warn(('Invalid uuid: %s. To ensure interoperability, '
2026-04-29 03:06:07.871 8 INFO cinder.api.openstack.wsgi [None req-45866fa5-b82a-4c73-a2dd-d92b0bde6e6d 4a67d0aaa70d42a8bf889b1c1866298f c7ed854e8a4246408e967f1df42db488 - - default default] PUT http://cinder-api.openstack.svc.cluster.local:8776/v3/c7ed854e8a4246408e967f1df42db488/volumes/5321ef38-3eb2-4b2f-a204-0b8740959f36 /var/lib/openstack/lib/python3.12/site-packages/oslo_context/context.py:100: DeprecationWarning: Policy enforcement is depending on the value of is_admin. This key is deprecated. Please update your policy file to use the standard policy values. warnings.warn('Policy enforcement is depending on the value of '
2026-04-29 03:06:07.886 8 INFO cinder.volume.api [None req-45866fa5-b82a-4c73-a2dd-d92b0bde6e6d 4a67d0aaa70d42a8bf889b1c1866298f c7ed854e8a4246408e967f1df42db488 - - default default] Volume info retrieved successfully.
2026-04-29 03:06:07.896 8 INFO cinder.volume.api [None req-45866fa5-b82a-4c73-a2dd-d92b0bde6e6d 4a67d0aaa70d42a8bf889b1c1866298f c7ed854e8a4246408e967f1df42db488 - - default default] Volume updated successfully.
2026-04-29 03:06:07.897 8 INFO cinder.api.openstack.wsgi [None req-45866fa5-b82a-4c73-a2dd-d92b0bde6e6d 4a67d0aaa70d42a8bf889b1c1866298f c7ed854e8a4246408e967f1df42db488 - - default default] http://cinder-api.openstack.svc.cluster.local:8776/v3/c7ed854e8a4246408e967f1df42db488/volumes/5321ef38-3eb2-4b2f-a204-0b8740959f36 returned with HTTP 200 [pid: 8|app: 0|req: 382/763] 10.0.0.205 () {34 vars in 796 bytes} [Wed Apr 29 03:06:07 2026] PUT /v3/c7ed854e8a4246408e967f1df42db488/volumes/5321ef38-3eb2-4b2f-a204-0b8740959f36 => generated 935 bytes in 33 msecs (HTTP/1.1 200) 7 headers in 285 bytes (1 switches on core 0) /var/lib/openstack/lib/python3.12/site-packages/pycadf/identifier.py:70: UserWarning: Invalid uuid: cinderv3. To ensure interoperability, identifiers should be a valid uuid. warnings.warn(('Invalid uuid: %s. To ensure interoperability, '
2026-04-29 03:06:07.916 7 INFO cinder.api.openstack.wsgi [None req-0ef02292-a9d2-426c-9a4b-8e1a148cb75f 4a67d0aaa70d42a8bf889b1c1866298f c7ed854e8a4246408e967f1df42db488 - - default default] GET http://cinder-api.openstack.svc.cluster.local:8776/v3/c7ed854e8a4246408e967f1df42db488/volumes/5321ef38-3eb2-4b2f-a204-0b8740959f36 /var/lib/openstack/lib/python3.12/site-packages/oslo_context/context.py:100: DeprecationWarning: Policy enforcement is depending on the value of is_admin. This key is deprecated. Please update your policy file to use the standard policy values. warnings.warn('Policy enforcement is depending on the value of '
2026-04-29 03:06:07.933 7 INFO cinder.volume.api [None req-0ef02292-a9d2-426c-9a4b-8e1a148cb75f 4a67d0aaa70d42a8bf889b1c1866298f c7ed854e8a4246408e967f1df42db488 - - default default] Volume info retrieved successfully.
2026-04-29 03:06:07.938 7 INFO cinder.api.openstack.wsgi [None req-0ef02292-a9d2-426c-9a4b-8e1a148cb75f 4a67d0aaa70d42a8bf889b1c1866298f c7ed854e8a4246408e967f1df42db488 - - default default] http://cinder-api.openstack.svc.cluster.local:8776/v3/c7ed854e8a4246408e967f1df42db488/volumes/5321ef38-3eb2-4b2f-a204-0b8740959f36 returned with HTTP 200 [pid: 7|app: 0|req: 382/764] 10.0.0.205 () {32 vars in 775 bytes} [Wed Apr 29 03:06:07 2026] GET /v3/c7ed854e8a4246408e967f1df42db488/volumes/5321ef38-3eb2-4b2f-a204-0b8740959f36 => generated 1003 bytes in 29 msecs (HTTP/1.1 200) 7 headers in 286 bytes (1 switches on core 0) /var/lib/openstack/lib/python3.12/site-packages/pycadf/identifier.py:70: UserWarning: Invalid uuid: cinderv3. To ensure interoperability, identifiers should be a valid uuid. warnings.warn(('Invalid uuid: %s. To ensure interoperability, '
2026-04-29 03:06:07.960 8 INFO cinder.api.openstack.wsgi [None req-9e484f01-5887-4789-b899-363ecec2f975 4a67d0aaa70d42a8bf889b1c1866298f c7ed854e8a4246408e967f1df42db488 - - default default] POST http://cinder-api.openstack.svc.cluster.local:8776/v3/c7ed854e8a4246408e967f1df42db488/volumes
2026-04-29 03:06:07.964 8 INFO cinder.api.v3.volumes [None req-9e484f01-5887-4789-b899-363ecec2f975 4a67d0aaa70d42a8bf889b1c1866298f c7ed854e8a4246408e967f1df42db488 - - default default] Create volume of 1 GB
2026-04-29 03:06:07.970 8 INFO cinder.volume.api [None req-9e484f01-5887-4789-b899-363ecec2f975 4a67d0aaa70d42a8bf889b1c1866298f c7ed854e8a4246408e967f1df42db488 - - default default] Availability Zones retrieved successfully.
