2026-04-29 03:06:21.951 8 INFO neutron.db.ovn_revision_numbers_db [None req-3d16d0b1-f8ac-4fd8-a974-c65121317994 cb4b23c7b7c44ed0b8825fb5613f4072 000da5a1f8dd4604b32bd0711f36bed3 - - default default] Successfully bumped revision number for resource 1d4e124f-2fe4-4256-89af-c06f05230026 (type: security_group_rules) to 0
2026-04-29 03:06:21.964 8 INFO neutron.db.ovn_revision_numbers_db [None req-3d16d0b1-f8ac-4fd8-a974-c65121317994 cb4b23c7b7c44ed0b8825fb5613f4072 000da5a1f8dd4604b32bd0711f36bed3 - - default default] Successfully bumped revision number for resource 301454d3-1a81-474b-b510-0cf5ca3dd4fb (type: security_group_rules) to 0
2026-04-29 03:06:21.979 8 INFO neutron.db.ovn_revision_numbers_db [None req-3d16d0b1-f8ac-4fd8-a974-c65121317994 cb4b23c7b7c44ed0b8825fb5613f4072 000da5a1f8dd4604b32bd0711f36bed3 - - default default] Successfully bumped revision number for resource d8957ca3-f183-4296-bf7f-0286dbd6f09b (type: security_group_rules) to 0
2026-04-29 03:06:21.993 8 INFO neutron.db.ovn_revision_numbers_db [None req-3d16d0b1-f8ac-4fd8-a974-c65121317994 cb4b23c7b7c44ed0b8825fb5613f4072 000da5a1f8dd4604b32bd0711f36bed3 - - default default] Successfully bumped revision number for resource e48006ac-e776-4898-aace-2a327371fab8 (type: security_group_rules) to 0 [pid: 8|app: 0|req: 1138/2383] 10.0.0.205 () {32 vars in 773 bytes} [Wed Apr 29 03:06:21 2026] GET /v2.0/security-groups?tenant_id=c77422f54d094197860f7e6e6d99805f&name=default => generated 2925 bytes in 265 msecs (HTTP/1.1 200) 4 headers in 158 bytes (1 switches on core 0) [pid: 8|app: 0|req: 1139/2384] 10.0.0.205 () {32 vars in 739 bytes} [Wed Apr 29 03:06:22 2026] DELETE /v2.0/security-groups/188b80a9-029e-4f52-ac8f-186a7e982169 => generated 0 bytes in 258 msecs (HTTP/1.1 204) 2 headers in 112 bytes (1 switches on core 0)
2026-04-29 03:06:22.431 7 INFO neutron.plugins.ml2.drivers.ovn.mech_driver.ovsdb.commands [-] Schedule LRP lrp-0a4412d4-0cf1-45d7-bbe6-33c45b395f55 on gateway 4ba43e8e-0dd7-444b-8184-e3b592e8a2ad with priority 1
2026-04-29 03:06:22.549 8 INFO neutron.plugins.ml2.drivers.ovn.mech_driver.ovsdb.ovsdb_monitor [None req-bdc9569f-785c-4a23-b660-f50fa1178d65 - - - - - -] Router 2f0214ff-6c53-4a64-946e-451692d394c8 is bound to host instance
2026-04-29 03:06:22.659 8 INFO neutron.plugins.ml2.drivers.ovn.mech_driver.mech_driver [None req-ea163ae9-c7f7-4961-a661-cad4b14a8e90 - - - - - -] OVN reports status up for port: 0a4412d4-0cf1-45d7-bbe6-33c45b395f55
2026-04-29 03:06:22.668 7 INFO neutron.db.ovn_revision_numbers_db [None req-b892732c-9c98-4e0a-b2d5-8e4225daa261 cb4b23c7b7c44ed0b8825fb5613f4072 000da5a1f8dd4604b32bd0711f36bed3 - - default default] Successfully bumped revision number for resource 0a4412d4-0cf1-45d7-bbe6-33c45b395f55 (type: router_ports) to 1
2026-04-29 03:06:22.685 8 INFO neutron.plugins.ml2.plugin [None req-ea163ae9-c7f7-4961-a661-cad4b14a8e90 - - - - - -] Attempt 1 to provision port 0a4412d4-0cf1-45d7-bbe6-33c45b395f55
2026-04-29 03:06:22.728 7 INFO neutron.db.ovn_revision_numbers_db [None req-b892732c-9c98-4e0a-b2d5-8e4225daa261 cb4b23c7b7c44ed0b8825fb5613f4072 000da5a1f8dd4604b32bd0711f36bed3 - - default default] Successfully bumped revision number for resource 2f0214ff-6c53-4a64-946e-451692d394c8 (type: routers) to 2 [pid: 7|app: 0|req: 1246/2385] 10.0.0.205 () {34 vars in 668 bytes} [Wed Apr 29 03:06:20 2026] POST /v2.0/routers => generated 965 bytes in 2078 msecs (HTTP/1.1 201) 4 headers in 162 bytes (1 switches on core 0)
2026-04-29 03:06:23.663 8 WARNING neutron.scheduler.dhcp_agent_scheduler [None req-36c54c9b-9c29-41b7-ad37-0fb1d1027e96 cb4b23c7b7c44ed0b8825fb5613f4072 000da5a1f8dd4604b32bd0711f36bed3 - - default default] No more DHCP agents
2026-04-29 03:06:23.668 8 WARNING neutron.api.rpc.agentnotifiers.dhcp_rpc_agent_api [None req-36c54c9b-9c29-41b7-ad37-0fb1d1027e96 cb4b23c7b7c44ed0b8825fb5613f4072 000da5a1f8dd4604b32bd0711f36bed3 - - default default] Unable to schedule network 4c4ea922-76fc-4f2d-b7a4-eaff5be63e98: no agents available; will retry on subsequent port and subnet creation events.
2026-04-29 03:06:24.046 8 INFO neutron.db.ovn_revision_numbers_db [None req-36c54c9b-9c29-41b7-ad37-0fb1d1027e96 cb4b23c7b7c44ed0b8825fb5613f4072 000da5a1f8dd4604b32bd0711f36bed3 - - default default] Successfully bumped revision number for resource 66cbc041-0b4a-46dc-8c9b-7e1c3298ceff (type: ports) to 1
2026-04-29 03:06:24.238 8 INFO neutron.db.ovn_revision_numbers_db [None req-ce7bc5f9-3d64-487e-85b9-2e2bed72f509 - - - - - -] Successfully bumped revision number for resource 0a4412d4-0cf1-45d7-bbe6-33c45b395f55 (type: ports) to 4
2026-04-29 03:06:25.321 8 INFO neutron.db.ovn_revision_numbers_db [None req-ce7bc5f9-3d64-487e-85b9-2e2bed72f509 - - - - - -] Successfully bumped revision number for resource 0a4412d4-0cf1-45d7-bbe6-33c45b395f55 (type: ports) to 5
2026-04-29 03:06:25.550 8 INFO neutron.plugins.ml2.drivers.ovn.mech_driver.mech_driver [None req-ea163ae9-c7f7-4961-a661-cad4b14a8e90 - - - - - -] OVN reports status down for port: 66cbc041-0b4a-46dc-8c9b-7e1c3298ceff
2026-04-29 03:06:25.656 8 WARNING neutron.plugins.ml2.drivers.ovn.mech_driver.ovsdb.ovn_client [None req-ea163ae9-c7f7-4961-a661-cad4b14a8e90 - - - - - -] Logical_Switch_Port 66cbc041-0b4a-46dc-8c9b-7e1c3298ceff host information not removed, the port state is up
2026-04-29 03:06:25.658 8 INFO neutron.plugins.ml2.drivers.ovn.mech_driver.mech_driver [None req-ea163ae9-c7f7-4961-a661-cad4b14a8e90 - - - - - -] OVN reports status up for port: 66cbc041-0b4a-46dc-8c9b-7e1c3298ceff
2026-04-29 03:06:25.673 8 INFO neutron.plugins.ml2.plugin [None req-ea163ae9-c7f7-4961-a661-cad4b14a8e90 - - - - - -] Attempt 1 to provision port 66cbc041-0b4a-46dc-8c9b-7e1c3298ceff
2026-04-29 03:06:25.675 8 WARNING neutron.scheduler.dhcp_agent_scheduler [None req-36c54c9b-9c29-41b7-ad37-0fb1d1027e96 cb4b23c7b7c44ed0b8825fb5613f4072 000da5a1f8dd4604b32bd0711f36bed3 - - default default] No more DHCP agents
2026-04-29 03:06:25.676 8 WARNING neutron.api.rpc.agentnotifiers.dhcp_rpc_agent_api [None req-36c54c9b-9c29-41b7-ad37-0fb1d1027e96 cb4b23c7b7c44ed0b8825fb5613f4072 000da5a1f8dd4604b32bd0711f36bed3 - - default default] Unable to schedule network 4c4ea922-76fc-4f2d-b7a4-eaff5be63e98: no agents available; will retry on subsequent port and subnet creation events.
2026-04-29 03:06:25.737 7 INFO neutron.db.ovn_revision_numbers_db [None req-a9edb84e-938d-4b78-941f-bf24272b991a 39eec2f549824e86aa356f228aa7d266 7b8d4e74049643848d2989abfc7ea6d2 - - default default] Successfully bumped revision number for resource 6bfb546a-93f1-4666-b439-dab4f9264458 (type: security_groups) to 1
2026-04-29 03:06:25.751 7 INFO neutron.db.ovn_revision_numbers_db [None req-a9edb84e-938d-4b78-941f-bf24272b991a 39eec2f549824e86aa356f228aa7d266 7b8d4e74049643848d2989abfc7ea6d2 - - default default] Successfully bumped revision number for resource 06425a9f-e221-4f6c-a121-e9759cdadbb2 (type: security_group_rules) to 0
2026-04-29 03:06:25.763 7 INFO neutron.db.ovn_revision_numbers_db [None req-a9edb84e-938d-4b78-941f-bf24272b991a 39eec2f549824e86aa356f228aa7d266 7b8d4e74049643848d2989abfc7ea6d2 - - default default] Successfully bumped revision number for resource 09a26093-16a8-46e7-a128-30bd93cc2e4f (type: security_group_rules) to 0
2026-04-29 03:06:25.774 7 INFO neutron.db.ovn_revision_numbers_db [None req-a9edb84e-938d-4b78-941f-bf24272b991a 39eec2f549824e86aa356f228aa7d266 7b8d4e74049643848d2989abfc7ea6d2 - - default default] Successfully bumped revision number for resource 6a58730c-3c89-492e-888f-48f1e2750ac4 (type: security_group_rules) to 0
2026-04-29 03:06:25.787 7 INFO neutron.db.ovn_revision_numbers_db [None req-a9edb84e-938d-4b78-941f-bf24272b991a 39eec2f549824e86aa356f228aa7d266 7b8d4e74049643848d2989abfc7ea6d2 - - default default] Successfully bumped revision number for resource beaa8136-5485-47a4-8dad-3428fe4532c0 (type: security_group_rules) to 0
2026-04-29 03:06:25.863 7 INFO neutron.db.segments_db [None req-a9edb84e-938d-4b78-941f-bf24272b991a 39eec2f549824e86aa356f228aa7d266 7b8d4e74049643848d2989abfc7ea6d2 - - default default] Added segment 46c6cf9d-2792-49a6-83c7-1e29b4ba2772 of type geneve for network 2ab830be-5c4d-4d9f-9a75-cd22612e27ce
2026-04-29 03:06:25.980 7 INFO neutron.db.ovn_revision_numbers_db [None req-a9edb84e-938d-4b78-941f-bf24272b991a 39eec2f549824e86aa356f228aa7d266 7b8d4e74049643848d2989abfc7ea6d2 - - default default] Successfully bumped revision number for resource 2ab830be-5c4d-4d9f-9a75-cd22612e27ce (type: networks) to 1
2026-04-29 03:06:26.132 7 WARNING neutron.scheduler.dhcp_agent_scheduler [None req-a9edb84e-938d-4b78-941f-bf24272b991a 39eec2f549824e86aa356f228aa7d266 7b8d4e74049643848d2989abfc7ea6d2 - - default default] No more DHCP agents
2026-04-29 03:06:26.133 7 WARNING neutron.api.rpc.agentnotifiers.dhcp_rpc_agent_api [None req-a9edb84e-938d-4b78-941f-bf24272b991a 39eec2f549824e86aa356f228aa7d266 7b8d4e74049643848d2989abfc7ea6d2 - - default default] Unable to schedule network 2ab830be-5c4d-4d9f-9a75-cd22612e27ce: no agents available; will retry on subsequent port and subnet creation events.
2026-04-29 03:06:26.253 7 INFO neutron.db.ovn_revision_numbers_db [None req-a9edb84e-938d-4b78-941f-bf24272b991a 39eec2f549824e86aa356f228aa7d266 7b8d4e74049643848d2989abfc7ea6d2 - - default default] Successfully bumped revision number for resource bd149d31-8ab6-4add-b4b8-7ab524e02824 (type: ports) to 1 [pid: 7|app: 0|req: 1247/2386] 10.0.0.205 () {34 vars in 669 bytes} [Wed Apr 29 03:06:25 2026] POST /v2.0/networks => generated 626 bytes in 884 msecs (HTTP/1.1 201) 4 headers in 162 bytes (1 switches on core 0)
2026-04-29 03:06:26.456 7 WARNING neutron.scheduler.dhcp_agent_scheduler [None req-45200f9b-91e2-4da3-b899-28a5dec4aee6 39eec2f549824e86aa356f228aa7d266 7b8d4e74049643848d2989abfc7ea6d2 - - default default] No more DHCP agents
2026-04-29 03:06:26.457 7 WARNING neutron.api.rpc.agentnotifiers.dhcp_rpc_agent_api [None req-45200f9b-91e2-4da3-b899-28a5dec4aee6 39eec2f549824e86aa356f228aa7d266 7b8d4e74049643848d2989abfc7ea6d2 - - default default] Unable to schedule network 2ab830be-5c4d-4d9f-9a75-cd22612e27ce: no agents available; will retry on subsequent port and subnet creation events.
2026-04-29 03:06:26.458 8 INFO neutron.db.ovn_revision_numbers_db [None req-ea163ae9-c7f7-4961-a661-cad4b14a8e90 - - - - - -] Successfully bumped revision number for resource 66cbc041-0b4a-46dc-8c9b-7e1c3298ceff (type: ports) to 2
2026-04-29 03:06:26.764 8 INFO neutron.db.ovn_revision_numbers_db [None req-36c54c9b-9c29-41b7-ad37-0fb1d1027e96 cb4b23c7b7c44ed0b8825fb5613f4072 000da5a1f8dd4604b32bd0711f36bed3 - - default default] Successfully bumped revision number for resource 66cbc041-0b4a-46dc-8c9b-7e1c3298ceff (type: router_ports) to 1 [pid: 8|app: 0|req: 1140/2387] 10.0.0.205 () {34 vars in 782 bytes} [Wed Apr 29 03:06:22 2026] PUT /v2.0/routers/2f0214ff-6c53-4a64-946e-451692d394c8/add_router_interface => generated 309 bytes in 4013 msecs (HTTP/1.1 200) 4 headers in 157 bytes (1 switches on core 0)
2026-04-29 03:06:26.958 7 INFO neutron.db.ovn_revision_numbers_db [None req-57565dd1-4de1-449d-a0b2-203d95df2282 - - - - - -] Successfully bumped revision number for resource bd149d31-8ab6-4add-b4b8-7ab524e02824 (type: ports) to 2
2026-04-29 03:06:26.984 7 INFO neutron.db.ovn_revision_numbers_db [None req-57565dd1-4de1-449d-a0b2-203d95df2282 - - - - - -] Successfully bumped revision number for resource 3dc27e62-116f-414b-9360-2a904957813b (type: subnets) to 0 [pid: 7|app: 0|req: 1248/2388] 10.0.0.205 () {34 vars in 668 bytes} [Wed Apr 29 03:06:26 2026] POST /v2.0/subnets => generated 626 bytes in 743 msecs (HTTP/1.1 201) 4 headers in 162 bytes (1 switches on core 0)
2026-04-29 03:06:27.430 8 WARNING neutron.scheduler.dhcp_agent_scheduler [None req-e42293f8-89bf-43db-ac9f-71febc7267d5 39eec2f549824e86aa356f228aa7d266 7b8d4e74049643848d2989abfc7ea6d2 - - default default] No more DHCP agents
2026-04-29 03:06:27.431 8 WARNING neutron.api.rpc.agentnotifiers.dhcp_rpc_agent_api [None req-e42293f8-89bf-43db-ac9f-71febc7267d5 39eec2f549824e86aa356f228aa7d266 7b8d4e74049643848d2989abfc7ea6d2 - - default default] Unable to schedule network 553239a2-448d-4f8b-86c9-5517183dff25: no agents available; will retry on subsequent port and subnet creation events.
2026-04-29 03:06:27.614 8 INFO neutron.db.ovn_revision_numbers_db [None req-e42293f8-89bf-43db-ac9f-71febc7267d5 39eec2f549824e86aa356f228aa7d266 7b8d4e74049643848d2989abfc7ea6d2 - - default default] Successfully bumped revision number for resource a3a830ba-e805-4d7c-ba89-d3dfe7342ef0 (type: ports) to 1
2026-04-29 03:06:28.036 7 INFO neutron.db.ovn_revision_numbers_db [None req-1d9d6947-90bb-46c5-bb3b-24c89353dd2b cb4b23c7b7c44ed0b8825fb5613f4072 000da5a1f8dd4604b32bd0711f36bed3 - - default default] Successfully bumped revision number for resource 2bfc24cc-0c97-43ec-9d52-5a76ec203770 (type: security_groups) to 1
2026-04-29 03:06:28.048 7 INFO neutron.db.ovn_revision_numbers_db [None req-1d9d6947-90bb-46c5-bb3b-24c89353dd2b cb4b23c7b7c44ed0b8825fb5613f4072 000da5a1f8dd4604b32bd0711f36bed3 - - default default] Successfully bumped revision number for resource 137f1455-95db-4fa7-9941-47f0b75c2bb6 (type: security_group_rules) to 0
2026-04-29 03:06:28.059 7 INFO neutron.db.ovn_revision_numbers_db [None req-1d9d6947-90bb-46c5-bb3b-24c89353dd2b cb4b23c7b7c44ed0b8825fb5613f4072 000da5a1f8dd4604b32bd0711f36bed3 - - default default] Successfully bumped revision number for resource 7a44cca1-5bbf-4ceb-aa41-5dbb23aec56e (type: security_group_rules) to 0
2026-04-29 03:06:28.072 7 INFO neutron.db.ovn_revision_numbers_db [None req-1d9d6947-90bb-46c5-bb3b-24c89353dd2b cb4b23c7b7c44ed0b8825fb5613f4072 000da5a1f8dd4604b32bd0711f36bed3 - - default default] Successfully bumped revision number for resource dbc0497f-3625-4cdf-a6da-26d9f49282b5 (type: security_group_rules) to 0
2026-04-29 03:06:28.085 7 INFO neutron.db.ovn_revision_numbers_db [None req-1d9d6947-90bb-46c5-bb3b-24c89353dd2b cb4b23c7b7c44ed0b8825fb5613f4072 000da5a1f8dd4604b32bd0711f36bed3 - - default default] Successfully bumped revision number for resource e2ccd559-d193-4f0a-a969-be3431087a14 (type: security_group_rules) to 0
2026-04-29 03:06:28.166 7 INFO neutron.db.segments_db [None req-1d9d6947-90bb-46c5-bb3b-24c89353dd2b cb4b23c7b7c44ed0b8825fb5613f4072 000da5a1f8dd4604b32bd0711f36bed3 - - default default] Added segment 1b0de053-fef8-44e2-b39a-f3324756ae9e of type geneve for network 618a052f-1f73-4c9d-8d89-83f4e7e5e101
2026-04-29 03:06:28.206 8 INFO neutron.plugins.ml2.drivers.ovn.mech_driver.ovsdb.commands [-] Schedule LRP lrp-a3a830ba-e805-4d7c-ba89-d3dfe7342ef0 on gateway 4ba43e8e-0dd7-444b-8184-e3b592e8a2ad with priority 1
2026-04-29 03:06:28.321 8 INFO neutron.db.ovn_revision_numbers_db [None req-e42293f8-89bf-43db-ac9f-71febc7267d5 39eec2f549824e86aa356f228aa7d266 7b8d4e74049643848d2989abfc7ea6d2 - - default default] Successfully bumped revision number for resource a3a830ba-e805-4d7c-ba89-d3dfe7342ef0 (type: router_ports) to 1
2026-04-29 03:06:28.351 7 INFO neutron.db.ovn_revision_numbers_db [None req-1d9d6947-90bb-46c5-bb3b-24c89353dd2b cb4b23c7b7c44ed0b8825fb5613f4072 000da5a1f8dd4604b32bd0711f36bed3 - - default default] Successfully bumped revision number for resource 618a052f-1f73-4c9d-8d89-83f4e7e5e101 (type: networks) to 1
2026-04-29 03:06:28.398 8 INFO neutron.db.ovn_revision_numbers_db [None req-e42293f8-89bf-43db-ac9f-71febc7267d5 39eec2f549824e86aa356f228aa7d266 7b8d4e74049643848d2989abfc7ea6d2 - - default default] Successfully bumped revision number for resource 3179e55e-fa09-40b7-b985-a1054f63ac6f (type: routers) to 2 [pid: 8|app: 0|req: 1141/2389] 10.0.0.205 () {34 vars in 668 bytes} [Wed Apr 29 03:06:27 2026] POST /v2.0/routers => generated 935 bytes in 1385 msecs (HTTP/1.1 201) 4 headers in 162 bytes (1 switches on core 0)
2026-04-29 03:06:28.480 7 WARNING neutron.scheduler.dhcp_agent_scheduler [None req-1d9d6947-90bb-46c5-bb3b-24c89353dd2b cb4b23c7b7c44ed0b8825fb5613f4072 000da5a1f8dd4604b32bd0711f36bed3 - - default default] No more DHCP agents
2026-04-29 03:06:28.481 7 WARNING neutron.api.rpc.agentnotifiers.dhcp_rpc_agent_api [None req-1d9d6947-90bb-46c5-bb3b-24c89353dd2b cb4b23c7b7c44ed0b8825fb5613f4072 000da5a1f8dd4604b32bd0711f36bed3 - - default default] Unable to schedule network 618a052f-1f73-4c9d-8d89-83f4e7e5e101: no agents available; will retry on subsequent port and subnet creation events.
2026-04-29 03:06:28.582 7 INFO neutron.db.ovn_revision_numbers_db [None req-1d9d6947-90bb-46c5-bb3b-24c89353dd2b cb4b23c7b7c44ed0b8825fb5613f4072 000da5a1f8dd4604b32bd0711f36bed3 - - default default] Successfully bumped revision number for resource 02152097-7747-458a-aba1-98020a4ff3e4 (type: ports) to 1 [pid: 7|app: 0|req: 1249/2390] 10.0.0.205 () {34 vars in 670 bytes} [Wed Apr 29 03:06:27 2026] POST /v2.0/networks => generated 742 bytes in 758 msecs (HTTP/1.1 201) 4 headers in 162 bytes (1 switches on core 0)
2026-04-29 03:06:28.715 8 INFO neutron.db.ovn_revision_numbers_db [None req-78a30629-e8e4-4f46-bace-f6e748f69e99 cb4b23c7b7c44ed0b8825fb5613f4072 000da5a1f8dd4604b32bd0711f36bed3 - - default default] Successfully bumped revision number for resource 92be98ff-36a7-4088-8633-fa59594e8d52 (type: security_groups) to 1
2026-04-29 03:06:28.727 8 INFO neutron.db.ovn_revision_numbers_db [None req-78a30629-e8e4-4f46-bace-f6e748f69e99 cb4b23c7b7c44ed0b8825fb5613f4072 000da5a1f8dd4604b32bd0711f36bed3 - - default default] Successfully bumped revision number for resource 018ce450-974f-4299-ac3c-4445e70c30a5 (type: security_group_rules) to 0
2026-04-29 03:06:28.739 8 INFO neutron.db.ovn_revision_numbers_db [None req-78a30629-e8e4-4f46-bace-f6e748f69e99 cb4b23c7b7c44ed0b8825fb5613f4072 000da5a1f8dd4604b32bd0711f36bed3 - - default default] Successfully bumped revision number for resource 1862b3f4-fede-467b-8a14-f0d5b4c07dd9 (type: security_group_rules) to 0
2026-04-29 03:06:28.751 8 INFO neutron.db.ovn_revision_numbers_db [None req-78a30629-e8e4-4f46-bace-f6e748f69e99 cb4b23c7b7c44ed0b8825fb5613f4072 000da5a1f8dd4604b32bd0711f36bed3 - - default default] Successfully bumped revision number for resource 86d622e4-4d82-4513-ad9a-c391d18bd757 (type: security_group_rules) to 0
2026-04-29 03:06:28.763 8 INFO neutron.db.ovn_revision_numbers_db [None req-78a30629-e8e4-4f46-bace-f6e748f69e99 cb4b23c7b7c44ed0b8825fb5613f4072 000da5a1f8dd4604b32bd0711f36bed3 - - default default] Successfully bumped revision number for resource b7207732-2b12-4cce-81f2-fbd6a42ae20b (type: security_group_rules) to 0 [pid: 8|app: 0|req: 1142/2391] 10.0.0.205 () {32 vars in 773 bytes} [Wed Apr 29 03:06:28 2026] GET /v2.0/security-groups?tenant_id=d724b8933ea242ae8ddf11aa39e8bfa7&name=default => generated 2925 bytes in 382 msecs (HTTP/1.1 200) 4 headers in 158 bytes (1 switches on core 0)
2026-04-29 03:06:28.924 8 WARNING neutron.scheduler.dhcp_agent_scheduler [None req-34ed854a-3ad4-44c7-92d4-4bb37d95b1eb cb4b23c7b7c44ed0b8825fb5613f4072 000da5a1f8dd4604b32bd0711f36bed3 - - default default] No more DHCP agents
2026-04-29 03:06:28.925 8 WARNING neutron.api.rpc.agentnotifiers.dhcp_rpc_agent_api [None req-34ed854a-3ad4-44c7-92d4-4bb37d95b1eb cb4b23c7b7c44ed0b8825fb5613f4072 000da5a1f8dd4604b32bd0711f36bed3 - - default default] Unable to schedule network 618a052f-1f73-4c9d-8d89-83f4e7e5e101: no agents available; will retry on subsequent port and subnet creation events.
2026-04-29 03:06:29.041 7 WARNING neutron.scheduler.dhcp_agent_scheduler [None req-a8beccbf-9f58-4f22-ae9d-5b446da33c68 39eec2f549824e86aa356f228aa7d266 7b8d4e74049643848d2989abfc7ea6d2 - - default default] No more DHCP agents
2026-04-29 03:06:29.043 7 WARNING neutron.api.rpc.agentnotifiers.dhcp_rpc_agent_api [None req-a8beccbf-9f58-4f22-ae9d-5b446da33c68 39eec2f549824e86aa356f228aa7d266 7b8d4e74049643848d2989abfc7ea6d2 - - default default] Unable to schedule network 2ab830be-5c4d-4d9f-9a75-cd22612e27ce: no agents available; will retry on subsequent port and subnet creation events.
2026-04-29 03:06:29.189 7 INFO neutron.db.ovn_revision_numbers_db [None req-a8beccbf-9f58-4f22-ae9d-5b446da33c68 39eec2f549824e86aa356f228aa7d266 7b8d4e74049643848d2989abfc7ea6d2 - - default default] Successfully bumped revision number for resource 9e0548e7-8984-41d0-a881-8aea37bdd438 (type: ports) to 1
2026-04-29 03:06:29.429 8 INFO neutron.db.ovn_revision_numbers_db [None req-9ea7d294-654d-4cf2-8e3f-787e566b4d28 - - - - - -] Successfully bumped revision number for resource 02152097-7747-458a-aba1-98020a4ff3e4 (type: ports) to 2
2026-04-29 03:06:29.454 8 INFO neutron.db.ovn_revision_numbers_db [None req-9ea7d294-654d-4cf2-8e3f-787e566b4d28 - - - - - -] Successfully bumped revision number for resource eae59ac9-46b5-4b93-aecf-ecec59259564 (type: subnets) to 0 [pid: 8|app: 0|req: 1143/2392] 10.0.0.205 () {34 vars in 668 bytes} [Wed Apr 29 03:06:28 2026] POST /v2.0/subnets => generated 686 bytes in 674 msecs (HTTP/1.1 201) 4 headers in 162 bytes (1 switches on core 0) [pid: 8|app: 0|req: 1144/2393] 10.0.0.205 () {32 vars in 739 bytes} [Wed Apr 29 03:06:29 2026] DELETE /v2.0/security-groups/92be98ff-36a7-4088-8633-fa59594e8d52 => generated 0 bytes in 274 msecs (HTTP/1.1 204) 2 headers in 112 bytes (1 switches on core 0)
2026-04-29 03:06:29.939 7 WARNING neutron.scheduler.dhcp_agent_scheduler [None req-a8beccbf-9f58-4f22-ae9d-5b446da33c68 39eec2f549824e86aa356f228aa7d266 7b8d4e74049643848d2989abfc7ea6d2 - - default default] No more DHCP agents
2026-04-29 03:06:29.941 7 WARNING neutron.api.rpc.agentnotifiers.dhcp_rpc_agent_api [None req-a8beccbf-9f58-4f22-ae9d-5b446da33c68 39eec2f549824e86aa356f228aa7d266 7b8d4e74049643848d2989abfc7ea6d2 - - default default] Unable to schedule network 2ab830be-5c4d-4d9f-9a75-cd22612e27ce: no agents available; will retry on subsequent port and subnet creation events.
2026-04-29 03:06:30.179 8 WARNING neutron.scheduler.dhcp_agent_scheduler [None req-f079d43c-2cef-419a-8ee4-b1ee79903c19 cb4b23c7b7c44ed0b8825fb5613f4072 000da5a1f8dd4604b32bd0711f36bed3 - - default default] No more DHCP agents
2026-04-29 03:06:30.182 8 WARNING neutron.api.rpc.agentnotifiers.dhcp_rpc_agent_api [None req-f079d43c-2cef-419a-8ee4-b1ee79903c19 cb4b23c7b7c44ed0b8825fb5613f4072 000da5a1f8dd4604b32bd0711f36bed3 - - default default] Unable to schedule network 553239a2-448d-4f8b-86c9-5517183dff25: no agents available; will retry on subsequent port and subnet creation events.
2026-04-29 03:06:30.240 7 INFO neutron.db.ovn_revision_numbers_db [None req-a8beccbf-9f58-4f22-ae9d-5b446da33c68 39eec2f549824e86aa356f228aa7d266 7b8d4e74049643848d2989abfc7ea6d2 - - default default] Successfully bumped revision number for resource 9e0548e7-8984-41d0-a881-8aea37bdd438 (type: router_ports) to 1 [pid: 7|app: 0|req: 1250/2394] 10.0.0.205 () {34 vars in 782 bytes} [Wed Apr 29 03:06:28 2026] PUT /v2.0/routers/3179e55e-fa09-40b7-b985-a1054f63ac6f/add_router_interface => generated 309 bytes in 1642 msecs (HTTP/1.1 200) 4 headers in 157 bytes (1 switches on core 0)
2026-04-29 03:06:30.421 8 INFO neutron.db.ovn_revision_numbers_db [None req-f079d43c-2cef-419a-8ee4-b1ee79903c19 cb4b23c7b7c44ed0b8825fb5613f4072 000da5a1f8dd4604b32bd0711f36bed3 - - default default] Successfully bumped revision number for resource cd01718e-e12d-441b-8461-f6f93a99e4b9 (type: ports) to 1
2026-04-29 03:06:30.855 7 WARNING neutron.scheduler.dhcp_agent_scheduler [None req-5e80c9b9-8092-4905-b7a5-004303387f53 - - - - - -] No more DHCP agents
2026-04-29 03:06:30.857 7 WARNING neutron.api.rpc.agentnotifiers.dhcp_rpc_agent_api [None req-5e80c9b9-8092-4905-b7a5-004303387f53 - - - - - -] Unable to schedule network 553239a2-448d-4f8b-86c9-5517183dff25: no agents available; will retry on subsequent port and subnet creation events.
2026-04-29 03:06:30.947 8 INFO neutron.plugins.ml2.drivers.ovn.mech_driver.ovsdb.commands [-] Schedule LRP lrp-cd01718e-e12d-441b-8461-f6f93a99e4b9 on gateway 4ba43e8e-0dd7-444b-8184-e3b592e8a2ad with priority 1
2026-04-29 03:06:31.052 8 INFO neutron.plugins.ml2.drivers.ovn.mech_driver.ovsdb.ovsdb_monitor [None req-ce7bc5f9-3d64-487e-85b9-2e2bed72f509 - - - - - -] Router 8507e83b-0703-41c4-8686-408982a29529 is bound to host instance
2026-04-29 03:06:31.146 7 INFO neutron.db.ovn_revision_numbers_db [None req-5e80c9b9-8092-4905-b7a5-004303387f53 - - - - - -] Successfully bumped revision number for resource 21ee549c-3c45-44f8-a6ba-67567ac8961b (type: ports) to 1
2026-04-29 03:06:31.219 8 INFO neutron.db.ovn_revision_numbers_db [None req-f079d43c-2cef-419a-8ee4-b1ee79903c19 cb4b23c7b7c44ed0b8825fb5613f4072 000da5a1f8dd4604b32bd0711f36bed3 - - default default] Successfully bumped revision number for resource cd01718e-e12d-441b-8461-f6f93a99e4b9 (type: router_ports) to 1
2026-04-29 03:06:31.388 8 INFO neutron.db.ovn_revision_numbers_db [None req-f079d43c-2cef-419a-8ee4-b1ee79903c19 cb4b23c7b7c44ed0b8825fb5613f4072 000da5a1f8dd4604b32bd0711f36bed3 - - default default] Successfully bumped revision number for resource 8507e83b-0703-41c4-8686-408982a29529 (type: routers) to 2
2026-04-29 03:06:31.404 7 INFO neutron.db.ovn_revision_numbers_db [None req-5e80c9b9-8092-4905-b7a5-004303387f53 - - - - - -] Successfully bumped revision number for resource 21ee549c-3c45-44f8-a6ba-67567ac8961b (type: ports) to 3 [pid: 8|app: 0|req: 1145/2395] 10.0.0.205 () {34 vars in 668 bytes} [Wed Apr 29 03:06:29 2026] POST /v2.0/routers => generated 964 bytes in 1676 msecs (HTTP/1.1 201) 4 headers in 162 bytes (1 switches on core 0)
2026-04-29 03:06:31.467 7 INFO neutron.db.segments_db [None req-5e80c9b9-8092-4905-b7a5-004303387f53 - - - - - -] Added segment f7a04e08-d632-4a4a-b2b1-2cb3690471df of type geneve for network 94d1f404-466f-44da-9812-10b9633e90c7
2026-04-29 03:06:31.625 7 INFO neutron.db.ovn_revision_numbers_db [None req-dc107d68-646f-4989-9d46-a1383fd19838 - - - - - -] Successfully bumped revision number for resource 94d1f404-466f-44da-9812-10b9633e90c7 (type: networks) to 1
2026-04-29 03:06:31.760 7 WARNING neutron.scheduler.dhcp_agent_scheduler [None req-dc107d68-646f-4989-9d46-a1383fd19838 - - - - - -] No more DHCP agents
2026-04-29 03:06:31.762 7 WARNING neutron.api.rpc.agentnotifiers.dhcp_rpc_agent_api [None req-dc107d68-646f-4989-9d46-a1383fd19838 - - - - - -] Unable to schedule network 94d1f404-466f-44da-9812-10b9633e90c7: no agents available; will retry on subsequent port and subnet creation events.
2026-04-29 03:06:31.880 7 INFO neutron.db.ovn_revision_numbers_db [None req-dc107d68-646f-4989-9d46-a1383fd19838 - - - - - -] Successfully bumped revision number for resource 8f6ff889-db94-4f0f-9863-962092148754 (type: ports) to 1
2026-04-29 03:06:31.954 8 WARNING neutron.plugins.ml2.drivers.ovn.mech_driver.ovsdb.ovn_client [None req-7abdf9d8-f10c-4533-8726-09da1b47d95f - - - - - -] No hosting information found for port 66cbc041-0b4a-46dc-8c9b-7e1c3298ceff: RuntimeError: No hosting information found for port 66cbc041-0b4a-46dc-8c9b-7e1c3298ceff
2026-04-29 03:06:31.956 8 INFO neutron.plugins.ml2.drivers.ovn.mech_driver.mech_driver [None req-7abdf9d8-f10c-4533-8726-09da1b47d95f - - - - - -] OVN reports status down for port: bd149d31-8ab6-4add-b4b8-7ab524e02824
2026-04-29 03:06:31.996 7 WARNING neutron.scheduler.dhcp_agent_scheduler [None req-dc107d68-646f-4989-9d46-a1383fd19838 - - - - - -] No more DHCP agents
2026-04-29 03:06:31.997 7 WARNING neutron.api.rpc.agentnotifiers.dhcp_rpc_agent_api [None req-dc107d68-646f-4989-9d46-a1383fd19838 - - - - - -] Unable to schedule network 94d1f404-466f-44da-9812-10b9633e90c7: no agents available; will retry on subsequent port and subnet creation events.
2026-04-29 03:06:32.018 7 INFO neutron.db.ovn_revision_numbers_db [None req-dc107d68-646f-4989-9d46-a1383fd19838 - - - - - -] Successfully bumped revision number for resource c9715f3f-222c-406f-9303-a39794fbff54 (type: subnets) to 0
2026-04-29 03:06:32.414 7 WARNING neutron.scheduler.dhcp_agent_scheduler [None req-dc107d68-646f-4989-9d46-a1383fd19838 - - - - - -] No more DHCP agents
2026-04-29 03:06:32.415 7 WARNING neutron.api.rpc.agentnotifiers.dhcp_rpc_agent_api [None req-dc107d68-646f-4989-9d46-a1383fd19838 - - - - - -] Unable to schedule network 94d1f404-466f-44da-9812-10b9633e90c7: no agents available; will retry on subsequent port and subnet creation events.
2026-04-29 03:06:32.501 8 WARNING neutron.scheduler.dhcp_agent_scheduler [None req-37be2db9-6b1d-4bae-a2ba-49a4aa853226 cb4b23c7b7c44ed0b8825fb5613f4072 000da5a1f8dd4604b32bd0711f36bed3 - - default default] No more DHCP agents
2026-04-29 03:06:32.516 8 WARNING neutron.api.rpc.agentnotifiers.dhcp_rpc_agent_api [None req-37be2db9-6b1d-4bae-a2ba-49a4aa853226 cb4b23c7b7c44ed0b8825fb5613f4072 000da5a1f8dd4604b32bd0711f36bed3 - - default default] Unable to schedule network 618a052f-1f73-4c9d-8d89-83f4e7e5e101: no agents available; will retry on subsequent port and subnet creation events.
2026-04-29 03:06:32.597 7 INFO neutron.db.ovn_revision_numbers_db [None req-dc107d68-646f-4989-9d46-a1383fd19838 - - - - - -] Successfully bumped revision number for resource 23e8b5cd-0fe7-4ade-b961-bb736930bcbd (type: ports) to 1
2026-04-29 03:06:32.634 8 INFO neutron.db.ovn_revision_numbers_db [None req-7abdf9d8-f10c-4533-8726-09da1b47d95f - - - - - -] Successfully bumped revision number for resource 66cbc041-0b4a-46dc-8c9b-7e1c3298ceff (type: router_ports) to 2
2026-04-29 03:06:32.637 8 INFO neutron.plugins.ml2.drivers.ovn.mech_driver.mech_driver [None req-7abdf9d8-f10c-4533-8726-09da1b47d95f - - - - - -] OVN reports status down for port: a3a830ba-e805-4d7c-ba89-d3dfe7342ef0
2026-04-29 03:06:32.912 8 WARNING neutron.plugins.ml2.drivers.ovn.mech_driver.ovsdb.ovn_client [None req-7abdf9d8-f10c-4533-8726-09da1b47d95f - - - - - -] Logical_Switch_Port a3a830ba-e805-4d7c-ba89-d3dfe7342ef0 host information not removed, the port state is up
2026-04-29 03:06:32.913 8 INFO neutron.plugins.ml2.drivers.ovn.mech_driver.mech_driver [None req-7abdf9d8-f10c-4533-8726-09da1b47d95f - - - - - -] OVN reports status up for port: a3a830ba-e805-4d7c-ba89-d3dfe7342ef0
2026-04-29 03:06:32.977 8 INFO neutron.plugins.ml2.plugin [None req-7abdf9d8-f10c-4533-8726-09da1b47d95f - - - - - -] Attempt 1 to provision port a3a830ba-e805-4d7c-ba89-d3dfe7342ef0
2026-04-29 03:06:33.037 8 INFO neutron.db.ovn_revision_numbers_db [None req-37be2db9-6b1d-4bae-a2ba-49a4aa853226 cb4b23c7b7c44ed0b8825fb5613f4072 000da5a1f8dd4604b32bd0711f36bed3 - - default default] Successfully bumped revision number for resource de50d94e-2c1c-48ab-a37b-8c1f733511cd (type: ports) to 1
2026-04-29 03:06:33.056 8 INFO neutron.db.ovn_revision_numbers_db [None req-2cbc7abc-cea1-4737-91ac-5961bf4c1a0b - - - - - -] Successfully bumped revision number for resource cd01718e-e12d-441b-8461-f6f93a99e4b9 (type: ports) to 4
2026-04-29 03:06:33.376 7 WARNING neutron.scheduler.dhcp_agent_scheduler [None req-dc107d68-646f-4989-9d46-a1383fd19838 - - - - - -] No more DHCP agents
2026-04-29 03:06:33.377 7 WARNING neutron.api.rpc.agentnotifiers.dhcp_rpc_agent_api [None req-dc107d68-646f-4989-9d46-a1383fd19838 - - - - - -] Unable to schedule network 94d1f404-466f-44da-9812-10b9633e90c7: no agents available; will retry on subsequent port and subnet creation events.
2026-04-29 03:06:33.777 8 INFO neutron.db.ovn_revision_numbers_db [None req-2cbc7abc-cea1-4737-91ac-5961bf4c1a0b - - - - - -] Successfully bumped revision number for resource cd01718e-e12d-441b-8461-f6f93a99e4b9 (type: ports) to 5
2026-04-29 03:06:33.927 7 INFO neutron.db.ovn_revision_numbers_db [None req-dc107d68-646f-4989-9d46-a1383fd19838 - - - - - -] Successfully bumped revision number for resource 23e8b5cd-0fe7-4ade-b961-bb736930bcbd (type: router_ports) to 1
2026-04-29 03:06:34.145 7 WARNING neutron.scheduler.dhcp_agent_scheduler [None req-dc107d68-646f-4989-9d46-a1383fd19838 - - - - - -] No more DHCP agents
2026-04-29 03:06:34.146 7 WARNING neutron.api.rpc.agentnotifiers.dhcp_rpc_agent_api [None req-dc107d68-646f-4989-9d46-a1383fd19838 - - - - - -] Unable to schedule network 94d1f404-466f-44da-9812-10b9633e90c7: no agents available; will retry on subsequent port and subnet creation events.
2026-04-29 03:06:34.333 8 WARNING neutron.scheduler.dhcp_agent_scheduler [None req-37be2db9-6b1d-4bae-a2ba-49a4aa853226 cb4b23c7b7c44ed0b8825fb5613f4072 000da5a1f8dd4604b32bd0711f36bed3 - - default default] No more DHCP agents
2026-04-29 03:06:34.334 7 INFO neutron.db.ovn_revision_numbers_db [None req-dc107d68-646f-4989-9d46-a1383fd19838 - - - - - -] Successfully bumped revision number for resource 823ffb1f-032f-47da-809a-46a7a432be89 (type: ports) to 1
2026-04-29 03:06:34.334 8 WARNING neutron.api.rpc.agentnotifiers.dhcp_rpc_agent_api [None req-37be2db9-6b1d-4bae-a2ba-49a4aa853226 cb4b23c7b7c44ed0b8825fb5613f4072 000da5a1f8dd4604b32bd0711f36bed3 - - default default] Unable to schedule network 618a052f-1f73-4c9d-8d89-83f4e7e5e101: no agents available; will retry on subsequent port and subnet creation events.
2026-04-29 03:06:34.587 7 INFO neutron.db.ovn_revision_numbers_db [None req-dc107d68-646f-4989-9d46-a1383fd19838 - - - - - -] Successfully bumped revision number for resource 823ffb1f-032f-47da-809a-46a7a432be89 (type: ports) to 3
2026-04-29 03:06:34.872 8 INFO neutron.db.ovn_revision_numbers_db [None req-37be2db9-6b1d-4bae-a2ba-49a4aa853226 cb4b23c7b7c44ed0b8825fb5613f4072 000da5a1f8dd4604b32bd0711f36bed3 - - default default] Successfully bumped revision number for resource de50d94e-2c1c-48ab-a37b-8c1f733511cd (type: router_ports) to 1 [pid: 8|app: 0|req: 1146/2396] 10.0.0.205 () {34 vars in 782 bytes} [Wed Apr 29 03:06:31 2026] PUT /v2.0/routers/8507e83b-0703-41c4-8686-408982a29529/add_router_interface => generated 309 bytes in 3450 msecs (HTTP/1.1 200) 4 headers in 157 bytes (1 switches on core 0) [pid: 7|app: 0|req: 1251/2397] 10.0.0.205 () {34 vars in 684 bytes} [Wed Apr 29 03:06:30 2026] POST /v2.0/vpn/vpnservices => generated 458 bytes in 4661 msecs (HTTP/1.1 201) 4 headers in 162 bytes (1 switches on core 0)
2026-04-29 03:06:35.208 8 INFO neutron.db.ovn_revision_numbers_db [None req-a90174e5-50dd-4d6e-86f9-effc7a870b7d a8e72cf576be4415b981001713a27ade 7df9869908244010b26adde8e5260200 - - default default] Successfully bumped revision number for resource 3235a73e-5493-433f-ade5-cbc4556ea724 (type: security_groups) to 1
2026-04-29 03:06:35.221 8 INFO neutron.db.ovn_revision_numbers_db [None req-a90174e5-50dd-4d6e-86f9-effc7a870b7d a8e72cf576be4415b981001713a27ade 7df9869908244010b26adde8e5260200 - - default default] Successfully bumped revision number for resource 2c336dc7-43dd-4bab-a4a6-b000eb3cfffa (type: security_group_rules) to 0
2026-04-29 03:06:35.235 8 INFO neutron.db.ovn_revision_numbers_db [None req-a90174e5-50dd-4d6e-86f9-effc7a870b7d a8e72cf576be4415b981001713a27ade 7df9869908244010b26adde8e5260200 - - default default] Successfully bumped revision number for resource 614c1058-d406-4ed2-ba3a-bda5b513b0b7 (type: security_group_rules) to 0
2026-04-29 03:06:35.246 8 INFO neutron.db.ovn_revision_numbers_db [None req-a90174e5-50dd-4d6e-86f9-effc7a870b7d a8e72cf576be4415b981001713a27ade 7df9869908244010b26adde8e5260200 - - default default] Successfully bumped revision number for resource f0dd31c3-7e7b-4d33-b76f-d7f87a78191c (type: security_group_rules) to 0
2026-04-29 03:06:35.257 8 INFO neutron.db.ovn_revision_numbers_db [None req-a90174e5-50dd-4d6e-86f9-effc7a870b7d a8e72cf576be4415b981001713a27ade 7df9869908244010b26adde8e5260200 - - default default] Successfully bumped revision number for resource f8aa7546-f0e7-4cd4-ae65-d2e53b8f6d29 (type: security_group_rules) to 0 [pid: 7|app: 0|req: 1252/2398] 10.0.0.205 () {34 vars in 684 bytes} [Wed Apr 29 03:06:34 2026] POST /v2.0/vpn/vpnservices => generated 423 bytes in 389 msecs (HTTP/1.1 201) 4 headers in 162 bytes (1 switches on core 0)
2026-04-29 03:06:35.336 8 INFO neutron.db.segments_db [None req-a90174e5-50dd-4d6e-86f9-effc7a870b7d a8e72cf576be4415b981001713a27ade 7df9869908244010b26adde8e5260200 - - default default] Added segment 8039b8e8-e28f-457e-94e7-d9f32a15c607 of type geneve for network a50e6f60-1c14-4132-a80d-4144e4cf2e27 [pid: 7|app: 0|req: 1253/2399] 10.0.0.205 () {34 vars in 683 bytes} [Wed Apr 29 03:06:35 2026] POST /v2.0/vpn/ikepolicies => generated 404 bytes in 36 msecs (HTTP/1.1 201) 4 headers in 162 bytes (1 switches on core 0) [pid: 7|app: 0|req: 1254/2400] 10.0.0.205 () {34 vars in 687 bytes} [Wed Apr 29 03:06:35 2026] POST /v2.0/vpn/ipsecpolicies => generated 413 bytes in 34 msecs (HTTP/1.1 201) 4 headers in 162 bytes (1 switches on core 0) [pid: 7|app: 0|req: 1255/2401] 10.0.0.205 () {34 vars in 692 bytes} [Wed Apr 29 03:06:35 2026] POST /v2.0/vpn/endpoint-groups => generated 328 bytes in 70 msecs (HTTP/1.1 201) 4 headers in 162 bytes (1 switches on core 0)
2026-04-29 03:06:35.459 8 INFO neutron.db.ovn_revision_numbers_db [None req-a90174e5-50dd-4d6e-86f9-effc7a870b7d a8e72cf576be4415b981001713a27ade 7df9869908244010b26adde8e5260200 - - default default] Successfully bumped revision number for resource a50e6f60-1c14-4132-a80d-4144e4cf2e27 (type: networks) to 1
2026-04-29 03:06:35.583 7 INFO neutron.db.ovn_revision_numbers_db [None req-5967f9b6-b1e8-408d-84b5-e587312c72ef e76a69f316a444e88c470cbb820d4c97 706914998d5b4d9da0a63b76ae18f0fc - - default default] Successfully bumped revision number for resource 354b2de0-7e84-4ba2-8fec-14068dc56615 (type: security_groups) to 1
2026-04-29 03:06:35.593 7 INFO neutron.db.ovn_revision_numbers_db [None req-5967f9b6-b1e8-408d-84b5-e587312c72ef e76a69f316a444e88c470cbb820d4c97 706914998d5b4d9da0a63b76ae18f0fc - - default default] Successfully bumped revision number for resource 25886062-b2dd-4f5b-8727-ea2479cf791f (type: security_group_rules) to 0
2026-04-29 03:06:35.605 7 INFO neutron.db.ovn_revision_numbers_db [None req-5967f9b6-b1e8-408d-84b5-e587312c72ef e76a69f316a444e88c470cbb820d4c97 706914998d5b4d9da0a63b76ae18f0fc - - default default] Successfully bumped revision number for resource 2a4b7588-c235-4140-a005-894b131a0bec (type: security_group_rules) to 0 [pid: 7|app: 0|req: 1256/2402] 10.0.0.205 () {34 vars in 684 bytes} [Wed Apr 29 03:06:35 2026] POST /v2.0/security-groups => generated 1673 bytes in 179 msecs (HTTP/1.1 201) 4 headers in 163 bytes (1 switches on core 0)
2026-04-29 03:06:35.654 8 WARNING neutron.scheduler.dhcp_agent_scheduler [None req-a90174e5-50dd-4d6e-86f9-effc7a870b7d a8e72cf576be4415b981001713a27ade 7df9869908244010b26adde8e5260200 - - default default] No more DHCP agents
2026-04-29 03:06:35.659 8 WARNING neutron.api.rpc.agentnotifiers.dhcp_rpc_agent_api [None req-a90174e5-50dd-4d6e-86f9-effc7a870b7d a8e72cf576be4415b981001713a27ade 7df9869908244010b26adde8e5260200 - - default default] Unable to schedule network a50e6f60-1c14-4132-a80d-4144e4cf2e27: no agents available; will retry on subsequent port and subnet creation events. [pid: 7|app: 0|req: 1257/2403] 10.0.0.205 () {34 vars in 692 bytes} [Wed Apr 29 03:06:35 2026] POST /v2.0/vpn/endpoint-groups => generated 320 bytes in 39 msecs (HTTP/1.1 201) 4 headers in 162 bytes (1 switches on core 0)
2026-04-29 03:06:35.776 8 INFO neutron.db.ovn_revision_numbers_db [None req-a90174e5-50dd-4d6e-86f9-effc7a870b7d a8e72cf576be4415b981001713a27ade 7df9869908244010b26adde8e5260200 - - default default] Successfully bumped revision number for resource 8bdb5dd3-a8aa-4fa1-beb4-722489e992a4 (type: ports) to 1 [pid: 8|app: 0|req: 1147/2404] 10.0.0.205 () {34 vars in 669 bytes} [Wed Apr 29 03:06:34 2026] POST /v2.0/networks => generated 631 bytes in 918 msecs (HTTP/1.1 201) 4 headers in 162 bytes (1 switches on core 0)
2026-04-29 03:06:35.862 7 INFO neutron.db.ovn_revision_numbers_db [None req-0b2fc084-3b92-4d52-a1a7-01062ef349ca e76a69f316a444e88c470cbb820d4c97 706914998d5b4d9da0a63b76ae18f0fc - - default default] Successfully bumped revision number for resource 55f0e2fb-ff2e-468d-91a8-d88c882abc78 (type: security_group_rules) to 0 [pid: 7|app: 0|req: 1258/2405] 10.0.0.205 () {34 vars in 694 bytes} [Wed Apr 29 03:06:35 2026] POST /v2.0/security-group-rules => generated 597 bytes in 216 msecs (HTTP/1.1 201) 4 headers in 162 bytes (1 switches on core 0)
2026-04-29 03:06:36.120 7 WARNING neutron.scheduler.dhcp_agent_scheduler [None req-544169a0-4448-4405-8385-7c1c49f9fd50 a8e72cf576be4415b981001713a27ade 7df9869908244010b26adde8e5260200 - - default default] No more DHCP agents
2026-04-29 03:06:36.121 7 WARNING neutron.api.rpc.agentnotifiers.dhcp_rpc_agent_api [None req-544169a0-4448-4405-8385-7c1c49f9fd50 a8e72cf576be4415b981001713a27ade 7df9869908244010b26adde8e5260200 - - default default] Unable to schedule network a50e6f60-1c14-4132-a80d-4144e4cf2e27: no agents available; will retry on subsequent port and subnet creation events.
2026-04-29 03:06:36.239 7 INFO neutron.db.ovn_revision_numbers_db [None req-544169a0-4448-4405-8385-7c1c49f9fd50 a8e72cf576be4415b981001713a27ade 7df9869908244010b26adde8e5260200 - - default default] Successfully bumped revision number for resource 3ea06c60-2f53-4516-80f9-5573396c0204 (type: ports) to 1 [pid: 7|app: 0|req: 1259/2406] 10.0.0.205 () {34 vars in 663 bytes} [Wed Apr 29 03:06:35 2026] POST /v2.0/ports => generated 743 bytes in 400 msecs (HTTP/1.1 201) 4 headers in 162 bytes (1 switches on core 0) /var/lib/openstack/lib/python3.12/site-packages/pycadf/identifier.py:70: UserWarning: Invalid uuid: neutron. To ensure interoperability, identifiers should be a valid uuid. warnings.warn(('Invalid uuid: %s. To ensure interoperability, '
2026-04-29 03:06:36.434 7 INFO neutron.db.ovn_revision_numbers_db [None req-95339e4f-5aee-42ca-b913-cb49e1638b7a e76a69f316a444e88c470cbb820d4c97 706914998d5b4d9da0a63b76ae18f0fc - - default default] Successfully bumped revision number for resource 99983be1-32c3-490f-90a4-baf2f1b56f7b (type: security_group_rules) to 0 [pid: 7|app: 0|req: 1260/2407] 10.0.0.205 () {34 vars in 694 bytes} [Wed Apr 29 03:06:36 2026] POST /v2.0/security-group-rules => generated 596 bytes in 174 msecs (HTTP/1.1 201) 4 headers in 162 bytes (1 switches on core 0)
2026-04-29 03:06:36.562 7 INFO neutron.db.segments_db [None req-19ff34f6-3ec2-48a8-b269-717047cf6abd a8e72cf576be4415b981001713a27ade 7df9869908244010b26adde8e5260200 - - default default] Added segment 6550719c-925c-47fa-b985-62ed6c3c4419 of type geneve for network 1dd4d3ef-ac32-4f96-b259-687d7882a8b3
2026-04-29 03:06:36.649 8 INFO neutron.db.ovn_revision_numbers_db [None req-6dff7d5e-ca27-40f7-b061-d9f27b4f2420 39eec2f549824e86aa356f228aa7d266 7b8d4e74049643848d2989abfc7ea6d2 - - default default] Successfully bumped revision number for resource 3179e55e-fa09-40b7-b985-a1054f63ac6f (type: routers) to 5 [pid: 8|app: 0|req: 1148/2410] 10.0.0.205 () {34 vars in 706 bytes} [Wed Apr 29 03:06:35 2026] POST /v2.0/vpn/ipsec-site-connections => generated 803 bytes in 904 msecs (HTTP/1.1 201) 4 headers in 162 bytes (1 switches on core 0)
2026-04-29 03:06:36.710 7 INFO neutron.db.ovn_revision_numbers_db [None req-19ff34f6-3ec2-48a8-b269-717047cf6abd a8e72cf576be4415b981001713a27ade 7df9869908244010b26adde8e5260200 - - default default] Successfully bumped revision number for resource 1dd4d3ef-ac32-4f96-b259-687d7882a8b3 (type: networks) to 1 [pid: 8|app: 0|req: 1149/2411] 10.0.0.249 () {28 vars in 598 bytes} [Wed Apr 29 03:06:36 2026] GET /v2.0/security-groups => generated 31885 bytes in 83 msecs (HTTP/1.1 200) 4 headers in 159 bytes (1 switches on core 0)
2026-04-29 03:06:36.852 7 WARNING neutron.scheduler.dhcp_agent_scheduler [None req-19ff34f6-3ec2-48a8-b269-717047cf6abd a8e72cf576be4415b981001713a27ade 7df9869908244010b26adde8e5260200 - - default default] No more DHCP agents
2026-04-29 03:06:36.854 7 WARNING neutron.api.rpc.agentnotifiers.dhcp_rpc_agent_api [None req-19ff34f6-3ec2-48a8-b269-717047cf6abd a8e72cf576be4415b981001713a27ade 7df9869908244010b26adde8e5260200 - - default default] Unable to schedule network 1dd4d3ef-ac32-4f96-b259-687d7882a8b3: no agents available; will retry on subsequent port and subnet creation events.
2026-04-29 03:06:36.976 7 INFO neutron.db.ovn_revision_numbers_db [None req-19ff34f6-3ec2-48a8-b269-717047cf6abd a8e72cf576be4415b981001713a27ade 7df9869908244010b26adde8e5260200 - - default default] Successfully bumped revision number for resource 792d8fb1-3649-4cc7-800d-6941b22e3456 (type: ports) to 1
2026-04-29 03:06:36.985 8 INFO neutron.db.ovn_revision_numbers_db [None req-f04e5a70-1f41-492b-82ed-fb25da334ac7 e76a69f316a444e88c470cbb820d4c97 706914998d5b4d9da0a63b76ae18f0fc - - default default] Successfully bumped revision number for resource 3334235c-e7af-4333-80ca-93bffef7a937 (type: security_group_rules) to 0 [pid: 7|app: 0|req: 1263/2412] 10.0.0.205 () {34 vars in 669 bytes} [Wed Apr 29 03:06:36 2026] POST /v2.0/networks => generated 632 bytes in 530 msecs (HTTP/1.1 201) 4 headers in 162 bytes (1 switches on core 0) [pid: 8|app: 0|req: 1150/2413] 10.0.0.205 () {34 vars in 694 bytes} [Wed Apr 29 03:06:36 2026] POST /v2.0/security-group-rules => generated 602 bytes in 228 msecs (HTTP/1.1 201) 4 headers in 162 bytes (1 switches on core 0) [pid: 7|app: 0|req: 1264/2414] 10.0.0.205 () {34 vars in 692 bytes} [Wed Apr 29 03:06:37 2026] POST /v2.0/vpn/endpoint-groups => generated 290 bytes in 35 msecs (HTTP/1.1 201) 4 headers in 162 bytes (1 switches on core 0) [pid: 8|app: 0|req: 1151/2415] 10.0.0.249 () {28 vars in 582 bytes} [Wed Apr 29 03:06:37 2026] GET /v2.0/subnets => generated 3989 bytes in 38 msecs (HTTP/1.1 200) 4 headers in 158 bytes (1 switches on core 0)
2026-04-29 03:06:37.181 8 INFO neutron.db.ovn_revision_numbers_db [None req-7b247b50-0d62-4545-93d7-2d2a3caaefc2 e76a69f316a444e88c470cbb820d4c97 706914998d5b4d9da0a63b76ae18f0fc - - default default] Successfully bumped revision number for resource 646fc4c9-3b97-448e-8d1e-32a09fa728b8 (type: security_group_rules) to 0 [pid: 8|app: 0|req: 1152/2416] 10.0.0.205 () {34 vars in 694 bytes} [Wed Apr 29 03:06:37 2026] POST /v2.0/security-group-rules => generated 601 bytes in 156 msecs (HTTP/1.1 201) 4 headers in 162 bytes (1 switches on core 0) [pid: 8|app: 0|req: 1153/2417] 10.0.0.205 () {32 vars in 747 bytes} [Wed Apr 29 03:06:37 2026] DELETE /v2.0/vpn/endpoint-groups/4eca3005-aa4c-4bdf-905c-707bc271b0e8 => generated 0 bytes in 26 msecs (HTTP/1.1 204) 2 headers in 112 bytes (1 switches on core 0)
2026-04-29 03:06:37.244 7 WARNING neutron.scheduler.dhcp_agent_scheduler [None req-071eb512-f811-4057-8927-97a270a09b90 a8e72cf576be4415b981001713a27ade 7df9869908244010b26adde8e5260200 - - default default] No more DHCP agents
2026-04-29 03:06:37.245 7 WARNING neutron.api.rpc.agentnotifiers.dhcp_rpc_agent_api [None req-071eb512-f811-4057-8927-97a270a09b90 a8e72cf576be4415b981001713a27ade 7df9869908244010b26adde8e5260200 - - default default] Unable to schedule network 1dd4d3ef-ac32-4f96-b259-687d7882a8b3: no agents available; will retry on subsequent port and subnet creation events.
2026-04-29 03:06:37.373 7 INFO neutron.db.ovn_revision_numbers_db [None req-071eb512-f811-4057-8927-97a270a09b90 a8e72cf576be4415b981001713a27ade 7df9869908244010b26adde8e5260200 - - default default] Successfully bumped revision number for resource 6fd3207a-ccce-4832-825a-74691bd037bd (type: ports) to 1 [pid: 7|app: 0|req: 1265/2418] 10.0.0.205 () {34 vars in 663 bytes} [Wed Apr 29 03:06:37 2026] POST /v2.0/ports => generated 743 bytes in 384 msecs (HTTP/1.1 201) 4 headers in 162 bytes (1 switches on core 0) [pid: 8|app: 0|req: 1154/2419] 10.0.0.249 () {28 vars in 578 bytes} [Wed Apr 29 03:06:37 2026] GET /v2.0/ports => generated 22368 bytes in 190 msecs (HTTP/1.1 200) 4 headers in 159 bytes (1 switches on core 0) /var/lib/openstack/lib/python3.12/site-packages/pycadf/identifier.py:70: UserWarning: Invalid uuid: neutron. To ensure interoperability, identifiers should be a valid uuid. warnings.warn(('Invalid uuid: %s. To ensure interoperability, ' [pid: 8|app: 0|req: 1155/2420] 10.0.0.205 () {32 vars in 670 bytes} [Wed Apr 29 03:06:37 2026] GET /v2.0/vpn/endpoint-groups => generated 633 bytes in 11 msecs (HTTP/1.1 200) 4 headers in 157 bytes (1 switches on core 0)
2026-04-29 03:06:37.456 7 INFO neutron.db.securitygroups_db [None req-3dfe23f6-29a7-4bf7-be7a-885a01afa9ae e76a69f316a444e88c470cbb820d4c97 706914998d5b4d9da0a63b76ae18f0fc - - default default] Project 706914998d5b4d9da0a63b76ae18f0fc added a security group rule with legacy IPv6 ICMP protocol name icmp, ipv6-icmp should be used instead. It was automatically converted.
2026-04-29 03:06:37.515 8 INFO neutron.db.segments_db [None req-4af0eda6-049e-48e7-a4a2-3edb90a17aa2 a8e72cf576be4415b981001713a27ade 7df9869908244010b26adde8e5260200 - - default default] Added segment 7db275c5-9fbe-46c9-aec3-501d4a048251 of type geneve for network 596a2746-6056-45e2-bbc5-e81688207a2c
2026-04-29 03:06:37.591 7 INFO neutron.db.ovn_revision_numbers_db [None req-3dfe23f6-29a7-4bf7-be7a-885a01afa9ae e76a69f316a444e88c470cbb820d4c97 706914998d5b4d9da0a63b76ae18f0fc - - default default] Successfully bumped revision number for resource d6381adb-3698-4ecf-a7f6-e276280e6f28 (type: security_group_rules) to 0 [pid: 7|app: 0|req: 1266/2421] 10.0.0.205 () {34 vars in 694 bytes} [Wed Apr 29 03:06:37 2026] POST /v2.0/security-group-rules => generated 607 bytes in 208 msecs (HTTP/1.1 201) 4 headers in 162 bytes (1 switches on core 0) [pid: 7|app: 0|req: 1267/2422] 10.0.0.205 () {32 vars in 670 bytes} [Wed Apr 29 03:06:37 2026] GET /v2.0/vpn/endpoint-groups => generated 633 bytes in 20 msecs (HTTP/1.1 200) 4 headers in 157 bytes (1 switches on core 0)
2026-04-29 03:06:37.662 8 INFO neutron.db.ovn_revision_numbers_db [None req-4af0eda6-049e-48e7-a4a2-3edb90a17aa2 a8e72cf576be4415b981001713a27ade 7df9869908244010b26adde8e5260200 - - default default] Successfully bumped revision number for resource 596a2746-6056-45e2-bbc5-e81688207a2c (type: networks) to 1 [pid: 7|app: 0|req: 1268/2423] 10.0.0.249 () {28 vars in 590 bytes} [Wed Apr 29 03:06:37 2026] GET /v2.0/floatingips => generated 19 bytes in 25 msecs (HTTP/1.1 200) 4 headers in 156 bytes (1 switches on core 0)
