2026-04-29 03:05:06.817 8 INFO neutron_taas.services.taas.tap_mirror_plugin [None req-4a379380-e4a2-4d6b-9b70-661ba4038ac2 cb4b23c7b7c44ed0b8825fb5613f4072 000da5a1f8dd4604b32bd0711f36bed3 - - default default] Tap Mirror: Handle Delete Port: 64990ebd-ceee-4201-88e5-c8c74d2599e4
2026-04-29 03:05:06.987 7 INFO neutron.db.ovn_revision_numbers_db [None req-c0c98e04-95ac-40da-87de-56337686c17c 68a48a5398d5413eae7a010b66577fcf 84525a6820334db0974f3b0b08f348d2 - - default default] Successfully bumped revision number for resource bc98791c-d609-4197-86aa-f95c12a82daa (type: security_groups) to 1
2026-04-29 03:05:06.998 7 INFO neutron.db.ovn_revision_numbers_db [None req-c0c98e04-95ac-40da-87de-56337686c17c 68a48a5398d5413eae7a010b66577fcf 84525a6820334db0974f3b0b08f348d2 - - default default] Successfully bumped revision number for resource 1c6a6527-ec8e-4c66-8106-a72c4430afeb (type: security_group_rules) to 0
2026-04-29 03:05:07.010 7 INFO neutron.db.ovn_revision_numbers_db [None req-c0c98e04-95ac-40da-87de-56337686c17c 68a48a5398d5413eae7a010b66577fcf 84525a6820334db0974f3b0b08f348d2 - - default default] Successfully bumped revision number for resource 3cdd6db9-3b4d-43a8-b467-0f9d297d1330 (type: security_group_rules) to 0
2026-04-29 03:05:07.023 7 INFO neutron.db.ovn_revision_numbers_db [None req-c0c98e04-95ac-40da-87de-56337686c17c 68a48a5398d5413eae7a010b66577fcf 84525a6820334db0974f3b0b08f348d2 - - default default] Successfully bumped revision number for resource cc575206-1551-455d-8e82-bfa52058b03a (type: security_group_rules) to 0
2026-04-29 03:05:07.031 7 INFO neutron.db.ovn_revision_numbers_db [None req-c0c98e04-95ac-40da-87de-56337686c17c 68a48a5398d5413eae7a010b66577fcf 84525a6820334db0974f3b0b08f348d2 - - default default] Successfully bumped revision number for resource e2fafc9f-5f9b-45f7-bb41-f5c535af93f0 (type: security_group_rules) to 0
2026-04-29 03:05:07.156 7 INFO neutron.db.segments_db [None req-c0c98e04-95ac-40da-87de-56337686c17c 68a48a5398d5413eae7a010b66577fcf 84525a6820334db0974f3b0b08f348d2 - - default default] Added segment c2ab3237-d793-40a7-9315-7cfb40c556ff of type geneve for network 61744189-c650-455b-b395-7b4f27c2b581 [pid: 8|app: 0|req: 798/1726] 10.0.0.205 () {32 vars in 723 bytes} [Wed Apr 29 03:05:06 2026] DELETE /v2.0/routers/bd0ad40d-3bd8-4d8b-ade8-22fc1593ce18 => generated 0 bytes in 867 msecs (HTTP/1.1 204) 2 headers in 112 bytes (1 switches on core 0)
2026-04-29 03:05:07.366 7 INFO neutron.db.ovn_revision_numbers_db [None req-c0c98e04-95ac-40da-87de-56337686c17c 68a48a5398d5413eae7a010b66577fcf 84525a6820334db0974f3b0b08f348d2 - - default default] Successfully bumped revision number for resource 61744189-c650-455b-b395-7b4f27c2b581 (type: networks) to 1 [pid: 8|app: 0|req: 799/1727] 10.0.0.205 () {32 vars in 723 bytes} [Wed Apr 29 03:05:07 2026] DELETE /v2.0/subnets/ca360a8f-2350-4348-b31b-caf60f1235f2 => generated 0 bytes in 203 msecs (HTTP/1.1 204) 3 headers in 131 bytes (1 switches on core 0) [pid: 8|app: 0|req: 800/1728] 10.0.0.53 () {34 vars in 988 bytes} [Wed Apr 29 03:05:07 2026] GET /v2.0/ports?device_id=a320cd05-adb6-4d1c-bae4-8236e78fb2c7 => generated 12 bytes in 17 msecs (HTTP/1.1 200) 4 headers in 156 bytes (1 switches on core 0)
2026-04-29 03:05:07.591 7 WARNING neutron.scheduler.dhcp_agent_scheduler [None req-c0c98e04-95ac-40da-87de-56337686c17c 68a48a5398d5413eae7a010b66577fcf 84525a6820334db0974f3b0b08f348d2 - - default default] No more DHCP agents
2026-04-29 03:05:07.592 7 WARNING neutron.api.rpc.agentnotifiers.dhcp_rpc_agent_api [None req-c0c98e04-95ac-40da-87de-56337686c17c 68a48a5398d5413eae7a010b66577fcf 84525a6820334db0974f3b0b08f348d2 - - default default] Unable to schedule network 61744189-c650-455b-b395-7b4f27c2b581: no agents available; will retry on subsequent port and subnet creation events.
2026-04-29 03:05:07.675 8 INFO neutron.plugins.ml2.drivers.ovn.mech_driver.mech_driver [None req-07ab91f2-198b-4914-9e40-446a3d71f964 - - - - - -] OVN reports status down for port: 094ab1a1-7b0f-46fd-8b0f-bdf7eb56e3c1
2026-04-29 03:05:07.696 7 INFO neutron.db.ovn_revision_numbers_db [None req-c0c98e04-95ac-40da-87de-56337686c17c 68a48a5398d5413eae7a010b66577fcf 84525a6820334db0974f3b0b08f348d2 - - default default] Successfully bumped revision number for resource 094ab1a1-7b0f-46fd-8b0f-bdf7eb56e3c1 (type: ports) to 1 [pid: 7|app: 0|req: 929/1729] 10.0.0.205 () {34 vars in 669 bytes} [Wed Apr 29 03:05:06 2026] POST /v2.0/networks => generated 645 bytes in 1063 msecs (HTTP/1.1 201) 4 headers in 162 bytes (1 switches on core 0)
2026-04-29 03:05:07.736 8 INFO neutron_taas.services.taas.taas_plugin [None req-b6637adc-82bf-45d6-9caf-bdb8a47a22b1 cb4b23c7b7c44ed0b8825fb5613f4072 000da5a1f8dd4604b32bd0711f36bed3 - - default default] TaaS: Handle Delete Port: 065b4a27-2ad3-47af-a571-9e89c944ce67
2026-04-29 03:05:07.743 8 INFO neutron_taas.services.taas.tap_mirror_plugin [None req-b6637adc-82bf-45d6-9caf-bdb8a47a22b1 cb4b23c7b7c44ed0b8825fb5613f4072 000da5a1f8dd4604b32bd0711f36bed3 - - default default] Tap Mirror: Handle Delete Port: 065b4a27-2ad3-47af-a571-9e89c944ce67
2026-04-29 03:05:07.986 7 WARNING neutron.scheduler.dhcp_agent_scheduler [None req-30f029ff-6f7c-4290-a997-2d3320895fcd 68a48a5398d5413eae7a010b66577fcf 84525a6820334db0974f3b0b08f348d2 - - default default] No more DHCP agents
2026-04-29 03:05:07.987 7 WARNING neutron.api.rpc.agentnotifiers.dhcp_rpc_agent_api [None req-30f029ff-6f7c-4290-a997-2d3320895fcd 68a48a5398d5413eae7a010b66577fcf 84525a6820334db0974f3b0b08f348d2 - - default default] Unable to schedule network 61744189-c650-455b-b395-7b4f27c2b581: no agents available; will retry on subsequent port and subnet creation events.
2026-04-29 03:05:08.010 8 INFO neutron.services.segments.plugin [-] Segment 42f72f9d-2f51-4617-93e5-5f11ccdc6ed3 resource provider aggregate not found
2026-04-29 03:05:08.013 8 INFO neutron.services.segments.plugin [-] Segment 42f72f9d-2f51-4617-93e5-5f11ccdc6ed3 resource provider aggregate not found
2026-04-29 03:05:08.026 8 INFO neutron.services.segments.plugin [-] Segment 42f72f9d-2f51-4617-93e5-5f11ccdc6ed3 resource provider not found; error: Placement Client Error (4xx): {"errors": [{"status": 404, "title": "Not Found", "detail": "The resource could not be found.\n\n No resource provider with uuid 42f72f9d-2f51-4617-93e5-5f11ccdc6ed3 found for delete ", "request_id": "req-11a695f7-0709-4ecc-8069-d6721c446908"}]}
2026-04-29 03:05:08.036 8 INFO neutron.services.segments.plugin [-] Segment 42f72f9d-2f51-4617-93e5-5f11ccdc6ed3 resource provider not found; error: Placement Client Error (4xx): {"errors": [{"status": 404, "title": "Not Found", "detail": "The resource could not be found.\n\n No resource provider with uuid 42f72f9d-2f51-4617-93e5-5f11ccdc6ed3 found for delete ", "request_id": "req-d7784e66-8093-47a1-8c84-337821e18519"}]}
2026-04-29 03:05:08.073 8 INFO neutron.plugins.ml2.drivers.ovn.mech_driver.mech_driver [None req-07ab91f2-198b-4914-9e40-446a3d71f964 - - - - - -] OVN reports status down for port: be25aac9-ead0-4f38-a629-6f9b3dfdcbe7
2026-04-29 03:05:08.127 7 INFO neutron.db.ovn_revision_numbers_db [None req-30f029ff-6f7c-4290-a997-2d3320895fcd 68a48a5398d5413eae7a010b66577fcf 84525a6820334db0974f3b0b08f348d2 - - default default] Successfully bumped revision number for resource be25aac9-ead0-4f38-a629-6f9b3dfdcbe7 (type: ports) to 1 [pid: 8|app: 0|req: 801/1730] 10.0.0.205 () {32 vars in 725 bytes} [Wed Apr 29 03:05:07 2026] DELETE /v2.0/networks/69d7675a-9ba0-4f5c-8c16-ed99b6978c2a => generated 0 bytes in 589 msecs (HTTP/1.1 204) 3 headers in 131 bytes (1 switches on core 0) [pid: 7|app: 0|req: 930/1731] 10.0.0.205 () {34 vars in 664 bytes} [Wed Apr 29 03:05:07 2026] POST /v2.0/ports => generated 774 bytes in 464 msecs (HTTP/1.1 201) 4 headers in 162 bytes (1 switches on core 0) /var/lib/openstack/lib/python3.12/site-packages/pycadf/identifier.py:70: UserWarning: Invalid uuid: neutron. To ensure interoperability, identifiers should be a valid uuid. warnings.warn(('Invalid uuid: %s. To ensure interoperability, ' [pid: 7|app: 0|req: 931/1732] 10.0.0.205 () {32 vars in 773 bytes} [Wed Apr 29 03:05:08 2026] GET /v2.0/security-groups?tenant_id=55c03efd9f6840ceaea121e02b43b459&name=default => generated 2925 bytes in 32 msecs (HTTP/1.1 200) 4 headers in 158 bytes (1 switches on core 0)
2026-04-29 03:05:08.335 8 INFO neutron.db.segments_db [None req-b3acff94-9a2a-4195-a17f-7e678b1f8a01 68a48a5398d5413eae7a010b66577fcf 84525a6820334db0974f3b0b08f348d2 - - default default] Added segment 78d25205-1657-445c-9f9f-a20e23b35356 of type geneve for network 81ee478c-1dc0-4397-a147-8faace4a6694 [pid: 7|app: 0|req: 932/1733] 199.204.45.57 () {34 vars in 984 bytes} [Wed Apr 29 03:05:08 2026] GET /v2.0/networks?id=00dca4df-16da-4c63-aba7-d7a89c03d240 => generated 661 bytes in 41 msecs (HTTP/1.1 200) 4 headers in 157 bytes (1 switches on core 0)
2026-04-29 03:05:08.544 8 INFO neutron.db.ovn_revision_numbers_db [None req-b3acff94-9a2a-4195-a17f-7e678b1f8a01 68a48a5398d5413eae7a010b66577fcf 84525a6820334db0974f3b0b08f348d2 - - default default] Successfully bumped revision number for resource 81ee478c-1dc0-4397-a147-8faace4a6694 (type: networks) to 1 [pid: 7|app: 0|req: 933/1734] 10.0.0.205 () {32 vars in 739 bytes} [Wed Apr 29 03:05:08 2026] DELETE /v2.0/security-groups/8778b42a-45bc-422d-bea8-4899fa8057b1 => generated 0 bytes in 353 msecs (HTTP/1.1 204) 2 headers in 112 bytes (1 switches on core 0) [pid: 7|app: 0|req: 934/1735] 199.204.45.57 () {34 vars in 1048 bytes} [Wed Apr 29 03:05:08 2026] GET /v2.0/security-groups?fields=id&fields=name&tenant_id=d74a9f5238b74b8ab3394a2ed1c7e32c => generated 273 bytes in 51 msecs (HTTP/1.1 200) 4 headers in 157 bytes (1 switches on core 0) [pid: 7|app: 0|req: 935/1736] 10.0.0.53 () {34 vars in 988 bytes} [Wed Apr 29 03:05:08 2026] GET /v2.0/ports?device_id=a320cd05-adb6-4d1c-bae4-8236e78fb2c7 => generated 12 bytes in 16 msecs (HTTP/1.1 200) 4 headers in 156 bytes (1 switches on core 0)
2026-04-29 03:05:08.781 8 WARNING neutron.scheduler.dhcp_agent_scheduler [None req-b3acff94-9a2a-4195-a17f-7e678b1f8a01 68a48a5398d5413eae7a010b66577fcf 84525a6820334db0974f3b0b08f348d2 - - default default] No more DHCP agents
2026-04-29 03:05:08.783 8 WARNING neutron.api.rpc.agentnotifiers.dhcp_rpc_agent_api [None req-b3acff94-9a2a-4195-a17f-7e678b1f8a01 68a48a5398d5413eae7a010b66577fcf 84525a6820334db0974f3b0b08f348d2 - - default default] Unable to schedule network 81ee478c-1dc0-4397-a147-8faace4a6694: no agents available; will retry on subsequent port and subnet creation events.
2026-04-29 03:05:08.859 8 INFO neutron.plugins.ml2.drivers.ovn.mech_driver.mech_driver [None req-07ab91f2-198b-4914-9e40-446a3d71f964 - - - - - -] OVN reports status down for port: 54ef93b2-f87a-4a32-a929-2c9b8a691434
2026-04-29 03:05:08.912 8 INFO neutron.db.ovn_revision_numbers_db [None req-b3acff94-9a2a-4195-a17f-7e678b1f8a01 68a48a5398d5413eae7a010b66577fcf 84525a6820334db0974f3b0b08f348d2 - - default default] Successfully bumped revision number for resource 54ef93b2-f87a-4a32-a929-2c9b8a691434 (type: ports) to 1 [pid: 8|app: 0|req: 802/1737] 10.0.0.205 () {34 vars in 669 bytes} [Wed Apr 29 03:05:08 2026] POST /v2.0/networks => generated 631 bytes in 748 msecs (HTTP/1.1 201) 4 headers in 162 bytes (1 switches on core 0)
2026-04-29 03:05:09.065 7 WARNING neutron.scheduler.dhcp_agent_scheduler [req-72bfea25-5e66-4b46-bbb8-d669a2ff7857 req-c3646561-cee3-4f25-a6cb-bd55fe299512 464da302097146318d5088dc9bac4183 d74a9f5238b74b8ab3394a2ed1c7e32c - - default default] No more DHCP agents
2026-04-29 03:05:09.066 7 WARNING neutron.api.rpc.agentnotifiers.dhcp_rpc_agent_api [req-72bfea25-5e66-4b46-bbb8-d669a2ff7857 req-c3646561-cee3-4f25-a6cb-bd55fe299512 464da302097146318d5088dc9bac4183 d74a9f5238b74b8ab3394a2ed1c7e32c - - default default] Unable to schedule network 00dca4df-16da-4c63-aba7-d7a89c03d240: no agents available; will retry on subsequent port and subnet creation events.
2026-04-29 03:05:09.159 8 WARNING neutron.scheduler.dhcp_agent_scheduler [None req-2a2342d0-cde4-4ed7-840e-2d27ac3e6f19 68a48a5398d5413eae7a010b66577fcf 84525a6820334db0974f3b0b08f348d2 - - default default] No more DHCP agents
2026-04-29 03:05:09.161 8 WARNING neutron.api.rpc.agentnotifiers.dhcp_rpc_agent_api [None req-2a2342d0-cde4-4ed7-840e-2d27ac3e6f19 68a48a5398d5413eae7a010b66577fcf 84525a6820334db0974f3b0b08f348d2 - - default default] Unable to schedule network 81ee478c-1dc0-4397-a147-8faace4a6694: no agents available; will retry on subsequent port and subnet creation events.
2026-04-29 03:05:09.245 8 INFO neutron.plugins.ml2.drivers.ovn.mech_driver.mech_driver [None req-07ab91f2-198b-4914-9e40-446a3d71f964 - - - - - -] OVN reports status down for port: 305ac278-bbe3-4f8f-b3a4-4ad968521a59
2026-04-29 03:05:09.264 7 INFO neutron.db.ovn_revision_numbers_db [req-72bfea25-5e66-4b46-bbb8-d669a2ff7857 req-c3646561-cee3-4f25-a6cb-bd55fe299512 464da302097146318d5088dc9bac4183 d74a9f5238b74b8ab3394a2ed1c7e32c - - default default] Successfully bumped revision number for resource 305ac278-bbe3-4f8f-b3a4-4ad968521a59 (type: ports) to 1 [pid: 7|app: 0|req: 936/1738] 199.204.45.57 () {38 vars in 953 bytes} [Wed Apr 29 03:05:08 2026] POST /v2.0/ports => generated 954 bytes in 592 msecs (HTTP/1.1 201) 4 headers in 162 bytes (1 switches on core 0) /var/lib/openstack/lib/python3.12/site-packages/pycadf/identifier.py:70: UserWarning: Invalid uuid: neutron. To ensure interoperability, identifiers should be a valid uuid. warnings.warn(('Invalid uuid: %s. To ensure interoperability, '
2026-04-29 03:05:09.811 8 INFO neutron.db.ovn_revision_numbers_db [None req-c1f7ddb2-11d7-4e49-875e-3a314e1fc6b4 - - - - - -] Successfully bumped revision number for resource 54ef93b2-f87a-4a32-a929-2c9b8a691434 (type: ports) to 2
2026-04-29 03:05:09.822 7 INFO neutron.db.ovn_revision_numbers_db [req-72bfea25-5e66-4b46-bbb8-d669a2ff7857 req-8eca0b3f-21eb-4002-b7d7-7839f753a9c6 034dfbc8b6114aa585014a8a34b5c454 e249646d1015424095b9b53cb0e31050 - - 7180ba5fc09a449ab9e22c3a5ad61a09 7180ba5fc09a449ab9e22c3a5ad61a09] Successfully bumped revision number for resource 305ac278-bbe3-4f8f-b3a4-4ad968521a59 (type: ports) to 2
2026-04-29 03:05:09.846 8 INFO neutron.db.ovn_revision_numbers_db [None req-c1f7ddb2-11d7-4e49-875e-3a314e1fc6b4 - - - - - -] Successfully bumped revision number for resource 396563fb-ad94-48eb-9884-7e1d1b7ef763 (type: subnets) to 0 [pid: 8|app: 0|req: 803/1739] 10.0.0.205 () {34 vars in 668 bytes} [Wed Apr 29 03:05:08 2026] POST /v2.0/subnets => generated 626 bytes in 910 msecs (HTTP/1.1 201) 4 headers in 162 bytes (1 switches on core 0) [pid: 8|app: 0|req: 804/1740] 10.0.0.53 () {34 vars in 988 bytes} [Wed Apr 29 03:05:09 2026] GET /v2.0/ports?device_id=a320cd05-adb6-4d1c-bae4-8236e78fb2c7 => generated 969 bytes in 78 msecs (HTTP/1.1 200) 4 headers in 157 bytes (1 switches on core 0)
2026-04-29 03:05:10.086 7 INFO neutron.db.ovn_revision_numbers_db [req-72bfea25-5e66-4b46-bbb8-d669a2ff7857 req-8eca0b3f-21eb-4002-b7d7-7839f753a9c6 034dfbc8b6114aa585014a8a34b5c454 e249646d1015424095b9b53cb0e31050 - - 7180ba5fc09a449ab9e22c3a5ad61a09 7180ba5fc09a449ab9e22c3a5ad61a09] Successfully bumped revision number for resource 305ac278-bbe3-4f8f-b3a4-4ad968521a59 (type: ports) to 4 [pid: 7|app: 0|req: 937/1741] 199.204.45.57 () {38 vars in 1026 bytes} [Wed Apr 29 03:05:09 2026] PUT /v2.0/ports/305ac278-bbe3-4f8f-b3a4-4ad968521a59 => generated 1204 bytes in 753 msecs (HTTP/1.1 200) 4 headers in 158 bytes (1 switches on core 0) /var/lib/openstack/lib/python3.12/site-packages/pycadf/identifier.py:70: UserWarning: Invalid uuid: neutron. To ensure interoperability, identifiers should be a valid uuid. warnings.warn(('Invalid uuid: %s. To ensure interoperability, '
2026-04-29 03:05:10.145 7 INFO neutron.notifiers.nova [-] Nova event matching ['req-b87ae315-34aa-417e-933b-30d8fe2e99fa'] response: {'name': 'network-changed', 'server_uuid': 'a320cd05-adb6-4d1c-bae4-8236e78fb2c7', 'tag': '305ac278-bbe3-4f8f-b3a4-4ad968521a59', 'status': 'completed', 'code': 200} [pid: 7|app: 0|req: 938/1742] 10.0.0.53 () {34 vars in 1038 bytes} [Wed Apr 29 03:05:10 2026] GET /v2.0/security-groups?id=6e9ca4f8-9e11-4c7c-8abf-04fb1e6d9711&fields=id&fields=name => generated 113 bytes in 47 msecs (HTTP/1.1 200) 4 headers in 157 bytes (1 switches on core 0)
2026-04-29 03:05:10.310 8 WARNING neutron.scheduler.dhcp_agent_scheduler [None req-d7d56187-9a5c-44dc-90ad-fa644ce1bde4 68a48a5398d5413eae7a010b66577fcf 84525a6820334db0974f3b0b08f348d2 - - default default] No more DHCP agents
2026-04-29 03:05:10.311 8 WARNING neutron.api.rpc.agentnotifiers.dhcp_rpc_agent_api [None req-d7d56187-9a5c-44dc-90ad-fa644ce1bde4 68a48a5398d5413eae7a010b66577fcf 84525a6820334db0974f3b0b08f348d2 - - default default] Unable to schedule network 81ee478c-1dc0-4397-a147-8faace4a6694: no agents available; will retry on subsequent port and subnet creation events.
2026-04-29 03:05:10.427 8 INFO neutron.plugins.ml2.drivers.ovn.mech_driver.mech_driver [None req-07ab91f2-198b-4914-9e40-446a3d71f964 - - - - - -] OVN reports status down for port: f6331b78-48ab-4965-aec1-0a36d95e5a9e
2026-04-29 03:05:10.505 8 INFO neutron.db.ovn_revision_numbers_db [None req-d7d56187-9a5c-44dc-90ad-fa644ce1bde4 68a48a5398d5413eae7a010b66577fcf 84525a6820334db0974f3b0b08f348d2 - - default default] Successfully bumped revision number for resource f6331b78-48ab-4965-aec1-0a36d95e5a9e (type: ports) to 1 [pid: 8|app: 0|req: 805/1743] 10.0.0.205 () {34 vars in 664 bytes} [Wed Apr 29 03:05:09 2026] POST /v2.0/ports => generated 949 bytes in 606 msecs (HTTP/1.1 201) 4 headers in 162 bytes (1 switches on core 0) /var/lib/openstack/lib/python3.12/site-packages/pycadf/identifier.py:70: UserWarning: Invalid uuid: neutron. To ensure interoperability, identifiers should be a valid uuid. warnings.warn(('Invalid uuid: %s. To ensure interoperability, '
2026-04-29 03:05:10.642 7 INFO neutron.db.ovn_revision_numbers_db [None req-23f40e7d-b758-4e68-b59d-f1f838f5cfea 3d428f5ec6a448e98091e214ed34882c f372a8f0d77d49859a53d55609956296 - - default default] Successfully bumped revision number for resource 2394f191-94c8-47aa-89bc-8f52d4f07491 (type: security_groups) to 1
2026-04-29 03:05:10.681 7 INFO neutron.db.ovn_revision_numbers_db [None req-23f40e7d-b758-4e68-b59d-f1f838f5cfea 3d428f5ec6a448e98091e214ed34882c f372a8f0d77d49859a53d55609956296 - - default default] Successfully bumped revision number for resource 228b0dcb-dc9b-402c-a1a1-a9b25041d308 (type: security_group_rules) to 0
2026-04-29 03:05:10.698 7 INFO neutron.db.ovn_revision_numbers_db [None req-23f40e7d-b758-4e68-b59d-f1f838f5cfea 3d428f5ec6a448e98091e214ed34882c f372a8f0d77d49859a53d55609956296 - - default default] Successfully bumped revision number for resource 4d93e07f-8648-4b95-ab02-e8993ee5dfff (type: security_group_rules) to 0
2026-04-29 03:05:10.710 7 INFO neutron.db.ovn_revision_numbers_db [None req-23f40e7d-b758-4e68-b59d-f1f838f5cfea 3d428f5ec6a448e98091e214ed34882c f372a8f0d77d49859a53d55609956296 - - default default] Successfully bumped revision number for resource 9e5ee5bb-74b1-4515-aa73-8718534e950a (type: security_group_rules) to 0
2026-04-29 03:05:10.715 8 INFO neutron_taas.services.taas.taas_plugin [None req-5c83d36e-495c-43d6-95ac-0d8c748b4a57 68a48a5398d5413eae7a010b66577fcf 84525a6820334db0974f3b0b08f348d2 - - default default] TaaS: Handle Delete Port: f6331b78-48ab-4965-aec1-0a36d95e5a9e
2026-04-29 03:05:10.718 8 INFO neutron_taas.services.taas.tap_mirror_plugin [None req-5c83d36e-495c-43d6-95ac-0d8c748b4a57 68a48a5398d5413eae7a010b66577fcf 84525a6820334db0974f3b0b08f348d2 - - default default] Tap Mirror: Handle Delete Port: f6331b78-48ab-4965-aec1-0a36d95e5a9e
2026-04-29 03:05:10.722 7 INFO neutron.db.ovn_revision_numbers_db [None req-23f40e7d-b758-4e68-b59d-f1f838f5cfea 3d428f5ec6a448e98091e214ed34882c f372a8f0d77d49859a53d55609956296 - - default default] Successfully bumped revision number for resource de24177c-2e43-459f-99d1-5144583d49c3 (type: security_group_rules) to 0
2026-04-29 03:05:10.822 7 INFO neutron.db.segments_db [None req-23f40e7d-b758-4e68-b59d-f1f838f5cfea 3d428f5ec6a448e98091e214ed34882c f372a8f0d77d49859a53d55609956296 - - default default] Added segment 4a5e253f-3a0e-4582-9d87-3c4d871ffb52 of type geneve for network 1e8004eb-cb9e-4c04-9bfa-296b3a01febc [pid: 8|app: 0|req: 806/1744] 10.0.0.205 () {32 vars in 719 bytes} [Wed Apr 29 03:05:10 2026] DELETE /v2.0/ports/f6331b78-48ab-4965-aec1-0a36d95e5a9e => generated 0 bytes in 406 msecs (HTTP/1.1 204) 3 headers in 131 bytes (1 switches on core 0)
2026-04-29 03:05:11.001 7 INFO neutron.db.ovn_revision_numbers_db [None req-23f40e7d-b758-4e68-b59d-f1f838f5cfea 3d428f5ec6a448e98091e214ed34882c f372a8f0d77d49859a53d55609956296 - - default default] Successfully bumped revision number for resource 1e8004eb-cb9e-4c04-9bfa-296b3a01febc (type: networks) to 1 [pid: 8|app: 0|req: 807/1745] 199.204.45.57 () {34 vars in 1078 bytes} [Wed Apr 29 03:05:10 2026] GET /v2.0/ports?tenant_id=d74a9f5238b74b8ab3394a2ed1c7e32c&device_id=a320cd05-adb6-4d1c-bae4-8236e78fb2c7 => generated 1207 bytes in 56 msecs (HTTP/1.1 200) 4 headers in 158 bytes (1 switches on core 0)
2026-04-29 03:05:11.036 8 INFO neutron.pecan_wsgi.hooks.translation [None req-acb7c482-c8f2-4a3b-8e8c-fd67235be4e9 68a48a5398d5413eae7a010b66577fcf 84525a6820334db0974f3b0b08f348d2 - - default default] DELETE failed (client error): The resource could not be found. [pid: 8|app: 0|req: 808/1746] 10.0.0.205 () {32 vars in 719 bytes} [Wed Apr 29 03:05:11 2026] DELETE /v2.0/ports/f6331b78-48ab-4965-aec1-0a36d95e5a9e => generated 132 bytes in 24 msecs (HTTP/1.1 404) 4 headers in 164 bytes (1 switches on core 0) [pid: 8|app: 0|req: 809/1747] 199.204.45.57 () {34 vars in 1016 bytes} [Wed Apr 29 03:05:11 2026] GET /v2.0/networks?tenant_id=d74a9f5238b74b8ab3394a2ed1c7e32c&shared=False => generated 760 bytes in 32 msecs (HTTP/1.1 200) 4 headers in 157 bytes (1 switches on core 0)
2026-04-29 03:05:11.085 8 INFO neutron.pecan_wsgi.hooks.translation [None req-66676b85-5bc8-4817-9607-05eedcf20a46 68a48a5398d5413eae7a010b66577fcf 84525a6820334db0974f3b0b08f348d2 - - default default] GET failed (client error): The resource could not be found. [pid: 8|app: 0|req: 810/1748] 10.0.0.205 () {32 vars in 716 bytes} [Wed Apr 29 03:05:11 2026] GET /v2.0/ports/f6331b78-48ab-4965-aec1-0a36d95e5a9e => generated 132 bytes in 14 msecs (HTTP/1.1 404) 4 headers in 164 bytes (1 switches on core 0) [pid: 8|app: 0|req: 811/1749] 199.204.45.57 () {34 vars in 928 bytes} [Wed Apr 29 03:05:11 2026] GET /v2.0/networks?shared=True => generated 753 bytes in 34 msecs (HTTP/1.1 200) 4 headers in 157 bytes (1 switches on core 0)
2026-04-29 03:05:11.205 7 WARNING neutron.scheduler.dhcp_agent_scheduler [None req-23f40e7d-b758-4e68-b59d-f1f838f5cfea 3d428f5ec6a448e98091e214ed34882c f372a8f0d77d49859a53d55609956296 - - default default] No more DHCP agents
2026-04-29 03:05:11.207 7 WARNING neutron.api.rpc.agentnotifiers.dhcp_rpc_agent_api [None req-23f40e7d-b758-4e68-b59d-f1f838f5cfea 3d428f5ec6a448e98091e214ed34882c f372a8f0d77d49859a53d55609956296 - - default default] Unable to schedule network 1e8004eb-cb9e-4c04-9bfa-296b3a01febc: no agents available; will retry on subsequent port and subnet creation events.
2026-04-29 03:05:11.295 8 INFO neutron.plugins.ml2.drivers.ovn.mech_driver.mech_driver [None req-07ab91f2-198b-4914-9e40-446a3d71f964 - - - - - -] OVN reports status down for port: 991ae13f-3766-4f63-8d8f-3c60d4ded442 [pid: 8|app: 0|req: 812/1750] 10.0.0.205 () {32 vars in 723 bytes} [Wed Apr 29 03:05:11 2026] DELETE /v2.0/subnets/396563fb-ad94-48eb-9884-7e1d1b7ef763 => generated 0 bytes in 225 msecs (HTTP/1.1 204) 3 headers in 131 bytes (1 switches on core 0)
2026-04-29 03:05:11.355 7 INFO neutron.db.ovn_revision_numbers_db [None req-23f40e7d-b758-4e68-b59d-f1f838f5cfea 3d428f5ec6a448e98091e214ed34882c f372a8f0d77d49859a53d55609956296 - - default default] Successfully bumped revision number for resource 991ae13f-3766-4f63-8d8f-3c60d4ded442 (type: ports) to 1 [pid: 7|app: 0|req: 939/1751] 10.0.0.205 () {34 vars in 669 bytes} [Wed Apr 29 03:05:10 2026] POST /v2.0/networks => generated 632 bytes in 1132 msecs (HTTP/1.1 201) 4 headers in 162 bytes (1 switches on core 0) [pid: 8|app: 0|req: 813/1752] 10.0.0.53 () {34 vars in 988 bytes} [Wed Apr 29 03:05:11 2026] GET /v2.0/ports?device_id=a320cd05-adb6-4d1c-bae4-8236e78fb2c7 => generated 969 bytes in 49 msecs (HTTP/1.1 200) 4 headers in 157 bytes (1 switches on core 0)
2026-04-29 03:05:11.531 7 INFO neutron_taas.services.taas.taas_plugin [None req-d592adef-5185-4cfe-910d-93123bf3b10f 68a48a5398d5413eae7a010b66577fcf 84525a6820334db0974f3b0b08f348d2 - - default default] TaaS: Handle Delete Port: 54ef93b2-f87a-4a32-a929-2c9b8a691434
2026-04-29 03:05:11.534 7 INFO neutron_taas.services.taas.tap_mirror_plugin [None req-d592adef-5185-4cfe-910d-93123bf3b10f 68a48a5398d5413eae7a010b66577fcf 84525a6820334db0974f3b0b08f348d2 - - default default] Tap Mirror: Handle Delete Port: 54ef93b2-f87a-4a32-a929-2c9b8a691434
2026-04-29 03:05:11.712 8 WARNING neutron.scheduler.dhcp_agent_scheduler [None req-93c09490-2f73-42c1-b7cb-074bc314dc3f 3d428f5ec6a448e98091e214ed34882c f372a8f0d77d49859a53d55609956296 - - default default] No more DHCP agents
2026-04-29 03:05:11.713 8 WARNING neutron.api.rpc.agentnotifiers.dhcp_rpc_agent_api [None req-93c09490-2f73-42c1-b7cb-074bc314dc3f 3d428f5ec6a448e98091e214ed34882c f372a8f0d77d49859a53d55609956296 - - default default] Unable to schedule network 1e8004eb-cb9e-4c04-9bfa-296b3a01febc: no agents available; will retry on subsequent port and subnet creation events.
2026-04-29 03:05:11.794 8 INFO neutron.plugins.ml2.drivers.ovn.mech_driver.mech_driver [None req-07ab91f2-198b-4914-9e40-446a3d71f964 - - - - - -] OVN reports status down for port: bc65a797-8bfd-4f90-bd06-4292b01d1291
2026-04-29 03:05:11.812 7 INFO neutron.services.segments.plugin [-] Segment 78d25205-1657-445c-9f9f-a20e23b35356 resource provider aggregate not found
2026-04-29 03:05:11.820 7 INFO neutron.services.segments.plugin [-] Segment 78d25205-1657-445c-9f9f-a20e23b35356 resource provider aggregate not found
2026-04-29 03:05:11.844 7 INFO neutron.services.segments.plugin [-] Segment 78d25205-1657-445c-9f9f-a20e23b35356 resource provider not found; error: Placement Client Error (4xx): {"errors": [{"status": 404, "title": "Not Found", "detail": "The resource could not be found.\n\n No resource provider with uuid 78d25205-1657-445c-9f9f-a20e23b35356 found for delete ", "request_id": "req-7dadbf35-6acf-4378-a476-743b8f57f9fb"}]}
2026-04-29 03:05:11.852 7 INFO neutron.services.segments.plugin [-] Segment 78d25205-1657-445c-9f9f-a20e23b35356 resource provider not found; error: Placement Client Error (4xx): {"errors": [{"status": 404, "title": "Not Found", "detail": "The resource could not be found.\n\n No resource provider with uuid 78d25205-1657-445c-9f9f-a20e23b35356 found for delete ", "request_id": "req-e1dde37c-28ad-4a4f-8880-14cc67127b99"}]}
2026-04-29 03:05:11.887 8 INFO neutron.db.ovn_revision_numbers_db [None req-93c09490-2f73-42c1-b7cb-074bc314dc3f 3d428f5ec6a448e98091e214ed34882c f372a8f0d77d49859a53d55609956296 - - default default] Successfully bumped revision number for resource bc65a797-8bfd-4f90-bd06-4292b01d1291 (type: ports) to 1 [pid: 7|app: 0|req: 940/1753] 10.0.0.205 () {32 vars in 725 bytes} [Wed Apr 29 03:05:11 2026] DELETE /v2.0/networks/81ee478c-1dc0-4397-a147-8faace4a6694 => generated 0 bytes in 562 msecs (HTTP/1.1 204) 3 headers in 131 bytes (1 switches on core 0) [pid: 7|app: 0|req: 941/1754] 10.0.0.53 () {34 vars in 1038 bytes} [Wed Apr 29 03:05:11 2026] GET /v2.0/security-groups?id=6e9ca4f8-9e11-4c7c-8abf-04fb1e6d9711&fields=id&fields=name => generated 113 bytes in 31 msecs (HTTP/1.1 200) 4 headers in 157 bytes (1 switches on core 0) [pid: 8|app: 0|req: 814/1755] 10.0.0.205 () {34 vars in 663 bytes} [Wed Apr 29 03:05:11 2026] POST /v2.0/ports => generated 743 bytes in 624 msecs (HTTP/1.1 201) 4 headers in 162 bytes (1 switches on core 0) /var/lib/openstack/lib/python3.12/site-packages/pycadf/identifier.py:70: UserWarning: Invalid uuid: neutron. To ensure interoperability, identifiers should be a valid uuid. warnings.warn(('Invalid uuid: %s. To ensure interoperability, '
2026-04-29 03:05:12.108 8 INFO neutron.db.segments_db [None req-4f086164-12b5-42ea-97e4-cbac03cec3fd 68a48a5398d5413eae7a010b66577fcf 84525a6820334db0974f3b0b08f348d2 - - default default] Added segment 77067abe-a1af-44f6-babf-d4b9ca5bbf9f of type geneve for network 9993d9eb-445c-455a-9b36-d3f1adf7beed
2026-04-29 03:05:12.233 8 INFO neutron.db.ovn_revision_numbers_db [None req-4f086164-12b5-42ea-97e4-cbac03cec3fd 68a48a5398d5413eae7a010b66577fcf 84525a6820334db0974f3b0b08f348d2 - - default default] Successfully bumped revision number for resource 9993d9eb-445c-455a-9b36-d3f1adf7beed (type: networks) to 1
2026-04-29 03:05:12.341 7 INFO neutron.db.ovn_revision_numbers_db [None req-4b8de9da-a1f2-448a-b1b4-5e23064ed3f3 cb4b23c7b7c44ed0b8825fb5613f4072 000da5a1f8dd4604b32bd0711f36bed3 - - default default] Successfully bumped revision number for resource c4197df0-b452-4758-b170-01e4ce4100e7 (type: security_groups) to 1
2026-04-29 03:05:12.365 7 INFO neutron.db.ovn_revision_numbers_db [None req-4b8de9da-a1f2-448a-b1b4-5e23064ed3f3 cb4b23c7b7c44ed0b8825fb5613f4072 000da5a1f8dd4604b32bd0711f36bed3 - - default default] Successfully bumped revision number for resource 2dfb5f2d-8d1a-4961-9998-c5eb32b49ed7 (type: security_group_rules) to 0
2026-04-29 03:05:12.384 7 INFO neutron.db.ovn_revision_numbers_db [None req-4b8de9da-a1f2-448a-b1b4-5e23064ed3f3 cb4b23c7b7c44ed0b8825fb5613f4072 000da5a1f8dd4604b32bd0711f36bed3 - - default default] Successfully bumped revision number for resource 9dd4d936-a04c-4703-b573-bfc94422b374 (type: security_group_rules) to 0
2026-04-29 03:05:12.402 7 INFO neutron.db.ovn_revision_numbers_db [None req-4b8de9da-a1f2-448a-b1b4-5e23064ed3f3 cb4b23c7b7c44ed0b8825fb5613f4072 000da5a1f8dd4604b32bd0711f36bed3 - - default default] Successfully bumped revision number for resource c435d620-b7f7-44ac-a268-757d0df74d93 (type: security_group_rules) to 0
2026-04-29 03:05:12.438 7 INFO neutron.db.ovn_revision_numbers_db [None req-4b8de9da-a1f2-448a-b1b4-5e23064ed3f3 cb4b23c7b7c44ed0b8825fb5613f4072 000da5a1f8dd4604b32bd0711f36bed3 - - default default] Successfully bumped revision number for resource e021a789-0e93-4df9-a99c-0227d4ed51fe (type: security_group_rules) to 0 [pid: 7|app: 0|req: 942/1756] 10.0.0.205 () {32 vars in 773 bytes} [Wed Apr 29 03:05:11 2026] GET /v2.0/security-groups?tenant_id=50c5befc6ed3425a96307732963ffc6a&name=default => generated 2925 bytes in 527 msecs (HTTP/1.1 200) 4 headers in 158 bytes (1 switches on core 0)
2026-04-29 03:05:12.527 8 WARNING neutron.scheduler.dhcp_agent_scheduler [None req-4f086164-12b5-42ea-97e4-cbac03cec3fd 68a48a5398d5413eae7a010b66577fcf 84525a6820334db0974f3b0b08f348d2 - - default default] No more DHCP agents
2026-04-29 03:05:12.528 8 WARNING neutron.api.rpc.agentnotifiers.dhcp_rpc_agent_api [None req-4f086164-12b5-42ea-97e4-cbac03cec3fd 68a48a5398d5413eae7a010b66577fcf 84525a6820334db0974f3b0b08f348d2 - - default default] Unable to schedule network 9993d9eb-445c-455a-9b36-d3f1adf7beed: no agents available; will retry on subsequent port and subnet creation events.
2026-04-29 03:05:12.611 8 INFO neutron.plugins.ml2.drivers.ovn.mech_driver.mech_driver [None req-07ab91f2-198b-4914-9e40-446a3d71f964 - - - - - -] OVN reports status down for port: 4db54064-ba6b-4e44-a17e-cfa447ea7688
2026-04-29 03:05:12.679 8 INFO neutron.db.ovn_revision_numbers_db [None req-4f086164-12b5-42ea-97e4-cbac03cec3fd 68a48a5398d5413eae7a010b66577fcf 84525a6820334db0974f3b0b08f348d2 - - default default] Successfully bumped revision number for resource 4db54064-ba6b-4e44-a17e-cfa447ea7688 (type: ports) to 1 [pid: 8|app: 0|req: 815/1757] 10.0.0.205 () {34 vars in 669 bytes} [Wed Apr 29 03:05:12 2026] POST /v2.0/networks => generated 631 bytes in 716 msecs (HTTP/1.1 201) 4 headers in 162 bytes (1 switches on core 0) [pid: 8|app: 0|req: 816/1758] 199.204.45.57 () {34 vars in 1078 bytes} [Wed Apr 29 03:05:12 2026] GET /v2.0/ports?tenant_id=d74a9f5238b74b8ab3394a2ed1c7e32c&device_id=a320cd05-adb6-4d1c-bae4-8236e78fb2c7 => generated 1207 bytes in 41 msecs (HTTP/1.1 200) 4 headers in 158 bytes (1 switches on core 0) [pid: 7|app: 0|req: 943/1759] 10.0.0.205 () {34 vars in 665 bytes} [Wed Apr 29 03:05:12 2026] POST /v2.0/trunks => generated 409 bytes in 327 msecs (HTTP/1.1 201) 4 headers in 162 bytes (1 switches on core 0)
2026-04-29 03:05:13.051 7 WARNING neutron.scheduler.dhcp_agent_scheduler [None req-863c2d66-201d-4dfe-a758-242d2841cd2d 68a48a5398d5413eae7a010b66577fcf 84525a6820334db0974f3b0b08f348d2 - - default default] No more DHCP agents
2026-04-29 03:05:13.053 7 WARNING neutron.api.rpc.agentnotifiers.dhcp_rpc_agent_api [None req-863c2d66-201d-4dfe-a758-242d2841cd2d 68a48a5398d5413eae7a010b66577fcf 84525a6820334db0974f3b0b08f348d2 - - default default] Unable to schedule network 9993d9eb-445c-455a-9b36-d3f1adf7beed: no agents available; will retry on subsequent port and subnet creation events. [pid: 8|app: 0|req: 817/1760] 10.0.0.205 () {32 vars in 739 bytes} [Wed Apr 29 03:05:12 2026] DELETE /v2.0/security-groups/c4197df0-b452-4758-b170-01e4ce4100e7 => generated 0 bytes in 274 msecs (HTTP/1.1 204) 2 headers in 112 bytes (1 switches on core 0) [pid: 8|app: 0|req: 818/1761] 199.204.45.57 () {34 vars in 1056 bytes} [Wed Apr 29 03:05:13 2026] GET /v2.0/floatingips?fixed_ip_address=10.100.0.4&port_id=305ac278-bbe3-4f8f-b3a4-4ad968521a59 => generated 19 bytes in 22 msecs (HTTP/1.1 200) 4 headers in 156 bytes (1 switches on core 0)
2026-04-29 03:05:13.159 8 INFO neutron.db.segments_db [None req-57e0b4c8-20b7-4a70-8e68-06a36a9d4759 3d428f5ec6a448e98091e214ed34882c f372a8f0d77d49859a53d55609956296 - - default default] Added segment 399b606d-9e3d-43d5-94f7-d775ed8f3e9c of type geneve for network 188e7421-358e-4ec2-b394-5a9f44f100fc
2026-04-29 03:05:13.281 8 INFO neutron.db.ovn_revision_numbers_db [None req-57e0b4c8-20b7-4a70-8e68-06a36a9d4759 3d428f5ec6a448e98091e214ed34882c f372a8f0d77d49859a53d55609956296 - - default default] Successfully bumped revision number for resource 188e7421-358e-4ec2-b394-5a9f44f100fc (type: networks) to 1
2026-04-29 03:05:13.440 8 WARNING neutron.scheduler.dhcp_agent_scheduler [None req-57e0b4c8-20b7-4a70-8e68-06a36a9d4759 3d428f5ec6a448e98091e214ed34882c f372a8f0d77d49859a53d55609956296 - - default default] No more DHCP agents
2026-04-29 03:05:13.444 8 WARNING neutron.api.rpc.agentnotifiers.dhcp_rpc_agent_api [None req-57e0b4c8-20b7-4a70-8e68-06a36a9d4759 3d428f5ec6a448e98091e214ed34882c f372a8f0d77d49859a53d55609956296 - - default default] Unable to schedule network 188e7421-358e-4ec2-b394-5a9f44f100fc: no agents available; will retry on subsequent port and subnet creation events.
2026-04-29 03:05:13.548 8 INFO neutron.plugins.ml2.drivers.ovn.mech_driver.mech_driver [None req-07ab91f2-198b-4914-9e40-446a3d71f964 - - - - - -] OVN reports status down for port: 61b1c655-9b67-4347-84d5-abeaa3879fcd
2026-04-29 03:05:13.583 7 INFO neutron.db.ovn_revision_numbers_db [None req-d58f95ea-8d0b-4e17-81a8-de00ea725dda - - - - - -] Successfully bumped revision number for resource 4db54064-ba6b-4e44-a17e-cfa447ea7688 (type: ports) to 2
2026-04-29 03:05:13.606 8 INFO neutron.db.ovn_revision_numbers_db [None req-57e0b4c8-20b7-4a70-8e68-06a36a9d4759 3d428f5ec6a448e98091e214ed34882c f372a8f0d77d49859a53d55609956296 - - default default] Successfully bumped revision number for resource 61b1c655-9b67-4347-84d5-abeaa3879fcd (type: ports) to 1
2026-04-29 03:05:13.619 7 INFO neutron.db.ovn_revision_numbers_db [None req-d58f95ea-8d0b-4e17-81a8-de00ea725dda - - - - - -] Successfully bumped revision number for resource 51677d70-b484-487c-be0f-58ed108d1704 (type: subnets) to 0 [pid: 7|app: 0|req: 944/1762] 10.0.0.205 () {34 vars in 668 bytes} [Wed Apr 29 03:05:12 2026] POST /v2.0/subnets => generated 626 bytes in 804 msecs (HTTP/1.1 201) 4 headers in 162 bytes (1 switches on core 0) [pid: 8|app: 0|req: 819/1763] 10.0.0.205 () {34 vars in 669 bytes} [Wed Apr 29 03:05:13 2026] POST /v2.0/networks => generated 632 bytes in 564 msecs (HTTP/1.1 201) 4 headers in 162 bytes (1 switches on core 0) [pid: 7|app: 0|req: 945/1764] 199.204.45.57 () {34 vars in 982 bytes} [Wed Apr 29 03:05:13 2026] GET /v2.0/subnets?id=fec7f22f-5852-42b7-944e-d6b21b59fd4c => generated 678 bytes in 43 msecs (HTTP/1.1 200) 4 headers in 157 bytes (1 switches on core 0) [pid: 8|app: 0|req: 820/1765] 10.0.0.53 () {34 vars in 988 bytes} [Wed Apr 29 03:05:13 2026] GET /v2.0/ports?device_id=a320cd05-adb6-4d1c-bae4-8236e78fb2c7 => generated 969 bytes in 38 msecs (HTTP/1.1 200) 4 headers in 157 bytes (1 switches on core 0)
2026-04-29 03:05:13.885 8 WARNING neutron.scheduler.dhcp_agent_scheduler [None req-177edbfc-3d1c-4690-9a39-94350ebe1a94 3d428f5ec6a448e98091e214ed34882c f372a8f0d77d49859a53d55609956296 - - default default] No more DHCP agents
2026-04-29 03:05:13.887 8 WARNING neutron.api.rpc.agentnotifiers.dhcp_rpc_agent_api [None req-177edbfc-3d1c-4690-9a39-94350ebe1a94 3d428f5ec6a448e98091e214ed34882c f372a8f0d77d49859a53d55609956296 - - default default] Unable to schedule network 188e7421-358e-4ec2-b394-5a9f44f100fc: no agents available; will retry on subsequent port and subnet creation events.
2026-04-29 03:05:13.953 7 WARNING neutron.scheduler.dhcp_agent_scheduler [None req-da25fabf-6990-44c9-ba27-4b4cbaea8ac2 68a48a5398d5413eae7a010b66577fcf 84525a6820334db0974f3b0b08f348d2 - - default default] No more DHCP agents
2026-04-29 03:05:13.955 8 INFO neutron.plugins.ml2.drivers.ovn.mech_driver.mech_driver [None req-07ab91f2-198b-4914-9e40-446a3d71f964 - - - - - -] OVN reports status down for port: 19bc0d43-5fa8-4017-b7e1-4e14bb0eef6e
2026-04-29 03:05:13.955 7 WARNING neutron.api.rpc.agentnotifiers.dhcp_rpc_agent_api [None req-da25fabf-6990-44c9-ba27-4b4cbaea8ac2 68a48a5398d5413eae7a010b66577fcf 84525a6820334db0974f3b0b08f348d2 - - default default] Unable to schedule network 9993d9eb-445c-455a-9b36-d3f1adf7beed: no agents available; will retry on subsequent port and subnet creation events.
2026-04-29 03:05:14.022 8 INFO neutron.db.ovn_revision_numbers_db [None req-177edbfc-3d1c-4690-9a39-94350ebe1a94 3d428f5ec6a448e98091e214ed34882c f372a8f0d77d49859a53d55609956296 - - default default] Successfully bumped revision number for resource 19bc0d43-5fa8-4017-b7e1-4e14bb0eef6e (type: ports) to 1 [pid: 8|app: 0|req: 821/1766] 10.0.0.205 () {34 vars in 663 bytes} [Wed Apr 29 03:05:13 2026] POST /v2.0/ports => generated 743 bytes in 455 msecs (HTTP/1.1 201) 4 headers in 162 bytes (1 switches on core 0) /var/lib/openstack/lib/python3.12/site-packages/pycadf/identifier.py:70: UserWarning: Invalid uuid: neutron. To ensure interoperability, identifiers should be a valid uuid. warnings.warn(('Invalid uuid: %s. To ensure interoperability, ' [pid: 8|app: 0|req: 822/1767] 199.204.45.57 () {34 vars in 1050 bytes} [Wed Apr 29 03:05:14 2026] GET /v2.0/ports?network_id=00dca4df-16da-4c63-aba7-d7a89c03d240&device_owner=network%3Adhcp => generated 12 bytes in 25 msecs (HTTP/1.1 200) 4 headers in 156 bytes (1 switches on core 0)
2026-04-29 03:05:14.170 7 INFO neutron.db.ovn_revision_numbers_db [None req-da25fabf-6990-44c9-ba27-4b4cbaea8ac2 68a48a5398d5413eae7a010b66577fcf 84525a6820334db0974f3b0b08f348d2 - - default default] Successfully bumped revision number for resource 56b051d9-e1cb-4f3f-bfd5-68518c600635 (type: ports) to 1 [pid: 7|app: 0|req: 946/1768] 10.0.0.205 () {34 vars in 664 bytes} [Wed Apr 29 03:05:13 2026] POST /v2.0/ports => generated 915 bytes in 522 msecs (HTTP/1.1 201) 4 headers in 162 bytes (1 switches on core 0) [pid: 8|app: 0|req: 823/1769] 10.0.0.53 () {34 vars in 1038 bytes} [Wed Apr 29 03:05:14 2026] GET /v2.0/security-groups?id=6e9ca4f8-9e11-4c7c-8abf-04fb1e6d9711&fields=id&fields=name => generated 113 bytes in 40 msecs (HTTP/1.1 200) 4 headers in 157 bytes (1 switches on core 0)
2026-04-29 03:05:14.217 8 INFO neutron.plugins.ml2.drivers.ovn.mech_driver.mech_driver [None req-07ab91f2-198b-4914-9e40-446a3d71f964 - - - - - -] OVN reports status down for port: 56b051d9-e1cb-4f3f-bfd5-68518c600635 [pid: 8|app: 0|req: 824/1770] 199.204.45.57 () {34 vars in 1010 bytes} [Wed Apr 29 03:05:14 2026] GET /v2.0/networks/00dca4df-16da-4c63-aba7-d7a89c03d240?fields=segments => generated 14 bytes in 59 msecs (HTTP/1.1 200) 4 headers in 156 bytes (1 switches on core 0) [pid: 7|app: 0|req: 947/1771] 10.0.0.205 () {34 vars in 665 bytes} [Wed Apr 29 03:05:14 2026] POST /v2.0/trunks => generated 409 bytes in 206 msecs (HTTP/1.1 201) 4 headers in 162 bytes (1 switches on core 0) [pid: 7|app: 0|req: 948/1772] 199.204.45.57 () {34 vars in 1110 bytes} [Wed Apr 29 03:05:14 2026] GET /v2.0/networks/00dca4df-16da-4c63-aba7-d7a89c03d240?fields=provider%3Aphysical_network&fields=provider%3Anetwork_type => generated 79 bytes in 40 msecs (HTTP/1.1 200) 4 headers in 156 bytes (1 switches on core 0)
2026-04-29 03:05:14.471 8 INFO neutron_taas.services.taas.taas_plugin [None req-ccf277a4-6ae4-4683-ac93-3070b9505a0c 68a48a5398d5413eae7a010b66577fcf 84525a6820334db0974f3b0b08f348d2 - - default default] TaaS: Handle Delete Port: 56b051d9-e1cb-4f3f-bfd5-68518c600635
2026-04-29 03:05:14.474 8 INFO neutron_taas.services.taas.tap_mirror_plugin [None req-ccf277a4-6ae4-4683-ac93-3070b9505a0c 68a48a5398d5413eae7a010b66577fcf 84525a6820334db0974f3b0b08f348d2 - - default default] Tap Mirror: Handle Delete Port: 56b051d9-e1cb-4f3f-bfd5-68518c600635
2026-04-29 03:05:14.531 7 INFO neutron.db.segments_db [None req-a468625c-1da7-4069-b8a6-805669de6893 3d428f5ec6a448e98091e214ed34882c f372a8f0d77d49859a53d55609956296 - - default default] Added segment 8901783d-6e30-48a1-8631-9bea091b2384 of type geneve for network ecc2b561-2f04-4bf1-9d8d-d59eda83a543
2026-04-29 03:05:14.690 7 INFO neutron.db.ovn_revision_numbers_db [None req-a468625c-1da7-4069-b8a6-805669de6893 3d428f5ec6a448e98091e214ed34882c f372a8f0d77d49859a53d55609956296 - - default default] Successfully bumped revision number for resource ecc2b561-2f04-4bf1-9d8d-d59eda83a543 (type: networks) to 1 [pid: 8|app: 0|req: 825/1773] 10.0.0.205 () {32 vars in 719 bytes} [Wed Apr 29 03:05:14 2026] DELETE /v2.0/ports/56b051d9-e1cb-4f3f-bfd5-68518c600635 => generated 0 bytes in 503 msecs (HTTP/1.1 204) 3 headers in 131 bytes (1 switches on core 0)
2026-04-29 03:05:14.797 8 INFO neutron.pecan_wsgi.hooks.translation [None req-6d8522df-7719-4ed5-b466-b179e29285f5 68a48a5398d5413eae7a010b66577fcf 84525a6820334db0974f3b0b08f348d2 - - default default] GET failed (client error): The resource could not be found. [pid: 8|app: 0|req: 826/1774] 10.0.0.205 () {32 vars in 716 bytes} [Wed Apr 29 03:05:14 2026] GET /v2.0/ports/56b051d9-e1cb-4f3f-bfd5-68518c600635 => generated 132 bytes in 26 msecs (HTTP/1.1 404) 4 headers in 164 bytes (1 switches on core 0)
2026-04-29 03:05:14.918 7 WARNING neutron.scheduler.dhcp_agent_scheduler [None req-a468625c-1da7-4069-b8a6-805669de6893 3d428f5ec6a448e98091e214ed34882c f372a8f0d77d49859a53d55609956296 - - default default] No more DHCP agents
2026-04-29 03:05:14.920 7 WARNING neutron.api.rpc.agentnotifiers.dhcp_rpc_agent_api [None req-a468625c-1da7-4069-b8a6-805669de6893 3d428f5ec6a448e98091e214ed34882c f372a8f0d77d49859a53d55609956296 - - default default] Unable to schedule network ecc2b561-2f04-4bf1-9d8d-d59eda83a543: no agents available; will retry on subsequent port and subnet creation events. [pid: 8|app: 0|req: 827/1775] 10.0.0.205 () {32 vars in 723 bytes} [Wed Apr 29 03:05:14 2026] DELETE /v2.0/subnets/51677d70-b484-487c-be0f-58ed108d1704 => generated 0 bytes in 181 msecs (HTTP/1.1 204) 3 headers in 131 bytes (1 switches on core 0)
2026-04-29 03:05:15.032 8 INFO neutron.plugins.ml2.drivers.ovn.mech_driver.mech_driver [None req-07ab91f2-198b-4914-9e40-446a3d71f964 - - - - - -] OVN reports status down for port: 54f043ed-9484-4b0c-891c-226fabee60f6
2026-04-29 03:05:15.069 7 INFO neutron.db.ovn_revision_numbers_db [None req-a468625c-1da7-4069-b8a6-805669de6893 3d428f5ec6a448e98091e214ed34882c f372a8f0d77d49859a53d55609956296 - - default default] Successfully bumped revision number for resource 54f043ed-9484-4b0c-891c-226fabee60f6 (type: ports) to 1 [pid: 7|app: 0|req: 949/1776] 10.0.0.205 () {34 vars in 669 bytes} [Wed Apr 29 03:05:14 2026] POST /v2.0/networks => generated 632 bytes in 650 msecs (HTTP/1.1 201) 4 headers in 162 bytes (1 switches on core 0)
2026-04-29 03:05:15.184 8 INFO neutron_taas.services.taas.taas_plugin [None req-8b22fb2d-abdd-4d8b-a09f-9ac00365d1cc 68a48a5398d5413eae7a010b66577fcf 84525a6820334db0974f3b0b08f348d2 - - default default] TaaS: Handle Delete Port: 4db54064-ba6b-4e44-a17e-cfa447ea7688
2026-04-29 03:05:15.187 8 INFO neutron_taas.services.taas.tap_mirror_plugin [None req-8b22fb2d-abdd-4d8b-a09f-9ac00365d1cc 68a48a5398d5413eae7a010b66577fcf 84525a6820334db0974f3b0b08f348d2 - - default default] Tap Mirror: Handle Delete Port: 4db54064-ba6b-4e44-a17e-cfa447ea7688
2026-04-29 03:05:15.388 8 INFO neutron.services.segments.plugin [-] Segment 77067abe-a1af-44f6-babf-d4b9ca5bbf9f resource provider aggregate not found
2026-04-29 03:05:15.392 8 INFO neutron.services.segments.plugin [-] Segment 77067abe-a1af-44f6-babf-d4b9ca5bbf9f resource provider aggregate not found
2026-04-29 03:05:15.399 7 WARNING neutron.scheduler.dhcp_agent_scheduler [None req-68194214-f871-4a2e-8df4-06d535bd0578 3d428f5ec6a448e98091e214ed34882c f372a8f0d77d49859a53d55609956296 - - default default] No more DHCP agents
2026-04-29 03:05:15.400 7 WARNING neutron.api.rpc.agentnotifiers.dhcp_rpc_agent_api [None req-68194214-f871-4a2e-8df4-06d535bd0578 3d428f5ec6a448e98091e214ed34882c f372a8f0d77d49859a53d55609956296 - - default default] Unable to schedule network ecc2b561-2f04-4bf1-9d8d-d59eda83a543: no agents available; will retry on subsequent port and subnet creation events.
2026-04-29 03:05:15.407 8 INFO neutron.services.segments.plugin [-] Segment 77067abe-a1af-44f6-babf-d4b9ca5bbf9f resource provider not found; error: Placement Client Error (4xx): {"errors": [{"status": 404, "title": "Not Found", "detail": "The resource could not be found.\n\n No resource provider with uuid 77067abe-a1af-44f6-babf-d4b9ca5bbf9f found for delete ", "request_id": "req-f89bfd0c-e595-4604-bacf-0c65d9a50dd6"}]}
2026-04-29 03:05:15.411 8 INFO neutron.services.segments.plugin [-] Segment 77067abe-a1af-44f6-babf-d4b9ca5bbf9f resource provider not found; error: Placement Client Error (4xx): {"errors": [{"status": 404, "title": "Not Found", "detail": "The resource could not be found.\n\n No resource provider with uuid 77067abe-a1af-44f6-babf-d4b9ca5bbf9f found for delete ", "request_id": "req-ec5608ae-f17d-4672-b4ac-8b9499bd1ea5"}]} [pid: 8|app: 0|req: 828/1777] 10.0.0.205 () {32 vars in 725 bytes} [Wed Apr 29 03:05:14 2026] DELETE /v2.0/networks/9993d9eb-445c-455a-9b36-d3f1adf7beed => generated 0 bytes in 474 msecs (HTTP/1.1 204) 3 headers in 131 bytes (1 switches on core 0)
2026-04-29 03:05:15.545 8 INFO neutron.plugins.ml2.drivers.ovn.mech_driver.mech_driver [None req-07ab91f2-198b-4914-9e40-446a3d71f964 - - - - - -] OVN reports status down for port: 187688d1-deab-400b-bfaf-8008ea34bc49
2026-04-29 03:05:15.555 7 INFO neutron.db.ovn_revision_numbers_db [None req-68194214-f871-4a2e-8df4-06d535bd0578 3d428f5ec6a448e98091e214ed34882c f372a8f0d77d49859a53d55609956296 - - default default] Successfully bumped revision number for resource 187688d1-deab-400b-bfaf-8008ea34bc49 (type: ports) to 1 [pid: 7|app: 0|req: 950/1778] 10.0.0.205 () {34 vars in 663 bytes} [Wed Apr 29 03:05:15 2026] POST /v2.0/ports => generated 743 bytes in 524 msecs (HTTP/1.1 201) 4 headers in 162 bytes (1 switches on core 0) [pid: 8|app: 0|req: 829/1779] 10.0.0.53 () {34 vars in 988 bytes} [Wed Apr 29 03:05:15 2026] GET /v2.0/ports?device_id=a320cd05-adb6-4d1c-bae4-8236e78fb2c7 => generated 969 bytes in 167 msecs (HTTP/1.1 200) 4 headers in 157 bytes (1 switches on core 0) /var/lib/openstack/lib/python3.12/site-packages/pycadf/identifier.py:70: UserWarning: Invalid uuid: neutron. To ensure interoperability, identifiers should be a valid uuid. warnings.warn(('Invalid uuid: %s. To ensure interoperability, '
2026-04-29 03:05:15.923 8 WARNING neutron.scheduler.dhcp_agent_scheduler [None req-4b6a6e30-4f18-4f0f-ac7e-30c6ea7b9fb4 68a48a5398d5413eae7a010b66577fcf 84525a6820334db0974f3b0b08f348d2 - - default default] No more DHCP agents
2026-04-29 03:05:15.925 8 WARNING neutron.api.rpc.agentnotifiers.dhcp_rpc_agent_api [None req-4b6a6e30-4f18-4f0f-ac7e-30c6ea7b9fb4 68a48a5398d5413eae7a010b66577fcf 84525a6820334db0974f3b0b08f348d2 - - default default] Unable to schedule network 61744189-c650-455b-b395-7b4f27c2b581: no agents available; will retry on subsequent port and subnet creation events.
2026-04-29 03:05:16.043 7 INFO neutron.db.ovn_revision_numbers_db [None req-b0975d14-520d-4d91-a807-e08f097f8050 cb4b23c7b7c44ed0b8825fb5613f4072 000da5a1f8dd4604b32bd0711f36bed3 - - default default] Successfully bumped revision number for resource e69c7bdb-5d51-4794-92d1-6af7a7ad6754 (type: security_groups) to 1
2026-04-29 03:05:16.049 8 INFO neutron.plugins.ml2.drivers.ovn.mech_driver.mech_driver [None req-07ab91f2-198b-4914-9e40-446a3d71f964 - - - - - -] OVN reports status down for port: 83d4f77a-a66c-40fc-bd7d-362f33034431
2026-04-29 03:05:16.070 7 INFO neutron.db.ovn_revision_numbers_db [None req-b0975d14-520d-4d91-a807-e08f097f8050 cb4b23c7b7c44ed0b8825fb5613f4072 000da5a1f8dd4604b32bd0711f36bed3 - - default default] Successfully bumped revision number for resource 459de0b3-a90c-4c66-9550-0800f95e4e6b (type: security_group_rules) to 0
