2026-04-29 03:03:06.439 8 WARNING neutron.scheduler.dhcp_agent_scheduler [None req-d4c3d62d-cb4a-4721-b98f-a190a8780172 58edd545da654734b0d715898090bcd3 29ef56f022f34deba83ca66540d7e85c - - default default] No more DHCP agents
2026-04-29 03:03:06.441 8 WARNING neutron.api.rpc.agentnotifiers.dhcp_rpc_agent_api [None req-d4c3d62d-cb4a-4721-b98f-a190a8780172 58edd545da654734b0d715898090bcd3 29ef56f022f34deba83ca66540d7e85c - - default default] Unable to schedule network 9a280a73-dd54-4373-8eb5-2433c369a28e: no agents available; will retry on subsequent port and subnet creation events.
2026-04-29 03:03:06.508 8 INFO neutron.plugins.ml2.drivers.ovn.mech_driver.mech_driver [None req-ba932409-2802-4975-8301-8cbb26d38889 - - - - - -] OVN reports status down for port: 4ffbe53f-f71d-4a95-be16-a95c36d87db1
2026-04-29 03:03:06.564 8 INFO neutron.db.ovn_revision_numbers_db [None req-d4c3d62d-cb4a-4721-b98f-a190a8780172 58edd545da654734b0d715898090bcd3 29ef56f022f34deba83ca66540d7e85c - - default default] Successfully bumped revision number for resource 4ffbe53f-f71d-4a95-be16-a95c36d87db1 (type: ports) to 1
2026-04-29 03:03:06.579 7 INFO neutron_taas.services.taas.taas_plugin [None req-8b5a1544-4d8e-407e-a353-a46334b2ee6b cb4b23c7b7c44ed0b8825fb5613f4072 000da5a1f8dd4604b32bd0711f36bed3 - - default default] TaaS: Handle Delete Port: fdc77a28-d046-4b03-8c32-ce57353025ce
2026-04-29 03:03:06.582 7 INFO neutron_taas.services.taas.tap_mirror_plugin [None req-8b5a1544-4d8e-407e-a353-a46334b2ee6b cb4b23c7b7c44ed0b8825fb5613f4072 000da5a1f8dd4604b32bd0711f36bed3 - - default default] Tap Mirror: Handle Delete Port: fdc77a28-d046-4b03-8c32-ce57353025ce [pid: 8|app: 0|req: 410/923] 10.0.0.205 () {34 vars in 669 bytes} [Wed Apr 29 03:03:06 2026] POST /v2.0/networks => generated 654 bytes in 549 msecs (HTTP/1.1 201) 4 headers in 162 bytes (1 switches on core 0)
2026-04-29 03:03:06.699 8 INFO neutron.db.segments_db [None req-7358789c-7aa5-44ac-b360-04e323595057 58edd545da654734b0d715898090bcd3 29ef56f022f34deba83ca66540d7e85c - - default default] Added segment 8bc11f2f-f827-4455-bf88-13c789013f7c of type geneve for network c2afb93d-0596-4814-8d51-f0e2b6b4d8ec
2026-04-29 03:03:06.874 8 INFO neutron.db.ovn_revision_numbers_db [None req-7358789c-7aa5-44ac-b360-04e323595057 58edd545da654734b0d715898090bcd3 29ef56f022f34deba83ca66540d7e85c - - default default] Successfully bumped revision number for resource c2afb93d-0596-4814-8d51-f0e2b6b4d8ec (type: networks) to 1
2026-04-29 03:03:07.034 8 WARNING neutron.scheduler.dhcp_agent_scheduler [None req-7358789c-7aa5-44ac-b360-04e323595057 58edd545da654734b0d715898090bcd3 29ef56f022f34deba83ca66540d7e85c - - default default] No more DHCP agents
2026-04-29 03:03:07.036 8 WARNING neutron.api.rpc.agentnotifiers.dhcp_rpc_agent_api [None req-7358789c-7aa5-44ac-b360-04e323595057 58edd545da654734b0d715898090bcd3 29ef56f022f34deba83ca66540d7e85c - - default default] Unable to schedule network c2afb93d-0596-4814-8d51-f0e2b6b4d8ec: no agents available; will retry on subsequent port and subnet creation events.
2026-04-29 03:03:07.128 8 INFO neutron.plugins.ml2.drivers.ovn.mech_driver.mech_driver [None req-ba932409-2802-4975-8301-8cbb26d38889 - - - - - -] OVN reports status down for port: 992f4bed-d43f-4f7c-aa94-3a32016f4ddd [pid: 7|app: 0|req: 514/924] 10.0.0.205 () {32 vars in 723 bytes} [Wed Apr 29 03:03:05 2026] DELETE /v2.0/routers/17fdd0df-7a0d-4c29-b4a9-3bf322538d36 => generated 0 bytes in 1313 msecs (HTTP/1.1 204) 2 headers in 112 bytes (1 switches on core 0)
2026-04-29 03:03:07.194 8 INFO neutron.db.ovn_revision_numbers_db [None req-7358789c-7aa5-44ac-b360-04e323595057 58edd545da654734b0d715898090bcd3 29ef56f022f34deba83ca66540d7e85c - - default default] Successfully bumped revision number for resource 992f4bed-d43f-4f7c-aa94-3a32016f4ddd (type: ports) to 1 [pid: 8|app: 0|req: 411/925] 10.0.0.205 () {34 vars in 669 bytes} [Wed Apr 29 03:03:06 2026] POST /v2.0/networks => generated 653 bytes in 621 msecs (HTTP/1.1 201) 4 headers in 162 bytes (1 switches on core 0) [pid: 7|app: 0|req: 515/926] 10.0.0.205 () {32 vars in 723 bytes} [Wed Apr 29 03:03:07 2026] DELETE /v2.0/subnets/55c30f65-28e5-4c8f-baff-d5f934b360ae => generated 0 bytes in 136 msecs (HTTP/1.1 204) 3 headers in 131 bytes (1 switches on core 0)
2026-04-29 03:03:07.407 7 INFO neutron_taas.services.taas.taas_plugin [None req-e6de21b8-8f03-4990-bb9d-1a8858d2555a cb4b23c7b7c44ed0b8825fb5613f4072 000da5a1f8dd4604b32bd0711f36bed3 - - default default] TaaS: Handle Delete Port: cb8a0779-b85a-4160-a8bd-dee51a175837
2026-04-29 03:03:07.410 7 INFO neutron_taas.services.taas.tap_mirror_plugin [None req-e6de21b8-8f03-4990-bb9d-1a8858d2555a cb4b23c7b7c44ed0b8825fb5613f4072 000da5a1f8dd4604b32bd0711f36bed3 - - default default] Tap Mirror: Handle Delete Port: cb8a0779-b85a-4160-a8bd-dee51a175837
2026-04-29 03:03:07.597 7 INFO neutron.services.segments.plugin [-] Segment 249d86b9-4ec9-4b43-b96f-cddb1c8609a0 resource provider aggregate not found
2026-04-29 03:03:07.601 7 INFO neutron.services.segments.plugin [-] Segment 249d86b9-4ec9-4b43-b96f-cddb1c8609a0 resource provider aggregate not found
2026-04-29 03:03:07.646 7 INFO neutron.services.segments.plugin [-] Segment 249d86b9-4ec9-4b43-b96f-cddb1c8609a0 resource provider not found; error: Placement Client Error (4xx): {"errors": [{"status": 404, "title": "Not Found", "detail": "The resource could not be found.\n\n No resource provider with uuid 249d86b9-4ec9-4b43-b96f-cddb1c8609a0 found for delete ", "request_id": "req-28d7e523-e1d5-4a53-affc-47474ec5bc0c"}]}
2026-04-29 03:03:07.647 7 INFO neutron.services.segments.plugin [-] Segment 249d86b9-4ec9-4b43-b96f-cddb1c8609a0 resource provider not found; error: Placement Client Error (4xx): {"errors": [{"status": 404, "title": "Not Found", "detail": "The resource could not be found.\n\n No resource provider with uuid 249d86b9-4ec9-4b43-b96f-cddb1c8609a0 found for delete ", "request_id": "req-718e38f0-cb9b-41e6-b462-46ff937db35b"}]}
2026-04-29 03:03:07.652 8 INFO neutron.services.segments.plugin [-] Segment 2584c661-0d7d-491b-a076-242b17f3857a resource provider aggregate not found
2026-04-29 03:03:07.652 8 INFO neutron.services.segments.plugin [-] Segment 2584c661-0d7d-491b-a076-242b17f3857a resource provider aggregate not found
2026-04-29 03:03:07.681 8 INFO neutron.services.segments.plugin [-] Segment 2584c661-0d7d-491b-a076-242b17f3857a resource provider not found; error: Placement Client Error (4xx): {"errors": [{"status": 404, "title": "Not Found", "detail": "The resource could not be found.\n\n No resource provider with uuid 2584c661-0d7d-491b-a076-242b17f3857a found for delete ", "request_id": "req-e92917d6-c7d8-4b7a-9334-05ce0fc4718a"}]}
2026-04-29 03:03:07.683 8 INFO neutron.services.segments.plugin [-] Segment 2584c661-0d7d-491b-a076-242b17f3857a resource provider not found; error: Placement Client Error (4xx): {"errors": [{"status": 404, "title": "Not Found", "detail": "The resource could not be found.\n\n No resource provider with uuid 2584c661-0d7d-491b-a076-242b17f3857a found for delete ", "request_id": "req-209f1456-1efe-4675-9235-18bb0b8c83c2"}]} [pid: 7|app: 0|req: 516/927] 10.0.0.205 () {32 vars in 725 bytes} [Wed Apr 29 03:03:07 2026] DELETE /v2.0/networks/5f9d4ba1-f22f-4138-818b-88da37b5f811 => generated 0 bytes in 398 msecs (HTTP/1.1 204) 3 headers in 131 bytes (1 switches on core 0)
2026-04-29 03:03:07.715 8 WARNING neutron.scheduler.dhcp_agent_scheduler [None req-37aa645a-35f2-4cb3-b3f8-3580c3351c5a 58edd545da654734b0d715898090bcd3 29ef56f022f34deba83ca66540d7e85c - - default default] No more DHCP agents
2026-04-29 03:03:07.716 8 WARNING neutron.api.rpc.agentnotifiers.dhcp_rpc_agent_api [None req-37aa645a-35f2-4cb3-b3f8-3580c3351c5a 58edd545da654734b0d715898090bcd3 29ef56f022f34deba83ca66540d7e85c - - default default] Unable to schedule network 9a280a73-dd54-4373-8eb5-2433c369a28e: no agents available; will retry on subsequent port and subnet creation events.
2026-04-29 03:03:07.823 8 INFO neutron.plugins.ml2.drivers.ovn.mech_driver.mech_driver [None req-ba932409-2802-4975-8301-8cbb26d38889 - - - - - -] OVN reports status down for port: c39f452f-6069-40c0-9bc4-1dc35d6bf2ab
2026-04-29 03:03:07.909 8 INFO neutron.db.ovn_revision_numbers_db [None req-37aa645a-35f2-4cb3-b3f8-3580c3351c5a 58edd545da654734b0d715898090bcd3 29ef56f022f34deba83ca66540d7e85c - - default default] Successfully bumped revision number for resource c39f452f-6069-40c0-9bc4-1dc35d6bf2ab (type: ports) to 1 [pid: 7|app: 0|req: 517/928] 10.0.0.205 () {32 vars in 773 bytes} [Wed Apr 29 03:03:07 2026] GET /v2.0/security-groups?tenant_id=73fb0a640a534e3a921d5135f686cbbf&name=default => generated 2921 bytes in 38 msecs (HTTP/1.1 200) 4 headers in 158 bytes (1 switches on core 0)
2026-04-29 03:03:07.972 8 WARNING neutron.scheduler.dhcp_agent_scheduler [None req-37aa645a-35f2-4cb3-b3f8-3580c3351c5a 58edd545da654734b0d715898090bcd3 29ef56f022f34deba83ca66540d7e85c - - default default] No more DHCP agents
2026-04-29 03:03:07.973 8 WARNING neutron.api.rpc.agentnotifiers.dhcp_rpc_agent_api [None req-37aa645a-35f2-4cb3-b3f8-3580c3351c5a 58edd545da654734b0d715898090bcd3 29ef56f022f34deba83ca66540d7e85c - - default default] Unable to schedule network c2afb93d-0596-4814-8d51-f0e2b6b4d8ec: no agents available; will retry on subsequent port and subnet creation events.
2026-04-29 03:03:08.044 8 INFO neutron.plugins.ml2.drivers.ovn.mech_driver.mech_driver [None req-ba932409-2802-4975-8301-8cbb26d38889 - - - - - -] OVN reports status down for port: c7c8820d-b79b-49a1-806e-5f27437a5a77
2026-04-29 03:03:08.144 8 INFO neutron.db.ovn_revision_numbers_db [None req-37aa645a-35f2-4cb3-b3f8-3580c3351c5a 58edd545da654734b0d715898090bcd3 29ef56f022f34deba83ca66540d7e85c - - default default] Successfully bumped revision number for resource c7c8820d-b79b-49a1-806e-5f27437a5a77 (type: ports) to 1 [pid: 7|app: 0|req: 518/929] 10.0.0.205 () {32 vars in 739 bytes} [Wed Apr 29 03:03:07 2026] DELETE /v2.0/security-groups/fefb512e-cc64-4206-91d8-d9c3ad3b96db => generated 0 bytes in 329 msecs (HTTP/1.1 204) 2 headers in 112 bytes (1 switches on core 0) [pid: 8|app: 0|req: 412/930] 10.0.0.205 () {34 vars in 664 bytes} [Wed Apr 29 03:03:07 2026] POST /v2.0/ports => generated 1506 bytes in 1053 msecs (HTTP/1.1 201) 4 headers in 163 bytes (1 switches on core 0) [pid: 7|app: 0|req: 519/931] 10.0.0.205 () {32 vars in 642 bytes} [Wed Apr 29 03:03:08 2026] GET /v2.0/ports => generated 3018 bytes in 125 msecs (HTTP/1.1 200) 4 headers in 158 bytes (1 switches on core 0)
2026-04-29 03:03:08.534 7 INFO neutron_taas.services.taas.taas_plugin [None req-93957b0d-77e5-4007-a3ae-bd1755676d33 58edd545da654734b0d715898090bcd3 29ef56f022f34deba83ca66540d7e85c - - default default] TaaS: Handle Delete Port: c39f452f-6069-40c0-9bc4-1dc35d6bf2ab
2026-04-29 03:03:08.537 7 INFO neutron_taas.services.taas.tap_mirror_plugin [None req-93957b0d-77e5-4007-a3ae-bd1755676d33 58edd545da654734b0d715898090bcd3 29ef56f022f34deba83ca66540d7e85c - - default default] Tap Mirror: Handle Delete Port: c39f452f-6069-40c0-9bc4-1dc35d6bf2ab /var/lib/openstack/lib/python3.12/site-packages/pycadf/identifier.py:70: UserWarning: Invalid uuid: neutron. To ensure interoperability, identifiers should be a valid uuid. warnings.warn(('Invalid uuid: %s. To ensure interoperability, ' [pid: 7|app: 0|req: 520/932] 10.0.0.205 () {32 vars in 719 bytes} [Wed Apr 29 03:03:08 2026] DELETE /v2.0/ports/c39f452f-6069-40c0-9bc4-1dc35d6bf2ab => generated 0 bytes in 256 msecs (HTTP/1.1 204) 3 headers in 131 bytes (1 switches on core 0)
2026-04-29 03:03:08.791 8 INFO neutron.db.ovn_revision_numbers_db [None req-98c424e2-25c7-4624-ab55-64b9909b17b5 cb4b23c7b7c44ed0b8825fb5613f4072 000da5a1f8dd4604b32bd0711f36bed3 - - default default] Successfully bumped revision number for resource 47f681df-8e52-4750-b503-8e10a2b2bc4c (type: security_groups) to 1
2026-04-29 03:03:08.806 8 INFO neutron.db.ovn_revision_numbers_db [None req-98c424e2-25c7-4624-ab55-64b9909b17b5 cb4b23c7b7c44ed0b8825fb5613f4072 000da5a1f8dd4604b32bd0711f36bed3 - - default default] Successfully bumped revision number for resource 01d4080e-ef83-4f05-9c93-94804f36d07f (type: security_group_rules) to 0
2026-04-29 03:03:08.827 8 INFO neutron.db.ovn_revision_numbers_db [None req-98c424e2-25c7-4624-ab55-64b9909b17b5 cb4b23c7b7c44ed0b8825fb5613f4072 000da5a1f8dd4604b32bd0711f36bed3 - - default default] Successfully bumped revision number for resource 5307f19e-7d79-4e91-b147-abb68054e70e (type: security_group_rules) to 0
2026-04-29 03:03:08.843 8 INFO neutron.db.ovn_revision_numbers_db [None req-98c424e2-25c7-4624-ab55-64b9909b17b5 cb4b23c7b7c44ed0b8825fb5613f4072 000da5a1f8dd4604b32bd0711f36bed3 - - default default] Successfully bumped revision number for resource 5fd7c9f2-aa6f-4b47-9f1b-4fbecdcec458 (type: security_group_rules) to 0
2026-04-29 03:03:08.851 7 INFO neutron_taas.services.taas.taas_plugin [None req-90f97251-5c25-4545-a6e5-43d810773f5b 58edd545da654734b0d715898090bcd3 29ef56f022f34deba83ca66540d7e85c - - default default] TaaS: Handle Delete Port: c7c8820d-b79b-49a1-806e-5f27437a5a77
2026-04-29 03:03:08.854 8 INFO neutron.db.ovn_revision_numbers_db [None req-98c424e2-25c7-4624-ab55-64b9909b17b5 cb4b23c7b7c44ed0b8825fb5613f4072 000da5a1f8dd4604b32bd0711f36bed3 - - default default] Successfully bumped revision number for resource e599bf8a-859e-4a90-a5a1-a541449ad50e (type: security_group_rules) to 0
2026-04-29 03:03:08.854 7 INFO neutron_taas.services.taas.tap_mirror_plugin [None req-90f97251-5c25-4545-a6e5-43d810773f5b 58edd545da654734b0d715898090bcd3 29ef56f022f34deba83ca66540d7e85c - - default default] Tap Mirror: Handle Delete Port: c7c8820d-b79b-49a1-806e-5f27437a5a77 [pid: 8|app: 0|req: 413/933] 10.0.0.205 () {32 vars in 773 bytes} [Wed Apr 29 03:03:08 2026] GET /v2.0/security-groups?tenant_id=0dd4e9da3b364fcca72ae09296eaa7e1&name=default => generated 2925 bytes in 520 msecs (HTTP/1.1 200) 4 headers in 158 bytes (1 switches on core 0) [pid: 7|app: 0|req: 521/934] 10.0.0.205 () {32 vars in 719 bytes} [Wed Apr 29 03:03:08 2026] DELETE /v2.0/ports/c7c8820d-b79b-49a1-806e-5f27437a5a77 => generated 0 bytes in 318 msecs (HTTP/1.1 204) 3 headers in 131 bytes (1 switches on core 0) [pid: 7|app: 0|req: 522/935] 10.0.0.205 () {32 vars in 642 bytes} [Wed Apr 29 03:03:09 2026] GET /v2.0/ports => generated 1523 bytes in 39 msecs (HTTP/1.1 200) 4 headers in 158 bytes (1 switches on core 0)
2026-04-29 03:03:09.147 7 INFO neutron.db.segments_db [None req-ca28503c-adb3-4fbd-a156-f80e4182e3dc 58edd545da654734b0d715898090bcd3 29ef56f022f34deba83ca66540d7e85c - - default default] Added segment 96d4b537-1e6a-4dc3-8b19-67ff7caaddd6 of type geneve for network 416a59a7-a5cb-4057-9e2b-d7d0a995a428 [pid: 8|app: 0|req: 414/936] 10.0.0.205 () {32 vars in 739 bytes} [Wed Apr 29 03:03:08 2026] DELETE /v2.0/security-groups/47f681df-8e52-4750-b503-8e10a2b2bc4c => generated 0 bytes in 313 msecs (HTTP/1.1 204) 2 headers in 112 bytes (1 switches on core 0)
2026-04-29 03:03:09.287 7 INFO neutron.db.ovn_revision_numbers_db [None req-ca28503c-adb3-4fbd-a156-f80e4182e3dc 58edd545da654734b0d715898090bcd3 29ef56f022f34deba83ca66540d7e85c - - default default] Successfully bumped revision number for resource 416a59a7-a5cb-4057-9e2b-d7d0a995a428 (type: networks) to 1
2026-04-29 03:03:09.469 8 INFO neutron.db.ovn_revision_numbers_db [None req-d80b6d32-b486-4c55-9edf-ab825b22cc1f cb4b23c7b7c44ed0b8825fb5613f4072 000da5a1f8dd4604b32bd0711f36bed3 - - default default] Successfully bumped revision number for resource 8c220831-57c9-41d2-961c-549255ab1b34 (type: security_groups) to 1
2026-04-29 03:03:09.481 8 INFO neutron.db.ovn_revision_numbers_db [None req-d80b6d32-b486-4c55-9edf-ab825b22cc1f cb4b23c7b7c44ed0b8825fb5613f4072 000da5a1f8dd4604b32bd0711f36bed3 - - default default] Successfully bumped revision number for resource 312a0a02-c597-4d10-a420-8d99cd1c5d0e (type: security_group_rules) to 0
2026-04-29 03:03:09.492 8 INFO neutron.db.ovn_revision_numbers_db [None req-d80b6d32-b486-4c55-9edf-ab825b22cc1f cb4b23c7b7c44ed0b8825fb5613f4072 000da5a1f8dd4604b32bd0711f36bed3 - - default default] Successfully bumped revision number for resource 6ea3c7d4-42ba-4c71-a34e-ce53b71be95c (type: security_group_rules) to 0
2026-04-29 03:03:09.504 8 INFO neutron.db.ovn_revision_numbers_db [None req-d80b6d32-b486-4c55-9edf-ab825b22cc1f cb4b23c7b7c44ed0b8825fb5613f4072 000da5a1f8dd4604b32bd0711f36bed3 - - default default] Successfully bumped revision number for resource 7de2ddc0-425a-493d-b27a-8c7f4eb3a82e (type: security_group_rules) to 0
2026-04-29 03:03:09.515 8 INFO neutron.db.ovn_revision_numbers_db [None req-d80b6d32-b486-4c55-9edf-ab825b22cc1f cb4b23c7b7c44ed0b8825fb5613f4072 000da5a1f8dd4604b32bd0711f36bed3 - - default default] Successfully bumped revision number for resource b4687e40-4e12-4a14-8e4d-5368462aba00 (type: security_group_rules) to 0 [pid: 8|app: 0|req: 415/937] 10.0.0.205 () {32 vars in 773 bytes} [Wed Apr 29 03:03:09 2026] GET /v2.0/security-groups?tenant_id=f97719e17aa148be905b409d6851a972&name=default => generated 2925 bytes in 249 msecs (HTTP/1.1 200) 4 headers in 158 bytes (1 switches on core 0)
2026-04-29 03:03:09.557 7 WARNING neutron.scheduler.dhcp_agent_scheduler [None req-ca28503c-adb3-4fbd-a156-f80e4182e3dc 58edd545da654734b0d715898090bcd3 29ef56f022f34deba83ca66540d7e85c - - default default] No more DHCP agents
2026-04-29 03:03:09.559 7 WARNING neutron.api.rpc.agentnotifiers.dhcp_rpc_agent_api [None req-ca28503c-adb3-4fbd-a156-f80e4182e3dc 58edd545da654734b0d715898090bcd3 29ef56f022f34deba83ca66540d7e85c - - default default] Unable to schedule network 416a59a7-a5cb-4057-9e2b-d7d0a995a428: no agents available; will retry on subsequent port and subnet creation events.
2026-04-29 03:03:09.646 8 INFO neutron.plugins.ml2.drivers.ovn.mech_driver.mech_driver [None req-ba932409-2802-4975-8301-8cbb26d38889 - - - - - -] OVN reports status down for port: 51a5662f-116d-4bd8-a40f-91a35190134c
2026-04-29 03:03:09.661 7 INFO neutron.db.ovn_revision_numbers_db [None req-ca28503c-adb3-4fbd-a156-f80e4182e3dc 58edd545da654734b0d715898090bcd3 29ef56f022f34deba83ca66540d7e85c - - default default] Successfully bumped revision number for resource 51a5662f-116d-4bd8-a40f-91a35190134c (type: ports) to 1 [pid: 7|app: 0|req: 523/938] 10.0.0.205 () {34 vars in 669 bytes} [Wed Apr 29 03:03:09 2026] POST /v2.0/networks => generated 654 bytes in 627 msecs (HTTP/1.1 201) 4 headers in 162 bytes (1 switches on core 0)
2026-04-29 03:03:09.776 7 INFO neutron.db.segments_db [None req-a189dbfd-2379-4c7c-9c8b-e9a4c364c0d3 58edd545da654734b0d715898090bcd3 29ef56f022f34deba83ca66540d7e85c - - default default] Added segment e9a70ed2-14a4-4c6b-99fb-6e81d57f4027 of type geneve for network b759607c-c7bf-4906-bcaa-7a3bd1b5c4e3 [pid: 8|app: 0|req: 416/939] 10.0.0.205 () {32 vars in 739 bytes} [Wed Apr 29 03:03:09 2026] DELETE /v2.0/security-groups/8c220831-57c9-41d2-961c-549255ab1b34 => generated 0 bytes in 343 msecs (HTTP/1.1 204) 2 headers in 112 bytes (1 switches on core 0)
2026-04-29 03:03:09.940 7 INFO neutron.db.ovn_revision_numbers_db [None req-a189dbfd-2379-4c7c-9c8b-e9a4c364c0d3 58edd545da654734b0d715898090bcd3 29ef56f022f34deba83ca66540d7e85c - - default default] Successfully bumped revision number for resource b759607c-c7bf-4906-bcaa-7a3bd1b5c4e3 (type: networks) to 1
2026-04-29 03:03:10.090 7 WARNING neutron.scheduler.dhcp_agent_scheduler [None req-a189dbfd-2379-4c7c-9c8b-e9a4c364c0d3 58edd545da654734b0d715898090bcd3 29ef56f022f34deba83ca66540d7e85c - - default default] No more DHCP agents
2026-04-29 03:03:10.092 7 WARNING neutron.api.rpc.agentnotifiers.dhcp_rpc_agent_api [None req-a189dbfd-2379-4c7c-9c8b-e9a4c364c0d3 58edd545da654734b0d715898090bcd3 29ef56f022f34deba83ca66540d7e85c - - default default] Unable to schedule network b759607c-c7bf-4906-bcaa-7a3bd1b5c4e3: no agents available; will retry on subsequent port and subnet creation events.
2026-04-29 03:03:10.187 8 INFO neutron.plugins.ml2.drivers.ovn.mech_driver.mech_driver [None req-ba932409-2802-4975-8301-8cbb26d38889 - - - - - -] OVN reports status down for port: 888cede7-89bd-42a4-99c2-c920136b2a41
2026-04-29 03:03:10.193 7 INFO neutron.db.ovn_revision_numbers_db [None req-a189dbfd-2379-4c7c-9c8b-e9a4c364c0d3 58edd545da654734b0d715898090bcd3 29ef56f022f34deba83ca66540d7e85c - - default default] Successfully bumped revision number for resource 888cede7-89bd-42a4-99c2-c920136b2a41 (type: ports) to 1 [pid: 7|app: 0|req: 524/940] 10.0.0.205 () {34 vars in 669 bytes} [Wed Apr 29 03:03:09 2026] POST /v2.0/networks => generated 654 bytes in 529 msecs (HTTP/1.1 201) 4 headers in 162 bytes (1 switches on core 0)
2026-04-29 03:03:10.396 8 INFO neutron.db.ovn_revision_numbers_db [None req-1d528472-363f-40dd-9055-2f09b7927023 cb4b23c7b7c44ed0b8825fb5613f4072 000da5a1f8dd4604b32bd0711f36bed3 - - default default] Successfully bumped revision number for resource 9d8ac12c-952b-46bc-aa28-b6ee3ad3bf29 (type: security_groups) to 1
2026-04-29 03:03:10.407 8 INFO neutron.db.ovn_revision_numbers_db [None req-1d528472-363f-40dd-9055-2f09b7927023 cb4b23c7b7c44ed0b8825fb5613f4072 000da5a1f8dd4604b32bd0711f36bed3 - - default default] Successfully bumped revision number for resource 109e41d2-32c7-4f14-b0ec-983162812c41 (type: security_group_rules) to 0
2026-04-29 03:03:10.423 8 INFO neutron.db.ovn_revision_numbers_db [None req-1d528472-363f-40dd-9055-2f09b7927023 cb4b23c7b7c44ed0b8825fb5613f4072 000da5a1f8dd4604b32bd0711f36bed3 - - default default] Successfully bumped revision number for resource 8c7285f6-6fe5-4275-99e0-49360cf21ca8 (type: security_group_rules) to 0
2026-04-29 03:03:10.436 8 INFO neutron.db.ovn_revision_numbers_db [None req-1d528472-363f-40dd-9055-2f09b7927023 cb4b23c7b7c44ed0b8825fb5613f4072 000da5a1f8dd4604b32bd0711f36bed3 - - default default] Successfully bumped revision number for resource bc156968-f615-49f4-a5d5-29e6f89bbab7 (type: security_group_rules) to 0
2026-04-29 03:03:10.456 8 INFO neutron.db.ovn_revision_numbers_db [None req-1d528472-363f-40dd-9055-2f09b7927023 cb4b23c7b7c44ed0b8825fb5613f4072 000da5a1f8dd4604b32bd0711f36bed3 - - default default] Successfully bumped revision number for resource c6aa17c9-28f6-4ef6-a800-d30587bb4746 (type: security_group_rules) to 0
2026-04-29 03:03:10.552 8 INFO neutron.db.segments_db [None req-1d528472-363f-40dd-9055-2f09b7927023 cb4b23c7b7c44ed0b8825fb5613f4072 000da5a1f8dd4604b32bd0711f36bed3 - - default default] Added segment 71ce2cf5-ace8-464e-bc5d-93d87f9ace89 of type geneve for network cc4b6727-ef6b-4bfd-9240-1c3e0e0f9905
2026-04-29 03:03:10.684 8 INFO neutron.db.ovn_revision_numbers_db [None req-1d528472-363f-40dd-9055-2f09b7927023 cb4b23c7b7c44ed0b8825fb5613f4072 000da5a1f8dd4604b32bd0711f36bed3 - - default default] Successfully bumped revision number for resource cc4b6727-ef6b-4bfd-9240-1c3e0e0f9905 (type: networks) to 1
2026-04-29 03:03:10.818 8 WARNING neutron.scheduler.dhcp_agent_scheduler [None req-1d528472-363f-40dd-9055-2f09b7927023 cb4b23c7b7c44ed0b8825fb5613f4072 000da5a1f8dd4604b32bd0711f36bed3 - - default default] No more DHCP agents
2026-04-29 03:03:10.819 8 WARNING neutron.api.rpc.agentnotifiers.dhcp_rpc_agent_api [None req-1d528472-363f-40dd-9055-2f09b7927023 cb4b23c7b7c44ed0b8825fb5613f4072 000da5a1f8dd4604b32bd0711f36bed3 - - default default] Unable to schedule network cc4b6727-ef6b-4bfd-9240-1c3e0e0f9905: no agents available; will retry on subsequent port and subnet creation events.
2026-04-29 03:03:10.877 8 INFO neutron.plugins.ml2.drivers.ovn.mech_driver.mech_driver [None req-ba932409-2802-4975-8301-8cbb26d38889 - - - - - -] OVN reports status down for port: e1d160ec-c985-44bd-8a65-ae703e6d29a0
2026-04-29 03:03:10.922 8 INFO neutron.db.ovn_revision_numbers_db [None req-1d528472-363f-40dd-9055-2f09b7927023 cb4b23c7b7c44ed0b8825fb5613f4072 000da5a1f8dd4604b32bd0711f36bed3 - - default default] Successfully bumped revision number for resource e1d160ec-c985-44bd-8a65-ae703e6d29a0 (type: ports) to 1 [pid: 8|app: 0|req: 417/941] 10.0.0.205 () {34 vars in 670 bytes} [Wed Apr 29 03:03:09 2026] POST /v2.0/networks => generated 747 bytes in 1012 msecs (HTTP/1.1 201) 4 headers in 162 bytes (1 switches on core 0)
2026-04-29 03:03:11.066 7 WARNING neutron.scheduler.dhcp_agent_scheduler [None req-a997fd05-b27a-41ca-93f1-d2c3d03f54d2 58edd545da654734b0d715898090bcd3 29ef56f022f34deba83ca66540d7e85c - - default default] No more DHCP agents
2026-04-29 03:03:11.068 7 WARNING neutron.api.rpc.agentnotifiers.dhcp_rpc_agent_api [None req-a997fd05-b27a-41ca-93f1-d2c3d03f54d2 58edd545da654734b0d715898090bcd3 29ef56f022f34deba83ca66540d7e85c - - default default] Unable to schedule network 416a59a7-a5cb-4057-9e2b-d7d0a995a428: no agents available; will retry on subsequent port and subnet creation events.
2026-04-29 03:03:11.109 7 INFO neutron.db.ovn_revision_numbers_db [None req-a997fd05-b27a-41ca-93f1-d2c3d03f54d2 58edd545da654734b0d715898090bcd3 29ef56f022f34deba83ca66540d7e85c - - default default] Successfully bumped revision number for resource aaefa470-87a9-42bf-8d60-eaba10db2553 (type: subnets) to 0
2026-04-29 03:03:11.134 7 WARNING neutron.scheduler.dhcp_agent_scheduler [None req-a997fd05-b27a-41ca-93f1-d2c3d03f54d2 58edd545da654734b0d715898090bcd3 29ef56f022f34deba83ca66540d7e85c - - default default] No more DHCP agents
2026-04-29 03:03:11.136 7 WARNING neutron.api.rpc.agentnotifiers.dhcp_rpc_agent_api [None req-a997fd05-b27a-41ca-93f1-d2c3d03f54d2 58edd545da654734b0d715898090bcd3 29ef56f022f34deba83ca66540d7e85c - - default default] Unable to schedule network b759607c-c7bf-4906-bcaa-7a3bd1b5c4e3: no agents available; will retry on subsequent port and subnet creation events.
2026-04-29 03:03:11.139 8 WARNING neutron.scheduler.dhcp_agent_scheduler [None req-a7027595-d68f-4886-a7fa-91ecc14c9c3d cb4b23c7b7c44ed0b8825fb5613f4072 000da5a1f8dd4604b32bd0711f36bed3 - - default default] No more DHCP agents
2026-04-29 03:03:11.143 8 WARNING neutron.api.rpc.agentnotifiers.dhcp_rpc_agent_api [None req-a7027595-d68f-4886-a7fa-91ecc14c9c3d cb4b23c7b7c44ed0b8825fb5613f4072 000da5a1f8dd4604b32bd0711f36bed3 - - default default] Unable to schedule network cc4b6727-ef6b-4bfd-9240-1c3e0e0f9905: no agents available; will retry on subsequent port and subnet creation events.
2026-04-29 03:03:11.175 7 INFO neutron.db.ovn_revision_numbers_db [None req-a997fd05-b27a-41ca-93f1-d2c3d03f54d2 58edd545da654734b0d715898090bcd3 29ef56f022f34deba83ca66540d7e85c - - default default] Successfully bumped revision number for resource ecfe00d0-f47d-43fa-b78c-e47ddf68aa07 (type: subnets) to 0 [pid: 7|app: 0|req: 525/942] 10.0.0.205 () {34 vars in 668 bytes} [Wed Apr 29 03:03:10 2026] POST /v2.0/subnets => generated 1323 bytes in 504 msecs (HTTP/1.1 201) 4 headers in 163 bytes (1 switches on core 0) [pid: 7|app: 0|req: 526/943] 10.0.0.205 () {32 vars in 646 bytes} [Wed Apr 29 03:03:11 2026] GET /v2.0/subnets => generated 1959 bytes in 36 msecs (HTTP/1.1 200) 4 headers in 158 bytes (1 switches on core 0) [pid: 7|app: 0|req: 527/944] 10.0.0.205 () {32 vars in 723 bytes} [Wed Apr 29 03:03:11 2026] DELETE /v2.0/subnets/aaefa470-87a9-42bf-8d60-eaba10db2553 => generated 0 bytes in 123 msecs (HTTP/1.1 204) 3 headers in 131 bytes (1 switches on core 0) [pid: 7|app: 0|req: 528/945] 10.0.0.205 () {32 vars in 723 bytes} [Wed Apr 29 03:03:11 2026] DELETE /v2.0/subnets/ecfe00d0-f47d-43fa-b78c-e47ddf68aa07 => generated 0 bytes in 141 msecs (HTTP/1.1 204) 3 headers in 131 bytes (1 switches on core 0) [pid: 7|app: 0|req: 529/946] 10.0.0.205 () {32 vars in 646 bytes} [Wed Apr 29 03:03:11 2026] GET /v2.0/subnets => generated 649 bytes in 57 msecs (HTTP/1.1 200) 4 headers in 157 bytes (1 switches on core 0)
2026-04-29 03:03:11.614 8 INFO neutron.db.ovn_revision_numbers_db [None req-5eca0ed4-475f-4419-8820-1260495e23b6 - - - - - -] Successfully bumped revision number for resource e1d160ec-c985-44bd-8a65-ae703e6d29a0 (type: ports) to 2
2026-04-29 03:03:11.649 8 INFO neutron.db.ovn_revision_numbers_db [None req-5eca0ed4-475f-4419-8820-1260495e23b6 - - - - - -] Successfully bumped revision number for resource c55a8645-a0b7-4c78-8d7e-c01f7dbf037b (type: subnets) to 0 [pid: 8|app: 0|req: 418/947] 10.0.0.205 () {34 vars in 668 bytes} [Wed Apr 29 03:03:10 2026] POST /v2.0/subnets => generated 691 bytes in 711 msecs (HTTP/1.1 201) 4 headers in 162 bytes (1 switches on core 0)
2026-04-29 03:03:11.711 7 INFO neutron_taas.services.taas.taas_plugin [None req-44d97b9a-76dc-4d1c-94f4-7e5ab1cac162 58edd545da654734b0d715898090bcd3 29ef56f022f34deba83ca66540d7e85c - - default default] TaaS: Handle Delete Port: 888cede7-89bd-42a4-99c2-c920136b2a41
2026-04-29 03:03:11.713 7 INFO neutron_taas.services.taas.tap_mirror_plugin [None req-44d97b9a-76dc-4d1c-94f4-7e5ab1cac162 58edd545da654734b0d715898090bcd3 29ef56f022f34deba83ca66540d7e85c - - default default] Tap Mirror: Handle Delete Port: 888cede7-89bd-42a4-99c2-c920136b2a41
2026-04-29 03:03:11.933 7 INFO neutron.services.segments.plugin [-] Segment e9a70ed2-14a4-4c6b-99fb-6e81d57f4027 resource provider aggregate not found
2026-04-29 03:03:11.939 7 INFO neutron.services.segments.plugin [-] Segment e9a70ed2-14a4-4c6b-99fb-6e81d57f4027 resource provider aggregate not found
2026-04-29 03:03:11.961 7 INFO neutron.services.segments.plugin [-] Segment e9a70ed2-14a4-4c6b-99fb-6e81d57f4027 resource provider not found; error: Placement Client Error (4xx): {"errors": [{"status": 404, "title": "Not Found", "detail": "The resource could not be found.\n\n No resource provider with uuid e9a70ed2-14a4-4c6b-99fb-6e81d57f4027 found for delete ", "request_id": "req-6740b28e-e617-4207-8094-1995756ee424"}]}
2026-04-29 03:03:11.966 7 INFO neutron.services.segments.plugin [-] Segment e9a70ed2-14a4-4c6b-99fb-6e81d57f4027 resource provider not found; error: Placement Client Error (4xx): {"errors": [{"status": 404, "title": "Not Found", "detail": "The resource could not be found.\n\n No resource provider with uuid e9a70ed2-14a4-4c6b-99fb-6e81d57f4027 found for delete ", "request_id": "req-b0723598-53ca-433e-8df5-f82f88be338f"}]} [pid: 7|app: 0|req: 530/948] 10.0.0.205 () {32 vars in 725 bytes} [Wed Apr 29 03:03:11 2026] DELETE /v2.0/networks/b759607c-c7bf-4906-bcaa-7a3bd1b5c4e3 => generated 0 bytes in 416 msecs (HTTP/1.1 204) 3 headers in 131 bytes (1 switches on core 0)
2026-04-29 03:03:12.115 8 WARNING neutron.scheduler.dhcp_agent_scheduler [None req-8f1fecc0-8eb2-4fe0-bb42-cc0e120ddeb2 cb4b23c7b7c44ed0b8825fb5613f4072 000da5a1f8dd4604b32bd0711f36bed3 - - default default] No more DHCP agents
2026-04-29 03:03:12.116 8 WARNING neutron.api.rpc.agentnotifiers.dhcp_rpc_agent_api [None req-8f1fecc0-8eb2-4fe0-bb42-cc0e120ddeb2 cb4b23c7b7c44ed0b8825fb5613f4072 000da5a1f8dd4604b32bd0711f36bed3 - - default default] Unable to schedule network 553239a2-448d-4f8b-86c9-5517183dff25: no agents available; will retry on subsequent port and subnet creation events.
2026-04-29 03:03:12.134 7 INFO neutron_taas.services.taas.taas_plugin [None req-e78cc2f8-445c-49ec-bb4e-b88ed430c033 58edd545da654734b0d715898090bcd3 29ef56f022f34deba83ca66540d7e85c - - default default] TaaS: Handle Delete Port: 51a5662f-116d-4bd8-a40f-91a35190134c
2026-04-29 03:03:12.136 7 INFO neutron_taas.services.taas.tap_mirror_plugin [None req-e78cc2f8-445c-49ec-bb4e-b88ed430c033 58edd545da654734b0d715898090bcd3 29ef56f022f34deba83ca66540d7e85c - - default default] Tap Mirror: Handle Delete Port: 51a5662f-116d-4bd8-a40f-91a35190134c
2026-04-29 03:03:12.244 8 INFO neutron.plugins.ml2.drivers.ovn.mech_driver.mech_driver [None req-ba932409-2802-4975-8301-8cbb26d38889 - - - - - -] OVN reports status down for port: 8c0ad0fc-9e87-4664-914c-79ce97bc9d0d
2026-04-29 03:03:12.318 8 INFO neutron.db.ovn_revision_numbers_db [None req-8f1fecc0-8eb2-4fe0-bb42-cc0e120ddeb2 cb4b23c7b7c44ed0b8825fb5613f4072 000da5a1f8dd4604b32bd0711f36bed3 - - default default] Successfully bumped revision number for resource 8c0ad0fc-9e87-4664-914c-79ce97bc9d0d (type: ports) to 1 [pid: 7|app: 0|req: 531/949] 10.0.0.205 () {32 vars in 725 bytes} [Wed Apr 29 03:03:12 2026] DELETE /v2.0/networks/416a59a7-a5cb-4057-9e2b-d7d0a995a428 => generated 0 bytes in 435 msecs (HTTP/1.1 204) 3 headers in 131 bytes (1 switches on core 0)
2026-04-29 03:03:12.568 7 INFO neutron_taas.services.taas.taas_plugin [None req-627c2d80-5fad-4495-9afa-4c0768cbe628 58edd545da654734b0d715898090bcd3 29ef56f022f34deba83ca66540d7e85c - - default default] TaaS: Handle Delete Port: 992f4bed-d43f-4f7c-aa94-3a32016f4ddd
2026-04-29 03:03:12.570 7 INFO neutron_taas.services.taas.tap_mirror_plugin [None req-627c2d80-5fad-4495-9afa-4c0768cbe628 58edd545da654734b0d715898090bcd3 29ef56f022f34deba83ca66540d7e85c - - default default] Tap Mirror: Handle Delete Port: 992f4bed-d43f-4f7c-aa94-3a32016f4ddd [pid: 7|app: 0|req: 532/950] 10.0.0.205 () {32 vars in 725 bytes} [Wed Apr 29 03:03:12 2026] DELETE /v2.0/networks/c2afb93d-0596-4814-8d51-f0e2b6b4d8ec => generated 0 bytes in 392 msecs (HTTP/1.1 204) 3 headers in 131 bytes (1 switches on core 0)
2026-04-29 03:03:12.949 8 INFO neutron.plugins.ml2.drivers.ovn.mech_driver.ovsdb.commands [-] Schedule LRP lrp-8c0ad0fc-9e87-4664-914c-79ce97bc9d0d on gateway 4ba43e8e-0dd7-444b-8184-e3b592e8a2ad with priority 1
2026-04-29 03:03:13.070 8 INFO neutron.plugins.ml2.drivers.ovn.mech_driver.ovsdb.ovsdb_monitor [None req-d354b40d-1771-489c-a926-76e63f83c0c1 - - - - - -] Router 05ee296a-ab4d-4456-9564-a5634d6ffda0 is bound to host instance
2026-04-29 03:03:13.083 7 INFO neutron_taas.services.taas.taas_plugin [None req-74d21715-0341-4e62-9cea-406ef553232c 58edd545da654734b0d715898090bcd3 29ef56f022f34deba83ca66540d7e85c - - default default] TaaS: Handle Delete Port: 4ffbe53f-f71d-4a95-be16-a95c36d87db1
2026-04-29 03:03:13.086 7 INFO neutron_taas.services.taas.tap_mirror_plugin [None req-74d21715-0341-4e62-9cea-406ef553232c 58edd545da654734b0d715898090bcd3 29ef56f022f34deba83ca66540d7e85c - - default default] Tap Mirror: Handle Delete Port: 4ffbe53f-f71d-4a95-be16-a95c36d87db1
2026-04-29 03:03:13.094 8 INFO neutron.plugins.ml2.drivers.ovn.mech_driver.mech_driver [None req-ba932409-2802-4975-8301-8cbb26d38889 - - - - - -] OVN reports status up for port: 8c0ad0fc-9e87-4664-914c-79ce97bc9d0d
2026-04-29 03:03:13.138 8 INFO neutron.plugins.ml2.plugin [None req-ba932409-2802-4975-8301-8cbb26d38889 - - - - - -] Attempt 1 to provision port 8c0ad0fc-9e87-4664-914c-79ce97bc9d0d
2026-04-29 03:03:13.215 8 INFO neutron.db.ovn_revision_numbers_db [None req-8f1fecc0-8eb2-4fe0-bb42-cc0e120ddeb2 cb4b23c7b7c44ed0b8825fb5613f4072 000da5a1f8dd4604b32bd0711f36bed3 - - default default] Successfully bumped revision number for resource 8c0ad0fc-9e87-4664-914c-79ce97bc9d0d (type: router_ports) to 1 [pid: 7|app: 0|req: 533/951] 10.0.0.205 () {32 vars in 725 bytes} [Wed Apr 29 03:03:12 2026] DELETE /v2.0/networks/9a280a73-dd54-4373-8eb5-2433c369a28e => generated 0 bytes in 461 msecs (HTTP/1.1 204) 3 headers in 131 bytes (1 switches on core 0)
2026-04-29 03:03:13.443 8 INFO neutron.db.ovn_revision_numbers_db [None req-8f1fecc0-8eb2-4fe0-bb42-cc0e120ddeb2 cb4b23c7b7c44ed0b8825fb5613f4072 000da5a1f8dd4604b32bd0711f36bed3 - - default default] Successfully bumped revision number for resource 05ee296a-ab4d-4456-9564-a5634d6ffda0 (type: routers) to 2 [pid: 7|app: 0|req: 534/952] 10.0.0.70 () {34 vars in 988 bytes} [Wed Apr 29 03:03:13 2026] GET /v2.0/ports?device_id=857be11d-1002-46fc-963f-d88c359e222a => generated 1213 bytes in 167 msecs (HTTP/1.1 200) 4 headers in 158 bytes (1 switches on core 0) [pid: 8|app: 0|req: 419/953] 10.0.0.205 () {34 vars in 668 bytes} [Wed Apr 29 03:03:11 2026] POST /v2.0/routers => generated 969 bytes in 1803 msecs (HTTP/1.1 201) 4 headers in 162 bytes (1 switches on core 0) [pid: 8|app: 0|req: 420/954] 10.0.0.70 () {34 vars in 1038 bytes} [Wed Apr 29 03:03:13 2026] GET /v2.0/security-groups?id=c8100823-a41f-416b-923d-2f6c3692e371&fields=id&fields=name => generated 114 bytes in 61 msecs (HTTP/1.1 200) 4 headers in 157 bytes (1 switches on core 0)
2026-04-29 03:03:13.839 7 WARNING neutron.scheduler.dhcp_agent_scheduler [None req-0de5ddc9-864d-4b8c-804a-695011ac5db0 cb4b23c7b7c44ed0b8825fb5613f4072 000da5a1f8dd4604b32bd0711f36bed3 - - default default] No more DHCP agents
2026-04-29 03:03:13.841 7 WARNING neutron.api.rpc.agentnotifiers.dhcp_rpc_agent_api [None req-0de5ddc9-864d-4b8c-804a-695011ac5db0 cb4b23c7b7c44ed0b8825fb5613f4072 000da5a1f8dd4604b32bd0711f36bed3 - - default default] Unable to schedule network cc4b6727-ef6b-4bfd-9240-1c3e0e0f9905: no agents available; will retry on subsequent port and subnet creation events.
2026-04-29 03:03:13.984 7 INFO neutron.services.segments.plugin [-] Segment 96d4b537-1e6a-4dc3-8b19-67ff7caaddd6 resource provider aggregate not found
2026-04-29 03:03:13.984 7 INFO neutron.services.segments.plugin [-] Segment 96d4b537-1e6a-4dc3-8b19-67ff7caaddd6 resource provider aggregate not found
2026-04-29 03:03:14.009 7 INFO neutron.services.segments.plugin [-] Segment 96d4b537-1e6a-4dc3-8b19-67ff7caaddd6 resource provider not found; error: Placement Client Error (4xx): {"errors": [{"status": 404, "title": "Not Found", "detail": "The resource could not be found.\n\n No resource provider with uuid 96d4b537-1e6a-4dc3-8b19-67ff7caaddd6 found for delete ", "request_id": "req-797dde33-88fd-4947-9170-b062cbd1a8e5"}]}
2026-04-29 03:03:14.012 7 INFO neutron.services.segments.plugin [-] Segment 96d4b537-1e6a-4dc3-8b19-67ff7caaddd6 resource provider not found; error: Placement Client Error (4xx): {"errors": [{"status": 404, "title": "Not Found", "detail": "The resource could not be found.\n\n No resource provider with uuid 96d4b537-1e6a-4dc3-8b19-67ff7caaddd6 found for delete ", "request_id": "req-f362b48f-a201-4c1e-9484-db698376e102"}]}
2026-04-29 03:03:14.028 7 INFO neutron.services.segments.plugin [-] Segment 8bc11f2f-f827-4455-bf88-13c789013f7c resource provider aggregate not found
2026-04-29 03:03:14.033 7 INFO neutron.services.segments.plugin [-] Segment 8bc11f2f-f827-4455-bf88-13c789013f7c resource provider aggregate not found
2026-04-29 03:03:14.041 7 INFO neutron.db.ovn_revision_numbers_db [None req-0de5ddc9-864d-4b8c-804a-695011ac5db0 cb4b23c7b7c44ed0b8825fb5613f4072 000da5a1f8dd4604b32bd0711f36bed3 - - default default] Successfully bumped revision number for resource ce4eedcb-c70a-49bc-afd5-de853ea83dc4 (type: ports) to 1
2026-04-29 03:03:14.051 7 INFO neutron.services.segments.plugin [-] Segment 8bc11f2f-f827-4455-bf88-13c789013f7c resource provider not found; error: Placement Client Error (4xx): {"errors": [{"status": 404, "title": "Not Found", "detail": "The resource could not be found.\n\n No resource provider with uuid 8bc11f2f-f827-4455-bf88-13c789013f7c found for delete ", "request_id": "req-29172c02-5b33-40c1-af68-cdebe9619400"}]}
2026-04-29 03:03:14.055 7 INFO neutron.services.segments.plugin [-] Segment 8bc11f2f-f827-4455-bf88-13c789013f7c resource provider not found; error: Placement Client Error (4xx): {"errors": [{"status": 404, "title": "Not Found", "detail": "The resource could not be found.\n\n No resource provider with uuid 8bc11f2f-f827-4455-bf88-13c789013f7c found for delete ", "request_id": "req-673cb43e-9f32-46f0-80bc-e8ce77f387c5"}]}
2026-04-29 03:03:14.070 7 INFO neutron.services.segments.plugin [-] Segment ec85bef5-55ec-480c-8b49-6cfd174727a1 resource provider aggregate not found
2026-04-29 03:03:14.084 7 INFO neutron.services.segments.plugin [-] Segment ec85bef5-55ec-480c-8b49-6cfd174727a1 resource provider aggregate not found
2026-04-29 03:03:14.099 7 INFO neutron.services.segments.plugin [-] Segment ec85bef5-55ec-480c-8b49-6cfd174727a1 resource provider not found; error: Placement Client Error (4xx): {"errors": [{"status": 404, "title": "Not Found", "detail": "The resource could not be found.\n\n No resource provider with uuid ec85bef5-55ec-480c-8b49-6cfd174727a1 found for delete ", "request_id": "req-d6554c62-6e8c-4097-814f-a171e5a87e65"}]}
2026-04-29 03:03:14.112 7 INFO neutron.services.segments.plugin [-] Segment ec85bef5-55ec-480c-8b49-6cfd174727a1 resource provider not found; error: Placement Client Error (4xx): {"errors": [{"status": 404, "title": "Not Found", "detail": "The resource could not be found.\n\n No resource provider with uuid ec85bef5-55ec-480c-8b49-6cfd174727a1 found for delete ", "request_id": "req-2d221f96-903f-475f-8cda-65d27744b244"}]} [pid: 8|app: 0|req: 421/955] 10.0.0.205 () {32 vars in 773 bytes} [Wed Apr 29 03:03:13 2026] GET /v2.0/security-groups?tenant_id=29ef56f022f34deba83ca66540d7e85c&name=default => generated 2925 bytes in 299 msecs (HTTP/1.1 200) 4 headers in 158 bytes (1 switches on core 0)
2026-04-29 03:03:14.364 8 INFO neutron.db.ovn_revision_numbers_db [None req-e9b23ead-5b01-4b1b-bc21-495bded01a77 - - - - - -] Successfully bumped revision number for resource 8c0ad0fc-9e87-4664-914c-79ce97bc9d0d (type: ports) to 4 [pid: 8|app: 0|req: 422/956] 10.0.0.205 () {32 vars in 739 bytes} [Wed Apr 29 03:03:14 2026] DELETE /v2.0/security-groups/31e1c432-ec1b-44d2-9663-ac46fd0b10d5 => generated 0 bytes in 498 msecs (HTTP/1.1 204) 2 headers in 112 bytes (1 switches on core 0)
2026-04-29 03:03:14.813 7 WARNING neutron.scheduler.dhcp_agent_scheduler [None req-0de5ddc9-864d-4b8c-804a-695011ac5db0 cb4b23c7b7c44ed0b8825fb5613f4072 000da5a1f8dd4604b32bd0711f36bed3 - - default default] No more DHCP agents
2026-04-29 03:03:14.815 7 WARNING neutron.api.rpc.agentnotifiers.dhcp_rpc_agent_api [None req-0de5ddc9-864d-4b8c-804a-695011ac5db0 cb4b23c7b7c44ed0b8825fb5613f4072 000da5a1f8dd4604b32bd0711f36bed3 - - default default] Unable to schedule network cc4b6727-ef6b-4bfd-9240-1c3e0e0f9905: no agents available; will retry on subsequent port and subnet creation events.
2026-04-29 03:03:14.934 8 INFO neutron.db.ovn_revision_numbers_db [None req-e9b23ead-5b01-4b1b-bc21-495bded01a77 - - - - - -] Successfully bumped revision number for resource 8c0ad0fc-9e87-4664-914c-79ce97bc9d0d (type: ports) to 5
2026-04-29 03:03:15.049 8 INFO neutron.db.ovn_revision_numbers_db [None req-37f117a7-0b7b-44d4-9abd-70114115fdee cb4b23c7b7c44ed0b8825fb5613f4072 000da5a1f8dd4604b32bd0711f36bed3 - - default default] Successfully bumped revision number for resource 34033d5b-ea35-4be7-b227-f6b7e8cb960e (type: security_groups) to 1
2026-04-29 03:03:15.061 8 INFO neutron.db.ovn_revision_numbers_db [None req-37f117a7-0b7b-44d4-9abd-70114115fdee cb4b23c7b7c44ed0b8825fb5613f4072 000da5a1f8dd4604b32bd0711f36bed3 - - default default] Successfully bumped revision number for resource 1f8865d5-604d-4313-a8c9-cebd8a9468f2 (type: security_group_rules) to 0
2026-04-29 03:03:15.072 8 INFO neutron.db.ovn_revision_numbers_db [None req-37f117a7-0b7b-44d4-9abd-70114115fdee cb4b23c7b7c44ed0b8825fb5613f4072 000da5a1f8dd4604b32bd0711f36bed3 - - default default] Successfully bumped revision number for resource 88d0e012-ad56-4a6e-9aa0-b2c6d97ae269 (type: security_group_rules) to 0
2026-04-29 03:03:15.084 8 INFO neutron.db.ovn_revision_numbers_db [None req-37f117a7-0b7b-44d4-9abd-70114115fdee cb4b23c7b7c44ed0b8825fb5613f4072 000da5a1f8dd4604b32bd0711f36bed3 - - default default] Successfully bumped revision number for resource a51d0cea-699b-40bd-87fe-57c5d9cffceb (type: security_group_rules) to 0
2026-04-29 03:03:15.094 8 INFO neutron.db.ovn_revision_numbers_db [None req-37f117a7-0b7b-44d4-9abd-70114115fdee cb4b23c7b7c44ed0b8825fb5613f4072 000da5a1f8dd4604b32bd0711f36bed3 - - default default] Successfully bumped revision number for resource c377d1ee-2805-4f54-8ac7-c447a3c4176e (type: security_group_rules) to 0 [pid: 8|app: 0|req: 423/957] 10.0.0.205 () {32 vars in 773 bytes} [Wed Apr 29 03:03:14 2026] GET /v2.0/security-groups?tenant_id=05c95cc04458462c9f55f73e77aa4737&name=default => generated 2925 bytes in 512 msecs (HTTP/1.1 200) 4 headers in 158 bytes (1 switches on core 0)
2026-04-29 03:03:15.396 7 INFO neutron.db.ovn_revision_numbers_db [None req-0de5ddc9-864d-4b8c-804a-695011ac5db0 cb4b23c7b7c44ed0b8825fb5613f4072 000da5a1f8dd4604b32bd0711f36bed3 - - default default] Successfully bumped revision number for resource ce4eedcb-c70a-49bc-afd5-de853ea83dc4 (type: router_ports) to 1 [pid: 7|app: 0|req: 535/958] 10.0.0.205 () {34 vars in 782 bytes} [Wed Apr 29 03:03:13 2026] PUT /v2.0/routers/05ee296a-ab4d-4456-9564-a5634d6ffda0/add_router_interface => generated 309 bytes in 1926 msecs (HTTP/1.1 200) 4 headers in 157 bytes (1 switches on core 0) [pid: 8|app: 0|req: 424/959] 10.0.0.205 () {32 vars in 739 bytes} [Wed Apr 29 03:03:15 2026] DELETE /v2.0/security-groups/34033d5b-ea35-4be7-b227-f6b7e8cb960e => generated 0 bytes in 375 msecs (HTTP/1.1 204) 2 headers in 112 bytes (1 switches on core 0)
2026-04-29 03:03:15.789 7 INFO neutron.db.ovn_revision_numbers_db [None req-6625dbb1-235a-48f6-8ba7-fc14e0806a6a cb4b23c7b7c44ed0b8825fb5613f4072 000da5a1f8dd4604b32bd0711f36bed3 - - default default] Successfully bumped revision number for resource efd41269-f0cc-479d-9b82-5a6cef661796 (type: security_groups) to 1
2026-04-29 03:03:15.799 7 INFO neutron.db.ovn_revision_numbers_db [None req-6625dbb1-235a-48f6-8ba7-fc14e0806a6a cb4b23c7b7c44ed0b8825fb5613f4072 000da5a1f8dd4604b32bd0711f36bed3 - - default default] Successfully bumped revision number for resource 220a30d1-5f79-4940-9adb-734f4c42e793 (type: security_group_rules) to 0
2026-04-29 03:03:15.810 7 INFO neutron.db.ovn_revision_numbers_db [None req-6625dbb1-235a-48f6-8ba7-fc14e0806a6a cb4b23c7b7c44ed0b8825fb5613f4072 000da5a1f8dd4604b32bd0711f36bed3 - - default default] Successfully bumped revision number for resource 6d872beb-7ca1-4254-8b85-1b7c80f454c2 (type: security_group_rules) to 0
2026-04-29 03:03:15.821 7 INFO neutron.db.ovn_revision_numbers_db [None req-6625dbb1-235a-48f6-8ba7-fc14e0806a6a cb4b23c7b7c44ed0b8825fb5613f4072 000da5a1f8dd4604b32bd0711f36bed3 - - default default] Successfully bumped revision number for resource a299448d-61ff-4e9d-bcf4-598374c8d6f2 (type: security_group_rules) to 0
2026-04-29 03:03:15.835 7 INFO neutron.db.ovn_revision_numbers_db [None req-6625dbb1-235a-48f6-8ba7-fc14e0806a6a cb4b23c7b7c44ed0b8825fb5613f4072 000da5a1f8dd4604b32bd0711f36bed3 - - default default] Successfully bumped revision number for resource f06e9ecb-8d66-4fdd-8bd9-430fecb2d912 (type: security_group_rules) to 0 [pid: 7|app: 0|req: 536/960] 10.0.0.205 () {32 vars in 773 bytes} [Wed Apr 29 03:03:15 2026] GET /v2.0/security-groups?tenant_id=6c80446be1c74f47942777bc9598fc90&name=default => generated 2925 bytes in 240 msecs (HTTP/1.1 200) 4 headers in 158 bytes (1 switches on core 0)
2026-04-29 03:03:16.115 7 INFO neutron.db.ovn_revision_numbers_db [None req-b661c493-7ec8-4afb-9126-fe835a47632d ea8fe50dc1c849579b6bd931aa70517e e6738ad48ba04cf9b094c3babf053053 - - default default] Successfully bumped revision number for resource 38c75587-9b74-48d5-80d1-6b177be1550f (type: security_groups) to 1
2026-04-29 03:03:16.129 7 INFO neutron.db.ovn_revision_numbers_db [None req-b661c493-7ec8-4afb-9126-fe835a47632d ea8fe50dc1c849579b6bd931aa70517e e6738ad48ba04cf9b094c3babf053053 - - default default] Successfully bumped revision number for resource 2d0872f1-249a-4430-9d43-bcd970afe227 (type: security_group_rules) to 0
2026-04-29 03:03:16.142 7 INFO neutron.db.ovn_revision_numbers_db [None req-b661c493-7ec8-4afb-9126-fe835a47632d ea8fe50dc1c849579b6bd931aa70517e e6738ad48ba04cf9b094c3babf053053 - - default default] Successfully bumped revision number for resource fa910b39-6179-4498-9f1e-13ff5388ecd8 (type: security_group_rules) to 0 [pid: 8|app: 0|req: 425/961] 10.0.0.205 () {32 vars in 739 bytes} [Wed Apr 29 03:03:15 2026] DELETE /v2.0/security-groups/efd41269-f0cc-479d-9b82-5a6cef661796 => generated 0 bytes in 282 msecs (HTTP/1.1 204) 2 headers in 112 bytes (1 switches on core 0) [pid: 7|app: 0|req: 537/962] 10.0.0.205 () {34 vars in 684 bytes} [Wed Apr 29 03:03:15 2026] POST /v2.0/security-groups => generated 1659 bytes in 223 msecs (HTTP/1.1 201) 4 headers in 163 bytes (1 switches on core 0)
2026-04-29 03:03:16.271 8 INFO neutron.plugins.ml2.drivers.ovn.mech_driver.mech_driver [None req-ba932409-2802-4975-8301-8cbb26d38889 - - - - - -] OVN reports status down for port: ce4eedcb-c70a-49bc-afd5-de853ea83dc4
2026-04-29 03:03:16.365 8 WARNING neutron.plugins.ml2.drivers.ovn.mech_driver.ovsdb.ovn_client [None req-ba932409-2802-4975-8301-8cbb26d38889 - - - - - -] Logical_Switch_Port ce4eedcb-c70a-49bc-afd5-de853ea83dc4 host information not removed, the port state is up
2026-04-29 03:03:16.365 8 INFO neutron.plugins.ml2.drivers.ovn.mech_driver.mech_driver [None req-ba932409-2802-4975-8301-8cbb26d38889 - - - - - -] OVN reports status up for port: ce4eedcb-c70a-49bc-afd5-de853ea83dc4
2026-04-29 03:03:16.374 8 INFO neutron.db.ovn_revision_numbers_db [None req-b5edf59d-ff99-4cc0-90bc-3e2dfc14cbe0 ea8fe50dc1c849579b6bd931aa70517e e6738ad48ba04cf9b094c3babf053053 - - default default] Successfully bumped revision number for resource 1a16b01c-1f7c-4767-ac1c-fd67cc8ed9b2 (type: security_group_rules) to 0
2026-04-29 03:03:16.380 8 INFO neutron.plugins.ml2.plugin [None req-ba932409-2802-4975-8301-8cbb26d38889 - - - - - -] Attempt 1 to provision port ce4eedcb-c70a-49bc-afd5-de853ea83dc4 [pid: 8|app: 0|req: 426/963] 10.0.0.205 () {34 vars in 694 bytes} [Wed Apr 29 03:03:16 2026] POST /v2.0/security-group-rules => generated 597 bytes in 238 msecs (HTTP/1.1 201) 4 headers in 162 bytes (1 switches on core 0)
2026-04-29 03:03:16.613 7 INFO neutron.db.ovn_revision_numbers_db [None req-023f2173-7c6c-4e5a-b361-5b4bbb2ea1e0 879930b8972546d3811982caa16dde50 ff97398e816a4e80953b51bb84861d5c - - default default] Successfully bumped revision number for resource 2132a444-af85-4f18-ab93-48121f6ff0ab (type: security_groups) to 1
