2026-04-29 03:03:46.297 7 INFO neutron_taas.services.taas.taas_plugin [None req-69b8093b-004a-4954-9cfe-4d316fb5275d cb4b23c7b7c44ed0b8825fb5613f4072 000da5a1f8dd4604b32bd0711f36bed3 - - default default] TaaS: Handle Delete Port: e1d160ec-c985-44bd-8a65-ae703e6d29a0
2026-04-29 03:03:46.300 7 INFO neutron_taas.services.taas.tap_mirror_plugin [None req-69b8093b-004a-4954-9cfe-4d316fb5275d cb4b23c7b7c44ed0b8825fb5613f4072 000da5a1f8dd4604b32bd0711f36bed3 - - default default] Tap Mirror: Handle Delete Port: e1d160ec-c985-44bd-8a65-ae703e6d29a0
2026-04-29 03:03:46.358 8 INFO neutron.plugins.ml2.drivers.ovn.mech_driver.mech_driver [None req-d72be098-7f10-4ceb-a750-38a593b141d0 - - - - - -] OVN reports status up for port: 4a152072-34ba-495a-9297-7d7ebe217dfd
2026-04-29 03:03:46.385 8 INFO neutron.plugins.ml2.plugin [None req-d72be098-7f10-4ceb-a750-38a593b141d0 - - - - - -] Attempt 1 to provision port 4a152072-34ba-495a-9297-7d7ebe217dfd
2026-04-29 03:03:46.467 7 INFO neutron.services.segments.plugin [-] Segment 71ce2cf5-ace8-464e-bc5d-93d87f9ace89 resource provider aggregate not found
2026-04-29 03:03:46.472 7 INFO neutron.services.segments.plugin [-] Segment 71ce2cf5-ace8-464e-bc5d-93d87f9ace89 resource provider aggregate not found
2026-04-29 03:03:46.487 7 INFO neutron.services.segments.plugin [-] Segment 71ce2cf5-ace8-464e-bc5d-93d87f9ace89 resource provider not found; error: Placement Client Error (4xx): {"errors": [{"status": 404, "title": "Not Found", "detail": "The resource could not be found.\n\n No resource provider with uuid 71ce2cf5-ace8-464e-bc5d-93d87f9ace89 found for delete ", "request_id": "req-d1ec9569-7683-44a5-9c87-bffa2bcce7a2"}]}
2026-04-29 03:03:46.491 7 INFO neutron.services.segments.plugin [-] Segment 71ce2cf5-ace8-464e-bc5d-93d87f9ace89 resource provider not found; error: Placement Client Error (4xx): {"errors": [{"status": 404, "title": "Not Found", "detail": "The resource could not be found.\n\n No resource provider with uuid 71ce2cf5-ace8-464e-bc5d-93d87f9ace89 found for delete ", "request_id": "req-7f5cde3b-1505-4174-aa16-9a67a09fa6b9"}]} [pid: 7|app: 0|req: 646/1176] 10.0.0.205 () {32 vars in 725 bytes} [Wed Apr 29 03:03:46 2026] DELETE /v2.0/networks/cc4b6727-ef6b-4bfd-9240-1c3e0e0f9905 => generated 0 bytes in 338 msecs (HTTP/1.1 204) 3 headers in 131 bytes (1 switches on core 0) [pid: 7|app: 0|req: 647/1177] 10.0.0.205 () {32 vars in 642 bytes} [Wed Apr 29 03:03:46 2026] GET /v2.0/ports => generated 1538 bytes in 58 msecs (HTTP/1.1 200) 4 headers in 158 bytes (1 switches on core 0)
2026-04-29 03:03:46.623 8 INFO neutron.db.ovn_revision_numbers_db [None req-e7643cc2-643e-4617-b65b-4838cc736563 - - - - - -] Successfully bumped revision number for resource b8a795a8-f1c9-4051-857a-c40d57831044 (type: ports) to 2 [pid: 7|app: 0|req: 648/1178] 10.0.0.205 () {32 vars in 716 bytes} [Wed Apr 29 03:03:46 2026] GET /v2.0/ports/4638fddf-4dbb-4fa4-b350-33800a308b14 => generated 779 bytes in 33 msecs (HTTP/1.1 200) 4 headers in 157 bytes (1 switches on core 0) [pid: 7|app: 0|req: 649/1179] 10.0.0.205 () {32 vars in 773 bytes} [Wed Apr 29 03:03:46 2026] GET /v2.0/security-groups?tenant_id=e6738ad48ba04cf9b094c3babf053053&name=default => generated 2925 bytes in 26 msecs (HTTP/1.1 200) 4 headers in 158 bytes (1 switches on core 0)
2026-04-29 03:03:46.677 8 INFO neutron.db.ovn_revision_numbers_db [None req-e7643cc2-643e-4617-b65b-4838cc736563 - - - - - -] Successfully bumped revision number for resource 297c128e-002c-4080-ac63-c7ed0f1a4f12 (type: subnets) to 0
2026-04-29 03:03:46.684 7 INFO neutron.pecan_wsgi.hooks.translation [None req-3d530507-a662-4c13-a311-5944a080e80c 3151f374533a4246adde34b28d22101e fbee2b98074749c6a0361cf491d34030 - - default default] DELETE failed (client error): The resource could not be found. [pid: 7|app: 0|req: 650/1180] 10.0.0.205 () {32 vars in 719 bytes} [Wed Apr 29 03:03:46 2026] DELETE /v2.0/ports/4ab73e8a-b5a6-44b1-a056-b47a282640bc => generated 132 bytes in 17 msecs (HTTP/1.1 404) 4 headers in 164 bytes (1 switches on core 0) [pid: 8|app: 0|req: 531/1181] 10.0.0.205 () {34 vars in 668 bytes} [Wed Apr 29 03:03:45 2026] POST /v2.0/subnets => generated 688 bytes in 1128 msecs (HTTP/1.1 201) 4 headers in 162 bytes (1 switches on core 0)
2026-04-29 03:03:46.735 8 INFO neutron.pecan_wsgi.hooks.translation [None req-10eb23e0-b4b9-4659-ac01-99a56cab30d9 3151f374533a4246adde34b28d22101e fbee2b98074749c6a0361cf491d34030 - - default default] DELETE failed (client error): The resource could not be found. [pid: 8|app: 0|req: 532/1182] 10.0.0.205 () {32 vars in 723 bytes} [Wed Apr 29 03:03:46 2026] DELETE /v2.0/subnets/369b410d-bcae-46bf-bbf2-57e6fdc8cfeb => generated 136 bytes in 22 msecs (HTTP/1.1 404) 4 headers in 164 bytes (1 switches on core 0) [pid: 7|app: 0|req: 651/1183] 10.0.0.205 () {32 vars in 739 bytes} [Wed Apr 29 03:03:46 2026] DELETE /v2.0/security-groups/9d8ac12c-952b-46bc-aa28-b6ee3ad3bf29 => generated 0 bytes in 279 msecs (HTTP/1.1 204) 2 headers in 112 bytes (1 switches on core 0)
2026-04-29 03:03:46.980 7 INFO neutron.pecan_wsgi.hooks.translation [None req-c5c1bbc7-e092-4950-911e-c332f78d8fee 3151f374533a4246adde34b28d22101e fbee2b98074749c6a0361cf491d34030 - - default default] DELETE failed (client error): The resource could not be found. [pid: 7|app: 0|req: 652/1184] 10.0.0.205 () {32 vars in 723 bytes} [Wed Apr 29 03:03:46 2026] DELETE /v2.0/subnets/aa77a589-0196-4136-8242-620871f14d64 => generated 136 bytes in 12 msecs (HTTP/1.1 404) 4 headers in 164 bytes (1 switches on core 0)
2026-04-29 03:03:47.114 7 INFO neutron.db.ovn_revision_numbers_db [None req-1e74c142-97bf-464b-a68e-b09590b4c433 9173b290154744fb83fcb6bc675ffbd6 e0c8b8dd2fe444eaabf618708b93fa4a - - default default] Successfully bumped revision number for resource 478ed8a5-4522-46eb-bbf4-c2c290d88e52 (type: security_groups) to 1
2026-04-29 03:03:47.125 7 INFO neutron.db.ovn_revision_numbers_db [None req-1e74c142-97bf-464b-a68e-b09590b4c433 9173b290154744fb83fcb6bc675ffbd6 e0c8b8dd2fe444eaabf618708b93fa4a - - default default] Successfully bumped revision number for resource 8c16289f-0e37-4119-8102-7ba4de8c6d55 (type: security_group_rules) to 0
2026-04-29 03:03:47.135 7 INFO neutron.db.ovn_revision_numbers_db [None req-1e74c142-97bf-464b-a68e-b09590b4c433 9173b290154744fb83fcb6bc675ffbd6 e0c8b8dd2fe444eaabf618708b93fa4a - - default default] Successfully bumped revision number for resource b2d19c56-ae3f-449d-82d8-dc06652d2e6f (type: security_group_rules) to 0 [pid: 7|app: 0|req: 653/1185] 10.0.0.205 () {34 vars in 684 bytes} [Wed Apr 29 03:03:46 2026] POST /v2.0/security-groups => generated 1659 bytes in 196 msecs (HTTP/1.1 201) 4 headers in 163 bytes (1 switches on core 0)
2026-04-29 03:03:47.298 7 INFO neutron_taas.services.taas.taas_plugin [None req-c7b6be79-8ae0-482c-9e28-15931f35c540 3151f374533a4246adde34b28d22101e fbee2b98074749c6a0361cf491d34030 - - default default] TaaS: Handle Delete Port: 4638fddf-4dbb-4fa4-b350-33800a308b14
2026-04-29 03:03:47.301 7 INFO neutron_taas.services.taas.tap_mirror_plugin [None req-c7b6be79-8ae0-482c-9e28-15931f35c540 3151f374533a4246adde34b28d22101e fbee2b98074749c6a0361cf491d34030 - - default default] Tap Mirror: Handle Delete Port: 4638fddf-4dbb-4fa4-b350-33800a308b14
2026-04-29 03:03:47.367 8 INFO neutron.db.ovn_revision_numbers_db [None req-d72be098-7f10-4ceb-a750-38a593b141d0 - - - - - -] Successfully bumped revision number for resource 4a152072-34ba-495a-9297-7d7ebe217dfd (type: ports) to 2 [pid: 7|app: 0|req: 654/1186] 10.0.0.205 () {32 vars in 719 bytes} [Wed Apr 29 03:03:47 2026] DELETE /v2.0/ports/4638fddf-4dbb-4fa4-b350-33800a308b14 => generated 0 bytes in 242 msecs (HTTP/1.1 204) 3 headers in 131 bytes (1 switches on core 0)
2026-04-29 03:03:47.557 7 INFO neutron.db.ovn_revision_numbers_db [None req-62a88a04-0e66-44b5-bb35-995e81bfba9b 9173b290154744fb83fcb6bc675ffbd6 e0c8b8dd2fe444eaabf618708b93fa4a - - default default] Successfully bumped revision number for resource 52f3e54d-98b1-45bf-9722-5db387ddaa97 (type: security_group_rules) to 0
2026-04-29 03:03:47.573 8 WARNING neutron.scheduler.dhcp_agent_scheduler [None req-09f565d3-c915-4ca6-84d3-60ace249d58c cb4b23c7b7c44ed0b8825fb5613f4072 000da5a1f8dd4604b32bd0711f36bed3 - - default default] No more DHCP agents
2026-04-29 03:03:47.578 8 WARNING neutron.api.rpc.agentnotifiers.dhcp_rpc_agent_api [None req-09f565d3-c915-4ca6-84d3-60ace249d58c cb4b23c7b7c44ed0b8825fb5613f4072 000da5a1f8dd4604b32bd0711f36bed3 - - default default] Unable to schedule network 553239a2-448d-4f8b-86c9-5517183dff25: no agents available; will retry on subsequent port and subnet creation events. [pid: 7|app: 0|req: 655/1187] 10.0.0.205 () {34 vars in 694 bytes} [Wed Apr 29 03:03:47 2026] POST /v2.0/security-group-rules => generated 597 bytes in 164 msecs (HTTP/1.1 201) 4 headers in 162 bytes (1 switches on core 0)
2026-04-29 03:03:47.682 7 INFO neutron_taas.services.taas.taas_plugin [None req-6950d778-a432-4fa7-b3d1-8970170ecddc 3151f374533a4246adde34b28d22101e fbee2b98074749c6a0361cf491d34030 - - default default] TaaS: Handle Delete Port: 9b0361b1-4f67-4b22-a8b8-3198f630a492
2026-04-29 03:03:47.684 7 INFO neutron_taas.services.taas.tap_mirror_plugin [None req-6950d778-a432-4fa7-b3d1-8970170ecddc 3151f374533a4246adde34b28d22101e fbee2b98074749c6a0361cf491d34030 - - default default] Tap Mirror: Handle Delete Port: 9b0361b1-4f67-4b22-a8b8-3198f630a492
2026-04-29 03:03:47.787 8 INFO neutron.db.ovn_revision_numbers_db [None req-09f565d3-c915-4ca6-84d3-60ace249d58c cb4b23c7b7c44ed0b8825fb5613f4072 000da5a1f8dd4604b32bd0711f36bed3 - - default default] Successfully bumped revision number for resource f02657bd-ba97-4a4a-afff-4c93d086f751 (type: ports) to 1 [pid: 7|app: 0|req: 656/1188] 10.0.0.205 () {32 vars in 725 bytes} [Wed Apr 29 03:03:47 2026] DELETE /v2.0/networks/38fa1155-e515-4f48-aedf-f39cae85e504 => generated 0 bytes in 367 msecs (HTTP/1.1 204) 3 headers in 131 bytes (1 switches on core 0)
2026-04-29 03:03:48.097 7 INFO neutron.db.ovn_revision_numbers_db [None req-5e19fe90-9fbf-4ff1-bbf9-01a69c397657 9173b290154744fb83fcb6bc675ffbd6 e0c8b8dd2fe444eaabf618708b93fa4a - - default default] Successfully bumped revision number for resource 6eab1ab7-7d8d-4a22-86f8-4bcd73bf5062 (type: security_group_rules) to 0 [pid: 7|app: 0|req: 657/1189] 10.0.0.205 () {34 vars in 694 bytes} [Wed Apr 29 03:03:47 2026] POST /v2.0/security-group-rules => generated 602 bytes in 172 msecs (HTTP/1.1 201) 4 headers in 162 bytes (1 switches on core 0)
2026-04-29 03:03:48.342 7 WARNING neutron.scheduler.dhcp_agent_scheduler [None req-9fe1624c-3645-4e7d-95f2-550e0c668be1 9173b290154744fb83fcb6bc675ffbd6 e0c8b8dd2fe444eaabf618708b93fa4a - - default default] No more DHCP agents
2026-04-29 03:03:48.343 7 WARNING neutron.api.rpc.agentnotifiers.dhcp_rpc_agent_api [None req-9fe1624c-3645-4e7d-95f2-550e0c668be1 9173b290154744fb83fcb6bc675ffbd6 e0c8b8dd2fe444eaabf618708b93fa4a - - default default] Unable to schedule network 553239a2-448d-4f8b-86c9-5517183dff25: no agents available; will retry on subsequent port and subnet creation events.
2026-04-29 03:03:48.509 7 INFO neutron.services.segments.plugin [-] Segment a97341d6-43a8-4e4e-9eff-49047917fd72 resource provider aggregate not found
2026-04-29 03:03:48.510 7 INFO neutron.services.segments.plugin [-] Segment a97341d6-43a8-4e4e-9eff-49047917fd72 resource provider aggregate not found
2026-04-29 03:03:48.531 7 INFO neutron.services.segments.plugin [-] Segment a97341d6-43a8-4e4e-9eff-49047917fd72 resource provider not found; error: Placement Client Error (4xx): {"errors": [{"status": 404, "title": "Not Found", "detail": "The resource could not be found.\n\n No resource provider with uuid a97341d6-43a8-4e4e-9eff-49047917fd72 found for delete ", "request_id": "req-3b3dad15-4c0e-48ee-a505-c13ed6e370a3"}]}
2026-04-29 03:03:48.532 8 INFO neutron.plugins.ml2.drivers.ovn.mech_driver.ovsdb.commands [-] Schedule LRP lrp-f02657bd-ba97-4a4a-afff-4c93d086f751 on gateway 4ba43e8e-0dd7-444b-8184-e3b592e8a2ad with priority 1
2026-04-29 03:03:48.535 7 INFO neutron.services.segments.plugin [-] Segment a97341d6-43a8-4e4e-9eff-49047917fd72 resource provider not found; error: Placement Client Error (4xx): {"errors": [{"status": 404, "title": "Not Found", "detail": "The resource could not be found.\n\n No resource provider with uuid a97341d6-43a8-4e4e-9eff-49047917fd72 found for delete ", "request_id": "req-b39adbce-97ba-4674-b871-1243a2a7bc3d"}]}
2026-04-29 03:03:48.651 8 INFO neutron.plugins.ml2.drivers.ovn.mech_driver.ovsdb.ovsdb_monitor [None req-294671cc-5656-4bde-bfce-00cd56bb8bc0 - - - - - -] Router 2401c904-36ae-4d0e-b040-9b8fe89e70ed is bound to host instance [pid: 7|app: 0|req: 658/1190] 10.0.0.205 () {34 vars in 675 bytes} [Wed Apr 29 03:03:48 2026] POST /v2.0/floatingips => generated 552 bytes in 574 msecs (HTTP/1.1 201) 4 headers in 162 bytes (1 switches on core 0)
2026-04-29 03:03:48.738 8 INFO neutron.db.ovn_revision_numbers_db [None req-09f565d3-c915-4ca6-84d3-60ace249d58c cb4b23c7b7c44ed0b8825fb5613f4072 000da5a1f8dd4604b32bd0711f36bed3 - - default default] Successfully bumped revision number for resource f02657bd-ba97-4a4a-afff-4c93d086f751 (type: router_ports) to 1 [pid: 7|app: 0|req: 659/1191] 10.0.0.205 () {32 vars in 773 bytes} [Wed Apr 29 03:03:48 2026] GET /v2.0/security-groups?tenant_id=fbee2b98074749c6a0361cf491d34030&name=default => generated 2925 bytes in 130 msecs (HTTP/1.1 200) 4 headers in 158 bytes (1 switches on core 0)
2026-04-29 03:03:48.857 8 INFO neutron.db.ovn_revision_numbers_db [None req-09f565d3-c915-4ca6-84d3-60ace249d58c cb4b23c7b7c44ed0b8825fb5613f4072 000da5a1f8dd4604b32bd0711f36bed3 - - default default] Successfully bumped revision number for resource 2401c904-36ae-4d0e-b040-9b8fe89e70ed (type: routers) to 2 [pid: 8|app: 0|req: 533/1192] 10.0.0.205 () {34 vars in 668 bytes} [Wed Apr 29 03:03:46 2026] POST /v2.0/routers => generated 966 bytes in 2146 msecs (HTTP/1.1 201) 4 headers in 162 bytes (1 switches on core 0)
2026-04-29 03:03:49.060 7 INFO neutron.db.ovn_revision_numbers_db [None req-911e9907-6958-4606-bac2-668540de4482 cb4b23c7b7c44ed0b8825fb5613f4072 000da5a1f8dd4604b32bd0711f36bed3 - - default default] Successfully bumped revision number for resource 8778b42a-45bc-422d-bea8-4899fa8057b1 (type: security_groups) to 1
2026-04-29 03:03:49.074 7 INFO neutron.db.ovn_revision_numbers_db [None req-911e9907-6958-4606-bac2-668540de4482 cb4b23c7b7c44ed0b8825fb5613f4072 000da5a1f8dd4604b32bd0711f36bed3 - - default default] Successfully bumped revision number for resource 0ef5393a-bcf4-44fb-9fb3-98b47a7fd646 (type: security_group_rules) to 0
2026-04-29 03:03:49.099 7 INFO neutron.db.ovn_revision_numbers_db [None req-911e9907-6958-4606-bac2-668540de4482 cb4b23c7b7c44ed0b8825fb5613f4072 000da5a1f8dd4604b32bd0711f36bed3 - - default default] Successfully bumped revision number for resource c7d0900d-60f3-4240-9d77-02687e6ba3bf (type: security_group_rules) to 0
2026-04-29 03:03:49.110 7 INFO neutron.db.ovn_revision_numbers_db [None req-911e9907-6958-4606-bac2-668540de4482 cb4b23c7b7c44ed0b8825fb5613f4072 000da5a1f8dd4604b32bd0711f36bed3 - - default default] Successfully bumped revision number for resource edc289aa-2a37-4fb6-a321-4376c3e39c16 (type: security_group_rules) to 0
2026-04-29 03:03:49.123 7 INFO neutron.db.ovn_revision_numbers_db [None req-911e9907-6958-4606-bac2-668540de4482 cb4b23c7b7c44ed0b8825fb5613f4072 000da5a1f8dd4604b32bd0711f36bed3 - - default default] Successfully bumped revision number for resource ee7b028c-4049-4c7c-b6d8-b11730aa6730 (type: security_group_rules) to 0
2026-04-29 03:03:49.197 7 INFO neutron.db.segments_db [None req-911e9907-6958-4606-bac2-668540de4482 cb4b23c7b7c44ed0b8825fb5613f4072 000da5a1f8dd4604b32bd0711f36bed3 - - default default] Added segment 42f72f9d-2f51-4617-93e5-5f11ccdc6ed3 of type geneve for network 69d7675a-9ba0-4f5c-8c16-ed99b6978c2a
2026-04-29 03:03:49.340 7 INFO neutron.db.ovn_revision_numbers_db [None req-911e9907-6958-4606-bac2-668540de4482 cb4b23c7b7c44ed0b8825fb5613f4072 000da5a1f8dd4604b32bd0711f36bed3 - - default default] Successfully bumped revision number for resource 69d7675a-9ba0-4f5c-8c16-ed99b6978c2a (type: networks) to 1 [pid: 8|app: 0|req: 534/1193] 10.0.0.205 () {32 vars in 739 bytes} [Wed Apr 29 03:03:48 2026] DELETE /v2.0/security-groups/86d9dd8e-7a2d-4e49-8953-f08f376d26ef => generated 0 bytes in 580 msecs (HTTP/1.1 204) 2 headers in 112 bytes (1 switches on core 0)
2026-04-29 03:03:49.539 7 WARNING neutron.scheduler.dhcp_agent_scheduler [None req-911e9907-6958-4606-bac2-668540de4482 cb4b23c7b7c44ed0b8825fb5613f4072 000da5a1f8dd4604b32bd0711f36bed3 - - default default] No more DHCP agents
2026-04-29 03:03:49.541 7 WARNING neutron.api.rpc.agentnotifiers.dhcp_rpc_agent_api [None req-911e9907-6958-4606-bac2-668540de4482 cb4b23c7b7c44ed0b8825fb5613f4072 000da5a1f8dd4604b32bd0711f36bed3 - - default default] Unable to schedule network 69d7675a-9ba0-4f5c-8c16-ed99b6978c2a: no agents available; will retry on subsequent port and subnet creation events.
2026-04-29 03:03:49.667 7 INFO neutron.db.ovn_revision_numbers_db [None req-911e9907-6958-4606-bac2-668540de4482 cb4b23c7b7c44ed0b8825fb5613f4072 000da5a1f8dd4604b32bd0711f36bed3 - - default default] Successfully bumped revision number for resource 065b4a27-2ad3-47af-a571-9e89c944ce67 (type: ports) to 1 [pid: 7|app: 0|req: 660/1194] 10.0.0.205 () {34 vars in 670 bytes} [Wed Apr 29 03:03:48 2026] POST /v2.0/networks => generated 747 bytes in 857 msecs (HTTP/1.1 201) 4 headers in 162 bytes (1 switches on core 0)
2026-04-29 03:03:49.847 7 WARNING neutron.scheduler.dhcp_agent_scheduler [None req-667ebcea-4b13-41d9-b4de-287c109c02cc cb4b23c7b7c44ed0b8825fb5613f4072 000da5a1f8dd4604b32bd0711f36bed3 - - default default] No more DHCP agents
2026-04-29 03:03:49.850 7 WARNING neutron.api.rpc.agentnotifiers.dhcp_rpc_agent_api [None req-667ebcea-4b13-41d9-b4de-287c109c02cc cb4b23c7b7c44ed0b8825fb5613f4072 000da5a1f8dd4604b32bd0711f36bed3 - - default default] Unable to schedule network 69d7675a-9ba0-4f5c-8c16-ed99b6978c2a: no agents available; will retry on subsequent port and subnet creation events.
2026-04-29 03:03:50.164 8 INFO neutron.db.ovn_revision_numbers_db [None req-7742b68b-e1bd-4b32-8451-119da3baaa3d - - - - - -] Successfully bumped revision number for resource f02657bd-ba97-4a4a-afff-4c93d086f751 (type: ports) to 4
2026-04-29 03:03:50.342 7 INFO neutron.db.ovn_revision_numbers_db [None req-4fc4584d-a03a-4f6b-a885-22d486bf2655 - - - - - -] Successfully bumped revision number for resource 065b4a27-2ad3-47af-a571-9e89c944ce67 (type: ports) to 2
2026-04-29 03:03:50.367 7 INFO neutron.db.ovn_revision_numbers_db [None req-4fc4584d-a03a-4f6b-a885-22d486bf2655 - - - - - -] Successfully bumped revision number for resource ca360a8f-2350-4348-b31b-caf60f1235f2 (type: subnets) to 0 [pid: 7|app: 0|req: 661/1195] 10.0.0.205 () {34 vars in 668 bytes} [Wed Apr 29 03:03:49 2026] POST /v2.0/subnets => generated 691 bytes in 684 msecs (HTTP/1.1 201) 4 headers in 162 bytes (1 switches on core 0)
2026-04-29 03:03:50.431 8 WARNING neutron.scheduler.dhcp_agent_scheduler [None req-9e8fdd3d-cfa9-4af1-91bc-d45a19d243a5 cb4b23c7b7c44ed0b8825fb5613f4072 000da5a1f8dd4604b32bd0711f36bed3 - - default default] No more DHCP agents
2026-04-29 03:03:50.434 8 WARNING neutron.api.rpc.agentnotifiers.dhcp_rpc_agent_api [None req-9e8fdd3d-cfa9-4af1-91bc-d45a19d243a5 cb4b23c7b7c44ed0b8825fb5613f4072 000da5a1f8dd4604b32bd0711f36bed3 - - default default] Unable to schedule network 4c1461ee-06c7-41dc-a16e-77e40cf5b24d: no agents available; will retry on subsequent port and subnet creation events.
2026-04-29 03:03:50.703 8 INFO neutron.db.ovn_revision_numbers_db [None req-9e8fdd3d-cfa9-4af1-91bc-d45a19d243a5 cb4b23c7b7c44ed0b8825fb5613f4072 000da5a1f8dd4604b32bd0711f36bed3 - - default default] Successfully bumped revision number for resource d6bae6c4-858b-4986-921a-c421823d24d7 (type: ports) to 1
2026-04-29 03:03:50.817 7 WARNING neutron.scheduler.dhcp_agent_scheduler [None req-ec6418dd-65ca-4525-a128-8b3eed83ba54 cb4b23c7b7c44ed0b8825fb5613f4072 000da5a1f8dd4604b32bd0711f36bed3 - - default default] No more DHCP agents
2026-04-29 03:03:50.818 7 WARNING neutron.api.rpc.agentnotifiers.dhcp_rpc_agent_api [None req-ec6418dd-65ca-4525-a128-8b3eed83ba54 cb4b23c7b7c44ed0b8825fb5613f4072 000da5a1f8dd4604b32bd0711f36bed3 - - default default] Unable to schedule network 553239a2-448d-4f8b-86c9-5517183dff25: no agents available; will retry on subsequent port and subnet creation events.
2026-04-29 03:03:50.882 8 INFO neutron.db.ovn_revision_numbers_db [None req-7742b68b-e1bd-4b32-8451-119da3baaa3d - - - - - -] Successfully bumped revision number for resource f02657bd-ba97-4a4a-afff-4c93d086f751 (type: ports) to 5
2026-04-29 03:03:51.019 7 INFO neutron.db.ovn_revision_numbers_db [None req-ec6418dd-65ca-4525-a128-8b3eed83ba54 cb4b23c7b7c44ed0b8825fb5613f4072 000da5a1f8dd4604b32bd0711f36bed3 - - default default] Successfully bumped revision number for resource 64990ebd-ceee-4201-88e5-c8c74d2599e4 (type: ports) to 1
2026-04-29 03:03:51.608 8 WARNING neutron.scheduler.dhcp_agent_scheduler [None req-9e8fdd3d-cfa9-4af1-91bc-d45a19d243a5 cb4b23c7b7c44ed0b8825fb5613f4072 000da5a1f8dd4604b32bd0711f36bed3 - - default default] No more DHCP agents
2026-04-29 03:03:51.609 8 WARNING neutron.api.rpc.agentnotifiers.dhcp_rpc_agent_api [None req-9e8fdd3d-cfa9-4af1-91bc-d45a19d243a5 cb4b23c7b7c44ed0b8825fb5613f4072 000da5a1f8dd4604b32bd0711f36bed3 - - default default] Unable to schedule network 4c1461ee-06c7-41dc-a16e-77e40cf5b24d: no agents available; will retry on subsequent port and subnet creation events.
2026-04-29 03:03:51.613 7 INFO neutron.plugins.ml2.drivers.ovn.mech_driver.ovsdb.commands [-] Schedule LRP lrp-64990ebd-ceee-4201-88e5-c8c74d2599e4 on gateway 4ba43e8e-0dd7-444b-8184-e3b592e8a2ad with priority 1
2026-04-29 03:03:51.774 7 INFO neutron.db.ovn_revision_numbers_db [None req-ec6418dd-65ca-4525-a128-8b3eed83ba54 cb4b23c7b7c44ed0b8825fb5613f4072 000da5a1f8dd4604b32bd0711f36bed3 - - default default] Successfully bumped revision number for resource 64990ebd-ceee-4201-88e5-c8c74d2599e4 (type: router_ports) to 1
2026-04-29 03:03:51.811 8 INFO neutron.plugins.ml2.drivers.ovn.mech_driver.ovsdb.ovsdb_monitor [None req-7742b68b-e1bd-4b32-8451-119da3baaa3d - - - - - -] Router bd0ad40d-3bd8-4d8b-ade8-22fc1593ce18 is bound to host instance
2026-04-29 03:03:51.837 7 INFO neutron.db.ovn_revision_numbers_db [None req-ec6418dd-65ca-4525-a128-8b3eed83ba54 cb4b23c7b7c44ed0b8825fb5613f4072 000da5a1f8dd4604b32bd0711f36bed3 - - default default] Successfully bumped revision number for resource bd0ad40d-3bd8-4d8b-ade8-22fc1593ce18 (type: routers) to 2 [pid: 7|app: 0|req: 662/1196] 10.0.0.205 () {34 vars in 668 bytes} [Wed Apr 29 03:03:50 2026] POST /v2.0/routers => generated 969 bytes in 1463 msecs (HTTP/1.1 201) 4 headers in 162 bytes (1 switches on core 0)
2026-04-29 03:03:52.137 7 INFO neutron.db.ovn_revision_numbers_db [None req-3b0d8123-6034-4279-911a-29d2c71c3f60 415adf0f4df34c76821a2b6e9cd502d6 c02a2ea2080f47168155cc388ac94c96 - - default default] Successfully bumped revision number for resource 16422bf2-9be7-4b65-86f4-6895fe437aab (type: security_groups) to 1
2026-04-29 03:03:52.148 7 INFO neutron.db.ovn_revision_numbers_db [None req-3b0d8123-6034-4279-911a-29d2c71c3f60 415adf0f4df34c76821a2b6e9cd502d6 c02a2ea2080f47168155cc388ac94c96 - - default default] Successfully bumped revision number for resource 371da3a5-0bb4-464c-88d6-cbd2753e2fc7 (type: security_group_rules) to 0
2026-04-29 03:03:52.158 7 INFO neutron.db.ovn_revision_numbers_db [None req-3b0d8123-6034-4279-911a-29d2c71c3f60 415adf0f4df34c76821a2b6e9cd502d6 c02a2ea2080f47168155cc388ac94c96 - - default default] Successfully bumped revision number for resource 66a8cce3-722d-4042-8f24-aa2f755124e7 (type: security_group_rules) to 0
2026-04-29 03:03:52.169 7 INFO neutron.db.ovn_revision_numbers_db [None req-3b0d8123-6034-4279-911a-29d2c71c3f60 415adf0f4df34c76821a2b6e9cd502d6 c02a2ea2080f47168155cc388ac94c96 - - default default] Successfully bumped revision number for resource c83d6608-28c4-48a8-b85d-377703e8d411 (type: security_group_rules) to 0
2026-04-29 03:03:52.180 7 INFO neutron.db.ovn_revision_numbers_db [None req-3b0d8123-6034-4279-911a-29d2c71c3f60 415adf0f4df34c76821a2b6e9cd502d6 c02a2ea2080f47168155cc388ac94c96 - - default default] Successfully bumped revision number for resource e79d992f-00f3-4093-83ec-86b232a76b01 (type: security_group_rules) to 0
2026-04-29 03:03:52.289 7 INFO neutron.db.ovn_revision_numbers_db [None req-3b0d8123-6034-4279-911a-29d2c71c3f60 415adf0f4df34c76821a2b6e9cd502d6 c02a2ea2080f47168155cc388ac94c96 - - default default] Successfully bumped revision number for resource 9905721d-c577-40ed-8dc8-1f82f72e4d6e (type: security_groups) to 1
2026-04-29 03:03:52.302 7 INFO neutron.db.ovn_revision_numbers_db [None req-3b0d8123-6034-4279-911a-29d2c71c3f60 415adf0f4df34c76821a2b6e9cd502d6 c02a2ea2080f47168155cc388ac94c96 - - default default] Successfully bumped revision number for resource 20bfdff7-c489-4277-b91d-73419ebd73a6 (type: security_group_rules) to 0
2026-04-29 03:03:52.313 7 INFO neutron.db.ovn_revision_numbers_db [None req-3b0d8123-6034-4279-911a-29d2c71c3f60 415adf0f4df34c76821a2b6e9cd502d6 c02a2ea2080f47168155cc388ac94c96 - - default default] Successfully bumped revision number for resource d3e2c82e-1668-429f-900b-38ecae98684d (type: security_group_rules) to 0 [pid: 7|app: 0|req: 665/1199] 10.0.0.205 () {34 vars in 683 bytes} [Wed Apr 29 03:03:51 2026] POST /v2.0/security-groups => generated 1624 bytes in 495 msecs (HTTP/1.1 201) 4 headers in 163 bytes (1 switches on core 0)
2026-04-29 03:03:52.381 8 WARNING neutron.plugins.ml2.drivers.ovn.mech_driver.ovsdb.ovn_client [None req-809cf32b-c6f6-4168-85ec-5554d662d9fb - - - - - -] No hosting information found for port 4a152072-34ba-495a-9297-7d7ebe217dfd: RuntimeError: No hosting information found for port 4a152072-34ba-495a-9297-7d7ebe217dfd
2026-04-29 03:03:52.601 8 INFO neutron.db.ovn_revision_numbers_db [None req-809cf32b-c6f6-4168-85ec-5554d662d9fb - - - - - -] Successfully bumped revision number for resource 4a152072-34ba-495a-9297-7d7ebe217dfd (type: router_ports) to 2
2026-04-29 03:03:52.891 8 INFO neutron.plugins.ml2.drivers.ovn.mech_driver.mech_driver [None req-809cf32b-c6f6-4168-85ec-5554d662d9fb - - - - - -] OVN reports status down for port: f02657bd-ba97-4a4a-afff-4c93d086f751
2026-04-29 03:03:52.944 8 INFO neutron.db.ovn_revision_numbers_db [None req-9e8fdd3d-cfa9-4af1-91bc-d45a19d243a5 cb4b23c7b7c44ed0b8825fb5613f4072 000da5a1f8dd4604b32bd0711f36bed3 - - default default] Successfully bumped revision number for resource d6bae6c4-858b-4986-921a-c421823d24d7 (type: router_ports) to 1
2026-04-29 03:03:52.950 7 WARNING neutron.scheduler.dhcp_agent_scheduler [None req-344705d0-5f8c-44b4-8187-09851c388ebf cb4b23c7b7c44ed0b8825fb5613f4072 000da5a1f8dd4604b32bd0711f36bed3 - - default default] No more DHCP agents
2026-04-29 03:03:52.951 7 WARNING neutron.api.rpc.agentnotifiers.dhcp_rpc_agent_api [None req-344705d0-5f8c-44b4-8187-09851c388ebf cb4b23c7b7c44ed0b8825fb5613f4072 000da5a1f8dd4604b32bd0711f36bed3 - - default default] Unable to schedule network 69d7675a-9ba0-4f5c-8c16-ed99b6978c2a: no agents available; will retry on subsequent port and subnet creation events. [pid: 8|app: 0|req: 535/1200] 10.0.0.205 () {34 vars in 782 bytes} [Wed Apr 29 03:03:49 2026] PUT /v2.0/routers/2401c904-36ae-4d0e-b040-9b8fe89e70ed/add_router_interface => generated 309 bytes in 3492 msecs (HTTP/1.1 200) 4 headers in 157 bytes (1 switches on core 0) [pid: 8|app: 0|req: 536/1201] 10.0.0.205 () {32 vars in 662 bytes} [Wed Apr 29 03:03:52 2026] GET /v2.0/security-groups => generated 4529 bytes in 147 msecs (HTTP/1.1 200) 4 headers in 158 bytes (1 switches on core 0)
2026-04-29 03:03:53.125 7 INFO neutron.db.ovn_revision_numbers_db [None req-344705d0-5f8c-44b4-8187-09851c388ebf cb4b23c7b7c44ed0b8825fb5613f4072 000da5a1f8dd4604b32bd0711f36bed3 - - default default] Successfully bumped revision number for resource a1df236e-cafc-4b54-9584-5ec0afb06ff4 (type: ports) to 1
2026-04-29 03:03:53.328 8 INFO neutron.db.ovn_revision_numbers_db [None req-5c6d8857-30a0-432e-a6f0-aa056e8dc241 415adf0f4df34c76821a2b6e9cd502d6 c02a2ea2080f47168155cc388ac94c96 - - default default] Successfully bumped revision number for resource 9905721d-c577-40ed-8dc8-1f82f72e4d6e (type: security_groups) to 2 [pid: 8|app: 0|req: 537/1202] 10.0.0.205 () {34 vars in 757 bytes} [Wed Apr 29 03:03:53 2026] PUT /v2.0/security-groups/9905721d-c577-40ed-8dc8-1f82f72e4d6e => generated 1663 bytes in 291 msecs (HTTP/1.1 200) 4 headers in 158 bytes (1 switches on core 0) [pid: 8|app: 0|req: 538/1203] 10.0.0.205 () {32 vars in 736 bytes} [Wed Apr 29 03:03:53 2026] GET /v2.0/security-groups/9905721d-c577-40ed-8dc8-1f82f72e4d6e => generated 1663 bytes in 77 msecs (HTTP/1.1 200) 4 headers in 158 bytes (1 switches on core 0)
2026-04-29 03:03:53.883 7 WARNING neutron.scheduler.dhcp_agent_scheduler [None req-344705d0-5f8c-44b4-8187-09851c388ebf cb4b23c7b7c44ed0b8825fb5613f4072 000da5a1f8dd4604b32bd0711f36bed3 - - default default] No more DHCP agents
2026-04-29 03:03:53.885 7 WARNING neutron.api.rpc.agentnotifiers.dhcp_rpc_agent_api [None req-344705d0-5f8c-44b4-8187-09851c388ebf cb4b23c7b7c44ed0b8825fb5613f4072 000da5a1f8dd4604b32bd0711f36bed3 - - default default] Unable to schedule network 69d7675a-9ba0-4f5c-8c16-ed99b6978c2a: no agents available; will retry on subsequent port and subnet creation events. [pid: 8|app: 0|req: 539/1204] 10.0.0.205 () {32 vars in 739 bytes} [Wed Apr 29 03:03:53 2026] DELETE /v2.0/security-groups/9905721d-c577-40ed-8dc8-1f82f72e4d6e => generated 0 bytes in 449 msecs (HTTP/1.1 204) 2 headers in 112 bytes (1 switches on core 0)
2026-04-29 03:03:53.983 8 INFO neutron.db.ovn_revision_numbers_db [None req-809cf32b-c6f6-4168-85ec-5554d662d9fb - - - - - -] Successfully bumped revision number for resource f02657bd-ba97-4a4a-afff-4c93d086f751 (type: ports) to 6 [pid: 8|app: 0|req: 540/1205] 10.0.0.53 () {34 vars in 1096 bytes} [Wed Apr 29 03:03:53 2026] GET /v2.0/security-groups?name=tempest-securitygroup--984674353&fields=id&tenant_id=e0c8b8dd2fe444eaabf618708b93fa4a => generated 69 bytes in 92 msecs (HTTP/1.1 200) 4 headers in 156 bytes (1 switches on core 0) [pid: 8|app: 0|req: 541/1206] 10.0.0.205 () {32 vars in 662 bytes} [Wed Apr 29 03:03:54 2026] GET /v2.0/security-groups => generated 2925 bytes in 131 msecs (HTTP/1.1 200) 4 headers in 158 bytes (1 switches on core 0)
2026-04-29 03:03:54.231 8 INFO neutron.db.ovn_revision_numbers_db [None req-3ab9ee27-8782-42ca-bbc8-bc5dc987a586 - - - - - -] Successfully bumped revision number for resource 64990ebd-ceee-4201-88e5-c8c74d2599e4 (type: ports) to 4
2026-04-29 03:03:54.252 8 WARNING neutron.plugins.ml2.drivers.ovn.mech_driver.ovsdb.ovn_client [None req-1ecaf1c9-5cc2-4468-aefd-926d4c32e145 - - - - - -] Logical_Switch_Port f02657bd-ba97-4a4a-afff-4c93d086f751 host information not removed, the port state is up
2026-04-29 03:03:54.253 8 INFO neutron.plugins.ml2.drivers.ovn.mech_driver.mech_driver [None req-1ecaf1c9-5cc2-4468-aefd-926d4c32e145 - - - - - -] OVN reports status up for port: f02657bd-ba97-4a4a-afff-4c93d086f751
2026-04-29 03:03:54.290 8 INFO neutron.plugins.ml2.plugin [None req-1ecaf1c9-5cc2-4468-aefd-926d4c32e145 - - - - - -] Attempt 1 to provision port f02657bd-ba97-4a4a-afff-4c93d086f751 [pid: 8|app: 0|req: 542/1207] 10.0.0.53 () {34 vars in 980 bytes} [Wed Apr 29 03:03:54 2026] GET /v2.0/networks?id=c3629810-e430-44a3-aecb-8eb77323cdc4 => generated 679 bytes in 145 msecs (HTTP/1.1 200) 4 headers in 157 bytes (1 switches on core 0)
2026-04-29 03:03:54.350 8 INFO neutron.api.v2.resource [None req-09100fcb-128d-430d-ba18-526ad9fd20c5 415adf0f4df34c76821a2b6e9cd502d6 c02a2ea2080f47168155cc388ac94c96 - - default default] delete failed (client error): The resource could not be found. [pid: 8|app: 0|req: 543/1208] 10.0.0.205 () {32 vars in 739 bytes} [Wed Apr 29 03:03:54 2026] DELETE /v2.0/security-groups/9905721d-c577-40ed-8dc8-1f82f72e4d6e => generated 146 bytes in 51 msecs (HTTP/1.1 404) 4 headers in 164 bytes (1 switches on core 0) [pid: 8|app: 0|req: 544/1209] 10.0.0.53 () {34 vars in 963 bytes} [Wed Apr 29 03:03:54 2026] GET /v2.0/quotas/e0c8b8dd2fe444eaabf618708b93fa4a => generated 292 bytes in 35 msecs (HTTP/1.1 200) 4 headers in 157 bytes (1 switches on core 0)
2026-04-29 03:03:54.442 7 INFO neutron.db.ovn_revision_numbers_db [None req-344705d0-5f8c-44b4-8187-09851c388ebf cb4b23c7b7c44ed0b8825fb5613f4072 000da5a1f8dd4604b32bd0711f36bed3 - - default default] Successfully bumped revision number for resource a1df236e-cafc-4b54-9584-5ec0afb06ff4 (type: router_ports) to 1 [pid: 7|app: 0|req: 666/1210] 10.0.0.205 () {34 vars in 782 bytes} [Wed Apr 29 03:03:52 2026] PUT /v2.0/routers/bd0ad40d-3bd8-4d8b-ade8-22fc1593ce18/add_router_interface => generated 309 bytes in 2099 msecs (HTTP/1.1 200) 4 headers in 157 bytes (1 switches on core 0) [pid: 7|app: 0|req: 667/1211] 10.0.0.53 () {34 vars in 1000 bytes} [Wed Apr 29 03:03:54 2026] GET /v2.0/ports?tenant_id=e0c8b8dd2fe444eaabf618708b93fa4a&fields=id => generated 103 bytes in 69 msecs (HTTP/1.1 200) 4 headers in 157 bytes (1 switches on core 0) [pid: 7|app: 0|req: 668/1212] 10.0.0.53 () {34 vars in 1006 bytes} [Wed Apr 29 03:03:54 2026] GET /v2.0/networks/c3629810-e430-44a3-aecb-8eb77323cdc4?fields=segments => generated 14 bytes in 47 msecs (HTTP/1.1 200) 4 headers in 156 bytes (1 switches on core 0) [pid: 7|app: 0|req: 669/1213] 10.0.0.53 () {34 vars in 1106 bytes} [Wed Apr 29 03:03:54 2026] GET /v2.0/networks/c3629810-e430-44a3-aecb-8eb77323cdc4?fields=provider%3Aphysical_network&fields=provider%3Anetwork_type => generated 79 bytes in 50 msecs (HTTP/1.1 200) 4 headers in 156 bytes (1 switches on core 0)
2026-04-29 03:03:54.830 8 INFO neutron.db.ovn_revision_numbers_db [None req-d2adfe3c-2f73-45aa-b9b1-e3135c00577e 415adf0f4df34c76821a2b6e9cd502d6 c02a2ea2080f47168155cc388ac94c96 - - default default] Successfully bumped revision number for resource 099f131e-9f29-4409-acf7-b52bac39472f (type: security_groups) to 1
2026-04-29 03:03:54.870 8 INFO neutron.db.ovn_revision_numbers_db [None req-d2adfe3c-2f73-45aa-b9b1-e3135c00577e 415adf0f4df34c76821a2b6e9cd502d6 c02a2ea2080f47168155cc388ac94c96 - - default default] Successfully bumped revision number for resource 29cf9f4d-a659-4e60-b2de-8abaff46ac44 (type: security_group_rules) to 0 [pid: 7|app: 0|req: 670/1214] 10.0.0.53 () {34 vars in 988 bytes} [Wed Apr 29 03:03:54 2026] GET /v2.0/ports?device_id=69898d90-99ba-4e47-9711-128bd6af06a6 => generated 12 bytes in 22 msecs (HTTP/1.1 200) 4 headers in 156 bytes (1 switches on core 0)
2026-04-29 03:03:54.930 8 INFO neutron.db.ovn_revision_numbers_db [None req-d2adfe3c-2f73-45aa-b9b1-e3135c00577e 415adf0f4df34c76821a2b6e9cd502d6 c02a2ea2080f47168155cc388ac94c96 - - default default] Successfully bumped revision number for resource 4fcc0fdb-eb3f-4cb2-a2d2-18d27ed634b5 (type: security_group_rules) to 0 [pid: 8|app: 0|req: 545/1215] 10.0.0.205 () {34 vars in 683 bytes} [Wed Apr 29 03:03:54 2026] POST /v2.0/security-groups => generated 1624 bytes in 650 msecs (HTTP/1.1 201) 4 headers in 163 bytes (1 switches on core 0)
2026-04-29 03:03:55.116 7 INFO neutron.db.ovn_revision_numbers_db [None req-1947b020-229a-4502-9aa0-0213a393c551 267d0a9c3f55482389051560e4f489e8 55c03efd9f6840ceaea121e02b43b459 - - default default] Successfully bumped revision number for resource 2a4c0f9a-af50-45a5-9b8d-8842f7b505d8 (type: security_groups) to 1
2026-04-29 03:03:55.127 7 INFO neutron.db.ovn_revision_numbers_db [None req-1947b020-229a-4502-9aa0-0213a393c551 267d0a9c3f55482389051560e4f489e8 55c03efd9f6840ceaea121e02b43b459 - - default default] Successfully bumped revision number for resource 0d80f1e0-d2f7-48a2-b287-81d30fdaf163 (type: security_group_rules) to 0
2026-04-29 03:03:55.137 7 INFO neutron.db.ovn_revision_numbers_db [None req-1947b020-229a-4502-9aa0-0213a393c551 267d0a9c3f55482389051560e4f489e8 55c03efd9f6840ceaea121e02b43b459 - - default default] Successfully bumped revision number for resource 44cec29d-81e0-4e7e-ad07-844cf281fc25 (type: security_group_rules) to 0 [pid: 7|app: 0|req: 671/1216] 10.0.0.205 () {34 vars in 684 bytes} [Wed Apr 29 03:03:54 2026] POST /v2.0/security-groups => generated 1660 bytes in 191 msecs (HTTP/1.1 201) 4 headers in 163 bytes (1 switches on core 0)
2026-04-29 03:03:55.300 7 INFO neutron.db.ovn_revision_numbers_db [None req-17903f9a-39d8-4ba6-b1f4-6adcf4c41c71 267d0a9c3f55482389051560e4f489e8 55c03efd9f6840ceaea121e02b43b459 - - default default] Successfully bumped revision number for resource 699c863d-0871-43cc-8d79-a893dd871faa (type: security_group_rules) to 0 [pid: 7|app: 0|req: 672/1217] 10.0.0.205 () {34 vars in 694 bytes} [Wed Apr 29 03:03:55 2026] POST /v2.0/security-group-rules => generated 597 bytes in 162 msecs (HTTP/1.1 201) 4 headers in 162 bytes (1 switches on core 0) [pid: 7|app: 0|req: 673/1218] 10.0.0.53 () {34 vars in 980 bytes} [Wed Apr 29 03:03:55 2026] GET /v2.0/networks?id=4c1461ee-06c7-41dc-a16e-77e40cf5b24d => generated 673 bytes in 40 msecs (HTTP/1.1 200) 4 headers in 157 bytes (1 switches on core 0)
2026-04-29 03:03:55.508 7 INFO neutron.db.ovn_revision_numbers_db [None req-558caa93-1aae-42e7-b048-d5398b3838ed 267d0a9c3f55482389051560e4f489e8 55c03efd9f6840ceaea121e02b43b459 - - default default] Successfully bumped revision number for resource 224e7ff0-3895-427b-9e0a-229883ca6ce1 (type: security_group_rules) to 0 [pid: 7|app: 0|req: 674/1219] 10.0.0.205 () {34 vars in 694 bytes} [Wed Apr 29 03:03:55 2026] POST /v2.0/security-group-rules => generated 602 bytes in 159 msecs (HTTP/1.1 201) 4 headers in 162 bytes (1 switches on core 0) [pid: 7|app: 0|req: 675/1220] 10.0.0.53 () {34 vars in 963 bytes} [Wed Apr 29 03:03:55 2026] GET /v2.0/quotas/ea725c1207d5452d9fc3f46251c7a2e7 => generated 292 bytes in 8 msecs (HTTP/1.1 200) 4 headers in 157 bytes (1 switches on core 0)
2026-04-29 03:03:55.765 7 WARNING neutron.scheduler.dhcp_agent_scheduler [None req-2a856f7e-7ccd-4624-b178-2d4f3ce8d937 267d0a9c3f55482389051560e4f489e8 55c03efd9f6840ceaea121e02b43b459 - - default default] No more DHCP agents
2026-04-29 03:03:55.768 7 WARNING neutron.api.rpc.agentnotifiers.dhcp_rpc_agent_api [None req-2a856f7e-7ccd-4624-b178-2d4f3ce8d937 267d0a9c3f55482389051560e4f489e8 55c03efd9f6840ceaea121e02b43b459 - - default default] Unable to schedule network 553239a2-448d-4f8b-86c9-5517183dff25: no agents available; will retry on subsequent port and subnet creation events.
2026-04-29 03:03:55.773 8 INFO neutron.db.ovn_revision_numbers_db [None req-10763da3-1d90-468b-80ea-fbd1eba3f99a 415adf0f4df34c76821a2b6e9cd502d6 c02a2ea2080f47168155cc388ac94c96 - - default default] Successfully bumped revision number for resource 7f35d100-2acf-4609-9e06-c7ee682760a2 (type: security_group_rules) to 0
2026-04-29 03:03:55.874 8 INFO neutron.db.ovn_revision_numbers_db [None req-1ecaf1c9-5cc2-4468-aefd-926d4c32e145 - - - - - -] Successfully bumped revision number for resource f02657bd-ba97-4a4a-afff-4c93d086f751 (type: ports) to 7 [pid: 8|app: 0|req: 546/1221] 10.0.0.205 () {34 vars in 694 bytes} [Wed Apr 29 03:03:55 2026] POST /v2.0/security-group-rules => generated 601 bytes in 841 msecs (HTTP/1.1 201) 4 headers in 162 bytes (1 switches on core 0) [pid: 7|app: 0|req: 676/1222] 10.0.0.205 () {34 vars in 675 bytes} [Wed Apr 29 03:03:55 2026] POST /v2.0/floatingips => generated 552 bytes in 537 msecs (HTTP/1.1 201) 4 headers in 162 bytes (1 switches on core 0) [pid: 7|app: 0|req: 677/1223] 10.0.0.205 () {32 vars in 746 bytes} [Wed Apr 29 03:03:56 2026] GET /v2.0/security-group-rules/7f35d100-2acf-4609-9e06-c7ee682760a2 => generated 601 bytes in 24 msecs (HTTP/1.1 200) 4 headers in 157 bytes (1 switches on core 0)
2026-04-29 03:03:56.112 8 INFO neutron.db.ovn_revision_numbers_db [None req-3ab9ee27-8782-42ca-bbc8-bc5dc987a586 - - - - - -] Successfully bumped revision number for resource 64990ebd-ceee-4201-88e5-c8c74d2599e4 (type: ports) to 5 [pid: 7|app: 0|req: 678/1224] 10.0.0.53 () {34 vars in 988 bytes} [Wed Apr 29 03:03:56 2026] GET /v2.0/ports?device_id=69898d90-99ba-4e47-9711-128bd6af06a6 => generated 12 bytes in 23 msecs (HTTP/1.1 200) 4 headers in 156 bytes (1 switches on core 0) [pid: 8|app: 0|req: 547/1225] 10.0.0.53 () {34 vars in 1000 bytes} [Wed Apr 29 03:03:55 2026] GET /v2.0/ports?tenant_id=ea725c1207d5452d9fc3f46251c7a2e7&fields=id => generated 103 bytes in 291 msecs (HTTP/1.1 200) 4 headers in 157 bytes (1 switches on core 0)
2026-04-29 03:03:56.196 8 INFO neutron.plugins.ml2.drivers.ovn.mech_driver.mech_driver [None req-befb4659-5b6d-4392-80bf-35deded0aaef - - - - - -] OVN reports status down for port: 065b4a27-2ad3-47af-a571-9e89c944ce67 [pid: 7|app: 0|req: 679/1226] 10.0.0.205 () {32 vars in 672 bytes} [Wed Apr 29 03:03:56 2026] GET /v2.0/security-group-rules => generated 4138 bytes in 83 msecs (HTTP/1.1 200) 4 headers in 158 bytes (1 switches on core 0) [pid: 7|app: 0|req: 680/1227] 10.0.0.205 () {32 vars in 749 bytes} [Wed Apr 29 03:03:56 2026] DELETE /v2.0/security-group-rules/7f35d100-2acf-4609-9e06-c7ee682760a2 => generated 0 bytes in 136 msecs (HTTP/1.1 204) 2 headers in 112 bytes (1 switches on core 0)
2026-04-29 03:03:56.357 8 INFO neutron.plugins.ml2.drivers.ovn.mech_driver.mech_driver [None req-befb4659-5b6d-4392-80bf-35deded0aaef - - - - - -] OVN reports status down for port: d6bae6c4-858b-4986-921a-c421823d24d7 [pid: 8|app: 0|req: 548/1228] 10.0.0.53 () {34 vars in 1006 bytes} [Wed Apr 29 03:03:56 2026] GET /v2.0/networks/4c1461ee-06c7-41dc-a16e-77e40cf5b24d?fields=segments => generated 14 bytes in 172 msecs (HTTP/1.1 200) 4 headers in 156 bytes (1 switches on core 0) [pid: 7|app: 0|req: 681/1229] 10.0.0.205 () {32 vars in 672 bytes} [Wed Apr 29 03:03:56 2026] GET /v2.0/security-group-rules => generated 3560 bytes in 53 msecs (HTTP/1.1 200) 4 headers in 158 bytes (1 switches on core 0) [pid: 8|app: 0|req: 549/1230] 10.0.0.53 () {34 vars in 1106 bytes} [Wed Apr 29 03:03:56 2026] GET /v2.0/networks/4c1461ee-06c7-41dc-a16e-77e40cf5b24d?fields=provider%3Aphysical_network&fields=provider%3Anetwork_type => generated 79 bytes in 72 msecs (HTTP/1.1 200) 4 headers in 156 bytes (1 switches on core 0)
2026-04-29 03:03:56.447 8 WARNING neutron.plugins.ml2.drivers.ovn.mech_driver.ovsdb.ovn_client [None req-befb4659-5b6d-4392-80bf-35deded0aaef - - - - - -] Logical_Switch_Port d6bae6c4-858b-4986-921a-c421823d24d7 host information not removed, the port state is up
2026-04-29 03:03:56.448 8 INFO neutron.plugins.ml2.drivers.ovn.mech_driver.mech_driver [None req-befb4659-5b6d-4392-80bf-35deded0aaef - - - - - -] OVN reports status down for port: 64990ebd-ceee-4201-88e5-c8c74d2599e4 [pid: 8|app: 0|req: 550/1231] 10.0.0.53 () {34 vars in 1098 bytes} [Wed Apr 29 03:03:56 2026] GET /v2.0/security-groups?name=tempest-securitygroup--1112520921&fields=id&tenant_id=55c03efd9f6840ceaea121e02b43b459 => generated 69 bytes in 62 msecs (HTTP/1.1 200) 4 headers in 156 bytes (1 switches on core 0)
2026-04-29 03:03:56.561 7 INFO neutron.db.ovn_revision_numbers_db [None req-43678ef2-3706-4e29-9a72-b040407037b3 415adf0f4df34c76821a2b6e9cd502d6 c02a2ea2080f47168155cc388ac94c96 - - default default] Successfully bumped revision number for resource 58bb0814-4f24-4136-9edd-fa17b2e6904c (type: security_group_rules) to 0 [pid: 7|app: 0|req: 682/1232] 10.0.0.205 () {34 vars in 694 bytes} [Wed Apr 29 03:03:56 2026] POST /v2.0/security-group-rules => generated 601 bytes in 163 msecs (HTTP/1.1 201) 4 headers in 162 bytes (1 switches on core 0) [pid: 7|app: 0|req: 683/1233] 10.0.0.53 () {34 vars in 988 bytes} [Wed Apr 29 03:03:56 2026] GET /v2.0/ports?device_id=e867b2c5-ae2e-4810-b36e-92ae86328d33 => generated 12 bytes in 14 msecs (HTTP/1.1 200) 4 headers in 156 bytes (1 switches on core 0) [pid: 7|app: 0|req: 684/1234] 10.0.0.205 () {32 vars in 746 bytes} [Wed Apr 29 03:03:56 2026] GET /v2.0/security-group-rules/58bb0814-4f24-4136-9edd-fa17b2e6904c => generated 601 bytes in 18 msecs (HTTP/1.1 200) 4 headers in 157 bytes (1 switches on core 0) [pid: 8|app: 0|req: 551/1235] 10.0.0.53 () {34 vars in 980 bytes} [Wed Apr 29 03:03:56 2026] GET /v2.0/networks?id=69d7675a-9ba0-4f5c-8c16-ed99b6978c2a => generated 676 bytes in 122 msecs (HTTP/1.1 200) 4 headers in 157 bytes (1 switches on core 0) [pid: 7|app: 0|req: 685/1236] 10.0.0.205 () {32 vars in 672 bytes} [Wed Apr 29 03:03:56 2026] GET /v2.0/security-group-rules => generated 4138 bytes in 56 msecs (HTTP/1.1 200) 4 headers in 158 bytes (1 switches on core 0) [pid: 8|app: 0|req: 552/1237] 10.0.0.53 () {34 vars in 963 bytes} [Wed Apr 29 03:03:56 2026] GET /v2.0/quotas/55c03efd9f6840ceaea121e02b43b459 => generated 292 bytes in 16 msecs (HTTP/1.1 200) 4 headers in 157 bytes (1 switches on core 0) [pid: 7|app: 0|req: 686/1238] 10.0.0.205 () {32 vars in 749 bytes} [Wed Apr 29 03:03:56 2026] DELETE /v2.0/security-group-rules/58bb0814-4f24-4136-9edd-fa17b2e6904c => generated 0 bytes in 113 msecs (HTTP/1.1 204) 2 headers in 112 bytes (1 switches on core 0) [pid: 8|app: 0|req: 553/1239] 10.0.0.53 () {34 vars in 1000 bytes} [Wed Apr 29 03:03:56 2026] GET /v2.0/ports?tenant_id=55c03efd9f6840ceaea121e02b43b459&fields=id => generated 103 bytes in 129 msecs (HTTP/1.1 200) 4 headers in 157 bytes (1 switches on core 0) [pid: 7|app: 0|req: 687/1240] 10.0.0.205 () {32 vars in 672 bytes} [Wed Apr 29 03:03:56 2026] GET /v2.0/security-group-rules => generated 3560 bytes in 45 msecs (HTTP/1.1 200) 4 headers in 158 bytes (1 switches on core 0)
2026-04-29 03:03:56.898 7 INFO neutron.db.securitygroups_db [None req-e6dee754-5a86-49e5-b613-309bb6cfedea 415adf0f4df34c76821a2b6e9cd502d6 c02a2ea2080f47168155cc388ac94c96 - - default default] Project c02a2ea2080f47168155cc388ac94c96 added a security group rule with legacy IPv6 ICMP protocol name icmp, ipv6-icmp should be used instead. It was automatically converted. [pid: 8|app: 0|req: 554/1241] 10.0.0.53 () {34 vars in 1006 bytes} [Wed Apr 29 03:03:56 2026] GET /v2.0/networks/69d7675a-9ba0-4f5c-8c16-ed99b6978c2a?fields=segments => generated 14 bytes in 97 msecs (HTTP/1.1 200) 4 headers in 156 bytes (1 switches on core 0)
2026-04-29 03:03:56.985 8 INFO neutron.db.ovn_revision_numbers_db [None req-befb4659-5b6d-4392-80bf-35deded0aaef - - - - - -] Successfully bumped revision number for resource 64990ebd-ceee-4201-88e5-c8c74d2599e4 (type: ports) to 6 [pid: 8|app: 0|req: 555/1242] 10.0.0.53 () {34 vars in 1106 bytes} [Wed Apr 29 03:03:56 2026] GET /v2.0/networks/69d7675a-9ba0-4f5c-8c16-ed99b6978c2a?fields=provider%3Aphysical_network&fields=provider%3Anetwork_type => generated 79 bytes in 72 msecs (HTTP/1.1 200) 4 headers in 156 bytes (1 switches on core 0)
2026-04-29 03:03:57.039 7 INFO neutron.db.ovn_revision_numbers_db [None req-e6dee754-5a86-49e5-b613-309bb6cfedea 415adf0f4df34c76821a2b6e9cd502d6 c02a2ea2080f47168155cc388ac94c96 - - default default] Successfully bumped revision number for resource b49a8e67-a377-4c80-8f39-b858028b1150 (type: security_group_rules) to 0 [pid: 7|app: 0|req: 688/1243] 10.0.0.205 () {34 vars in 694 bytes} [Wed Apr 29 03:03:56 2026] POST /v2.0/security-group-rules => generated 607 bytes in 224 msecs (HTTP/1.1 201) 4 headers in 162 bytes (1 switches on core 0)
2026-04-29 03:03:57.077 8 WARNING neutron.plugins.ml2.drivers.ovn.mech_driver.ovsdb.ovn_client [None req-9a456961-50e0-4198-b80f-4539481575c0 - - - - - -] Logical_Switch_Port 64990ebd-ceee-4201-88e5-c8c74d2599e4 host information not removed, the port state is up
2026-04-29 03:03:57.077 8 INFO neutron.plugins.ml2.drivers.ovn.mech_driver.mech_driver [None req-9a456961-50e0-4198-b80f-4539481575c0 - - - - - -] OVN reports status up for port: d6bae6c4-858b-4986-921a-c421823d24d7
