2026-04-12 21:57:32.049 8 INFO cinder.api.openstack.wsgi [None req-15925513-c0e1-4e15-bbf2-a8d4a2d21dc5 237ab906d15b46c3965a7987c7a4e942 a337ae700e2d447ebbead920a79d3c4d - - default default] http://cinder-api.openstack.svc.cluster.local:8776/v3/a337ae700e2d447ebbead920a79d3c4d/snapshots?all_tenants=true returned with HTTP 200 [pid: 8|app: 0|req: 340/685] 10.0.0.32 () {28 vars in 673 bytes} [Sun Apr 12 21:57:32 2026] GET /v3/a337ae700e2d447ebbead920a79d3c4d/snapshots?all_tenants=true => generated 17 bytes in 16 msecs (HTTP/1.1 200) 7 headers in 284 bytes (1 switches on core 0) /var/lib/openstack/lib/python3.12/site-packages/pycadf/identifier.py:70: UserWarning: Invalid uuid: cinderv3. To ensure interoperability, identifiers should be a valid uuid. warnings.warn(('Invalid uuid: %s. To ensure interoperability, '
2026-04-12 21:57:32.101 7 INFO cinder.api.openstack.wsgi [None req-84cca1d3-3c4d-4653-b9a8-7876d3c1a91b 237ab906d15b46c3965a7987c7a4e942 a337ae700e2d447ebbead920a79d3c4d - - default default] GET http://cinder-api.openstack.svc.cluster.local:8776/v3/a337ae700e2d447ebbead920a79d3c4d/os-quota-sets/47646483a71b44d688da9eb9b5c8863a?usage=true
2026-04-12 21:57:32.130 7 INFO cinder.api.openstack.wsgi [None req-84cca1d3-3c4d-4653-b9a8-7876d3c1a91b 237ab906d15b46c3965a7987c7a4e942 a337ae700e2d447ebbead920a79d3c4d - - default default] http://cinder-api.openstack.svc.cluster.local:8776/v3/a337ae700e2d447ebbead920a79d3c4d/os-quota-sets/47646483a71b44d688da9eb9b5c8863a?usage=true returned with HTTP 200 [pid: 7|app: 0|req: 346/686] 10.0.0.32 () {28 vars in 735 bytes} [Sun Apr 12 21:57:32 2026] GET /v3/a337ae700e2d447ebbead920a79d3c4d/os-quota-sets/47646483a71b44d688da9eb9b5c8863a?usage=true => generated 847 bytes in 37 msecs (HTTP/1.1 200) 7 headers in 285 bytes (1 switches on core 0)
2026-04-12 21:57:32.144 8 INFO cinder.api.openstack.wsgi [None req-c4ed60e6-28a8-4fce-9c02-bfc899f9956e 237ab906d15b46c3965a7987c7a4e942 a337ae700e2d447ebbead920a79d3c4d - - default default] GET http://cinder-api.openstack.svc.cluster.local:8776/v3/a337ae700e2d447ebbead920a79d3c4d/os-quota-sets/a337ae700e2d447ebbead920a79d3c4d?usage=true
2026-04-12 21:57:32.167 8 INFO cinder.api.openstack.wsgi [None req-c4ed60e6-28a8-4fce-9c02-bfc899f9956e 237ab906d15b46c3965a7987c7a4e942 a337ae700e2d447ebbead920a79d3c4d - - default default] http://cinder-api.openstack.svc.cluster.local:8776/v3/a337ae700e2d447ebbead920a79d3c4d/os-quota-sets/a337ae700e2d447ebbead920a79d3c4d?usage=true returned with HTTP 200 [pid: 8|app: 0|req: 341/687] 10.0.0.32 () {28 vars in 735 bytes} [Sun Apr 12 21:57:32 2026] GET /v3/a337ae700e2d447ebbead920a79d3c4d/os-quota-sets/a337ae700e2d447ebbead920a79d3c4d?usage=true => generated 845 bytes in 31 msecs (HTTP/1.1 200) 7 headers in 285 bytes (1 switches on core 0)
2026-04-12 21:57:32.178 7 INFO cinder.api.openstack.wsgi [None req-23ecb1de-edaf-4acd-929d-26b29cddd6a1 237ab906d15b46c3965a7987c7a4e942 a337ae700e2d447ebbead920a79d3c4d - - default default] GET http://cinder-api.openstack.svc.cluster.local:8776/v3/a337ae700e2d447ebbead920a79d3c4d/os-quota-sets/a5476c4345f84d88aad9635993174940?usage=true
2026-04-12 21:57:32.199 7 INFO cinder.api.openstack.wsgi [None req-23ecb1de-edaf-4acd-929d-26b29cddd6a1 237ab906d15b46c3965a7987c7a4e942 a337ae700e2d447ebbead920a79d3c4d - - default default] http://cinder-api.openstack.svc.cluster.local:8776/v3/a337ae700e2d447ebbead920a79d3c4d/os-quota-sets/a5476c4345f84d88aad9635993174940?usage=true returned with HTTP 200 [pid: 7|app: 0|req: 347/688] 10.0.0.32 () {28 vars in 735 bytes} [Sun Apr 12 21:57:32 2026] GET /v3/a337ae700e2d447ebbead920a79d3c4d/os-quota-sets/a5476c4345f84d88aad9635993174940?usage=true => generated 845 bytes in 27 msecs (HTTP/1.1 200) 7 headers in 285 bytes (1 switches on core 0)
2026-04-12 21:57:32.210 8 INFO cinder.api.openstack.wsgi [None req-d9101424-a788-415f-8747-691c830aa714 237ab906d15b46c3965a7987c7a4e942 a337ae700e2d447ebbead920a79d3c4d - - default default] GET http://cinder-api.openstack.svc.cluster.local:8776/v3/a337ae700e2d447ebbead920a79d3c4d/os-quota-sets/aaf39e2b5ebe41129d898481fc27cfd0?usage=true
2026-04-12 21:57:32.231 8 INFO cinder.api.openstack.wsgi [None req-d9101424-a788-415f-8747-691c830aa714 237ab906d15b46c3965a7987c7a4e942 a337ae700e2d447ebbead920a79d3c4d - - default default] http://cinder-api.openstack.svc.cluster.local:8776/v3/a337ae700e2d447ebbead920a79d3c4d/os-quota-sets/aaf39e2b5ebe41129d898481fc27cfd0?usage=true returned with HTTP 200 [pid: 8|app: 0|req: 342/689] 10.0.0.32 () {28 vars in 735 bytes} [Sun Apr 12 21:57:32 2026] GET /v3/a337ae700e2d447ebbead920a79d3c4d/os-quota-sets/aaf39e2b5ebe41129d898481fc27cfd0?usage=true => generated 847 bytes in 28 msecs (HTTP/1.1 200) 7 headers in 285 bytes (1 switches on core 0)
2026-04-12 21:57:32.243 7 INFO cinder.api.openstack.wsgi [None req-b69a0bd6-aeaa-48e8-8adc-39c06b055928 237ab906d15b46c3965a7987c7a4e942 a337ae700e2d447ebbead920a79d3c4d - - default default] GET http://cinder-api.openstack.svc.cluster.local:8776/v3/a337ae700e2d447ebbead920a79d3c4d/os-quota-sets/e8c0ed6aa6ba4a38a159243a6a663a8b?usage=true
2026-04-12 21:57:32.268 7 INFO cinder.api.openstack.wsgi [None req-b69a0bd6-aeaa-48e8-8adc-39c06b055928 237ab906d15b46c3965a7987c7a4e942 a337ae700e2d447ebbead920a79d3c4d - - default default] http://cinder-api.openstack.svc.cluster.local:8776/v3/a337ae700e2d447ebbead920a79d3c4d/os-quota-sets/e8c0ed6aa6ba4a38a159243a6a663a8b?usage=true returned with HTTP 200 [pid: 7|app: 0|req: 348/690] 10.0.0.32 () {28 vars in 735 bytes} [Sun Apr 12 21:57:32 2026] GET /v3/a337ae700e2d447ebbead920a79d3c4d/os-quota-sets/e8c0ed6aa6ba4a38a159243a6a663a8b?usage=true => generated 847 bytes in 33 msecs (HTTP/1.1 200) 7 headers in 285 bytes (1 switches on core 0)
2026-04-12 21:57:32.281 8 INFO cinder.api.openstack.wsgi [None req-528bd5b4-4910-4143-a0cf-fb0bb3c9a0aa 237ab906d15b46c3965a7987c7a4e942 a337ae700e2d447ebbead920a79d3c4d - - default default] GET http://cinder-api.openstack.svc.cluster.local:8776/v3/a337ae700e2d447ebbead920a79d3c4d/os-quota-sets/e9542a05aa2b45ed9b1656b0f7a8cf30?usage=true
2026-04-12 21:57:32.303 8 INFO cinder.api.openstack.wsgi [None req-528bd5b4-4910-4143-a0cf-fb0bb3c9a0aa 237ab906d15b46c3965a7987c7a4e942 a337ae700e2d447ebbead920a79d3c4d - - default default] http://cinder-api.openstack.svc.cluster.local:8776/v3/a337ae700e2d447ebbead920a79d3c4d/os-quota-sets/e9542a05aa2b45ed9b1656b0f7a8cf30?usage=true returned with HTTP 200 [pid: 8|app: 0|req: 343/691] 10.0.0.32 () {28 vars in 735 bytes} [Sun Apr 12 21:57:32 2026] GET /v3/a337ae700e2d447ebbead920a79d3c4d/os-quota-sets/e9542a05aa2b45ed9b1656b0f7a8cf30?usage=true => generated 847 bytes in 31 msecs (HTTP/1.1 200) 7 headers in 285 bytes (1 switches on core 0)
2026-04-12 21:57:32.315 7 INFO cinder.api.openstack.wsgi [None req-30d784b5-898b-4100-b5ff-0d2c2278689d 237ab906d15b46c3965a7987c7a4e942 a337ae700e2d447ebbead920a79d3c4d - - default default] GET http://cinder-api.openstack.svc.cluster.local:8776/v3/a337ae700e2d447ebbead920a79d3c4d/os-quota-sets/ef1895396ac14984931751bc05f34bda?usage=true
2026-04-12 21:57:32.338 7 INFO cinder.api.openstack.wsgi [None req-30d784b5-898b-4100-b5ff-0d2c2278689d 237ab906d15b46c3965a7987c7a4e942 a337ae700e2d447ebbead920a79d3c4d - - default default] http://cinder-api.openstack.svc.cluster.local:8776/v3/a337ae700e2d447ebbead920a79d3c4d/os-quota-sets/ef1895396ac14984931751bc05f34bda?usage=true returned with HTTP 200 [pid: 7|app: 0|req: 349/692] 10.0.0.32 () {28 vars in 735 bytes} [Sun Apr 12 21:57:32 2026] GET /v3/a337ae700e2d447ebbead920a79d3c4d/os-quota-sets/ef1895396ac14984931751bc05f34bda?usage=true => generated 847 bytes in 30 msecs (HTTP/1.1 200) 7 headers in 285 bytes (1 switches on core 0)
2026-04-12 21:57:32.794 8 INFO cinder.api.openstack.wsgi [None req-22a14eb8-9722-4f66-a48b-17a4e1776d79 f451ff0356124112935c0b27346ae734 ef1895396ac14984931751bc05f34bda - - default default] GET http://cinder-api.openstack.svc.cluster.local:8776/v3/ef1895396ac14984931751bc05f34bda/volumes/e44439f0-14ad-49f0-a421-04ee87f72c61 /var/lib/openstack/lib/python3.12/site-packages/oslo_context/context.py:100: DeprecationWarning: Policy enforcement is depending on the value of is_admin. This key is deprecated. Please update your policy file to use the standard policy values. warnings.warn('Policy enforcement is depending on the value of '
2026-04-12 21:57:32.807 8 INFO cinder.volume.api [None req-22a14eb8-9722-4f66-a48b-17a4e1776d79 f451ff0356124112935c0b27346ae734 ef1895396ac14984931751bc05f34bda - - default default] Volume info retrieved successfully.
2026-04-12 21:57:32.812 8 INFO cinder.api.openstack.wsgi [None req-22a14eb8-9722-4f66-a48b-17a4e1776d79 f451ff0356124112935c0b27346ae734 ef1895396ac14984931751bc05f34bda - - default default] http://cinder-api.openstack.svc.cluster.local:8776/v3/ef1895396ac14984931751bc05f34bda/volumes/e44439f0-14ad-49f0-a421-04ee87f72c61 returned with HTTP 200 [pid: 8|app: 0|req: 344/693] 10.0.0.203 () {32 vars in 775 bytes} [Sun Apr 12 21:57:32 2026] GET /v3/ef1895396ac14984931751bc05f34bda/volumes/e44439f0-14ad-49f0-a421-04ee87f72c61 => generated 956 bytes in 23 msecs (HTTP/1.1 200) 7 headers in 285 bytes (1 switches on core 0)
2026-04-12 21:57:33.836 7 INFO cinder.api.openstack.wsgi [None req-f8c82af2-17e3-4d14-8bc1-8e6479602dcf f451ff0356124112935c0b27346ae734 ef1895396ac14984931751bc05f34bda - - default default] GET http://cinder-api.openstack.svc.cluster.local:8776/v3/ef1895396ac14984931751bc05f34bda/volumes/e44439f0-14ad-49f0-a421-04ee87f72c61 /var/lib/openstack/lib/python3.12/site-packages/oslo_context/context.py:100: DeprecationWarning: Policy enforcement is depending on the value of is_admin. This key is deprecated. Please update your policy file to use the standard policy values. warnings.warn('Policy enforcement is depending on the value of '
2026-04-12 21:57:33.854 7 INFO cinder.volume.api [None req-f8c82af2-17e3-4d14-8bc1-8e6479602dcf f451ff0356124112935c0b27346ae734 ef1895396ac14984931751bc05f34bda - - default default] Volume info retrieved successfully.
2026-04-12 21:57:33.860 7 INFO cinder.api.openstack.wsgi [None req-f8c82af2-17e3-4d14-8bc1-8e6479602dcf f451ff0356124112935c0b27346ae734 ef1895396ac14984931751bc05f34bda - - default default] http://cinder-api.openstack.svc.cluster.local:8776/v3/ef1895396ac14984931751bc05f34bda/volumes/e44439f0-14ad-49f0-a421-04ee87f72c61 returned with HTTP 200 [pid: 7|app: 0|req: 350/694] 10.0.0.203 () {32 vars in 775 bytes} [Sun Apr 12 21:57:33 2026] GET /v3/ef1895396ac14984931751bc05f34bda/volumes/e44439f0-14ad-49f0-a421-04ee87f72c61 => generated 1341 bytes in 32 msecs (HTTP/1.1 200) 7 headers in 286 bytes (1 switches on core 0) /var/lib/openstack/lib/python3.12/site-packages/pycadf/identifier.py:70: UserWarning: Invalid uuid: cinderv3. To ensure interoperability, identifiers should be a valid uuid. warnings.warn(('Invalid uuid: %s. To ensure interoperability, '
2026-04-12 21:57:33.975 8 INFO cinder.api.openstack.wsgi [req-c3c809f2-fc56-41b2-9562-c70d356e2c5e req-d60207d2-d2a1-4c0e-9c87-8fc0cc3508b3 f451ff0356124112935c0b27346ae734 ef1895396ac14984931751bc05f34bda - - default default] GET http://cinder-api.openstack.svc.cluster.local:8776/v3/ef1895396ac14984931751bc05f34bda/volumes/e44439f0-14ad-49f0-a421-04ee87f72c61 /var/lib/openstack/lib/python3.12/site-packages/oslo_context/context.py:100: DeprecationWarning: Policy enforcement is depending on the value of is_admin. This key is deprecated. Please update your policy file to use the standard policy values. warnings.warn('Policy enforcement is depending on the value of '
2026-04-12 21:57:33.999 8 INFO cinder.volume.api [req-c3c809f2-fc56-41b2-9562-c70d356e2c5e req-d60207d2-d2a1-4c0e-9c87-8fc0cc3508b3 f451ff0356124112935c0b27346ae734 ef1895396ac14984931751bc05f34bda - - default default] Volume info retrieved successfully.
2026-04-12 21:57:34.007 8 INFO cinder.api.openstack.wsgi [req-c3c809f2-fc56-41b2-9562-c70d356e2c5e req-d60207d2-d2a1-4c0e-9c87-8fc0cc3508b3 f451ff0356124112935c0b27346ae734 ef1895396ac14984931751bc05f34bda - - default default] http://cinder-api.openstack.svc.cluster.local:8776/v3/ef1895396ac14984931751bc05f34bda/volumes/e44439f0-14ad-49f0-a421-04ee87f72c61 returned with HTTP 200 [pid: 8|app: 0|req: 345/695] 10.0.0.190 () {34 vars in 1028 bytes} [Sun Apr 12 21:57:33 2026] GET /v3/ef1895396ac14984931751bc05f34bda/volumes/e44439f0-14ad-49f0-a421-04ee87f72c61 => generated 1341 bytes in 42 msecs (HTTP/1.1 200) 7 headers in 286 bytes (1 switches on core 0) /var/lib/openstack/lib/python3.12/site-packages/pycadf/identifier.py:70: UserWarning: Invalid uuid: cinderv3. To ensure interoperability, identifiers should be a valid uuid. warnings.warn(('Invalid uuid: %s. To ensure interoperability, '
2026-04-12 21:57:35.264 7 INFO cinder.api.openstack.wsgi [req-c3c809f2-fc56-41b2-9562-c70d356e2c5e req-fc8d7e39-acdd-4a94-a793-43e1a852cd33 f451ff0356124112935c0b27346ae734 ef1895396ac14984931751bc05f34bda - - default default] GET http://cinder-api.openstack.svc.cluster.local:8776/v3/ef1895396ac14984931751bc05f34bda/volumes/e44439f0-14ad-49f0-a421-04ee87f72c61 /var/lib/openstack/lib/python3.12/site-packages/oslo_context/context.py:100: DeprecationWarning: Policy enforcement is depending on the value of is_admin. This key is deprecated. Please update your policy file to use the standard policy values. warnings.warn('Policy enforcement is depending on the value of '
2026-04-12 21:57:35.280 7 INFO cinder.volume.api [req-c3c809f2-fc56-41b2-9562-c70d356e2c5e req-fc8d7e39-acdd-4a94-a793-43e1a852cd33 f451ff0356124112935c0b27346ae734 ef1895396ac14984931751bc05f34bda - - default default] Volume info retrieved successfully.
2026-04-12 21:57:35.284 7 INFO cinder.api.openstack.wsgi [req-c3c809f2-fc56-41b2-9562-c70d356e2c5e req-fc8d7e39-acdd-4a94-a793-43e1a852cd33 f451ff0356124112935c0b27346ae734 ef1895396ac14984931751bc05f34bda - - default default] http://cinder-api.openstack.svc.cluster.local:8776/v3/ef1895396ac14984931751bc05f34bda/volumes/e44439f0-14ad-49f0-a421-04ee87f72c61 returned with HTTP 200 [pid: 7|app: 0|req: 351/696] 10.0.0.190 () {34 vars in 1028 bytes} [Sun Apr 12 21:57:35 2026] GET /v3/ef1895396ac14984931751bc05f34bda/volumes/e44439f0-14ad-49f0-a421-04ee87f72c61 => generated 1341 bytes in 26 msecs (HTTP/1.1 200) 7 headers in 286 bytes (1 switches on core 0)
2026-04-12 21:57:35.293 8 INFO cinder.api.openstack.wsgi [req-c3c809f2-fc56-41b2-9562-c70d356e2c5e req-d60207d2-d2a1-4c0e-9c87-8fc0cc3508b3 f451ff0356124112935c0b27346ae734 ef1895396ac14984931751bc05f34bda - - default default] GET http://cinder-api.openstack.svc.cluster.local:8776/
2026-04-12 21:57:35.294 8 INFO cinder.api.openstack.wsgi [req-c3c809f2-fc56-41b2-9562-c70d356e2c5e req-d60207d2-d2a1-4c0e-9c87-8fc0cc3508b3 f451ff0356124112935c0b27346ae734 ef1895396ac14984931751bc05f34bda - - default default] http://cinder-api.openstack.svc.cluster.local:8776/ returned with HTTP 300 [pid: 8|app: 0|req: 346/697] 10.0.0.190 () {32 vars in 829 bytes} [Sun Apr 12 21:57:35 2026] GET / => generated 411 bytes in 3 msecs (HTTP/1.1 300) 5 headers in 169 bytes (1 switches on core 0) /var/lib/openstack/lib/python3.12/site-packages/pycadf/identifier.py:70: UserWarning: Invalid uuid: cinderv3. To ensure interoperability, identifiers should be a valid uuid. warnings.warn(('Invalid uuid: %s. To ensure interoperability, '
2026-04-12 21:57:35.324 7 INFO cinder.api.openstack.wsgi [req-c3c809f2-fc56-41b2-9562-c70d356e2c5e req-5df3c45e-0c7c-4961-a309-7ba44dde6fa9 f451ff0356124112935c0b27346ae734 ef1895396ac14984931751bc05f34bda - - default default] POST http://cinder-api.openstack.svc.cluster.local:8776/v3/ef1895396ac14984931751bc05f34bda/attachments /var/lib/openstack/lib/python3.12/site-packages/oslo_context/context.py:100: DeprecationWarning: Policy enforcement is depending on the value of is_admin. This key is deprecated. Please update your policy file to use the standard policy values. warnings.warn('Policy enforcement is depending on the value of '
2026-04-12 21:57:35.389 7 INFO cinder.api.openstack.wsgi [req-c3c809f2-fc56-41b2-9562-c70d356e2c5e req-5df3c45e-0c7c-4961-a309-7ba44dde6fa9 f451ff0356124112935c0b27346ae734 ef1895396ac14984931751bc05f34bda - - default default] http://cinder-api.openstack.svc.cluster.local:8776/v3/ef1895396ac14984931751bc05f34bda/attachments returned with HTTP 200 [pid: 7|app: 0|req: 352/698] 10.0.0.190 () {40 vars in 1057 bytes} [Sun Apr 12 21:57:35 2026] POST /v3/ef1895396ac14984931751bc05f34bda/attachments => generated 273 bytes in 90 msecs (HTTP/1.1 200) 7 headers in 286 bytes (1 switches on core 0)
2026-04-12 21:57:41.461 8 INFO cinder.api.openstack.wsgi [req-c3c809f2-fc56-41b2-9562-c70d356e2c5e req-d60207d2-d2a1-4c0e-9c87-8fc0cc3508b3 f451ff0356124112935c0b27346ae734 ef1895396ac14984931751bc05f34bda - - default default] GET http://cinder-api.openstack.svc.cluster.local:8776/
2026-04-12 21:57:41.463 8 INFO cinder.api.openstack.wsgi [req-c3c809f2-fc56-41b2-9562-c70d356e2c5e req-d60207d2-d2a1-4c0e-9c87-8fc0cc3508b3 f451ff0356124112935c0b27346ae734 ef1895396ac14984931751bc05f34bda - - default default] http://cinder-api.openstack.svc.cluster.local:8776/ returned with HTTP 300 [pid: 8|app: 0|req: 347/699] 199.204.45.156 () {32 vars in 840 bytes} [Sun Apr 12 21:57:41 2026] GET / => generated 411 bytes in 3 msecs (HTTP/1.1 300) 5 headers in 169 bytes (1 switches on core 0) /var/lib/openstack/lib/python3.12/site-packages/pycadf/identifier.py:70: UserWarning: Invalid uuid: cinderv3. To ensure interoperability, identifiers should be a valid uuid. warnings.warn(('Invalid uuid: %s. To ensure interoperability, '
2026-04-12 21:57:41.506 7 INFO cinder.api.openstack.wsgi [req-c3c809f2-fc56-41b2-9562-c70d356e2c5e req-b74c8cb4-ae02-4641-9778-6573d3c4fff0 f451ff0356124112935c0b27346ae734 ef1895396ac14984931751bc05f34bda - - default default] GET http://cinder-api.openstack.svc.cluster.local:8776/v3/ef1895396ac14984931751bc05f34bda/volumes/e44439f0-14ad-49f0-a421-04ee87f72c61 /var/lib/openstack/lib/python3.12/site-packages/oslo_context/context.py:100: DeprecationWarning: Policy enforcement is depending on the value of is_admin. This key is deprecated. Please update your policy file to use the standard policy values. warnings.warn('Policy enforcement is depending on the value of '
2026-04-12 21:57:41.525 7 INFO cinder.volume.api [req-c3c809f2-fc56-41b2-9562-c70d356e2c5e req-b74c8cb4-ae02-4641-9778-6573d3c4fff0 f451ff0356124112935c0b27346ae734 ef1895396ac14984931751bc05f34bda - - default default] Volume info retrieved successfully.
2026-04-12 21:57:41.536 7 INFO cinder.api.openstack.wsgi [req-c3c809f2-fc56-41b2-9562-c70d356e2c5e req-b74c8cb4-ae02-4641-9778-6573d3c4fff0 f451ff0356124112935c0b27346ae734 ef1895396ac14984931751bc05f34bda - - default default] http://cinder-api.openstack.svc.cluster.local:8776/v3/ef1895396ac14984931751bc05f34bda/volumes/e44439f0-14ad-49f0-a421-04ee87f72c61 returned with HTTP 200 [pid: 7|app: 0|req: 353/700] 199.204.45.156 () {36 vars in 1073 bytes} [Sun Apr 12 21:57:41 2026] GET /v3/ef1895396ac14984931751bc05f34bda/volumes/e44439f0-14ad-49f0-a421-04ee87f72c61 => generated 1521 bytes in 39 msecs (HTTP/1.1 200) 7 headers in 287 bytes (1 switches on core 0)
2026-04-12 21:57:41.593 7 INFO cinder.api.openstack.wsgi [req-c3c809f2-fc56-41b2-9562-c70d356e2c5e req-b74c8cb4-ae02-4641-9778-6573d3c4fff0 f451ff0356124112935c0b27346ae734 ef1895396ac14984931751bc05f34bda - - default default] GET http://10.0.0.135:8776/
2026-04-12 21:57:41.593 8 INFO cinder.api.openstack.wsgi [req-c3c809f2-fc56-41b2-9562-c70d356e2c5e req-d60207d2-d2a1-4c0e-9c87-8fc0cc3508b3 f451ff0356124112935c0b27346ae734 ef1895396ac14984931751bc05f34bda - - default default] GET http://10.0.0.135:8776/
2026-04-12 21:57:41.596 7 INFO cinder.api.openstack.wsgi [req-c3c809f2-fc56-41b2-9562-c70d356e2c5e req-b74c8cb4-ae02-4641-9778-6573d3c4fff0 f451ff0356124112935c0b27346ae734 ef1895396ac14984931751bc05f34bda - - default default] http://10.0.0.135:8776/ returned with HTTP 300
2026-04-12 21:57:41.598 8 INFO cinder.api.openstack.wsgi [req-c3c809f2-fc56-41b2-9562-c70d356e2c5e req-d60207d2-d2a1-4c0e-9c87-8fc0cc3508b3 f451ff0356124112935c0b27346ae734 ef1895396ac14984931751bc05f34bda - - default default] http://10.0.0.135:8776/ returned with HTTP 300 /var/lib/openstack/lib/python3.12/site-packages/pycadf/identifier.py:70: UserWarning: Invalid uuid: cinderv3. To ensure interoperability, identifiers should be a valid uuid. warnings.warn(('Invalid uuid: %s. To ensure interoperability, '
2026-04-12 21:57:43.588 7 INFO cinder.api.openstack.wsgi [req-c3c809f2-fc56-41b2-9562-c70d356e2c5e req-d3088547-217b-4cc1-9a9c-5601f09bf04d f451ff0356124112935c0b27346ae734 ef1895396ac14984931751bc05f34bda - - default default] PUT http://cinder-api.openstack.svc.cluster.local:8776/v3/ef1895396ac14984931751bc05f34bda/attachments/f6d45a8a-8156-42af-a669-f6293ccdc7fd /var/lib/openstack/lib/python3.12/site-packages/oslo_context/context.py:100: DeprecationWarning: Policy enforcement is depending on the value of is_admin. This key is deprecated. Please update your policy file to use the standard policy values. warnings.warn('Policy enforcement is depending on the value of '
2026-04-12 21:57:44.625 7 INFO cinder.api.openstack.wsgi [req-c3c809f2-fc56-41b2-9562-c70d356e2c5e req-d3088547-217b-4cc1-9a9c-5601f09bf04d f451ff0356124112935c0b27346ae734 ef1895396ac14984931751bc05f34bda - - default default] http://cinder-api.openstack.svc.cluster.local:8776/v3/ef1895396ac14984931751bc05f34bda/attachments/f6d45a8a-8156-42af-a669-f6293ccdc7fd returned with HTTP 200 [pid: 7|app: 0|req: 355/703] 199.204.45.156 () {40 vars in 1135 bytes} [Sun Apr 12 21:57:43 2026] PUT /v3/ef1895396ac14984931751bc05f34bda/attachments/f6d45a8a-8156-42af-a669-f6293ccdc7fd => generated 802 bytes in 1046 msecs (HTTP/1.1 200) 7 headers in 286 bytes (1 switches on core 0) /var/lib/openstack/lib/python3.12/site-packages/pycadf/identifier.py:70: UserWarning: Invalid uuid: cinderv3. To ensure interoperability, identifiers should be a valid uuid. warnings.warn(('Invalid uuid: %s. To ensure interoperability, '
2026-04-12 21:57:45.148 8 INFO cinder.api.openstack.wsgi [req-c3c809f2-fc56-41b2-9562-c70d356e2c5e req-0e353523-4a6d-4aad-9d15-834a266509de f451ff0356124112935c0b27346ae734 ef1895396ac14984931751bc05f34bda - - default default] POST http://cinder-api.openstack.svc.cluster.local:8776/v3/ef1895396ac14984931751bc05f34bda/attachments/f6d45a8a-8156-42af-a669-f6293ccdc7fd/action /var/lib/openstack/lib/python3.12/site-packages/oslo_context/context.py:100: DeprecationWarning: Policy enforcement is depending on the value of is_admin. This key is deprecated. Please update your policy file to use the standard policy values. warnings.warn('Policy enforcement is depending on the value of '
2026-04-12 21:57:45.192 8 INFO cinder.api.openstack.wsgi [req-c3c809f2-fc56-41b2-9562-c70d356e2c5e req-0e353523-4a6d-4aad-9d15-834a266509de f451ff0356124112935c0b27346ae734 ef1895396ac14984931751bc05f34bda - - default default] http://cinder-api.openstack.svc.cluster.local:8776/v3/ef1895396ac14984931751bc05f34bda/attachments/f6d45a8a-8156-42af-a669-f6293ccdc7fd/action returned with HTTP 204 [pid: 8|app: 0|req: 349/704] 199.204.45.156 () {40 vars in 1148 bytes} [Sun Apr 12 21:57:45 2026] POST /v3/ef1895396ac14984931751bc05f34bda/attachments/f6d45a8a-8156-42af-a669-f6293ccdc7fd/action => generated 0 bytes in 54 msecs (HTTP/1.1 204) 7 headers in 292 bytes (1 switches on core 0)
2026-04-12 21:57:51.592 7 INFO cinder.api.openstack.wsgi [req-c3c809f2-fc56-41b2-9562-c70d356e2c5e req-d3088547-217b-4cc1-9a9c-5601f09bf04d f451ff0356124112935c0b27346ae734 ef1895396ac14984931751bc05f34bda - - default default] GET http://10.0.0.135:8776/
2026-04-12 21:57:51.592 8 INFO cinder.api.openstack.wsgi [req-c3c809f2-fc56-41b2-9562-c70d356e2c5e req-0e353523-4a6d-4aad-9d15-834a266509de f451ff0356124112935c0b27346ae734 ef1895396ac14984931751bc05f34bda - - default default] GET http://10.0.0.135:8776/
2026-04-12 21:57:51.593 7 INFO cinder.api.openstack.wsgi [req-c3c809f2-fc56-41b2-9562-c70d356e2c5e req-d3088547-217b-4cc1-9a9c-5601f09bf04d f451ff0356124112935c0b27346ae734 ef1895396ac14984931751bc05f34bda - - default default] http://10.0.0.135:8776/ returned with HTTP 300
2026-04-12 21:57:51.594 8 INFO cinder.api.openstack.wsgi [req-c3c809f2-fc56-41b2-9562-c70d356e2c5e req-0e353523-4a6d-4aad-9d15-834a266509de f451ff0356124112935c0b27346ae734 ef1895396ac14984931751bc05f34bda - - default default] http://10.0.0.135:8776/ returned with HTTP 300
2026-04-12 21:58:01.592 8 INFO cinder.api.openstack.wsgi [req-c3c809f2-fc56-41b2-9562-c70d356e2c5e req-0e353523-4a6d-4aad-9d15-834a266509de f451ff0356124112935c0b27346ae734 ef1895396ac14984931751bc05f34bda - - default default] GET http://10.0.0.135:8776/
2026-04-12 21:58:01.592 7 INFO cinder.api.openstack.wsgi [req-c3c809f2-fc56-41b2-9562-c70d356e2c5e req-d3088547-217b-4cc1-9a9c-5601f09bf04d f451ff0356124112935c0b27346ae734 ef1895396ac14984931751bc05f34bda - - default default] GET http://10.0.0.135:8776/
2026-04-12 21:58:01.592 8 INFO cinder.api.openstack.wsgi [req-c3c809f2-fc56-41b2-9562-c70d356e2c5e req-0e353523-4a6d-4aad-9d15-834a266509de f451ff0356124112935c0b27346ae734 ef1895396ac14984931751bc05f34bda - - default default] http://10.0.0.135:8776/ returned with HTTP 300
2026-04-12 21:58:01.593 7 INFO cinder.api.openstack.wsgi [req-c3c809f2-fc56-41b2-9562-c70d356e2c5e req-d3088547-217b-4cc1-9a9c-5601f09bf04d f451ff0356124112935c0b27346ae734 ef1895396ac14984931751bc05f34bda - - default default] http://10.0.0.135:8776/ returned with HTTP 300 /var/lib/openstack/lib/python3.12/site-packages/pycadf/identifier.py:70: UserWarning: Invalid uuid: cinderv3. To ensure interoperability, identifiers should be a valid uuid. warnings.warn(('Invalid uuid: %s. To ensure interoperability, '
2026-04-12 21:58:09.275 8 INFO cinder.api.openstack.wsgi [req-211a0ec0-8766-4376-ba32-3c0432928ae0 req-32628cc2-a5a2-433c-829a-be8dfc4cc376 f451ff0356124112935c0b27346ae734 ef1895396ac14984931751bc05f34bda - - default default] DELETE http://cinder-api.openstack.svc.cluster.local:8776/v3/ef1895396ac14984931751bc05f34bda/attachments/f6d45a8a-8156-42af-a669-f6293ccdc7fd /var/lib/openstack/lib/python3.12/site-packages/oslo_context/context.py:100: DeprecationWarning: Policy enforcement is depending on the value of is_admin. This key is deprecated. Please update your policy file to use the standard policy values. warnings.warn('Policy enforcement is depending on the value of '
2026-04-12 21:58:09.839 8 INFO cinder.api.openstack.wsgi [req-211a0ec0-8766-4376-ba32-3c0432928ae0 req-32628cc2-a5a2-433c-829a-be8dfc4cc376 f451ff0356124112935c0b27346ae734 ef1895396ac14984931751bc05f34bda - - default default] http://cinder-api.openstack.svc.cluster.local:8776/v3/ef1895396ac14984931751bc05f34bda/attachments/f6d45a8a-8156-42af-a669-f6293ccdc7fd returned with HTTP 200 [pid: 8|app: 0|req: 352/709] 199.204.45.156 () {38 vars in 1103 bytes} [Sun Apr 12 21:58:09 2026] DELETE /v3/ef1895396ac14984931751bc05f34bda/attachments/f6d45a8a-8156-42af-a669-f6293ccdc7fd => generated 19 bytes in 572 msecs (HTTP/1.1 200) 7 headers in 285 bytes (1 switches on core 0) /var/lib/openstack/lib/python3.12/site-packages/pycadf/identifier.py:70: UserWarning: Invalid uuid: cinderv3. To ensure interoperability, identifiers should be a valid uuid. warnings.warn(('Invalid uuid: %s. To ensure interoperability, '
2026-04-12 21:58:09.854 7 INFO cinder.api.openstack.wsgi [req-211a0ec0-8766-4376-ba32-3c0432928ae0 req-0ee7a7f4-1db2-4f77-93ca-6796f84f0c18 f451ff0356124112935c0b27346ae734 ef1895396ac14984931751bc05f34bda - - default default] DELETE http://cinder-api.openstack.svc.cluster.local:8776/v3/ef1895396ac14984931751bc05f34bda/volumes/e44439f0-14ad-49f0-a421-04ee87f72c61
2026-04-12 21:58:09.855 7 INFO cinder.api.v3.volumes [req-211a0ec0-8766-4376-ba32-3c0432928ae0 req-0ee7a7f4-1db2-4f77-93ca-6796f84f0c18 f451ff0356124112935c0b27346ae734 ef1895396ac14984931751bc05f34bda - - default default] Delete volume with id: e44439f0-14ad-49f0-a421-04ee87f72c61 /var/lib/openstack/lib/python3.12/site-packages/oslo_context/context.py:100: DeprecationWarning: Policy enforcement is depending on the value of is_admin. This key is deprecated. Please update your policy file to use the standard policy values. warnings.warn('Policy enforcement is depending on the value of '
2026-04-12 21:58:09.866 7 INFO cinder.volume.api [req-211a0ec0-8766-4376-ba32-3c0432928ae0 req-0ee7a7f4-1db2-4f77-93ca-6796f84f0c18 f451ff0356124112935c0b27346ae734 ef1895396ac14984931751bc05f34bda - - default default] Volume info retrieved successfully.
2026-04-12 21:58:09.894 7 INFO cinder.volume.api [req-211a0ec0-8766-4376-ba32-3c0432928ae0 req-0ee7a7f4-1db2-4f77-93ca-6796f84f0c18 f451ff0356124112935c0b27346ae734 ef1895396ac14984931751bc05f34bda - - default default] Delete volume request issued successfully.
2026-04-12 21:58:09.894 7 INFO cinder.api.openstack.wsgi [req-211a0ec0-8766-4376-ba32-3c0432928ae0 req-0ee7a7f4-1db2-4f77-93ca-6796f84f0c18 f451ff0356124112935c0b27346ae734 ef1895396ac14984931751bc05f34bda - - default default] http://cinder-api.openstack.svc.cluster.local:8776/v3/ef1895396ac14984931751bc05f34bda/volumes/e44439f0-14ad-49f0-a421-04ee87f72c61 returned with HTTP 202 [pid: 7|app: 0|req: 358/710] 199.204.45.156 () {36 vars in 1054 bytes} [Sun Apr 12 21:58:09 2026] DELETE /v3/ef1895396ac14984931751bc05f34bda/volumes/e44439f0-14ad-49f0-a421-04ee87f72c61 => generated 0 bytes in 48 msecs (HTTP/1.1 202) 6 headers in 233 bytes (1 switches on core 0)
2026-04-12 21:58:11.593 8 INFO cinder.api.openstack.wsgi [req-211a0ec0-8766-4376-ba32-3c0432928ae0 req-32628cc2-a5a2-433c-829a-be8dfc4cc376 f451ff0356124112935c0b27346ae734 ef1895396ac14984931751bc05f34bda - - default default] GET http://10.0.0.135:8776/
2026-04-12 21:58:11.593 7 INFO cinder.api.openstack.wsgi [req-211a0ec0-8766-4376-ba32-3c0432928ae0 req-0ee7a7f4-1db2-4f77-93ca-6796f84f0c18 f451ff0356124112935c0b27346ae734 ef1895396ac14984931751bc05f34bda - - default default] GET http://10.0.0.135:8776/
2026-04-12 21:58:11.594 8 INFO cinder.api.openstack.wsgi [req-211a0ec0-8766-4376-ba32-3c0432928ae0 req-32628cc2-a5a2-433c-829a-be8dfc4cc376 f451ff0356124112935c0b27346ae734 ef1895396ac14984931751bc05f34bda - - default default] http://10.0.0.135:8776/ returned with HTTP 300
2026-04-12 21:58:11.594 7 INFO cinder.api.openstack.wsgi [req-211a0ec0-8766-4376-ba32-3c0432928ae0 req-0ee7a7f4-1db2-4f77-93ca-6796f84f0c18 f451ff0356124112935c0b27346ae734 ef1895396ac14984931751bc05f34bda - - default default] http://10.0.0.135:8776/ returned with HTTP 300
2026-04-12 21:58:21.592 8 INFO cinder.api.openstack.wsgi [req-211a0ec0-8766-4376-ba32-3c0432928ae0 req-32628cc2-a5a2-433c-829a-be8dfc4cc376 f451ff0356124112935c0b27346ae734 ef1895396ac14984931751bc05f34bda - - default default] GET http://10.0.0.135:8776/
2026-04-12 21:58:21.593 8 INFO cinder.api.openstack.wsgi [req-211a0ec0-8766-4376-ba32-3c0432928ae0 req-32628cc2-a5a2-433c-829a-be8dfc4cc376 f451ff0356124112935c0b27346ae734 ef1895396ac14984931751bc05f34bda - - default default] http://10.0.0.135:8776/ returned with HTTP 300
2026-04-12 21:58:21.596 7 INFO cinder.api.openstack.wsgi [req-211a0ec0-8766-4376-ba32-3c0432928ae0 req-0ee7a7f4-1db2-4f77-93ca-6796f84f0c18 f451ff0356124112935c0b27346ae734 ef1895396ac14984931751bc05f34bda - - default default] GET http://10.0.0.135:8776/
2026-04-12 21:58:21.596 7 INFO cinder.api.openstack.wsgi [req-211a0ec0-8766-4376-ba32-3c0432928ae0 req-0ee7a7f4-1db2-4f77-93ca-6796f84f0c18 f451ff0356124112935c0b27346ae734 ef1895396ac14984931751bc05f34bda - - default default] http://10.0.0.135:8776/ returned with HTTP 300
2026-04-12 21:58:22.451 8 INFO cinder.api.openstack.wsgi [req-211a0ec0-8766-4376-ba32-3c0432928ae0 req-32628cc2-a5a2-433c-829a-be8dfc4cc376 f451ff0356124112935c0b27346ae734 ef1895396ac14984931751bc05f34bda - - default default] GET http://cinder-api.openstack.svc.cluster.local:8776/
2026-04-12 21:58:22.453 8 INFO cinder.api.openstack.wsgi [req-211a0ec0-8766-4376-ba32-3c0432928ae0 req-32628cc2-a5a2-433c-829a-be8dfc4cc376 f451ff0356124112935c0b27346ae734 ef1895396ac14984931751bc05f34bda - - default default] http://cinder-api.openstack.svc.cluster.local:8776/ returned with HTTP 300 [pid: 8|app: 0|req: 355/715] 10.0.0.203 () {30 vars in 411 bytes} [Sun Apr 12 21:58:22 2026] GET / => generated 411 bytes in 3 msecs (HTTP/1.1 300) 5 headers in 169 bytes (1 switches on core 0)
2026-04-12 21:58:27.648 7 INFO cinder.api.openstack.wsgi [req-211a0ec0-8766-4376-ba32-3c0432928ae0 req-0ee7a7f4-1db2-4f77-93ca-6796f84f0c18 f451ff0356124112935c0b27346ae734 ef1895396ac14984931751bc05f34bda - - default default] GET http://cinder-api.openstack.svc.cluster.local:8776/
2026-04-12 21:58:27.648 7 INFO cinder.api.openstack.wsgi [req-211a0ec0-8766-4376-ba32-3c0432928ae0 req-0ee7a7f4-1db2-4f77-93ca-6796f84f0c18 f451ff0356124112935c0b27346ae734 ef1895396ac14984931751bc05f34bda - - default default] http://cinder-api.openstack.svc.cluster.local:8776/ returned with HTTP 300 [pid: 7|app: 0|req: 361/716] 10.0.0.101 () {28 vars in 376 bytes} [Sun Apr 12 21:58:27 2026] GET / => generated 411 bytes in 1 msecs (HTTP/1.1 300) 5 headers in 169 bytes (1 switches on core 0) /var/lib/openstack/lib/python3.12/site-packages/pycadf/identifier.py:70: UserWarning: Invalid uuid: cinderv3. To ensure interoperability, identifiers should be a valid uuid. warnings.warn(('Invalid uuid: %s. To ensure interoperability, '
2026-04-12 21:58:27.659 8 INFO cinder.api.openstack.wsgi [None req-5755986e-6785-412a-8f87-b9c9ef13bcfb 491fea33309f4979b99b53efd89bc9fd 5684feed5e884bc99e007808792111d5 - - default default] GET http://cinder-api.openstack.svc.cluster.local:8776/v3/5684feed5e884bc99e007808792111d5/limits?tenant_id=5684feed5e884bc99e007808792111d5 /var/lib/openstack/lib/python3.12/site-packages/oslo_context/context.py:100: DeprecationWarning: Policy enforcement is depending on the value of is_admin. This key is deprecated. Please update your policy file to use the standard policy values. warnings.warn('Policy enforcement is depending on the value of '
2026-04-12 21:58:27.683 8 INFO cinder.api.openstack.wsgi [None req-5755986e-6785-412a-8f87-b9c9ef13bcfb 491fea33309f4979b99b53efd89bc9fd 5684feed5e884bc99e007808792111d5 - - default default] http://cinder-api.openstack.svc.cluster.local:8776/v3/5684feed5e884bc99e007808792111d5/limits?tenant_id=5684feed5e884bc99e007808792111d5 returned with HTTP 200 [pid: 8|app: 0|req: 356/717] 10.0.0.101 () {34 vars in 879 bytes} [Sun Apr 12 21:58:27 2026] GET /v3/5684feed5e884bc99e007808792111d5/limits?tenant_id=5684feed5e884bc99e007808792111d5 => generated 302 bytes in 30 msecs (HTTP/1.1 200) 7 headers in 286 bytes (1 switches on core 0)
2026-04-12 21:58:29.192 7 INFO cinder.api.openstack.wsgi [req-211a0ec0-8766-4376-ba32-3c0432928ae0 req-0ee7a7f4-1db2-4f77-93ca-6796f84f0c18 f451ff0356124112935c0b27346ae734 ef1895396ac14984931751bc05f34bda - - default default] GET http://cinder-api.openstack.svc.cluster.local:8776/
2026-04-12 21:58:29.193 7 INFO cinder.api.openstack.wsgi [req-211a0ec0-8766-4376-ba32-3c0432928ae0 req-0ee7a7f4-1db2-4f77-93ca-6796f84f0c18 f451ff0356124112935c0b27346ae734 ef1895396ac14984931751bc05f34bda - - default default] http://cinder-api.openstack.svc.cluster.local:8776/ returned with HTTP 300 [pid: 7|app: 0|req: 362/718] 10.0.0.101 () {28 vars in 376 bytes} [Sun Apr 12 21:58:29 2026] GET / => generated 411 bytes in 2 msecs (HTTP/1.1 300) 5 headers in 169 bytes (1 switches on core 0)
2026-04-12 21:58:29.199 8 INFO cinder.api.openstack.wsgi [None req-5755986e-6785-412a-8f87-b9c9ef13bcfb 491fea33309f4979b99b53efd89bc9fd 5684feed5e884bc99e007808792111d5 - - default default] GET http://cinder-api.openstack.svc.cluster.local:8776/
2026-04-12 21:58:29.200 8 INFO cinder.api.openstack.wsgi [None req-5755986e-6785-412a-8f87-b9c9ef13bcfb 491fea33309f4979b99b53efd89bc9fd 5684feed5e884bc99e007808792111d5 - - default default] http://cinder-api.openstack.svc.cluster.local:8776/ returned with HTTP 300 [pid: 8|app: 0|req: 357/719] 10.0.0.101 () {28 vars in 376 bytes} [Sun Apr 12 21:58:29 2026] GET / => generated 411 bytes in 2 msecs (HTTP/1.1 300) 5 headers in 169 bytes (1 switches on core 0)
2026-04-12 21:58:29.838 7 INFO cinder.api.openstack.wsgi [req-211a0ec0-8766-4376-ba32-3c0432928ae0 req-0ee7a7f4-1db2-4f77-93ca-6796f84f0c18 f451ff0356124112935c0b27346ae734 ef1895396ac14984931751bc05f34bda - - default default] GET http://cinder-api.openstack.svc.cluster.local:8776/
2026-04-12 21:58:29.839 7 INFO cinder.api.openstack.wsgi [req-211a0ec0-8766-4376-ba32-3c0432928ae0 req-0ee7a7f4-1db2-4f77-93ca-6796f84f0c18 f451ff0356124112935c0b27346ae734 ef1895396ac14984931751bc05f34bda - - default default] http://cinder-api.openstack.svc.cluster.local:8776/ returned with HTTP 300 [pid: 7|app: 0|req: 363/720] 10.0.0.101 () {28 vars in 376 bytes} [Sun Apr 12 21:58:29 2026] GET / => generated 411 bytes in 2 msecs (HTTP/1.1 300) 5 headers in 169 bytes (1 switches on core 0)
2026-04-12 21:58:29.854 8 INFO cinder.api.openstack.wsgi [None req-b00d38f5-337a-4ae9-bc55-a681da0987e0 491fea33309f4979b99b53efd89bc9fd 5684feed5e884bc99e007808792111d5 - - default default] GET http://cinder-api.openstack.svc.cluster.local:8776/v3/5684feed5e884bc99e007808792111d5/limits?tenant_id=5684feed5e884bc99e007808792111d5
2026-04-12 21:58:29.881 8 INFO cinder.api.openstack.wsgi [None req-b00d38f5-337a-4ae9-bc55-a681da0987e0 491fea33309f4979b99b53efd89bc9fd 5684feed5e884bc99e007808792111d5 - - default default] http://cinder-api.openstack.svc.cluster.local:8776/v3/5684feed5e884bc99e007808792111d5/limits?tenant_id=5684feed5e884bc99e007808792111d5 returned with HTTP 200 [pid: 8|app: 0|req: 358/721] 10.0.0.101 () {34 vars in 879 bytes} [Sun Apr 12 21:58:29 2026] GET /v3/5684feed5e884bc99e007808792111d5/limits?tenant_id=5684feed5e884bc99e007808792111d5 => generated 302 bytes in 33 msecs (HTTP/1.1 200) 7 headers in 286 bytes (1 switches on core 0)
2026-04-12 21:58:31.363 7 INFO cinder.api.openstack.wsgi [req-211a0ec0-8766-4376-ba32-3c0432928ae0 req-0ee7a7f4-1db2-4f77-93ca-6796f84f0c18 f451ff0356124112935c0b27346ae734 ef1895396ac14984931751bc05f34bda - - default default] GET http://cinder-api.openstack.svc.cluster.local:8776/
2026-04-12 21:58:31.364 7 INFO cinder.api.openstack.wsgi [req-211a0ec0-8766-4376-ba32-3c0432928ae0 req-0ee7a7f4-1db2-4f77-93ca-6796f84f0c18 f451ff0356124112935c0b27346ae734 ef1895396ac14984931751bc05f34bda - - default default] http://cinder-api.openstack.svc.cluster.local:8776/ returned with HTTP 300 [pid: 7|app: 0|req: 364/722] 10.0.0.101 () {28 vars in 376 bytes} [Sun Apr 12 21:58:31 2026] GET / => generated 411 bytes in 3 msecs (HTTP/1.1 300) 5 headers in 169 bytes (1 switches on core 0)
2026-04-12 21:58:31.374 8 INFO cinder.api.openstack.wsgi [None req-b00d38f5-337a-4ae9-bc55-a681da0987e0 491fea33309f4979b99b53efd89bc9fd 5684feed5e884bc99e007808792111d5 - - default default] GET http://cinder-api.openstack.svc.cluster.local:8776/
2026-04-12 21:58:31.375 8 INFO cinder.api.openstack.wsgi [None req-b00d38f5-337a-4ae9-bc55-a681da0987e0 491fea33309f4979b99b53efd89bc9fd 5684feed5e884bc99e007808792111d5 - - default default] http://cinder-api.openstack.svc.cluster.local:8776/ returned with HTTP 300 [pid: 8|app: 0|req: 359/723] 10.0.0.101 () {28 vars in 376 bytes} [Sun Apr 12 21:58:31 2026] GET / => generated 411 bytes in 2 msecs (HTTP/1.1 300) 5 headers in 169 bytes (1 switches on core 0) /var/lib/openstack/lib/python3.12/site-packages/pycadf/identifier.py:70: UserWarning: Invalid uuid: cinderv3. To ensure interoperability, identifiers should be a valid uuid. warnings.warn(('Invalid uuid: %s. To ensure interoperability, '
2026-04-12 21:58:31.495 7 INFO cinder.api.openstack.wsgi [None req-c847cdfb-16ed-4a43-8817-3302159bc845 237ab906d15b46c3965a7987c7a4e942 a337ae700e2d447ebbead920a79d3c4d - - default default] GET http://cinder-api.openstack.svc.cluster.local:8776/v3/a337ae700e2d447ebbead920a79d3c4d/volumes/detail?all_tenants=true
2026-04-12 21:58:31.507 7 INFO cinder.volume.api [None req-c847cdfb-16ed-4a43-8817-3302159bc845 237ab906d15b46c3965a7987c7a4e942 a337ae700e2d447ebbead920a79d3c4d - - default default] Get all volumes completed successfully.
2026-04-12 21:58:31.509 7 INFO cinder.api.openstack.wsgi [None req-c847cdfb-16ed-4a43-8817-3302159bc845 237ab906d15b46c3965a7987c7a4e942 a337ae700e2d447ebbead920a79d3c4d - - default default] http://cinder-api.openstack.svc.cluster.local:8776/v3/a337ae700e2d447ebbead920a79d3c4d/volumes/detail?all_tenants=true returned with HTTP 200 [pid: 7|app: 0|req: 365/724] 10.0.0.32 () {28 vars in 683 bytes} [Sun Apr 12 21:58:31 2026] GET /v3/a337ae700e2d447ebbead920a79d3c4d/volumes/detail?all_tenants=true => generated 15 bytes in 105 msecs (HTTP/1.1 200) 7 headers in 284 bytes (1 switches on core 0)
2026-04-12 21:58:31.522 8 INFO cinder.api.openstack.wsgi [None req-be1f7280-8ae6-4fc2-8110-ee6907732710 237ab906d15b46c3965a7987c7a4e942 a337ae700e2d447ebbead920a79d3c4d - - default default] GET http://cinder-api.openstack.svc.cluster.local:8776/v3/a337ae700e2d447ebbead920a79d3c4d/os-services
2026-04-12 21:58:31.533 8 INFO cinder.api.openstack.wsgi [None req-be1f7280-8ae6-4fc2-8110-ee6907732710 237ab906d15b46c3965a7987c7a4e942 a337ae700e2d447ebbead920a79d3c4d - - default default] http://cinder-api.openstack.svc.cluster.local:8776/v3/a337ae700e2d447ebbead920a79d3c4d/os-services returned with HTTP 200 [pid: 8|app: 0|req: 360/725] 10.0.0.32 () {28 vars in 644 bytes} [Sun Apr 12 21:58:31 2026] GET /v3/a337ae700e2d447ebbead920a79d3c4d/os-services => generated 646 bytes in 18 msecs (HTTP/1.1 200) 7 headers in 285 bytes (1 switches on core 0)
2026-04-12 21:58:31.546 7 INFO cinder.api.openstack.wsgi [None req-92d444e0-c17e-46ee-abfa-7e745e1c3856 237ab906d15b46c3965a7987c7a4e942 a337ae700e2d447ebbead920a79d3c4d - - default default] GET http://cinder-api.openstack.svc.cluster.local:8776/v3/a337ae700e2d447ebbead920a79d3c4d/scheduler-stats/get_pools?detail=true
2026-04-12 21:58:31.592 8 INFO cinder.api.openstack.wsgi [None req-be1f7280-8ae6-4fc2-8110-ee6907732710 237ab906d15b46c3965a7987c7a4e942 a337ae700e2d447ebbead920a79d3c4d - - default default] GET http://10.0.0.135:8776/
2026-04-12 21:58:31.593 8 INFO cinder.api.openstack.wsgi [None req-be1f7280-8ae6-4fc2-8110-ee6907732710 237ab906d15b46c3965a7987c7a4e942 a337ae700e2d447ebbead920a79d3c4d - - default default] http://10.0.0.135:8776/ returned with HTTP 300
2026-04-12 21:58:31.594 8 INFO cinder.api.openstack.wsgi [None req-be1f7280-8ae6-4fc2-8110-ee6907732710 237ab906d15b46c3965a7987c7a4e942 a337ae700e2d447ebbead920a79d3c4d - - default default] GET http://10.0.0.135:8776/
2026-04-12 21:58:31.594 8 INFO cinder.api.openstack.wsgi [None req-be1f7280-8ae6-4fc2-8110-ee6907732710 237ab906d15b46c3965a7987c7a4e942 a337ae700e2d447ebbead920a79d3c4d - - default default] http://10.0.0.135:8776/ returned with HTTP 300
2026-04-12 21:58:32.051 7 INFO cinder.api.openstack.wsgi [None req-92d444e0-c17e-46ee-abfa-7e745e1c3856 237ab906d15b46c3965a7987c7a4e942 a337ae700e2d447ebbead920a79d3c4d - - default default] http://cinder-api.openstack.svc.cluster.local:8776/v3/a337ae700e2d447ebbead920a79d3c4d/scheduler-stats/get_pools?detail=true returned with HTTP 200 [pid: 7|app: 0|req: 366/728] 10.0.0.32 () {28 vars in 695 bytes} [Sun Apr 12 21:58:31 2026] GET /v3/a337ae700e2d447ebbead920a79d3c4d/scheduler-stats/get_pools?detail=true => generated 670 bytes in 514 msecs (HTTP/1.1 200) 7 headers in 285 bytes (1 switches on core 0)
2026-04-12 21:58:32.060 8 INFO cinder.api.openstack.wsgi [None req-44028807-9505-4865-9eba-64e4fbde7e35 237ab906d15b46c3965a7987c7a4e942 a337ae700e2d447ebbead920a79d3c4d - - default default] GET http://cinder-api.openstack.svc.cluster.local:8776/v3/a337ae700e2d447ebbead920a79d3c4d/volumes/detail?all_tenants=true
2026-04-12 21:58:32.072 8 INFO cinder.volume.api [None req-44028807-9505-4865-9eba-64e4fbde7e35 237ab906d15b46c3965a7987c7a4e942 a337ae700e2d447ebbead920a79d3c4d - - default default] Get all volumes completed successfully.
2026-04-12 21:58:32.076 8 INFO cinder.api.openstack.wsgi [None req-44028807-9505-4865-9eba-64e4fbde7e35 237ab906d15b46c3965a7987c7a4e942 a337ae700e2d447ebbead920a79d3c4d - - default default] http://cinder-api.openstack.svc.cluster.local:8776/v3/a337ae700e2d447ebbead920a79d3c4d/volumes/detail?all_tenants=true returned with HTTP 200 [pid: 8|app: 0|req: 363/729] 10.0.0.32 () {28 vars in 683 bytes} [Sun Apr 12 21:58:32 2026] GET /v3/a337ae700e2d447ebbead920a79d3c4d/volumes/detail?all_tenants=true => generated 15 bytes in 20 msecs (HTTP/1.1 200) 7 headers in 284 bytes (1 switches on core 0)
2026-04-12 21:58:32.091 7 INFO cinder.api.openstack.wsgi [None req-16520ce4-59c4-427f-92bc-7bff98a68706 237ab906d15b46c3965a7987c7a4e942 a337ae700e2d447ebbead920a79d3c4d - - default default] GET http://cinder-api.openstack.svc.cluster.local:8776/v3/a337ae700e2d447ebbead920a79d3c4d/snapshots?all_tenants=true
2026-04-12 21:58:32.102 7 INFO cinder.volume.api [None req-16520ce4-59c4-427f-92bc-7bff98a68706 237ab906d15b46c3965a7987c7a4e942 a337ae700e2d447ebbead920a79d3c4d - - default default] Get all snapshots completed successfully.
2026-04-12 21:58:32.102 7 INFO cinder.api.openstack.wsgi [None req-16520ce4-59c4-427f-92bc-7bff98a68706 237ab906d15b46c3965a7987c7a4e942 a337ae700e2d447ebbead920a79d3c4d - - default default] http://cinder-api.openstack.svc.cluster.local:8776/v3/a337ae700e2d447ebbead920a79d3c4d/snapshots?all_tenants=true returned with HTTP 200 [pid: 7|app: 0|req: 367/730] 10.0.0.32 () {28 vars in 673 bytes} [Sun Apr 12 21:58:32 2026] GET /v3/a337ae700e2d447ebbead920a79d3c4d/snapshots?all_tenants=true => generated 17 bytes in 20 msecs (HTTP/1.1 200) 7 headers in 284 bytes (1 switches on core 0)
2026-04-12 21:58:32.197 8 INFO cinder.api.openstack.wsgi [None req-5622e86d-d561-4216-ae24-4e979d7c56f2 237ab906d15b46c3965a7987c7a4e942 a337ae700e2d447ebbead920a79d3c4d - - default default] GET http://cinder-api.openstack.svc.cluster.local:8776/v3/a337ae700e2d447ebbead920a79d3c4d/os-quota-sets/3076d94d62014f39bbdbe90ff88deada?usage=true
2026-04-12 21:58:32.220 8 INFO cinder.api.openstack.wsgi [None req-5622e86d-d561-4216-ae24-4e979d7c56f2 237ab906d15b46c3965a7987c7a4e942 a337ae700e2d447ebbead920a79d3c4d - - default default] http://cinder-api.openstack.svc.cluster.local:8776/v3/a337ae700e2d447ebbead920a79d3c4d/os-quota-sets/3076d94d62014f39bbdbe90ff88deada?usage=true returned with HTTP 200 [pid: 8|app: 0|req: 364/731] 10.0.0.32 () {28 vars in 735 bytes} [Sun Apr 12 21:58:32 2026] GET /v3/a337ae700e2d447ebbead920a79d3c4d/os-quota-sets/3076d94d62014f39bbdbe90ff88deada?usage=true => generated 847 bytes in 29 msecs (HTTP/1.1 200) 7 headers in 285 bytes (1 switches on core 0)
2026-04-12 21:58:32.232 7 INFO cinder.api.openstack.wsgi [None req-bb018bb1-d84f-4f21-835b-90c612c354b2 237ab906d15b46c3965a7987c7a4e942 a337ae700e2d447ebbead920a79d3c4d - - default default] GET http://cinder-api.openstack.svc.cluster.local:8776/v3/a337ae700e2d447ebbead920a79d3c4d/os-quota-sets/5684feed5e884bc99e007808792111d5?usage=true
2026-04-12 21:58:32.252 7 INFO cinder.api.openstack.wsgi [None req-bb018bb1-d84f-4f21-835b-90c612c354b2 237ab906d15b46c3965a7987c7a4e942 a337ae700e2d447ebbead920a79d3c4d - - default default] http://cinder-api.openstack.svc.cluster.local:8776/v3/a337ae700e2d447ebbead920a79d3c4d/os-quota-sets/5684feed5e884bc99e007808792111d5?usage=true returned with HTTP 200 [pid: 7|app: 0|req: 368/732] 10.0.0.32 () {28 vars in 735 bytes} [Sun Apr 12 21:58:32 2026] GET /v3/a337ae700e2d447ebbead920a79d3c4d/os-quota-sets/5684feed5e884bc99e007808792111d5?usage=true => generated 847 bytes in 28 msecs (HTTP/1.1 200) 7 headers in 285 bytes (1 switches on core 0)
2026-04-12 21:58:32.265 8 INFO cinder.api.openstack.wsgi [None req-6a30125b-0a5a-4c79-a52d-c89a33355c44 237ab906d15b46c3965a7987c7a4e942 a337ae700e2d447ebbead920a79d3c4d - - default default] GET http://cinder-api.openstack.svc.cluster.local:8776/v3/a337ae700e2d447ebbead920a79d3c4d/os-quota-sets/a337ae700e2d447ebbead920a79d3c4d?usage=true
2026-04-12 21:58:32.282 8 INFO cinder.api.openstack.wsgi [None req-6a30125b-0a5a-4c79-a52d-c89a33355c44 237ab906d15b46c3965a7987c7a4e942 a337ae700e2d447ebbead920a79d3c4d - - default default] http://cinder-api.openstack.svc.cluster.local:8776/v3/a337ae700e2d447ebbead920a79d3c4d/os-quota-sets/a337ae700e2d447ebbead920a79d3c4d?usage=true returned with HTTP 200 [pid: 8|app: 0|req: 365/733] 10.0.0.32 () {28 vars in 735 bytes} [Sun Apr 12 21:58:32 2026] GET /v3/a337ae700e2d447ebbead920a79d3c4d/os-quota-sets/a337ae700e2d447ebbead920a79d3c4d?usage=true => generated 845 bytes in 25 msecs (HTTP/1.1 200) 7 headers in 285 bytes (1 switches on core 0)
2026-04-12 21:58:32.301 7 INFO cinder.api.openstack.wsgi [None req-08666932-3271-40ed-ade3-7bea369eb28c 237ab906d15b46c3965a7987c7a4e942 a337ae700e2d447ebbead920a79d3c4d - - default default] GET http://cinder-api.openstack.svc.cluster.local:8776/v3/a337ae700e2d447ebbead920a79d3c4d/os-quota-sets/a5476c4345f84d88aad9635993174940?usage=true
2026-04-12 21:58:32.323 7 INFO cinder.api.openstack.wsgi [None req-08666932-3271-40ed-ade3-7bea369eb28c 237ab906d15b46c3965a7987c7a4e942 a337ae700e2d447ebbead920a79d3c4d - - default default] http://cinder-api.openstack.svc.cluster.local:8776/v3/a337ae700e2d447ebbead920a79d3c4d/os-quota-sets/a5476c4345f84d88aad9635993174940?usage=true returned with HTTP 200 [pid: 7|app: 0|req: 369/734] 10.0.0.32 () {28 vars in 735 bytes} [Sun Apr 12 21:58:32 2026] GET /v3/a337ae700e2d447ebbead920a79d3c4d/os-quota-sets/a5476c4345f84d88aad9635993174940?usage=true => generated 845 bytes in 35 msecs (HTTP/1.1 200) 7 headers in 285 bytes (1 switches on core 0)
