2026-04-12 21:59:30.818 7 INFO neutron.services.segments.plugin [-] Segment f555a130-ca76-4a2a-b1f2-c1c878b287a0 resource provider not found; error: Placement Client Error (4xx): {"errors": [{"status": 404, "title": "Not Found", "detail": "The resource could not be found.\n\n No resource provider with uuid f555a130-ca76-4a2a-b1f2-c1c878b287a0 found for delete ", "request_id": "req-2954970e-99fa-40e8-a410-954aad7082ca"}]} [pid: 7|app: 0|req: 685/1466] 10.0.0.203 () {32 vars in 726 bytes} [Sun Apr 12 21:59:30 2026] DELETE /v2.0/networks/4797b6c2-99f6-43e5-9529-98e05a35ff98 => generated 0 bytes in 483 msecs (HTTP/1.1 204) 3 headers in 131 bytes (1 switches on core 0)
2026-04-12 21:59:31.133 8 INFO neutron.services.segments.plugin [-] Segment 5060c9c2-5947-4e31-9bfc-1c93a3aa14a7 resource provider aggregate not found
2026-04-12 21:59:31.137 8 INFO neutron.services.segments.plugin [-] Segment 5060c9c2-5947-4e31-9bfc-1c93a3aa14a7 resource provider aggregate not found
2026-04-12 21:59:31.149 8 INFO neutron.services.segments.plugin [-] Segment 5060c9c2-5947-4e31-9bfc-1c93a3aa14a7 resource provider not found; error: Placement Client Error (4xx): {"errors": [{"status": 404, "title": "Not Found", "detail": "The resource could not be found.\n\n No resource provider with uuid 5060c9c2-5947-4e31-9bfc-1c93a3aa14a7 found for delete ", "request_id": "req-9cac9230-50ba-4be1-a1bd-2efffa16fc68"}]}
2026-04-12 21:59:31.157 8 INFO neutron.services.segments.plugin [-] Segment 5060c9c2-5947-4e31-9bfc-1c93a3aa14a7 resource provider not found; error: Placement Client Error (4xx): {"errors": [{"status": 404, "title": "Not Found", "detail": "The resource could not be found.\n\n No resource provider with uuid 5060c9c2-5947-4e31-9bfc-1c93a3aa14a7 found for delete ", "request_id": "req-01da59b9-75f5-4eea-ba11-134e35e09899"}]}
2026-04-12 21:59:31.174 8 INFO neutron.services.segments.plugin [-] Segment 68429723-3b0a-4780-81ad-da11d3aef737 resource provider aggregate not found
2026-04-12 21:59:31.180 8 INFO neutron.services.segments.plugin [-] Segment 68429723-3b0a-4780-81ad-da11d3aef737 resource provider aggregate not found
2026-04-12 21:59:31.198 8 INFO neutron.services.segments.plugin [-] Segment 68429723-3b0a-4780-81ad-da11d3aef737 resource provider not found; error: Placement Client Error (4xx): {"errors": [{"status": 404, "title": "Not Found", "detail": "The resource could not be found.\n\n No resource provider with uuid 68429723-3b0a-4780-81ad-da11d3aef737 found for delete ", "request_id": "req-32c480b7-4e7f-494c-b0d2-37d07852d404"}]}
2026-04-12 21:59:31.202 8 INFO neutron.services.segments.plugin [-] Segment 68429723-3b0a-4780-81ad-da11d3aef737 resource provider not found; error: Placement Client Error (4xx): {"errors": [{"status": 404, "title": "Not Found", "detail": "The resource could not be found.\n\n No resource provider with uuid 68429723-3b0a-4780-81ad-da11d3aef737 found for delete ", "request_id": "req-6ddb3a25-015e-4eb4-a64c-05eba887deef"}]} [pid: 8|app: 0|req: 782/1467] 10.0.0.190 () {34 vars in 990 bytes} [Sun Apr 12 21:59:31 2026] GET /v2.0/ports?device_id=3f08bef2-b114-4411-b9da-9fd002269029 => generated 12 bytes in 24 msecs (HTTP/1.1 200) 4 headers in 156 bytes (1 switches on core 0) [pid: 8|app: 0|req: 783/1468] 10.0.0.203 () {32 vars in 717 bytes} [Sun Apr 12 21:59:31 2026] GET /v2.0/ports/65364159-7c4d-4a2c-b31c-a7048d36f0f4 => generated 953 bytes in 49 msecs (HTTP/1.1 200) 4 headers in 157 bytes (1 switches on core 0) [pid: 7|app: 0|req: 686/1469] 10.0.0.32 () {28 vars in 582 bytes} [Sun Apr 12 21:59:31 2026] GET /v2.0/subnets => generated 3306 bytes in 258 msecs (HTTP/1.1 200) 4 headers in 158 bytes (1 switches on core 0) [pid: 8|app: 0|req: 784/1470] 10.0.0.32 () {28 vars in 590 bytes} [Sun Apr 12 21:59:31 2026] GET /v2.0/subnetpools => generated 19 bytes in 10 msecs (HTTP/1.1 200) 4 headers in 156 bytes (1 switches on core 0) [pid: 7|app: 0|req: 687/1471] 10.0.0.32 () {28 vars in 582 bytes} [Sun Apr 12 21:59:31 2026] GET /v2.0/subnets => generated 3306 bytes in 43 msecs (HTTP/1.1 200) 4 headers in 158 bytes (1 switches on core 0) [pid: 8|app: 0|req: 785/1472] 10.0.0.32 () {28 vars in 618 bytes} [Sun Apr 12 21:59:31 2026] GET /v2.0/network-ip-availabilities => generated 2488 bytes in 17 msecs (HTTP/1.1 200) 4 headers in 158 bytes (1 switches on core 0) [pid: 8|app: 0|req: 786/1473] 10.0.0.32 () {28 vars in 578 bytes} [Sun Apr 12 21:59:31 2026] GET /v2.0/ports => generated 13270 bytes in 80 msecs (HTTP/1.1 200) 4 headers in 159 bytes (1 switches on core 0) [pid: 8|app: 0|req: 787/1474] 10.0.0.32 () {28 vars in 590 bytes} [Sun Apr 12 21:59:31 2026] GET /v2.0/floatingips => generated 555 bytes in 23 msecs (HTTP/1.1 200) 4 headers in 157 bytes (1 switches on core 0)
2026-04-12 21:59:31.805 7 WARNING neutron.plugins.ml2.drivers.ovn.mech_driver.ovsdb.ovn_client [None req-82840625-ab65-47a5-ac47-a156045fec96 - - - - - -] No hosting information found for port 211f56af-c6f3-4d35-89e4-810fec79099a: RuntimeError: No hosting information found for port 211f56af-c6f3-4d35-89e4-810fec79099a [pid: 8|app: 0|req: 788/1475] 10.0.0.32 () {28 vars in 580 bytes} [Sun Apr 12 21:59:31 2026] GET /v2.0/agents => generated 1214 bytes in 13 msecs (HTTP/1.1 200) 4 headers in 158 bytes (1 switches on core 0) [pid: 8|app: 0|req: 789/1476] 10.0.0.32 () {28 vars in 584 bytes} [Sun Apr 12 21:59:31 2026] GET /v2.0/networks => generated 4424 bytes in 69 msecs (HTTP/1.1 200) 4 headers in 158 bytes (1 switches on core 0)
2026-04-12 21:59:31.930 7 INFO neutron.db.ovn_revision_numbers_db [None req-6c3958bb-2f60-4379-9cc5-aa72b57d58f4 237ab906d15b46c3965a7987c7a4e942 a337ae700e2d447ebbead920a79d3c4d - - default default] Successfully bumped revision number for resource d689b306-1adb-46ed-ad54-d593a3d27178 (type: security_groups) to 1
2026-04-12 21:59:31.950 7 INFO neutron.db.ovn_revision_numbers_db [None req-6c3958bb-2f60-4379-9cc5-aa72b57d58f4 237ab906d15b46c3965a7987c7a4e942 a337ae700e2d447ebbead920a79d3c4d - - default default] Successfully bumped revision number for resource 005b1c91-aa46-48b6-aac1-f77eabe2a8b6 (type: security_group_rules) to 0
2026-04-12 21:59:31.970 7 INFO neutron.db.ovn_revision_numbers_db [None req-6c3958bb-2f60-4379-9cc5-aa72b57d58f4 237ab906d15b46c3965a7987c7a4e942 a337ae700e2d447ebbead920a79d3c4d - - default default] Successfully bumped revision number for resource 61c2b322-f8ee-4382-bf82-18e30d08d47b (type: security_group_rules) to 0 [pid: 8|app: 0|req: 790/1477] 10.0.0.32 () {28 vars in 598 bytes} [Sun Apr 12 21:59:31 2026] GET /v2.0/security-groups => generated 31883 bytes in 78 msecs (HTTP/1.1 200) 4 headers in 159 bytes (1 switches on core 0)
2026-04-12 21:59:31.983 7 INFO neutron.db.ovn_revision_numbers_db [None req-82840625-ab65-47a5-ac47-a156045fec96 - - - - - -] Successfully bumped revision number for resource 211f56af-c6f3-4d35-89e4-810fec79099a (type: router_ports) to 2
2026-04-12 21:59:31.986 7 INFO neutron.db.ovn_revision_numbers_db [None req-6c3958bb-2f60-4379-9cc5-aa72b57d58f4 237ab906d15b46c3965a7987c7a4e942 a337ae700e2d447ebbead920a79d3c4d - - default default] Successfully bumped revision number for resource 85b4ca90-8ff6-4cc1-861a-f6b8363d6c80 (type: security_group_rules) to 0
2026-04-12 21:59:32.009 7 INFO neutron.db.ovn_revision_numbers_db [None req-6c3958bb-2f60-4379-9cc5-aa72b57d58f4 237ab906d15b46c3965a7987c7a4e942 a337ae700e2d447ebbead920a79d3c4d - - default default] Successfully bumped revision number for resource da6eba03-0d33-4ba5-ab73-865d2ab1e97f (type: security_group_rules) to 0
2026-04-12 21:59:32.055 7 INFO neutron.plugins.ml2.drivers.ovn.mech_driver.mech_driver [None req-82840625-ab65-47a5-ac47-a156045fec96 - - - - - -] OVN reports status down for port: 65364159-7c4d-4a2c-b31c-a7048d36f0f4 [pid: 8|app: 0|req: 791/1478] 10.0.0.32 () {28 vars in 582 bytes} [Sun Apr 12 21:59:31 2026] GET /v2.0/routers => generated 1593 bytes in 77 msecs (HTTP/1.1 200) 4 headers in 158 bytes (1 switches on core 0) [pid: 7|app: 0|req: 688/1479] 10.0.0.203 () {32 vars in 774 bytes} [Sun Apr 12 21:59:31 2026] GET /v2.0/security-groups?tenant_id=bbe7440a6ed94c12ba5852896462039d&name=default => generated 2925 bytes in 394 msecs (HTTP/1.1 200) 4 headers in 158 bytes (1 switches on core 0) [pid: 8|app: 0|req: 792/1480] 10.0.0.32 () {28 vars in 623 bytes} [Sun Apr 12 21:59:32 2026] GET /v2.0/agents?binary=ovn-controller => generated 416 bytes in 15 msecs (HTTP/1.1 200) 4 headers in 157 bytes (1 switches on core 0)
2026-04-12 21:59:32.188 7 WARNING neutron.plugins.ml2.drivers.ovn.mech_driver.ovsdb.ovn_client [None req-82840625-ab65-47a5-ac47-a156045fec96 - - - - - -] Logical_Switch_Port 65364159-7c4d-4a2c-b31c-a7048d36f0f4 host information not removed, the port state is up
2026-04-12 21:59:32.189 7 INFO neutron.plugins.ml2.drivers.ovn.mech_driver.mech_driver [None req-82840625-ab65-47a5-ac47-a156045fec96 - - - - - -] OVN reports status up for port: 65364159-7c4d-4a2c-b31c-a7048d36f0f4
2026-04-12 21:59:32.209 7 INFO neutron.plugins.ml2.plugin [None req-82840625-ab65-47a5-ac47-a156045fec96 - - - - - -] Attempt 1 to provision port 65364159-7c4d-4a2c-b31c-a7048d36f0f4 [pid: 8|app: 0|req: 793/1481] 10.0.0.190 () {34 vars in 990 bytes} [Sun Apr 12 21:59:32 2026] GET /v2.0/ports?device_id=3f08bef2-b114-4411-b9da-9fd002269029 => generated 12 bytes in 46 msecs (HTTP/1.1 200) 4 headers in 156 bytes (1 switches on core 0) [pid: 8|app: 0|req: 794/1482] 10.0.0.203 () {32 vars in 717 bytes} [Sun Apr 12 21:59:32 2026] GET /v2.0/ports/65364159-7c4d-4a2c-b31c-a7048d36f0f4 => generated 955 bytes in 56 msecs (HTTP/1.1 200) 4 headers in 157 bytes (1 switches on core 0) [pid: 7|app: 0|req: 689/1483] 10.0.0.203 () {32 vars in 740 bytes} [Sun Apr 12 21:59:32 2026] DELETE /v2.0/security-groups/d689b306-1adb-46ed-ad54-d593a3d27178 => generated 0 bytes in 628 msecs (HTTP/1.1 204) 2 headers in 112 bytes (1 switches on core 0)
2026-04-12 21:59:32.811 7 INFO neutron.db.ovn_revision_numbers_db [None req-82840625-ab65-47a5-ac47-a156045fec96 - - - - - -] Successfully bumped revision number for resource 65364159-7c4d-4a2c-b31c-a7048d36f0f4 (type: ports) to 2 [pid: 7|app: 0|req: 690/1484] 10.0.0.203 () {32 vars in 774 bytes} [Sun Apr 12 21:59:32 2026] GET /v2.0/security-groups?tenant_id=27c13c115e184c2c99455682b6fa25d0&name=default => generated 2925 bytes in 35 msecs (HTTP/1.1 200) 4 headers in 158 bytes (1 switches on core 0) [pid: 7|app: 0|req: 691/1485] 10.0.0.203 () {32 vars in 740 bytes} [Sun Apr 12 21:59:32 2026] DELETE /v2.0/security-groups/6718865e-569e-4f02-b5d3-5760adc7b832 => generated 0 bytes in 369 msecs (HTTP/1.1 204) 2 headers in 112 bytes (1 switches on core 0)
2026-04-12 21:59:33.564 8 INFO neutron_taas.services.taas.taas_plugin [None req-85dbcd4f-578e-4434-b3e1-60cfd7b88cc0 997147041de84c2ea7e639a26f970b5b 9a162c027d0d4796bf1426c8c30e415f - - default default] TaaS: Handle Delete Port: 65364159-7c4d-4a2c-b31c-a7048d36f0f4
2026-04-12 21:59:33.570 8 INFO neutron_taas.services.taas.tap_mirror_plugin [None req-85dbcd4f-578e-4434-b3e1-60cfd7b88cc0 997147041de84c2ea7e639a26f970b5b 9a162c027d0d4796bf1426c8c30e415f - - default default] Tap Mirror: Handle Delete Port: 65364159-7c4d-4a2c-b31c-a7048d36f0f4
2026-04-12 21:59:33.643 7 INFO neutron.db.ovn_revision_numbers_db [None req-dcf16c58-bbe9-4e4b-a228-c2cf4e1d1be3 237ab906d15b46c3965a7987c7a4e942 a337ae700e2d447ebbead920a79d3c4d - - default default] Successfully bumped revision number for resource 87e17c41-c4fc-475d-a0d6-98c544b3efef (type: security_groups) to 1
2026-04-12 21:59:33.654 7 INFO neutron.db.ovn_revision_numbers_db [None req-dcf16c58-bbe9-4e4b-a228-c2cf4e1d1be3 237ab906d15b46c3965a7987c7a4e942 a337ae700e2d447ebbead920a79d3c4d - - default default] Successfully bumped revision number for resource 1e305f4e-8b78-4bc1-8a79-859f37059af5 (type: security_group_rules) to 0
2026-04-12 21:59:33.672 7 INFO neutron.db.ovn_revision_numbers_db [None req-dcf16c58-bbe9-4e4b-a228-c2cf4e1d1be3 237ab906d15b46c3965a7987c7a4e942 a337ae700e2d447ebbead920a79d3c4d - - default default] Successfully bumped revision number for resource 797869e6-97f9-44d2-addc-db0a0611c3c3 (type: security_group_rules) to 0
2026-04-12 21:59:33.688 7 INFO neutron.db.ovn_revision_numbers_db [None req-dcf16c58-bbe9-4e4b-a228-c2cf4e1d1be3 237ab906d15b46c3965a7987c7a4e942 a337ae700e2d447ebbead920a79d3c4d - - default default] Successfully bumped revision number for resource e9056486-ef67-4c9e-b401-fef08d5ab230 (type: security_group_rules) to 0
2026-04-12 21:59:33.703 7 INFO neutron.db.ovn_revision_numbers_db [None req-dcf16c58-bbe9-4e4b-a228-c2cf4e1d1be3 237ab906d15b46c3965a7987c7a4e942 a337ae700e2d447ebbead920a79d3c4d - - default default] Successfully bumped revision number for resource e905a406-3f0e-43c2-bc79-31424af5ebca (type: security_group_rules) to 0 [pid: 7|app: 0|req: 692/1486] 10.0.0.203 () {32 vars in 774 bytes} [Sun Apr 12 21:59:33 2026] GET /v2.0/security-groups?tenant_id=c058f0ca527a4548ad26e060f3f830d9&name=default => generated 2925 bytes in 498 msecs (HTTP/1.1 200) 4 headers in 158 bytes (1 switches on core 0)
2026-04-12 21:59:33.953 7 INFO neutron.db.ovn_revision_numbers_db [None req-34063f5b-2d87-4a14-8d78-1b5c98f36b97 237ab906d15b46c3965a7987c7a4e942 a337ae700e2d447ebbead920a79d3c4d - - default default] Successfully bumped revision number for resource 91f62e25-3065-4efd-9b16-521a96f002b6 (type: security_groups) to 1 [pid: 8|app: 0|req: 795/1487] 10.0.0.203 () {34 vars in 789 bytes} [Sun Apr 12 21:59:32 2026] PUT /v2.0/routers/a4becb7a-babd-4654-83c9-ef9a81ba01c1/remove_router_interface => generated 309 bytes in 1345 msecs (HTTP/1.1 200) 4 headers in 157 bytes (1 switches on core 0) /var/lib/openstack/lib/python3.12/site-packages/pycadf/identifier.py:70: UserWarning: Invalid uuid: neutron. To ensure interoperability, identifiers should be a valid uuid. warnings.warn(('Invalid uuid: %s. To ensure interoperability, '
2026-04-12 21:59:33.969 7 INFO neutron.db.ovn_revision_numbers_db [None req-34063f5b-2d87-4a14-8d78-1b5c98f36b97 237ab906d15b46c3965a7987c7a4e942 a337ae700e2d447ebbead920a79d3c4d - - default default] Successfully bumped revision number for resource 29965965-8947-4147-942f-600a43b52518 (type: security_group_rules) to 0
2026-04-12 21:59:33.981 7 INFO neutron.db.ovn_revision_numbers_db [None req-34063f5b-2d87-4a14-8d78-1b5c98f36b97 237ab906d15b46c3965a7987c7a4e942 a337ae700e2d447ebbead920a79d3c4d - - default default] Successfully bumped revision number for resource b4ca0bd1-67bc-4a5e-a90f-6d2ea3840129 (type: security_group_rules) to 0 [pid: 8|app: 0|req: 796/1488] 10.0.0.190 () {34 vars in 990 bytes} [Sun Apr 12 21:59:33 2026] GET /v2.0/ports?device_id=3f08bef2-b114-4411-b9da-9fd002269029 => generated 12 bytes in 21 msecs (HTTP/1.1 200) 4 headers in 156 bytes (1 switches on core 0)
2026-04-12 21:59:33.992 7 INFO neutron.db.ovn_revision_numbers_db [None req-34063f5b-2d87-4a14-8d78-1b5c98f36b97 237ab906d15b46c3965a7987c7a4e942 a337ae700e2d447ebbead920a79d3c4d - - default default] Successfully bumped revision number for resource d828a693-b4bc-458d-bea3-c3494d94e85e (type: security_group_rules) to 0
2026-04-12 21:59:34.005 7 INFO neutron.db.ovn_revision_numbers_db [None req-34063f5b-2d87-4a14-8d78-1b5c98f36b97 237ab906d15b46c3965a7987c7a4e942 a337ae700e2d447ebbead920a79d3c4d - - default default] Successfully bumped revision number for resource e758b829-7eab-4a4a-819e-331e83cc93c9 (type: security_group_rules) to 0 [pid: 7|app: 0|req: 693/1489] 10.0.0.203 () {32 vars in 774 bytes} [Sun Apr 12 21:59:33 2026] GET /v2.0/security-groups?tenant_id=5e4a780785c94a11a148592985ffa6d0&name=default => generated 2925 bytes in 272 msecs (HTTP/1.1 200) 4 headers in 158 bytes (1 switches on core 0) [pid: 7|app: 0|req: 694/1490] 10.0.0.203 () {32 vars in 717 bytes} [Sun Apr 12 21:59:34 2026] GET /v2.0/ports/211f56af-c6f3-4d35-89e4-810fec79099a => generated 947 bytes in 130 msecs (HTTP/1.1 200) 4 headers in 157 bytes (1 switches on core 0) [pid: 8|app: 0|req: 797/1491] 10.0.0.203 () {32 vars in 740 bytes} [Sun Apr 12 21:59:33 2026] DELETE /v2.0/security-groups/87e17c41-c4fc-475d-a0d6-98c544b3efef => generated 0 bytes in 282 msecs (HTTP/1.1 204) 2 headers in 112 bytes (1 switches on core 0) [pid: 7|app: 0|req: 695/1492] 10.0.0.203 () {32 vars in 740 bytes} [Sun Apr 12 21:59:34 2026] DELETE /v2.0/security-groups/91f62e25-3065-4efd-9b16-521a96f002b6 => generated 0 bytes in 314 msecs (HTTP/1.1 204) 2 headers in 112 bytes (1 switches on core 0)
2026-04-12 21:59:34.605 8 INFO neutron_taas.services.taas.taas_plugin [None req-6b3b7b69-1745-45d1-9844-b1296f801b0e 997147041de84c2ea7e639a26f970b5b 9a162c027d0d4796bf1426c8c30e415f - - default default] TaaS: Handle Delete Port: 211f56af-c6f3-4d35-89e4-810fec79099a
2026-04-12 21:59:34.608 8 INFO neutron_taas.services.taas.tap_mirror_plugin [None req-6b3b7b69-1745-45d1-9844-b1296f801b0e 997147041de84c2ea7e639a26f970b5b 9a162c027d0d4796bf1426c8c30e415f - - default default] Tap Mirror: Handle Delete Port: 211f56af-c6f3-4d35-89e4-810fec79099a [pid: 8|app: 0|req: 798/1493] 10.0.0.203 () {34 vars in 789 bytes} [Sun Apr 12 21:59:34 2026] PUT /v2.0/routers/a4becb7a-babd-4654-83c9-ef9a81ba01c1/remove_router_interface => generated 309 bytes in 681 msecs (HTTP/1.1 200) 4 headers in 157 bytes (1 switches on core 0) [pid: 7|app: 0|req: 696/1494] 10.0.0.203 () {32 vars in 736 bytes} [Sun Apr 12 21:59:34 2026] GET /v2.0/ports?device_id=a4becb7a-babd-4654-83c9-ef9a81ba01c1 => generated 12 bytes in 32 msecs (HTTP/1.1 200) 4 headers in 156 bytes (1 switches on core 0) /var/lib/openstack/lib/python3.12/site-packages/pycadf/identifier.py:70: UserWarning: Invalid uuid: neutron. To ensure interoperability, identifiers should be a valid uuid. warnings.warn(('Invalid uuid: %s. To ensure interoperability, ' [pid: 8|app: 0|req: 799/1495] 10.0.0.203 () {32 vars in 724 bytes} [Sun Apr 12 21:59:34 2026] DELETE /v2.0/routers/a4becb7a-babd-4654-83c9-ef9a81ba01c1 => generated 0 bytes in 304 msecs (HTTP/1.1 204) 2 headers in 112 bytes (1 switches on core 0) [pid: 7|app: 0|req: 697/1496] 10.0.0.203 () {32 vars in 740 bytes} [Sun Apr 12 21:59:35 2026] DELETE /v2.0/security-groups/83046612-f71f-4ea9-8791-8eed995e092c => generated 0 bytes in 228 msecs (HTTP/1.1 204) 2 headers in 112 bytes (1 switches on core 0)
2026-04-12 21:59:35.337 7 INFO neutron.api.v2.resource [None req-87769aad-13fb-45d5-bf88-b89e65c0cb5e bb0ecae43f324adea9ca2f594cf44aff 3076d94d62014f39bbdbe90ff88deada - - default default] show failed (client error): The resource could not be found. [pid: 7|app: 0|req: 698/1497] 10.0.0.203 () {32 vars in 737 bytes} [Sun Apr 12 21:59:35 2026] GET /v2.0/security-groups/83046612-f71f-4ea9-8791-8eed995e092c => generated 146 bytes in 8 msecs (HTTP/1.1 404) 4 headers in 164 bytes (1 switches on core 0) [pid: 8|app: 0|req: 800/1498] 10.0.0.203 () {32 vars in 724 bytes} [Sun Apr 12 21:59:35 2026] DELETE /v2.0/subnets/1bc092b6-8aac-4b4b-9862-d9aae6f0fc02 => generated 0 bytes in 164 msecs (HTTP/1.1 204) 3 headers in 131 bytes (1 switches on core 0)
2026-04-12 21:59:35.477 7 INFO neutron_taas.services.taas.taas_plugin [None req-d861cb99-bb06-44dd-8c9f-b9a53527fc71 bb0ecae43f324adea9ca2f594cf44aff 3076d94d62014f39bbdbe90ff88deada - - default default] TaaS: Handle Delete Port: 58e37793-6108-4cbe-94f0-e52e8ba27433
2026-04-12 21:59:35.480 7 INFO neutron_taas.services.taas.tap_mirror_plugin [None req-d861cb99-bb06-44dd-8c9f-b9a53527fc71 bb0ecae43f324adea9ca2f594cf44aff 3076d94d62014f39bbdbe90ff88deada - - default default] Tap Mirror: Handle Delete Port: 58e37793-6108-4cbe-94f0-e52e8ba27433 [pid: 8|app: 0|req: 801/1499] 10.0.0.203 () {32 vars in 724 bytes} [Sun Apr 12 21:59:35 2026] DELETE /v2.0/subnets/eaa81a46-6e0e-4855-8ec5-99c6d5aa8322 => generated 0 bytes in 156 msecs (HTTP/1.1 204) 3 headers in 131 bytes (1 switches on core 0) [pid: 7|app: 0|req: 699/1500] 10.0.0.203 () {32 vars in 732 bytes} [Sun Apr 12 21:59:35 2026] DELETE /v2.0/floatingips/ee48ef4c-4114-4169-ae9f-3d39c6ef12aa => generated 0 bytes in 304 msecs (HTTP/1.1 204) 2 headers in 112 bytes (1 switches on core 0)
2026-04-12 21:59:35.758 8 INFO neutron_taas.services.taas.taas_plugin [None req-850401f8-2676-4c15-a6f7-6c515731d8e4 997147041de84c2ea7e639a26f970b5b 9a162c027d0d4796bf1426c8c30e415f - - default default] TaaS: Handle Delete Port: 9b4d7366-49a2-4b43-a695-265b40306aaa
2026-04-12 21:59:35.761 8 INFO neutron_taas.services.taas.tap_mirror_plugin [None req-850401f8-2676-4c15-a6f7-6c515731d8e4 997147041de84c2ea7e639a26f970b5b 9a162c027d0d4796bf1426c8c30e415f - - default default] Tap Mirror: Handle Delete Port: 9b4d7366-49a2-4b43-a695-265b40306aaa
2026-04-12 21:59:35.965 8 INFO neutron.services.segments.plugin [-] Segment 3fd4e610-34ee-4f7b-bf4d-1226a7d02ab3 resource provider aggregate not found
2026-04-12 21:59:35.970 8 INFO neutron.services.segments.plugin [-] Segment 3fd4e610-34ee-4f7b-bf4d-1226a7d02ab3 resource provider aggregate not found
2026-04-12 21:59:35.990 8 INFO neutron.services.segments.plugin [-] Segment 3fd4e610-34ee-4f7b-bf4d-1226a7d02ab3 resource provider not found; error: Placement Client Error (4xx): {"errors": [{"status": 404, "title": "Not Found", "detail": "The resource could not be found.\n\n No resource provider with uuid 3fd4e610-34ee-4f7b-bf4d-1226a7d02ab3 found for delete ", "request_id": "req-6c259b69-4958-4c64-a4e2-79f81118fe14"}]}
2026-04-12 21:59:35.997 8 INFO neutron.services.segments.plugin [-] Segment 3fd4e610-34ee-4f7b-bf4d-1226a7d02ab3 resource provider not found; error: Placement Client Error (4xx): {"errors": [{"status": 404, "title": "Not Found", "detail": "The resource could not be found.\n\n No resource provider with uuid 3fd4e610-34ee-4f7b-bf4d-1226a7d02ab3 found for delete ", "request_id": "req-5b30438f-f010-4197-919c-382ae6510a3a"}]}
2026-04-12 21:59:36.019 7 INFO neutron_taas.services.taas.taas_plugin [None req-02e8465e-6760-4622-bd1c-704a8921c2fd 237ab906d15b46c3965a7987c7a4e942 a337ae700e2d447ebbead920a79d3c4d - - default default] TaaS: Handle Delete Port: c3362817-1375-4d27-b03f-b0bb10916bc5
2026-04-12 21:59:36.022 7 INFO neutron_taas.services.taas.tap_mirror_plugin [None req-02e8465e-6760-4622-bd1c-704a8921c2fd 237ab906d15b46c3965a7987c7a4e942 a337ae700e2d447ebbead920a79d3c4d - - default default] Tap Mirror: Handle Delete Port: c3362817-1375-4d27-b03f-b0bb10916bc5 [pid: 8|app: 0|req: 802/1501] 10.0.0.203 () {32 vars in 726 bytes} [Sun Apr 12 21:59:35 2026] DELETE /v2.0/networks/4c25d699-fcb9-46af-b5cc-b8203856cf1b => generated 0 bytes in 393 msecs (HTTP/1.1 204) 3 headers in 131 bytes (1 switches on core 0)
2026-04-12 21:59:36.147 8 INFO neutron_taas.services.taas.taas_plugin [None req-d6baae12-2cd8-4e27-b756-a5e2de427ff7 997147041de84c2ea7e639a26f970b5b 9a162c027d0d4796bf1426c8c30e415f - - default default] TaaS: Handle Delete Port: 662ab6d3-520c-4121-bc3e-87d0ad0a7059
2026-04-12 21:59:36.150 8 INFO neutron_taas.services.taas.tap_mirror_plugin [None req-d6baae12-2cd8-4e27-b756-a5e2de427ff7 997147041de84c2ea7e639a26f970b5b 9a162c027d0d4796bf1426c8c30e415f - - default default] Tap Mirror: Handle Delete Port: 662ab6d3-520c-4121-bc3e-87d0ad0a7059 [pid: 8|app: 0|req: 803/1502] 10.0.0.203 () {32 vars in 726 bytes} [Sun Apr 12 21:59:36 2026] DELETE /v2.0/networks/4e01666b-9745-4b0c-9fa7-75731e941a24 => generated 0 bytes in 406 msecs (HTTP/1.1 204) 3 headers in 131 bytes (1 switches on core 0)
2026-04-12 21:59:36.863 8 INFO neutron.db.ovn_revision_numbers_db [None req-bfda810f-b0b4-4b80-8c8b-a2ac3b268c87 7a1a88ae2d674ce6b60565daf2b673f3 bd49e43add3d4c88a47bffbff5d578bf - - default default] Successfully bumped revision number for resource c39eb20e-9928-4358-bd51-636be0c3a8ea (type: security_groups) to 1
2026-04-12 21:59:36.889 8 INFO neutron.db.ovn_revision_numbers_db [None req-bfda810f-b0b4-4b80-8c8b-a2ac3b268c87 7a1a88ae2d674ce6b60565daf2b673f3 bd49e43add3d4c88a47bffbff5d578bf - - default default] Successfully bumped revision number for resource 09db9864-70bf-42bd-a2fd-0326ac427408 (type: security_group_rules) to 0
2026-04-12 21:59:36.906 8 INFO neutron.db.ovn_revision_numbers_db [None req-bfda810f-b0b4-4b80-8c8b-a2ac3b268c87 7a1a88ae2d674ce6b60565daf2b673f3 bd49e43add3d4c88a47bffbff5d578bf - - default default] Successfully bumped revision number for resource 4dc72197-9ca9-4331-bbea-be81dc444762 (type: security_group_rules) to 0 [pid: 7|app: 0|req: 700/1503] 10.0.0.203 () {34 vars in 789 bytes} [Sun Apr 12 21:59:35 2026] PUT /v2.0/routers/3517a431-34f1-4ecb-b487-5d644032685f/remove_router_interface => generated 309 bytes in 1265 msecs (HTTP/1.1 200) 4 headers in 157 bytes (1 switches on core 0) /var/lib/openstack/lib/python3.12/site-packages/pycadf/identifier.py:70: UserWarning: Invalid uuid: neutron. To ensure interoperability, identifiers should be a valid uuid. warnings.warn(('Invalid uuid: %s. To ensure interoperability, '
2026-04-12 21:59:36.921 8 INFO neutron.db.ovn_revision_numbers_db [None req-bfda810f-b0b4-4b80-8c8b-a2ac3b268c87 7a1a88ae2d674ce6b60565daf2b673f3 bd49e43add3d4c88a47bffbff5d578bf - - default default] Successfully bumped revision number for resource acc67234-d062-438b-8f6f-c2cbdd92bee2 (type: security_group_rules) to 0
2026-04-12 21:59:36.939 8 INFO neutron.db.ovn_revision_numbers_db [None req-bfda810f-b0b4-4b80-8c8b-a2ac3b268c87 7a1a88ae2d674ce6b60565daf2b673f3 bd49e43add3d4c88a47bffbff5d578bf - - default default] Successfully bumped revision number for resource bb6d2c8d-5cc5-4397-8fb4-e958c6bef9fc (type: security_group_rules) to 0
2026-04-12 21:59:37.019 7 INFO neutron.db.segments_db [None req-019b78ef-b501-465c-8977-d2aafabf6696 997147041de84c2ea7e639a26f970b5b 9a162c027d0d4796bf1426c8c30e415f - - default default] Added segment 42e1559a-505c-4908-8666-927e64c4c815 of type geneve for network d5dd6432-ef31-47c8-8aa3-bc3349508944
2026-04-12 21:59:37.024 8 INFO neutron.db.segments_db [None req-bfda810f-b0b4-4b80-8c8b-a2ac3b268c87 7a1a88ae2d674ce6b60565daf2b673f3 bd49e43add3d4c88a47bffbff5d578bf - - default default] Added segment eea3f9e8-9403-4a0e-a3a0-1ff3887ad511 of type geneve for network 91acaff9-9a60-4e37-a506-84ec6e84f8ff
2026-04-12 21:59:37.204 8 INFO neutron.db.ovn_revision_numbers_db [None req-bfda810f-b0b4-4b80-8c8b-a2ac3b268c87 7a1a88ae2d674ce6b60565daf2b673f3 bd49e43add3d4c88a47bffbff5d578bf - - default default] Successfully bumped revision number for resource 91acaff9-9a60-4e37-a506-84ec6e84f8ff (type: networks) to 1
2026-04-12 21:59:37.218 7 INFO neutron.db.ovn_revision_numbers_db [None req-019b78ef-b501-465c-8977-d2aafabf6696 997147041de84c2ea7e639a26f970b5b 9a162c027d0d4796bf1426c8c30e415f - - default default] Successfully bumped revision number for resource d5dd6432-ef31-47c8-8aa3-bc3349508944 (type: networks) to 1
2026-04-12 21:59:37.385 8 WARNING neutron.scheduler.dhcp_agent_scheduler [None req-bfda810f-b0b4-4b80-8c8b-a2ac3b268c87 7a1a88ae2d674ce6b60565daf2b673f3 bd49e43add3d4c88a47bffbff5d578bf - - default default] No more DHCP agents
2026-04-12 21:59:37.387 8 WARNING neutron.api.rpc.agentnotifiers.dhcp_rpc_agent_api [None req-bfda810f-b0b4-4b80-8c8b-a2ac3b268c87 7a1a88ae2d674ce6b60565daf2b673f3 bd49e43add3d4c88a47bffbff5d578bf - - default default] Unable to schedule network 91acaff9-9a60-4e37-a506-84ec6e84f8ff: no agents available; will retry on subsequent port and subnet creation events.
2026-04-12 21:59:37.461 7 WARNING neutron.scheduler.dhcp_agent_scheduler [None req-019b78ef-b501-465c-8977-d2aafabf6696 997147041de84c2ea7e639a26f970b5b 9a162c027d0d4796bf1426c8c30e415f - - default default] No more DHCP agents
2026-04-12 21:59:37.464 7 WARNING neutron.api.rpc.agentnotifiers.dhcp_rpc_agent_api [None req-019b78ef-b501-465c-8977-d2aafabf6696 997147041de84c2ea7e639a26f970b5b 9a162c027d0d4796bf1426c8c30e415f - - default default] Unable to schedule network d5dd6432-ef31-47c8-8aa3-bc3349508944: no agents available; will retry on subsequent port and subnet creation events.
2026-04-12 21:59:37.525 8 INFO neutron.db.ovn_revision_numbers_db [None req-bfda810f-b0b4-4b80-8c8b-a2ac3b268c87 7a1a88ae2d674ce6b60565daf2b673f3 bd49e43add3d4c88a47bffbff5d578bf - - default default] Successfully bumped revision number for resource 118efa55-e1f2-4fa4-bb01-ebe2fe22211e (type: ports) to 1 [pid: 8|app: 0|req: 804/1504] 10.0.0.203 () {34 vars in 670 bytes} [Sun Apr 12 21:59:36 2026] POST /v2.0/networks => generated 645 bytes in 1134 msecs (HTTP/1.1 201) 4 headers in 162 bytes (1 switches on core 0)
2026-04-12 21:59:37.608 7 INFO neutron.db.ovn_revision_numbers_db [None req-019b78ef-b501-465c-8977-d2aafabf6696 997147041de84c2ea7e639a26f970b5b 9a162c027d0d4796bf1426c8c30e415f - - default default] Successfully bumped revision number for resource 6d3fa396-f3c2-4f33-88fa-5c5561ccc4b3 (type: ports) to 1 [pid: 7|app: 0|req: 701/1505] 10.0.0.203 () {34 vars in 670 bytes} [Sun Apr 12 21:59:36 2026] POST /v2.0/networks => generated 634 bytes in 714 msecs (HTTP/1.1 201) 4 headers in 162 bytes (1 switches on core 0)
2026-04-12 21:59:37.848 7 WARNING neutron.scheduler.dhcp_agent_scheduler [None req-681d1760-7484-4bf6-82ee-eaadacf72f4d 7a1a88ae2d674ce6b60565daf2b673f3 bd49e43add3d4c88a47bffbff5d578bf - - default default] No more DHCP agents
2026-04-12 21:59:37.850 7 WARNING neutron.api.rpc.agentnotifiers.dhcp_rpc_agent_api [None req-681d1760-7484-4bf6-82ee-eaadacf72f4d 7a1a88ae2d674ce6b60565daf2b673f3 bd49e43add3d4c88a47bffbff5d578bf - - default default] Unable to schedule network 91acaff9-9a60-4e37-a506-84ec6e84f8ff: no agents available; will retry on subsequent port and subnet creation events.
2026-04-12 21:59:37.983 7 INFO neutron.db.ovn_revision_numbers_db [None req-681d1760-7484-4bf6-82ee-eaadacf72f4d 7a1a88ae2d674ce6b60565daf2b673f3 bd49e43add3d4c88a47bffbff5d578bf - - default default] Successfully bumped revision number for resource c8521733-f1d4-4cbb-89ef-1b2c9a945ad6 (type: ports) to 1
2026-04-12 21:59:38.015 8 INFO neutron_taas.services.taas.taas_plugin [None req-95e9b138-5e95-4d55-926e-d1eeecdff75d 237ab906d15b46c3965a7987c7a4e942 a337ae700e2d447ebbead920a79d3c4d - - default default] TaaS: Handle Delete Port: b920c94e-d8f7-48d7-b3a8-833268a91089
2026-04-12 21:59:38.017 8 INFO neutron.services.segments.plugin [-] Segment cd098da8-4b51-4685-b4ef-c4968da7e0d4 resource provider aggregate not found
2026-04-12 21:59:38.022 8 INFO neutron.services.segments.plugin [-] Segment cd098da8-4b51-4685-b4ef-c4968da7e0d4 resource provider aggregate not found
2026-04-12 21:59:38.027 8 INFO neutron_taas.services.taas.tap_mirror_plugin [None req-95e9b138-5e95-4d55-926e-d1eeecdff75d 237ab906d15b46c3965a7987c7a4e942 a337ae700e2d447ebbead920a79d3c4d - - default default] Tap Mirror: Handle Delete Port: b920c94e-d8f7-48d7-b3a8-833268a91089
2026-04-12 21:59:38.038 8 INFO neutron.services.segments.plugin [-] Segment cd098da8-4b51-4685-b4ef-c4968da7e0d4 resource provider not found; error: Placement Client Error (4xx): {"errors": [{"status": 404, "title": "Not Found", "detail": "The resource could not be found.\n\n No resource provider with uuid cd098da8-4b51-4685-b4ef-c4968da7e0d4 found for delete ", "request_id": "req-e2cb9f47-9413-43e8-9952-f5b4b36188cb"}]}
2026-04-12 21:59:38.042 8 INFO neutron.services.segments.plugin [-] Segment cd098da8-4b51-4685-b4ef-c4968da7e0d4 resource provider not found; error: Placement Client Error (4xx): {"errors": [{"status": 404, "title": "Not Found", "detail": "The resource could not be found.\n\n No resource provider with uuid cd098da8-4b51-4685-b4ef-c4968da7e0d4 found for delete ", "request_id": "req-1fbf8a4f-09ea-454f-8c7f-bd16f196484c"}]} [pid: 7|app: 0|req: 702/1506] 10.0.0.203 () {34 vars in 665 bytes} [Sun Apr 12 21:59:37 2026] POST /v2.0/ports => generated 774 bytes in 417 msecs (HTTP/1.1 201) 4 headers in 162 bytes (1 switches on core 0) /var/lib/openstack/lib/python3.12/site-packages/pycadf/identifier.py:70: UserWarning: Invalid uuid: neutron. To ensure interoperability, identifiers should be a valid uuid. warnings.warn(('Invalid uuid: %s. To ensure interoperability, '
2026-04-12 21:59:38.342 7 WARNING neutron.scheduler.dhcp_agent_scheduler [None req-47b75de5-16a2-46b3-9f41-df12a9a380fc 997147041de84c2ea7e639a26f970b5b 9a162c027d0d4796bf1426c8c30e415f - - default default] No more DHCP agents
2026-04-12 21:59:38.344 7 WARNING neutron.api.rpc.agentnotifiers.dhcp_rpc_agent_api [None req-47b75de5-16a2-46b3-9f41-df12a9a380fc 997147041de84c2ea7e639a26f970b5b 9a162c027d0d4796bf1426c8c30e415f - - default default] Unable to schedule network d5dd6432-ef31-47c8-8aa3-bc3349508944: no agents available; will retry on subsequent port and subnet creation events.
2026-04-12 21:59:38.390 7 INFO neutron.db.ovn_revision_numbers_db [None req-47b75de5-16a2-46b3-9f41-df12a9a380fc 997147041de84c2ea7e639a26f970b5b 9a162c027d0d4796bf1426c8c30e415f - - default default] Successfully bumped revision number for resource 4fa1cd2e-86d1-40eb-97f5-657020096c9e (type: subnets) to 0 [pid: 7|app: 0|req: 703/1507] 10.0.0.203 () {34 vars in 669 bytes} [Sun Apr 12 21:59:38 2026] POST /v2.0/subnets => generated 646 bytes in 363 msecs (HTTP/1.1 201) 4 headers in 162 bytes (1 switches on core 0) [pid: 8|app: 0|req: 805/1508] 10.0.0.203 () {32 vars in 724 bytes} [Sun Apr 12 21:59:37 2026] DELETE /v2.0/routers/3517a431-34f1-4ecb-b487-5d644032685f => generated 0 bytes in 1017 msecs (HTTP/1.1 204) 2 headers in 112 bytes (1 switches on core 0)
2026-04-12 21:59:38.671 8 INFO neutron.db.segments_db [None req-018ec7ec-2d8b-4744-97e0-1513d0a3cec2 7a1a88ae2d674ce6b60565daf2b673f3 bd49e43add3d4c88a47bffbff5d578bf - - default default] Added segment 117d3ce2-f9ad-4fbf-9f10-0dd33bd28b12 of type geneve for network 44f61a14-cebb-4fbc-9fa6-ade5349afd2a
2026-04-12 21:59:38.808 8 INFO neutron.db.ovn_revision_numbers_db [None req-018ec7ec-2d8b-4744-97e0-1513d0a3cec2 7a1a88ae2d674ce6b60565daf2b673f3 bd49e43add3d4c88a47bffbff5d578bf - - default default] Successfully bumped revision number for resource 44f61a14-cebb-4fbc-9fa6-ade5349afd2a (type: networks) to 1
2026-04-12 21:59:38.821 7 WARNING neutron.plugins.ml2.drivers.ovn.mech_driver.ovsdb.ovn_client [None req-778e4777-bfdf-4e77-b201-6a20c205131e - - - - - -] No port found with ID 65364159-7c4d-4a2c-b31c-a7048d36f0f4: RuntimeError: No port found with ID 65364159-7c4d-4a2c-b31c-a7048d36f0f4
2026-04-12 21:59:38.836 7 INFO neutron.plugins.ml2.drivers.ovn.mech_driver.mech_driver [None req-778e4777-bfdf-4e77-b201-6a20c205131e - - - - - -] OVN reports status down for port: 895582e3-9e19-47ca-be92-2fd68a4d5858
2026-04-12 21:59:38.838 7 WARNING neutron.scheduler.dhcp_agent_scheduler [None req-86b38a60-c02a-4f5d-8067-8e0b72e56b3c d3434268fb31451ab3b5d11aabd59c8a 60054bdebcce4d8ebcdda15efcae655d - - default default] No more DHCP agents
2026-04-12 21:59:38.841 7 WARNING neutron.api.rpc.agentnotifiers.dhcp_rpc_agent_api [None req-86b38a60-c02a-4f5d-8067-8e0b72e56b3c d3434268fb31451ab3b5d11aabd59c8a 60054bdebcce4d8ebcdda15efcae655d - - default default] Unable to schedule network c3af7d17-8bea-4d5a-868c-17f2f5b07933: no agents available; will retry on subsequent port and subnet creation events.
2026-04-12 21:59:38.903 7 INFO neutron.plugins.ml2.drivers.ovn.mech_driver.mech_driver [None req-778e4777-bfdf-4e77-b201-6a20c205131e - - - - - -] OVN reports status down for port: 118efa55-e1f2-4fa4-bb01-ebe2fe22211e
2026-04-12 21:59:38.978 8 WARNING neutron.scheduler.dhcp_agent_scheduler [None req-018ec7ec-2d8b-4744-97e0-1513d0a3cec2 7a1a88ae2d674ce6b60565daf2b673f3 bd49e43add3d4c88a47bffbff5d578bf - - default default] No more DHCP agents
2026-04-12 21:59:38.980 8 WARNING neutron.api.rpc.agentnotifiers.dhcp_rpc_agent_api [None req-018ec7ec-2d8b-4744-97e0-1513d0a3cec2 7a1a88ae2d674ce6b60565daf2b673f3 bd49e43add3d4c88a47bffbff5d578bf - - default default] Unable to schedule network 44f61a14-cebb-4fbc-9fa6-ade5349afd2a: no agents available; will retry on subsequent port and subnet creation events.
2026-04-12 21:59:38.998 7 INFO neutron.plugins.ml2.drivers.ovn.mech_driver.mech_driver [None req-778e4777-bfdf-4e77-b201-6a20c205131e - - - - - -] OVN reports status down for port: 6d3fa396-f3c2-4f33-88fa-5c5561ccc4b3
2026-04-12 21:59:39.092 8 INFO neutron.db.ovn_revision_numbers_db [None req-018ec7ec-2d8b-4744-97e0-1513d0a3cec2 7a1a88ae2d674ce6b60565daf2b673f3 bd49e43add3d4c88a47bffbff5d578bf - - default default] Successfully bumped revision number for resource 016a47a7-9587-4dca-bd1e-32556995edbd (type: ports) to 1 [pid: 8|app: 0|req: 806/1509] 10.0.0.203 () {34 vars in 670 bytes} [Sun Apr 12 21:59:38 2026] POST /v2.0/networks => generated 631 bytes in 522 msecs (HTTP/1.1 201) 4 headers in 162 bytes (1 switches on core 0)
2026-04-12 21:59:39.216 8 INFO neutron.db.ovn_revision_numbers_db [None req-a5fa6a75-c513-4390-97fb-ecc9dd65fc2c 997147041de84c2ea7e639a26f970b5b 9a162c027d0d4796bf1426c8c30e415f - - default default] Successfully bumped revision number for resource 359cefdb-db12-481e-af25-76f797cece49 (type: routers) to 1 [pid: 8|app: 0|req: 807/1510] 10.0.0.203 () {34 vars in 669 bytes} [Sun Apr 12 21:59:39 2026] POST /v2.0/routers => generated 607 bytes in 118 msecs (HTTP/1.1 201) 4 headers in 162 bytes (1 switches on core 0)
2026-04-12 21:59:39.247 7 INFO neutron.plugins.ml2.drivers.ovn.mech_driver.mech_driver [None req-778e4777-bfdf-4e77-b201-6a20c205131e - - - - - -] OVN reports status down for port: c8521733-f1d4-4cbb-89ef-1b2c9a945ad6
2026-04-12 21:59:39.361 7 INFO neutron.plugins.ml2.drivers.ovn.mech_driver.mech_driver [None req-778e4777-bfdf-4e77-b201-6a20c205131e - - - - - -] OVN reports status down for port: 016a47a7-9587-4dca-bd1e-32556995edbd [pid: 8|app: 0|req: 808/1511] 10.0.0.203 () {32 vars in 724 bytes} [Sun Apr 12 21:59:39 2026] DELETE /v2.0/subnets/d8f2c06e-7926-41e3-b32b-f56081e0dc76 => generated 0 bytes in 160 msecs (HTTP/1.1 204) 3 headers in 131 bytes (1 switches on core 0) [pid: 7|app: 0|req: 704/1512] 10.0.0.203 () {34 vars in 676 bytes} [Sun Apr 12 21:59:38 2026] POST /v2.0/floatingips => generated 552 bytes in 1053 msecs (HTTP/1.1 201) 4 headers in 162 bytes (1 switches on core 0) /var/lib/openstack/lib/python3.12/site-packages/pycadf/identifier.py:70: UserWarning: Invalid uuid: neutron. To ensure interoperability, identifiers should be a valid uuid. warnings.warn(('Invalid uuid: %s. To ensure interoperability, '
2026-04-12 21:59:39.570 8 WARNING neutron.scheduler.dhcp_agent_scheduler [None req-0ee19f7e-0d32-4bd5-9c98-e882a43bc946 7a1a88ae2d674ce6b60565daf2b673f3 bd49e43add3d4c88a47bffbff5d578bf - - default default] No more DHCP agents
2026-04-12 21:59:39.572 8 WARNING neutron.api.rpc.agentnotifiers.dhcp_rpc_agent_api [None req-0ee19f7e-0d32-4bd5-9c98-e882a43bc946 7a1a88ae2d674ce6b60565daf2b673f3 bd49e43add3d4c88a47bffbff5d578bf - - default default] Unable to schedule network 44f61a14-cebb-4fbc-9fa6-ade5349afd2a: no agents available; will retry on subsequent port and subnet creation events.
2026-04-12 21:59:39.745 7 WARNING neutron.scheduler.dhcp_agent_scheduler [None req-dc3e9d25-a708-4673-b509-a0ab7ec6f7e0 997147041de84c2ea7e639a26f970b5b 9a162c027d0d4796bf1426c8c30e415f - - default default] No more DHCP agents
2026-04-12 21:59:39.746 7 WARNING neutron.api.rpc.agentnotifiers.dhcp_rpc_agent_api [None req-dc3e9d25-a708-4673-b509-a0ab7ec6f7e0 997147041de84c2ea7e639a26f970b5b 9a162c027d0d4796bf1426c8c30e415f - - default default] Unable to schedule network d5dd6432-ef31-47c8-8aa3-bc3349508944: no agents available; will retry on subsequent port and subnet creation events.
2026-04-12 21:59:39.844 7 INFO neutron.plugins.ml2.drivers.ovn.mech_driver.mech_driver [None req-778e4777-bfdf-4e77-b201-6a20c205131e - - - - - -] OVN reports status down for port: aac4478d-4d61-4745-ac65-0293050cba36
2026-04-12 21:59:39.911 7 INFO neutron.db.ovn_revision_numbers_db [None req-dc3e9d25-a708-4673-b509-a0ab7ec6f7e0 997147041de84c2ea7e639a26f970b5b 9a162c027d0d4796bf1426c8c30e415f - - default default] Successfully bumped revision number for resource aac4478d-4d61-4745-ac65-0293050cba36 (type: ports) to 1 [pid: 7|app: 0|req: 705/1513] 10.0.0.203 () {34 vars in 665 bytes} [Sun Apr 12 21:59:39 2026] POST /v2.0/ports => generated 963 bytes in 484 msecs (HTTP/1.1 201) 4 headers in 162 bytes (1 switches on core 0) /var/lib/openstack/lib/python3.12/site-packages/pycadf/identifier.py:70: UserWarning: Invalid uuid: neutron. To ensure interoperability, identifiers should be a valid uuid. warnings.warn(('Invalid uuid: %s. To ensure interoperability, '
2026-04-12 21:59:40.086 7 INFO neutron_taas.services.taas.taas_plugin [None req-674fa5da-f5d1-4911-9a8e-3444a2d80ecd 237ab906d15b46c3965a7987c7a4e942 a337ae700e2d447ebbead920a79d3c4d - - default default] TaaS: Handle Delete Port: c7388083-740e-4751-8b90-a4f49ee6124d
2026-04-12 21:59:40.089 7 INFO neutron_taas.services.taas.tap_mirror_plugin [None req-674fa5da-f5d1-4911-9a8e-3444a2d80ecd 237ab906d15b46c3965a7987c7a4e942 a337ae700e2d447ebbead920a79d3c4d - - default default] Tap Mirror: Handle Delete Port: c7388083-740e-4751-8b90-a4f49ee6124d
2026-04-12 21:59:40.133 8 INFO neutron.db.ovn_revision_numbers_db [None req-2c6fb3ee-e823-4ba0-9d36-27b6913f53fa - - - - - -] Successfully bumped revision number for resource 016a47a7-9587-4dca-bd1e-32556995edbd (type: ports) to 2
2026-04-12 21:59:40.169 8 INFO neutron.db.ovn_revision_numbers_db [None req-2c6fb3ee-e823-4ba0-9d36-27b6913f53fa - - - - - -] Successfully bumped revision number for resource cdb1b075-3768-4a5e-ace9-01919874560a (type: subnets) to 0 [pid: 8|app: 0|req: 809/1514] 10.0.0.203 () {34 vars in 669 bytes} [Sun Apr 12 21:59:39 2026] POST /v2.0/subnets => generated 626 bytes in 805 msecs (HTTP/1.1 201) 4 headers in 162 bytes (1 switches on core 0)
2026-04-12 21:59:40.299 7 INFO neutron.services.segments.plugin [-] Segment e2ccc14d-6720-4240-8630-ea22560e8481 resource provider aggregate not found
2026-04-12 21:59:40.302 7 INFO neutron.services.segments.plugin [-] Segment e2ccc14d-6720-4240-8630-ea22560e8481 resource provider aggregate not found [pid: 8|app: 0|req: 810/1515] 10.0.0.203 () {34 vars in 759 bytes} [Sun Apr 12 21:59:40 2026] PUT /v2.0/floatingips/964def21-9159-4454-997d-f90bd1c79f4f/tags => generated 25 bytes in 103 msecs (HTTP/1.1 200) 4 headers in 156 bytes (1 switches on core 0)
2026-04-12 21:59:40.318 7 INFO neutron.services.segments.plugin [-] Segment e2ccc14d-6720-4240-8630-ea22560e8481 resource provider not found; error: Placement Client Error (4xx): {"errors": [{"status": 404, "title": "Not Found", "detail": "The resource could not be found.\n\n No resource provider with uuid e2ccc14d-6720-4240-8630-ea22560e8481 found for delete ", "request_id": "req-feae3999-a7b6-4511-836b-4e10a2c3a10b"}]}
2026-04-12 21:59:40.323 7 INFO neutron.services.segments.plugin [-] Segment e2ccc14d-6720-4240-8630-ea22560e8481 resource provider not found; error: Placement Client Error (4xx): {"errors": [{"status": 404, "title": "Not Found", "detail": "The resource could not be found.\n\n No resource provider with uuid e2ccc14d-6720-4240-8630-ea22560e8481 found for delete ", "request_id": "req-d06e4659-c109-45fd-8bbb-fa20a7fe1544"}]} [pid: 7|app: 0|req: 706/1518] 10.0.0.203 () {32 vars in 726 bytes} [Sun Apr 12 21:59:39 2026] DELETE /v2.0/networks/1e33f24d-1fe2-422a-b0d4-d10ac533c964 => generated 0 bytes in 406 msecs (HTTP/1.1 204) 3 headers in 131 bytes (1 switches on core 0)
2026-04-12 21:59:40.580 7 WARNING neutron.scheduler.dhcp_agent_scheduler [None req-d1ee9a01-ad8c-45a0-8a15-c27deba9412d 7a1a88ae2d674ce6b60565daf2b673f3 bd49e43add3d4c88a47bffbff5d578bf - - default default] No more DHCP agents
2026-04-12 21:59:40.581 7 WARNING neutron.api.rpc.agentnotifiers.dhcp_rpc_agent_api [None req-d1ee9a01-ad8c-45a0-8a15-c27deba9412d 7a1a88ae2d674ce6b60565daf2b673f3 bd49e43add3d4c88a47bffbff5d578bf - - default default] Unable to schedule network 44f61a14-cebb-4fbc-9fa6-ade5349afd2a: no agents available; will retry on subsequent port and subnet creation events.
2026-04-12 21:59:40.695 7 INFO neutron.plugins.ml2.drivers.ovn.mech_driver.mech_driver [None req-778e4777-bfdf-4e77-b201-6a20c205131e - - - - - -] OVN reports status down for port: ef25bdaf-6545-4a8a-a8d9-2a206608f951
2026-04-12 21:59:40.769 7 INFO neutron.db.ovn_revision_numbers_db [None req-d1ee9a01-ad8c-45a0-8a15-c27deba9412d 7a1a88ae2d674ce6b60565daf2b673f3 bd49e43add3d4c88a47bffbff5d578bf - - default default] Successfully bumped revision number for resource ef25bdaf-6545-4a8a-a8d9-2a206608f951 (type: ports) to 1
2026-04-12 21:59:40.887 8 INFO neutron.db.ovn_revision_numbers_db [None req-d747c963-437d-4122-9a15-8a4694031819 997147041de84c2ea7e639a26f970b5b 9a162c027d0d4796bf1426c8c30e415f - - default default] Successfully bumped revision number for resource aac4478d-4d61-4745-ac65-0293050cba36 (type: ports) to 2
2026-04-12 21:59:40.900 7 INFO neutron.plugins.ml2.drivers.ovn.mech_driver.mech_driver [None req-778e4777-bfdf-4e77-b201-6a20c205131e - - - - - -] OVN reports status up for port: aac4478d-4d61-4745-ac65-0293050cba36
2026-04-12 21:59:40.920 7 INFO neutron.plugins.ml2.plugin [None req-778e4777-bfdf-4e77-b201-6a20c205131e - - - - - -] Attempt 1 to provision port aac4478d-4d61-4745-ac65-0293050cba36 [pid: 7|app: 0|req: 707/1519] 10.0.0.203 () {34 vars in 665 bytes} [Sun Apr 12 21:59:40 2026] POST /v2.0/ports => generated 949 bytes in 569 msecs (HTTP/1.1 201) 4 headers in 162 bytes (1 switches on core 0) /var/lib/openstack/lib/python3.12/site-packages/pycadf/identifier.py:70: UserWarning: Invalid uuid: neutron. To ensure interoperability, identifiers should be a valid uuid. warnings.warn(('Invalid uuid: %s. To ensure interoperability, ' [pid: 7|app: 0|req: 708/1520] 10.0.0.203 () {32 vars in 739 bytes} [Sun Apr 12 21:59:40 2026] GET /v2.0/floatingips/964def21-9159-4454-997d-f90bd1c79f4f/tags => generated 25 bytes in 126 msecs (HTTP/1.1 200) 4 headers in 156 bytes (1 switches on core 0) [pid: 7|app: 0|req: 709/1521] 10.0.0.203 () {32 vars in 774 bytes} [Sun Apr 12 21:59:41 2026] GET /v2.0/security-groups?tenant_id=3076d94d62014f39bbdbe90ff88deada&name=default => generated 2925 bytes in 72 msecs (HTTP/1.1 200) 4 headers in 158 bytes (1 switches on core 0)
2026-04-12 21:59:41.351 7 INFO neutron_taas.services.taas.taas_plugin [None req-2fc71aca-eb12-4825-93b0-e4a96554941c 7a1a88ae2d674ce6b60565daf2b673f3 bd49e43add3d4c88a47bffbff5d578bf - - default default] TaaS: Handle Delete Port: ef25bdaf-6545-4a8a-a8d9-2a206608f951
2026-04-12 21:59:41.355 7 INFO neutron_taas.services.taas.tap_mirror_plugin [None req-2fc71aca-eb12-4825-93b0-e4a96554941c 7a1a88ae2d674ce6b60565daf2b673f3 bd49e43add3d4c88a47bffbff5d578bf - - default default] Tap Mirror: Handle Delete Port: ef25bdaf-6545-4a8a-a8d9-2a206608f951
2026-04-12 21:59:41.393 8 WARNING neutron.scheduler.dhcp_agent_scheduler [None req-d747c963-437d-4122-9a15-8a4694031819 997147041de84c2ea7e639a26f970b5b 9a162c027d0d4796bf1426c8c30e415f - - default default] No more DHCP agents
2026-04-12 21:59:41.394 8 WARNING neutron.api.rpc.agentnotifiers.dhcp_rpc_agent_api [None req-d747c963-437d-4122-9a15-8a4694031819 997147041de84c2ea7e639a26f970b5b 9a162c027d0d4796bf1426c8c30e415f - - default default] Unable to schedule network d5dd6432-ef31-47c8-8aa3-bc3349508944: no agents available; will retry on subsequent port and subnet creation events.
2026-04-12 21:59:41.636 8 INFO neutron.db.ovn_revision_numbers_db [None req-d747c963-437d-4122-9a15-8a4694031819 997147041de84c2ea7e639a26f970b5b 9a162c027d0d4796bf1426c8c30e415f - - default default] Successfully bumped revision number for resource aac4478d-4d61-4745-ac65-0293050cba36 (type: router_ports) to 3 [pid: 8|app: 0|req: 813/1522] 10.0.0.203 () {34 vars in 783 bytes} [Sun Apr 12 21:59:40 2026] PUT /v2.0/routers/359cefdb-db12-481e-af25-76f797cece49/add_router_interface => generated 309 bytes in 1334 msecs (HTTP/1.1 200) 4 headers in 157 bytes (1 switches on core 0)
2026-04-12 21:59:41.644 7 INFO neutron.db.ovn_revision_numbers_db [None req-778e4777-bfdf-4e77-b201-6a20c205131e - - - - - -] Successfully bumped revision number for resource aac4478d-4d61-4745-ac65-0293050cba36 (type: ports) to 3 /var/lib/openstack/lib/python3.12/site-packages/pycadf/identifier.py:70: UserWarning: Invalid uuid: neutron. To ensure interoperability, identifiers should be a valid uuid. warnings.warn(('Invalid uuid: %s. To ensure interoperability, ' [pid: 8|app: 0|req: 814/1523] 10.0.0.203 () {34 vars in 770 bytes} [Sun Apr 12 21:59:41 2026] PUT /v2.0/floatingips/964def21-9159-4454-997d-f90bd1c79f4f/tags/green => generated 4 bytes in 71 msecs (HTTP/1.1 201) 4 headers in 160 bytes (1 switches on core 0) [pid: 7|app: 0|req: 710/1524] 10.0.0.203 () {32 vars in 720 bytes} [Sun Apr 12 21:59:41 2026] DELETE /v2.0/ports/ef25bdaf-6545-4a8a-a8d9-2a206608f951 => generated 0 bytes in 720 msecs (HTTP/1.1 204) 3 headers in 131 bytes (1 switches on core 0) /var/lib/openstack/lib/python3.12/site-packages/pycadf/identifier.py:70: UserWarning: Invalid uuid: neutron. To ensure interoperability, identifiers should be a valid uuid. warnings.warn(('Invalid uuid: %s. To ensure interoperability, ' [pid: 7|app: 0|req: 711/1525] 10.0.0.203 () {32 vars in 717 bytes} [Sun Apr 12 21:59:41 2026] GET /v2.0/ports/aac4478d-4d61-4745-ac65-0293050cba36 => generated 1025 bytes in 45 msecs (HTTP/1.1 200) 4 headers in 158 bytes (1 switches on core 0) [pid: 7|app: 0|req: 712/1526] 10.0.0.203 () {32 vars in 739 bytes} [Sun Apr 12 21:59:41 2026] GET /v2.0/floatingips/964def21-9159-4454-997d-f90bd1c79f4f/tags => generated 34 bytes in 49 msecs (HTTP/1.1 200) 4 headers in 156 bytes (1 switches on core 0)
