2026-04-12 22:00:44.879 7 INFO neutron.db.ovn_revision_numbers_db [None req-f84d6f66-2ac5-4716-acc3-f5c7e5ab9ee0 bf30ddeac38441a9bc6c34b0d08d29b2 2222750e0fd941a1b82603466b34d08c - - default default] Successfully bumped revision number for resource 461b86a3-e29c-40b9-b0d9-f39f7da11cad (type: routers) to 2 [pid: 7|app: 0|req: 934/2009] 10.0.0.203 () {34 vars in 742 bytes} [Sun Apr 12 22:00:44 2026] PUT /v2.0/routers/461b86a3-e29c-40b9-b0d9-f39f7da11cad => generated 598 bytes in 377 msecs (HTTP/1.1 200) 4 headers in 157 bytes (1 switches on core 0) [pid: 7|app: 0|req: 935/2010] 10.0.0.203 () {32 vars in 736 bytes} [Sun Apr 12 22:00:44 2026] GET /v2.0/ports?device_id=461b86a3-e29c-40b9-b0d9-f39f7da11cad => generated 12 bytes in 30 msecs (HTTP/1.1 200) 4 headers in 156 bytes (1 switches on core 0) [pid: 8|app: 0|req: 1076/2011] 10.0.0.203 () {32 vars in 740 bytes} [Sun Apr 12 22:00:44 2026] DELETE /v2.0/security-groups/47fc9032-7203-493a-8108-c0c1696bf22d => generated 0 bytes in 312 msecs (HTTP/1.1 204) 2 headers in 112 bytes (1 switches on core 0) [pid: 7|app: 0|req: 936/2012] 10.0.0.203 () {32 vars in 724 bytes} [Sun Apr 12 22:00:44 2026] DELETE /v2.0/routers/461b86a3-e29c-40b9-b0d9-f39f7da11cad => generated 0 bytes in 272 msecs (HTTP/1.1 204) 2 headers in 112 bytes (1 switches on core 0) [pid: 8|app: 0|req: 1077/2013] 10.0.0.203 () {32 vars in 721 bytes} [Sun Apr 12 22:00:45 2026] GET /v2.0/routers/4b81ffe3-086d-4d55-bb82-1780e910ecd4 => generated 583 bytes in 41 msecs (HTTP/1.1 200) 4 headers in 157 bytes (1 switches on core 0)
2026-04-12 22:00:45.555 7 INFO neutron.db.ovn_revision_numbers_db [None req-22b4bd0b-dcf1-41e2-bcc5-63d518454ff2 bf30ddeac38441a9bc6c34b0d08d29b2 2222750e0fd941a1b82603466b34d08c - - default default] Successfully bumped revision number for resource 4b81ffe3-086d-4d55-bb82-1780e910ecd4 (type: routers) to 2 [pid: 7|app: 0|req: 937/2014] 10.0.0.203 () {34 vars in 742 bytes} [Sun Apr 12 22:00:45 2026] PUT /v2.0/routers/4b81ffe3-086d-4d55-bb82-1780e910ecd4 => generated 583 bytes in 309 msecs (HTTP/1.1 200) 4 headers in 157 bytes (1 switches on core 0) [pid: 8|app: 0|req: 1078/2015] 10.0.0.203 () {32 vars in 736 bytes} [Sun Apr 12 22:00:45 2026] GET /v2.0/ports?device_id=4b81ffe3-086d-4d55-bb82-1780e910ecd4 => generated 12 bytes in 27 msecs (HTTP/1.1 200) 4 headers in 156 bytes (1 switches on core 0) [pid: 7|app: 0|req: 938/2016] 10.0.0.203 () {32 vars in 724 bytes} [Sun Apr 12 22:00:45 2026] DELETE /v2.0/routers/4b81ffe3-086d-4d55-bb82-1780e910ecd4 => generated 0 bytes in 179 msecs (HTTP/1.1 204) 2 headers in 112 bytes (1 switches on core 0) [pid: 8|app: 0|req: 1079/2017] 10.0.0.203 () {32 vars in 721 bytes} [Sun Apr 12 22:00:45 2026] GET /v2.0/routers/d70d19ba-0c5e-4d7d-9302-5891eb2b544f => generated 576 bytes in 39 msecs (HTTP/1.1 200) 4 headers in 157 bytes (1 switches on core 0) [pid: 7|app: 0|req: 939/2018] 10.0.0.203 () {34 vars in 742 bytes} [Sun Apr 12 22:00:45 2026] PUT /v2.0/routers/d70d19ba-0c5e-4d7d-9302-5891eb2b544f => generated 576 bytes in 271 msecs (HTTP/1.1 200) 4 headers in 157 bytes (1 switches on core 0) [pid: 8|app: 0|req: 1080/2019] 10.0.0.203 () {32 vars in 736 bytes} [Sun Apr 12 22:00:46 2026] GET /v2.0/ports?device_id=d70d19ba-0c5e-4d7d-9302-5891eb2b544f => generated 12 bytes in 24 msecs (HTTP/1.1 200) 4 headers in 156 bytes (1 switches on core 0) [pid: 7|app: 0|req: 940/2020] 10.0.0.203 () {32 vars in 724 bytes} [Sun Apr 12 22:00:46 2026] DELETE /v2.0/routers/d70d19ba-0c5e-4d7d-9302-5891eb2b544f => generated 0 bytes in 229 msecs (HTTP/1.1 204) 2 headers in 112 bytes (1 switches on core 0)
2026-04-12 22:00:47.129 8 INFO neutron.db.ovn_revision_numbers_db [None req-0771fb42-9463-4d03-a9af-76aa6d4f2354 fcf704eaa0b749b5abfae2b71e66da3e bf44e064a0674d719c6f15ae3ad3dcf0 - - default default] Successfully bumped revision number for resource f22057d4-55ed-4fcc-997d-733f77ae56db (type: security_groups) to 1
2026-04-12 22:00:47.151 8 INFO neutron.db.ovn_revision_numbers_db [None req-0771fb42-9463-4d03-a9af-76aa6d4f2354 fcf704eaa0b749b5abfae2b71e66da3e bf44e064a0674d719c6f15ae3ad3dcf0 - - default default] Successfully bumped revision number for resource 138be212-43da-41f1-8ff4-c2f21f30c359 (type: security_group_rules) to 0
2026-04-12 22:00:47.164 8 INFO neutron.db.ovn_revision_numbers_db [None req-0771fb42-9463-4d03-a9af-76aa6d4f2354 fcf704eaa0b749b5abfae2b71e66da3e bf44e064a0674d719c6f15ae3ad3dcf0 - - default default] Successfully bumped revision number for resource 2ae3722c-c91d-49de-a8ba-9e39a3e6b7f9 (type: security_group_rules) to 0
2026-04-12 22:00:47.178 8 INFO neutron.db.ovn_revision_numbers_db [None req-0771fb42-9463-4d03-a9af-76aa6d4f2354 fcf704eaa0b749b5abfae2b71e66da3e bf44e064a0674d719c6f15ae3ad3dcf0 - - default default] Successfully bumped revision number for resource cd01898d-d54b-4609-adda-e83e795311cd (type: security_group_rules) to 0
2026-04-12 22:00:47.190 8 INFO neutron.db.ovn_revision_numbers_db [None req-0771fb42-9463-4d03-a9af-76aa6d4f2354 fcf704eaa0b749b5abfae2b71e66da3e bf44e064a0674d719c6f15ae3ad3dcf0 - - default default] Successfully bumped revision number for resource de75606c-0698-4dfc-8b04-8ddd79499aa9 (type: security_group_rules) to 0
2026-04-12 22:00:47.289 8 INFO neutron.db.segments_db [None req-0771fb42-9463-4d03-a9af-76aa6d4f2354 fcf704eaa0b749b5abfae2b71e66da3e bf44e064a0674d719c6f15ae3ad3dcf0 - - default default] Added segment fde0c787-5b40-4881-9d39-4bf390414511 of type geneve for network 9fd86a2f-1c2b-4410-89d5-d6da2c1a6fc4
2026-04-12 22:00:47.443 8 INFO neutron.db.ovn_revision_numbers_db [None req-0771fb42-9463-4d03-a9af-76aa6d4f2354 fcf704eaa0b749b5abfae2b71e66da3e bf44e064a0674d719c6f15ae3ad3dcf0 - - default default] Successfully bumped revision number for resource 9fd86a2f-1c2b-4410-89d5-d6da2c1a6fc4 (type: networks) to 1
2026-04-12 22:00:47.541 7 INFO neutron.db.ovn_revision_numbers_db [None req-da80fcd6-a7eb-4010-9358-46fea5d41ff5 237ab906d15b46c3965a7987c7a4e942 a337ae700e2d447ebbead920a79d3c4d - - default default] Successfully bumped revision number for resource dcce8c48-cd49-4cb4-93f5-eab4f7f12a8a (type: security_groups) to 1
2026-04-12 22:00:47.559 7 INFO neutron.db.ovn_revision_numbers_db [None req-da80fcd6-a7eb-4010-9358-46fea5d41ff5 237ab906d15b46c3965a7987c7a4e942 a337ae700e2d447ebbead920a79d3c4d - - default default] Successfully bumped revision number for resource 2b466c34-5713-483c-b7cc-db6ea44ae564 (type: security_group_rules) to 0
2026-04-12 22:00:47.570 7 INFO neutron.db.ovn_revision_numbers_db [None req-da80fcd6-a7eb-4010-9358-46fea5d41ff5 237ab906d15b46c3965a7987c7a4e942 a337ae700e2d447ebbead920a79d3c4d - - default default] Successfully bumped revision number for resource 800f1107-fae8-4937-aec0-2a5dd8873bb2 (type: security_group_rules) to 0
2026-04-12 22:00:47.581 7 INFO neutron.db.ovn_revision_numbers_db [None req-da80fcd6-a7eb-4010-9358-46fea5d41ff5 237ab906d15b46c3965a7987c7a4e942 a337ae700e2d447ebbead920a79d3c4d - - default default] Successfully bumped revision number for resource 9a3c1b5e-d13b-451c-98b0-8f050acff803 (type: security_group_rules) to 0
2026-04-12 22:00:47.593 7 INFO neutron.db.ovn_revision_numbers_db [None req-da80fcd6-a7eb-4010-9358-46fea5d41ff5 237ab906d15b46c3965a7987c7a4e942 a337ae700e2d447ebbead920a79d3c4d - - default default] Successfully bumped revision number for resource a56be40d-9a3c-4c6d-8558-754690bb2afc (type: security_group_rules) to 0 [pid: 7|app: 0|req: 941/2021] 10.0.0.203 () {32 vars in 774 bytes} [Sun Apr 12 22:00:47 2026] GET /v2.0/security-groups?tenant_id=f930eb19569c4f73b754547b01feb991&name=default => generated 2925 bytes in 420 msecs (HTTP/1.1 200) 4 headers in 158 bytes (1 switches on core 0)
2026-04-12 22:00:47.693 8 WARNING neutron.scheduler.dhcp_agent_scheduler [None req-0771fb42-9463-4d03-a9af-76aa6d4f2354 fcf704eaa0b749b5abfae2b71e66da3e bf44e064a0674d719c6f15ae3ad3dcf0 - - default default] No more DHCP agents
2026-04-12 22:00:47.694 8 WARNING neutron.api.rpc.agentnotifiers.dhcp_rpc_agent_api [None req-0771fb42-9463-4d03-a9af-76aa6d4f2354 fcf704eaa0b749b5abfae2b71e66da3e bf44e064a0674d719c6f15ae3ad3dcf0 - - default default] Unable to schedule network 9fd86a2f-1c2b-4410-89d5-d6da2c1a6fc4: no agents available; will retry on subsequent port and subnet creation events.
2026-04-12 22:00:47.787 7 INFO neutron.plugins.ml2.drivers.ovn.mech_driver.mech_driver [None req-977b0a50-f614-4bf6-b33f-7a5be6256958 - - - - - -] OVN reports status down for port: 4d8a2983-46f1-4fa7-a45a-a3c29c9d3ea2
2026-04-12 22:00:47.816 8 INFO neutron.db.ovn_revision_numbers_db [None req-0771fb42-9463-4d03-a9af-76aa6d4f2354 fcf704eaa0b749b5abfae2b71e66da3e bf44e064a0674d719c6f15ae3ad3dcf0 - - default default] Successfully bumped revision number for resource 4d8a2983-46f1-4fa7-a45a-a3c29c9d3ea2 (type: ports) to 1 [pid: 8|app: 0|req: 1081/2022] 10.0.0.203 () {34 vars in 670 bytes} [Sun Apr 12 22:00:46 2026] POST /v2.0/networks => generated 649 bytes in 1168 msecs (HTTP/1.1 201) 4 headers in 162 bytes (1 switches on core 0) [pid: 7|app: 0|req: 942/2023] 10.0.0.203 () {32 vars in 740 bytes} [Sun Apr 12 22:00:47 2026] DELETE /v2.0/security-groups/dcce8c48-cd49-4cb4-93f5-eab4f7f12a8a => generated 0 bytes in 390 msecs (HTTP/1.1 204) 2 headers in 112 bytes (1 switches on core 0)
2026-04-12 22:00:48.141 8 WARNING neutron.scheduler.dhcp_agent_scheduler [None req-016cede9-6fa2-4b00-8cdc-627ab356436d fcf704eaa0b749b5abfae2b71e66da3e bf44e064a0674d719c6f15ae3ad3dcf0 - - default default] No more DHCP agents
2026-04-12 22:00:48.143 8 WARNING neutron.api.rpc.agentnotifiers.dhcp_rpc_agent_api [None req-016cede9-6fa2-4b00-8cdc-627ab356436d fcf704eaa0b749b5abfae2b71e66da3e bf44e064a0674d719c6f15ae3ad3dcf0 - - default default] Unable to schedule network 9fd86a2f-1c2b-4410-89d5-d6da2c1a6fc4: no agents available; will retry on subsequent port and subnet creation events.
2026-04-12 22:00:48.167 8 INFO neutron.db.ovn_revision_numbers_db [None req-016cede9-6fa2-4b00-8cdc-627ab356436d fcf704eaa0b749b5abfae2b71e66da3e bf44e064a0674d719c6f15ae3ad3dcf0 - - default default] Successfully bumped revision number for resource 6fd29de6-ce71-43ff-9ce1-58e9fdf0a097 (type: subnets) to 0 [pid: 8|app: 0|req: 1082/2024] 10.0.0.203 () {34 vars in 669 bytes} [Sun Apr 12 22:00:47 2026] POST /v2.0/subnets => generated 627 bytes in 340 msecs (HTTP/1.1 201) 4 headers in 162 bytes (1 switches on core 0)
2026-04-12 22:00:48.313 7 INFO neutron.db.ovn_revision_numbers_db [None req-921322eb-129c-468b-9770-e6280da47287 237ab906d15b46c3965a7987c7a4e942 a337ae700e2d447ebbead920a79d3c4d - - default default] Successfully bumped revision number for resource c9d5464f-0cd2-4987-baa9-af646a0b2965 (type: security_groups) to 1
2026-04-12 22:00:48.325 7 INFO neutron.db.ovn_revision_numbers_db [None req-921322eb-129c-468b-9770-e6280da47287 237ab906d15b46c3965a7987c7a4e942 a337ae700e2d447ebbead920a79d3c4d - - default default] Successfully bumped revision number for resource 023e8c45-566b-4382-982e-c89db44a62a1 (type: security_group_rules) to 0
2026-04-12 22:00:48.338 7 INFO neutron.db.ovn_revision_numbers_db [None req-921322eb-129c-468b-9770-e6280da47287 237ab906d15b46c3965a7987c7a4e942 a337ae700e2d447ebbead920a79d3c4d - - default default] Successfully bumped revision number for resource 85cd7241-5d8b-4f3b-a36f-6f723f729316 (type: security_group_rules) to 0
2026-04-12 22:00:48.350 7 INFO neutron.db.ovn_revision_numbers_db [None req-921322eb-129c-468b-9770-e6280da47287 237ab906d15b46c3965a7987c7a4e942 a337ae700e2d447ebbead920a79d3c4d - - default default] Successfully bumped revision number for resource e0c78fd9-7ce0-4e53-9ae6-3aa772692648 (type: security_group_rules) to 0
2026-04-12 22:00:48.360 7 INFO neutron.db.ovn_revision_numbers_db [None req-921322eb-129c-468b-9770-e6280da47287 237ab906d15b46c3965a7987c7a4e942 a337ae700e2d447ebbead920a79d3c4d - - default default] Successfully bumped revision number for resource fb289040-6443-40f5-a94b-f9f0ed23daba (type: security_group_rules) to 0 [pid: 7|app: 0|req: 943/2025] 10.0.0.203 () {32 vars in 774 bytes} [Sun Apr 12 22:00:48 2026] GET /v2.0/security-groups?tenant_id=99a7da539fc8407d989165aa1f7344d0&name=default => generated 2925 bytes in 266 msecs (HTTP/1.1 200) 4 headers in 158 bytes (1 switches on core 0) [pid: 7|app: 0|req: 944/2026] 10.0.0.203 () {32 vars in 740 bytes} [Sun Apr 12 22:00:48 2026] DELETE /v2.0/security-groups/c9d5464f-0cd2-4987-baa9-af646a0b2965 => generated 0 bytes in 281 msecs (HTTP/1.1 204) 2 headers in 112 bytes (1 switches on core 0)
2026-04-12 22:00:48.746 8 WARNING neutron.scheduler.dhcp_agent_scheduler [None req-9c85f474-417f-41e7-a4b1-f9d372aabb07 fcf704eaa0b749b5abfae2b71e66da3e bf44e064a0674d719c6f15ae3ad3dcf0 - - default default] No more DHCP agents
2026-04-12 22:00:48.750 8 WARNING neutron.api.rpc.agentnotifiers.dhcp_rpc_agent_api [None req-9c85f474-417f-41e7-a4b1-f9d372aabb07 fcf704eaa0b749b5abfae2b71e66da3e bf44e064a0674d719c6f15ae3ad3dcf0 - - default default] Unable to schedule network c3af7d17-8bea-4d5a-868c-17f2f5b07933: no agents available; will retry on subsequent port and subnet creation events.
2026-04-12 22:00:48.883 7 INFO neutron.plugins.ml2.drivers.ovn.mech_driver.mech_driver [None req-977b0a50-f614-4bf6-b33f-7a5be6256958 - - - - - -] OVN reports status down for port: 1d3d6f0c-2d9e-4656-9892-cd3d083e91e2
2026-04-12 22:00:48.921 8 INFO neutron.db.ovn_revision_numbers_db [None req-9c85f474-417f-41e7-a4b1-f9d372aabb07 fcf704eaa0b749b5abfae2b71e66da3e bf44e064a0674d719c6f15ae3ad3dcf0 - - default default] Successfully bumped revision number for resource 1d3d6f0c-2d9e-4656-9892-cd3d083e91e2 (type: ports) to 1
2026-04-12 22:00:49.216 7 INFO neutron.db.ovn_revision_numbers_db [None req-c8822353-5e5b-4fbd-8e26-8307b0a85271 237ab906d15b46c3965a7987c7a4e942 a337ae700e2d447ebbead920a79d3c4d - - default default] Successfully bumped revision number for resource 0db0d968-e232-4921-990e-7753f1a2e17e (type: security_groups) to 1
2026-04-12 22:00:49.228 7 INFO neutron.db.ovn_revision_numbers_db [None req-c8822353-5e5b-4fbd-8e26-8307b0a85271 237ab906d15b46c3965a7987c7a4e942 a337ae700e2d447ebbead920a79d3c4d - - default default] Successfully bumped revision number for resource 14b95f64-d4cc-4224-83cf-7c7ac4450388 (type: security_group_rules) to 0
2026-04-12 22:00:49.240 7 INFO neutron.db.ovn_revision_numbers_db [None req-c8822353-5e5b-4fbd-8e26-8307b0a85271 237ab906d15b46c3965a7987c7a4e942 a337ae700e2d447ebbead920a79d3c4d - - default default] Successfully bumped revision number for resource 3567d054-1eaf-4cd0-8809-57e57d0035a5 (type: security_group_rules) to 0
2026-04-12 22:00:49.253 7 INFO neutron.db.ovn_revision_numbers_db [None req-c8822353-5e5b-4fbd-8e26-8307b0a85271 237ab906d15b46c3965a7987c7a4e942 a337ae700e2d447ebbead920a79d3c4d - - default default] Successfully bumped revision number for resource 581bde3b-de42-4c44-ac7f-dcdaf59c69d6 (type: security_group_rules) to 0
2026-04-12 22:00:49.266 7 INFO neutron.db.ovn_revision_numbers_db [None req-c8822353-5e5b-4fbd-8e26-8307b0a85271 237ab906d15b46c3965a7987c7a4e942 a337ae700e2d447ebbead920a79d3c4d - - default default] Successfully bumped revision number for resource d77e8c1b-31c9-4e66-a7e3-b0d4958d53ee (type: security_group_rules) to 0 [pid: 7|app: 0|req: 945/2027] 10.0.0.203 () {32 vars in 774 bytes} [Sun Apr 12 22:00:48 2026] GET /v2.0/security-groups?tenant_id=2222750e0fd941a1b82603466b34d08c&name=default => generated 2925 bytes in 327 msecs (HTTP/1.1 200) 4 headers in 158 bytes (1 switches on core 0)
2026-04-12 22:00:49.561 8 INFO neutron.plugins.ml2.drivers.ovn.mech_driver.ovsdb.commands [-] Schedule LRP lrp-1d3d6f0c-2d9e-4656-9892-cd3d083e91e2 on gateway 817d5b26-614d-4f93-94e2-bfebeadcd447 with priority 1
2026-04-12 22:00:49.658 8 INFO neutron.db.ovn_revision_numbers_db [None req-9c85f474-417f-41e7-a4b1-f9d372aabb07 fcf704eaa0b749b5abfae2b71e66da3e bf44e064a0674d719c6f15ae3ad3dcf0 - - default default] Successfully bumped revision number for resource 1d3d6f0c-2d9e-4656-9892-cd3d083e91e2 (type: router_ports) to 1
2026-04-12 22:00:49.666 7 INFO neutron.plugins.ml2.drivers.ovn.mech_driver.mech_driver [None req-977b0a50-f614-4bf6-b33f-7a5be6256958 - - - - - -] OVN reports status up for port: 1d3d6f0c-2d9e-4656-9892-cd3d083e91e2
2026-04-12 22:00:49.732 7 INFO neutron.plugins.ml2.plugin [None req-977b0a50-f614-4bf6-b33f-7a5be6256958 - - - - - -] Attempt 1 to provision port 1d3d6f0c-2d9e-4656-9892-cd3d083e91e2
2026-04-12 22:00:49.733 7 INFO neutron.db.ovn_revision_numbers_db [None req-f5d66697-77c0-43d1-a476-97dcba477a5f 237ab906d15b46c3965a7987c7a4e942 a337ae700e2d447ebbead920a79d3c4d - - default default] Successfully bumped revision number for resource ead78e2a-a14d-4249-a1f6-8f9d29e60369 (type: security_groups) to 1
2026-04-12 22:00:49.735 8 INFO neutron.db.ovn_revision_numbers_db [None req-9c85f474-417f-41e7-a4b1-f9d372aabb07 fcf704eaa0b749b5abfae2b71e66da3e bf44e064a0674d719c6f15ae3ad3dcf0 - - default default] Successfully bumped revision number for resource 49df52af-05f2-48b2-ab8a-2ea4ea230bfc (type: routers) to 2 [pid: 8|app: 0|req: 1083/2028] 10.0.0.203 () {34 vars in 669 bytes} [Sun Apr 12 22:00:48 2026] POST /v2.0/routers => generated 955 bytes in 1550 msecs (HTTP/1.1 201) 4 headers in 162 bytes (1 switches on core 0)
2026-04-12 22:00:49.767 7 INFO neutron.db.ovn_revision_numbers_db [None req-f5d66697-77c0-43d1-a476-97dcba477a5f 237ab906d15b46c3965a7987c7a4e942 a337ae700e2d447ebbead920a79d3c4d - - default default] Successfully bumped revision number for resource 2021aa4d-3c68-46fa-b761-6f2567ad4acd (type: security_group_rules) to 0
2026-04-12 22:00:49.787 7 INFO neutron.db.ovn_revision_numbers_db [None req-f5d66697-77c0-43d1-a476-97dcba477a5f 237ab906d15b46c3965a7987c7a4e942 a337ae700e2d447ebbead920a79d3c4d - - default default] Successfully bumped revision number for resource 6093b283-73a0-41e8-937c-7e338165b512 (type: security_group_rules) to 0
2026-04-12 22:00:49.811 7 INFO neutron.db.ovn_revision_numbers_db [None req-f5d66697-77c0-43d1-a476-97dcba477a5f 237ab906d15b46c3965a7987c7a4e942 a337ae700e2d447ebbead920a79d3c4d - - default default] Successfully bumped revision number for resource 7edc936d-c277-40d1-8e5e-c5ca96aca68a (type: security_group_rules) to 0
2026-04-12 22:00:49.843 7 INFO neutron.db.ovn_revision_numbers_db [None req-f5d66697-77c0-43d1-a476-97dcba477a5f 237ab906d15b46c3965a7987c7a4e942 a337ae700e2d447ebbead920a79d3c4d - - default default] Successfully bumped revision number for resource f370e6be-b282-466b-90cb-605c6b13c777 (type: security_group_rules) to 0 [pid: 7|app: 0|req: 946/2029] 10.0.0.203 () {32 vars in 774 bytes} [Sun Apr 12 22:00:49 2026] GET /v2.0/security-groups?tenant_id=7f306d29021844e4b9d40745ae43fb5e&name=default => generated 2925 bytes in 594 msecs (HTTP/1.1 200) 4 headers in 158 bytes (1 switches on core 0) [pid: 8|app: 0|req: 1084/2030] 10.0.0.203 () {32 vars in 740 bytes} [Sun Apr 12 22:00:49 2026] DELETE /v2.0/security-groups/0db0d968-e232-4921-990e-7753f1a2e17e => generated 0 bytes in 288 msecs (HTTP/1.1 204) 2 headers in 112 bytes (1 switches on core 0) [pid: 8|app: 0|req: 1085/2031] 10.0.0.203 () {32 vars in 740 bytes} [Sun Apr 12 22:00:50 2026] DELETE /v2.0/security-groups/ead78e2a-a14d-4249-a1f6-8f9d29e60369 => generated 0 bytes in 318 msecs (HTTP/1.1 204) 2 headers in 112 bytes (1 switches on core 0)
2026-04-12 22:00:50.543 7 WARNING neutron.scheduler.dhcp_agent_scheduler [None req-57bfd02e-5cea-44c1-8b42-e1f3424033c4 fcf704eaa0b749b5abfae2b71e66da3e bf44e064a0674d719c6f15ae3ad3dcf0 - - default default] No more DHCP agents
2026-04-12 22:00:50.545 7 WARNING neutron.api.rpc.agentnotifiers.dhcp_rpc_agent_api [None req-57bfd02e-5cea-44c1-8b42-e1f3424033c4 fcf704eaa0b749b5abfae2b71e66da3e bf44e064a0674d719c6f15ae3ad3dcf0 - - default default] Unable to schedule network 9fd86a2f-1c2b-4410-89d5-d6da2c1a6fc4: no agents available; will retry on subsequent port and subnet creation events.
2026-04-12 22:00:50.706 7 INFO neutron.db.ovn_revision_numbers_db [None req-57bfd02e-5cea-44c1-8b42-e1f3424033c4 fcf704eaa0b749b5abfae2b71e66da3e bf44e064a0674d719c6f15ae3ad3dcf0 - - default default] Successfully bumped revision number for resource f521cf36-39a7-4259-a481-ceaf6f7439c0 (type: ports) to 1
2026-04-12 22:00:51.420 7 WARNING neutron.scheduler.dhcp_agent_scheduler [None req-57bfd02e-5cea-44c1-8b42-e1f3424033c4 fcf704eaa0b749b5abfae2b71e66da3e bf44e064a0674d719c6f15ae3ad3dcf0 - - default default] No more DHCP agents
2026-04-12 22:00:51.421 7 WARNING neutron.api.rpc.agentnotifiers.dhcp_rpc_agent_api [None req-57bfd02e-5cea-44c1-8b42-e1f3424033c4 fcf704eaa0b749b5abfae2b71e66da3e bf44e064a0674d719c6f15ae3ad3dcf0 - - default default] Unable to schedule network 9fd86a2f-1c2b-4410-89d5-d6da2c1a6fc4: no agents available; will retry on subsequent port and subnet creation events.
2026-04-12 22:00:51.880 7 INFO neutron.db.ovn_revision_numbers_db [None req-57bfd02e-5cea-44c1-8b42-e1f3424033c4 fcf704eaa0b749b5abfae2b71e66da3e bf44e064a0674d719c6f15ae3ad3dcf0 - - default default] Successfully bumped revision number for resource f521cf36-39a7-4259-a481-ceaf6f7439c0 (type: router_ports) to 1 [pid: 7|app: 0|req: 947/2032] 10.0.0.203 () {34 vars in 783 bytes} [Sun Apr 12 22:00:49 2026] PUT /v2.0/routers/49df52af-05f2-48b2-ab8a-2ea4ea230bfc/add_router_interface => generated 309 bytes in 1992 msecs (HTTP/1.1 200) 4 headers in 157 bytes (1 switches on core 0)
2026-04-12 22:00:52.201 8 WARNING neutron.scheduler.dhcp_agent_scheduler [None req-ec920324-29fb-45ab-9bb2-494a1ec093e9 fcf704eaa0b749b5abfae2b71e66da3e bf44e064a0674d719c6f15ae3ad3dcf0 - - default default] No more DHCP agents
2026-04-12 22:00:52.205 8 WARNING neutron.api.rpc.agentnotifiers.dhcp_rpc_agent_api [None req-ec920324-29fb-45ab-9bb2-494a1ec093e9 fcf704eaa0b749b5abfae2b71e66da3e bf44e064a0674d719c6f15ae3ad3dcf0 - - default default] Unable to schedule network 9fd86a2f-1c2b-4410-89d5-d6da2c1a6fc4: no agents available; will retry on subsequent port and subnet creation events.
2026-04-12 22:00:52.423 8 INFO neutron.db.ovn_revision_numbers_db [None req-ec920324-29fb-45ab-9bb2-494a1ec093e9 fcf704eaa0b749b5abfae2b71e66da3e bf44e064a0674d719c6f15ae3ad3dcf0 - - default default] Successfully bumped revision number for resource 87ba7eee-b2dd-4b2b-b407-ae0432e5de20 (type: ports) to 1 [pid: 8|app: 0|req: 1086/2033] 10.0.0.203 () {34 vars in 665 bytes} [Sun Apr 12 22:00:51 2026] POST /v2.0/ports => generated 958 bytes in 562 msecs (HTTP/1.1 201) 4 headers in 162 bytes (1 switches on core 0)
2026-04-12 22:00:52.764 7 WARNING neutron.scheduler.dhcp_agent_scheduler [None req-2be842f6-b6cd-4366-be29-64400b6c0093 fcf704eaa0b749b5abfae2b71e66da3e bf44e064a0674d719c6f15ae3ad3dcf0 - - default default] No more DHCP agents
2026-04-12 22:00:52.766 7 WARNING neutron.api.rpc.agentnotifiers.dhcp_rpc_agent_api [None req-2be842f6-b6cd-4366-be29-64400b6c0093 fcf704eaa0b749b5abfae2b71e66da3e bf44e064a0674d719c6f15ae3ad3dcf0 - - default default] Unable to schedule network 9fd86a2f-1c2b-4410-89d5-d6da2c1a6fc4: no agents available; will retry on subsequent port and subnet creation events.
2026-04-12 22:00:52.952 7 INFO neutron.db.ovn_revision_numbers_db [None req-2be842f6-b6cd-4366-be29-64400b6c0093 fcf704eaa0b749b5abfae2b71e66da3e bf44e064a0674d719c6f15ae3ad3dcf0 - - default default] Successfully bumped revision number for resource 827f240b-a1c2-453f-97c8-702129be7cce (type: ports) to 1 [pid: 7|app: 0|req: 948/2034] 10.0.0.203 () {34 vars in 665 bytes} [Sun Apr 12 22:00:52 2026] POST /v2.0/ports => generated 959 bytes in 559 msecs (HTTP/1.1 201) 4 headers in 162 bytes (1 switches on core 0) /var/lib/openstack/lib/python3.12/site-packages/pycadf/identifier.py:70: UserWarning: Invalid uuid: neutron. To ensure interoperability, identifiers should be a valid uuid. warnings.warn(('Invalid uuid: %s. To ensure interoperability, '
2026-04-12 22:00:53.248 8 WARNING neutron.scheduler.dhcp_agent_scheduler [None req-0ee2274a-2ade-4bf1-8549-d58f89d8dcc8 fcf704eaa0b749b5abfae2b71e66da3e bf44e064a0674d719c6f15ae3ad3dcf0 - - default default] No more DHCP agents
2026-04-12 22:00:53.249 8 WARNING neutron.api.rpc.agentnotifiers.dhcp_rpc_agent_api [None req-0ee2274a-2ade-4bf1-8549-d58f89d8dcc8 fcf704eaa0b749b5abfae2b71e66da3e bf44e064a0674d719c6f15ae3ad3dcf0 - - default default] Unable to schedule network c3af7d17-8bea-4d5a-868c-17f2f5b07933: no agents available; will retry on subsequent port and subnet creation events. /var/lib/openstack/lib/python3.12/site-packages/pycadf/identifier.py:70: UserWarning: Invalid uuid: neutron. To ensure interoperability, identifiers should be a valid uuid. warnings.warn(('Invalid uuid: %s. To ensure interoperability, '
2026-04-12 22:00:53.588 7 INFO neutron.db.ovn_revision_numbers_db [None req-78b71205-5eeb-4cc0-8b05-4ea7ed5cb164 b8c0a2f121bc4e5ab3d01977e18baaed 8490e81a36d8479b816c54cb6bc268c8 - - default default] Successfully bumped revision number for resource d229ce51-5d19-4b7b-a3ab-86eb97cf9024 (type: security_groups) to 1
2026-04-12 22:00:53.601 7 INFO neutron.db.ovn_revision_numbers_db [None req-78b71205-5eeb-4cc0-8b05-4ea7ed5cb164 b8c0a2f121bc4e5ab3d01977e18baaed 8490e81a36d8479b816c54cb6bc268c8 - - default default] Successfully bumped revision number for resource 1db11a62-12ba-41d5-82e3-0568060d3804 (type: security_group_rules) to 0
2026-04-12 22:00:53.613 7 INFO neutron.db.ovn_revision_numbers_db [None req-78b71205-5eeb-4cc0-8b05-4ea7ed5cb164 b8c0a2f121bc4e5ab3d01977e18baaed 8490e81a36d8479b816c54cb6bc268c8 - - default default] Successfully bumped revision number for resource 7269ba0f-1575-4381-b06d-91e2bfb14a3d (type: security_group_rules) to 0
2026-04-12 22:00:53.629 7 INFO neutron.db.ovn_revision_numbers_db [None req-78b71205-5eeb-4cc0-8b05-4ea7ed5cb164 b8c0a2f121bc4e5ab3d01977e18baaed 8490e81a36d8479b816c54cb6bc268c8 - - default default] Successfully bumped revision number for resource 96ecb3bf-1e33-4bd5-a81a-de774e00f03d (type: security_group_rules) to 0
2026-04-12 22:00:53.645 7 INFO neutron.db.ovn_revision_numbers_db [None req-78b71205-5eeb-4cc0-8b05-4ea7ed5cb164 b8c0a2f121bc4e5ab3d01977e18baaed 8490e81a36d8479b816c54cb6bc268c8 - - default default] Successfully bumped revision number for resource e0dc09f0-7b51-4ed5-a1ff-854e0f0689e8 (type: security_group_rules) to 0
2026-04-12 22:00:53.721 7 INFO neutron.db.segments_db [None req-78b71205-5eeb-4cc0-8b05-4ea7ed5cb164 b8c0a2f121bc4e5ab3d01977e18baaed 8490e81a36d8479b816c54cb6bc268c8 - - default default] Added segment 72deb4f5-1062-4464-ac8f-9a540a6d1691 of type geneve for network 343dd19e-a119-4bb1-b85f-8cc0422c8903
2026-04-12 22:00:53.857 7 INFO neutron.db.ovn_revision_numbers_db [None req-78b71205-5eeb-4cc0-8b05-4ea7ed5cb164 b8c0a2f121bc4e5ab3d01977e18baaed 8490e81a36d8479b816c54cb6bc268c8 - - default default] Successfully bumped revision number for resource 343dd19e-a119-4bb1-b85f-8cc0422c8903 (type: networks) to 1
2026-04-12 22:00:54.096 8 INFO neutron.db.ovn_revision_numbers_db [None req-0ee2274a-2ade-4bf1-8549-d58f89d8dcc8 fcf704eaa0b749b5abfae2b71e66da3e bf44e064a0674d719c6f15ae3ad3dcf0 - - default default] Successfully bumped revision number for resource c15e9d50-02c0-48f0-a751-cb33f0bbea11 (type: floatingips) to 1
2026-04-12 22:00:54.097 8 INFO neutron.db.l3_db [None req-0ee2274a-2ade-4bf1-8549-d58f89d8dcc8 fcf704eaa0b749b5abfae2b71e66da3e bf44e064a0674d719c6f15ae3ad3dcf0 - - default default] Floating IP c15e9d50-02c0-48f0-a751-cb33f0bbea11 associated. External IP: 10.96.250.206, port: 827f240b-a1c2-453f-97c8-702129be7cce.
2026-04-12 22:00:54.110 7 WARNING neutron.scheduler.dhcp_agent_scheduler [None req-78b71205-5eeb-4cc0-8b05-4ea7ed5cb164 b8c0a2f121bc4e5ab3d01977e18baaed 8490e81a36d8479b816c54cb6bc268c8 - - default default] No more DHCP agents
2026-04-12 22:00:54.112 7 WARNING neutron.api.rpc.agentnotifiers.dhcp_rpc_agent_api [None req-78b71205-5eeb-4cc0-8b05-4ea7ed5cb164 b8c0a2f121bc4e5ab3d01977e18baaed 8490e81a36d8479b816c54cb6bc268c8 - - default default] Unable to schedule network 343dd19e-a119-4bb1-b85f-8cc0422c8903: no agents available; will retry on subsequent port and subnet creation events. [pid: 8|app: 0|req: 1087/2035] 10.0.0.203 () {34 vars in 677 bytes} [Sun Apr 12 22:00:53 2026] POST /v2.0/floatingips => generated 843 bytes in 1104 msecs (HTTP/1.1 201) 4 headers in 162 bytes (1 switches on core 0)
2026-04-12 22:00:54.198 7 WARNING neutron.plugins.ml2.drivers.ovn.mech_driver.ovsdb.ovn_client [None req-977b0a50-f614-4bf6-b33f-7a5be6256958 - - - - - -] No hosting information found for port 1d3d6f0c-2d9e-4656-9892-cd3d083e91e2: RuntimeError: No hosting information found for port 1d3d6f0c-2d9e-4656-9892-cd3d083e91e2
2026-04-12 22:00:54.198 7 INFO neutron.plugins.ml2.drivers.ovn.mech_driver.mech_driver [None req-977b0a50-f614-4bf6-b33f-7a5be6256958 - - - - - -] OVN reports status down for port: f521cf36-39a7-4259-a481-ceaf6f7439c0
2026-04-12 22:00:54.266 7 INFO neutron.db.ovn_revision_numbers_db [None req-78b71205-5eeb-4cc0-8b05-4ea7ed5cb164 b8c0a2f121bc4e5ab3d01977e18baaed 8490e81a36d8479b816c54cb6bc268c8 - - default default] Successfully bumped revision number for resource 533e9913-249f-45c3-8205-5e89bbbd66da (type: ports) to 1 [pid: 7|app: 0|req: 949/2036] 10.0.0.203 () {34 vars in 671 bytes} [Sun Apr 12 22:00:53 2026] POST /v2.0/networks => generated 632 bytes in 1073 msecs (HTTP/1.1 201) 4 headers in 162 bytes (1 switches on core 0)
2026-04-12 22:00:54.357 7 WARNING neutron.plugins.ml2.drivers.ovn.mech_driver.ovsdb.ovn_client [None req-977b0a50-f614-4bf6-b33f-7a5be6256958 - - - - - -] Logical_Switch_Port f521cf36-39a7-4259-a481-ceaf6f7439c0 host information not removed, the port state is up
2026-04-12 22:00:54.358 7 INFO neutron.plugins.ml2.drivers.ovn.mech_driver.mech_driver [None req-977b0a50-f614-4bf6-b33f-7a5be6256958 - - - - - -] OVN reports status up for port: f521cf36-39a7-4259-a481-ceaf6f7439c0
2026-04-12 22:00:54.371 7 INFO neutron.plugins.ml2.plugin [None req-977b0a50-f614-4bf6-b33f-7a5be6256958 - - - - - -] Attempt 1 to provision port f521cf36-39a7-4259-a481-ceaf6f7439c0
2026-04-12 22:00:54.380 8 INFO neutron.db.ovn_revision_numbers_db [None req-07a23ab3-086b-47fa-a719-afbc64fef465 fcf704eaa0b749b5abfae2b71e66da3e bf44e064a0674d719c6f15ae3ad3dcf0 - - default default] Successfully bumped revision number for resource c15e9d50-02c0-48f0-a751-cb33f0bbea11 (type: floatingips) to 2
2026-04-12 22:00:54.431 8 INFO neutron.db.l3_db [None req-07a23ab3-086b-47fa-a719-afbc64fef465 fcf704eaa0b749b5abfae2b71e66da3e bf44e064a0674d719c6f15ae3ad3dcf0 - - default default] Floating IP c15e9d50-02c0-48f0-a751-cb33f0bbea11 disassociated. External IP: 10.96.250.206, port: 827f240b-a1c2-453f-97c8-702129be7cce. [pid: 8|app: 0|req: 1088/2037] 10.0.0.203 () {34 vars in 749 bytes} [Sun Apr 12 22:00:54 2026] PUT /v2.0/floatingips/c15e9d50-02c0-48f0-a751-cb33f0bbea11 => generated 554 bytes in 318 msecs (HTTP/1.1 200) 4 headers in 157 bytes (1 switches on core 0)
2026-04-12 22:00:54.789 7 INFO neutron.db.ovn_revision_numbers_db [None req-e3b88bd6-1483-4b5d-bbc6-b439fe1a252f 0a61f48f9c8b4410b4f88e497f719237 af31722529ea449da9b6356fd6e88549 - - default default] Successfully bumped revision number for resource 7cb6a96b-8e80-47b8-b639-801febd196ec (type: security_groups) to 1
2026-04-12 22:00:54.818 7 INFO neutron.db.ovn_revision_numbers_db [None req-e3b88bd6-1483-4b5d-bbc6-b439fe1a252f 0a61f48f9c8b4410b4f88e497f719237 af31722529ea449da9b6356fd6e88549 - - default default] Successfully bumped revision number for resource 06fa4aef-16ff-469d-b55e-5610f9a0954b (type: security_group_rules) to 0
2026-04-12 22:00:54.836 7 INFO neutron.db.ovn_revision_numbers_db [None req-e3b88bd6-1483-4b5d-bbc6-b439fe1a252f 0a61f48f9c8b4410b4f88e497f719237 af31722529ea449da9b6356fd6e88549 - - default default] Successfully bumped revision number for resource 3b40e808-8b52-4102-a739-041d6f4336ad (type: security_group_rules) to 0
2026-04-12 22:00:54.872 7 INFO neutron.db.ovn_revision_numbers_db [None req-e3b88bd6-1483-4b5d-bbc6-b439fe1a252f 0a61f48f9c8b4410b4f88e497f719237 af31722529ea449da9b6356fd6e88549 - - default default] Successfully bumped revision number for resource 573af58a-8a9f-4158-a52b-fdbf0e961030 (type: security_group_rules) to 0
2026-04-12 22:00:54.901 7 INFO neutron.db.ovn_revision_numbers_db [None req-e3b88bd6-1483-4b5d-bbc6-b439fe1a252f 0a61f48f9c8b4410b4f88e497f719237 af31722529ea449da9b6356fd6e88549 - - default default] Successfully bumped revision number for resource 8ca0dc5f-42c1-4922-8d08-5c84e2df9ff2 (type: security_group_rules) to 0
2026-04-12 22:00:54.950 8 WARNING neutron.scheduler.dhcp_agent_scheduler [None req-7809e3f7-37bc-4610-b772-f516c7503f9d b8c0a2f121bc4e5ab3d01977e18baaed 8490e81a36d8479b816c54cb6bc268c8 - - default default] No more DHCP agents
2026-04-12 22:00:54.952 8 WARNING neutron.api.rpc.agentnotifiers.dhcp_rpc_agent_api [None req-7809e3f7-37bc-4610-b772-f516c7503f9d b8c0a2f121bc4e5ab3d01977e18baaed 8490e81a36d8479b816c54cb6bc268c8 - - default default] Unable to schedule network c3af7d17-8bea-4d5a-868c-17f2f5b07933: no agents available; will retry on subsequent port and subnet creation events.
2026-04-12 22:00:55.044 7 INFO neutron.db.ovn_revision_numbers_db [None req-977b0a50-f614-4bf6-b33f-7a5be6256958 - - - - - -] Successfully bumped revision number for resource f521cf36-39a7-4259-a481-ceaf6f7439c0 (type: ports) to 2
2026-04-12 22:00:55.226 7 INFO neutron.db.ovn_revision_numbers_db [None req-e3b88bd6-1483-4b5d-bbc6-b439fe1a252f 0a61f48f9c8b4410b4f88e497f719237 af31722529ea449da9b6356fd6e88549 - - default default] Successfully bumped revision number for resource 559b5486-9def-46c2-9ca7-1e9e8cf690df (type: security_groups) to 1
2026-04-12 22:00:55.241 7 INFO neutron.db.ovn_revision_numbers_db [None req-e3b88bd6-1483-4b5d-bbc6-b439fe1a252f 0a61f48f9c8b4410b4f88e497f719237 af31722529ea449da9b6356fd6e88549 - - default default] Successfully bumped revision number for resource 328a9fad-5e2e-47b4-b095-5529c4980c54 (type: security_group_rules) to 0
2026-04-12 22:00:55.252 7 INFO neutron.db.ovn_revision_numbers_db [None req-e3b88bd6-1483-4b5d-bbc6-b439fe1a252f 0a61f48f9c8b4410b4f88e497f719237 af31722529ea449da9b6356fd6e88549 - - default default] Successfully bumped revision number for resource 55b9e85e-6514-4b4d-9118-47c235dc8dc1 (type: security_group_rules) to 0 [pid: 7|app: 0|req: 950/2038] 10.0.0.203 () {34 vars in 684 bytes} [Sun Apr 12 22:00:54 2026] POST /v2.0/security-groups => generated 1601 bytes in 985 msecs (HTTP/1.1 201) 4 headers in 163 bytes (1 switches on core 0)
2026-04-12 22:00:55.421 7 INFO neutron_taas.services.taas.taas_plugin [None req-524b5b38-4266-451f-8adc-2b86a6b786bb fcf704eaa0b749b5abfae2b71e66da3e bf44e064a0674d719c6f15ae3ad3dcf0 - - default default] TaaS: Handle Delete Port: 1b2be067-aa42-4254-826e-095a518c2b73
2026-04-12 22:00:55.424 7 INFO neutron_taas.services.taas.tap_mirror_plugin [None req-524b5b38-4266-451f-8adc-2b86a6b786bb fcf704eaa0b749b5abfae2b71e66da3e bf44e064a0674d719c6f15ae3ad3dcf0 - - default default] Tap Mirror: Handle Delete Port: 1b2be067-aa42-4254-826e-095a518c2b73 [pid: 7|app: 0|req: 951/2039] 10.0.0.203 () {32 vars in 732 bytes} [Sun Apr 12 22:00:55 2026] DELETE /v2.0/floatingips/c15e9d50-02c0-48f0-a751-cb33f0bbea11 => generated 0 bytes in 285 msecs (HTTP/1.1 204) 2 headers in 112 bytes (1 switches on core 0)
2026-04-12 22:00:55.731 7 INFO neutron.db.ovn_revision_numbers_db [None req-b8a48fcc-eab6-4a71-b592-0e4ff2db480b 0a61f48f9c8b4410b4f88e497f719237 af31722529ea449da9b6356fd6e88549 - - default default] Successfully bumped revision number for resource f305e138-4597-4c8b-9efa-87573747e57c (type: security_groups) to 1
2026-04-12 22:00:55.743 7 INFO neutron.db.ovn_revision_numbers_db [None req-b8a48fcc-eab6-4a71-b592-0e4ff2db480b 0a61f48f9c8b4410b4f88e497f719237 af31722529ea449da9b6356fd6e88549 - - default default] Successfully bumped revision number for resource da51a78c-8ee3-4460-8d68-9ceb89d1cb33 (type: security_group_rules) to 0
2026-04-12 22:00:55.755 7 INFO neutron.db.ovn_revision_numbers_db [None req-b8a48fcc-eab6-4a71-b592-0e4ff2db480b 0a61f48f9c8b4410b4f88e497f719237 af31722529ea449da9b6356fd6e88549 - - default default] Successfully bumped revision number for resource e2f57fb7-bf8e-4002-bb94-26acee8f7da9 (type: security_group_rules) to 0 [pid: 7|app: 0|req: 954/2042] 10.0.0.203 () {34 vars in 684 bytes} [Sun Apr 12 22:00:55 2026] POST /v2.0/security-groups => generated 1601 bytes in 211 msecs (HTTP/1.1 201) 4 headers in 163 bytes (1 switches on core 0)
2026-04-12 22:00:55.910 8 INFO neutron.db.ovn_revision_numbers_db [None req-7809e3f7-37bc-4610-b772-f516c7503f9d b8c0a2f121bc4e5ab3d01977e18baaed 8490e81a36d8479b816c54cb6bc268c8 - - default default] Successfully bumped revision number for resource accc166b-a2b7-453a-9283-807d7d859f19 (type: ports) to 1
2026-04-12 22:00:56.009 7 WARNING neutron.scheduler.dhcp_agent_scheduler [None req-e077a068-3f8c-481d-afe0-9d268fb905c4 fcf704eaa0b749b5abfae2b71e66da3e bf44e064a0674d719c6f15ae3ad3dcf0 - - default default] No more DHCP agents
2026-04-12 22:00:56.010 7 WARNING neutron.api.rpc.agentnotifiers.dhcp_rpc_agent_api [None req-e077a068-3f8c-481d-afe0-9d268fb905c4 fcf704eaa0b749b5abfae2b71e66da3e bf44e064a0674d719c6f15ae3ad3dcf0 - - default default] Unable to schedule network c3af7d17-8bea-4d5a-868c-17f2f5b07933: no agents available; will retry on subsequent port and subnet creation events.
2026-04-12 22:00:56.513 8 INFO neutron.plugins.ml2.drivers.ovn.mech_driver.ovsdb.commands [-] Schedule LRP lrp-accc166b-a2b7-453a-9283-807d7d859f19 on gateway 817d5b26-614d-4f93-94e2-bfebeadcd447 with priority 1
2026-04-12 22:00:56.671 8 INFO neutron.db.ovn_revision_numbers_db [None req-7809e3f7-37bc-4610-b772-f516c7503f9d b8c0a2f121bc4e5ab3d01977e18baaed 8490e81a36d8479b816c54cb6bc268c8 - - default default] Successfully bumped revision number for resource accc166b-a2b7-453a-9283-807d7d859f19 (type: router_ports) to 1
2026-04-12 22:00:56.733 8 INFO neutron.db.ovn_revision_numbers_db [None req-7809e3f7-37bc-4610-b772-f516c7503f9d b8c0a2f121bc4e5ab3d01977e18baaed 8490e81a36d8479b816c54cb6bc268c8 - - default default] Successfully bumped revision number for resource 008230bd-bcea-4861-bf2f-30bb3cfcb7d7 (type: routers) to 2 [pid: 8|app: 0|req: 1089/2043] 10.0.0.203 () {34 vars in 669 bytes} [Sun Apr 12 22:00:54 2026] POST /v2.0/routers => generated 954 bytes in 2291 msecs (HTTP/1.1 201) 4 headers in 162 bytes (1 switches on core 0)
2026-04-12 22:00:56.874 8 INFO neutron.db.ovn_revision_numbers_db [None req-44b92951-533d-46f1-9cfe-67d457dea30b 0a61f48f9c8b4410b4f88e497f719237 af31722529ea449da9b6356fd6e88549 - - default default] Successfully bumped revision number for resource 17a1df04-5fb0-4e6f-8ab8-13e87a1bf6c5 (type: security_groups) to 1
2026-04-12 22:00:56.887 8 INFO neutron.db.ovn_revision_numbers_db [None req-44b92951-533d-46f1-9cfe-67d457dea30b 0a61f48f9c8b4410b4f88e497f719237 af31722529ea449da9b6356fd6e88549 - - default default] Successfully bumped revision number for resource 45eb2505-cd3d-45ee-9931-1a1324dc9188 (type: security_group_rules) to 0
2026-04-12 22:00:56.898 8 INFO neutron.db.ovn_revision_numbers_db [None req-44b92951-533d-46f1-9cfe-67d457dea30b 0a61f48f9c8b4410b4f88e497f719237 af31722529ea449da9b6356fd6e88549 - - default default] Successfully bumped revision number for resource b1b6c73e-0376-43ac-a184-a63e53231756 (type: security_group_rules) to 0 [pid: 8|app: 0|req: 1090/2044] 10.0.0.203 () {34 vars in 684 bytes} [Sun Apr 12 22:00:56 2026] POST /v2.0/security-groups => generated 1601 bytes in 185 msecs (HTTP/1.1 201) 4 headers in 163 bytes (1 switches on core 0) [pid: 8|app: 0|req: 1091/2045] 10.0.0.203 () {32 vars in 776 bytes} [Sun Apr 12 22:00:56 2026] GET /v2.0/subnets?project_id=8490e81a36d8479b816c54cb6bc268c8&cidr=10.100.0.0%2F28 => generated 14 bytes in 132 msecs (HTTP/1.1 200) 4 headers in 156 bytes (1 switches on core 0)
2026-04-12 22:00:57.231 8 INFO neutron.db.ovn_revision_numbers_db [None req-4b84ade8-9762-4186-8903-47db09f72ac2 0a61f48f9c8b4410b4f88e497f719237 af31722529ea449da9b6356fd6e88549 - - default default] Successfully bumped revision number for resource 0caca839-560f-44f5-82bd-0b977311fa27 (type: security_groups) to 1
2026-04-12 22:00:57.245 8 INFO neutron.db.ovn_revision_numbers_db [None req-4b84ade8-9762-4186-8903-47db09f72ac2 0a61f48f9c8b4410b4f88e497f719237 af31722529ea449da9b6356fd6e88549 - - default default] Successfully bumped revision number for resource 0db029a2-6d0c-4643-a955-d52052fcb334 (type: security_group_rules) to 0
2026-04-12 22:00:57.262 8 INFO neutron.db.ovn_revision_numbers_db [None req-4b84ade8-9762-4186-8903-47db09f72ac2 0a61f48f9c8b4410b4f88e497f719237 af31722529ea449da9b6356fd6e88549 - - default default] Successfully bumped revision number for resource d1c69ca9-0095-47ad-9d3f-729c768c98b7 (type: security_group_rules) to 0 [pid: 8|app: 0|req: 1092/2046] 10.0.0.203 () {34 vars in 684 bytes} [Sun Apr 12 22:00:57 2026] POST /v2.0/security-groups => generated 1601 bytes in 225 msecs (HTTP/1.1 201) 4 headers in 163 bytes (1 switches on core 0)
2026-04-12 22:00:57.305 7 INFO neutron.plugins.ml2.drivers.ovn.mech_driver.ovsdb.ovsdb_monitor [None req-8fb3a87f-54f1-4186-b24e-9dddc7fe733b - - - - - -] Router 008230bd-bcea-4861-bf2f-30bb3cfcb7d7 is bound to host instance [pid: 8|app: 0|req: 1093/2047] 10.0.0.203 () {32 vars in 694 bytes} [Sun Apr 12 22:00:57 2026] GET /v2.0/networks?router%3Aexternal=True => generated 753 bytes in 45 msecs (HTTP/1.1 200) 4 headers in 157 bytes (1 switches on core 0)
2026-04-12 22:00:57.501 8 INFO neutron.db.ovn_revision_numbers_db [None req-9ff36ab4-3db3-4c89-a45d-5bc0f0490303 0a61f48f9c8b4410b4f88e497f719237 af31722529ea449da9b6356fd6e88549 - - default default] Successfully bumped revision number for resource 1c1de3d9-c4a0-4603-8684-b1fdccac0a9f (type: security_groups) to 1
2026-04-12 22:00:57.512 8 INFO neutron.db.ovn_revision_numbers_db [None req-9ff36ab4-3db3-4c89-a45d-5bc0f0490303 0a61f48f9c8b4410b4f88e497f719237 af31722529ea449da9b6356fd6e88549 - - default default] Successfully bumped revision number for resource 0ceeaa1b-7ec2-4144-a7f5-821771c570cf (type: security_group_rules) to 0
2026-04-12 22:00:57.522 8 INFO neutron.db.ovn_revision_numbers_db [None req-9ff36ab4-3db3-4c89-a45d-5bc0f0490303 0a61f48f9c8b4410b4f88e497f719237 af31722529ea449da9b6356fd6e88549 - - default default] Successfully bumped revision number for resource 77658408-296f-49ea-ac7c-2282a6186641 (type: security_group_rules) to 0 [pid: 8|app: 0|req: 1094/2048] 10.0.0.203 () {34 vars in 684 bytes} [Sun Apr 12 22:00:57 2026] POST /v2.0/security-groups => generated 1601 bytes in 233 msecs (HTTP/1.1 201) 4 headers in 163 bytes (1 switches on core 0) [pid: 8|app: 0|req: 1095/2049] 10.0.0.203 () {32 vars in 784 bytes} [Sun Apr 12 22:00:57 2026] GET /v2.0/subnets?network_id=c3af7d17-8bea-4d5a-868c-17f2f5b07933&cidr=10.100.0.0%2F28 => generated 14 bytes in 32 msecs (HTTP/1.1 200) 4 headers in 156 bytes (1 switches on core 0) [pid: 8|app: 0|req: 1096/2050] 10.0.0.203 () {34 vars in 767 bytes} [Sun Apr 12 22:00:57 2026] PUT /v2.0/security-groups/559b5486-9def-46c2-9ca7-1e9e8cf690df/tags => generated 17 bytes in 83 msecs (HTTP/1.1 200) 4 headers in 156 bytes (1 switches on core 0)
2026-04-12 22:00:57.880 8 WARNING neutron.scheduler.dhcp_agent_scheduler [None req-0beabb4b-ae1c-47b4-aa33-e1c6bfcec285 b8c0a2f121bc4e5ab3d01977e18baaed 8490e81a36d8479b816c54cb6bc268c8 - - default default] No more DHCP agents
2026-04-12 22:00:57.882 8 WARNING neutron.api.rpc.agentnotifiers.dhcp_rpc_agent_api [None req-0beabb4b-ae1c-47b4-aa33-e1c6bfcec285 b8c0a2f121bc4e5ab3d01977e18baaed 8490e81a36d8479b816c54cb6bc268c8 - - default default] Unable to schedule network 343dd19e-a119-4bb1-b85f-8cc0422c8903: no agents available; will retry on subsequent port and subnet creation events.
2026-04-12 22:00:58.069 7 INFO neutron.db.ovn_revision_numbers_db [None req-e077a068-3f8c-481d-afe0-9d268fb905c4 fcf704eaa0b749b5abfae2b71e66da3e bf44e064a0674d719c6f15ae3ad3dcf0 - - default default] Successfully bumped revision number for resource 6f087b56-e63c-47e0-ab8e-0ce21d5cee5e (type: floatingips) to 1
2026-04-12 22:00:58.070 7 INFO neutron.db.l3_db [None req-e077a068-3f8c-481d-afe0-9d268fb905c4 fcf704eaa0b749b5abfae2b71e66da3e bf44e064a0674d719c6f15ae3ad3dcf0 - - default default] Floating IP 6f087b56-e63c-47e0-ab8e-0ce21d5cee5e associated. External IP: 10.96.250.202, port: 87ba7eee-b2dd-4b2b-b407-ae0432e5de20. [pid: 7|app: 0|req: 955/2051] 10.0.0.203 () {34 vars in 677 bytes} [Sun Apr 12 22:00:55 2026] POST /v2.0/floatingips => generated 842 bytes in 2367 msecs (HTTP/1.1 201) 4 headers in 162 bytes (1 switches on core 0) [pid: 7|app: 0|req: 956/2052] 10.0.0.203 () {34 vars in 767 bytes} [Sun Apr 12 22:00:58 2026] PUT /v2.0/security-groups/f305e138-4597-4c8b-9efa-87573747e57c/tags => generated 25 bytes in 117 msecs (HTTP/1.1 200) 4 headers in 156 bytes (1 switches on core 0)
2026-04-12 22:00:58.350 8 INFO neutron.db.ovn_revision_numbers_db [None req-3236db13-eb82-422a-8e8e-fd61e1f2f1ec - - - - - -] Successfully bumped revision number for resource 533e9913-249f-45c3-8205-5e89bbbd66da (type: ports) to 2
2026-04-12 22:00:58.376 8 INFO neutron.db.ovn_revision_numbers_db [None req-3236db13-eb82-422a-8e8e-fd61e1f2f1ec - - - - - -] Successfully bumped revision number for resource 7a6c252c-b6e1-4424-98bf-a9efcb970276 (type: subnets) to 0 [pid: 8|app: 0|req: 1097/2053] 10.0.0.203 () {34 vars in 669 bytes} [Sun Apr 12 22:00:57 2026] POST /v2.0/subnets => generated 656 bytes in 700 msecs (HTTP/1.1 201) 4 headers in 162 bytes (1 switches on core 0) [pid: 7|app: 0|req: 957/2054] 10.0.0.203 () {32 vars in 729 bytes} [Sun Apr 12 22:00:58 2026] GET /v2.0/floatingips/6f087b56-e63c-47e0-ab8e-0ce21d5cee5e => generated 844 bytes in 127 msecs (HTTP/1.1 200) 4 headers in 157 bytes (1 switches on core 0) [pid: 8|app: 0|req: 1098/2055] 10.0.0.203 () {34 vars in 767 bytes} [Sun Apr 12 22:00:58 2026] PUT /v2.0/security-groups/17a1df04-5fb0-4e6f-8ab8-13e87a1bf6c5/tags => generated 34 bytes in 52 msecs (HTTP/1.1 200) 4 headers in 156 bytes (1 switches on core 0) [pid: 8|app: 0|req: 1099/2056] 10.0.0.203 () {32 vars in 655 bytes} [Sun Apr 12 22:00:58 2026] GET /v2.0/floatingips => generated 847 bytes in 68 msecs (HTTP/1.1 200) 4 headers in 157 bytes (1 switches on core 0) [pid: 8|app: 0|req: 1100/2057] 10.0.0.203 () {34 vars in 767 bytes} [Sun Apr 12 22:00:58 2026] PUT /v2.0/security-groups/0caca839-560f-44f5-82bd-0b977311fa27/tags => generated 19 bytes in 47 msecs (HTTP/1.1 200) 4 headers in 156 bytes (1 switches on core 0)
2026-04-12 22:00:58.988 7 INFO neutron.db.ovn_revision_numbers_db [None req-beaf2b96-f47d-4434-b004-5ce47c9b1244 - - - - - -] Successfully bumped revision number for resource accc166b-a2b7-453a-9283-807d7d859f19 (type: ports) to 4
2026-04-12 22:00:59.128 8 INFO neutron.db.ovn_revision_numbers_db [None req-d9ad027c-84a0-4529-ad01-7ef3aa0f3dd8 fcf704eaa0b749b5abfae2b71e66da3e bf44e064a0674d719c6f15ae3ad3dcf0 - - default default] Successfully bumped revision number for resource 6f087b56-e63c-47e0-ab8e-0ce21d5cee5e (type: floatingips) to 2
2026-04-12 22:00:59.275 8 INFO neutron.db.l3_db [None req-d9ad027c-84a0-4529-ad01-7ef3aa0f3dd8 fcf704eaa0b749b5abfae2b71e66da3e bf44e064a0674d719c6f15ae3ad3dcf0 - - default default] Floating IP 6f087b56-e63c-47e0-ab8e-0ce21d5cee5e associated. External IP: 10.96.250.202, port: 87ba7eee-b2dd-4b2b-b407-ae0432e5de20. [pid: 8|app: 0|req: 1101/2058] 10.0.0.203 () {34 vars in 749 bytes} [Sun Apr 12 22:00:58 2026] PUT /v2.0/floatingips/6f087b56-e63c-47e0-ab8e-0ce21d5cee5e => generated 845 bytes in 764 msecs (HTTP/1.1 200) 4 headers in 157 bytes (1 switches on core 0) [pid: 8|app: 0|req: 1102/2059] 10.0.0.203 () {32 vars in 680 bytes} [Sun Apr 12 22:00:59 2026] GET /v2.0/security-groups?tags=red => generated 4804 bytes in 34 msecs (HTTP/1.1 200) 4 headers in 158 bytes (1 switches on core 0)
2026-04-12 22:00:59.515 7 WARNING neutron.scheduler.dhcp_agent_scheduler [None req-33bc651d-989a-41ec-bf09-484a370641e6 b8c0a2f121bc4e5ab3d01977e18baaed 8490e81a36d8479b816c54cb6bc268c8 - - default default] No more DHCP agents
2026-04-12 22:00:59.521 7 WARNING neutron.api.rpc.agentnotifiers.dhcp_rpc_agent_api [None req-33bc651d-989a-41ec-bf09-484a370641e6 b8c0a2f121bc4e5ab3d01977e18baaed 8490e81a36d8479b816c54cb6bc268c8 - - default default] Unable to schedule network 343dd19e-a119-4bb1-b85f-8cc0422c8903: no agents available; will retry on subsequent port and subnet creation events.
2026-04-12 22:00:59.536 8 INFO neutron.db.ovn_revision_numbers_db [None req-57a389a6-f851-4bfc-a7f3-99179a6d7817 fcf704eaa0b749b5abfae2b71e66da3e bf44e064a0674d719c6f15ae3ad3dcf0 - - default default] Successfully bumped revision number for resource 6f087b56-e63c-47e0-ab8e-0ce21d5cee5e (type: floatingips) to 3
2026-04-12 22:00:59.586 8 INFO neutron.db.l3_db [None req-57a389a6-f851-4bfc-a7f3-99179a6d7817 fcf704eaa0b749b5abfae2b71e66da3e bf44e064a0674d719c6f15ae3ad3dcf0 - - default default] Floating IP 6f087b56-e63c-47e0-ab8e-0ce21d5cee5e disassociated. External IP: 10.96.250.202, port: 827f240b-a1c2-453f-97c8-702129be7cce. [pid: 8|app: 0|req: 1103/2060] 10.0.0.203 () {34 vars in 749 bytes} [Sun Apr 12 22:00:59 2026] PUT /v2.0/floatingips/6f087b56-e63c-47e0-ab8e-0ce21d5cee5e => generated 554 bytes in 256 msecs (HTTP/1.1 200) 4 headers in 157 bytes (1 switches on core 0) [pid: 8|app: 0|req: 1104/2061] 10.0.0.203 () {32 vars in 694 bytes} [Sun Apr 12 22:00:59 2026] GET /v2.0/security-groups?tags=red%2Cblue => generated 3218 bytes in 39 msecs (HTTP/1.1 200) 4 headers in 158 bytes (1 switches on core 0)
2026-04-12 22:00:59.840 8 INFO neutron_taas.services.taas.taas_plugin [None req-7aed3ea2-413d-4f00-a5a9-a5ced35c92bf fcf704eaa0b749b5abfae2b71e66da3e bf44e064a0674d719c6f15ae3ad3dcf0 - - default default] TaaS: Handle Delete Port: c9636bdf-7b1b-4eef-9049-a9cbb556e383
