Jul 21 03:12:53.402879 np0000185938 devstack@neutron-api.service[101640]: DEBUG neutron.objects.ports [None req-4c05d19d-b99b-4c3e-8ad0-e4a7ed66ddef admin admin] Time-cost: Fetching 0 ports in 0 security groups {{(pid=101640) get_objects /opt/stack/neutron/neutron/objects/ports.py:506}}
Jul 21 03:12:53.403044 np0000185938 devstack@neutron-api.service[101640]: DEBUG neutron_lib.callbacks.manager [None req-4c05d19d-b99b-4c3e-8ad0-e4a7ed66ddef admin admin] Publish callbacks ['neutron.plugins.ml2.ovo_rpc._ObjectChangeHandler.handle_event-3284233'] for subnet (77b6dc27-98e9-4909-ad25-e45463399813), after_create {{(pid=101640) _notify_loop /opt/stack/data/venv/lib/python3.12/site-packages/neutron_lib/callbacks/manager.py:184}}
Jul 21 03:12:53.419717 np0000185938 devstack@neutron-api.service[101640]: DEBUG neutron.api.rpc.handlers.resources_rpc [None req-4c05d19d-b99b-4c3e-8ad0-e4a7ed66ddef admin admin] Pushing event updated for resources: {'Subnet': ['ID=77b6dc27-98e9-4909-ad25-e45463399813,revision_number=0']} {{(pid=101640) push /opt/stack/neutron/neutron/api/rpc/handlers/resources_rpc.py:237}}
Jul 21 03:12:53.460044 np0000185938 devstack@neutron-api.service[101641]: INFO neutron.db.ovn_revision_numbers_db [None req-4e09f7da-acbe-483e-9031-6e27a6faffc0 None None] Successfully bumped revision number for resource faaaaa64-839a-4d6e-babe-8783103e2b5b (type: ports) to 2
Jul 21 03:12:53.464756 np0000185938 devstack@neutron-api.service[101641]: DEBUG neutron_lib.callbacks.manager [None req-4e09f7da-acbe-483e-9031-6e27a6faffc0 None None] Publish callbacks ['neutron.plugins.ml2.ovo_rpc._ObjectChangeHandler.handle_event-3258551', 'neutron.services.ovn_l3.plugin.OVNL3RouterPlugin._port_update-8730234736560'] for port (faaaaa64-839a-4d6e-babe-8783103e2b5b), after_update {{(pid=101641) _notify_loop /opt/stack/data/venv/lib/python3.12/site-packages/neutron_lib/callbacks/manager.py:184}}
Jul 21 03:12:53.465565 np0000185938 devstack@neutron-api.service[101640]: INFO neutron.db.ovn_revision_numbers_db [None req-4c05d19d-b99b-4c3e-8ad0-e4a7ed66ddef admin admin] Successfully bumped revision number for resource 77b6dc27-98e9-4909-ad25-e45463399813 (type: subnets) to 0
Jul 21 03:12:53.467767 np0000185938 devstack@neutron-api.service[101640]: DEBUG neutron.pecan_wsgi.hooks.policy_enforcement [None req-4c05d19d-b99b-4c3e-8ad0-e4a7ed66ddef admin admin] Attributes excluded by policy engine: ['standard_attr_id', 'shared', 'network'] {{(pid=101640) _exclude_attributes_by_policy /opt/stack/neutron/neutron/pecan_wsgi/hooks/policy_enforcement.py:259}}
Jul 21 03:12:53.468468 np0000185938 devstack@neutron-api.service[101640]: DEBUG neutron_lib.callbacks.manager [None req-4c05d19d-b99b-4c3e-8ad0-e4a7ed66ddef admin admin] Publish callbacks [] for subnet (None), before_response {{(pid=101640) _notify_loop /opt/stack/data/venv/lib/python3.12/site-packages/neutron_lib/callbacks/manager.py:184}}
Jul 21 03:12:53.485599 np0000185938 devstack@neutron-api.service[101640]: [pid: 101640|app: 0|req: 5/21] 199.19.213.249 () {68 vars in 1355 bytes} [Tue Jul 21 03:12:53 2026] POST /networking/v2.0/subnets => generated 640 bytes in 302 msecs (HTTP/1.1 201) 4 headers in 162 bytes (1 switches on core 0)
Jul 21 03:12:53.514811 np0000185938 devstack@neutron-api.service[101641]: DEBUG neutron.api.rpc.handlers.resources_rpc [None req-4c0e6b22-4fab-440a-b0ba-db5deda32e47 None None] Pushing event updated for resources: {'Port': ['ID=faaaaa64-839a-4d6e-babe-8783103e2b5b,revision_number=2']} {{(pid=101641) push /opt/stack/neutron/neutron/api/rpc/handlers/resources_rpc.py:237}}
Jul 21 03:12:53.521477 np0000185938 devstack@neutron-api.service[101641]: DEBUG neutron.api.rpc.callbacks.version_manager [None req-4c0e6b22-4fab-440a-b0ba-db5deda32e47 None None] Tracked resource versions report:
Jul 21 03:12:53.521477 np0000185938 devstack@neutron-api.service[101641]: pushed versions:
Jul 21 03:12:53.521477 np0000185938 devstack@neutron-api.service[101641]: { 'AddressGroup': {'1.2'},
Jul 21 03:12:53.521477 np0000185938 devstack@neutron-api.service[101641]: 'Agent': {'1.1'},
Jul 21 03:12:53.521477 np0000185938 devstack@neutron-api.service[101641]: 'ConntrackHelper': {'1.0'},
Jul 21 03:12:53.521477 np0000185938 devstack@neutron-api.service[101641]: 'LocalIPAssociation': {'1.0'},
Jul 21 03:12:53.521477 np0000185938 devstack@neutron-api.service[101641]: 'Log': {'1.0'},
Jul 21 03:12:53.521477 np0000185938 devstack@neutron-api.service[101641]: 'NDPProxy': {'1.0'},
Jul 21 03:12:53.521477 np0000185938 devstack@neutron-api.service[101641]: 'Network': {'1.3'},
Jul 21 03:12:53.521477 np0000185938 devstack@neutron-api.service[101641]: 'Port': {'1.11'},
Jul 21 03:12:53.521477 np0000185938 devstack@neutron-api.service[101641]: 'PortForwarding': {'1.3'},
Jul 21 03:12:53.521477 np0000185938 devstack@neutron-api.service[101641]: 'QosPolicy': {'1.10'},
Jul 21 03:12:53.521477 np0000185938 devstack@neutron-api.service[101641]: 'SecurityGroup': {'1.6'},
Jul 21 03:12:53.521477 np0000185938 devstack@neutron-api.service[101641]: 'SecurityGroupRule': {'1.3'},
Jul 21 03:12:53.521477 np0000185938 devstack@neutron-api.service[101641]: 'SubPort': {'1.0'},
Jul 21 03:12:53.521477 np0000185938 devstack@neutron-api.service[101641]: 'Subnet': {'1.2'},
Jul 21 03:12:53.521477 np0000185938 devstack@neutron-api.service[101641]: 'Trunk': {'1.1'}}
Jul 21 03:12:53.521477 np0000185938 devstack@neutron-api.service[101641]: consumer versions:
Jul 21 03:12:53.521477 np0000185938 devstack@neutron-api.service[101641]: { OVN Neutron agent@np0000185938: {},
Jul 21 03:12:53.521477 np0000185938 devstack@neutron-api.service[101641]: OVN Controller Gateway agent@np0000185938: {}}
Jul 21 03:12:53.521477 np0000185938 devstack@neutron-api.service[101641]: {{(pid=101641) report /opt/stack/neutron/neutron/api/rpc/callbacks/version_manager.py:183}}
Jul 21 03:12:53.601188 np0000185938 devstack@neutron-api.service[101641]: DEBUG ovsdbapp.backend.ovs_idl.transaction [None req-64ebd6fb-6322-4a53-a1f8-f791b0dc3e59 None None] Running txn n=1 command(idx=0): CheckRevisionNumberCommand(_result=None, name=lrp-faaaaa64-839a-4d6e-babe-8783103e2b5b, resource={'id': 'faaaaa64-839a-4d6e-babe-8783103e2b5b', 'name': '', 'network_id': '9a38c563-a07f-4496-8abf-5fdd26a2e0e7', 'project_id': '4f53ade795dc4fab9c5817ffc511cd32', 'mac_address': 'fa:16:3e:f1:29:0d', 'admin_state_up': True, 'status': 'ACTIVE', 'device_id': 'b0bcef39-de0a-4298-866d-490a270d47d3', 'device_owner': 'network:router_interface', 'standard_attr_id': 21, 'fixed_ips': [{'subnet_id': '96f11307-27c4-4fa0-9d58-748a0c55e29e', 'ip_address': '10.1.0.1'}], 'allowed_address_pairs': [], 'extra_dhcp_opts': [], 'security_groups': [], 'description': '', 'binding:vnic_type': 'normal', 'binding:profile': {}, 'binding:host_id': '', 'binding:vif_type': 'unbound', 'binding:vif_details': {}, 'port_security_enabled': False, 'tags': [], 'created_at': '2026-07-21T03:12:51Z', 'updated_at': '2026-07-21T03:12:52Z', 'revision_number': 2, 'tenant_id': '4f53ade795dc4fab9c5817ffc511cd32'}, resource_type=router_ports, if_exists=True) {{(pid=101641) do_commit /opt/stack/data/venv/lib/python3.12/site-packages/ovsdbapp/backend/ovs_idl/transaction.py:89}}
Jul 21 03:12:53.601434 np0000185938 devstack@neutron-api.service[101641]: DEBUG ovsdbapp.backend.ovs_idl.transaction [None req-64ebd6fb-6322-4a53-a1f8-f791b0dc3e59 None None] Running txn n=1 command(idx=1): UpdateLRouterPortCommand(_result=None, name=lrp-faaaaa64-839a-4d6e-babe-8783103e2b5b, columns={'external_ids': {'neutron:revision_number': '2', 'neutron:subnet_ids': '96f11307-27c4-4fa0-9d58-748a0c55e29e', 'neutron:network_name': 'neutron-9a38c563-a07f-4496-8abf-5fdd26a2e0e7', 'neutron:is_ext_gw': 'False', 'neutron:router_name': 'neutron-b0bcef39-de0a-4298-866d-490a270d47d3'}, 'options': {}, 'networks': ['10.1.0.1/26'], 'ipv6_ra_configs': {}}, if_exists=False) {{(pid=101641) do_commit /opt/stack/data/venv/lib/python3.12/site-packages/ovsdbapp/backend/ovs_idl/transaction.py:89}}
Jul 21 03:12:53.601686 np0000185938 devstack@neutron-api.service[101641]: DEBUG ovsdbapp.backend.ovs_idl.transaction [None req-64ebd6fb-6322-4a53-a1f8-f791b0dc3e59 None None] Running txn n=1 command(idx=2): SetLRouterPortInLSwitchPortCommand(_result=None, lswitch_port=faaaaa64-839a-4d6e-babe-8783103e2b5b, lrouter_port=lrp-faaaaa64-839a-4d6e-babe-8783103e2b5b, is_gw_port=False, if_exists=True, lsp_address=router) {{(pid=101641) do_commit /opt/stack/data/venv/lib/python3.12/site-packages/ovsdbapp/backend/ovs_idl/transaction.py:89}}
Jul 21 03:12:53.604409 np0000185938 devstack@neutron-api.service[101641]: DEBUG neutron.plugins.ml2.drivers.ovn.mech_driver.ovsdb.ovsdb_monitor [None req-64ebd6fb-6322-4a53-a1f8-f791b0dc3e59 None None] Touching Hash Ring node "ab4d2eb643965034ba4dd5ec1d5826f3" from IDL notify handler {{(pid=101641) notify /opt/stack/neutron/neutron/plugins/ml2/drivers/ovn/mech_driver/ovsdb/ovsdb_monitor.py:1001}}
Jul 21 03:12:53.607006 np0000185938 devstack@neutron-api.service[101642]: DEBUG neutron.plugins.ml2.drivers.ovn.mech_driver.ovsdb.ovsdb_monitor [None req-61e8753d-3531-4cef-93e1-226b3ee2fe9e None None] Touching Hash Ring node "e4f56d5b2d6d54cd91f0e2623da62670" from IDL notify handler {{(pid=101642) notify /opt/stack/neutron/neutron/plugins/ml2/drivers/ovn/mech_driver/ovsdb/ovsdb_monitor.py:1001}}
Jul 21 03:12:53.610184 np0000185938 devstack@neutron-api.service[101641]: DEBUG neutron.plugins.ml2.drivers.ovn.mech_driver.ovsdb.ovsdb_monitor [None req-56571070-b5f5-4f41-b2f4-9f615ca88ccf None None] Touching Hash Ring node "ab4d2eb643965034ba4dd5ec1d5826f3" from IDL notify handler {{(pid=101641) notify /opt/stack/neutron/neutron/plugins/ml2/drivers/ovn/mech_driver/ovsdb/ovsdb_monitor.py:1001}}
Jul 21 03:12:53.611944 np0000185938 devstack@neutron-api.service[101639]: DEBUG neutron.plugins.ml2.drivers.ovn.mech_driver.ovsdb.ovsdb_monitor [None req-50ee9aca-1a2f-4d60-9aeb-e5f62d7f6296 None None] Touching Hash Ring node "9850052e4d04529ab76d545d7c416215" from IDL notify handler {{(pid=101639) notify /opt/stack/neutron/neutron/plugins/ml2/drivers/ovn/mech_driver/ovsdb/ovsdb_monitor.py:1001}}
Jul 21 03:12:53.623053 np0000185938 devstack@neutron-api.service[101641]: DEBUG neutron.plugins.ml2.drivers.ovn.mech_driver.ovsdb.ovsdb_monitor [None req-64ebd6fb-6322-4a53-a1f8-f791b0dc3e59 None None] Hash Ring: Node ab4d2eb643965034ba4dd5ec1d5826f3 (host: np0000185938) handling event "update" for row 24adc004-a44b-4395-b854-300d6204d9f8 (table: Logical_Router_Port) {{(pid=101641) notify /opt/stack/neutron/neutron/plugins/ml2/drivers/ovn/mech_driver/ovsdb/ovsdb_monitor.py:1009}}
Jul 21 03:12:53.623591 np0000185938 devstack@neutron-api.service[101639]: DEBUG neutron.plugins.ml2.drivers.ovn.mech_driver.ovsdb.ovsdb_monitor [None req-50ee9aca-1a2f-4d60-9aeb-e5f62d7f6296 None None] Hash Ring: Node 9850052e4d04529ab76d545d7c416215 (host: np0000185938) handling event "update" for row d143dd31-ae40-4165-89fa-cfcca8ce807e (table: Port_Binding) {{(pid=101639) notify /opt/stack/neutron/neutron/plugins/ml2/drivers/ovn/mech_driver/ovsdb/ovsdb_monitor.py:1009}}
Jul 21 03:12:53.623902 np0000185938 devstack@neutron-api.service[101641]: DEBUG neutron.plugins.ml2.drivers.ovn.mech_driver.ovsdb.ovsdb_monitor [None req-56571070-b5f5-4f41-b2f4-9f615ca88ccf None None] Hash Ring: Node ab4d2eb643965034ba4dd5ec1d5826f3 (host: np0000185938) handling event "update" for row d143dd31-ae40-4165-89fa-cfcca8ce807e (table: Port_Binding) {{(pid=101641) notify /opt/stack/neutron/neutron/plugins/ml2/drivers/ovn/mech_driver/ovsdb/ovsdb_monitor.py:1009}}
Jul 21 03:12:53.624016 np0000185938 devstack@neutron-api.service[101642]: DEBUG neutron.plugins.ml2.drivers.ovn.mech_driver.ovsdb.ovsdb_monitor [None req-61e8753d-3531-4cef-93e1-226b3ee2fe9e None None] Hash Ring: Node e4f56d5b2d6d54cd91f0e2623da62670 (host: np0000185938) handling event "update" for row 24adc004-a44b-4395-b854-300d6204d9f8 (table: Logical_Router_Port) {{(pid=101642) notify /opt/stack/neutron/neutron/plugins/ml2/drivers/ovn/mech_driver/ovsdb/ovsdb_monitor.py:1009}}
Jul 21 03:12:53.652927 np0000185938 devstack@neutron-api.service[101641]: INFO neutron.db.ovn_revision_numbers_db [None req-4c0e6b22-4fab-440a-b0ba-db5deda32e47 None None] Successfully bumped revision number for resource faaaaa64-839a-4d6e-babe-8783103e2b5b (type: router_ports) to 2
Jul 21 03:12:53.697572 np0000185938 devstack@neutron-api.service[101641]: DEBUG ovsdbapp.backend.ovs_idl.transaction [None req-64ebd6fb-6322-4a53-a1f8-f791b0dc3e59 None None] Running txn n=1 command(idx=0): CheckRevisionNumberCommand(_result=None, name=lrp-faaaaa64-839a-4d6e-babe-8783103e2b5b, resource={'id': 'faaaaa64-839a-4d6e-babe-8783103e2b5b', 'name': '', 'network_id': '9a38c563-a07f-4496-8abf-5fdd26a2e0e7', 'project_id': '4f53ade795dc4fab9c5817ffc511cd32', 'mac_address': 'fa:16:3e:f1:29:0d', 'admin_state_up': True, 'status': 'ACTIVE', 'device_id': 'b0bcef39-de0a-4298-866d-490a270d47d3', 'device_owner': 'network:router_interface', 'standard_attr_id': 21, 'fixed_ips': [{'subnet_id': '96f11307-27c4-4fa0-9d58-748a0c55e29e', 'ip_address': '10.1.0.1'}], 'allowed_address_pairs': [], 'extra_dhcp_opts': [], 'security_groups': [], 'description': '', 'binding:vnic_type': 'normal', 'binding:profile': {}, 'binding:host_id': '', 'binding:vif_type': 'unbound', 'binding:vif_details': {}, 'port_security_enabled': False, 'tags': [], 'created_at': '2026-07-21T03:12:51Z', 'updated_at': '2026-07-21T03:12:52Z', 'revision_number': 2, 'tenant_id': '4f53ade795dc4fab9c5817ffc511cd32'}, resource_type=router_ports, if_exists=True) {{(pid=101641) do_commit /opt/stack/data/venv/lib/python3.12/site-packages/ovsdbapp/backend/ovs_idl/transaction.py:89}}
Jul 21 03:12:53.697572 np0000185938 devstack@neutron-api.service[101641]: DEBUG ovsdbapp.backend.ovs_idl.transaction [None req-64ebd6fb-6322-4a53-a1f8-f791b0dc3e59 None None] Running txn n=1 command(idx=1): UpdateLRouterPortCommand(_result=None, name=lrp-faaaaa64-839a-4d6e-babe-8783103e2b5b, columns={'external_ids': {'neutron:revision_number': '2', 'neutron:subnet_ids': '96f11307-27c4-4fa0-9d58-748a0c55e29e', 'neutron:network_name': 'neutron-9a38c563-a07f-4496-8abf-5fdd26a2e0e7', 'neutron:is_ext_gw': 'False', 'neutron:router_name': 'neutron-b0bcef39-de0a-4298-866d-490a270d47d3'}, 'options': {}, 'networks': ['10.1.0.1/26'], 'ipv6_ra_configs': {}}, if_exists=False) {{(pid=101641) do_commit /opt/stack/data/venv/lib/python3.12/site-packages/ovsdbapp/backend/ovs_idl/transaction.py:89}}
Jul 21 03:12:53.697983 np0000185938 devstack@neutron-api.service[101641]: DEBUG ovsdbapp.backend.ovs_idl.transaction [None req-64ebd6fb-6322-4a53-a1f8-f791b0dc3e59 None None] Running txn n=1 command(idx=2): SetLRouterPortInLSwitchPortCommand(_result=None, lswitch_port=faaaaa64-839a-4d6e-babe-8783103e2b5b, lrouter_port=lrp-faaaaa64-839a-4d6e-babe-8783103e2b5b, is_gw_port=False, if_exists=True, lsp_address=router) {{(pid=101641) do_commit /opt/stack/data/venv/lib/python3.12/site-packages/ovsdbapp/backend/ovs_idl/transaction.py:89}}
Jul 21 03:12:53.698458 np0000185938 devstack@neutron-api.service[101641]: DEBUG ovsdbapp.backend.ovs_idl.transaction [None req-64ebd6fb-6322-4a53-a1f8-f791b0dc3e59 None None] Transaction caused no change {{(pid=101641) do_commit /opt/stack/data/venv/lib/python3.12/site-packages/ovsdbapp/backend/ovs_idl/transaction.py:129}}
Jul 21 03:12:53.867473 np0000185938 devstack@neutron-api.service[101641]: DEBUG neutron.api.wsgi [None req-636b3847-9c06-406a-a4ec-f31ef17c5657 admin admin] Missing Content-Type {{(pid=101641) get_content_type /opt/stack/neutron/neutron/api/wsgi.py:80}}
Jul 21 03:12:53.911742 np0000185938 devstack@neutron-api.service[101641]: [pid: 101641|app: 0|req: 7/22] 199.19.213.249 () {64 vars in 1412 bytes} [Tue Jul 21 03:12:53 2026] GET /networking/v2.0/routers/b0bcef39-de0a-4298-866d-490a270d47d3 => generated 599 bytes in 47 msecs (HTTP/1.1 200) 4 headers in 157 bytes (1 switches on core 0)
Jul 21 03:12:53.969349 np0000185938 devstack@neutron-api.service[101639]: DEBUG neutron.pecan_wsgi.hooks.policy_enforcement [None req-9c9fdb7c-f77d-4d06-b935-81c17df187a8 admin admin] Attributes excluded by policy engine: ['standard_attr_id'] {{(pid=101639) _exclude_attributes_by_policy /opt/stack/neutron/neutron/pecan_wsgi/hooks/policy_enforcement.py:259}}
Jul 21 03:12:53.970957 np0000185938 devstack@neutron-api.service[101639]: [pid: 101639|app: 0|req: 6/23] 199.19.213.249 () {64 vars in 1415 bytes} [Tue Jul 21 03:12:53 2026] GET /networking/v2.0/networks/9c6733fe-d414-4410-b077-ce8cad09de65 => generated 717 bytes in 43 msecs (HTTP/1.1 200) 4 headers in 157 bytes (1 switches on core 0)
Jul 21 03:12:53.986864 np0000185938 devstack@neutron-api.service[101642]: DEBUG neutron.api.wsgi [None req-b5ed4e51-6176-4491-af9f-d718ce6f33d8 admin admin] Missing Content-Type {{(pid=101642) get_content_type /opt/stack/neutron/neutron/api/wsgi.py:80}}
Jul 21 03:12:53.987624 np0000185938 devstack@neutron-api.service[101642]: DEBUG neutron.api.wsgi [None req-b5ed4e51-6176-4491-af9f-d718ce6f33d8 admin admin] https://199.19.213.249/networking/v2.0/extensions/external-gateway-multihoming returned with HTTP 200 {{(pid=101642) __call__ /opt/stack/neutron/neutron/api/wsgi.py:540}}
Jul 21 03:12:53.987624 np0000185938 devstack@neutron-api.service[101642]: [pid: 101642|app: 0|req: 6/24] 199.19.213.249 () {64 vars in 1397 bytes} [Tue Jul 21 03:12:53 2026] GET /networking/v2.0/extensions/external-gateway-multihoming => generated 227 bytes in 3 msecs (HTTP/1.1 200) 4 headers in 157 bytes (1 switches on core 0)
Jul 21 03:12:54.276831 np0000185938 devstack@neutron-api.service[101640]: DEBUG neutron_lib.callbacks.manager [None req-c7ac8061-3c5b-4456-aa95-3aef04df9334 admin admin] Publish callbacks [] for router_gateway (b0bcef39-de0a-4298-866d-490a270d47d3), precommit_update {{(pid=101640) _notify_loop /opt/stack/data/venv/lib/python3.12/site-packages/neutron_lib/callbacks/manager.py:184}}
Jul 21 03:12:54.373022 np0000185938 devstack@neutron-api.service[101640]: DEBUG neutron_lib.callbacks.manager [None req-c7ac8061-3c5b-4456-aa95-3aef04df9334 admin admin] Publish callbacks [] for router_gateway (b0bcef39-de0a-4298-866d-490a270d47d3), before_create {{(pid=101640) _notify_loop /opt/stack/data/venv/lib/python3.12/site-packages/neutron_lib/callbacks/manager.py:184}}
Jul 21 03:12:54.401482 np0000185938 devstack@neutron-api.service[101640]: DEBUG neutron_lib.callbacks.manager [None req-c7ac8061-3c5b-4456-aa95-3aef04df9334 admin admin] Publish callbacks ['neutron.plugins.ml2.plugin.SecurityGroupDbMixin._ensure_default_security_group_handler-368534'] for port (None), before_create {{(pid=101640) _notify_loop /opt/stack/data/venv/lib/python3.12/site-packages/neutron_lib/callbacks/manager.py:184}}
Jul 21 03:12:54.470491 np0000185938 devstack@neutron-api.service[101640]: DEBUG neutron.db.db_base_plugin_common [None req-c7ac8061-3c5b-4456-aa95-3aef04df9334 admin admin] Allocated IP 172.24.5.56 (9c6733fe-d414-4410-b077-ce8cad09de65/77b6dc27-98e9-4909-ad25-e45463399813/542ebb7d-4893-4df9-ad61-1cc9d2465d7d) {{(pid=101640) _store_ip_allocation /opt/stack/neutron/neutron/db/db_base_plugin_common.py:131}}
Jul 21 03:12:54.520649 np0000185938 devstack@neutron-api.service[101640]: DEBUG neutron_lib.callbacks.manager [None req-c7ac8061-3c5b-4456-aa95-3aef04df9334 admin admin] Publish callbacks ['neutron.plugins.ml2.drivers.ovn.mech_driver.mech_driver.OVNMechanismDriver._validate_allowed_address_pairs-4015145'] for allowed_address_pair (542ebb7d-4893-4df9-ad61-1cc9d2465d7d), before_create {{(pid=101640) _notify_loop /opt/stack/data/venv/lib/python3.12/site-packages/neutron_lib/callbacks/manager.py:184}}
Jul 21 03:12:54.521382 np0000185938 devstack@neutron-api.service[101640]: DEBUG neutron_lib.callbacks.manager [None req-c7ac8061-3c5b-4456-aa95-3aef04df9334 admin admin] Publish callbacks [] for port (542ebb7d-4893-4df9-ad61-1cc9d2465d7d), precommit_create {{(pid=101640) _notify_loop /opt/stack/data/venv/lib/python3.12/site-packages/neutron_lib/callbacks/manager.py:184}}
Jul 21 03:12:54.521716 np0000185938 devstack@neutron-api.service[101640]: DEBUG neutron.plugins.ml2.drivers.ovn.mech_driver.mech_driver [None req-c7ac8061-3c5b-4456-aa95-3aef04df9334 admin admin] No provisioning block for port 542ebb7d-4893-4df9-ad61-1cc9d2465d7d since it does not have a host {{(pid=101640) _is_port_provisioning_required /opt/stack/neutron/neutron/plugins/ml2/drivers/ovn/mech_driver/mech_driver.py:899}}
Jul 21 03:12:54.521943 np0000185938 devstack@neutron-api.service[101640]: DEBUG neutron.db.ovn_revision_numbers_db [None req-c7ac8061-3c5b-4456-aa95-3aef04df9334 admin admin] create_initial_revision uuid=542ebb7d-4893-4df9-ad61-1cc9d2465d7d, type=ports, rev=-1 {{(pid=101640) create_initial_revision /opt/stack/neutron/neutron/db/ovn_revision_numbers_db.py:98}}
Jul 21 03:12:54.597404 np0000185938 devstack@neutron-api.service[101640]: DEBUG neutron.db.ovn_revision_numbers_db [None req-c7ac8061-3c5b-4456-aa95-3aef04df9334 admin admin] create_initial_revision uuid=542ebb7d-4893-4df9-ad61-1cc9d2465d7d, type=router_ports, rev=-1 {{(pid=101640) create_initial_revision /opt/stack/neutron/neutron/db/ovn_revision_numbers_db.py:98}}
Jul 21 03:12:54.632840 np0000185938 devstack@neutron-api.service[101640]: DEBUG neutron_lib.callbacks.manager [None req-c7ac8061-3c5b-4456-aa95-3aef04df9334 admin admin] Publish callbacks ['neutron.plugins.ml2.ovo_rpc._ObjectChangeHandler.handle_event-3284236'] for port (542ebb7d-4893-4df9-ad61-1cc9d2465d7d), after_create {{(pid=101640) _notify_loop /opt/stack/data/venv/lib/python3.12/site-packages/neutron_lib/callbacks/manager.py:184}}
Jul 21 03:12:54.661953 np0000185938 devstack@neutron-api.service[101640]: DEBUG neutron.api.rpc.handlers.resources_rpc [None req-c7ac8061-3c5b-4456-aa95-3aef04df9334 admin admin] Pushing event updated for resources: {'Port': ['ID=542ebb7d-4893-4df9-ad61-1cc9d2465d7d,revision_number=1']} {{(pid=101640) push /opt/stack/neutron/neutron/api/rpc/handlers/resources_rpc.py:237}}
Jul 21 03:12:54.705197 np0000185938 devstack@neutron-api.service[101640]: DEBUG neutron.plugins.ml2.drivers.ovn.mech_driver.ovsdb.commands [None req-c7ac8061-3c5b-4456-aa95-3aef04df9334 admin admin] Converting tag [] to a tag_request {{(pid=101640) _tag_column_to_tag_request /opt/stack/neutron/neutron/plugins/ml2/drivers/ovn/mech_driver/ovsdb/commands.py:205}}
Jul 21 03:12:54.706357 np0000185938 devstack@neutron-api.service[101640]: DEBUG ovsdbapp.backend.ovs_idl.transaction [-] Running txn n=1 command(idx=0): AddLSwitchPortCommand(_result=None, lport=542ebb7d-4893-4df9-ad61-1cc9d2465d7d, lswitch=neutron-9c6733fe-d414-4410-b077-ce8cad09de65, may_exist=True, network_uuid=9c6733fe-d414-4410-b077-ce8cad09de65, columns={'addresses': ['unknown'], 'external_ids': {'neutron:port_name': '', 'neutron:device_id': 'b0bcef39-de0a-4298-866d-490a270d47d3', 'neutron:project_id': '', 'neutron:cidrs': '172.24.5.56/24', 'neutron:device_owner': 'network:router_gateway', 'neutron:subnet_pool_addr_scope4': '', 'neutron:subnet_pool_addr_scope6': '', 'neutron:network_name': 'neutron-9c6733fe-d414-4410-b077-ce8cad09de65', 'neutron:security_group_ids': '', 'neutron:revision_number': '1', 'neutron:vnic_type': 'normal', 'neutron:port_capabilities': '', 'neutron:mtu': ''}, 'parent_name': [], 'enabled': True, 'options': {}, 'type': '', 'port_security': [], 'dhcpv4_options': [], 'dhcpv6_options': [], 'tag_request': []}) {{(pid=101640) do_commit /opt/stack/data/venv/lib/python3.12/site-packages/ovsdbapp/backend/ovs_idl/transaction.py:89}}
Jul 21 03:12:54.707013 np0000185938 devstack@neutron-api.service[101640]: DEBUG ovsdbapp.backend.ovs_idl.transaction [-] Running txn n=1 command(idx=1): QoSDelCommand(_result=None, switch=neutron-9c6733fe-d414-4410-b077-ce8cad09de65, conditions=[('direction', '=', 'to-lport'), ('priority', '=', 2002), ('match', '=', 'outport == "542ebb7d-4893-4df9-ad61-1cc9d2465d7d"')], if_exists=True) {{(pid=101640) do_commit /opt/stack/data/venv/lib/python3.12/site-packages/ovsdbapp/backend/ovs_idl/transaction.py:89}}
Jul 21 03:12:54.707211 np0000185938 devstack@neutron-api.service[101640]: DEBUG ovsdbapp.backend.ovs_idl.transaction [-] Running txn n=1 command(idx=2): QoSDelCommand(_result=None, switch=neutron-9c6733fe-d414-4410-b077-ce8cad09de65, conditions=[('direction', '=', 'from-lport'), ('priority', '=', 2002), ('match', '=', 'inport == "542ebb7d-4893-4df9-ad61-1cc9d2465d7d"')], if_exists=True) {{(pid=101640) do_commit /opt/stack/data/venv/lib/python3.12/site-packages/ovsdbapp/backend/ovs_idl/transaction.py:89}}
Jul 21 03:12:54.707396 np0000185938 devstack@neutron-api.service[101640]: DEBUG ovsdbapp.backend.ovs_idl.transaction [-] Running txn n=1 command(idx=3): UpdateLSwitchPortQosOptionsCommand(_result=None, lport=AddLSwitchPortCommand(_result=5e6d86a6-28c2-499a-bde7-c2b59ff230ff, lport=542ebb7d-4893-4df9-ad61-1cc9d2465d7d, lswitch=neutron-9c6733fe-d414-4410-b077-ce8cad09de65, may_exist=True, network_uuid=9c6733fe-d414-4410-b077-ce8cad09de65, columns={'addresses': ['unknown'], 'external_ids': {'neutron:port_name': '', 'neutron:device_id': 'b0bcef39-de0a-4298-866d-490a270d47d3', 'neutron:project_id': '', 'neutron:cidrs': '172.24.5.56/24', 'neutron:device_owner': 'network:router_gateway', 'neutron:subnet_pool_addr_scope4': '', 'neutron:subnet_pool_addr_scope6': '', 'neutron:network_name': 'neutron-9c6733fe-d414-4410-b077-ce8cad09de65', 'neutron:security_group_ids': '', 'neutron:revision_number': '1', 'neutron:vnic_type': 'normal', 'neutron:port_capabilities': '', 'neutron:mtu': ''}, 'parent_name': [], 'enabled': True, 'options': {}, 'type': '', 'port_security': [], 'tag_request': []}), if_exists=True, qos={'qos_max_rate': None, 'qos_burst': None, 'qos_min_rate': None}) {{(pid=101640) do_commit /opt/stack/data/venv/lib/python3.12/site-packages/ovsdbapp/backend/ovs_idl/transaction.py:89}}
Jul 21 03:12:54.747732 np0000185938 devstack@neutron-api.service[101641]: DEBUG neutron.plugins.ml2.drivers.ovn.mech_driver.ovsdb.ovsdb_monitor [None req-64ebd6fb-6322-4a53-a1f8-f791b0dc3e59 None None] Touching Hash Ring node "ab4d2eb643965034ba4dd5ec1d5826f3" from IDL notify handler {{(pid=101641) notify /opt/stack/neutron/neutron/plugins/ml2/drivers/ovn/mech_driver/ovsdb/ovsdb_monitor.py:1001}}
Jul 21 03:12:54.756108 np0000185938 devstack@neutron-api.service[101641]: DEBUG neutron.plugins.ml2.drivers.ovn.mech_driver.ovsdb.ovsdb_monitor [None req-56571070-b5f5-4f41-b2f4-9f615ca88ccf None None] Touching Hash Ring node "ab4d2eb643965034ba4dd5ec1d5826f3" from IDL notify handler {{(pid=101641) notify /opt/stack/neutron/neutron/plugins/ml2/drivers/ovn/mech_driver/ovsdb/ovsdb_monitor.py:1001}}
Jul 21 03:12:54.756376 np0000185938 devstack@neutron-api.service[101642]: DEBUG neutron.plugins.ml2.drivers.ovn.mech_driver.ovsdb.ovsdb_monitor [None req-61e8753d-3531-4cef-93e1-226b3ee2fe9e None None] Touching Hash Ring node "e4f56d5b2d6d54cd91f0e2623da62670" from IDL notify handler {{(pid=101642) notify /opt/stack/neutron/neutron/plugins/ml2/drivers/ovn/mech_driver/ovsdb/ovsdb_monitor.py:1001}}
Jul 21 03:12:54.757039 np0000185938 devstack@neutron-api.service[101640]: DEBUG neutron.plugins.ml2.drivers.ovn.mech_driver.ovsdb.ovsdb_monitor [None req-c6c47e50-8986-461b-bcdb-76dd8ee27bb9 None None] Touching Hash Ring node "b038bdcb735b57e697b1af12e0cc8297" from IDL notify handler {{(pid=101640) notify /opt/stack/neutron/neutron/plugins/ml2/drivers/ovn/mech_driver/ovsdb/ovsdb_monitor.py:1001}}
Jul 21 03:12:54.768007 np0000185938 devstack@neutron-api.service[101641]: DEBUG neutron.plugins.ml2.drivers.ovn.mech_driver.ovsdb.ovsdb_monitor [None req-64ebd6fb-6322-4a53-a1f8-f791b0dc3e59 None None] Hash Ring: Node ab4d2eb643965034ba4dd5ec1d5826f3 (host: np0000185938) handling event "update" for row 9c6733fe-d414-4410-b077-ce8cad09de65 (table: Logical_Switch) {{(pid=101641) notify /opt/stack/neutron/neutron/plugins/ml2/drivers/ovn/mech_driver/ovsdb/ovsdb_monitor.py:1009}}
Jul 21 03:12:54.769743 np0000185938 devstack@neutron-api.service[101641]: DEBUG neutron.plugins.ml2.drivers.ovn.mech_driver.ovsdb.ovsdb_monitor [None req-64ebd6fb-6322-4a53-a1f8-f791b0dc3e59 None None] Touching Hash Ring node "ab4d2eb643965034ba4dd5ec1d5826f3" from IDL notify handler {{(pid=101641) notify /opt/stack/neutron/neutron/plugins/ml2/drivers/ovn/mech_driver/ovsdb/ovsdb_monitor.py:1001}}
Jul 21 03:12:54.771699 np0000185938 devstack@neutron-api.service[101641]: DEBUG neutron.plugins.ml2.drivers.ovn.mech_driver.ovsdb.ovsdb_monitor [None req-56571070-b5f5-4f41-b2f4-9f615ca88ccf None None] Hash Ring: Node ab4d2eb643965034ba4dd5ec1d5826f3 (host: np0000185938) handling event "create" for row 3208263f-96e8-4392-b865-017e53c6f93e (table: Port_Binding) {{(pid=101641) notify /opt/stack/neutron/neutron/plugins/ml2/drivers/ovn/mech_driver/ovsdb/ovsdb_monitor.py:1009}}
Jul 21 03:12:54.772171 np0000185938 devstack@neutron-api.service[101642]: DEBUG neutron.plugins.ml2.drivers.ovn.mech_driver.ovsdb.ovsdb_monitor [None req-61e8753d-3531-4cef-93e1-226b3ee2fe9e None None] Hash Ring: Node e4f56d5b2d6d54cd91f0e2623da62670 (host: np0000185938) handling event "update" for row 9c6733fe-d414-4410-b077-ce8cad09de65 (table: Logical_Switch) {{(pid=101642) notify /opt/stack/neutron/neutron/plugins/ml2/drivers/ovn/mech_driver/ovsdb/ovsdb_monitor.py:1009}}
Jul 21 03:12:54.775293 np0000185938 devstack@neutron-api.service[101641]: DEBUG neutron.plugins.ml2.drivers.ovn.mech_driver.ovsdb.ovsdb_monitor [None req-64ebd6fb-6322-4a53-a1f8-f791b0dc3e59 None None] Hash Ring: Node ab4d2eb643965034ba4dd5ec1d5826f3 (host: np0000185938) handling event "create" for row 85d8db25-1266-4e12-8ef9-ad646afe7d05 (table: Logical_Switch_Port) {{(pid=101641) notify /opt/stack/neutron/neutron/plugins/ml2/drivers/ovn/mech_driver/ovsdb/ovsdb_monitor.py:1009}}
Jul 21 03:12:54.776915 np0000185938 devstack@neutron-api.service[101641]: DEBUG ovsdbapp.backend.ovs_idl.event [None req-64ebd6fb-6322-4a53-a1f8-f791b0dc3e59 None None] Matched CREATE: LogicalSwitchPortCreateEvent(events=('create',), table='Logical_Switch_Port', conditions=[], old_conditions=None), priority=20 to row=Logical_Switch_Port(uuid=85d8db25-1266-4e12-8ef9-ad646afe7d05, addresses=['unknown'], dhcpv4_options=[], dhcpv6_options=[], dynamic_addresses=[], enabled=True, external_ids={'neutron:cidrs': '172.24.5.56/24', 'neutron:device_id': 'b0bcef39-de0a-4298-866d-490a270d47d3', 'neutron:device_owner': 'network:router_gateway', 'neutron:mtu': '', 'neutron:network_name': 'neutron-9c6733fe-d414-4410-b077-ce8cad09de65', 'neutron:port_capabilities': '', 'neutron:port_name': '', 'neutron:project_id': '', 'neutron:revision_number': '1', 'neutron:security_group_ids': '', 'neutron:subnet_pool_addr_scope4': '', 'neutron:subnet_pool_addr_scope6': '', 'neutron:vnic_type': 'normal'}, ha_chassis_group=[], mirror_rules=[], name='542ebb7d-4893-4df9-ad61-1cc9d2465d7d', options={}, parent_name=[], port_security=[], tag=[], tag_request=[], type='', up=[]) old= {{(pid=101641) matches /opt/stack/data/venv/lib/python3.12/site-packages/ovsdbapp/backend/ovs_idl/event.py:55}}
Jul 21 03:12:54.777729 np0000185938 devstack@neutron-api.service[101641]: INFO neutron.plugins.ml2.drivers.ovn.mech_driver.mech_driver [None req-4c0e6b22-4fab-440a-b0ba-db5deda32e47 None None] OVN reports status down for port: 542ebb7d-4893-4df9-ad61-1cc9d2465d7d
Jul 21 03:12:54.778796 np0000185938 devstack@neutron-api.service[101641]: DEBUG neutron.plugins.ml2.drivers.ovn.mech_driver.ovsdb.ovsdb_monitor [None req-64ebd6fb-6322-4a53-a1f8-f791b0dc3e59 None None] Touching Hash Ring node "ab4d2eb643965034ba4dd5ec1d5826f3" from IDL notify handler {{(pid=101641) notify /opt/stack/neutron/neutron/plugins/ml2/drivers/ovn/mech_driver/ovsdb/ovsdb_monitor.py:1001}}
Jul 21 03:12:54.781390 np0000185938 devstack@neutron-api.service[101641]: DEBUG neutron.plugins.ml2.drivers.ovn.mech_driver.ovsdb.ovsdb_monitor [None req-64ebd6fb-6322-4a53-a1f8-f791b0dc3e59 None None] Hash Ring: Node ab4d2eb643965034ba4dd5ec1d5826f3 (host: np0000185938) handling event "update" for row 85d8db25-1266-4e12-8ef9-ad646afe7d05 (table: Logical_Switch_Port) {{(pid=101641) notify /opt/stack/neutron/neutron/plugins/ml2/drivers/ovn/mech_driver/ovsdb/ovsdb_monitor.py:1009}}
Jul 21 03:12:54.801730 np0000185938 devstack@neutron-api.service[101640]: INFO neutron.db.ovn_revision_numbers_db [None req-c7ac8061-3c5b-4456-aa95-3aef04df9334 admin admin] Successfully bumped revision number for resource 542ebb7d-4893-4df9-ad61-1cc9d2465d7d (type: ports) to 1
Jul 21 03:12:54.807778 np0000185938 devstack@neutron-api.service[101640]: DEBUG neutron.plugins.ml2.drivers.ovn.mech_driver.ovsdb.ovsdb_monitor [None req-c6c47e50-8986-461b-bcdb-76dd8ee27bb9 None None] Hash Ring: Node b038bdcb735b57e697b1af12e0cc8297 (host: np0000185938) handling event "create" for row 3208263f-96e8-4392-b865-017e53c6f93e (table: Port_Binding) {{(pid=101640) notify /opt/stack/neutron/neutron/plugins/ml2/drivers/ovn/mech_driver/ovsdb/ovsdb_monitor.py:1009}}
Jul 21 03:12:54.809470 np0000185938 devstack@neutron-api.service[101641]: DEBUG neutron.db.provisioning_blocks [None req-4c0e6b22-4fab-440a-b0ba-db5deda32e47 None None] Transition to ACTIVE for port object 542ebb7d-4893-4df9-ad61-1cc9d2465d7d will not be triggered until provisioned by entity L2. {{(pid=101641) add_provisioning_component /opt/stack/neutron/neutron/db/provisioning_blocks.py:74}}
Jul 21 03:12:54.846400 np0000185938 devstack@neutron-api.service[101641]: DEBUG neutron.plugins.ml2.plugin [None req-4c0e6b22-4fab-440a-b0ba-db5deda32e47 None None] Current status of the port 542ebb7d-4893-4df9-ad61-1cc9d2465d7d is: DOWN; New status is: DOWN {{(pid=101641) _update_individual_port_db_status /opt/stack/neutron/neutron/plugins/ml2/plugin.py:2473}}
Jul 21 03:12:54.847973 np0000185938 devstack@neutron-api.service[101641]: DEBUG ovsdbapp.backend.ovs_idl.transaction [None req-64ebd6fb-6322-4a53-a1f8-f791b0dc3e59 None None] Running txn n=1 command(idx=0): DbRemoveCommand(_result=None, table=Logical_Switch_Port, record=542ebb7d-4893-4df9-ad61-1cc9d2465d7d, column=external_ids, values=('neutron:host_id',), keyvalues={}, if_exists=True) {{(pid=101641) do_commit /opt/stack/data/venv/lib/python3.12/site-packages/ovsdbapp/backend/ovs_idl/transaction.py:89}}
Jul 21 03:12:54.968173 np0000185938 devstack@neutron-api.service[101640]: DEBUG neutron_lib.callbacks.manager [None req-c7ac8061-3c5b-4456-aa95-3aef04df9334 admin admin] Publish callbacks [] for router_gateway (b0bcef39-de0a-4298-866d-490a270d47d3), after_create {{(pid=101640) _notify_loop /opt/stack/data/venv/lib/python3.12/site-packages/neutron_lib/callbacks/manager.py:184}}
Jul 21 03:12:55.562380 np0000185938 devstack@neutron-api.service[101640]: DEBUG neutron_lib.callbacks.manager [None req-c7ac8061-3c5b-4456-aa95-3aef04df9334 admin admin] Publish callbacks ['neutron.services.ovn_l3.plugin.ExtraGatewaysDbOnlyMixin._process_bfd_ecmp_update-15399519', 'neutron.services.ovn_l3.service_providers.driver_controller.DriverController._update_router_provider-27057'] for router (b0bcef39-de0a-4298-866d-490a270d47d3), precommit_update {{(pid=101640) _notify_loop /opt/stack/data/venv/lib/python3.12/site-packages/neutron_lib/callbacks/manager.py:184}}
Jul 21 03:12:55.565347 np0000185938 devstack@neutron-api.service[101640]: DEBUG neutron_lib.callbacks.manager [None req-c7ac8061-3c5b-4456-aa95-3aef04df9334 admin admin] Publish callbacks ['neutron.services.ovn_l3.service_providers.ovn.OvnDriver._process_router_update-57623'] for router (b0bcef39-de0a-4298-866d-490a270d47d3), after_update {{(pid=101640) _notify_loop /opt/stack/data/venv/lib/python3.12/site-packages/neutron_lib/callbacks/manager.py:184}}
Jul 21 03:12:55.565525 np0000185938 devstack@neutron-api.service[101640]: INFO neutron.plugins.ml2.drivers.ovn.mech_driver.ovsdb.extensions.qos [None req-c7ac8061-3c5b-4456-aa95-3aef04df9334 admin admin] Starting OVNClientQosExtension
Jul 21 03:12:55.912414 np0000185938 devstack@neutron-api.service[101640]: DEBUG ovsdbapp.backend.ovs_idl.transaction [-] Running txn n=1 command(idx=0): CheckRevisionNumberCommand(_result=None, name=neutron-b0bcef39-de0a-4298-866d-490a270d47d3, resource={'id': 'b0bcef39-de0a-4298-866d-490a270d47d3', 'name': 'router1', 'project_id': '4f53ade795dc4fab9c5817ffc511cd32', 'admin_state_up': True, 'status': 'ACTIVE', 'enable_snat': True, 'external_gateway_info': {'network_id': '9c6733fe-d414-4410-b077-ce8cad09de65', 'external_fixed_ips': [{'subnet_id': '77b6dc27-98e9-4909-ad25-e45463399813', 'ip_address': '172.24.5.56'}], 'enable_snat': True}, 'gw_port_id': '542ebb7d-4893-4df9-ad61-1cc9d2465d7d', 'description': '', 'availability_zones': [], 'distributed': False, 'ha': True, 'ha_vr_id': 0, 'availability_zone_hints': [], 'enable_default_route_ecmp': False, 'enable_default_route_bfd': False, 'external_gateways': [{'network_id': '9c6733fe-d414-4410-b077-ce8cad09de65', 'external_fixed_ips': [{'ip_address': '172.24.5.56', 'subnet_id': '77b6dc27-98e9-4909-ad25-e45463399813'}]}], 'routes': [], 'flavor_id': None, 'tags': [], 'created_at': '2026-07-21T03:12:49Z', 'updated_at': '2026-07-21T03:12:54Z', 'revision_number': 3, 'tenant_id': '4f53ade795dc4fab9c5817ffc511cd32'}, resource_type=routers, if_exists=True) {{(pid=101640) do_commit /opt/stack/data/venv/lib/python3.12/site-packages/ovsdbapp/backend/ovs_idl/transaction.py:89}}
Jul 21 03:12:55.913033 np0000185938 devstack@neutron-api.service[101640]: DEBUG ovsdbapp.backend.ovs_idl.transaction [-] Running txn n=1 command(idx=1): DeleteLRouterExtGwCommand(_result=None, lrouter=neutron-b0bcef39-de0a-4298-866d-490a270d47d3, if_exists=True, maintain_bfd=True) {{(pid=101640) do_commit /opt/stack/data/venv/lib/python3.12/site-packages/ovsdbapp/backend/ovs_idl/transaction.py:89}}
Jul 21 03:12:55.913606 np0000185938 devstack@neutron-api.service[101640]: DEBUG ovsdbapp.backend.ovs_idl.transaction [-] Running txn n=1 command(idx=2): DeleteNATRuleInLRouterCommand(_result=None, lrouter=neutron-b0bcef39-de0a-4298-866d-490a270d47d3, type=snat, logical_ip=0.0.0.0/0, external_ip=172.24.5.56, if_exists=True) {{(pid=101640) do_commit /opt/stack/data/venv/lib/python3.12/site-packages/ovsdbapp/backend/ovs_idl/transaction.py:89}}
Jul 21 03:12:55.913827 np0000185938 devstack@neutron-api.service[101640]: DEBUG ovsdbapp.backend.ovs_idl.transaction [-] Running txn n=1 command(idx=3): DelStaticRoutesCommand(_result=None, lrouter=neutron-b0bcef39-de0a-4298-866d-490a270d47d3, routes=[('0.0.0.0/0', '172.24.5.1')], if_exists=True) {{(pid=101640) do_commit /opt/stack/data/venv/lib/python3.12/site-packages/ovsdbapp/backend/ovs_idl/transaction.py:89}}
Jul 21 03:12:55.914060 np0000185938 devstack@neutron-api.service[101640]: DEBUG ovsdbapp.backend.ovs_idl.transaction [-] Running txn n=1 command(idx=4): DelLRouterPortCommand(_result=None, name=lrp-542ebb7d-4893-4df9-ad61-1cc9d2465d7d, lrouter=neutron-b0bcef39-de0a-4298-866d-490a270d47d3, if_exists=True) {{(pid=101640) do_commit /opt/stack/data/venv/lib/python3.12/site-packages/ovsdbapp/backend/ovs_idl/transaction.py:89}}
Jul 21 03:12:55.914274 np0000185938 devstack@neutron-api.service[101640]: DEBUG ovsdbapp.backend.ovs_idl.transaction [-] Running txn n=1 command(idx=5): AddLRouterPortCommand(_result=None, name=lrp-542ebb7d-4893-4df9-ad61-1cc9d2465d7d, lrouter=neutron-b0bcef39-de0a-4298-866d-490a270d47d3, may_exist=True, columns={'mac': 'fa:16:3e:9e:53:67', 'networks': ['172.24.5.56/24'], 'external_ids': {'neutron:revision_number': '1', 'neutron:subnet_ids': '77b6dc27-98e9-4909-ad25-e45463399813', 'neutron:network_name': 'neutron-9c6733fe-d414-4410-b077-ce8cad09de65', 'neutron:is_ext_gw': 'True', 'neutron:router_name': 'neutron-b0bcef39-de0a-4298-866d-490a270d47d3'}, 'options': {'reside-on-redirect-chassis': 'true', 'gateway_mtu': '1372'}}) {{(pid=101640) do_commit /opt/stack/data/venv/lib/python3.12/site-packages/ovsdbapp/backend/ovs_idl/transaction.py:89}}
Jul 21 03:12:55.914960 np0000185938 devstack@neutron-api.service[101640]: DEBUG ovsdbapp.backend.ovs_idl.transaction [-] Running txn n=1 command(idx=6): ScheduleNewGatewayCommand(_result=None, g_name=lrp-542ebb7d-4893-4df9-ad61-1cc9d2465d7d, sb_api=, lrouter_name=neutron-b0bcef39-de0a-4298-866d-490a270d47d3, ovn_client=, scheduler=, physnet=public, az_hints=[]) {{(pid=101640) do_commit /opt/stack/data/venv/lib/python3.12/site-packages/ovsdbapp/backend/ovs_idl/transaction.py:89}}
Jul 21 03:12:55.915941 np0000185938 devstack@neutron-api.service[101640]: DEBUG neutron.plugins.ml2.drivers.ovn.mech_driver.ovsdb.ovn_client [-] Chassis candidates for scheduling gateway router ports for "public" physical network: ['d76f6f7f-8250-4180-b85b-af1843c057d4'] {{(pid=101640) get_candidates_for_scheduling /opt/stack/neutron/neutron/plugins/ml2/drivers/ovn/mech_driver/ovsdb/ovn_client.py:1779}}
Jul 21 03:12:55.916694 np0000185938 devstack@neutron-api.service[101640]: DEBUG neutron.scheduler.l3_ovn_scheduler [-] Gateway lrp-542ebb7d-4893-4df9-ad61-1cc9d2465d7d scheduled on chassis ['d76f6f7f-8250-4180-b85b-af1843c057d4'] {{(pid=101640) _schedule_gateway /opt/stack/neutron/neutron/scheduler/l3_ovn_scheduler.py:88}}
Jul 21 03:12:55.917274 np0000185938 devstack@neutron-api.service[101640]: DEBUG ovsdbapp.backend.ovs_idl.transaction [-] Running txn n=1 command(idx=7): SetLRouterPortInLSwitchPortCommand(_result=None, lswitch_port=542ebb7d-4893-4df9-ad61-1cc9d2465d7d, lrouter_port=lrp-542ebb7d-4893-4df9-ad61-1cc9d2465d7d, is_gw_port=True, if_exists=True, lsp_address=router) {{(pid=101640) do_commit /opt/stack/data/venv/lib/python3.12/site-packages/ovsdbapp/backend/ovs_idl/transaction.py:89}}
Jul 21 03:12:55.917702 np0000185938 devstack@neutron-api.service[101640]: DEBUG ovsdbapp.backend.ovs_idl.transaction [-] Running txn n=1 command(idx=8): AddStaticRouteCommand(_result=None, lrouter=neutron-b0bcef39-de0a-4298-866d-490a270d47d3, maintain_bfd=False, columns={'ip_prefix': '0.0.0.0/0', 'nexthop': '172.24.5.1', 'external_ids': {'neutron:is_ext_gw': 'true', 'neutron:subnet_id': '77b6dc27-98e9-4909-ad25-e45463399813', 'neutron:is_static_route': 'true'}}) {{(pid=101640) do_commit /opt/stack/data/venv/lib/python3.12/site-packages/ovsdbapp/backend/ovs_idl/transaction.py:89}}
Jul 21 03:12:55.918093 np0000185938 devstack@neutron-api.service[101640]: DEBUG ovsdbapp.backend.ovs_idl.transaction [-] Running txn n=1 command(idx=9): AddNATRuleInLRouterCommand(_result=None, lrouter=neutron-b0bcef39-de0a-4298-866d-490a270d47d3, nat_uuid=None, columns={'type': 'snat', 'logical_ip': '0.0.0.0/0', 'external_ip': '172.24.5.56'}) {{(pid=101640) do_commit /opt/stack/data/venv/lib/python3.12/site-packages/ovsdbapp/backend/ovs_idl/transaction.py:89}}
Jul 21 03:12:55.918426 np0000185938 devstack@neutron-api.service[101640]: DEBUG ovsdbapp.backend.ovs_idl.transaction [-] Running txn n=1 command(idx=10): UpdateLRouterCommand(_result=None, name=neutron-b0bcef39-de0a-4298-866d-490a270d47d3, columns={'external_ids': {'neutron:router_name': 'router1', 'neutron:revision_number': '3', 'neutron:availability_zone_hints': ''}, 'enabled': True}, if_exists=True) {{(pid=101640) do_commit /opt/stack/data/venv/lib/python3.12/site-packages/ovsdbapp/backend/ovs_idl/transaction.py:89}}
Jul 21 03:12:55.918840 np0000185938 devstack@neutron-api.service[101640]: DEBUG ovsdbapp.backend.ovs_idl.transaction [-] Running txn n=1 command(idx=11): QoSDelCommand(_result=None, switch=neutron-9c6733fe-d414-4410-b077-ce8cad09de65, conditions=[('direction', '=', 'from-lport'), ('priority', '=', 2002), ('match', '=', 'inport == "542ebb7d-4893-4df9-ad61-1cc9d2465d7d"')], if_exists=True) {{(pid=101640) do_commit /opt/stack/data/venv/lib/python3.12/site-packages/ovsdbapp/backend/ovs_idl/transaction.py:89}}
Jul 21 03:12:55.919093 np0000185938 devstack@neutron-api.service[101640]: DEBUG ovsdbapp.backend.ovs_idl.transaction [-] Running txn n=1 command(idx=12): QoSDelCommand(_result=None, switch=neutron-9c6733fe-d414-4410-b077-ce8cad09de65, conditions=[('direction', '=', 'to-lport'), ('priority', '=', 2002), ('match', '=', 'outport == "542ebb7d-4893-4df9-ad61-1cc9d2465d7d"')], if_exists=True) {{(pid=101640) do_commit /opt/stack/data/venv/lib/python3.12/site-packages/ovsdbapp/backend/ovs_idl/transaction.py:89}}
Jul 21 03:12:55.939060 np0000185938 devstack@neutron-api.service[101641]: DEBUG neutron.plugins.ml2.drivers.ovn.mech_driver.ovsdb.ovsdb_monitor [None req-64ebd6fb-6322-4a53-a1f8-f791b0dc3e59 None None] Touching Hash Ring node "ab4d2eb643965034ba4dd5ec1d5826f3" from IDL notify handler {{(pid=101641) notify /opt/stack/neutron/neutron/plugins/ml2/drivers/ovn/mech_driver/ovsdb/ovsdb_monitor.py:1001}}
Jul 21 03:12:55.939365 np0000185938 devstack@neutron-api.service[101639]: DEBUG neutron.plugins.ml2.drivers.ovn.mech_driver.ovsdb.ovsdb_monitor [None req-136cfca3-cb68-45f4-9117-4273ce5e9f06 None None] Touching Hash Ring node "9850052e4d04529ab76d545d7c416215" from IDL notify handler {{(pid=101639) notify /opt/stack/neutron/neutron/plugins/ml2/drivers/ovn/mech_driver/ovsdb/ovsdb_monitor.py:1001}}
Jul 21 03:12:55.946830 np0000185938 devstack@neutron-api.service[101641]: DEBUG neutron.plugins.ml2.drivers.ovn.mech_driver.ovsdb.ovsdb_monitor [None req-56571070-b5f5-4f41-b2f4-9f615ca88ccf None None] Touching Hash Ring node "ab4d2eb643965034ba4dd5ec1d5826f3" from IDL notify handler {{(pid=101641) notify /opt/stack/neutron/neutron/plugins/ml2/drivers/ovn/mech_driver/ovsdb/ovsdb_monitor.py:1001}}
Jul 21 03:12:55.952939 np0000185938 devstack@neutron-api.service[101642]: DEBUG neutron.plugins.ml2.drivers.ovn.mech_driver.ovsdb.ovsdb_monitor [None req-61e8753d-3531-4cef-93e1-226b3ee2fe9e None None] Touching Hash Ring node "e4f56d5b2d6d54cd91f0e2623da62670" from IDL notify handler {{(pid=101642) notify /opt/stack/neutron/neutron/plugins/ml2/drivers/ovn/mech_driver/ovsdb/ovsdb_monitor.py:1001}}
Jul 21 03:12:55.956372 np0000185938 devstack@neutron-api.service[101642]: DEBUG neutron.plugins.ml2.drivers.ovn.mech_driver.ovsdb.ovsdb_monitor [None req-58d0f675-6494-4ba8-97dd-5ad212b6b3b8 None None] Touching Hash Ring node "e4f56d5b2d6d54cd91f0e2623da62670" from IDL notify handler {{(pid=101642) notify /opt/stack/neutron/neutron/plugins/ml2/drivers/ovn/mech_driver/ovsdb/ovsdb_monitor.py:1001}}
Jul 21 03:12:55.963993 np0000185938 devstack@neutron-api.service[101640]: DEBUG neutron.plugins.ml2.drivers.ovn.mech_driver.ovsdb.ovsdb_monitor [None req-c6c47e50-8986-461b-bcdb-76dd8ee27bb9 None None] Touching Hash Ring node "b038bdcb735b57e697b1af12e0cc8297" from IDL notify handler {{(pid=101640) notify /opt/stack/neutron/neutron/plugins/ml2/drivers/ovn/mech_driver/ovsdb/ovsdb_monitor.py:1001}}
Jul 21 03:12:56.004760 np0000185938 devstack@neutron-api.service[101641]: DEBUG neutron.plugins.ml2.drivers.ovn.mech_driver.ovsdb.ovsdb_monitor [None req-64ebd6fb-6322-4a53-a1f8-f791b0dc3e59 None None] Hash Ring: Node ab4d2eb643965034ba4dd5ec1d5826f3 (host: np0000185938) handling event "create" for row 51db5b08-a82c-44df-90ed-8776b133aa61 (table: HA_Chassis) {{(pid=101641) notify /opt/stack/neutron/neutron/plugins/ml2/drivers/ovn/mech_driver/ovsdb/ovsdb_monitor.py:1009}}
Jul 21 03:12:56.007340 np0000185938 devstack@neutron-api.service[101641]: DEBUG neutron.plugins.ml2.drivers.ovn.mech_driver.ovsdb.ovsdb_monitor [None req-56571070-b5f5-4f41-b2f4-9f615ca88ccf None None] Hash Ring: Node ab4d2eb643965034ba4dd5ec1d5826f3 (host: np0000185938) handling event "update" for row 3208263f-96e8-4392-b865-017e53c6f93e (table: Port_Binding) {{(pid=101641) notify /opt/stack/neutron/neutron/plugins/ml2/drivers/ovn/mech_driver/ovsdb/ovsdb_monitor.py:1009}}
Jul 21 03:12:56.010542 np0000185938 devstack@neutron-api.service[101641]: DEBUG neutron.plugins.ml2.drivers.ovn.mech_driver.ovsdb.ovsdb_monitor [None req-64ebd6fb-6322-4a53-a1f8-f791b0dc3e59 None None] Touching Hash Ring node "ab4d2eb643965034ba4dd5ec1d5826f3" from IDL notify handler {{(pid=101641) notify /opt/stack/neutron/neutron/plugins/ml2/drivers/ovn/mech_driver/ovsdb/ovsdb_monitor.py:1001}}
Jul 21 03:12:56.012267 np0000185938 devstack@neutron-api.service[101641]: DEBUG neutron.plugins.ml2.drivers.ovn.mech_driver.ovsdb.ovsdb_monitor [None req-56571070-b5f5-4f41-b2f4-9f615ca88ccf None None] Touching Hash Ring node "ab4d2eb643965034ba4dd5ec1d5826f3" from IDL notify handler {{(pid=101641) notify /opt/stack/neutron/neutron/plugins/ml2/drivers/ovn/mech_driver/ovsdb/ovsdb_monitor.py:1001}}
Jul 21 03:12:56.016599 np0000185938 devstack@neutron-api.service[101641]: DEBUG neutron.plugins.ml2.drivers.ovn.mech_driver.ovsdb.ovsdb_monitor [None req-64ebd6fb-6322-4a53-a1f8-f791b0dc3e59 None None] Hash Ring: Node ab4d2eb643965034ba4dd5ec1d5826f3 (host: np0000185938) handling event "create" for row 6340482f-8915-4531-aefe-db145c630031 (table: HA_Chassis_Group) {{(pid=101641) notify /opt/stack/neutron/neutron/plugins/ml2/drivers/ovn/mech_driver/ovsdb/ovsdb_monitor.py:1009}}
Jul 21 03:12:56.017853 np0000185938 devstack@neutron-api.service[101641]: DEBUG neutron.plugins.ml2.drivers.ovn.mech_driver.ovsdb.ovsdb_monitor [None req-56571070-b5f5-4f41-b2f4-9f615ca88ccf None None] Hash Ring: Node ab4d2eb643965034ba4dd5ec1d5826f3 (host: np0000185938) handling event "create" for row 640fb95c-38fa-4222-952f-23f993a95465 (table: Port_Binding) {{(pid=101641) notify /opt/stack/neutron/neutron/plugins/ml2/drivers/ovn/mech_driver/ovsdb/ovsdb_monitor.py:1009}}
Jul 21 03:12:56.018589 np0000185938 devstack@neutron-api.service[101640]: INFO neutron.db.ovn_revision_numbers_db [None req-c7ac8061-3c5b-4456-aa95-3aef04df9334 admin admin] Successfully bumped revision number for resource b0bcef39-de0a-4298-866d-490a270d47d3 (type: routers) to 3
Jul 21 03:12:56.019819 np0000185938 devstack@neutron-api.service[101641]: DEBUG neutron.plugins.ml2.drivers.ovn.mech_driver.ovsdb.ovsdb_monitor [None req-64ebd6fb-6322-4a53-a1f8-f791b0dc3e59 None None] Touching Hash Ring node "ab4d2eb643965034ba4dd5ec1d5826f3" from IDL notify handler {{(pid=101641) notify /opt/stack/neutron/neutron/plugins/ml2/drivers/ovn/mech_driver/ovsdb/ovsdb_monitor.py:1001}}
