2026-05-09 02:42:29.105 10 INFO neutron.wsgi [None req-ff8d36db-546a-422d-a8d7-2821530edeec fb10a23b07884965bc0c4ffee1800cce 8a91ffeec2ec44929d32f253e15269f7 - - default default] 10.0.0.223 "PUT /v2.0/routers/53a08ba1-5815-466c-ba7d-89e4c8469dcc/remove_router_interface HTTP/1.1" status: 200 len: 503 time: 0.9412951 /var/lib/openstack/lib/python3.10/site-packages/pycadf/identifier.py:71: UserWarning: Invalid uuid: neutron. To ensure interoperability, identifiers should be a valid uuid. warnings.warn(('Invalid uuid: %s. To ensure interoperability, '
2026-05-09 02:42:29.188 9 INFO neutron.db.ovn_revision_numbers_db [None req-1ed0ad5e-073c-49e8-954c-36a57153873a fb10a23b07884965bc0c4ffee1800cce 8a91ffeec2ec44929d32f253e15269f7 - - default default] Successfully bumped revision number for resource 58689c7f-a40e-4ce2-9269-07b7b0175eca (type: security_groups) to 1
2026-05-09 02:42:29.204 9 INFO neutron.db.ovn_revision_numbers_db [None req-1ed0ad5e-073c-49e8-954c-36a57153873a fb10a23b07884965bc0c4ffee1800cce 8a91ffeec2ec44929d32f253e15269f7 - - default default] Successfully bumped revision number for resource 225d187b-2512-408d-90e0-2e3a77643568 (type: security_group_rules) to 0
2026-05-09 02:42:29.208 10 INFO neutron.wsgi [None req-641f982d-4712-42f8-9ee5-1e1200b41622 fb10a23b07884965bc0c4ffee1800cce 8a91ffeec2ec44929d32f253e15269f7 - - default default] 10.0.0.223 "DELETE /v2.0/security-groups/c126c57b-4b3d-425d-ba83-0bc1fdd4a6ff HTTP/1.1" status: 204 len: 168 time: 0.3337364
2026-05-09 02:42:29.220 9 INFO neutron.db.ovn_revision_numbers_db [None req-1ed0ad5e-073c-49e8-954c-36a57153873a fb10a23b07884965bc0c4ffee1800cce 8a91ffeec2ec44929d32f253e15269f7 - - default default] Successfully bumped revision number for resource 9f1ce18a-693e-4063-b3d4-887d4dca69ac (type: security_group_rules) to 0
2026-05-09 02:42:29.237 9 INFO neutron.db.ovn_revision_numbers_db [None req-1ed0ad5e-073c-49e8-954c-36a57153873a fb10a23b07884965bc0c4ffee1800cce 8a91ffeec2ec44929d32f253e15269f7 - - default default] Successfully bumped revision number for resource c47f3150-0098-4a75-9b38-934ece63fdca (type: security_group_rules) to 0
2026-05-09 02:42:29.252 9 INFO neutron.db.ovn_revision_numbers_db [None req-1ed0ad5e-073c-49e8-954c-36a57153873a fb10a23b07884965bc0c4ffee1800cce 8a91ffeec2ec44929d32f253e15269f7 - - default default] Successfully bumped revision number for resource dbe08717-c313-4748-a580-a840152525ee (type: security_group_rules) to 0
2026-05-09 02:42:29.278 9 INFO neutron.wsgi [None req-1ed0ad5e-073c-49e8-954c-36a57153873a fb10a23b07884965bc0c4ffee1800cce 8a91ffeec2ec44929d32f253e15269f7 - - default default] 10.0.0.223 "GET /v2.0/security-groups?tenant_id=aab76ea903494b04870be2ce0ee193ab&name=default HTTP/1.1" status: 200 len: 2996 time: 0.3797379
2026-05-09 02:42:29.469 9 INFO neutron.wsgi [None req-b6cebadd-f707-4a9c-87f3-414391d9acd7 fb10a23b07884965bc0c4ffee1800cce 8a91ffeec2ec44929d32f253e15269f7 - - default default] 10.0.0.223 "DELETE /v2.0/security-groups/58689c7f-a40e-4ce2-9269-07b7b0175eca HTTP/1.1" status: 204 len: 168 time: 0.1841745
2026-05-09 02:42:30.223 10 INFO neutron.wsgi [None req-28ee55a9-b04b-4bfb-833f-e3315b60b434 fb10a23b07884965bc0c4ffee1800cce 8a91ffeec2ec44929d32f253e15269f7 - - default default] 10.0.0.223 "DELETE /v2.0/routers/53a08ba1-5815-466c-ba7d-89e4c8469dcc HTTP/1.1" status: 204 len: 168 time: 1.1137233
2026-05-09 02:42:30.441 10 INFO neutron.wsgi [None req-4fd0593a-1249-4c8c-bd8d-73b7c49cfd7c fb10a23b07884965bc0c4ffee1800cce 8a91ffeec2ec44929d32f253e15269f7 - - default default] 10.0.0.223 "DELETE /v2.0/subnets/64c8168e-9410-4a32-8492-efa9d3c4edcf HTTP/1.1" status: 204 len: 168 time: 0.2119718
2026-05-09 02:42:30.805 10 INFO neutron.services.segments.plugin [-] Segment c1ba8fe6-6369-4bbf-b945-c1f01c33238b resource provider aggregate not found
2026-05-09 02:42:30.811 10 INFO neutron.services.segments.plugin [-] Segment c1ba8fe6-6369-4bbf-b945-c1f01c33238b resource provider aggregate not found
2026-05-09 02:42:30.825 10 INFO neutron.services.segments.plugin [-] Segment c1ba8fe6-6369-4bbf-b945-c1f01c33238b resource provider not found; error: Placement Client Error (4xx): {"errors": [{"status": 404, "title": "Not Found", "detail": "The resource could not be found.\n\n No resource provider with uuid c1ba8fe6-6369-4bbf-b945-c1f01c33238b found for delete ", "request_id": "req-ae383b60-357f-4949-85be-2c1613a5635a"}]}
2026-05-09 02:42:30.828 10 INFO neutron.services.segments.plugin [-] Segment c1ba8fe6-6369-4bbf-b945-c1f01c33238b resource provider not found; error: Placement Client Error (4xx): {"errors": [{"status": 404, "title": "Not Found", "detail": "The resource could not be found.\n\n No resource provider with uuid c1ba8fe6-6369-4bbf-b945-c1f01c33238b found for delete ", "request_id": "req-2cc8a4c8-c1ec-4f9d-beb2-39e96153f945"}]}
2026-05-09 02:42:30.849 10 INFO neutron.wsgi [None req-6290ba16-9c89-46cb-ba96-eb77fc0211ea fb10a23b07884965bc0c4ffee1800cce 8a91ffeec2ec44929d32f253e15269f7 - - default default] 10.0.0.223 "DELETE /v2.0/networks/aefc8edc-8e8b-43c5-adca-22aff251cc82 HTTP/1.1" status: 204 len: 168 time: 0.3856099
2026-05-09 02:42:31.070 9 INFO neutron.wsgi [None req-1ca21982-c08d-43fe-a0cf-e98d66e11ae2 fb10a23b07884965bc0c4ffee1800cce 8a91ffeec2ec44929d32f253e15269f7 - - default default] 10.0.0.223 "GET /v2.0/security-groups?tenant_id=34e0f85297834b55aaf12fa206ceede5&name=default HTTP/1.1" status: 200 len: 2996 time: 0.0486319
2026-05-09 02:42:31.264 9 INFO neutron.wsgi [None req-01ad3e09-c853-4a74-9bbd-ad624426dc6e fb10a23b07884965bc0c4ffee1800cce 8a91ffeec2ec44929d32f253e15269f7 - - default default] 10.0.0.223 "DELETE /v2.0/security-groups/2d7c433f-1e25-46f1-8074-a165bc67ff66 HTTP/1.1" status: 204 len: 168 time: 0.1888454
2026-05-09 02:42:31.516 9 INFO neutron.db.ovn_revision_numbers_db [None req-8f35d881-1765-4611-9359-0346cfa415b0 fb10a23b07884965bc0c4ffee1800cce 8a91ffeec2ec44929d32f253e15269f7 - - default default] Successfully bumped revision number for resource e862c0fa-a1d2-4be8-8887-e97c4d31f5bc (type: security_groups) to 1
2026-05-09 02:42:31.538 9 INFO neutron.db.ovn_revision_numbers_db [None req-8f35d881-1765-4611-9359-0346cfa415b0 fb10a23b07884965bc0c4ffee1800cce 8a91ffeec2ec44929d32f253e15269f7 - - default default] Successfully bumped revision number for resource 0c31e586-3cf5-44a7-b8e8-5f8c55e7c11c (type: security_group_rules) to 0
2026-05-09 02:42:31.556 9 INFO neutron.db.ovn_revision_numbers_db [None req-8f35d881-1765-4611-9359-0346cfa415b0 fb10a23b07884965bc0c4ffee1800cce 8a91ffeec2ec44929d32f253e15269f7 - - default default] Successfully bumped revision number for resource 7cefa5e6-1cba-4121-a496-8643992b5e16 (type: security_group_rules) to 0
2026-05-09 02:42:31.579 10 WARNING neutron_lib.context [None req-f809e30d-fb0e-4eb6-8932-d3b3a79b75c0 b53f8165651e4f3b96354cb14fa0871b b0135f469c864e6faed01d6f9ae8681c - - default default] Method 'is_advsvc' is deprecated since 2023.2 release (neutron-lib 3.8.0) and will be removed once support for the old RBAC API policies will be removed from Neutron. Please use method 'is_service_role' instead.
2026-05-09 02:42:31.580 9 INFO neutron.db.ovn_revision_numbers_db [None req-8f35d881-1765-4611-9359-0346cfa415b0 fb10a23b07884965bc0c4ffee1800cce 8a91ffeec2ec44929d32f253e15269f7 - - default default] Successfully bumped revision number for resource c06d2db8-6012-42ab-8e6d-8af954fdc93d (type: security_group_rules) to 0
2026-05-09 02:42:31.603 9 INFO neutron.db.ovn_revision_numbers_db [None req-8f35d881-1765-4611-9359-0346cfa415b0 fb10a23b07884965bc0c4ffee1800cce 8a91ffeec2ec44929d32f253e15269f7 - - default default] Successfully bumped revision number for resource e4b69965-7bfd-4d48-8619-b2fe782aa95e (type: security_group_rules) to 0
2026-05-09 02:42:31.629 9 INFO neutron.wsgi [None req-8f35d881-1765-4611-9359-0346cfa415b0 fb10a23b07884965bc0c4ffee1800cce 8a91ffeec2ec44929d32f253e15269f7 - - default default] 10.0.0.223 "GET /v2.0/security-groups?tenant_id=eee77e99379448f4a7a554dcef0a284a&name=default HTTP/1.1" status: 200 len: 2996 time: 0.3405540
2026-05-09 02:42:31.716 10 INFO neutron.db.ovn_revision_numbers_db [None req-f809e30d-fb0e-4eb6-8932-d3b3a79b75c0 b53f8165651e4f3b96354cb14fa0871b b0135f469c864e6faed01d6f9ae8681c - - default default] Successfully bumped revision number for resource 2d1026c4-2d4a-4023-85ad-a6f74278aa67 (type: security_groups) to 1
2026-05-09 02:42:31.731 10 INFO neutron.db.ovn_revision_numbers_db [None req-f809e30d-fb0e-4eb6-8932-d3b3a79b75c0 b53f8165651e4f3b96354cb14fa0871b b0135f469c864e6faed01d6f9ae8681c - - default default] Successfully bumped revision number for resource 028d0d4e-fc3c-4f06-9709-9b0114e729d2 (type: security_group_rules) to 0
2026-05-09 02:42:31.751 10 INFO neutron.db.ovn_revision_numbers_db [None req-f809e30d-fb0e-4eb6-8932-d3b3a79b75c0 b53f8165651e4f3b96354cb14fa0871b b0135f469c864e6faed01d6f9ae8681c - - default default] Successfully bumped revision number for resource 04c8f679-996d-4152-8002-b9912fcb6ae3 (type: security_group_rules) to 0
2026-05-09 02:42:31.768 10 INFO neutron.db.ovn_revision_numbers_db [None req-f809e30d-fb0e-4eb6-8932-d3b3a79b75c0 b53f8165651e4f3b96354cb14fa0871b b0135f469c864e6faed01d6f9ae8681c - - default default] Successfully bumped revision number for resource 18d852d8-8db9-484f-b94f-4ee5f21abdc7 (type: security_group_rules) to 0
2026-05-09 02:42:31.783 10 INFO neutron.db.ovn_revision_numbers_db [None req-f809e30d-fb0e-4eb6-8932-d3b3a79b75c0 b53f8165651e4f3b96354cb14fa0871b b0135f469c864e6faed01d6f9ae8681c - - default default] Successfully bumped revision number for resource b9548f09-4acf-4e38-ab9f-cf8370dc3e58 (type: security_group_rules) to 0
2026-05-09 02:42:31.835 10 INFO neutron.db.segments_db [None req-f809e30d-fb0e-4eb6-8932-d3b3a79b75c0 b53f8165651e4f3b96354cb14fa0871b b0135f469c864e6faed01d6f9ae8681c - - default default] Added segment 46a1e579-e9c4-4911-87b3-ffcbcee54129 of type geneve for network e53bdf59-bb86-4446-9a32-1e3bdc68a96c
2026-05-09 02:42:31.844 9 INFO neutron.wsgi [None req-195adf08-2a35-418f-aae4-11424c8f9b22 fb10a23b07884965bc0c4ffee1800cce 8a91ffeec2ec44929d32f253e15269f7 - - default default] 10.0.0.223 "DELETE /v2.0/security-groups/e862c0fa-a1d2-4be8-8887-e97c4d31f5bc HTTP/1.1" status: 204 len: 168 time: 0.2113109
2026-05-09 02:42:32.004 10 INFO neutron.db.ovn_revision_numbers_db [None req-f809e30d-fb0e-4eb6-8932-d3b3a79b75c0 b53f8165651e4f3b96354cb14fa0871b b0135f469c864e6faed01d6f9ae8681c - - default default] Successfully bumped revision number for resource e53bdf59-bb86-4446-9a32-1e3bdc68a96c (type: networks) to 1
2026-05-09 02:42:32.108 9 INFO neutron.db.ovn_revision_numbers_db [None req-a6ee7e0b-c491-42c4-9461-ee34d6aac3e8 fb10a23b07884965bc0c4ffee1800cce 8a91ffeec2ec44929d32f253e15269f7 - - default default] Successfully bumped revision number for resource e68751f2-fe9c-4fc8-b547-e2861a46c3f9 (type: security_groups) to 1
2026-05-09 02:42:32.136 9 INFO neutron.db.ovn_revision_numbers_db [None req-a6ee7e0b-c491-42c4-9461-ee34d6aac3e8 fb10a23b07884965bc0c4ffee1800cce 8a91ffeec2ec44929d32f253e15269f7 - - default default] Successfully bumped revision number for resource 3779e4aa-8fd6-47cd-8f88-73c918883cdb (type: security_group_rules) to 0
2026-05-09 02:42:32.159 9 INFO neutron.db.ovn_revision_numbers_db [None req-a6ee7e0b-c491-42c4-9461-ee34d6aac3e8 fb10a23b07884965bc0c4ffee1800cce 8a91ffeec2ec44929d32f253e15269f7 - - default default] Successfully bumped revision number for resource 5d870a48-6e70-4a6d-87f2-39cbe9f93f49 (type: security_group_rules) to 0
2026-05-09 02:42:32.174 9 INFO neutron.db.ovn_revision_numbers_db [None req-a6ee7e0b-c491-42c4-9461-ee34d6aac3e8 fb10a23b07884965bc0c4ffee1800cce 8a91ffeec2ec44929d32f253e15269f7 - - default default] Successfully bumped revision number for resource c7e98248-27b5-4d9f-9084-e07eca23ad62 (type: security_group_rules) to 0
2026-05-09 02:42:32.190 9 INFO neutron.db.ovn_revision_numbers_db [None req-a6ee7e0b-c491-42c4-9461-ee34d6aac3e8 fb10a23b07884965bc0c4ffee1800cce 8a91ffeec2ec44929d32f253e15269f7 - - default default] Successfully bumped revision number for resource cf8598ef-ed0d-4567-9636-9429d721f27d (type: security_group_rules) to 0
2026-05-09 02:42:32.197 10 WARNING neutron.scheduler.dhcp_agent_scheduler [None req-f809e30d-fb0e-4eb6-8932-d3b3a79b75c0 b53f8165651e4f3b96354cb14fa0871b b0135f469c864e6faed01d6f9ae8681c - - default default] No more DHCP agents
2026-05-09 02:42:32.201 10 WARNING neutron.api.rpc.agentnotifiers.dhcp_rpc_agent_api [None req-f809e30d-fb0e-4eb6-8932-d3b3a79b75c0 b53f8165651e4f3b96354cb14fa0871b b0135f469c864e6faed01d6f9ae8681c - - default default] Unable to schedule network e53bdf59-bb86-4446-9a32-1e3bdc68a96c: no agents available; will retry on subsequent port and subnet creation events.
2026-05-09 02:42:32.213 9 INFO neutron.wsgi [None req-a6ee7e0b-c491-42c4-9461-ee34d6aac3e8 fb10a23b07884965bc0c4ffee1800cce 8a91ffeec2ec44929d32f253e15269f7 - - default default] 10.0.0.223 "GET /v2.0/security-groups?tenant_id=8bcf6adecaea47f0a5d0019589598760&name=default HTTP/1.1" status: 200 len: 2996 time: 0.2350860
2026-05-09 02:42:32.297 10 INFO neutron.db.ovn_revision_numbers_db [None req-f809e30d-fb0e-4eb6-8932-d3b3a79b75c0 b53f8165651e4f3b96354cb14fa0871b b0135f469c864e6faed01d6f9ae8681c - - default default] Successfully bumped revision number for resource e5def760-9de0-4da6-873e-83b45f3cc6fd (type: ports) to 1
2026-05-09 02:42:32.324 10 INFO neutron.wsgi [None req-f809e30d-fb0e-4eb6-8932-d3b3a79b75c0 b53f8165651e4f3b96354cb14fa0871b b0135f469c864e6faed01d6f9ae8681c - - default default] 10.0.0.223 "POST /v2.0/networks HTTP/1.1" status: 201 len: 843 time: 0.9346452
2026-05-09 02:42:32.334 10 WARNING neutron_lib.context [None req-176e2fe1-3d34-4951-9f24-3b96a13294cc b53f8165651e4f3b96354cb14fa0871b b0135f469c864e6faed01d6f9ae8681c - - default default] Method 'is_advsvc' is deprecated since 2023.2 release (neutron-lib 3.8.0) and will be removed once support for the old RBAC API policies will be removed from Neutron. Please use method 'is_service_role' instead.
2026-05-09 02:42:32.416 9 INFO neutron.wsgi [None req-61bf96e3-c2cd-4c14-9fe6-7b9aa65df63d fb10a23b07884965bc0c4ffee1800cce 8a91ffeec2ec44929d32f253e15269f7 - - default default] 10.0.0.223 "DELETE /v2.0/security-groups/e68751f2-fe9c-4fc8-b547-e2861a46c3f9 HTTP/1.1" status: 204 len: 168 time: 0.1969304
2026-05-09 02:42:32.551 10 WARNING neutron.scheduler.dhcp_agent_scheduler [None req-176e2fe1-3d34-4951-9f24-3b96a13294cc b53f8165651e4f3b96354cb14fa0871b b0135f469c864e6faed01d6f9ae8681c - - default default] No more DHCP agents
2026-05-09 02:42:32.553 10 WARNING neutron.api.rpc.agentnotifiers.dhcp_rpc_agent_api [None req-176e2fe1-3d34-4951-9f24-3b96a13294cc b53f8165651e4f3b96354cb14fa0871b b0135f469c864e6faed01d6f9ae8681c - - default default] Unable to schedule network e53bdf59-bb86-4446-9a32-1e3bdc68a96c: no agents available; will retry on subsequent port and subnet creation events.
2026-05-09 02:42:32.642 10 INFO neutron.db.ovn_revision_numbers_db [None req-176e2fe1-3d34-4951-9f24-3b96a13294cc b53f8165651e4f3b96354cb14fa0871b b0135f469c864e6faed01d6f9ae8681c - - default default] Successfully bumped revision number for resource e8d86741-4963-412e-9733-99dfc6b8d6c6 (type: ports) to 1
2026-05-09 02:42:32.667 10 INFO neutron.wsgi [None req-176e2fe1-3d34-4951-9f24-3b96a13294cc b53f8165651e4f3b96354cb14fa0871b b0135f469c864e6faed01d6f9ae8681c - - default default] 10.0.0.223 "POST /v2.0/ports HTTP/1.1" status: 201 len: 974 time: 0.3387487 /var/lib/openstack/lib/python3.10/site-packages/pycadf/identifier.py:71: UserWarning: Invalid uuid: neutron. To ensure interoperability, identifiers should be a valid uuid. warnings.warn(('Invalid uuid: %s. To ensure interoperability, '
2026-05-09 02:42:32.678 10 WARNING neutron_lib.context [None req-5a281276-ec1c-4cae-9d3f-b7d143df8110 b53f8165651e4f3b96354cb14fa0871b b0135f469c864e6faed01d6f9ae8681c - - default default] Method 'is_advsvc' is deprecated since 2023.2 release (neutron-lib 3.8.0) and will be removed once support for the old RBAC API policies will be removed from Neutron. Please use method 'is_service_role' instead.
2026-05-09 02:42:32.755 10 INFO neutron.db.segments_db [None req-5a281276-ec1c-4cae-9d3f-b7d143df8110 b53f8165651e4f3b96354cb14fa0871b b0135f469c864e6faed01d6f9ae8681c - - default default] Added segment 5e3bf0dd-540c-46bd-b188-2f2624cb3477 of type geneve for network 2cc3f61b-fb78-45d8-aa9d-a60ce9d4ad69
2026-05-09 02:42:32.915 10 INFO neutron.db.ovn_revision_numbers_db [None req-5a281276-ec1c-4cae-9d3f-b7d143df8110 b53f8165651e4f3b96354cb14fa0871b b0135f469c864e6faed01d6f9ae8681c - - default default] Successfully bumped revision number for resource 2cc3f61b-fb78-45d8-aa9d-a60ce9d4ad69 (type: networks) to 1
2026-05-09 02:42:33.104 10 WARNING neutron.scheduler.dhcp_agent_scheduler [None req-5a281276-ec1c-4cae-9d3f-b7d143df8110 b53f8165651e4f3b96354cb14fa0871b b0135f469c864e6faed01d6f9ae8681c - - default default] No more DHCP agents
2026-05-09 02:42:33.105 10 WARNING neutron.api.rpc.agentnotifiers.dhcp_rpc_agent_api [None req-5a281276-ec1c-4cae-9d3f-b7d143df8110 b53f8165651e4f3b96354cb14fa0871b b0135f469c864e6faed01d6f9ae8681c - - default default] Unable to schedule network 2cc3f61b-fb78-45d8-aa9d-a60ce9d4ad69: no agents available; will retry on subsequent port and subnet creation events.
2026-05-09 02:42:33.186 10 INFO neutron.db.ovn_revision_numbers_db [None req-5a281276-ec1c-4cae-9d3f-b7d143df8110 b53f8165651e4f3b96354cb14fa0871b b0135f469c864e6faed01d6f9ae8681c - - default default] Successfully bumped revision number for resource 805c6c52-325b-448b-ab01-e9d570537f38 (type: ports) to 1
2026-05-09 02:42:33.214 10 INFO neutron.wsgi [None req-5a281276-ec1c-4cae-9d3f-b7d143df8110 b53f8165651e4f3b96354cb14fa0871b b0135f469c864e6faed01d6f9ae8681c - - default default] 10.0.0.223 "POST /v2.0/networks HTTP/1.1" status: 201 len: 830 time: 0.5404618
2026-05-09 02:42:33.226 10 WARNING neutron_lib.context [None req-d7afac98-3d57-4e81-b155-67e4e64ae109 b53f8165651e4f3b96354cb14fa0871b b0135f469c864e6faed01d6f9ae8681c - - default default] Method 'is_advsvc' is deprecated since 2023.2 release (neutron-lib 3.8.0) and will be removed once support for the old RBAC API policies will be removed from Neutron. Please use method 'is_service_role' instead.
2026-05-09 02:42:33.456 10 INFO neutron.db.ovn_revision_numbers_db [None req-e1e2cbd7-4d49-4c62-b719-3c769dfa64de fb10a23b07884965bc0c4ffee1800cce 8a91ffeec2ec44929d32f253e15269f7 - - default default] Successfully bumped revision number for resource 5fbec863-4608-4df9-ad92-0ee0788d5300 (type: security_groups) to 1
2026-05-09 02:42:33.473 10 INFO neutron.db.ovn_revision_numbers_db [None req-e1e2cbd7-4d49-4c62-b719-3c769dfa64de fb10a23b07884965bc0c4ffee1800cce 8a91ffeec2ec44929d32f253e15269f7 - - default default] Successfully bumped revision number for resource 4e45bc05-5b9a-49db-933c-3d2ece92bbcf (type: security_group_rules) to 0
2026-05-09 02:42:33.505 10 WARNING neutron.scheduler.dhcp_agent_scheduler [None req-d7afac98-3d57-4e81-b155-67e4e64ae109 b53f8165651e4f3b96354cb14fa0871b b0135f469c864e6faed01d6f9ae8681c - - default default] No more DHCP agents
2026-05-09 02:42:33.510 10 WARNING neutron.api.rpc.agentnotifiers.dhcp_rpc_agent_api [None req-d7afac98-3d57-4e81-b155-67e4e64ae109 b53f8165651e4f3b96354cb14fa0871b b0135f469c864e6faed01d6f9ae8681c - - default default] Unable to schedule network 2cc3f61b-fb78-45d8-aa9d-a60ce9d4ad69: no agents available; will retry on subsequent port and subnet creation events.
2026-05-09 02:42:33.516 10 INFO neutron.db.ovn_revision_numbers_db [None req-e1e2cbd7-4d49-4c62-b719-3c769dfa64de fb10a23b07884965bc0c4ffee1800cce 8a91ffeec2ec44929d32f253e15269f7 - - default default] Successfully bumped revision number for resource 8cddfadd-0c17-4f34-8def-8e35f388df1f (type: security_group_rules) to 0
2026-05-09 02:42:33.550 10 INFO neutron.db.ovn_revision_numbers_db [None req-e1e2cbd7-4d49-4c62-b719-3c769dfa64de fb10a23b07884965bc0c4ffee1800cce 8a91ffeec2ec44929d32f253e15269f7 - - default default] Successfully bumped revision number for resource 9c09393a-a5f9-4009-a4a6-f7c97e15d8d2 (type: security_group_rules) to 0
2026-05-09 02:42:33.573 10 INFO neutron.db.ovn_revision_numbers_db [None req-e1e2cbd7-4d49-4c62-b719-3c769dfa64de fb10a23b07884965bc0c4ffee1800cce 8a91ffeec2ec44929d32f253e15269f7 - - default default] Successfully bumped revision number for resource f20e447a-ed4c-40da-bcb3-18d94440f0ea (type: security_group_rules) to 0
2026-05-09 02:42:33.628 10 INFO neutron.db.segments_db [None req-e1e2cbd7-4d49-4c62-b719-3c769dfa64de fb10a23b07884965bc0c4ffee1800cce 8a91ffeec2ec44929d32f253e15269f7 - - default default] Added segment 220c44fb-1886-4f29-8694-ca5a1622e676 of type geneve for network 23aad997-6808-4df2-8d9f-1cbef2c7fd2a
2026-05-09 02:42:33.802 10 INFO neutron.db.ovn_revision_numbers_db [None req-e1e2cbd7-4d49-4c62-b719-3c769dfa64de fb10a23b07884965bc0c4ffee1800cce 8a91ffeec2ec44929d32f253e15269f7 - - default default] Successfully bumped revision number for resource 23aad997-6808-4df2-8d9f-1cbef2c7fd2a (type: networks) to 1
2026-05-09 02:42:33.995 10 WARNING neutron.scheduler.dhcp_agent_scheduler [None req-e1e2cbd7-4d49-4c62-b719-3c769dfa64de fb10a23b07884965bc0c4ffee1800cce 8a91ffeec2ec44929d32f253e15269f7 - - default default] No more DHCP agents
2026-05-09 02:42:33.998 10 WARNING neutron.api.rpc.agentnotifiers.dhcp_rpc_agent_api [None req-e1e2cbd7-4d49-4c62-b719-3c769dfa64de fb10a23b07884965bc0c4ffee1800cce 8a91ffeec2ec44929d32f253e15269f7 - - default default] Unable to schedule network 23aad997-6808-4df2-8d9f-1cbef2c7fd2a: no agents available; will retry on subsequent port and subnet creation events.
2026-05-09 02:42:34.134 10 INFO neutron.db.ovn_revision_numbers_db [None req-e1e2cbd7-4d49-4c62-b719-3c769dfa64de fb10a23b07884965bc0c4ffee1800cce 8a91ffeec2ec44929d32f253e15269f7 - - default default] Successfully bumped revision number for resource 10ed0681-cec5-4406-a4aa-ca07e8efac59 (type: ports) to 1
2026-05-09 02:42:34.164 10 INFO neutron.wsgi [None req-e1e2cbd7-4d49-4c62-b719-3c769dfa64de fb10a23b07884965bc0c4ffee1800cce 8a91ffeec2ec44929d32f253e15269f7 - - default default] 10.0.0.223 "POST /v2.0/networks HTTP/1.1" status: 201 len: 939 time: 1.0429513
2026-05-09 02:42:34.168 10 INFO neutron.db.ovn_revision_numbers_db [None req-d7afac98-3d57-4e81-b155-67e4e64ae109 b53f8165651e4f3b96354cb14fa0871b b0135f469c864e6faed01d6f9ae8681c - - default default] Successfully bumped revision number for resource 805c6c52-325b-448b-ab01-e9d570537f38 (type: ports) to 2
2026-05-09 02:42:34.208 10 INFO neutron.db.ovn_revision_numbers_db [None req-d7afac98-3d57-4e81-b155-67e4e64ae109 b53f8165651e4f3b96354cb14fa0871b b0135f469c864e6faed01d6f9ae8681c - - default default] Successfully bumped revision number for resource e92542ea-5a1e-4634-aecf-5416741e44b4 (type: subnets) to 0
2026-05-09 02:42:34.224 10 INFO neutron.wsgi [None req-d7afac98-3d57-4e81-b155-67e4e64ae109 b53f8165651e4f3b96354cb14fa0871b b0135f469c864e6faed01d6f9ae8681c - - default default] 10.0.0.223 "POST /v2.0/subnets HTTP/1.1" status: 201 len: 801 time: 1.0047917
2026-05-09 02:42:34.234 9 WARNING neutron_lib.context [None req-625036f8-598e-4e5f-a768-16c49fe033df b53f8165651e4f3b96354cb14fa0871b b0135f469c864e6faed01d6f9ae8681c - - default default] Method 'is_advsvc' is deprecated since 2023.2 release (neutron-lib 3.8.0) and will be removed once support for the old RBAC API policies will be removed from Neutron. Please use method 'is_service_role' instead.
2026-05-09 02:42:34.401 9 WARNING neutron.scheduler.dhcp_agent_scheduler [None req-6349e6ef-f62c-4e50-af9c-1d4a71a3f079 fb10a23b07884965bc0c4ffee1800cce 8a91ffeec2ec44929d32f253e15269f7 - - default default] No more DHCP agents
2026-05-09 02:42:34.406 9 WARNING neutron.api.rpc.agentnotifiers.dhcp_rpc_agent_api [None req-6349e6ef-f62c-4e50-af9c-1d4a71a3f079 fb10a23b07884965bc0c4ffee1800cce 8a91ffeec2ec44929d32f253e15269f7 - - default default] Unable to schedule network 23aad997-6808-4df2-8d9f-1cbef2c7fd2a: no agents available; will retry on subsequent port and subnet creation events.
2026-05-09 02:42:34.669 9 WARNING neutron.scheduler.dhcp_agent_scheduler [None req-625036f8-598e-4e5f-a768-16c49fe033df b53f8165651e4f3b96354cb14fa0871b b0135f469c864e6faed01d6f9ae8681c - - default default] No more DHCP agents
2026-05-09 02:42:34.673 9 WARNING neutron.api.rpc.agentnotifiers.dhcp_rpc_agent_api [None req-625036f8-598e-4e5f-a768-16c49fe033df b53f8165651e4f3b96354cb14fa0871b b0135f469c864e6faed01d6f9ae8681c - - default default] Unable to schedule network 2cc3f61b-fb78-45d8-aa9d-a60ce9d4ad69: no agents available; will retry on subsequent port and subnet creation events.
2026-05-09 02:42:34.921 9 INFO neutron.db.ovn_revision_numbers_db [None req-625036f8-598e-4e5f-a768-16c49fe033df b53f8165651e4f3b96354cb14fa0871b b0135f469c864e6faed01d6f9ae8681c - - default default] Successfully bumped revision number for resource 6ef47bac-5325-446f-8b76-1d0a1337df74 (type: ports) to 1
2026-05-09 02:42:34.949 9 INFO neutron.wsgi [None req-625036f8-598e-4e5f-a768-16c49fe033df b53f8165651e4f3b96354cb14fa0871b b0135f469c864e6faed01d6f9ae8681c - - default default] 10.0.0.223 "POST /v2.0/ports HTTP/1.1" status: 201 len: 1152 time: 0.7199321
2026-05-09 02:42:35.081 9 INFO neutron.db.ovn_revision_numbers_db [None req-6349e6ef-f62c-4e50-af9c-1d4a71a3f079 fb10a23b07884965bc0c4ffee1800cce 8a91ffeec2ec44929d32f253e15269f7 - - default default] Successfully bumped revision number for resource 10ed0681-cec5-4406-a4aa-ca07e8efac59 (type: ports) to 2
2026-05-09 02:42:35.115 9 INFO neutron.db.ovn_revision_numbers_db [None req-6349e6ef-f62c-4e50-af9c-1d4a71a3f079 fb10a23b07884965bc0c4ffee1800cce 8a91ffeec2ec44929d32f253e15269f7 - - default default] Successfully bumped revision number for resource 8c85ff61-b7fc-4d0a-81f7-d0a39e91d435 (type: subnets) to 0
2026-05-09 02:42:35.134 9 INFO neutron.wsgi [None req-6349e6ef-f62c-4e50-af9c-1d4a71a3f079 fb10a23b07884965bc0c4ffee1800cce 8a91ffeec2ec44929d32f253e15269f7 - - default default] 10.0.0.223 "POST /v2.0/subnets HTTP/1.1" status: 201 len: 859 time: 0.9627898
2026-05-09 02:42:35.351 10 INFO neutron.wsgi [None req-111d6766-7399-40af-9135-e5683928202e b53f8165651e4f3b96354cb14fa0871b b0135f469c864e6faed01d6f9ae8681c - - default default] 10.0.0.223 "DELETE /v2.0/ports/6ef47bac-5325-446f-8b76-1d0a1337df74 HTTP/1.1" status: 204 len: 168 time: 0.3977175 /var/lib/openstack/lib/python3.10/site-packages/pycadf/identifier.py:71: UserWarning: Invalid uuid: neutron. To ensure interoperability, identifiers should be a valid uuid. warnings.warn(('Invalid uuid: %s. To ensure interoperability, '
2026-05-09 02:42:35.375 9 INFO neutron.pecan_wsgi.hooks.translation [None req-8a330969-dce9-4b69-8cbe-a887a865f2b6 b53f8165651e4f3b96354cb14fa0871b b0135f469c864e6faed01d6f9ae8681c - - default default] DELETE failed (client error): The resource could not be found.
2026-05-09 02:42:35.378 9 INFO neutron.wsgi [None req-8a330969-dce9-4b69-8cbe-a887a865f2b6 b53f8165651e4f3b96354cb14fa0871b b0135f469c864e6faed01d6f9ae8681c - - default default] 10.0.0.223 "DELETE /v2.0/ports/6ef47bac-5325-446f-8b76-1d0a1337df74 HTTP/1.1" status: 404 len: 333 time: 0.0213177
2026-05-09 02:42:35.401 9 INFO neutron.pecan_wsgi.hooks.translation [None req-12a3628d-5ca2-4f0c-a37e-276c299f1bfe b53f8165651e4f3b96354cb14fa0871b b0135f469c864e6faed01d6f9ae8681c - - default default] GET failed (client error): The resource could not be found.
2026-05-09 02:42:35.403 9 INFO neutron.wsgi [None req-12a3628d-5ca2-4f0c-a37e-276c299f1bfe b53f8165651e4f3b96354cb14fa0871b b0135f469c864e6faed01d6f9ae8681c - - default default] 10.0.0.223 "GET /v2.0/ports/6ef47bac-5325-446f-8b76-1d0a1337df74 HTTP/1.1" status: 404 len: 333 time: 0.0202792
2026-05-09 02:42:35.594 10 WARNING neutron.scheduler.dhcp_agent_scheduler [None req-0df4fe75-61a4-4bc4-8a6c-18d423a1fbd2 fb10a23b07884965bc0c4ffee1800cce 8a91ffeec2ec44929d32f253e15269f7 - - default default] No more DHCP agents
2026-05-09 02:42:35.597 10 WARNING neutron.api.rpc.agentnotifiers.dhcp_rpc_agent_api [None req-0df4fe75-61a4-4bc4-8a6c-18d423a1fbd2 fb10a23b07884965bc0c4ffee1800cce 8a91ffeec2ec44929d32f253e15269f7 - - default default] Unable to schedule network b96b4899-e441-45db-81ee-68f7b41c8a0a: no agents available; will retry on subsequent port and subnet creation events.
2026-05-09 02:42:35.634 9 INFO neutron.wsgi [None req-857546f0-69d4-4303-9b91-602a85c55804 b53f8165651e4f3b96354cb14fa0871b b0135f469c864e6faed01d6f9ae8681c - - default default] 10.0.0.223 "DELETE /v2.0/subnets/e92542ea-5a1e-4634-aecf-5416741e44b4 HTTP/1.1" status: 204 len: 168 time: 0.2257252
2026-05-09 02:42:35.756 10 INFO neutron.db.ovn_revision_numbers_db [None req-0df4fe75-61a4-4bc4-8a6c-18d423a1fbd2 fb10a23b07884965bc0c4ffee1800cce 8a91ffeec2ec44929d32f253e15269f7 - - default default] Successfully bumped revision number for resource 86335fb5-084d-4d94-8406-403dccd07eee (type: ports) to 1
2026-05-09 02:42:36.019 9 INFO neutron.services.segments.plugin [-] Segment 5e3bf0dd-540c-46bd-b188-2f2624cb3477 resource provider aggregate not found
2026-05-09 02:42:36.024 9 INFO neutron.services.segments.plugin [-] Segment 5e3bf0dd-540c-46bd-b188-2f2624cb3477 resource provider aggregate not found
2026-05-09 02:42:36.043 9 INFO neutron.services.segments.plugin [-] Segment 5e3bf0dd-540c-46bd-b188-2f2624cb3477 resource provider not found; error: Placement Client Error (4xx): {"errors": [{"status": 404, "title": "Not Found", "detail": "The resource could not be found.\n\n No resource provider with uuid 5e3bf0dd-540c-46bd-b188-2f2624cb3477 found for delete ", "request_id": "req-4011ccb6-9887-4529-9816-20a901f77c24"}]}
2026-05-09 02:42:36.047 9 INFO neutron.services.segments.plugin [-] Segment 5e3bf0dd-540c-46bd-b188-2f2624cb3477 resource provider not found; error: Placement Client Error (4xx): {"errors": [{"status": 404, "title": "Not Found", "detail": "The resource could not be found.\n\n No resource provider with uuid 5e3bf0dd-540c-46bd-b188-2f2624cb3477 found for delete ", "request_id": "req-1daee044-349d-4f75-ae1a-9da6ef8fb756"}]}
2026-05-09 02:42:36.060 9 INFO neutron.wsgi [None req-6e0abe17-caf8-41c9-bd2b-35eb819cec02 b53f8165651e4f3b96354cb14fa0871b b0135f469c864e6faed01d6f9ae8681c - - default default] 10.0.0.223 "DELETE /v2.0/networks/2cc3f61b-fb78-45d8-aa9d-a60ce9d4ad69 HTTP/1.1" status: 204 len: 168 time: 0.4210675
2026-05-09 02:42:36.072 9 WARNING neutron_lib.context [None req-82537ce9-aa8e-47b3-9699-50228aea1bb8 b53f8165651e4f3b96354cb14fa0871b b0135f469c864e6faed01d6f9ae8681c - - default default] Method 'is_advsvc' is deprecated since 2023.2 release (neutron-lib 3.8.0) and will be removed once support for the old RBAC API policies will be removed from Neutron. Please use method 'is_service_role' instead.
2026-05-09 02:42:36.166 9 INFO neutron.db.segments_db [None req-82537ce9-aa8e-47b3-9699-50228aea1bb8 b53f8165651e4f3b96354cb14fa0871b b0135f469c864e6faed01d6f9ae8681c - - default default] Added segment aeff8d54-17cc-49dc-b9fa-81976a89f96c of type geneve for network dcf08cd2-c268-4c63-8643-cede8c989c04
2026-05-09 02:42:36.344 9 INFO neutron.db.ovn_revision_numbers_db [None req-82537ce9-aa8e-47b3-9699-50228aea1bb8 b53f8165651e4f3b96354cb14fa0871b b0135f469c864e6faed01d6f9ae8681c - - default default] Successfully bumped revision number for resource dcf08cd2-c268-4c63-8643-cede8c989c04 (type: networks) to 1
2026-05-09 02:42:36.558 9 WARNING neutron.scheduler.dhcp_agent_scheduler [None req-82537ce9-aa8e-47b3-9699-50228aea1bb8 b53f8165651e4f3b96354cb14fa0871b b0135f469c864e6faed01d6f9ae8681c - - default default] No more DHCP agents
2026-05-09 02:42:36.561 9 WARNING neutron.api.rpc.agentnotifiers.dhcp_rpc_agent_api [None req-82537ce9-aa8e-47b3-9699-50228aea1bb8 b53f8165651e4f3b96354cb14fa0871b b0135f469c864e6faed01d6f9ae8681c - - default default] Unable to schedule network dcf08cd2-c268-4c63-8643-cede8c989c04: no agents available; will retry on subsequent port and subnet creation events.
2026-05-09 02:42:36.587 9 INFO neutron.plugins.ml2.drivers.ovn.mech_driver.mech_driver [None req-7d293c66-7a4f-43d3-a26a-1d940f5875fc - - - - - -] OVN reports status up for port: 86335fb5-084d-4d94-8406-403dccd07eee
2026-05-09 02:42:36.606 9 INFO neutron.plugins.ml2.drivers.ovn.mech_driver.ovsdb.ovsdb_monitor [None req-8ca9b583-3a54-4d60-9ac0-e5ccb6f3740f - - - - - -] Router 252b8305-5a51-4ee2-8456-cf0b1ccacc0a is bound to host instance
2026-05-09 02:42:36.608 9 INFO neutron.plugins.ml2.plugin [None req-7d293c66-7a4f-43d3-a26a-1d940f5875fc - - - - - -] Attempt 1 to provision port 86335fb5-084d-4d94-8406-403dccd07eee
2026-05-09 02:42:36.625 10 INFO neutron.db.ovn_revision_numbers_db [None req-0df4fe75-61a4-4bc4-8a6c-18d423a1fbd2 fb10a23b07884965bc0c4ffee1800cce 8a91ffeec2ec44929d32f253e15269f7 - - default default] Successfully bumped revision number for resource 86335fb5-084d-4d94-8406-403dccd07eee (type: router_ports) to 1
2026-05-09 02:42:36.707 10 INFO neutron.db.ovn_revision_numbers_db [None req-0df4fe75-61a4-4bc4-8a6c-18d423a1fbd2 fb10a23b07884965bc0c4ffee1800cce 8a91ffeec2ec44929d32f253e15269f7 - - default default] Successfully bumped revision number for resource 252b8305-5a51-4ee2-8456-cf0b1ccacc0a (type: routers) to 2
2026-05-09 02:42:36.724 10 INFO neutron.wsgi [None req-0df4fe75-61a4-4bc4-8a6c-18d423a1fbd2 fb10a23b07884965bc0c4ffee1800cce 8a91ffeec2ec44929d32f253e15269f7 - - default default] 10.0.0.223 "POST /v2.0/routers HTTP/1.1" status: 201 len: 870 time: 1.5850337
2026-05-09 02:42:37.002 9 INFO neutron.db.ovn_revision_numbers_db [None req-82537ce9-aa8e-47b3-9699-50228aea1bb8 b53f8165651e4f3b96354cb14fa0871b b0135f469c864e6faed01d6f9ae8681c - - default default] Successfully bumped revision number for resource 37e4688e-1ae4-4ce4-9caf-c43c48bf73fb (type: ports) to 1
2026-05-09 02:42:37.048 9 INFO neutron.wsgi [None req-82537ce9-aa8e-47b3-9699-50228aea1bb8 b53f8165651e4f3b96354cb14fa0871b b0135f469c864e6faed01d6f9ae8681c - - default default] 10.0.0.223 "POST /v2.0/networks HTTP/1.1" status: 201 len: 831 time: 0.9803543
2026-05-09 02:42:37.064 9 WARNING neutron_lib.context [None req-58d8a0eb-495e-4530-95f3-e85c6d9a2e50 b53f8165651e4f3b96354cb14fa0871b b0135f469c864e6faed01d6f9ae8681c - - default default] Method 'is_advsvc' is deprecated since 2023.2 release (neutron-lib 3.8.0) and will be removed once support for the old RBAC API policies will be removed from Neutron. Please use method 'is_service_role' instead.
2026-05-09 02:42:37.298 10 WARNING neutron.scheduler.dhcp_agent_scheduler [None req-40e3cba5-0b5a-4da3-8c65-2749a477e3d0 fb10a23b07884965bc0c4ffee1800cce 8a91ffeec2ec44929d32f253e15269f7 - - default default] No more DHCP agents
2026-05-09 02:42:37.303 10 WARNING neutron.api.rpc.agentnotifiers.dhcp_rpc_agent_api [None req-40e3cba5-0b5a-4da3-8c65-2749a477e3d0 fb10a23b07884965bc0c4ffee1800cce 8a91ffeec2ec44929d32f253e15269f7 - - default default] Unable to schedule network 23aad997-6808-4df2-8d9f-1cbef2c7fd2a: no agents available; will retry on subsequent port and subnet creation events.
2026-05-09 02:42:37.435 9 WARNING neutron.scheduler.dhcp_agent_scheduler [None req-58d8a0eb-495e-4530-95f3-e85c6d9a2e50 b53f8165651e4f3b96354cb14fa0871b b0135f469c864e6faed01d6f9ae8681c - - default default] No more DHCP agents
2026-05-09 02:42:37.440 9 WARNING neutron.api.rpc.agentnotifiers.dhcp_rpc_agent_api [None req-58d8a0eb-495e-4530-95f3-e85c6d9a2e50 b53f8165651e4f3b96354cb14fa0871b b0135f469c864e6faed01d6f9ae8681c - - default default] Unable to schedule network dcf08cd2-c268-4c63-8643-cede8c989c04: no agents available; will retry on subsequent port and subnet creation events.
2026-05-09 02:42:37.509 10 INFO neutron.db.ovn_revision_numbers_db [None req-40e3cba5-0b5a-4da3-8c65-2749a477e3d0 fb10a23b07884965bc0c4ffee1800cce 8a91ffeec2ec44929d32f253e15269f7 - - default default] Successfully bumped revision number for resource 303b87fb-c930-419f-a96d-370b51401ff0 (type: ports) to 1
2026-05-09 02:42:37.699 9 INFO neutron.db.ovn_revision_numbers_db [None req-8ca9b583-3a54-4d60-9ac0-e5ccb6f3740f - - - - - -] Successfully bumped revision number for resource 86335fb5-084d-4d94-8406-403dccd07eee (type: ports) to 1
2026-05-09 02:42:37.949 10 INFO neutron.db.ovn_revision_numbers_db [None req-40e3cba5-0b5a-4da3-8c65-2749a477e3d0 fb10a23b07884965bc0c4ffee1800cce 8a91ffeec2ec44929d32f253e15269f7 - - default default] Successfully bumped revision number for resource 303b87fb-c930-419f-a96d-370b51401ff0 (type: router_ports) to 1
2026-05-09 02:42:38.111 9 INFO neutron.db.ovn_revision_numbers_db [None req-8ca9b583-3a54-4d60-9ac0-e5ccb6f3740f - - - - - -] Successfully bumped revision number for resource 86335fb5-084d-4d94-8406-403dccd07eee (type: router_ports) to 3
2026-05-09 02:42:38.113 10 INFO neutron.db.ovn_revision_numbers_db [None req-40e3cba5-0b5a-4da3-8c65-2749a477e3d0 fb10a23b07884965bc0c4ffee1800cce 8a91ffeec2ec44929d32f253e15269f7 - - default default] Successfully bumped revision number for resource 303b87fb-c930-419f-a96d-370b51401ff0 (type: ports) to 1
2026-05-09 02:42:38.188 10 WARNING neutron.scheduler.dhcp_agent_scheduler [None req-40e3cba5-0b5a-4da3-8c65-2749a477e3d0 fb10a23b07884965bc0c4ffee1800cce 8a91ffeec2ec44929d32f253e15269f7 - - default default] No more DHCP agents
2026-05-09 02:42:38.190 10 WARNING neutron.api.rpc.agentnotifiers.dhcp_rpc_agent_api [None req-40e3cba5-0b5a-4da3-8c65-2749a477e3d0 fb10a23b07884965bc0c4ffee1800cce 8a91ffeec2ec44929d32f253e15269f7 - - default default] Unable to schedule network 23aad997-6808-4df2-8d9f-1cbef2c7fd2a: no agents available; will retry on subsequent port and subnet creation events.
2026-05-09 02:42:38.244 9 INFO neutron.db.ovn_revision_numbers_db [None req-58d8a0eb-495e-4530-95f3-e85c6d9a2e50 b53f8165651e4f3b96354cb14fa0871b b0135f469c864e6faed01d6f9ae8681c - - default default] Successfully bumped revision number for resource 37e4688e-1ae4-4ce4-9caf-c43c48bf73fb (type: ports) to 2
2026-05-09 02:42:38.294 9 INFO neutron.db.ovn_revision_numbers_db [None req-58d8a0eb-495e-4530-95f3-e85c6d9a2e50 b53f8165651e4f3b96354cb14fa0871b b0135f469c864e6faed01d6f9ae8681c - - default default] Successfully bumped revision number for resource 897e66d7-4d92-4d53-9fc2-5ad2371779f8 (type: subnets) to 0
2026-05-09 02:42:38.301 9 INFO neutron.db.ovn_revision_numbers_db [None req-8ca9b583-3a54-4d60-9ac0-e5ccb6f3740f - - - - - -] Successfully bumped revision number for resource 86335fb5-084d-4d94-8406-403dccd07eee (type: ports) to 2
2026-05-09 02:42:38.311 9 INFO neutron.wsgi [None req-58d8a0eb-495e-4530-95f3-e85c6d9a2e50 b53f8165651e4f3b96354cb14fa0871b b0135f469c864e6faed01d6f9ae8681c - - default default] 10.0.0.223 "POST /v2.0/subnets HTTP/1.1" status: 201 len: 801 time: 1.2570095
2026-05-09 02:42:38.320 9 WARNING neutron_lib.context [None req-e8aa8372-0a01-4b75-8a56-5df28180c78d b53f8165651e4f3b96354cb14fa0871b b0135f469c864e6faed01d6f9ae8681c - - default default] Method 'is_advsvc' is deprecated since 2023.2 release (neutron-lib 3.8.0) and will be removed once support for the old RBAC API policies will be removed from Neutron. Please use method 'is_service_role' instead.
2026-05-09 02:42:38.604 10 INFO neutron.db.ovn_revision_numbers_db [None req-40e3cba5-0b5a-4da3-8c65-2749a477e3d0 fb10a23b07884965bc0c4ffee1800cce 8a91ffeec2ec44929d32f253e15269f7 - - default default] Successfully bumped revision number for resource 303b87fb-c930-419f-a96d-370b51401ff0 (type: router_ports) to 1
2026-05-09 02:42:38.606 10 INFO neutron.wsgi [None req-40e3cba5-0b5a-4da3-8c65-2749a477e3d0 fb10a23b07884965bc0c4ffee1800cce 8a91ffeec2ec44929d32f253e15269f7 - - default default] 10.0.0.223 "PUT /v2.0/routers/252b8305-5a51-4ee2-8456-cf0b1ccacc0a/add_router_interface HTTP/1.1" status: 200 len: 503 time: 1.8766372
2026-05-09 02:42:38.634 9 INFO neutron.db.ovn_revision_numbers_db [None req-8ca9b583-3a54-4d60-9ac0-e5ccb6f3740f - - - - - -] Successfully bumped revision number for resource 86335fb5-084d-4d94-8406-403dccd07eee (type: ports) to 4
2026-05-09 02:42:38.663 9 WARNING neutron.scheduler.dhcp_agent_scheduler [None req-e8aa8372-0a01-4b75-8a56-5df28180c78d b53f8165651e4f3b96354cb14fa0871b b0135f469c864e6faed01d6f9ae8681c - - default default] No more DHCP agents
2026-05-09 02:42:38.672 9 WARNING neutron.api.rpc.agentnotifiers.dhcp_rpc_agent_api [None req-e8aa8372-0a01-4b75-8a56-5df28180c78d b53f8165651e4f3b96354cb14fa0871b b0135f469c864e6faed01d6f9ae8681c - - default default] Unable to schedule network dcf08cd2-c268-4c63-8643-cede8c989c04: no agents available; will retry on subsequent port and subnet creation events.
2026-05-09 02:42:38.908 9 INFO neutron.db.ovn_revision_numbers_db [None req-e8aa8372-0a01-4b75-8a56-5df28180c78d b53f8165651e4f3b96354cb14fa0871b b0135f469c864e6faed01d6f9ae8681c - - default default] Successfully bumped revision number for resource 0125674d-e26c-4e52-ba0a-f674e6ec752d (type: ports) to 1
2026-05-09 02:42:38.911 9 INFO neutron.db.ovn_revision_numbers_db [None req-8ca9b583-3a54-4d60-9ac0-e5ccb6f3740f - - - - - -] Successfully bumped revision number for resource 86335fb5-084d-4d94-8406-403dccd07eee (type: router_ports) to 4
2026-05-09 02:42:38.924 10 INFO neutron.db.ovn_revision_numbers_db [None req-53dad805-d618-4bab-afa5-dcc43efc831b fb10a23b07884965bc0c4ffee1800cce 8a91ffeec2ec44929d32f253e15269f7 - - default default] Successfully bumped revision number for resource bdea02e8-9b8f-43b7-b53d-7a747fbedd8d (type: security_groups) to 1
2026-05-09 02:42:38.940 10 INFO neutron.db.ovn_revision_numbers_db [None req-53dad805-d618-4bab-afa5-dcc43efc831b fb10a23b07884965bc0c4ffee1800cce 8a91ffeec2ec44929d32f253e15269f7 - - default default] Successfully bumped revision number for resource 452cc03f-5e09-46b2-a3ee-b0fe01e9bf32 (type: security_group_rules) to 0
2026-05-09 02:42:38.942 9 INFO neutron.wsgi [None req-e8aa8372-0a01-4b75-8a56-5df28180c78d b53f8165651e4f3b96354cb14fa0871b b0135f469c864e6faed01d6f9ae8681c - - default default] 10.0.0.223 "POST /v2.0/ports HTTP/1.1" status: 201 len: 1111 time: 0.6280248
2026-05-09 02:42:38.966 10 INFO neutron.db.ovn_revision_numbers_db [None req-53dad805-d618-4bab-afa5-dcc43efc831b fb10a23b07884965bc0c4ffee1800cce 8a91ffeec2ec44929d32f253e15269f7 - - default default] Successfully bumped revision number for resource 4ba1305a-aa84-4a15-813b-00176fbc737c (type: security_group_rules) to 0
2026-05-09 02:42:38.985 10 INFO neutron.db.ovn_revision_numbers_db [None req-53dad805-d618-4bab-afa5-dcc43efc831b fb10a23b07884965bc0c4ffee1800cce 8a91ffeec2ec44929d32f253e15269f7 - - default default] Successfully bumped revision number for resource a6a30813-ed5e-4951-8791-07ff776aa593 (type: security_group_rules) to 0
2026-05-09 02:42:39.011 10 INFO neutron.db.ovn_revision_numbers_db [None req-53dad805-d618-4bab-afa5-dcc43efc831b fb10a23b07884965bc0c4ffee1800cce 8a91ffeec2ec44929d32f253e15269f7 - - default default] Successfully bumped revision number for resource fae4796a-a904-423f-b8dc-c1c93a1d6d50 (type: security_group_rules) to 0
2026-05-09 02:42:39.040 10 INFO neutron.wsgi [None req-53dad805-d618-4bab-afa5-dcc43efc831b fb10a23b07884965bc0c4ffee1800cce 8a91ffeec2ec44929d32f253e15269f7 - - default default] 10.0.0.223 "GET /v2.0/security-groups?tenant_id=63349a5b0dc64915af5a30df04f8273e&name=default HTTP/1.1" status: 200 len: 2996 time: 0.3848081
2026-05-09 02:42:39.172 10 WARNING neutron_lib.context [None req-aa89833b-94e0-48f6-a3ff-18341c17cd59 002fc26cf7404fefbfbf4d842307191d a7308768ac554c54bca9075d9ecd84b7 - - default default] Method 'is_advsvc' is deprecated since 2023.2 release (neutron-lib 3.8.0) and will be removed once support for the old RBAC API policies will be removed from Neutron. Please use method 'is_service_role' instead.
2026-05-09 02:42:39.220 9 INFO neutron.plugins.ml2.drivers.ovn.mech_driver.mech_driver [None req-7d293c66-7a4f-43d3-a26a-1d940f5875fc - - - - - -] OVN reports status up for port: 303b87fb-c930-419f-a96d-370b51401ff0
2026-05-09 02:42:39.226 9 INFO neutron.plugins.ml2.plugin [None req-7d293c66-7a4f-43d3-a26a-1d940f5875fc - - - - - -] Attempt 1 to provision port 303b87fb-c930-419f-a96d-370b51401ff0
2026-05-09 02:42:39.267 9 INFO neutron.wsgi [None req-f58d0bb8-1ffd-40ec-9621-5c3024fd8224 fb10a23b07884965bc0c4ffee1800cce 8a91ffeec2ec44929d32f253e15269f7 - - default default] 10.0.0.223 "DELETE /v2.0/security-groups/bdea02e8-9b8f-43b7-b53d-7a747fbedd8d HTTP/1.1" status: 204 len: 168 time: 0.2214072
2026-05-09 02:42:39.331 10 INFO neutron.db.ovn_revision_numbers_db [None req-aa89833b-94e0-48f6-a3ff-18341c17cd59 002fc26cf7404fefbfbf4d842307191d a7308768ac554c54bca9075d9ecd84b7 - - default default] Successfully bumped revision number for resource 32545288-5a04-477c-9750-0f911407795c (type: security_groups) to 1
2026-05-09 02:42:39.338 10 INFO neutron.wsgi [None req-09615ef5-e364-476c-82eb-bbcbeb83c104 b53f8165651e4f3b96354cb14fa0871b b0135f469c864e6faed01d6f9ae8681c - - default default] 10.0.0.223 "DELETE /v2.0/ports/0125674d-e26c-4e52-ba0a-f674e6ec752d HTTP/1.1" status: 204 len: 168 time: 0.3908756
2026-05-09 02:42:39.360 10 INFO neutron.db.ovn_revision_numbers_db [None req-aa89833b-94e0-48f6-a3ff-18341c17cd59 002fc26cf7404fefbfbf4d842307191d a7308768ac554c54bca9075d9ecd84b7 - - default default] Successfully bumped revision number for resource aa4d209a-4f9d-489c-9f55-1ff58ae8bedf (type: security_group_rules) to 0
2026-05-09 02:42:39.362 10 INFO neutron.pecan_wsgi.hooks.translation [None req-528dfff3-d388-4f28-b414-804315c487d6 b53f8165651e4f3b96354cb14fa0871b b0135f469c864e6faed01d6f9ae8681c - - default default] GET failed (client error): The resource could not be found.
2026-05-09 02:42:39.363 10 INFO neutron.wsgi [None req-528dfff3-d388-4f28-b414-804315c487d6 b53f8165651e4f3b96354cb14fa0871b b0135f469c864e6faed01d6f9ae8681c - - default default] 10.0.0.223 "GET /v2.0/ports/0125674d-e26c-4e52-ba0a-f674e6ec752d HTTP/1.1" status: 404 len: 333 time: 0.0197527
2026-05-09 02:42:39.390 10 INFO neutron.db.ovn_revision_numbers_db [None req-aa89833b-94e0-48f6-a3ff-18341c17cd59 002fc26cf7404fefbfbf4d842307191d a7308768ac554c54bca9075d9ecd84b7 - - default default] Successfully bumped revision number for resource f00371ac-afbc-4afc-9e23-bf35e5d1088c (type: security_group_rules) to 0
2026-05-09 02:42:39.418 10 INFO neutron.wsgi [None req-aa89833b-94e0-48f6-a3ff-18341c17cd59 002fc26cf7404fefbfbf4d842307191d a7308768ac554c54bca9075d9ecd84b7 - - default default] 10.0.0.223 "POST /v2.0/security-groups HTTP/1.1" status: 201 len: 1795 time: 0.2520118
2026-05-09 02:42:39.426 9 WARNING neutron_lib.context [None req-56db8ebf-6085-422f-afce-0d10f9e19782 002fc26cf7404fefbfbf4d842307191d a7308768ac554c54bca9075d9ecd84b7 - - default default] Method 'is_advsvc' is deprecated since 2023.2 release (neutron-lib 3.8.0) and will be removed once support for the old RBAC API policies will be removed from Neutron. Please use method 'is_service_role' instead.
2026-05-09 02:42:39.549 10 INFO neutron.db.ovn_revision_numbers_db [None req-b4e68272-f518-4cfd-95c2-b5a03cf1b366 fb10a23b07884965bc0c4ffee1800cce 8a91ffeec2ec44929d32f253e15269f7 - - default default] Successfully bumped revision number for resource 48324542-7b30-4de1-b123-194ce6963dc4 (type: security_groups) to 1
2026-05-09 02:42:39.551 9 INFO neutron.db.ovn_revision_numbers_db [None req-7d293c66-7a4f-43d3-a26a-1d940f5875fc - - - - - -] Successfully bumped revision number for resource 303b87fb-c930-419f-a96d-370b51401ff0 (type: ports) to 2
2026-05-09 02:42:39.570 10 INFO neutron.db.ovn_revision_numbers_db [None req-b4e68272-f518-4cfd-95c2-b5a03cf1b366 fb10a23b07884965bc0c4ffee1800cce 8a91ffeec2ec44929d32f253e15269f7 - - default default] Successfully bumped revision number for resource 80e02407-5cf3-4500-bb7a-223cfd6cedbf (type: security_group_rules) to 0
2026-05-09 02:42:39.605 10 INFO neutron.wsgi [None req-eb52f1ae-b0d1-4c87-bea7-64d150671b2b b53f8165651e4f3b96354cb14fa0871b b0135f469c864e6faed01d6f9ae8681c - - default default] 10.0.0.223 "DELETE /v2.0/subnets/897e66d7-4d92-4d53-9fc2-5ad2371779f8 HTTP/1.1" status: 204 len: 168 time: 0.2372639
2026-05-09 02:42:39.609 10 INFO neutron.db.ovn_revision_numbers_db [None req-b4e68272-f518-4cfd-95c2-b5a03cf1b366 fb10a23b07884965bc0c4ffee1800cce 8a91ffeec2ec44929d32f253e15269f7 - - default default] Successfully bumped revision number for resource a63f383b-05fe-43d0-a827-6deb800095a9 (type: security_group_rules) to 0
2026-05-09 02:42:39.627 10 INFO neutron.db.ovn_revision_numbers_db [None req-b4e68272-f518-4cfd-95c2-b5a03cf1b366 fb10a23b07884965bc0c4ffee1800cce 8a91ffeec2ec44929d32f253e15269f7 - - default default] Successfully bumped revision number for resource adabe176-70ba-4418-a9b8-006b45908a4c (type: security_group_rules) to 0
2026-05-09 02:42:39.646 10 INFO neutron.db.ovn_revision_numbers_db [None req-b4e68272-f518-4cfd-95c2-b5a03cf1b366 fb10a23b07884965bc0c4ffee1800cce 8a91ffeec2ec44929d32f253e15269f7 - - default default] Successfully bumped revision number for resource ef5a9adf-1a79-438e-a142-13bc7409bc76 (type: security_group_rules) to 0
2026-05-09 02:42:39.655 9 INFO neutron.db.ovn_revision_numbers_db [None req-56db8ebf-6085-422f-afce-0d10f9e19782 002fc26cf7404fefbfbf4d842307191d a7308768ac554c54bca9075d9ecd84b7 - - default default] Successfully bumped revision number for resource 6100765d-cacf-420d-89f2-77ebadfb02e6 (type: security_group_rules) to 0
2026-05-09 02:42:39.670 10 INFO neutron.wsgi [None req-b4e68272-f518-4cfd-95c2-b5a03cf1b366 fb10a23b07884965bc0c4ffee1800cce 8a91ffeec2ec44929d32f253e15269f7 - - default default] 10.0.0.223 "GET /v2.0/security-groups?tenant_id=a1d5d0ebd34d4203a0894df8f0a96bf9&name=default HTTP/1.1" status: 200 len: 2996 time: 0.3010561
2026-05-09 02:42:39.685 9 INFO neutron.db.ovn_revision_numbers_db [None req-7d293c66-7a4f-43d3-a26a-1d940f5875fc - - - - - -] Successfully bumped revision number for resource 303b87fb-c930-419f-a96d-370b51401ff0 (type: router_ports) to 2
