2026-05-09 02:42:39.698 9 INFO neutron.wsgi [None req-56db8ebf-6085-422f-afce-0d10f9e19782 002fc26cf7404fefbfbf4d842307191d a7308768ac554c54bca9075d9ecd84b7 - - default default] 10.0.0.223 "POST /v2.0/security-group-rules HTTP/1.1" status: 201 len: 764 time: 0.2768047
2026-05-09 02:42:39.714 10 WARNING neutron_lib.context [None req-d50732fc-6672-4170-af57-620adb31c608 002fc26cf7404fefbfbf4d842307191d a7308768ac554c54bca9075d9ecd84b7 - - default default] Method 'is_advsvc' is deprecated since 2023.2 release (neutron-lib 3.8.0) and will be removed once support for the old RBAC API policies will be removed from Neutron. Please use method 'is_service_role' instead.
2026-05-09 02:42:39.858 10 INFO neutron.db.ovn_revision_numbers_db [None req-d50732fc-6672-4170-af57-620adb31c608 002fc26cf7404fefbfbf4d842307191d a7308768ac554c54bca9075d9ecd84b7 - - default default] Successfully bumped revision number for resource 02421707-eb43-48a1-84e3-4c769769fbbb (type: security_group_rules) to 0
2026-05-09 02:42:39.880 10 INFO neutron.wsgi [None req-d50732fc-6672-4170-af57-620adb31c608 002fc26cf7404fefbfbf4d842307191d a7308768ac554c54bca9075d9ecd84b7 - - default default] 10.0.0.223 "POST /v2.0/security-group-rules HTTP/1.1" status: 201 len: 769 time: 0.1750212
2026-05-09 02:42:39.890 10 WARNING neutron_lib.context [None req-1b8294c4-e9f6-42cd-8e6a-b8d4010ddce3 002fc26cf7404fefbfbf4d842307191d a7308768ac554c54bca9075d9ecd84b7 - - default default] Method 'is_advsvc' is deprecated since 2023.2 release (neutron-lib 3.8.0) and will be removed once support for the old RBAC API policies will be removed from Neutron. Please use method 'is_service_role' instead.
2026-05-09 02:42:39.918 10 INFO neutron.wsgi [None req-363f241f-a762-4924-81a6-5342e6df752e fb10a23b07884965bc0c4ffee1800cce 8a91ffeec2ec44929d32f253e15269f7 - - default default] 10.0.0.223 "DELETE /v2.0/security-groups/48324542-7b30-4de1-b123-194ce6963dc4 HTTP/1.1" status: 204 len: 168 time: 0.2402132
2026-05-09 02:42:40.016 9 INFO neutron.services.segments.plugin [-] Segment aeff8d54-17cc-49dc-b9fa-81976a89f96c resource provider aggregate not found
2026-05-09 02:42:40.021 9 INFO neutron.services.segments.plugin [-] Segment aeff8d54-17cc-49dc-b9fa-81976a89f96c resource provider aggregate not found
2026-05-09 02:42:40.034 9 INFO neutron.services.segments.plugin [-] Segment aeff8d54-17cc-49dc-b9fa-81976a89f96c resource provider not found; error: Placement Client Error (4xx): {"errors": [{"status": 404, "title": "Not Found", "detail": "The resource could not be found.\n\n No resource provider with uuid aeff8d54-17cc-49dc-b9fa-81976a89f96c found for delete ", "request_id": "req-e7cb7384-cf9b-4349-8b62-fe063da1d5b0"}]}
2026-05-09 02:42:40.042 9 INFO neutron.services.segments.plugin [-] Segment aeff8d54-17cc-49dc-b9fa-81976a89f96c resource provider not found; error: Placement Client Error (4xx): {"errors": [{"status": 404, "title": "Not Found", "detail": "The resource could not be found.\n\n No resource provider with uuid aeff8d54-17cc-49dc-b9fa-81976a89f96c found for delete ", "request_id": "req-d4234084-e90b-411d-b269-e73c8045d991"}]}
2026-05-09 02:42:40.069 9 INFO neutron.wsgi [None req-e08d23c6-23a4-4191-9228-0d9feaa0a5b6 b53f8165651e4f3b96354cb14fa0871b b0135f469c864e6faed01d6f9ae8681c - - default default] 10.0.0.223 "DELETE /v2.0/networks/dcf08cd2-c268-4c63-8643-cede8c989c04 HTTP/1.1" status: 204 len: 168 time: 0.4574990
2026-05-09 02:42:40.081 9 WARNING neutron_lib.context [None req-d993f3de-b5ae-4e70-9c98-ce3eb4c9fdd4 b53f8165651e4f3b96354cb14fa0871b b0135f469c864e6faed01d6f9ae8681c - - default default] Method 'is_advsvc' is deprecated since 2023.2 release (neutron-lib 3.8.0) and will be removed once support for the old RBAC API policies will be removed from Neutron. Please use method 'is_service_role' instead.
2026-05-09 02:42:40.147 10 WARNING neutron.scheduler.dhcp_agent_scheduler [None req-1b8294c4-e9f6-42cd-8e6a-b8d4010ddce3 002fc26cf7404fefbfbf4d842307191d a7308768ac554c54bca9075d9ecd84b7 - - default default] No more DHCP agents
2026-05-09 02:42:40.149 10 WARNING neutron.api.rpc.agentnotifiers.dhcp_rpc_agent_api [None req-1b8294c4-e9f6-42cd-8e6a-b8d4010ddce3 002fc26cf7404fefbfbf4d842307191d a7308768ac554c54bca9075d9ecd84b7 - - default default] Unable to schedule network b96b4899-e441-45db-81ee-68f7b41c8a0a: no agents available; will retry on subsequent port and subnet creation events.
2026-05-09 02:42:40.311 10 INFO neutron.db.ovn_revision_numbers_db [None req-910ba169-8882-4b8e-86b9-b9b87f1da642 fb10a23b07884965bc0c4ffee1800cce 8a91ffeec2ec44929d32f253e15269f7 - - default default] Successfully bumped revision number for resource 92f82893-2be2-41e8-9f88-f8d1284419a4 (type: security_groups) to 1
2026-05-09 02:42:40.336 10 INFO neutron.db.ovn_revision_numbers_db [None req-910ba169-8882-4b8e-86b9-b9b87f1da642 fb10a23b07884965bc0c4ffee1800cce 8a91ffeec2ec44929d32f253e15269f7 - - default default] Successfully bumped revision number for resource 5a50e180-a5a4-4e12-baaa-60d721b6194a (type: security_group_rules) to 0
2026-05-09 02:42:40.363 10 INFO neutron.db.ovn_revision_numbers_db [None req-910ba169-8882-4b8e-86b9-b9b87f1da642 fb10a23b07884965bc0c4ffee1800cce 8a91ffeec2ec44929d32f253e15269f7 - - default default] Successfully bumped revision number for resource 86dd7d70-a79d-4121-a6ae-5f5872802ae1 (type: security_group_rules) to 0
2026-05-09 02:42:40.379 10 INFO neutron.db.ovn_revision_numbers_db [None req-910ba169-8882-4b8e-86b9-b9b87f1da642 fb10a23b07884965bc0c4ffee1800cce 8a91ffeec2ec44929d32f253e15269f7 - - default default] Successfully bumped revision number for resource 9bae3dc7-2afc-46a8-9c98-12fd24bdb7f9 (type: security_group_rules) to 0
2026-05-09 02:42:40.394 10 INFO neutron.db.ovn_revision_numbers_db [None req-910ba169-8882-4b8e-86b9-b9b87f1da642 fb10a23b07884965bc0c4ffee1800cce 8a91ffeec2ec44929d32f253e15269f7 - - default default] Successfully bumped revision number for resource cda0daa3-87b4-49a3-8365-0698ff418c78 (type: security_group_rules) to 0
2026-05-09 02:42:40.416 10 INFO neutron.wsgi [None req-910ba169-8882-4b8e-86b9-b9b87f1da642 fb10a23b07884965bc0c4ffee1800cce 8a91ffeec2ec44929d32f253e15269f7 - - default default] 10.0.0.223 "GET /v2.0/security-groups?tenant_id=896f8e6a7d434787bbc11d39d7592fb9&name=default HTTP/1.1" status: 200 len: 2996 time: 0.4684119
2026-05-09 02:42:40.514 10 INFO neutron.db.ovn_revision_numbers_db [None req-1b8294c4-e9f6-42cd-8e6a-b8d4010ddce3 002fc26cf7404fefbfbf4d842307191d a7308768ac554c54bca9075d9ecd84b7 - - default default] Successfully bumped revision number for resource 7b9e35d4-6b03-46e7-a22f-49317c599499 (type: floatingips) to 0
2026-05-09 02:42:40.529 10 INFO neutron.wsgi [None req-1b8294c4-e9f6-42cd-8e6a-b8d4010ddce3 002fc26cf7404fefbfbf4d842307191d a7308768ac554c54bca9075d9ecd84b7 - - default default] 10.0.0.223 "POST /v2.0/floatingips HTTP/1.1" status: 201 len: 751 time: 0.6429291
2026-05-09 02:42:40.534 9 WARNING neutron.scheduler.dhcp_agent_scheduler [None req-d993f3de-b5ae-4e70-9c98-ce3eb4c9fdd4 b53f8165651e4f3b96354cb14fa0871b b0135f469c864e6faed01d6f9ae8681c - - default default] No more DHCP agents
2026-05-09 02:42:40.536 9 WARNING neutron.api.rpc.agentnotifiers.dhcp_rpc_agent_api [None req-d993f3de-b5ae-4e70-9c98-ce3eb4c9fdd4 b53f8165651e4f3b96354cb14fa0871b b0135f469c864e6faed01d6f9ae8681c - - default default] Unable to schedule network e53bdf59-bb86-4446-9a32-1e3bdc68a96c: no agents available; will retry on subsequent port and subnet creation events.
2026-05-09 02:42:40.617 9 INFO neutron.db.ovn_revision_numbers_db [None req-d993f3de-b5ae-4e70-9c98-ce3eb4c9fdd4 b53f8165651e4f3b96354cb14fa0871b b0135f469c864e6faed01d6f9ae8681c - - default default] Successfully bumped revision number for resource d9bf830f-7c3c-4ed4-afd6-98ae5c476fe7 (type: ports) to 1
2026-05-09 02:42:40.641 9 INFO neutron.wsgi [None req-d993f3de-b5ae-4e70-9c98-ce3eb4c9fdd4 b53f8165651e4f3b96354cb14fa0871b b0135f469c864e6faed01d6f9ae8681c - - default default] 10.0.0.223 "POST /v2.0/ports HTTP/1.1" status: 201 len: 974 time: 0.5639083 /var/lib/openstack/lib/python3.10/site-packages/pycadf/identifier.py:71: UserWarning: Invalid uuid: neutron. To ensure interoperability, identifiers should be a valid uuid. warnings.warn(('Invalid uuid: %s. To ensure interoperability, '
2026-05-09 02:42:40.697 10 INFO neutron.wsgi [None req-f7f2aee9-77f6-4fb7-b749-af2f46911164 fb10a23b07884965bc0c4ffee1800cce 8a91ffeec2ec44929d32f253e15269f7 - - default default] 10.0.0.223 "DELETE /v2.0/security-groups/92f82893-2be2-41e8-9f88-f8d1284419a4 HTTP/1.1" status: 204 len: 168 time: 0.2607763
2026-05-09 02:42:40.933 10 INFO neutron.plugins.ml2.drivers.ovn.mech_driver.mech_driver [None req-56a148bd-0010-44a2-86a8-c91e0137a763 - - - - - -] OVN reports status down for port: d9bf830f-7c3c-4ed4-afd6-98ae5c476fe7
2026-05-09 02:42:40.962 9 INFO neutron.db.ovn_revision_numbers_db [None req-5bb51379-87cc-4fdc-8534-55c27871c76e b53f8165651e4f3b96354cb14fa0871b b0135f469c864e6faed01d6f9ae8681c - - default default] Successfully bumped revision number for resource d9bf830f-7c3c-4ed4-afd6-98ae5c476fe7 (type: ports) to 2
2026-05-09 02:42:40.973 9 INFO neutron.wsgi [None req-5bb51379-87cc-4fdc-8534-55c27871c76e b53f8165651e4f3b96354cb14fa0871b b0135f469c864e6faed01d6f9ae8681c - - default default] 10.0.0.223 "PUT /v2.0/ports/d9bf830f-7c3c-4ed4-afd6-98ae5c476fe7 HTTP/1.1" status: 200 len: 946 time: 0.3284082 /var/lib/openstack/lib/python3.10/site-packages/pycadf/identifier.py:71: UserWarning: Invalid uuid: neutron. To ensure interoperability, identifiers should be a valid uuid. warnings.warn(('Invalid uuid: %s. To ensure interoperability, '
2026-05-09 02:42:41.058 10 INFO neutron.wsgi [req-c0f1a302-9a74-400a-b213-f455964d910b req-9d166f12-fed4-42bb-b3ce-409856edcb1f 002fc26cf7404fefbfbf4d842307191d a7308768ac554c54bca9075d9ecd84b7 - - default default] 10.0.0.176 "GET /v2.0/security-groups?name=tempest-securitygroup--736835018&fields=id&tenant_id=a7308768ac554c54bca9075d9ecd84b7 HTTP/1.1" status: 200 len: 267 time: 0.0354362
2026-05-09 02:42:41.151 10 INFO neutron.wsgi [req-c0f1a302-9a74-400a-b213-f455964d910b req-3ce17e94-03e4-4b8f-a599-a5e325f376c3 002fc26cf7404fefbfbf4d842307191d a7308768ac554c54bca9075d9ecd84b7 - - default default] 10.0.0.176 "GET /v2.0/networks?id=23aad997-6808-4df2-8d9f-1cbef2c7fd2a HTTP/1.1" status: 200 len: 868 time: 0.0854692
2026-05-09 02:42:41.171 10 INFO neutron.wsgi [req-c0f1a302-9a74-400a-b213-f455964d910b req-97564860-7b5f-489b-a0b5-6d9cd866e98c 002fc26cf7404fefbfbf4d842307191d a7308768ac554c54bca9075d9ecd84b7 - - default default] 10.0.0.176 "GET /v2.0/quotas/a7308768ac554c54bca9075d9ecd84b7 HTTP/1.1" status: 200 len: 386 time: 0.0117838
2026-05-09 02:42:41.219 9 INFO neutron.wsgi [None req-0685e1ea-e781-457b-a0d9-b02977bd8ea3 b53f8165651e4f3b96354cb14fa0871b b0135f469c864e6faed01d6f9ae8681c - - default default] 10.0.0.223 "DELETE /v2.0/ports/d9bf830f-7c3c-4ed4-afd6-98ae5c476fe7 HTTP/1.1" status: 204 len: 168 time: 0.2386706
2026-05-09 02:42:41.275 10 INFO neutron.wsgi [req-c0f1a302-9a74-400a-b213-f455964d910b req-ae7877ca-a897-4b9c-930b-384f8fe23076 002fc26cf7404fefbfbf4d842307191d a7308768ac554c54bca9075d9ecd84b7 - - default default] 10.0.0.176 "GET /v2.0/ports?tenant_id=a7308768ac554c54bca9075d9ecd84b7&fields=id HTTP/1.1" status: 200 len: 302 time: 0.0967600
2026-05-09 02:42:41.313 9 INFO neutron.wsgi [None req-ade57cb0-1c15-4451-aa32-f4fb700c601b b53f8165651e4f3b96354cb14fa0871b b0135f469c864e6faed01d6f9ae8681c - - default default] 10.0.0.223 "GET /v2.0/ports HTTP/1.1" status: 200 len: 1729 time: 0.0861413
2026-05-09 02:42:41.343 9 INFO neutron.pecan_wsgi.hooks.translation [None req-9910dd56-5c67-4f52-ac07-2d883fb65461 b53f8165651e4f3b96354cb14fa0871b b0135f469c864e6faed01d6f9ae8681c - - default default] GET failed (client error): The resource could not be found.
2026-05-09 02:42:41.345 9 INFO neutron.wsgi [None req-9910dd56-5c67-4f52-ac07-2d883fb65461 b53f8165651e4f3b96354cb14fa0871b b0135f469c864e6faed01d6f9ae8681c - - default default] 10.0.0.223 "GET /v2.0/ports/d9bf830f-7c3c-4ed4-afd6-98ae5c476fe7 HTTP/1.1" status: 404 len: 333 time: 0.0270503
2026-05-09 02:42:41.354 10 INFO neutron.wsgi [req-c0f1a302-9a74-400a-b213-f455964d910b req-407af61f-451b-4a71-8958-101e7bbe9bbb ef09dd9a949f4bdfbe35f3e1e21c88dc d146927a6ee44321be9e00f207cea594 - - 5cbefcc8d7a04ad49654f2e15158ca36 5cbefcc8d7a04ad49654f2e15158ca36] 10.0.0.176 "GET /v2.0/networks/23aad997-6808-4df2-8d9f-1cbef2c7fd2a?fields=segments HTTP/1.1" status: 200 len: 212 time: 0.0627780
2026-05-09 02:42:41.402 9 INFO neutron.wsgi [None req-50b009a4-5955-4291-8f5e-f00516b4bb50 b53f8165651e4f3b96354cb14fa0871b b0135f469c864e6faed01d6f9ae8681c - - default default] 10.0.0.223 "GET /v2.0/ports HTTP/1.1" status: 200 len: 1729 time: 0.0483329
2026-05-09 02:42:41.428 10 INFO neutron.wsgi [req-c0f1a302-9a74-400a-b213-f455964d910b req-60cb9e8c-3b7a-4a3f-97ff-e8459c7a7642 ef09dd9a949f4bdfbe35f3e1e21c88dc d146927a6ee44321be9e00f207cea594 - - 5cbefcc8d7a04ad49654f2e15158ca36 5cbefcc8d7a04ad49654f2e15158ca36] 10.0.0.176 "GET /v2.0/networks/23aad997-6808-4df2-8d9f-1cbef2c7fd2a?fields=provider%3Aphysical_network&fields=provider%3Anetwork_type HTTP/1.1" status: 200 len: 277 time: 0.0656726
2026-05-09 02:42:41.449 9 INFO neutron.wsgi [None req-1d9c1b71-6aa3-43ca-a915-e21073bedb53 b53f8165651e4f3b96354cb14fa0871b b0135f469c864e6faed01d6f9ae8681c - - default default] 10.0.0.223 "GET /v2.0/ports/e8d86741-4963-412e-9733-99dfc6b8d6c6 HTTP/1.1" status: 200 len: 969 time: 0.0378215
2026-05-09 02:42:41.477 9 INFO neutron.pecan_wsgi.hooks.translation [None req-4d17e945-3cea-4377-bf3b-0ab45e0b693e b53f8165651e4f3b96354cb14fa0871b b0135f469c864e6faed01d6f9ae8681c - - default default] DELETE failed (client error): The resource could not be found.
2026-05-09 02:42:41.480 9 INFO neutron.wsgi [None req-4d17e945-3cea-4377-bf3b-0ab45e0b693e b53f8165651e4f3b96354cb14fa0871b b0135f469c864e6faed01d6f9ae8681c - - default default] 10.0.0.223 "DELETE /v2.0/ports/0125674d-e26c-4e52-ba0a-f674e6ec752d HTTP/1.1" status: 404 len: 333 time: 0.0239561
2026-05-09 02:42:41.503 9 INFO neutron.pecan_wsgi.hooks.translation [None req-74153974-0dd4-4ae7-bed2-0833c8bb6916 b53f8165651e4f3b96354cb14fa0871b b0135f469c864e6faed01d6f9ae8681c - - default default] DELETE failed (client error): The resource could not be found.
2026-05-09 02:42:41.506 9 INFO neutron.wsgi [None req-74153974-0dd4-4ae7-bed2-0833c8bb6916 b53f8165651e4f3b96354cb14fa0871b b0135f469c864e6faed01d6f9ae8681c - - default default] 10.0.0.223 "DELETE /v2.0/subnets/897e66d7-4d92-4d53-9fc2-5ad2371779f8 HTTP/1.1" status: 404 len: 337 time: 0.0204418
2026-05-09 02:42:41.526 9 INFO neutron.pecan_wsgi.hooks.translation [None req-30c358db-31d4-4f50-bad7-cb23bfa1bb0b b53f8165651e4f3b96354cb14fa0871b b0135f469c864e6faed01d6f9ae8681c - - default default] DELETE failed (client error): The resource could not be found.
2026-05-09 02:42:41.529 9 INFO neutron.wsgi [None req-30c358db-31d4-4f50-bad7-cb23bfa1bb0b b53f8165651e4f3b96354cb14fa0871b b0135f469c864e6faed01d6f9ae8681c - - default default] 10.0.0.223 "DELETE /v2.0/subnets/e92542ea-5a1e-4634-aecf-5416741e44b4 HTTP/1.1" status: 404 len: 337 time: 0.0185344
2026-05-09 02:42:41.596 9 INFO neutron.wsgi [req-6b5cbf94-787e-4b40-93a2-75aee872ede9 req-d710d903-40ef-4a94-8d96-f28e20975fb1 002fc26cf7404fefbfbf4d842307191d a7308768ac554c54bca9075d9ecd84b7 - - default default] 10.0.0.176 "GET /v2.0/ports?device_id=0852e637-a802-4212-b566-a990cfabb4ab HTTP/1.1" status: 200 len: 210 time: 0.0235302
2026-05-09 02:42:41.821 9 INFO neutron.wsgi [None req-7f7df010-8e73-4172-887c-ca6cb368eca7 b53f8165651e4f3b96354cb14fa0871b b0135f469c864e6faed01d6f9ae8681c - - default default] 10.0.0.223 "DELETE /v2.0/ports/e8d86741-4963-412e-9733-99dfc6b8d6c6 HTTP/1.1" status: 204 len: 168 time: 0.2828944
2026-05-09 02:42:42.220 9 INFO neutron.services.segments.plugin [-] Segment 46a1e579-e9c4-4911-87b3-ffcbcee54129 resource provider aggregate not found
2026-05-09 02:42:42.223 9 INFO neutron.services.segments.plugin [-] Segment 46a1e579-e9c4-4911-87b3-ffcbcee54129 resource provider aggregate not found
2026-05-09 02:42:42.240 9 INFO neutron.services.segments.plugin [-] Segment 46a1e579-e9c4-4911-87b3-ffcbcee54129 resource provider not found; error: Placement Client Error (4xx): {"errors": [{"status": 404, "title": "Not Found", "detail": "The resource could not be found.\n\n No resource provider with uuid 46a1e579-e9c4-4911-87b3-ffcbcee54129 found for delete ", "request_id": "req-a77c2f0d-b174-4704-bd01-eecfd23b86d0"}]}
2026-05-09 02:42:42.241 9 INFO neutron.services.segments.plugin [-] Segment 46a1e579-e9c4-4911-87b3-ffcbcee54129 resource provider not found; error: Placement Client Error (4xx): {"errors": [{"status": 404, "title": "Not Found", "detail": "The resource could not be found.\n\n No resource provider with uuid 46a1e579-e9c4-4911-87b3-ffcbcee54129 found for delete ", "request_id": "req-ce38532b-1007-45dd-8a99-e40a239170ba"}]}
2026-05-09 02:42:42.269 9 INFO neutron.wsgi [None req-8032b9bb-042c-4d00-b792-b484162be1ff b53f8165651e4f3b96354cb14fa0871b b0135f469c864e6faed01d6f9ae8681c - - default default] 10.0.0.223 "DELETE /v2.0/networks/e53bdf59-bb86-4446-9a32-1e3bdc68a96c HTTP/1.1" status: 204 len: 168 time: 0.4415424
2026-05-09 02:42:42.316 10 INFO neutron.wsgi [req-c0f1a302-9a74-400a-b213-f455964d910b req-8b26f894-6959-4794-8dff-bab5f23f9afd 002fc26cf7404fefbfbf4d842307191d a7308768ac554c54bca9075d9ecd84b7 - - default default] 199.204.45.138 "GET /v2.0/networks?id=23aad997-6808-4df2-8d9f-1cbef2c7fd2a HTTP/1.1" status: 200 len: 868 time: 0.0733805
2026-05-09 02:42:42.375 10 INFO neutron.wsgi [req-c0f1a302-9a74-400a-b213-f455964d910b req-687fce91-d72f-430b-995c-e5deb16dbdc3 002fc26cf7404fefbfbf4d842307191d a7308768ac554c54bca9075d9ecd84b7 - - default default] 199.204.45.138 "GET /v2.0/security-groups?fields=id&fields=name&tenant_id=a7308768ac554c54bca9075d9ecd84b7 HTTP/1.1" status: 200 len: 379 time: 0.0500560
2026-05-09 02:42:42.384 10 WARNING neutron_lib.context [req-c0f1a302-9a74-400a-b213-f455964d910b req-8c1f758f-ea9a-41be-815c-de38f4e4deb3 002fc26cf7404fefbfbf4d842307191d a7308768ac554c54bca9075d9ecd84b7 - - default default] Method 'is_advsvc' is deprecated since 2023.2 release (neutron-lib 3.8.0) and will be removed once support for the old RBAC API policies will be removed from Neutron. Please use method 'is_service_role' instead.
2026-05-09 02:42:42.607 10 INFO neutron.db.ovn_revision_numbers_db [None req-f0c3a9e3-5660-42dc-b593-9faa08ee132f fb10a23b07884965bc0c4ffee1800cce 8a91ffeec2ec44929d32f253e15269f7 - - default default] Successfully bumped revision number for resource f2ad6763-c4f9-4580-8c23-8a03fd534935 (type: security_groups) to 1
2026-05-09 02:42:42.637 10 INFO neutron.db.ovn_revision_numbers_db [None req-f0c3a9e3-5660-42dc-b593-9faa08ee132f fb10a23b07884965bc0c4ffee1800cce 8a91ffeec2ec44929d32f253e15269f7 - - default default] Successfully bumped revision number for resource 6f1b46e5-1d20-4231-accc-792f08c9e97e (type: security_group_rules) to 0
2026-05-09 02:42:42.654 10 INFO neutron.db.ovn_revision_numbers_db [None req-f0c3a9e3-5660-42dc-b593-9faa08ee132f fb10a23b07884965bc0c4ffee1800cce 8a91ffeec2ec44929d32f253e15269f7 - - default default] Successfully bumped revision number for resource 7198eccd-bffe-4327-88c3-ac493605d175 (type: security_group_rules) to 0
2026-05-09 02:42:42.687 10 INFO neutron.wsgi [req-fc7ae506-00b2-4ba0-a47a-917f3d4cffb0 req-24698627-e80b-4b97-adb4-56c4c0b6ff11 002fc26cf7404fefbfbf4d842307191d a7308768ac554c54bca9075d9ecd84b7 - - default default] 10.0.0.176 "GET /v2.0/ports?device_id=0852e637-a802-4212-b566-a990cfabb4ab HTTP/1.1" status: 200 len: 210 time: 0.0248446
2026-05-09 02:42:42.702 10 INFO neutron.db.ovn_revision_numbers_db [None req-f0c3a9e3-5660-42dc-b593-9faa08ee132f fb10a23b07884965bc0c4ffee1800cce 8a91ffeec2ec44929d32f253e15269f7 - - default default] Successfully bumped revision number for resource b24c9ac1-b4db-4e06-9e53-5511d7054b45 (type: security_group_rules) to 0
2026-05-09 02:42:42.725 10 INFO neutron.db.ovn_revision_numbers_db [None req-f0c3a9e3-5660-42dc-b593-9faa08ee132f fb10a23b07884965bc0c4ffee1800cce 8a91ffeec2ec44929d32f253e15269f7 - - default default] Successfully bumped revision number for resource f6cc16bd-a2bc-41d9-8ad1-326a3c017b35 (type: security_group_rules) to 0
2026-05-09 02:42:42.766 10 INFO neutron.wsgi [None req-f0c3a9e3-5660-42dc-b593-9faa08ee132f fb10a23b07884965bc0c4ffee1800cce 8a91ffeec2ec44929d32f253e15269f7 - - default default] 10.0.0.223 "GET /v2.0/security-groups?tenant_id=367c9e9d74584636bddc0a8bd06180ed&name=default HTTP/1.1" status: 200 len: 2996 time: 0.5872200
2026-05-09 02:42:42.767 10 WARNING neutron.scheduler.dhcp_agent_scheduler [req-c0f1a302-9a74-400a-b213-f455964d910b req-8c1f758f-ea9a-41be-815c-de38f4e4deb3 002fc26cf7404fefbfbf4d842307191d a7308768ac554c54bca9075d9ecd84b7 - - default default] No more DHCP agents
2026-05-09 02:42:42.771 10 WARNING neutron.api.rpc.agentnotifiers.dhcp_rpc_agent_api [req-c0f1a302-9a74-400a-b213-f455964d910b req-8c1f758f-ea9a-41be-815c-de38f4e4deb3 002fc26cf7404fefbfbf4d842307191d a7308768ac554c54bca9075d9ecd84b7 - - default default] Unable to schedule network 23aad997-6808-4df2-8d9f-1cbef2c7fd2a: no agents available; will retry on subsequent port and subnet creation events.
2026-05-09 02:42:42.937 10 INFO neutron.db.ovn_revision_numbers_db [req-c0f1a302-9a74-400a-b213-f455964d910b req-8c1f758f-ea9a-41be-815c-de38f4e4deb3 002fc26cf7404fefbfbf4d842307191d a7308768ac554c54bca9075d9ecd84b7 - - default default] Successfully bumped revision number for resource 95e194af-7406-49f2-9c2b-c35b7bc885b3 (type: ports) to 1
2026-05-09 02:42:42.965 10 INFO neutron.wsgi [req-c0f1a302-9a74-400a-b213-f455964d910b req-8c1f758f-ea9a-41be-815c-de38f4e4deb3 002fc26cf7404fefbfbf4d842307191d a7308768ac554c54bca9075d9ecd84b7 - - default default] 199.204.45.138 "POST /v2.0/ports HTTP/1.1" status: 201 len: 1158 time: 0.5862353
2026-05-09 02:42:42.973 9 INFO neutron.wsgi [None req-a6ae3961-84b0-4c81-9093-4e79857ed57a fb10a23b07884965bc0c4ffee1800cce 8a91ffeec2ec44929d32f253e15269f7 - - default default] 10.0.0.223 "GET /v2.0/security-groups?tenant_id=b0135f469c864e6faed01d6f9ae8681c&name=default HTTP/1.1" status: 200 len: 2996 time: 0.1575179 /var/lib/openstack/lib/python3.10/site-packages/pycadf/identifier.py:71: UserWarning: Invalid uuid: neutron. To ensure interoperability, identifiers should be a valid uuid. warnings.warn(('Invalid uuid: %s. To ensure interoperability, '
2026-05-09 02:42:43.016 9 INFO neutron.wsgi [None req-9d93387c-91ff-4461-a95f-0c80ca88eefc fb10a23b07884965bc0c4ffee1800cce 8a91ffeec2ec44929d32f253e15269f7 - - default default] 10.0.0.223 "DELETE /v2.0/security-groups/f2ad6763-c4f9-4580-8c23-8a03fd534935 HTTP/1.1" status: 204 len: 168 time: 0.2444119
2026-05-09 02:42:43.163 9 INFO neutron.wsgi [-] 10.0.0.111 "GET / HTTP/1.1" status: 200 len: 247 time: 0.0024095
2026-05-09 02:42:43.165 9 INFO neutron.wsgi [-] 10.0.0.111 "GET / HTTP/1.1" status: 200 len: 247 time: 0.0012856
2026-05-09 02:42:43.213 9 INFO neutron.wsgi [None req-ba49d188-5ebd-4706-ac5d-49e310106cbf fb10a23b07884965bc0c4ffee1800cce 8a91ffeec2ec44929d32f253e15269f7 - - default default] 10.0.0.223 "DELETE /v2.0/security-groups/2d1026c4-2d4a-4023-85ad-a6f74278aa67 HTTP/1.1" status: 204 len: 168 time: 0.2342541
2026-05-09 02:42:43.399 10 INFO neutron.db.ovn_revision_numbers_db [req-c0f1a302-9a74-400a-b213-f455964d910b req-35b20854-38f3-4547-9d57-9f495e065fb6 ef09dd9a949f4bdfbe35f3e1e21c88dc d146927a6ee44321be9e00f207cea594 - - 5cbefcc8d7a04ad49654f2e15158ca36 5cbefcc8d7a04ad49654f2e15158ca36] Successfully bumped revision number for resource 95e194af-7406-49f2-9c2b-c35b7bc885b3 (type: ports) to 2
2026-05-09 02:42:43.839 10 INFO neutron.db.ovn_revision_numbers_db [req-c0f1a302-9a74-400a-b213-f455964d910b req-35b20854-38f3-4547-9d57-9f495e065fb6 ef09dd9a949f4bdfbe35f3e1e21c88dc d146927a6ee44321be9e00f207cea594 - - 5cbefcc8d7a04ad49654f2e15158ca36 5cbefcc8d7a04ad49654f2e15158ca36] Successfully bumped revision number for resource 95e194af-7406-49f2-9c2b-c35b7bc885b3 (type: ports) to 2
2026-05-09 02:42:43.854 10 INFO neutron.wsgi [req-c0f1a302-9a74-400a-b213-f455964d910b req-35b20854-38f3-4547-9d57-9f495e065fb6 ef09dd9a949f4bdfbe35f3e1e21c88dc d146927a6ee44321be9e00f207cea594 - - 5cbefcc8d7a04ad49654f2e15158ca36 5cbefcc8d7a04ad49654f2e15158ca36] 199.204.45.138 "PUT /v2.0/ports/95e194af-7406-49f2-9c2b-c35b7bc885b3 HTTP/1.1" status: 200 len: 1376 time: 0.8807333
2026-05-09 02:42:43.877 9 INFO neutron.wsgi [req-3c010c2a-0c6e-45bc-b82f-9b88aeb81f8f req-f63245eb-b902-4070-9acd-be903136b720 002fc26cf7404fefbfbf4d842307191d a7308768ac554c54bca9075d9ecd84b7 - - default default] 10.0.0.176 "GET /v2.0/ports?device_id=0852e637-a802-4212-b566-a990cfabb4ab HTTP/1.1" status: 200 len: 1168 time: 0.1133950 /var/lib/openstack/lib/python3.10/site-packages/pycadf/identifier.py:71: UserWarning: Invalid uuid: neutron. To ensure interoperability, identifiers should be a valid uuid. warnings.warn(('Invalid uuid: %s. To ensure interoperability, '
2026-05-09 02:42:43.924 9 INFO neutron.wsgi [req-3c010c2a-0c6e-45bc-b82f-9b88aeb81f8f req-7590bbdc-528c-4c11-a719-2ff30600f1fd 002fc26cf7404fefbfbf4d842307191d a7308768ac554c54bca9075d9ecd84b7 - - default default] 10.0.0.176 "GET /v2.0/security-groups?id=32545288-5a04-477c-9750-0f911407795c&fields=id&fields=name HTTP/1.1" status: 200 len: 312 time: 0.0387642
2026-05-09 02:42:43.934 10 INFO neutron.wsgi [req-c0f1a302-9a74-400a-b213-f455964d910b req-fbef1bd7-5ab3-4bde-95b9-1adb67c1e612 ef09dd9a949f4bdfbe35f3e1e21c88dc d146927a6ee44321be9e00f207cea594 - - 5cbefcc8d7a04ad49654f2e15158ca36 5cbefcc8d7a04ad49654f2e15158ca36] 199.204.45.138 "GET /v2.0/ports?tenant_id=a7308768ac554c54bca9075d9ecd84b7&device_id=0852e637-a802-4212-b566-a990cfabb4ab HTTP/1.1" status: 200 len: 1407 time: 0.0461099
2026-05-09 02:42:43.961 10 INFO neutron.wsgi [req-c0f1a302-9a74-400a-b213-f455964d910b req-3c2649d8-14e8-4a59-affa-6711476d225c ef09dd9a949f4bdfbe35f3e1e21c88dc d146927a6ee44321be9e00f207cea594 - - 5cbefcc8d7a04ad49654f2e15158ca36 5cbefcc8d7a04ad49654f2e15158ca36] 199.204.45.138 "GET /v2.0/floatingips?fixed_ip_address=10.100.0.8&port_id=95e194af-7406-49f2-9c2b-c35b7bc885b3 HTTP/1.1" status: 200 len: 217 time: 0.0221660
2026-05-09 02:42:43.965 10 INFO neutron.notifiers.nova [-] Nova event matching ['req-963dc44e-3e91-4ae6-a546-feb8b50a1a94'] response: {'name': 'network-changed', 'server_uuid': '0852e637-a802-4212-b566-a990cfabb4ab', 'tag': '95e194af-7406-49f2-9c2b-c35b7bc885b3', 'status': 'completed', 'code': 200}
2026-05-09 02:42:44.005 10 INFO neutron.wsgi [req-c0f1a302-9a74-400a-b213-f455964d910b req-4027751e-5769-445e-accf-0f983915e5ad ef09dd9a949f4bdfbe35f3e1e21c88dc d146927a6ee44321be9e00f207cea594 - - 5cbefcc8d7a04ad49654f2e15158ca36 5cbefcc8d7a04ad49654f2e15158ca36] 199.204.45.138 "GET /v2.0/subnets?id=8c85ff61-b7fc-4d0a-81f7-d0a39e91d435 HTTP/1.1" status: 200 len: 862 time: 0.0353057
2026-05-09 02:42:44.033 10 INFO neutron.wsgi [req-c0f1a302-9a74-400a-b213-f455964d910b req-a0f60bd6-46f3-4dad-a397-87767f88e705 ef09dd9a949f4bdfbe35f3e1e21c88dc d146927a6ee44321be9e00f207cea594 - - 5cbefcc8d7a04ad49654f2e15158ca36 5cbefcc8d7a04ad49654f2e15158ca36] 199.204.45.138 "GET /v2.0/ports?network_id=23aad997-6808-4df2-8d9f-1cbef2c7fd2a&device_owner=network%3Adhcp HTTP/1.1" status: 200 len: 210 time: 0.0202746
2026-05-09 02:42:44.099 10 INFO neutron.wsgi [req-c0f1a302-9a74-400a-b213-f455964d910b req-d8e67e3c-f82d-4f81-8a70-d88e76fe9699 ef09dd9a949f4bdfbe35f3e1e21c88dc d146927a6ee44321be9e00f207cea594 - - 5cbefcc8d7a04ad49654f2e15158ca36 5cbefcc8d7a04ad49654f2e15158ca36] 199.204.45.138 "GET /v2.0/networks/23aad997-6808-4df2-8d9f-1cbef2c7fd2a?fields=segments HTTP/1.1" status: 200 len: 212 time: 0.0591300
2026-05-09 02:42:44.171 10 INFO neutron.wsgi [req-c0f1a302-9a74-400a-b213-f455964d910b req-b67af0c6-932f-42e1-8101-75a9d2437da6 ef09dd9a949f4bdfbe35f3e1e21c88dc d146927a6ee44321be9e00f207cea594 - - 5cbefcc8d7a04ad49654f2e15158ca36 5cbefcc8d7a04ad49654f2e15158ca36] 199.204.45.138 "GET /v2.0/networks/23aad997-6808-4df2-8d9f-1cbef2c7fd2a?fields=provider%3Aphysical_network&fields=provider%3Anetwork_type HTTP/1.1" status: 200 len: 277 time: 0.0641198
2026-05-09 02:42:44.247 10 INFO neutron.wsgi [req-3ff7d85d-ada2-46a9-b010-e2ac0f703039 req-c7425cb6-677a-4a75-96cc-278f3742ecce ef09dd9a949f4bdfbe35f3e1e21c88dc d146927a6ee44321be9e00f207cea594 - - 5cbefcc8d7a04ad49654f2e15158ca36 5cbefcc8d7a04ad49654f2e15158ca36] 199.204.45.138 "GET /v2.0/ports?tenant_id=a7308768ac554c54bca9075d9ecd84b7&device_id=0852e637-a802-4212-b566-a990cfabb4ab HTTP/1.1" status: 200 len: 1407 time: 0.0357132
2026-05-09 02:42:44.335 10 INFO neutron.wsgi [req-3ff7d85d-ada2-46a9-b010-e2ac0f703039 req-66ae8a3f-36e4-420f-b372-cb3c495d7482 ef09dd9a949f4bdfbe35f3e1e21c88dc d146927a6ee44321be9e00f207cea594 - - 5cbefcc8d7a04ad49654f2e15158ca36 5cbefcc8d7a04ad49654f2e15158ca36] 199.204.45.138 "GET /v2.0/networks?id=23aad997-6808-4df2-8d9f-1cbef2c7fd2a HTTP/1.1" status: 200 len: 967 time: 0.0787237
2026-05-09 02:42:44.389 10 INFO neutron.wsgi [req-3ff7d85d-ada2-46a9-b010-e2ac0f703039 req-ff73f90b-8c51-4afa-978d-d8252ec58624 ef09dd9a949f4bdfbe35f3e1e21c88dc d146927a6ee44321be9e00f207cea594 - - 5cbefcc8d7a04ad49654f2e15158ca36 5cbefcc8d7a04ad49654f2e15158ca36] 199.204.45.138 "GET /v2.0/floatingips?fixed_ip_address=10.100.0.8&port_id=95e194af-7406-49f2-9c2b-c35b7bc885b3 HTTP/1.1" status: 200 len: 217 time: 0.0433583
2026-05-09 02:42:44.440 10 INFO neutron.wsgi [req-3ff7d85d-ada2-46a9-b010-e2ac0f703039 req-097d9f18-d750-4f47-882a-53b15486f87e ef09dd9a949f4bdfbe35f3e1e21c88dc d146927a6ee44321be9e00f207cea594 - - 5cbefcc8d7a04ad49654f2e15158ca36 5cbefcc8d7a04ad49654f2e15158ca36] 199.204.45.138 "GET /v2.0/subnets?id=8c85ff61-b7fc-4d0a-81f7-d0a39e91d435 HTTP/1.1" status: 200 len: 862 time: 0.0432367
2026-05-09 02:42:44.477 10 INFO neutron.wsgi [req-3ff7d85d-ada2-46a9-b010-e2ac0f703039 req-0d275318-7aa9-438c-94d4-9fb08106658d ef09dd9a949f4bdfbe35f3e1e21c88dc d146927a6ee44321be9e00f207cea594 - - 5cbefcc8d7a04ad49654f2e15158ca36 5cbefcc8d7a04ad49654f2e15158ca36] 199.204.45.138 "GET /v2.0/ports?network_id=23aad997-6808-4df2-8d9f-1cbef2c7fd2a&device_owner=network%3Adhcp HTTP/1.1" status: 200 len: 210 time: 0.0301077
2026-05-09 02:42:44.568 10 INFO neutron.wsgi [req-3ff7d85d-ada2-46a9-b010-e2ac0f703039 req-83f819fd-d23f-4172-ab07-80aeb69ccbfc ef09dd9a949f4bdfbe35f3e1e21c88dc d146927a6ee44321be9e00f207cea594 - - 5cbefcc8d7a04ad49654f2e15158ca36 5cbefcc8d7a04ad49654f2e15158ca36] 199.204.45.138 "GET /v2.0/networks/23aad997-6808-4df2-8d9f-1cbef2c7fd2a?fields=segments HTTP/1.1" status: 200 len: 212 time: 0.0831234
2026-05-09 02:42:44.635 10 INFO neutron.wsgi [req-3ff7d85d-ada2-46a9-b010-e2ac0f703039 req-42f0de86-79fd-4af8-b1f4-d67eb6fcf315 ef09dd9a949f4bdfbe35f3e1e21c88dc d146927a6ee44321be9e00f207cea594 - - 5cbefcc8d7a04ad49654f2e15158ca36 5cbefcc8d7a04ad49654f2e15158ca36] 199.204.45.138 "GET /v2.0/networks/23aad997-6808-4df2-8d9f-1cbef2c7fd2a?fields=provider%3Aphysical_network&fields=provider%3Anetwork_type HTTP/1.1" status: 200 len: 277 time: 0.0618293
2026-05-09 02:42:44.703 9 INFO neutron.wsgi [None req-050b90f2-fe91-48cc-a94d-b617fdc60346 2937e149ed4e4921993ff1d9872716ec 8ed800eef4a849f6ab4a6f645dcead47 - - default default] 10.0.0.166 "GET /v2.0/extensions HTTP/1.1" status: 200 len: 16980 time: 0.2302361
2026-05-09 02:42:44.818 9 INFO neutron.wsgi [None req-8a3c2fbb-ae81-4eae-a243-922c6a13e4ef 2937e149ed4e4921993ff1d9872716ec 8ed800eef4a849f6ab4a6f645dcead47 - - default default] 10.0.0.166 "GET /v2.0/quotas/8ed800eef4a849f6ab4a6f645dcead47/details HTTP/1.1" status: 200 len: 756 time: 0.0950036
2026-05-09 02:42:44.902 9 WARNING neutron.plugins.ml2.drivers.ovn.mech_driver.ovsdb.ovn_client [None req-7d293c66-7a4f-43d3-a26a-1d940f5875fc - - - - - -] No hosting information found for port 303b87fb-c930-419f-a96d-370b51401ff0: RuntimeError: No hosting information found for port 303b87fb-c930-419f-a96d-370b51401ff0
2026-05-09 02:42:44.902 9 INFO neutron.plugins.ml2.drivers.ovn.mech_driver.mech_driver [None req-7d293c66-7a4f-43d3-a26a-1d940f5875fc - - - - - -] OVN reports status up for port: 95e194af-7406-49f2-9c2b-c35b7bc885b3
2026-05-09 02:42:44.914 9 INFO neutron.plugins.ml2.plugin [None req-7d293c66-7a4f-43d3-a26a-1d940f5875fc - - - - - -] Attempt 1 to provision port 95e194af-7406-49f2-9c2b-c35b7bc885b3
2026-05-09 02:42:45.013 9 INFO neutron.notifiers.nova [-] Nova event matching ['req-1a58cfd2-f4a5-46fd-bf71-1e550259026d'] response: {'server_uuid': '0852e637-a802-4212-b566-a990cfabb4ab', 'name': 'network-vif-plugged', 'status': 'completed', 'tag': '95e194af-7406-49f2-9c2b-c35b7bc885b3', 'code': 200}
2026-05-09 02:42:45.077 10 INFO neutron.wsgi [req-4be35402-4049-40f9-a3f7-6b70a7a72e55 req-1388068e-c717-44b4-b911-4afc16eb7473 002fc26cf7404fefbfbf4d842307191d a7308768ac554c54bca9075d9ecd84b7 - - default default] 10.0.0.176 "GET /v2.0/ports?device_id=0852e637-a802-4212-b566-a990cfabb4ab HTTP/1.1" status: 200 len: 1170 time: 0.0565073
2026-05-09 02:42:45.128 10 INFO neutron.wsgi [req-4be35402-4049-40f9-a3f7-6b70a7a72e55 req-c47a7d1d-7ccb-43b4-87d6-0690db0f6c94 002fc26cf7404fefbfbf4d842307191d a7308768ac554c54bca9075d9ecd84b7 - - default default] 10.0.0.176 "GET /v2.0/security-groups?id=32545288-5a04-477c-9750-0f911407795c&fields=id&fields=name HTTP/1.1" status: 200 len: 312 time: 0.0422029
2026-05-09 02:42:45.205 9 INFO neutron.db.ovn_revision_numbers_db [None req-7d293c66-7a4f-43d3-a26a-1d940f5875fc - - - - - -] Successfully bumped revision number for resource 95e194af-7406-49f2-9c2b-c35b7bc885b3 (type: ports) to 4
2026-05-09 02:42:45.847 10 INFO neutron.db.ovn_revision_numbers_db [None req-63d71535-c332-4f2b-80aa-b90d63a06a03 fb10a23b07884965bc0c4ffee1800cce 8a91ffeec2ec44929d32f253e15269f7 - - default default] Successfully bumped revision number for resource 063d277f-e1b8-4ccf-aedf-500989ec530d (type: security_groups) to 1
2026-05-09 02:42:45.862 10 INFO neutron.db.ovn_revision_numbers_db [None req-63d71535-c332-4f2b-80aa-b90d63a06a03 fb10a23b07884965bc0c4ffee1800cce 8a91ffeec2ec44929d32f253e15269f7 - - default default] Successfully bumped revision number for resource 225a59a2-43d8-423c-9dd2-495c7ffb8d9b (type: security_group_rules) to 0
2026-05-09 02:42:45.877 10 INFO neutron.db.ovn_revision_numbers_db [None req-63d71535-c332-4f2b-80aa-b90d63a06a03 fb10a23b07884965bc0c4ffee1800cce 8a91ffeec2ec44929d32f253e15269f7 - - default default] Successfully bumped revision number for resource 7dab8650-8295-4b45-a88e-74c687748bee (type: security_group_rules) to 0
2026-05-09 02:42:45.896 10 INFO neutron.db.ovn_revision_numbers_db [None req-63d71535-c332-4f2b-80aa-b90d63a06a03 fb10a23b07884965bc0c4ffee1800cce 8a91ffeec2ec44929d32f253e15269f7 - - default default] Successfully bumped revision number for resource cc02c6dd-24d1-44ee-8244-c7dad61f7de4 (type: security_group_rules) to 0
2026-05-09 02:42:45.916 10 INFO neutron.db.ovn_revision_numbers_db [None req-63d71535-c332-4f2b-80aa-b90d63a06a03 fb10a23b07884965bc0c4ffee1800cce 8a91ffeec2ec44929d32f253e15269f7 - - default default] Successfully bumped revision number for resource e20866b4-1375-4ff4-835f-d282eb57e4e7 (type: security_group_rules) to 0
2026-05-09 02:42:45.944 10 INFO neutron.wsgi [None req-63d71535-c332-4f2b-80aa-b90d63a06a03 fb10a23b07884965bc0c4ffee1800cce 8a91ffeec2ec44929d32f253e15269f7 - - default default] 10.0.0.223 "GET /v2.0/security-groups?tenant_id=5de128f2b0334c5ea553fc4f65f6156b&name=default HTTP/1.1" status: 200 len: 2996 time: 0.3638389
2026-05-09 02:42:46.199 10 INFO neutron.wsgi [None req-85a3c098-3572-4c48-8c6b-b74fa8c20005 fb10a23b07884965bc0c4ffee1800cce 8a91ffeec2ec44929d32f253e15269f7 - - default default] 10.0.0.223 "DELETE /v2.0/security-groups/063d277f-e1b8-4ccf-aedf-500989ec530d HTTP/1.1" status: 204 len: 168 time: 0.2466946 /var/lib/openstack/lib/python3.10/site-packages/pycadf/identifier.py:71: UserWarning: Invalid uuid: neutron. To ensure interoperability, identifiers should be a valid uuid. warnings.warn(('Invalid uuid: %s. To ensure interoperability, '
2026-05-09 02:42:46.250 9 INFO neutron.wsgi [req-085dc965-5a9f-42d3-845c-1ccde2966482 req-cb32a63c-85f1-4a97-896a-4d7437c98256 002fc26cf7404fefbfbf4d842307191d a7308768ac554c54bca9075d9ecd84b7 - - default default] 10.0.0.176 "GET /v2.0/ports?device_id=0852e637-a802-4212-b566-a990cfabb4ab HTTP/1.1" status: 200 len: 1170 time: 0.0498257
2026-05-09 02:42:46.302 9 INFO neutron.wsgi [req-085dc965-5a9f-42d3-845c-1ccde2966482 req-3f00024e-1e79-4c44-995b-f3fb0c2283c8 002fc26cf7404fefbfbf4d842307191d a7308768ac554c54bca9075d9ecd84b7 - - default default] 10.0.0.176 "GET /v2.0/security-groups?id=32545288-5a04-477c-9750-0f911407795c&fields=id&fields=name HTTP/1.1" status: 200 len: 312 time: 0.0443540
2026-05-09 02:42:46.454 10 INFO neutron.wsgi [req-8709296a-bd73-4ada-b136-3edb0e533470 req-04cfd08f-c075-4c55-b49e-2144dd67342f 002fc26cf7404fefbfbf4d842307191d a7308768ac554c54bca9075d9ecd84b7 - - default default] 10.0.0.176 "GET /v2.0/ports?device_id=0852e637-a802-4212-b566-a990cfabb4ab HTTP/1.1" status: 200 len: 1170 time: 0.0929410
2026-05-09 02:42:46.760 10 INFO neutron.db.l3_db [None req-818121a8-26c5-4374-bae1-bf9ba6997530 002fc26cf7404fefbfbf4d842307191d a7308768ac554c54bca9075d9ecd84b7 - - default default] Floating IP 7b9e35d4-6b03-46e7-a22f-49317c599499 associated. External IP: 10.96.250.210, port: 95e194af-7406-49f2-9c2b-c35b7bc885b3.
2026-05-09 02:42:46.986 10 INFO neutron.db.ovn_revision_numbers_db [None req-818121a8-26c5-4374-bae1-bf9ba6997530 002fc26cf7404fefbfbf4d842307191d a7308768ac554c54bca9075d9ecd84b7 - - default default] Successfully bumped revision number for resource 7b9e35d4-6b03-46e7-a22f-49317c599499 (type: floatingips) to 1
2026-05-09 02:42:47.060 9 INFO neutron.notifiers.nova [-] Nova event matching ['req-a3426a5d-19bb-4157-acea-04a8d1107074'] response: {'server_uuid': '0852e637-a802-4212-b566-a990cfabb4ab', 'name': 'network-vif-plugged', 'status': 'completed', 'tag': '95e194af-7406-49f2-9c2b-c35b7bc885b3', 'code': 200}
2026-05-09 02:42:47.080 10 INFO neutron.db.ovn_revision_numbers_db [None req-d45d8c0d-710b-4cff-b935-f5c0e352867a fb10a23b07884965bc0c4ffee1800cce 8a91ffeec2ec44929d32f253e15269f7 - - default default] Successfully bumped revision number for resource 020b26a4-994c-46e1-b2b7-e1607607ae02 (type: security_groups) to 1
2026-05-09 02:42:47.108 10 INFO neutron.db.ovn_revision_numbers_db [None req-d45d8c0d-710b-4cff-b935-f5c0e352867a fb10a23b07884965bc0c4ffee1800cce 8a91ffeec2ec44929d32f253e15269f7 - - default default] Successfully bumped revision number for resource 281494e7-1e09-4d8f-9a4c-c049c6562fa1 (type: security_group_rules) to 0
2026-05-09 02:42:47.126 10 INFO neutron.db.ovn_revision_numbers_db [None req-d45d8c0d-710b-4cff-b935-f5c0e352867a fb10a23b07884965bc0c4ffee1800cce 8a91ffeec2ec44929d32f253e15269f7 - - default default] Successfully bumped revision number for resource 69930c02-bc88-44f1-a0c2-4ce245fdfc4c (type: security_group_rules) to 0
2026-05-09 02:42:47.135 10 INFO neutron.db.ovn_revision_numbers_db [None req-818121a8-26c5-4374-bae1-bf9ba6997530 002fc26cf7404fefbfbf4d842307191d a7308768ac554c54bca9075d9ecd84b7 - - default default] Successfully bumped revision number for resource 7b9e35d4-6b03-46e7-a22f-49317c599499 (type: floatingips) to 2
2026-05-09 02:42:47.157 10 INFO neutron.db.ovn_revision_numbers_db [None req-d45d8c0d-710b-4cff-b935-f5c0e352867a fb10a23b07884965bc0c4ffee1800cce 8a91ffeec2ec44929d32f253e15269f7 - - default default] Successfully bumped revision number for resource f48bc5d2-603b-4c5d-af8d-dad7e6386227 (type: security_group_rules) to 0
2026-05-09 02:42:47.165 10 INFO neutron.wsgi [None req-818121a8-26c5-4374-bae1-bf9ba6997530 002fc26cf7404fefbfbf4d842307191d a7308768ac554c54bca9075d9ecd84b7 - - default default] 10.0.0.223 "PUT /v2.0/floatingips/7b9e35d4-6b03-46e7-a22f-49317c599499 HTTP/1.1" status: 200 len: 1049 time: 0.6941617
2026-05-09 02:42:47.183 10 INFO neutron.db.ovn_revision_numbers_db [None req-d45d8c0d-710b-4cff-b935-f5c0e352867a fb10a23b07884965bc0c4ffee1800cce 8a91ffeec2ec44929d32f253e15269f7 - - default default] Successfully bumped revision number for resource ffda848c-93e1-4380-97b3-c0d0e007f9d0 (type: security_group_rules) to 0
2026-05-09 02:42:47.212 10 INFO neutron.wsgi [None req-d45d8c0d-710b-4cff-b935-f5c0e352867a fb10a23b07884965bc0c4ffee1800cce 8a91ffeec2ec44929d32f253e15269f7 - - default default] 10.0.0.223 "GET /v2.0/security-groups?tenant_id=986bb14da97448baa252192d5615d07e&name=default HTTP/1.1" status: 200 len: 2996 time: 0.4665470 /var/lib/openstack/lib/python3.10/site-packages/pycadf/identifier.py:71: UserWarning: Invalid uuid: neutron. To ensure interoperability, identifiers should be a valid uuid. warnings.warn(('Invalid uuid: %s. To ensure interoperability, '
2026-05-09 02:42:47.273 9 INFO neutron.wsgi [req-47a0caf8-717b-4f5e-bc12-bff69462f783 req-cf52c215-4acd-4279-91ea-d38aa40ddd97 002fc26cf7404fefbfbf4d842307191d a7308768ac554c54bca9075d9ecd84b7 - - default default] 10.0.0.176 "GET /v2.0/ports?device_id=0852e637-a802-4212-b566-a990cfabb4ab HTTP/1.1" status: 200 len: 1170 time: 0.0595062
2026-05-09 02:42:47.329 9 INFO neutron.wsgi [req-47a0caf8-717b-4f5e-bc12-bff69462f783 req-117e21ba-53e5-4298-89a4-bdf6ce1eef62 002fc26cf7404fefbfbf4d842307191d a7308768ac554c54bca9075d9ecd84b7 - - default default] 10.0.0.176 "GET /v2.0/security-groups?id=32545288-5a04-477c-9750-0f911407795c&fields=id&fields=name HTTP/1.1" status: 200 len: 312 time: 0.0507042
2026-05-09 02:42:47.376 10 INFO neutron.notifiers.nova [-] Nova event matching ['req-773db827-f83f-42a6-a02e-e343825e5c96'] response: {'name': 'network-changed', 'server_uuid': '0852e637-a802-4212-b566-a990cfabb4ab', 'tag': '95e194af-7406-49f2-9c2b-c35b7bc885b3', 'status': 'completed', 'code': 200}
2026-05-09 02:42:47.441 10 INFO neutron.wsgi [req-db7a1b76-6a09-4110-9e46-ed685f28562a req-d8ae29bc-3d29-489d-829e-642da21c84c6 ef09dd9a949f4bdfbe35f3e1e21c88dc d146927a6ee44321be9e00f207cea594 - - 5cbefcc8d7a04ad49654f2e15158ca36 5cbefcc8d7a04ad49654f2e15158ca36] 199.204.45.138 "GET /v2.0/ports?tenant_id=a7308768ac554c54bca9075d9ecd84b7&device_id=0852e637-a802-4212-b566-a990cfabb4ab HTTP/1.1" status: 200 len: 1409 time: 0.0319707
2026-05-09 02:42:47.506 10 INFO neutron.wsgi [req-db7a1b76-6a09-4110-9e46-ed685f28562a req-4c0cf5d4-edb5-406f-b948-168097ef71df ef09dd9a949f4bdfbe35f3e1e21c88dc d146927a6ee44321be9e00f207cea594 - - 5cbefcc8d7a04ad49654f2e15158ca36 5cbefcc8d7a04ad49654f2e15158ca36] 199.204.45.138 "GET /v2.0/networks?id=23aad997-6808-4df2-8d9f-1cbef2c7fd2a HTTP/1.1" status: 200 len: 967 time: 0.0581224
2026-05-09 02:42:47.538 9 INFO neutron.wsgi [None req-a368113e-a5fc-4ef4-abca-d649104e6c7b 2937e149ed4e4921993ff1d9872716ec 8ed800eef4a849f6ab4a6f645dcead47 - - default default] 10.0.0.166 "GET /v2.0/extensions HTTP/1.1" status: 200 len: 16980 time: 0.0068018
2026-05-09 02:42:47.556 10 INFO neutron.wsgi [None req-9005864e-8771-4875-abcf-d8027300810f fb10a23b07884965bc0c4ffee1800cce 8a91ffeec2ec44929d32f253e15269f7 - - default default] 10.0.0.223 "DELETE /v2.0/security-groups/020b26a4-994c-46e1-b2b7-e1607607ae02 HTTP/1.1" status: 204 len: 168 time: 0.3374758
2026-05-09 02:42:47.568 10 INFO neutron.wsgi [req-db7a1b76-6a09-4110-9e46-ed685f28562a req-8d1909f1-37ef-4051-bf4a-50fe076b2f21 ef09dd9a949f4bdfbe35f3e1e21c88dc d146927a6ee44321be9e00f207cea594 - - 5cbefcc8d7a04ad49654f2e15158ca36 5cbefcc8d7a04ad49654f2e15158ca36] 199.204.45.138 "GET /v2.0/floatingips?fixed_ip_address=10.100.0.8&port_id=95e194af-7406-49f2-9c2b-c35b7bc885b3 HTTP/1.1" status: 200 len: 1059 time: 0.0535440
2026-05-09 02:42:47.621 10 INFO neutron.wsgi [req-db7a1b76-6a09-4110-9e46-ed685f28562a req-85a5bf7d-d74e-41be-b822-9b8fb9cc6f83 ef09dd9a949f4bdfbe35f3e1e21c88dc d146927a6ee44321be9e00f207cea594 - - 5cbefcc8d7a04ad49654f2e15158ca36 5cbefcc8d7a04ad49654f2e15158ca36] 199.204.45.138 "GET /v2.0/subnets?id=8c85ff61-b7fc-4d0a-81f7-d0a39e91d435 HTTP/1.1" status: 200 len: 862 time: 0.0448222
2026-05-09 02:42:47.650 9 INFO neutron.wsgi [None req-cb60e2e5-bbb7-4f69-9181-bb0669426fa8 2937e149ed4e4921993ff1d9872716ec 8ed800eef4a849f6ab4a6f645dcead47 - - default default] 10.0.0.166 "GET /v2.0/quotas/8ed800eef4a849f6ab4a6f645dcead47/details HTTP/1.1" status: 200 len: 756 time: 0.0955346
2026-05-09 02:42:47.650 10 INFO neutron.wsgi [req-db7a1b76-6a09-4110-9e46-ed685f28562a req-dc95bbd9-a522-4a5d-b492-93c01d26cfa7 ef09dd9a949f4bdfbe35f3e1e21c88dc d146927a6ee44321be9e00f207cea594 - - 5cbefcc8d7a04ad49654f2e15158ca36 5cbefcc8d7a04ad49654f2e15158ca36] 199.204.45.138 "GET /v2.0/ports?network_id=23aad997-6808-4df2-8d9f-1cbef2c7fd2a&device_owner=network%3Adhcp HTTP/1.1" status: 200 len: 210 time: 0.0213444
2026-05-09 02:42:47.656 10 INFO neutron.wsgi [req-aa37987d-8fb9-4d3a-be75-08a911632423 req-ffec80b6-acf3-458b-a25b-afa0636af3f4 002fc26cf7404fefbfbf4d842307191d a7308768ac554c54bca9075d9ecd84b7 - - default default] 10.0.0.176 "GET /v2.0/ports?device_id=0852e637-a802-4212-b566-a990cfabb4ab HTTP/1.1" status: 200 len: 1170 time: 0.0555537
2026-05-09 02:42:47.717 10 INFO neutron.wsgi [req-aa37987d-8fb9-4d3a-be75-08a911632423 req-0329c531-027a-4345-a516-a0c0c61eec24 002fc26cf7404fefbfbf4d842307191d a7308768ac554c54bca9075d9ecd84b7 - - default default] 10.0.0.176 "GET /v2.0/security-groups?id=32545288-5a04-477c-9750-0f911407795c&fields=id&fields=name HTTP/1.1" status: 200 len: 312 time: 0.0530243
2026-05-09 02:42:47.737 9 INFO neutron.plugins.ml2.drivers.ovn.mech_driver.mech_driver [None req-7d293c66-7a4f-43d3-a26a-1d940f5875fc - - - - - -] OVN reports status down for port: 95e194af-7406-49f2-9c2b-c35b7bc885b3
2026-05-09 02:42:47.744 10 INFO neutron.wsgi [req-db7a1b76-6a09-4110-9e46-ed685f28562a req-67d3d276-668c-48b1-86e3-d0c08b638e94 ef09dd9a949f4bdfbe35f3e1e21c88dc d146927a6ee44321be9e00f207cea594 - - 5cbefcc8d7a04ad49654f2e15158ca36 5cbefcc8d7a04ad49654f2e15158ca36] 199.204.45.138 "GET /v2.0/networks/23aad997-6808-4df2-8d9f-1cbef2c7fd2a?fields=segments HTTP/1.1" status: 200 len: 212 time: 0.0807388
2026-05-09 02:42:47.809 10 INFO neutron.wsgi [req-db7a1b76-6a09-4110-9e46-ed685f28562a req-11dd89be-5c75-43ce-9d4a-a89f4e23df56 ef09dd9a949f4bdfbe35f3e1e21c88dc d146927a6ee44321be9e00f207cea594 - - 5cbefcc8d7a04ad49654f2e15158ca36 5cbefcc8d7a04ad49654f2e15158ca36] 199.204.45.138 "GET /v2.0/networks/23aad997-6808-4df2-8d9f-1cbef2c7fd2a?fields=provider%3Aphysical_network&fields=provider%3Anetwork_type HTTP/1.1" status: 200 len: 277 time: 0.0573399
2026-05-09 02:42:48.002 10 INFO neutron.wsgi [req-18bac27a-e301-4aaf-ade2-cc8a358e97da req-ecc526f1-5122-446a-8682-1490bdf7be78 002fc26cf7404fefbfbf4d842307191d a7308768ac554c54bca9075d9ecd84b7 - - default default] 199.204.45.138 "GET /v2.0/ports?device_id=0852e637-a802-4212-b566-a990cfabb4ab HTTP/1.1" status: 200 len: 1168 time: 0.0551760
2026-05-09 02:42:48.079 9 INFO neutron.db.ovn_revision_numbers_db [None req-7d293c66-7a4f-43d3-a26a-1d940f5875fc - - - - - -] Successfully bumped revision number for resource 95e194af-7406-49f2-9c2b-c35b7bc885b3 (type: ports) to 5 /var/lib/openstack/lib/python3.10/site-packages/pycadf/identifier.py:71: UserWarning: Invalid uuid: neutron. To ensure interoperability, identifiers should be a valid uuid. warnings.warn(('Invalid uuid: %s. To ensure interoperability, '
2026-05-09 02:42:48.158 9 WARNING neutron_lib.context [None req-02115981-5db4-4801-b113-af21a9fa4cf8 6f34d567b94a4b298fac85aadbf6e58d 7ffececc38db49969da85e8edbd27272 - - default default] Method 'is_advsvc' is deprecated since 2023.2 release (neutron-lib 3.8.0) and will be removed once support for the old RBAC API policies will be removed from Neutron. Please use method 'is_service_role' instead.
2026-05-09 02:42:48.313 9 INFO neutron.db.ovn_revision_numbers_db [None req-02115981-5db4-4801-b113-af21a9fa4cf8 6f34d567b94a4b298fac85aadbf6e58d 7ffececc38db49969da85e8edbd27272 - - default default] Successfully bumped revision number for resource 34332a70-4a67-44a1-b128-2060b6799739 (type: security_groups) to 1
2026-05-09 02:42:48.327 9 INFO neutron.db.ovn_revision_numbers_db [None req-02115981-5db4-4801-b113-af21a9fa4cf8 6f34d567b94a4b298fac85aadbf6e58d 7ffececc38db49969da85e8edbd27272 - - default default] Successfully bumped revision number for resource 45c30416-5ca0-43de-917c-cd76f0d72ce6 (type: security_group_rules) to 0
2026-05-09 02:42:48.342 9 INFO neutron.db.ovn_revision_numbers_db [None req-02115981-5db4-4801-b113-af21a9fa4cf8 6f34d567b94a4b298fac85aadbf6e58d 7ffececc38db49969da85e8edbd27272 - - default default] Successfully bumped revision number for resource 6af61945-ce6b-4a36-90e4-2e63d63f53cb (type: security_group_rules) to 0
2026-05-09 02:42:48.377 9 INFO neutron.db.ovn_revision_numbers_db [None req-02115981-5db4-4801-b113-af21a9fa4cf8 6f34d567b94a4b298fac85aadbf6e58d 7ffececc38db49969da85e8edbd27272 - - default default] Successfully bumped revision number for resource c84ae96d-d0e9-420f-97f7-0575776bf1e5 (type: security_group_rules) to 0
2026-05-09 02:42:48.394 10 INFO neutron.db.l3_db [req-18bac27a-e301-4aaf-ade2-cc8a358e97da req-77208f25-90be-4b1f-b2f3-a15dd9e19b04 002fc26cf7404fefbfbf4d842307191d a7308768ac554c54bca9075d9ecd84b7 - - default default] Floating IP 7b9e35d4-6b03-46e7-a22f-49317c599499 disassociated. External IP: 10.96.250.210, port: 95e194af-7406-49f2-9c2b-c35b7bc885b3.
2026-05-09 02:42:48.396 9 INFO neutron.db.ovn_revision_numbers_db [None req-02115981-5db4-4801-b113-af21a9fa4cf8 6f34d567b94a4b298fac85aadbf6e58d 7ffececc38db49969da85e8edbd27272 - - default default] Successfully bumped revision number for resource ebc90a8e-cf4e-4147-a8a3-4b52c78656fa (type: security_group_rules) to 0
