2026-05-09 02:46:14.997 10 INFO neutron.db.ovn_revision_numbers_db [None req-2c403297-feca-487a-968c-da4abc24f3bf bdf2cd3bbd2948f4a53af6e7eb009f4c cf91d3bc6ed34c6b90d5ba057d0d8587 - - default default] Successfully bumped revision number for resource d7f3324e-c39a-45ae-a152-aa3a0b7bb752 (type: router_ports) to 2
2026-05-09 02:46:14.999 10 INFO neutron.wsgi [None req-2c403297-feca-487a-968c-da4abc24f3bf bdf2cd3bbd2948f4a53af6e7eb009f4c cf91d3bc6ed34c6b90d5ba057d0d8587 - - default default] 10.0.0.223 "PUT /v2.0/routers/d604a402-f042-4d5b-bafc-e48dd5a722cc/add_router_interface HTTP/1.1" status: 200 len: 503 time: 2.2302649
2026-05-09 02:46:15.073 10 WARNING neutron_lib.context [None req-edbf3bcc-8568-41b0-9252-ce8e36b62cb2 bdf2cd3bbd2948f4a53af6e7eb009f4c cf91d3bc6ed34c6b90d5ba057d0d8587 - - default default] Method 'is_advsvc' is deprecated since 2023.2 release (neutron-lib 3.8.0) and will be removed once support for the old RBAC API policies will be removed from Neutron. Please use method 'is_service_role' instead.
2026-05-09 02:46:15.207 10 INFO neutron.db.ovn_revision_numbers_db [None req-edbf3bcc-8568-41b0-9252-ce8e36b62cb2 bdf2cd3bbd2948f4a53af6e7eb009f4c cf91d3bc6ed34c6b90d5ba057d0d8587 - - default default] Successfully bumped revision number for resource c3c3754d-a901-4d9b-9661-145caaf09f40 (type: security_groups) to 1
2026-05-09 02:46:15.222 10 INFO neutron.db.ovn_revision_numbers_db [None req-edbf3bcc-8568-41b0-9252-ce8e36b62cb2 bdf2cd3bbd2948f4a53af6e7eb009f4c cf91d3bc6ed34c6b90d5ba057d0d8587 - - default default] Successfully bumped revision number for resource 2539ac79-72a8-407f-a346-57a532ce8e26 (type: security_group_rules) to 0
2026-05-09 02:46:15.236 10 INFO neutron.db.ovn_revision_numbers_db [None req-edbf3bcc-8568-41b0-9252-ce8e36b62cb2 bdf2cd3bbd2948f4a53af6e7eb009f4c cf91d3bc6ed34c6b90d5ba057d0d8587 - - default default] Successfully bumped revision number for resource 931cd54e-f71f-4966-9e2c-8f6254dfc0fb (type: security_group_rules) to 0
2026-05-09 02:46:15.258 10 INFO neutron.wsgi [None req-edbf3bcc-8568-41b0-9252-ce8e36b62cb2 bdf2cd3bbd2948f4a53af6e7eb009f4c cf91d3bc6ed34c6b90d5ba057d0d8587 - - default default] 10.0.0.223 "POST /v2.0/security-groups HTTP/1.1" status: 201 len: 1765 time: 0.1912434
2026-05-09 02:46:15.268 10 WARNING neutron_lib.context [None req-7d6a23bc-c96f-444c-8a8e-d7dedcfcc704 bdf2cd3bbd2948f4a53af6e7eb009f4c cf91d3bc6ed34c6b90d5ba057d0d8587 - - default default] Method 'is_advsvc' is deprecated since 2023.2 release (neutron-lib 3.8.0) and will be removed once support for the old RBAC API policies will be removed from Neutron. Please use method 'is_service_role' instead.
2026-05-09 02:46:15.420 10 INFO neutron.db.ovn_revision_numbers_db [None req-7d6a23bc-c96f-444c-8a8e-d7dedcfcc704 bdf2cd3bbd2948f4a53af6e7eb009f4c cf91d3bc6ed34c6b90d5ba057d0d8587 - - default default] Successfully bumped revision number for resource fcd23ef9-42af-410c-90b4-cbbd46cf504f (type: security_group_rules) to 0
2026-05-09 02:46:15.446 10 INFO neutron.wsgi [None req-7d6a23bc-c96f-444c-8a8e-d7dedcfcc704 bdf2cd3bbd2948f4a53af6e7eb009f4c cf91d3bc6ed34c6b90d5ba057d0d8587 - - default default] 10.0.0.223 "POST /v2.0/security-group-rules HTTP/1.1" status: 201 len: 764 time: 0.1823089
2026-05-09 02:46:15.456 10 WARNING neutron_lib.context [None req-04ca6816-f7bd-4924-b2f3-2edfad978fe3 bdf2cd3bbd2948f4a53af6e7eb009f4c cf91d3bc6ed34c6b90d5ba057d0d8587 - - default default] Method 'is_advsvc' is deprecated since 2023.2 release (neutron-lib 3.8.0) and will be removed once support for the old RBAC API policies will be removed from Neutron. Please use method 'is_service_role' instead.
2026-05-09 02:46:15.571 10 INFO neutron.db.ovn_revision_numbers_db [None req-04ca6816-f7bd-4924-b2f3-2edfad978fe3 bdf2cd3bbd2948f4a53af6e7eb009f4c cf91d3bc6ed34c6b90d5ba057d0d8587 - - default default] Successfully bumped revision number for resource 011f3dd4-6c7a-4043-9da1-11baa286027c (type: security_group_rules) to 0
2026-05-09 02:46:15.598 10 INFO neutron.wsgi [None req-04ca6816-f7bd-4924-b2f3-2edfad978fe3 bdf2cd3bbd2948f4a53af6e7eb009f4c cf91d3bc6ed34c6b90d5ba057d0d8587 - - default default] 10.0.0.223 "POST /v2.0/security-group-rules HTTP/1.1" status: 201 len: 764 time: 0.1474311
2026-05-09 02:46:15.608 10 WARNING neutron_lib.context [None req-2738516e-6338-4675-a307-fc6914939846 bdf2cd3bbd2948f4a53af6e7eb009f4c cf91d3bc6ed34c6b90d5ba057d0d8587 - - default default] Method 'is_advsvc' is deprecated since 2023.2 release (neutron-lib 3.8.0) and will be removed once support for the old RBAC API policies will be removed from Neutron. Please use method 'is_service_role' instead.
2026-05-09 02:46:15.724 10 INFO neutron.db.ovn_revision_numbers_db [None req-2738516e-6338-4675-a307-fc6914939846 bdf2cd3bbd2948f4a53af6e7eb009f4c cf91d3bc6ed34c6b90d5ba057d0d8587 - - default default] Successfully bumped revision number for resource fa4e08ff-2473-448c-9dc2-22b97119cca1 (type: security_group_rules) to 0
2026-05-09 02:46:15.749 10 INFO neutron.wsgi [None req-2738516e-6338-4675-a307-fc6914939846 bdf2cd3bbd2948f4a53af6e7eb009f4c cf91d3bc6ed34c6b90d5ba057d0d8587 - - default default] 10.0.0.223 "POST /v2.0/security-group-rules HTTP/1.1" status: 201 len: 766 time: 0.1459725
2026-05-09 02:46:15.765 9 WARNING neutron_lib.context [None req-2c1f1e49-b3db-4f7c-a82f-4f4f56ee41c3 bdf2cd3bbd2948f4a53af6e7eb009f4c cf91d3bc6ed34c6b90d5ba057d0d8587 - - default default] Method 'is_advsvc' is deprecated since 2023.2 release (neutron-lib 3.8.0) and will be removed once support for the old RBAC API policies will be removed from Neutron. Please use method 'is_service_role' instead.
2026-05-09 02:46:15.891 10 WARNING neutron.plugins.ml2.drivers.ovn.mech_driver.ovsdb.ovn_client [None req-56a148bd-0010-44a2-86a8-c91e0137a763 - - - - - -] No hosting information found for port f74401ca-5de4-4c99-9b33-b1bec78c36d6: RuntimeError: No hosting information found for port f74401ca-5de4-4c99-9b33-b1bec78c36d6
2026-05-09 02:46:15.892 10 INFO neutron.plugins.ml2.drivers.ovn.mech_driver.mech_driver [None req-56a148bd-0010-44a2-86a8-c91e0137a763 - - - - - -] OVN reports status up for port: 5634daa3-4128-4535-9825-50b9ca21f54f
2026-05-09 02:46:15.901 10 INFO neutron.plugins.ml2.plugin [None req-56a148bd-0010-44a2-86a8-c91e0137a763 - - - - - -] Attempt 1 to provision port 5634daa3-4128-4535-9825-50b9ca21f54f
2026-05-09 02:46:15.931 9 INFO neutron.db.ovn_revision_numbers_db [None req-2c1f1e49-b3db-4f7c-a82f-4f4f56ee41c3 bdf2cd3bbd2948f4a53af6e7eb009f4c cf91d3bc6ed34c6b90d5ba057d0d8587 - - default default] Successfully bumped revision number for resource 9d548026-b75b-4e6f-8d77-ec3121063a12 (type: security_group_rules) to 0
2026-05-09 02:46:15.956 9 INFO neutron.wsgi [None req-2c1f1e49-b3db-4f7c-a82f-4f4f56ee41c3 bdf2cd3bbd2948f4a53af6e7eb009f4c cf91d3bc6ed34c6b90d5ba057d0d8587 - - default default] 10.0.0.223 "POST /v2.0/security-group-rules HTTP/1.1" status: 201 len: 768 time: 0.1997972
2026-05-09 02:46:15.965 9 WARNING neutron_lib.context [None req-ef92155e-d54c-42a1-84c4-1d7f951ebef4 bdf2cd3bbd2948f4a53af6e7eb009f4c cf91d3bc6ed34c6b90d5ba057d0d8587 - - default default] Method 'is_advsvc' is deprecated since 2023.2 release (neutron-lib 3.8.0) and will be removed once support for the old RBAC API policies will be removed from Neutron. Please use method 'is_service_role' instead.
2026-05-09 02:46:16.091 9 INFO neutron.db.ovn_revision_numbers_db [None req-ef92155e-d54c-42a1-84c4-1d7f951ebef4 bdf2cd3bbd2948f4a53af6e7eb009f4c cf91d3bc6ed34c6b90d5ba057d0d8587 - - default default] Successfully bumped revision number for resource 8864f61f-ce0a-4a52-8ff1-941ae8563c39 (type: security_group_rules) to 0
2026-05-09 02:46:16.115 9 INFO neutron.wsgi [None req-ef92155e-d54c-42a1-84c4-1d7f951ebef4 bdf2cd3bbd2948f4a53af6e7eb009f4c cf91d3bc6ed34c6b90d5ba057d0d8587 - - default default] 10.0.0.223 "POST /v2.0/security-group-rules HTTP/1.1" status: 201 len: 768 time: 0.1540940
2026-05-09 02:46:16.127 9 WARNING neutron_lib.context [None req-10b97c2c-6969-413a-abfa-4bf71e83dd68 bdf2cd3bbd2948f4a53af6e7eb009f4c cf91d3bc6ed34c6b90d5ba057d0d8587 - - default default] Method 'is_advsvc' is deprecated since 2023.2 release (neutron-lib 3.8.0) and will be removed once support for the old RBAC API policies will be removed from Neutron. Please use method 'is_service_role' instead.
2026-05-09 02:46:16.165 10 INFO neutron.db.ovn_revision_numbers_db [None req-56a148bd-0010-44a2-86a8-c91e0137a763 - - - - - -] Successfully bumped revision number for resource 5634daa3-4128-4535-9825-50b9ca21f54f (type: ports) to 2
2026-05-09 02:46:16.241 10 INFO neutron.db.ovn_revision_numbers_db [None req-56a148bd-0010-44a2-86a8-c91e0137a763 - - - - - -] Successfully bumped revision number for resource 5634daa3-4128-4535-9825-50b9ca21f54f (type: router_ports) to 2
2026-05-09 02:46:16.255 9 INFO neutron.db.ovn_revision_numbers_db [None req-10b97c2c-6969-413a-abfa-4bf71e83dd68 bdf2cd3bbd2948f4a53af6e7eb009f4c cf91d3bc6ed34c6b90d5ba057d0d8587 - - default default] Successfully bumped revision number for resource 8c4f0168-07b6-4e47-9fc6-9e68ead40400 (type: security_group_rules) to 0
2026-05-09 02:46:16.284 9 INFO neutron.wsgi [None req-10b97c2c-6969-413a-abfa-4bf71e83dd68 bdf2cd3bbd2948f4a53af6e7eb009f4c cf91d3bc6ed34c6b90d5ba057d0d8587 - - default default] 10.0.0.223 "POST /v2.0/security-group-rules HTTP/1.1" status: 201 len: 764 time: 0.1614869
2026-05-09 02:46:16.295 10 WARNING neutron_lib.context [None req-7c738885-97c0-4735-9886-0d87e7726024 bdf2cd3bbd2948f4a53af6e7eb009f4c cf91d3bc6ed34c6b90d5ba057d0d8587 - - default default] Method 'is_advsvc' is deprecated since 2023.2 release (neutron-lib 3.8.0) and will be removed once support for the old RBAC API policies will be removed from Neutron. Please use method 'is_service_role' instead.
2026-05-09 02:46:16.443 10 INFO neutron.db.ovn_revision_numbers_db [None req-7c738885-97c0-4735-9886-0d87e7726024 bdf2cd3bbd2948f4a53af6e7eb009f4c cf91d3bc6ed34c6b90d5ba057d0d8587 - - default default] Successfully bumped revision number for resource 878deda6-0157-406e-9413-c36a21d716ab (type: security_group_rules) to 0
2026-05-09 02:46:16.470 10 INFO neutron.wsgi [None req-7c738885-97c0-4735-9886-0d87e7726024 bdf2cd3bbd2948f4a53af6e7eb009f4c cf91d3bc6ed34c6b90d5ba057d0d8587 - - default default] 10.0.0.223 "POST /v2.0/security-group-rules HTTP/1.1" status: 201 len: 764 time: 0.1815798
2026-05-09 02:46:16.480 10 WARNING neutron_lib.context [None req-004935f4-52fb-4a62-9658-e97f05c37e8a bdf2cd3bbd2948f4a53af6e7eb009f4c cf91d3bc6ed34c6b90d5ba057d0d8587 - - default default] Method 'is_advsvc' is deprecated since 2023.2 release (neutron-lib 3.8.0) and will be removed once support for the old RBAC API policies will be removed from Neutron. Please use method 'is_service_role' instead.
2026-05-09 02:46:16.603 10 INFO neutron.db.ovn_revision_numbers_db [None req-004935f4-52fb-4a62-9658-e97f05c37e8a bdf2cd3bbd2948f4a53af6e7eb009f4c cf91d3bc6ed34c6b90d5ba057d0d8587 - - default default] Successfully bumped revision number for resource 09c70b33-7600-4cb0-aea3-2d23f6e8e8f5 (type: security_group_rules) to 0
2026-05-09 02:46:16.629 10 INFO neutron.wsgi [None req-004935f4-52fb-4a62-9658-e97f05c37e8a bdf2cd3bbd2948f4a53af6e7eb009f4c cf91d3bc6ed34c6b90d5ba057d0d8587 - - default default] 10.0.0.223 "POST /v2.0/security-group-rules HTTP/1.1" status: 201 len: 764 time: 0.1543908
2026-05-09 02:46:16.641 10 WARNING neutron_lib.context [None req-40755e06-3045-4203-95fe-3f42e1592dfd bdf2cd3bbd2948f4a53af6e7eb009f4c cf91d3bc6ed34c6b90d5ba057d0d8587 - - default default] Method 'is_advsvc' is deprecated since 2023.2 release (neutron-lib 3.8.0) and will be removed once support for the old RBAC API policies will be removed from Neutron. Please use method 'is_service_role' instead.
2026-05-09 02:46:16.776 10 INFO neutron.db.ovn_revision_numbers_db [None req-40755e06-3045-4203-95fe-3f42e1592dfd bdf2cd3bbd2948f4a53af6e7eb009f4c cf91d3bc6ed34c6b90d5ba057d0d8587 - - default default] Successfully bumped revision number for resource 4d045245-174c-4783-b98e-7b896e25887f (type: security_group_rules) to 0
2026-05-09 02:46:16.796 10 INFO neutron.wsgi [None req-40755e06-3045-4203-95fe-3f42e1592dfd bdf2cd3bbd2948f4a53af6e7eb009f4c cf91d3bc6ed34c6b90d5ba057d0d8587 - - default default] 10.0.0.223 "POST /v2.0/security-group-rules HTTP/1.1" status: 201 len: 766 time: 0.1604004
2026-05-09 02:46:16.805 10 WARNING neutron_lib.context [None req-3c3cf5dd-b5a5-4ea8-94a8-648de612d579 bdf2cd3bbd2948f4a53af6e7eb009f4c cf91d3bc6ed34c6b90d5ba057d0d8587 - - default default] Method 'is_advsvc' is deprecated since 2023.2 release (neutron-lib 3.8.0) and will be removed once support for the old RBAC API policies will be removed from Neutron. Please use method 'is_service_role' instead.
2026-05-09 02:46:16.946 10 INFO neutron.db.ovn_revision_numbers_db [None req-3c3cf5dd-b5a5-4ea8-94a8-648de612d579 bdf2cd3bbd2948f4a53af6e7eb009f4c cf91d3bc6ed34c6b90d5ba057d0d8587 - - default default] Successfully bumped revision number for resource fd07419a-b90d-4824-ae8f-203afc9ca93a (type: security_group_rules) to 0
2026-05-09 02:46:16.966 10 INFO neutron.wsgi [None req-3c3cf5dd-b5a5-4ea8-94a8-648de612d579 bdf2cd3bbd2948f4a53af6e7eb009f4c cf91d3bc6ed34c6b90d5ba057d0d8587 - - default default] 10.0.0.223 "POST /v2.0/security-group-rules HTTP/1.1" status: 201 len: 768 time: 0.1653378
2026-05-09 02:46:16.974 10 WARNING neutron_lib.context [None req-5da13920-c11b-458d-aa95-723336ffcce6 bdf2cd3bbd2948f4a53af6e7eb009f4c cf91d3bc6ed34c6b90d5ba057d0d8587 - - default default] Method 'is_advsvc' is deprecated since 2023.2 release (neutron-lib 3.8.0) and will be removed once support for the old RBAC API policies will be removed from Neutron. Please use method 'is_service_role' instead.
2026-05-09 02:46:17.150 10 INFO neutron.db.ovn_revision_numbers_db [None req-5da13920-c11b-458d-aa95-723336ffcce6 bdf2cd3bbd2948f4a53af6e7eb009f4c cf91d3bc6ed34c6b90d5ba057d0d8587 - - default default] Successfully bumped revision number for resource bd13e356-34cb-4141-8e92-981711d43aae (type: security_group_rules) to 0
2026-05-09 02:46:17.180 10 INFO neutron.wsgi [None req-5da13920-c11b-458d-aa95-723336ffcce6 bdf2cd3bbd2948f4a53af6e7eb009f4c cf91d3bc6ed34c6b90d5ba057d0d8587 - - default default] 10.0.0.223 "POST /v2.0/security-group-rules HTTP/1.1" status: 201 len: 764 time: 0.2101517
2026-05-09 02:46:17.767 10 INFO neutron.wsgi [req-4f2ce860-7d78-44a0-8ed4-f8f83cc1b576 req-3632a59d-8644-4bcc-90fd-3b52b6ed69e1 bdf2cd3bbd2948f4a53af6e7eb009f4c cf91d3bc6ed34c6b90d5ba057d0d8587 - - default default] 10.0.0.176 "GET /v2.0/security-groups?name=tempest-lb_member_SG-356478515&fields=id&tenant_id=cf91d3bc6ed34c6b90d5ba057d0d8587 HTTP/1.1" status: 200 len: 267 time: 0.0583186
2026-05-09 02:46:17.901 10 INFO neutron.wsgi [req-4f2ce860-7d78-44a0-8ed4-f8f83cc1b576 req-d4feab9a-2564-4d1e-a2c8-5accf4d71529 bdf2cd3bbd2948f4a53af6e7eb009f4c cf91d3bc6ed34c6b90d5ba057d0d8587 - - default default] 10.0.0.176 "GET /v2.0/networks?id=3c8b1408-ed5e-420a-bc2b-2331e3bdb8c8 HTTP/1.1" status: 200 len: 904 time: 0.1294441
2026-05-09 02:46:17.918 10 INFO neutron.wsgi [req-4f2ce860-7d78-44a0-8ed4-f8f83cc1b576 req-92314614-b6a9-4261-a731-b5e98e9bf903 bdf2cd3bbd2948f4a53af6e7eb009f4c cf91d3bc6ed34c6b90d5ba057d0d8587 - - default default] 10.0.0.176 "GET /v2.0/quotas/cf91d3bc6ed34c6b90d5ba057d0d8587 HTTP/1.1" status: 200 len: 386 time: 0.0113773
2026-05-09 02:46:18.142 10 INFO neutron.wsgi [req-4f2ce860-7d78-44a0-8ed4-f8f83cc1b576 req-dcde2d34-2d63-46d4-aa37-780625efbded bdf2cd3bbd2948f4a53af6e7eb009f4c cf91d3bc6ed34c6b90d5ba057d0d8587 - - default default] 10.0.0.176 "GET /v2.0/ports?tenant_id=cf91d3bc6ed34c6b90d5ba057d0d8587&fields=id HTTP/1.1" status: 200 len: 486 time: 0.2159474
2026-05-09 02:46:18.270 10 INFO neutron.wsgi [req-4f2ce860-7d78-44a0-8ed4-f8f83cc1b576 req-8e527df0-187f-4b1b-8754-4795bdc9c66f ef09dd9a949f4bdfbe35f3e1e21c88dc d146927a6ee44321be9e00f207cea594 - - 5cbefcc8d7a04ad49654f2e15158ca36 5cbefcc8d7a04ad49654f2e15158ca36] 10.0.0.176 "GET /v2.0/networks/3c8b1408-ed5e-420a-bc2b-2331e3bdb8c8?fields=segments HTTP/1.1" status: 200 len: 212 time: 0.1142745
2026-05-09 02:46:18.341 10 INFO neutron.wsgi [req-4f2ce860-7d78-44a0-8ed4-f8f83cc1b576 req-97632860-c602-4bd4-bf65-dbff17b5fa7f ef09dd9a949f4bdfbe35f3e1e21c88dc d146927a6ee44321be9e00f207cea594 - - 5cbefcc8d7a04ad49654f2e15158ca36 5cbefcc8d7a04ad49654f2e15158ca36] 10.0.0.176 "GET /v2.0/networks/3c8b1408-ed5e-420a-bc2b-2331e3bdb8c8?fields=provider%3Aphysical_network&fields=provider%3Anetwork_type HTTP/1.1" status: 200 len: 277 time: 0.0622685
2026-05-09 02:46:18.534 9 INFO neutron.wsgi [req-dcb5360f-bf4a-436c-a595-8f68a0805f18 req-2f3896d0-aeb9-41fc-97f1-47b65ad42136 bdf2cd3bbd2948f4a53af6e7eb009f4c cf91d3bc6ed34c6b90d5ba057d0d8587 - - default default] 10.0.0.176 "GET /v2.0/ports?device_id=2ed5dbf1-c8f3-4bfc-b0d2-a3b3b163ec0c HTTP/1.1" status: 200 len: 210 time: 0.0654216
2026-05-09 02:46:19.353 10 INFO neutron.wsgi [req-4f2ce860-7d78-44a0-8ed4-f8f83cc1b576 req-eadbb4e7-be35-4902-b8d5-295f0ea2e5b3 bdf2cd3bbd2948f4a53af6e7eb009f4c cf91d3bc6ed34c6b90d5ba057d0d8587 - - default default] 199.204.45.138 "GET /v2.0/networks?id=3c8b1408-ed5e-420a-bc2b-2331e3bdb8c8 HTTP/1.1" status: 200 len: 904 time: 0.1176329
2026-05-09 02:46:19.414 10 INFO neutron.wsgi [req-4f2ce860-7d78-44a0-8ed4-f8f83cc1b576 req-1c14d2ec-9ca8-4d98-a027-12d64d3e66ef bdf2cd3bbd2948f4a53af6e7eb009f4c cf91d3bc6ed34c6b90d5ba057d0d8587 - - default default] 199.204.45.138 "GET /v2.0/security-groups?fields=id&fields=name&tenant_id=cf91d3bc6ed34c6b90d5ba057d0d8587 HTTP/1.1" status: 200 len: 377 time: 0.0536680
2026-05-09 02:46:19.442 10 WARNING neutron_lib.context [req-4f2ce860-7d78-44a0-8ed4-f8f83cc1b576 req-e1a33cdc-3f7b-4148-a8fb-f0bda6d3f0ba bdf2cd3bbd2948f4a53af6e7eb009f4c cf91d3bc6ed34c6b90d5ba057d0d8587 - - default default] Method 'is_advsvc' is deprecated since 2023.2 release (neutron-lib 3.8.0) and will be removed once support for the old RBAC API policies will be removed from Neutron. Please use method 'is_service_role' instead.
2026-05-09 02:46:19.848 10 WARNING neutron.scheduler.dhcp_agent_scheduler [req-4f2ce860-7d78-44a0-8ed4-f8f83cc1b576 req-e1a33cdc-3f7b-4148-a8fb-f0bda6d3f0ba bdf2cd3bbd2948f4a53af6e7eb009f4c cf91d3bc6ed34c6b90d5ba057d0d8587 - - default default] No more DHCP agents
2026-05-09 02:46:19.851 10 WARNING neutron.api.rpc.agentnotifiers.dhcp_rpc_agent_api [req-4f2ce860-7d78-44a0-8ed4-f8f83cc1b576 req-e1a33cdc-3f7b-4148-a8fb-f0bda6d3f0ba bdf2cd3bbd2948f4a53af6e7eb009f4c cf91d3bc6ed34c6b90d5ba057d0d8587 - - default default] Unable to schedule network 3c8b1408-ed5e-420a-bc2b-2331e3bdb8c8: no agents available; will retry on subsequent port and subnet creation events.
2026-05-09 02:46:19.855 9 WARNING neutron.plugins.ml2.drivers.ovn.mech_driver.ovsdb.ovn_client [None req-7d293c66-7a4f-43d3-a26a-1d940f5875fc - - - - - -] No hosting information found for port d7f3324e-c39a-45ae-a152-aa3a0b7bb752: RuntimeError: No hosting information found for port d7f3324e-c39a-45ae-a152-aa3a0b7bb752
2026-05-09 02:46:20.020 10 INFO neutron.db.ovn_revision_numbers_db [req-4f2ce860-7d78-44a0-8ed4-f8f83cc1b576 req-e1a33cdc-3f7b-4148-a8fb-f0bda6d3f0ba bdf2cd3bbd2948f4a53af6e7eb009f4c cf91d3bc6ed34c6b90d5ba057d0d8587 - - default default] Successfully bumped revision number for resource 1d67b23f-3923-484b-92d9-5f3ed582ec97 (type: ports) to 1
2026-05-09 02:46:20.043 10 INFO neutron.wsgi [req-4f2ce860-7d78-44a0-8ed4-f8f83cc1b576 req-e1a33cdc-3f7b-4148-a8fb-f0bda6d3f0ba bdf2cd3bbd2948f4a53af6e7eb009f4c cf91d3bc6ed34c6b90d5ba057d0d8587 - - default default] 199.204.45.138 "POST /v2.0/ports HTTP/1.1" status: 201 len: 1384 time: 0.6089320 /var/lib/openstack/lib/python3.10/site-packages/pycadf/identifier.py:71: UserWarning: Invalid uuid: neutron. To ensure interoperability, identifiers should be a valid uuid. warnings.warn(('Invalid uuid: %s. To ensure interoperability, '
2026-05-09 02:46:20.636 10 INFO neutron.db.ovn_revision_numbers_db [req-4f2ce860-7d78-44a0-8ed4-f8f83cc1b576 req-5e914656-1372-4942-a349-91b9f56fbd94 ef09dd9a949f4bdfbe35f3e1e21c88dc d146927a6ee44321be9e00f207cea594 - - 5cbefcc8d7a04ad49654f2e15158ca36 5cbefcc8d7a04ad49654f2e15158ca36] Successfully bumped revision number for resource 1d67b23f-3923-484b-92d9-5f3ed582ec97 (type: ports) to 2
2026-05-09 02:46:20.905 10 INFO neutron.db.ovn_revision_numbers_db [req-4f2ce860-7d78-44a0-8ed4-f8f83cc1b576 req-5e914656-1372-4942-a349-91b9f56fbd94 ef09dd9a949f4bdfbe35f3e1e21c88dc d146927a6ee44321be9e00f207cea594 - - 5cbefcc8d7a04ad49654f2e15158ca36 5cbefcc8d7a04ad49654f2e15158ca36] Successfully bumped revision number for resource 1d67b23f-3923-484b-92d9-5f3ed582ec97 (type: ports) to 2
2026-05-09 02:46:20.930 10 INFO neutron.wsgi [req-4f2ce860-7d78-44a0-8ed4-f8f83cc1b576 req-5e914656-1372-4942-a349-91b9f56fbd94 ef09dd9a949f4bdfbe35f3e1e21c88dc d146927a6ee44321be9e00f207cea594 - - 5cbefcc8d7a04ad49654f2e15158ca36 5cbefcc8d7a04ad49654f2e15158ca36] 199.204.45.138 "PUT /v2.0/ports/1d67b23f-3923-484b-92d9-5f3ed582ec97 HTTP/1.1" status: 200 len: 1601 time: 0.8765996
2026-05-09 02:46:20.968 10 INFO neutron.notifiers.nova [-] Nova event matching ['req-aabb8189-81c1-473d-9f2c-9d583b9f7745'] response: {'name': 'network-changed', 'server_uuid': '2ed5dbf1-c8f3-4bfc-b0d2-a3b3b163ec0c', 'tag': '1d67b23f-3923-484b-92d9-5f3ed582ec97', 'status': 'completed', 'code': 200} /var/lib/openstack/lib/python3.10/site-packages/pycadf/identifier.py:71: UserWarning: Invalid uuid: neutron. To ensure interoperability, identifiers should be a valid uuid. warnings.warn(('Invalid uuid: %s. To ensure interoperability, '
2026-05-09 02:46:21.046 10 INFO neutron.wsgi [req-4f2ce860-7d78-44a0-8ed4-f8f83cc1b576 req-9d34186c-7940-4d50-968e-c5feb0dad2bc ef09dd9a949f4bdfbe35f3e1e21c88dc d146927a6ee44321be9e00f207cea594 - - 5cbefcc8d7a04ad49654f2e15158ca36 5cbefcc8d7a04ad49654f2e15158ca36] 199.204.45.138 "GET /v2.0/ports?tenant_id=cf91d3bc6ed34c6b90d5ba057d0d8587&device_id=2ed5dbf1-c8f3-4bfc-b0d2-a3b3b163ec0c HTTP/1.1" status: 200 len: 1632 time: 0.0682955
2026-05-09 02:46:21.087 10 INFO neutron.wsgi [req-4f2ce860-7d78-44a0-8ed4-f8f83cc1b576 req-474b1836-fd06-4c44-9d31-247572df8611 ef09dd9a949f4bdfbe35f3e1e21c88dc d146927a6ee44321be9e00f207cea594 - - 5cbefcc8d7a04ad49654f2e15158ca36 5cbefcc8d7a04ad49654f2e15158ca36] 199.204.45.138 "GET /v2.0/floatingips?fixed_ip_address=10.2.1.151&port_id=1d67b23f-3923-484b-92d9-5f3ed582ec97 HTTP/1.1" status: 200 len: 217 time: 0.0313120
2026-05-09 02:46:21.124 10 INFO neutron.wsgi [req-4f2ce860-7d78-44a0-8ed4-f8f83cc1b576 req-69c4d0ad-ae86-49e3-9e8e-1a51bdc333f8 ef09dd9a949f4bdfbe35f3e1e21c88dc d146927a6ee44321be9e00f207cea594 - - 5cbefcc8d7a04ad49654f2e15158ca36 5cbefcc8d7a04ad49654f2e15158ca36] 199.204.45.138 "GET /v2.0/floatingips?fixed_ip_address=fd7b%3Af9f7%3Afff%3A4eca%3A%3A30&port_id=1d67b23f-3923-484b-92d9-5f3ed582ec97 HTTP/1.1" status: 200 len: 217 time: 0.0289125
2026-05-09 02:46:21.189 10 INFO neutron.wsgi [req-4f2ce860-7d78-44a0-8ed4-f8f83cc1b576 req-8c8e229d-856a-41ab-a034-c6f35fd266d4 ef09dd9a949f4bdfbe35f3e1e21c88dc d146927a6ee44321be9e00f207cea594 - - 5cbefcc8d7a04ad49654f2e15158ca36 5cbefcc8d7a04ad49654f2e15158ca36] 199.204.45.138 "GET /v2.0/subnets?id=044822ab-545c-4696-b099-c95bc2f7fb40&id=c3740cd0-d6d0-4078-a033-a5cfed75e169 HTTP/1.1" status: 200 len: 1561 time: 0.0566421
2026-05-09 02:46:21.219 10 INFO neutron.wsgi [req-4f2ce860-7d78-44a0-8ed4-f8f83cc1b576 req-2b336cb7-1bb6-4ba1-84b1-9019b43cf15e ef09dd9a949f4bdfbe35f3e1e21c88dc d146927a6ee44321be9e00f207cea594 - - 5cbefcc8d7a04ad49654f2e15158ca36 5cbefcc8d7a04ad49654f2e15158ca36] 199.204.45.138 "GET /v2.0/ports?network_id=3c8b1408-ed5e-420a-bc2b-2331e3bdb8c8&device_owner=network%3Adhcp HTTP/1.1" status: 200 len: 210 time: 0.0215011
2026-05-09 02:46:21.249 10 INFO neutron.wsgi [req-4f2ce860-7d78-44a0-8ed4-f8f83cc1b576 req-f36576b9-cd1f-46bc-98df-d8d2995545ff ef09dd9a949f4bdfbe35f3e1e21c88dc d146927a6ee44321be9e00f207cea594 - - 5cbefcc8d7a04ad49654f2e15158ca36 5cbefcc8d7a04ad49654f2e15158ca36] 199.204.45.138 "GET /v2.0/ports?network_id=3c8b1408-ed5e-420a-bc2b-2331e3bdb8c8&device_owner=network%3Adhcp HTTP/1.1" status: 200 len: 210 time: 0.0223141
2026-05-09 02:46:21.537 10 INFO neutron.wsgi [req-4f2ce860-7d78-44a0-8ed4-f8f83cc1b576 req-09341411-b2a1-4eac-8dec-2b6f18764bdb ef09dd9a949f4bdfbe35f3e1e21c88dc d146927a6ee44321be9e00f207cea594 - - 5cbefcc8d7a04ad49654f2e15158ca36 5cbefcc8d7a04ad49654f2e15158ca36] 199.204.45.138 "GET /v2.0/networks/3c8b1408-ed5e-420a-bc2b-2331e3bdb8c8?fields=segments HTTP/1.1" status: 200 len: 212 time: 0.2802396
2026-05-09 02:46:21.539 10 WARNING neutron.plugins.ml2.drivers.ovn.mech_driver.ovsdb.ovn_client [None req-56a148bd-0010-44a2-86a8-c91e0137a763 - - - - - -] No hosting information found for port 5634daa3-4128-4535-9825-50b9ca21f54f: RuntimeError: No hosting information found for port 5634daa3-4128-4535-9825-50b9ca21f54f
2026-05-09 02:46:21.604 10 INFO neutron.wsgi [req-4f2ce860-7d78-44a0-8ed4-f8f83cc1b576 req-aac83dcd-41c3-429a-bf6d-471d09e030da ef09dd9a949f4bdfbe35f3e1e21c88dc d146927a6ee44321be9e00f207cea594 - - 5cbefcc8d7a04ad49654f2e15158ca36 5cbefcc8d7a04ad49654f2e15158ca36] 199.204.45.138 "GET /v2.0/networks/3c8b1408-ed5e-420a-bc2b-2331e3bdb8c8?fields=provider%3Aphysical_network&fields=provider%3Anetwork_type HTTP/1.1" status: 200 len: 277 time: 0.0617044
2026-05-09 02:46:21.692 10 INFO neutron.wsgi [req-063aab92-c3fe-4f3a-91e0-41149e67c29e req-a68013d9-f676-47df-b8a6-d356c9ebdd31 ef09dd9a949f4bdfbe35f3e1e21c88dc d146927a6ee44321be9e00f207cea594 - - 5cbefcc8d7a04ad49654f2e15158ca36 5cbefcc8d7a04ad49654f2e15158ca36] 199.204.45.138 "GET /v2.0/ports?tenant_id=cf91d3bc6ed34c6b90d5ba057d0d8587&device_id=2ed5dbf1-c8f3-4bfc-b0d2-a3b3b163ec0c HTTP/1.1" status: 200 len: 1632 time: 0.0465224
2026-05-09 02:46:21.770 10 INFO neutron.wsgi [req-063aab92-c3fe-4f3a-91e0-41149e67c29e req-c659efaa-09d3-4eb0-9f0a-40a7348e84cd ef09dd9a949f4bdfbe35f3e1e21c88dc d146927a6ee44321be9e00f207cea594 - - 5cbefcc8d7a04ad49654f2e15158ca36 5cbefcc8d7a04ad49654f2e15158ca36] 199.204.45.138 "GET /v2.0/networks?id=3c8b1408-ed5e-420a-bc2b-2331e3bdb8c8 HTTP/1.1" status: 200 len: 1003 time: 0.0729208
2026-05-09 02:46:21.802 9 INFO neutron.plugins.ml2.drivers.ovn.mech_driver.mech_driver [None req-7d293c66-7a4f-43d3-a26a-1d940f5875fc - - - - - -] OVN reports status up for port: 1d67b23f-3923-484b-92d9-5f3ed582ec97
2026-05-09 02:46:21.806 10 INFO neutron.wsgi [req-063aab92-c3fe-4f3a-91e0-41149e67c29e req-1ff4533f-001d-4195-9cb0-89c3557f0dd9 ef09dd9a949f4bdfbe35f3e1e21c88dc d146927a6ee44321be9e00f207cea594 - - 5cbefcc8d7a04ad49654f2e15158ca36 5cbefcc8d7a04ad49654f2e15158ca36] 199.204.45.138 "GET /v2.0/floatingips?fixed_ip_address=10.2.1.151&port_id=1d67b23f-3923-484b-92d9-5f3ed582ec97 HTTP/1.1" status: 200 len: 217 time: 0.0307484
2026-05-09 02:46:21.823 9 INFO neutron.plugins.ml2.plugin [None req-7d293c66-7a4f-43d3-a26a-1d940f5875fc - - - - - -] Attempt 1 to provision port 1d67b23f-3923-484b-92d9-5f3ed582ec97
2026-05-09 02:46:21.844 10 INFO neutron.wsgi [req-063aab92-c3fe-4f3a-91e0-41149e67c29e req-9eb4d8d2-e010-4888-85f4-1a944a9658ee ef09dd9a949f4bdfbe35f3e1e21c88dc d146927a6ee44321be9e00f207cea594 - - 5cbefcc8d7a04ad49654f2e15158ca36 5cbefcc8d7a04ad49654f2e15158ca36] 199.204.45.138 "GET /v2.0/floatingips?fixed_ip_address=fd7b%3Af9f7%3Afff%3A4eca%3A%3A30&port_id=1d67b23f-3923-484b-92d9-5f3ed582ec97 HTTP/1.1" status: 200 len: 217 time: 0.0338175
2026-05-09 02:46:21.888 10 INFO neutron.wsgi [req-063aab92-c3fe-4f3a-91e0-41149e67c29e req-ce1e3ab6-3f91-48e6-a936-73485e40f935 ef09dd9a949f4bdfbe35f3e1e21c88dc d146927a6ee44321be9e00f207cea594 - - 5cbefcc8d7a04ad49654f2e15158ca36 5cbefcc8d7a04ad49654f2e15158ca36] 199.204.45.138 "GET /v2.0/subnets?id=044822ab-545c-4696-b099-c95bc2f7fb40&id=c3740cd0-d6d0-4078-a033-a5cfed75e169 HTTP/1.1" status: 200 len: 1561 time: 0.0382414
2026-05-09 02:46:21.915 10 INFO neutron.wsgi [req-063aab92-c3fe-4f3a-91e0-41149e67c29e req-643e0d15-99b6-4b0e-81df-e2db0338686e ef09dd9a949f4bdfbe35f3e1e21c88dc d146927a6ee44321be9e00f207cea594 - - 5cbefcc8d7a04ad49654f2e15158ca36 5cbefcc8d7a04ad49654f2e15158ca36] 199.204.45.138 "GET /v2.0/ports?network_id=3c8b1408-ed5e-420a-bc2b-2331e3bdb8c8&device_owner=network%3Adhcp HTTP/1.1" status: 200 len: 210 time: 0.0201664
2026-05-09 02:46:21.943 10 INFO neutron.wsgi [req-063aab92-c3fe-4f3a-91e0-41149e67c29e req-9614b51d-912c-4eab-b7c6-255adb5acc5f ef09dd9a949f4bdfbe35f3e1e21c88dc d146927a6ee44321be9e00f207cea594 - - 5cbefcc8d7a04ad49654f2e15158ca36 5cbefcc8d7a04ad49654f2e15158ca36] 199.204.45.138 "GET /v2.0/ports?network_id=3c8b1408-ed5e-420a-bc2b-2331e3bdb8c8&device_owner=network%3Adhcp HTTP/1.1" status: 200 len: 210 time: 0.0221460
2026-05-09 02:46:22.005 9 INFO neutron.notifiers.nova [-] Nova event matching ['req-aa3cb806-c9e6-4867-824d-11e01e5dd369'] response: {'server_uuid': '2ed5dbf1-c8f3-4bfc-b0d2-a3b3b163ec0c', 'name': 'network-vif-plugged', 'status': 'completed', 'tag': '1d67b23f-3923-484b-92d9-5f3ed582ec97', 'code': 200}
2026-05-09 02:46:22.041 10 INFO neutron.wsgi [req-063aab92-c3fe-4f3a-91e0-41149e67c29e req-29752d5f-02b8-4f0d-85a1-726a54daf8f7 ef09dd9a949f4bdfbe35f3e1e21c88dc d146927a6ee44321be9e00f207cea594 - - 5cbefcc8d7a04ad49654f2e15158ca36 5cbefcc8d7a04ad49654f2e15158ca36] 199.204.45.138 "GET /v2.0/networks/3c8b1408-ed5e-420a-bc2b-2331e3bdb8c8?fields=segments HTTP/1.1" status: 200 len: 212 time: 0.0902851
2026-05-09 02:46:22.121 10 INFO neutron.wsgi [req-063aab92-c3fe-4f3a-91e0-41149e67c29e req-956e3a36-729b-4ef7-be5e-313eb141e020 ef09dd9a949f4bdfbe35f3e1e21c88dc d146927a6ee44321be9e00f207cea594 - - 5cbefcc8d7a04ad49654f2e15158ca36 5cbefcc8d7a04ad49654f2e15158ca36] 199.204.45.138 "GET /v2.0/networks/3c8b1408-ed5e-420a-bc2b-2331e3bdb8c8?fields=provider%3Aphysical_network&fields=provider%3Anetwork_type HTTP/1.1" status: 200 len: 277 time: 0.0743906
2026-05-09 02:46:22.226 9 INFO neutron.db.ovn_revision_numbers_db [None req-7d293c66-7a4f-43d3-a26a-1d940f5875fc - - - - - -] Successfully bumped revision number for resource 1d67b23f-3923-484b-92d9-5f3ed582ec97 (type: ports) to 4
2026-05-09 02:46:23.705 10 INFO neutron.wsgi [req-eab0e183-fe4e-4af6-9953-1cc9c1b884d3 req-500ce3d5-7df9-4741-9a0b-0a482aa2f30d bdf2cd3bbd2948f4a53af6e7eb009f4c cf91d3bc6ed34c6b90d5ba057d0d8587 - - default default] 10.0.0.176 "GET /v2.0/ports?device_id=2ed5dbf1-c8f3-4bfc-b0d2-a3b3b163ec0c HTTP/1.1" status: 200 len: 1396 time: 0.0973101
2026-05-09 02:46:23.759 10 INFO neutron.wsgi [req-eab0e183-fe4e-4af6-9953-1cc9c1b884d3 req-9078569e-8f7e-4c9e-90d0-77d2b554a39c bdf2cd3bbd2948f4a53af6e7eb009f4c cf91d3bc6ed34c6b90d5ba057d0d8587 - - default default] 10.0.0.176 "GET /v2.0/security-groups?id=c3c3754d-a901-4d9b-9661-145caaf09f40&fields=id&fields=name HTTP/1.1" status: 200 len: 310 time: 0.0476716
2026-05-09 02:46:23.851 10 INFO neutron.wsgi [None req-5bae8ff6-881a-44e2-bac6-f0e35d970cd7 bdf2cd3bbd2948f4a53af6e7eb009f4c cf91d3bc6ed34c6b90d5ba057d0d8587 - - default default] 10.0.0.223 "GET /v2.0/ports?network_id=3c8b1408-ed5e-420a-bc2b-2331e3bdb8c8&mac_address=fa%3A16%3A3e%3A36%3A21%3A7f HTTP/1.1" status: 200 len: 1391 time: 0.0642273
2026-05-09 02:46:23.862 10 WARNING neutron_lib.context [None req-ce8ffc5a-a129-463f-a234-136a6b772133 bdf2cd3bbd2948f4a53af6e7eb009f4c cf91d3bc6ed34c6b90d5ba057d0d8587 - - default default] Method 'is_advsvc' is deprecated since 2023.2 release (neutron-lib 3.8.0) and will be removed once support for the old RBAC API policies will be removed from Neutron. Please use method 'is_service_role' instead.
2026-05-09 02:46:24.054 9 INFO neutron.notifiers.nova [-] Nova event matching ['req-acbad9cd-d30d-4426-a405-55e52a4a1472'] response: {'server_uuid': '2ed5dbf1-c8f3-4bfc-b0d2-a3b3b163ec0c', 'name': 'network-vif-plugged', 'status': 'completed', 'tag': '1d67b23f-3923-484b-92d9-5f3ed582ec97', 'code': 200}
2026-05-09 02:46:24.152 10 WARNING neutron.scheduler.dhcp_agent_scheduler [None req-ce8ffc5a-a129-463f-a234-136a6b772133 bdf2cd3bbd2948f4a53af6e7eb009f4c cf91d3bc6ed34c6b90d5ba057d0d8587 - - default default] No more DHCP agents
2026-05-09 02:46:24.155 10 WARNING neutron.api.rpc.agentnotifiers.dhcp_rpc_agent_api [None req-ce8ffc5a-a129-463f-a234-136a6b772133 bdf2cd3bbd2948f4a53af6e7eb009f4c cf91d3bc6ed34c6b90d5ba057d0d8587 - - default default] Unable to schedule network b96b4899-e441-45db-81ee-68f7b41c8a0a: no agents available; will retry on subsequent port and subnet creation events.
2026-05-09 02:46:24.668 10 INFO neutron.db.l3_db [None req-ce8ffc5a-a129-463f-a234-136a6b772133 bdf2cd3bbd2948f4a53af6e7eb009f4c cf91d3bc6ed34c6b90d5ba057d0d8587 - - default default] Floating IP 986a0dae-1cc1-41ef-bd54-4a5b6e9fb25e associated. External IP: 10.96.250.204, port: 1d67b23f-3923-484b-92d9-5f3ed582ec97.
2026-05-09 02:46:24.927 10 INFO neutron.db.ovn_revision_numbers_db [None req-ce8ffc5a-a129-463f-a234-136a6b772133 bdf2cd3bbd2948f4a53af6e7eb009f4c cf91d3bc6ed34c6b90d5ba057d0d8587 - - default default] Successfully bumped revision number for resource 986a0dae-1cc1-41ef-bd54-4a5b6e9fb25e (type: floatingips) to 0
2026-05-09 02:46:25.054 10 INFO neutron.db.ovn_revision_numbers_db [None req-ce8ffc5a-a129-463f-a234-136a6b772133 bdf2cd3bbd2948f4a53af6e7eb009f4c cf91d3bc6ed34c6b90d5ba057d0d8587 - - default default] Successfully bumped revision number for resource 986a0dae-1cc1-41ef-bd54-4a5b6e9fb25e (type: floatingips) to 1
2026-05-09 02:46:25.106 10 INFO neutron.wsgi [None req-ce8ffc5a-a129-463f-a234-136a6b772133 bdf2cd3bbd2948f4a53af6e7eb009f4c cf91d3bc6ed34c6b90d5ba057d0d8587 - - default default] 10.0.0.223 "POST /v2.0/floatingips HTTP/1.1" status: 201 len: 1054 time: 1.2483864
2026-05-09 02:46:25.213 10 INFO neutron.notifiers.nova [-] Nova event matching ['req-5d2cfaa5-1e0e-4b69-872c-2d4f15cc328b'] response: {'name': 'network-changed', 'server_uuid': '2ed5dbf1-c8f3-4bfc-b0d2-a3b3b163ec0c', 'tag': '1d67b23f-3923-484b-92d9-5f3ed582ec97', 'status': 'completed', 'code': 200}
2026-05-09 02:46:25.256 10 INFO neutron.wsgi [req-8a6a7193-17f2-4f2f-b3db-4d903ba10401 req-2a69c504-0ffb-45fa-92e9-75aa5bf3a36e bdf2cd3bbd2948f4a53af6e7eb009f4c cf91d3bc6ed34c6b90d5ba057d0d8587 - - default default] 10.0.0.176 "GET /v2.0/security-groups?name=tempest-lb_member_SG-356478515&fields=id&tenant_id=cf91d3bc6ed34c6b90d5ba057d0d8587 HTTP/1.1" status: 200 len: 267 time: 0.0626931
2026-05-09 02:46:25.315 10 INFO neutron.wsgi [req-1dca379d-9062-45e1-92b4-20338893aa66 req-4bd971be-7cf2-4365-bc84-36385bffcb9c ef09dd9a949f4bdfbe35f3e1e21c88dc d146927a6ee44321be9e00f207cea594 - - 5cbefcc8d7a04ad49654f2e15158ca36 5cbefcc8d7a04ad49654f2e15158ca36] 199.204.45.138 "GET /v2.0/ports?tenant_id=cf91d3bc6ed34c6b90d5ba057d0d8587&device_id=2ed5dbf1-c8f3-4bfc-b0d2-a3b3b163ec0c HTTP/1.1" status: 200 len: 1634 time: 0.0713177
2026-05-09 02:46:25.371 10 INFO neutron.wsgi [req-8a6a7193-17f2-4f2f-b3db-4d903ba10401 req-1d979b5e-950d-4692-8570-2cda01f6dcfa bdf2cd3bbd2948f4a53af6e7eb009f4c cf91d3bc6ed34c6b90d5ba057d0d8587 - - default default] 10.0.0.176 "GET /v2.0/networks?id=a99ba46b-a066-4421-8d1c-923a68b0fd51 HTTP/1.1" status: 200 len: 904 time: 0.1048851
2026-05-09 02:46:25.394 10 INFO neutron.wsgi [req-8a6a7193-17f2-4f2f-b3db-4d903ba10401 req-feefe91c-be30-4dd7-a769-4c8a525dce8b bdf2cd3bbd2948f4a53af6e7eb009f4c cf91d3bc6ed34c6b90d5ba057d0d8587 - - default default] 10.0.0.176 "GET /v2.0/quotas/cf91d3bc6ed34c6b90d5ba057d0d8587 HTTP/1.1" status: 200 len: 386 time: 0.0139232
2026-05-09 02:46:25.398 10 INFO neutron.wsgi [req-1dca379d-9062-45e1-92b4-20338893aa66 req-b8d50e46-1723-4ef9-bf61-00cdf3802730 ef09dd9a949f4bdfbe35f3e1e21c88dc d146927a6ee44321be9e00f207cea594 - - 5cbefcc8d7a04ad49654f2e15158ca36 5cbefcc8d7a04ad49654f2e15158ca36] 199.204.45.138 "GET /v2.0/networks?id=3c8b1408-ed5e-420a-bc2b-2331e3bdb8c8 HTTP/1.1" status: 200 len: 1003 time: 0.0754733
2026-05-09 02:46:25.483 10 INFO neutron.wsgi [req-1dca379d-9062-45e1-92b4-20338893aa66 req-f2e8d1f8-c1c6-4958-8009-1940b2992d40 ef09dd9a949f4bdfbe35f3e1e21c88dc d146927a6ee44321be9e00f207cea594 - - 5cbefcc8d7a04ad49654f2e15158ca36 5cbefcc8d7a04ad49654f2e15158ca36] 199.204.45.138 "GET /v2.0/floatingips?fixed_ip_address=10.2.1.151&port_id=1d67b23f-3923-484b-92d9-5f3ed582ec97 HTTP/1.1" status: 200 len: 1059 time: 0.0754759
2026-05-09 02:46:25.739 10 INFO neutron.wsgi [req-1dca379d-9062-45e1-92b4-20338893aa66 req-57d6154b-6ac2-45f7-8052-db54e8d4c59e ef09dd9a949f4bdfbe35f3e1e21c88dc d146927a6ee44321be9e00f207cea594 - - 5cbefcc8d7a04ad49654f2e15158ca36 5cbefcc8d7a04ad49654f2e15158ca36] 199.204.45.138 "GET /v2.0/floatingips?fixed_ip_address=fd7b%3Af9f7%3Afff%3A4eca%3A%3A30&port_id=1d67b23f-3923-484b-92d9-5f3ed582ec97 HTTP/1.1" status: 200 len: 217 time: 0.0217516
2026-05-09 02:46:25.798 10 INFO neutron.wsgi [req-1dca379d-9062-45e1-92b4-20338893aa66 req-f0c8a097-3298-4d15-8920-2209db108698 ef09dd9a949f4bdfbe35f3e1e21c88dc d146927a6ee44321be9e00f207cea594 - - 5cbefcc8d7a04ad49654f2e15158ca36 5cbefcc8d7a04ad49654f2e15158ca36] 199.204.45.138 "GET /v2.0/subnets?id=044822ab-545c-4696-b099-c95bc2f7fb40&id=c3740cd0-d6d0-4078-a033-a5cfed75e169 HTTP/1.1" status: 200 len: 1561 time: 0.0496542
2026-05-09 02:46:25.832 10 INFO neutron.wsgi [req-1dca379d-9062-45e1-92b4-20338893aa66 req-19db2b98-e870-4e40-bfff-525a0e2cd60f ef09dd9a949f4bdfbe35f3e1e21c88dc d146927a6ee44321be9e00f207cea594 - - 5cbefcc8d7a04ad49654f2e15158ca36 5cbefcc8d7a04ad49654f2e15158ca36] 199.204.45.138 "GET /v2.0/ports?network_id=3c8b1408-ed5e-420a-bc2b-2331e3bdb8c8&device_owner=network%3Adhcp HTTP/1.1" status: 200 len: 210 time: 0.0209286
2026-05-09 02:46:25.857 10 INFO neutron.wsgi [req-8a6a7193-17f2-4f2f-b3db-4d903ba10401 req-7bb40ed5-6b03-43c0-8ae1-eba0bcbdbb97 bdf2cd3bbd2948f4a53af6e7eb009f4c cf91d3bc6ed34c6b90d5ba057d0d8587 - - default default] 10.0.0.176 "GET /v2.0/ports?tenant_id=cf91d3bc6ed34c6b90d5ba057d0d8587&fields=id HTTP/1.1" status: 200 len: 532 time: 0.4555159
2026-05-09 02:46:25.865 10 INFO neutron.wsgi [req-1dca379d-9062-45e1-92b4-20338893aa66 req-80f001eb-53d6-42c7-ada8-aa28a7a250d3 ef09dd9a949f4bdfbe35f3e1e21c88dc d146927a6ee44321be9e00f207cea594 - - 5cbefcc8d7a04ad49654f2e15158ca36 5cbefcc8d7a04ad49654f2e15158ca36] 199.204.45.138 "GET /v2.0/ports?network_id=3c8b1408-ed5e-420a-bc2b-2331e3bdb8c8&device_owner=network%3Adhcp HTTP/1.1" status: 200 len: 210 time: 0.0243123
2026-05-09 02:46:25.954 10 INFO neutron.wsgi [req-8a6a7193-17f2-4f2f-b3db-4d903ba10401 req-446bda80-c0e9-479b-8e86-2ee427343500 ef09dd9a949f4bdfbe35f3e1e21c88dc d146927a6ee44321be9e00f207cea594 - - 5cbefcc8d7a04ad49654f2e15158ca36 5cbefcc8d7a04ad49654f2e15158ca36] 10.0.0.176 "GET /v2.0/networks/a99ba46b-a066-4421-8d1c-923a68b0fd51?fields=segments HTTP/1.1" status: 200 len: 212 time: 0.0848680
2026-05-09 02:46:25.958 10 INFO neutron.wsgi [req-1dca379d-9062-45e1-92b4-20338893aa66 req-802003c3-9119-48ea-895b-961d7f041067 ef09dd9a949f4bdfbe35f3e1e21c88dc d146927a6ee44321be9e00f207cea594 - - 5cbefcc8d7a04ad49654f2e15158ca36 5cbefcc8d7a04ad49654f2e15158ca36] 199.204.45.138 "GET /v2.0/networks/3c8b1408-ed5e-420a-bc2b-2331e3bdb8c8?fields=segments HTTP/1.1" status: 200 len: 212 time: 0.0815005
2026-05-09 02:46:26.046 10 INFO neutron.wsgi [req-8a6a7193-17f2-4f2f-b3db-4d903ba10401 req-7cb5a75c-135e-4c48-8b22-b215b3fa35aa ef09dd9a949f4bdfbe35f3e1e21c88dc d146927a6ee44321be9e00f207cea594 - - 5cbefcc8d7a04ad49654f2e15158ca36 5cbefcc8d7a04ad49654f2e15158ca36] 10.0.0.176 "GET /v2.0/networks/a99ba46b-a066-4421-8d1c-923a68b0fd51?fields=provider%3Aphysical_network&fields=provider%3Anetwork_type HTTP/1.1" status: 200 len: 277 time: 0.0837345
2026-05-09 02:46:26.049 10 INFO neutron.wsgi [req-1dca379d-9062-45e1-92b4-20338893aa66 req-13958f25-ca09-4b6c-8064-d16795f9ff1c ef09dd9a949f4bdfbe35f3e1e21c88dc d146927a6ee44321be9e00f207cea594 - - 5cbefcc8d7a04ad49654f2e15158ca36 5cbefcc8d7a04ad49654f2e15158ca36] 199.204.45.138 "GET /v2.0/networks/3c8b1408-ed5e-420a-bc2b-2331e3bdb8c8?fields=provider%3Aphysical_network&fields=provider%3Anetwork_type HTTP/1.1" status: 200 len: 277 time: 0.0853081 /var/lib/openstack/lib/python3.10/site-packages/pycadf/identifier.py:71: UserWarning: Invalid uuid: neutron. To ensure interoperability, identifiers should be a valid uuid. warnings.warn(('Invalid uuid: %s. To ensure interoperability, '
2026-05-09 02:46:26.202 9 INFO neutron.wsgi [req-24659cc2-0127-4367-9cf8-15c8410d0c29 req-75a6fedb-5380-4687-8bf6-2fd36c96c1b7 bdf2cd3bbd2948f4a53af6e7eb009f4c cf91d3bc6ed34c6b90d5ba057d0d8587 - - default default] 10.0.0.176 "GET /v2.0/ports?device_id=75e67fbd-fbe7-46c3-ac35-774ed3a2129e HTTP/1.1" status: 200 len: 210 time: 0.0309596
2026-05-09 02:46:26.955 10 INFO neutron.wsgi [req-8a6a7193-17f2-4f2f-b3db-4d903ba10401 req-45c4604a-26da-4a26-a584-e4bbbf01942d bdf2cd3bbd2948f4a53af6e7eb009f4c cf91d3bc6ed34c6b90d5ba057d0d8587 - - default default] 199.204.45.138 "GET /v2.0/networks?id=a99ba46b-a066-4421-8d1c-923a68b0fd51 HTTP/1.1" status: 200 len: 904 time: 0.0909460
2026-05-09 02:46:27.015 10 INFO neutron.wsgi [req-8a6a7193-17f2-4f2f-b3db-4d903ba10401 req-63acd4bc-0f5e-440c-afbf-83b670e08911 bdf2cd3bbd2948f4a53af6e7eb009f4c cf91d3bc6ed34c6b90d5ba057d0d8587 - - default default] 199.204.45.138 "GET /v2.0/security-groups?fields=id&fields=name&tenant_id=cf91d3bc6ed34c6b90d5ba057d0d8587 HTTP/1.1" status: 200 len: 377 time: 0.0543866
2026-05-09 02:46:27.047 10 WARNING neutron_lib.context [req-8a6a7193-17f2-4f2f-b3db-4d903ba10401 req-48708868-8bd9-4ee6-82fb-742e0813cbb3 bdf2cd3bbd2948f4a53af6e7eb009f4c cf91d3bc6ed34c6b90d5ba057d0d8587 - - default default] Method 'is_advsvc' is deprecated since 2023.2 release (neutron-lib 3.8.0) and will be removed once support for the old RBAC API policies will be removed from Neutron. Please use method 'is_service_role' instead.
2026-05-09 02:46:27.494 10 WARNING neutron.scheduler.dhcp_agent_scheduler [req-8a6a7193-17f2-4f2f-b3db-4d903ba10401 req-48708868-8bd9-4ee6-82fb-742e0813cbb3 bdf2cd3bbd2948f4a53af6e7eb009f4c cf91d3bc6ed34c6b90d5ba057d0d8587 - - default default] No more DHCP agents
2026-05-09 02:46:27.498 10 WARNING neutron.api.rpc.agentnotifiers.dhcp_rpc_agent_api [req-8a6a7193-17f2-4f2f-b3db-4d903ba10401 req-48708868-8bd9-4ee6-82fb-742e0813cbb3 bdf2cd3bbd2948f4a53af6e7eb009f4c cf91d3bc6ed34c6b90d5ba057d0d8587 - - default default] Unable to schedule network a99ba46b-a066-4421-8d1c-923a68b0fd51: no agents available; will retry on subsequent port and subnet creation events.
2026-05-09 02:46:27.720 10 INFO neutron.db.ovn_revision_numbers_db [req-8a6a7193-17f2-4f2f-b3db-4d903ba10401 req-48708868-8bd9-4ee6-82fb-742e0813cbb3 bdf2cd3bbd2948f4a53af6e7eb009f4c cf91d3bc6ed34c6b90d5ba057d0d8587 - - default default] Successfully bumped revision number for resource 2d36fc10-614f-4417-a612-382eda04f26a (type: ports) to 1
2026-05-09 02:46:27.743 10 INFO neutron.wsgi [req-8a6a7193-17f2-4f2f-b3db-4d903ba10401 req-48708868-8bd9-4ee6-82fb-742e0813cbb3 bdf2cd3bbd2948f4a53af6e7eb009f4c cf91d3bc6ed34c6b90d5ba057d0d8587 - - default default] 199.204.45.138 "POST /v2.0/ports HTTP/1.1" status: 201 len: 1392 time: 0.7047501 /var/lib/openstack/lib/python3.10/site-packages/pycadf/identifier.py:71: UserWarning: Invalid uuid: neutron. To ensure interoperability, identifiers should be a valid uuid. warnings.warn(('Invalid uuid: %s. To ensure interoperability, '
2026-05-09 02:46:28.162 10 INFO neutron.wsgi [-] 10.0.0.111 "GET / HTTP/1.1" status: 200 len: 247 time: 0.0012908
2026-05-09 02:46:28.165 9 INFO neutron.wsgi [-] 10.0.0.111 "GET / HTTP/1.1" status: 200 len: 247 time: 0.0033286
2026-05-09 02:46:28.209 10 INFO neutron.db.ovn_revision_numbers_db [req-8a6a7193-17f2-4f2f-b3db-4d903ba10401 req-4f2c86c4-c32b-4017-a649-0a6cbb26905e ef09dd9a949f4bdfbe35f3e1e21c88dc d146927a6ee44321be9e00f207cea594 - - 5cbefcc8d7a04ad49654f2e15158ca36 5cbefcc8d7a04ad49654f2e15158ca36] Successfully bumped revision number for resource 2d36fc10-614f-4417-a612-382eda04f26a (type: ports) to 2
2026-05-09 02:46:28.436 10 INFO neutron.db.ovn_revision_numbers_db [req-8a6a7193-17f2-4f2f-b3db-4d903ba10401 req-4f2c86c4-c32b-4017-a649-0a6cbb26905e ef09dd9a949f4bdfbe35f3e1e21c88dc d146927a6ee44321be9e00f207cea594 - - 5cbefcc8d7a04ad49654f2e15158ca36 5cbefcc8d7a04ad49654f2e15158ca36] Successfully bumped revision number for resource 2d36fc10-614f-4417-a612-382eda04f26a (type: ports) to 2
2026-05-09 02:46:28.454 10 INFO neutron.wsgi [req-8a6a7193-17f2-4f2f-b3db-4d903ba10401 req-4f2c86c4-c32b-4017-a649-0a6cbb26905e ef09dd9a949f4bdfbe35f3e1e21c88dc d146927a6ee44321be9e00f207cea594 - - 5cbefcc8d7a04ad49654f2e15158ca36 5cbefcc8d7a04ad49654f2e15158ca36] 199.204.45.138 "PUT /v2.0/ports/2d36fc10-614f-4417-a612-382eda04f26a HTTP/1.1" status: 200 len: 1609 time: 0.7032239
2026-05-09 02:46:28.490 10 INFO neutron.notifiers.nova [-] Nova event matching ['req-7a09697f-449f-4697-bccd-5237a85bf09c'] response: {'name': 'network-changed', 'server_uuid': '75e67fbd-fbe7-46c3-ac35-774ed3a2129e', 'tag': '2d36fc10-614f-4417-a612-382eda04f26a', 'status': 'completed', 'code': 200} /var/lib/openstack/lib/python3.10/site-packages/pycadf/identifier.py:71: UserWarning: Invalid uuid: neutron. To ensure interoperability, identifiers should be a valid uuid. warnings.warn(('Invalid uuid: %s. To ensure interoperability, '
2026-05-09 02:46:28.538 10 INFO neutron.wsgi [req-8a6a7193-17f2-4f2f-b3db-4d903ba10401 req-6b5187d1-be1e-4f26-a379-43881b0098ea ef09dd9a949f4bdfbe35f3e1e21c88dc d146927a6ee44321be9e00f207cea594 - - 5cbefcc8d7a04ad49654f2e15158ca36 5cbefcc8d7a04ad49654f2e15158ca36] 199.204.45.138 "GET /v2.0/ports?tenant_id=cf91d3bc6ed34c6b90d5ba057d0d8587&device_id=75e67fbd-fbe7-46c3-ac35-774ed3a2129e HTTP/1.1" status: 200 len: 1640 time: 0.0379808
2026-05-09 02:46:28.564 10 INFO neutron.wsgi [req-8a6a7193-17f2-4f2f-b3db-4d903ba10401 req-ab9eb882-8948-40d9-9410-2fdbee044462 ef09dd9a949f4bdfbe35f3e1e21c88dc d146927a6ee44321be9e00f207cea594 - - 5cbefcc8d7a04ad49654f2e15158ca36 5cbefcc8d7a04ad49654f2e15158ca36] 199.204.45.138 "GET /v2.0/floatingips?fixed_ip_address=10.2.2.252&port_id=2d36fc10-614f-4417-a612-382eda04f26a HTTP/1.1" status: 200 len: 217 time: 0.0193882
2026-05-09 02:46:28.593 10 INFO neutron.wsgi [req-8a6a7193-17f2-4f2f-b3db-4d903ba10401 req-21b0f8f0-f095-4aaa-bc4c-ab1124f6684e ef09dd9a949f4bdfbe35f3e1e21c88dc d146927a6ee44321be9e00f207cea594 - - 5cbefcc8d7a04ad49654f2e15158ca36 5cbefcc8d7a04ad49654f2e15158ca36] 199.204.45.138 "GET /v2.0/floatingips?fixed_ip_address=fd77%3A1457%3A4cf0%3A26a8%3A%3A372&port_id=2d36fc10-614f-4417-a612-382eda04f26a HTTP/1.1" status: 200 len: 217 time: 0.0224547
2026-05-09 02:46:28.635 10 INFO neutron.wsgi [req-8a6a7193-17f2-4f2f-b3db-4d903ba10401 req-871fb2df-81c2-414e-9d08-9e52685e1e9d ef09dd9a949f4bdfbe35f3e1e21c88dc d146927a6ee44321be9e00f207cea594 - - 5cbefcc8d7a04ad49654f2e15158ca36 5cbefcc8d7a04ad49654f2e15158ca36] 199.204.45.138 "GET /v2.0/subnets?id=2abf971a-bcfd-4f0c-8b40-f6df4ef3f52c&id=532e71b3-964c-44a2-a6fb-6c2f58b10874 HTTP/1.1" status: 200 len: 1567 time: 0.0346482
2026-05-09 02:46:28.661 10 INFO neutron.wsgi [req-8a6a7193-17f2-4f2f-b3db-4d903ba10401 req-2edb48bc-3415-4cf3-a6aa-54e3f8a1da10 ef09dd9a949f4bdfbe35f3e1e21c88dc d146927a6ee44321be9e00f207cea594 - - 5cbefcc8d7a04ad49654f2e15158ca36 5cbefcc8d7a04ad49654f2e15158ca36] 199.204.45.138 "GET /v2.0/ports?network_id=a99ba46b-a066-4421-8d1c-923a68b0fd51&device_owner=network%3Adhcp HTTP/1.1" status: 200 len: 210 time: 0.0194414
2026-05-09 02:46:28.688 10 INFO neutron.wsgi [req-8a6a7193-17f2-4f2f-b3db-4d903ba10401 req-0a1b85f9-8631-47ba-ab66-7be9fc86b296 ef09dd9a949f4bdfbe35f3e1e21c88dc d146927a6ee44321be9e00f207cea594 - - 5cbefcc8d7a04ad49654f2e15158ca36 5cbefcc8d7a04ad49654f2e15158ca36] 199.204.45.138 "GET /v2.0/ports?network_id=a99ba46b-a066-4421-8d1c-923a68b0fd51&device_owner=network%3Adhcp HTTP/1.1" status: 200 len: 210 time: 0.0194335
2026-05-09 02:46:28.770 10 INFO neutron.wsgi [req-8a6a7193-17f2-4f2f-b3db-4d903ba10401 req-f9cb120f-de57-4ec5-a0e7-d1cecbd3ad4b ef09dd9a949f4bdfbe35f3e1e21c88dc d146927a6ee44321be9e00f207cea594 - - 5cbefcc8d7a04ad49654f2e15158ca36 5cbefcc8d7a04ad49654f2e15158ca36] 199.204.45.138 "GET /v2.0/networks/a99ba46b-a066-4421-8d1c-923a68b0fd51?fields=segments HTTP/1.1" status: 200 len: 212 time: 0.0741217
2026-05-09 02:46:28.832 10 INFO neutron.wsgi [req-8a6a7193-17f2-4f2f-b3db-4d903ba10401 req-a654761a-5544-4cc8-bea0-de677a43ab0e ef09dd9a949f4bdfbe35f3e1e21c88dc d146927a6ee44321be9e00f207cea594 - - 5cbefcc8d7a04ad49654f2e15158ca36 5cbefcc8d7a04ad49654f2e15158ca36] 199.204.45.138 "GET /v2.0/networks/a99ba46b-a066-4421-8d1c-923a68b0fd51?fields=provider%3Aphysical_network&fields=provider%3Anetwork_type HTTP/1.1" status: 200 len: 277 time: 0.0541363
2026-05-09 02:46:28.915 10 INFO neutron.wsgi [req-41654e30-cc53-4a5f-84f4-1aa0edb2a5bb req-58e3a7a9-ed21-4533-a972-2474e65d6f59 ef09dd9a949f4bdfbe35f3e1e21c88dc d146927a6ee44321be9e00f207cea594 - - 5cbefcc8d7a04ad49654f2e15158ca36 5cbefcc8d7a04ad49654f2e15158ca36] 199.204.45.138 "GET /v2.0/ports?tenant_id=cf91d3bc6ed34c6b90d5ba057d0d8587&device_id=75e67fbd-fbe7-46c3-ac35-774ed3a2129e HTTP/1.1" status: 200 len: 1640 time: 0.0370765
2026-05-09 02:46:28.996 10 INFO neutron.wsgi [req-41654e30-cc53-4a5f-84f4-1aa0edb2a5bb req-27ae13d5-7b9d-4866-afb5-2faba4bf81c4 ef09dd9a949f4bdfbe35f3e1e21c88dc d146927a6ee44321be9e00f207cea594 - - 5cbefcc8d7a04ad49654f2e15158ca36 5cbefcc8d7a04ad49654f2e15158ca36] 199.204.45.138 "GET /v2.0/networks?id=a99ba46b-a066-4421-8d1c-923a68b0fd51 HTTP/1.1" status: 200 len: 1003 time: 0.0692310
2026-05-09 02:46:29.037 10 INFO neutron.wsgi [req-41654e30-cc53-4a5f-84f4-1aa0edb2a5bb req-8e196bc6-116f-44bd-b77d-748ee1273d92 ef09dd9a949f4bdfbe35f3e1e21c88dc d146927a6ee44321be9e00f207cea594 - - 5cbefcc8d7a04ad49654f2e15158ca36 5cbefcc8d7a04ad49654f2e15158ca36] 199.204.45.138 "GET /v2.0/floatingips?fixed_ip_address=10.2.2.252&port_id=2d36fc10-614f-4417-a612-382eda04f26a HTTP/1.1" status: 200 len: 217 time: 0.0321090
