2026-05-09 02:44:15.565 9 WARNING neutron.scheduler.dhcp_agent_scheduler [None req-58108c09-4bfb-4919-a0f0-7e57602fea56 9a5fc65028c24127b13ab557e0e62e55 266484f008ba4cfdb54b0e1f3f783573 - - default default] No more DHCP agents
2026-05-09 02:44:15.568 9 WARNING neutron.api.rpc.agentnotifiers.dhcp_rpc_agent_api [None req-58108c09-4bfb-4919-a0f0-7e57602fea56 9a5fc65028c24127b13ab557e0e62e55 266484f008ba4cfdb54b0e1f3f783573 - - default default] Unable to schedule network b96b4899-e441-45db-81ee-68f7b41c8a0a: no agents available; will retry on subsequent port and subnet creation events.
2026-05-09 02:44:15.573 9 INFO neutron.wsgi [None req-619cad49-73b9-4539-823a-81f6ace93c77 da0219ba43bf44e8bb488aae3e7c3d27 165fc434e8244da4afd9281e8dad6264 - - default default] 10.0.0.223 "GET /v2.0/security-groups?tags-any=red%2Cblue HTTP/1.1" status: 200 len: 4813 time: 0.0648062
2026-05-09 02:44:15.641 9 INFO neutron.wsgi [None req-a9bd3865-fdcf-4ed7-8962-698d6ce84d4d da0219ba43bf44e8bb488aae3e7c3d27 165fc434e8244da4afd9281e8dad6264 - - default default] 10.0.0.223 "GET /v2.0/security-groups?not-tags=red HTTP/1.1" status: 200 len: 6041 time: 0.0593450
2026-05-09 02:44:15.721 9 INFO neutron.wsgi [None req-e02af1ba-9084-4766-9356-da0c0cf62a98 da0219ba43bf44e8bb488aae3e7c3d27 165fc434e8244da4afd9281e8dad6264 - - default default] 10.0.0.223 "GET /v2.0/security-groups?not-tags=red%2Cblue HTTP/1.1" status: 200 len: 7565 time: 0.0690703
2026-05-09 02:44:15.791 9 INFO neutron.wsgi [None req-252b60f7-4498-48d5-954e-284724382bee da0219ba43bf44e8bb488aae3e7c3d27 165fc434e8244da4afd9281e8dad6264 - - default default] 10.0.0.223 "GET /v2.0/security-groups?not-tags-any=blue HTTP/1.1" status: 200 len: 7565 time: 0.0641291
2026-05-09 02:44:15.802 10 INFO neutron.wsgi [None req-d7e292bf-5fdc-4cb0-b804-12d4d555e47b 5c13f855ba714f148e56666ef02b2701 7b0826e7c9774e02acbd8c4d754f39a4 - - default default] 10.0.0.223 "GET /v2.0/networks?tags=red%2Cblue HTTP/1.1" status: 200 len: 1456 time: 0.3912256
2026-05-09 02:44:15.806 9 INFO neutron.db.ovn_revision_numbers_db [None req-58108c09-4bfb-4919-a0f0-7e57602fea56 9a5fc65028c24127b13ab557e0e62e55 266484f008ba4cfdb54b0e1f3f783573 - - default default] Successfully bumped revision number for resource 9bfdeb79-7d32-4b57-ad83-b500cbaec294 (type: ports) to 1
2026-05-09 02:44:15.889 10 INFO neutron.wsgi [None req-ca964120-b626-4d89-9a88-03ca4a507a15 da0219ba43bf44e8bb488aae3e7c3d27 165fc434e8244da4afd9281e8dad6264 - - default default] 10.0.0.223 "GET /v2.0/security-groups?not-tags-any=red%2Cblue HTTP/1.1" status: 200 len: 6041 time: 0.0931740
2026-05-09 02:44:15.911 10 INFO neutron.db.ovn_revision_numbers_db [None req-07808e5d-2eec-4398-be8d-a92c579d7fb3 0be8f3329bd64955a1a9abe3ed295c00 b7e4af82aefb40a9b78d43896f32733e - - default default] Successfully bumped revision number for resource 8f3450f6-0c5a-485b-9724-69ed8a9282c6 (type: networks) to 1
2026-05-09 02:44:15.928 9 INFO neutron.wsgi [None req-8b0b0920-358b-4e56-9c51-f021e14d0275 5c13f855ba714f148e56666ef02b2701 7b0826e7c9774e02acbd8c4d754f39a4 - - default default] 10.0.0.223 "GET /v2.0/networks?tags-any=blue HTTP/1.1" status: 200 len: 1456 time: 0.1189845
2026-05-09 02:44:16.039 10 INFO neutron.wsgi [None req-58ea8346-7a9b-4db0-816b-1736a7192bc7 5c13f855ba714f148e56666ef02b2701 7b0826e7c9774e02acbd8c4d754f39a4 - - default default] 10.0.0.223 "GET /v2.0/networks?tags-any=red%2Cblue HTTP/1.1" status: 200 len: 2069 time: 0.1052916
2026-05-09 02:44:16.160 10 WARNING neutron.scheduler.dhcp_agent_scheduler [None req-07808e5d-2eec-4398-be8d-a92c579d7fb3 0be8f3329bd64955a1a9abe3ed295c00 b7e4af82aefb40a9b78d43896f32733e - - default default] No more DHCP agents
2026-05-09 02:44:16.163 10 WARNING neutron.api.rpc.agentnotifiers.dhcp_rpc_agent_api [None req-07808e5d-2eec-4398-be8d-a92c579d7fb3 0be8f3329bd64955a1a9abe3ed295c00 b7e4af82aefb40a9b78d43896f32733e - - default default] Unable to schedule network 8f3450f6-0c5a-485b-9724-69ed8a9282c6: no agents available; will retry on subsequent port and subnet creation events.
2026-05-09 02:44:16.253 10 INFO neutron.db.ovn_revision_numbers_db [None req-07808e5d-2eec-4398-be8d-a92c579d7fb3 0be8f3329bd64955a1a9abe3ed295c00 b7e4af82aefb40a9b78d43896f32733e - - default default] Successfully bumped revision number for resource a4ed2ce4-6d5e-43bc-8320-df08561b0af9 (type: ports) to 1
2026-05-09 02:44:16.282 10 INFO neutron.wsgi [None req-07808e5d-2eec-4398-be8d-a92c579d7fb3 0be8f3329bd64955a1a9abe3ed295c00 b7e4af82aefb40a9b78d43896f32733e - - default default] 10.0.0.223 "POST /v2.0/networks HTTP/1.1" status: 201 len: 830 time: 1.0618043
2026-05-09 02:44:16.291 10 WARNING neutron_lib.context [None req-fa723a23-22f9-4a17-a643-2a9a57caa4cd 0be8f3329bd64955a1a9abe3ed295c00 b7e4af82aefb40a9b78d43896f32733e - - default default] Method 'is_advsvc' is deprecated since 2023.2 release (neutron-lib 3.8.0) and will be removed once support for the old RBAC API policies will be removed from Neutron. Please use method 'is_service_role' instead.
2026-05-09 02:44:16.404 9 INFO neutron.wsgi [None req-70a5284b-df9a-4570-8df4-34b4eb26940f da0219ba43bf44e8bb488aae3e7c3d27 165fc434e8244da4afd9281e8dad6264 - - default default] 10.0.0.223 "DELETE /v2.0/security-groups/3660ef4d-7fde-4a7b-8652-35abc7d93328 HTTP/1.1" status: 204 len: 168 time: 0.5041132
2026-05-09 02:44:16.464 9 INFO neutron.wsgi [None req-ae16dc3c-58ba-42c6-b75d-a901e43b8839 5c13f855ba714f148e56666ef02b2701 7b0826e7c9774e02acbd8c4d754f39a4 - - default default] 10.0.0.223 "GET /v2.0/networks?not-tags=red HTTP/1.1" status: 200 len: 2069 time: 0.4203620
2026-05-09 02:44:16.560 10 WARNING neutron.scheduler.dhcp_agent_scheduler [None req-fa723a23-22f9-4a17-a643-2a9a57caa4cd 0be8f3329bd64955a1a9abe3ed295c00 b7e4af82aefb40a9b78d43896f32733e - - default default] No more DHCP agents
2026-05-09 02:44:16.563 10 WARNING neutron.api.rpc.agentnotifiers.dhcp_rpc_agent_api [None req-fa723a23-22f9-4a17-a643-2a9a57caa4cd 0be8f3329bd64955a1a9abe3ed295c00 b7e4af82aefb40a9b78d43896f32733e - - default default] Unable to schedule network 8f3450f6-0c5a-485b-9724-69ed8a9282c6: no agents available; will retry on subsequent port and subnet creation events.
2026-05-09 02:44:16.610 10 INFO neutron.wsgi [None req-27caf14c-2490-49cd-a7ae-5535efa4abde da0219ba43bf44e8bb488aae3e7c3d27 165fc434e8244da4afd9281e8dad6264 - - default default] 10.0.0.223 "DELETE /v2.0/security-groups/abef9788-db55-43f3-86e4-137875153f81 HTTP/1.1" status: 204 len: 168 time: 0.2004755 /var/lib/openstack/lib/python3.10/site-packages/pycadf/identifier.py:71: UserWarning: Invalid uuid: neutron. To ensure interoperability, identifiers should be a valid uuid. warnings.warn(('Invalid uuid: %s. To ensure interoperability, '
2026-05-09 02:44:16.620 9 INFO neutron.wsgi [None req-294406ab-aa7f-429c-a422-ba6baff70635 5c13f855ba714f148e56666ef02b2701 7b0826e7c9774e02acbd8c4d754f39a4 - - default default] 10.0.0.223 "GET /v2.0/networks?not-tags=red%2Cblue HTTP/1.1" status: 200 len: 2682 time: 0.1502736
2026-05-09 02:44:16.667 10 INFO neutron.db.ovn_revision_numbers_db [None req-fa723a23-22f9-4a17-a643-2a9a57caa4cd 0be8f3329bd64955a1a9abe3ed295c00 b7e4af82aefb40a9b78d43896f32733e - - default default] Successfully bumped revision number for resource 3f297b14-0d15-4032-9349-ab90f8b0363d (type: ports) to 1
2026-05-09 02:44:16.700 10 INFO neutron.wsgi [None req-fa723a23-22f9-4a17-a643-2a9a57caa4cd 0be8f3329bd64955a1a9abe3ed295c00 b7e4af82aefb40a9b78d43896f32733e - - default default] 10.0.0.223 "POST /v2.0/ports HTTP/1.1" status: 201 len: 942 time: 0.4142408
2026-05-09 02:44:16.712 10 WARNING neutron_lib.context [None req-9f5cf4bb-753b-487b-a032-8419968915d6 0be8f3329bd64955a1a9abe3ed295c00 b7e4af82aefb40a9b78d43896f32733e - - default default] Method 'is_advsvc' is deprecated since 2023.2 release (neutron-lib 3.8.0) and will be removed once support for the old RBAC API policies will be removed from Neutron. Please use method 'is_service_role' instead.
2026-05-09 02:44:16.761 9 INFO neutron.wsgi [None req-3ca0b99a-2464-4e98-b93e-2ec832eca4c4 5c13f855ba714f148e56666ef02b2701 7b0826e7c9774e02acbd8c4d754f39a4 - - default default] 10.0.0.223 "GET /v2.0/networks?not-tags-any=blue HTTP/1.1" status: 200 len: 2682 time: 0.1355228
2026-05-09 02:44:16.763 10 INFO neutron.wsgi [None req-446c4d26-4ec9-4314-9f51-0dab307a8a56 da0219ba43bf44e8bb488aae3e7c3d27 165fc434e8244da4afd9281e8dad6264 - - default default] 10.0.0.223 "DELETE /v2.0/security-groups/98a1ffd0-d48d-416e-bc5d-87352de068e6 HTTP/1.1" status: 204 len: 168 time: 0.1469867
2026-05-09 02:44:16.809 10 INFO neutron.db.segments_db [None req-9f5cf4bb-753b-487b-a032-8419968915d6 0be8f3329bd64955a1a9abe3ed295c00 b7e4af82aefb40a9b78d43896f32733e - - default default] Added segment da63ea83-69fa-4f2c-a6f2-5b110d12ee63 of type geneve for network 404e3e79-6967-48c1-9a35-f726e37a53f8
2026-05-09 02:44:16.918 10 INFO neutron.wsgi [None req-a27ff4d9-5799-436c-8769-3f2a39c38c12 5c13f855ba714f148e56666ef02b2701 7b0826e7c9774e02acbd8c4d754f39a4 - - default default] 10.0.0.223 "GET /v2.0/networks?not-tags-any=red%2Cblue HTTP/1.1" status: 200 len: 2069 time: 0.1463041
2026-05-09 02:44:16.959 9 INFO neutron.wsgi [None req-a0800efe-0c16-4bd6-9408-5dc40cfa5efa da0219ba43bf44e8bb488aae3e7c3d27 165fc434e8244da4afd9281e8dad6264 - - default default] 10.0.0.223 "DELETE /v2.0/security-groups/1f2bb0d3-94e5-40b7-a348-e2011fcc5d05 HTTP/1.1" status: 204 len: 168 time: 0.1821165
2026-05-09 02:44:17.038 9 INFO neutron.plugins.ml2.drivers.ovn.mech_driver.mech_driver [None req-7d293c66-7a4f-43d3-a26a-1d940f5875fc - - - - - -] OVN reports status up for port: 9bfdeb79-7d32-4b57-ad83-b500cbaec294
2026-05-09 02:44:17.053 9 INFO neutron.plugins.ml2.plugin [None req-7d293c66-7a4f-43d3-a26a-1d940f5875fc - - - - - -] Attempt 1 to provision port 9bfdeb79-7d32-4b57-ad83-b500cbaec294
2026-05-09 02:44:17.078 9 INFO neutron.db.ovn_revision_numbers_db [None req-58108c09-4bfb-4919-a0f0-7e57602fea56 9a5fc65028c24127b13ab557e0e62e55 266484f008ba4cfdb54b0e1f3f783573 - - default default] Successfully bumped revision number for resource 9bfdeb79-7d32-4b57-ad83-b500cbaec294 (type: router_ports) to 1
2026-05-09 02:44:17.136 10 INFO neutron.db.ovn_revision_numbers_db [None req-9f5cf4bb-753b-487b-a032-8419968915d6 0be8f3329bd64955a1a9abe3ed295c00 b7e4af82aefb40a9b78d43896f32733e - - default default] Successfully bumped revision number for resource 404e3e79-6967-48c1-9a35-f726e37a53f8 (type: networks) to 1
2026-05-09 02:44:17.171 9 INFO neutron.db.ovn_revision_numbers_db [None req-58108c09-4bfb-4919-a0f0-7e57602fea56 9a5fc65028c24127b13ab557e0e62e55 266484f008ba4cfdb54b0e1f3f783573 - - default default] Successfully bumped revision number for resource 22c02ac9-0240-426b-a335-db6d2a251bb1 (type: routers) to 2
2026-05-09 02:44:17.184 9 INFO neutron.wsgi [None req-58108c09-4bfb-4919-a0f0-7e57602fea56 9a5fc65028c24127b13ab557e0e62e55 266484f008ba4cfdb54b0e1f3f783573 - - default default] 10.0.0.223 "POST /v2.0/routers HTTP/1.1" status: 201 len: 872 time: 2.2657602
2026-05-09 02:44:17.242 10 INFO neutron.wsgi [None req-893eecc5-f698-4998-9a00-8882b03d0118 da0219ba43bf44e8bb488aae3e7c3d27 165fc434e8244da4afd9281e8dad6264 - - default default] 10.0.0.223 "DELETE /v2.0/security-groups/251c89fc-8109-459d-8fc1-f2b6ad14607a HTTP/1.1" status: 204 len: 168 time: 0.2768188
2026-05-09 02:44:17.284 9 INFO neutron.wsgi [None req-2ab9f154-3825-40fa-b926-999e9b6b3628 9a5fc65028c24127b13ab557e0e62e55 266484f008ba4cfdb54b0e1f3f783573 - - default default] 10.0.0.223 "GET /v2.0/routers/22c02ac9-0240-426b-a335-db6d2a251bb1 HTTP/1.1" status: 200 len: 873 time: 0.0961454
2026-05-09 02:44:17.453 10 INFO neutron.wsgi [None req-0ceed4b2-10a6-4ed6-828e-84157709cf75 9a5fc65028c24127b13ab557e0e62e55 266484f008ba4cfdb54b0e1f3f783573 - - default default] 10.0.0.223 "GET /v2.0/routers HTTP/1.1" status: 200 len: 876 time: 0.1507924
2026-05-09 02:44:17.476 10 WARNING neutron.scheduler.dhcp_agent_scheduler [None req-9f5cf4bb-753b-487b-a032-8419968915d6 0be8f3329bd64955a1a9abe3ed295c00 b7e4af82aefb40a9b78d43896f32733e - - default default] No more DHCP agents
2026-05-09 02:44:17.479 10 WARNING neutron.api.rpc.agentnotifiers.dhcp_rpc_agent_api [None req-9f5cf4bb-753b-487b-a032-8419968915d6 0be8f3329bd64955a1a9abe3ed295c00 b7e4af82aefb40a9b78d43896f32733e - - default default] Unable to schedule network 404e3e79-6967-48c1-9a35-f726e37a53f8: no agents available; will retry on subsequent port and subnet creation events.
2026-05-09 02:44:17.607 10 INFO neutron.db.ovn_revision_numbers_db [None req-9f5cf4bb-753b-487b-a032-8419968915d6 0be8f3329bd64955a1a9abe3ed295c00 b7e4af82aefb40a9b78d43896f32733e - - default default] Successfully bumped revision number for resource cbe8d4d1-229f-4ccc-802b-5949a520a7fc (type: ports) to 1
2026-05-09 02:44:17.649 10 INFO neutron.services.segments.plugin [-] Segment 700cff29-32a4-4cce-8226-46adf2bff39c resource provider aggregate not found
2026-05-09 02:44:17.655 10 INFO neutron.services.segments.plugin [-] Segment 700cff29-32a4-4cce-8226-46adf2bff39c resource provider aggregate not found
2026-05-09 02:44:17.674 10 INFO neutron.wsgi [None req-9f5cf4bb-753b-487b-a032-8419968915d6 0be8f3329bd64955a1a9abe3ed295c00 b7e4af82aefb40a9b78d43896f32733e - - default default] 10.0.0.223 "POST /v2.0/networks HTTP/1.1" status: 201 len: 831 time: 0.9677494
2026-05-09 02:44:17.676 10 INFO neutron.services.segments.plugin [-] Segment 700cff29-32a4-4cce-8226-46adf2bff39c resource provider not found; error: Placement Client Error (4xx): {"errors": [{"status": 404, "title": "Not Found", "detail": "The resource could not be found.\n\n No resource provider with uuid 700cff29-32a4-4cce-8226-46adf2bff39c found for delete ", "request_id": "req-5adc4333-efb1-4aae-bb3e-8e0768466071"}]}
2026-05-09 02:44:17.678 10 INFO neutron.services.segments.plugin [-] Segment 700cff29-32a4-4cce-8226-46adf2bff39c resource provider not found; error: Placement Client Error (4xx): {"errors": [{"status": 404, "title": "Not Found", "detail": "The resource could not be found.\n\n No resource provider with uuid 700cff29-32a4-4cce-8226-46adf2bff39c found for delete ", "request_id": "req-9cb2d92a-a4aa-4e40-a233-824cd9e75881"}]}
2026-05-09 02:44:17.685 10 WARNING neutron_lib.context [None req-860dcde7-85ff-4007-980b-2a0e271260ed 0be8f3329bd64955a1a9abe3ed295c00 b7e4af82aefb40a9b78d43896f32733e - - default default] Method 'is_advsvc' is deprecated since 2023.2 release (neutron-lib 3.8.0) and will be removed once support for the old RBAC API policies will be removed from Neutron. Please use method 'is_service_role' instead.
2026-05-09 02:44:17.730 10 INFO neutron.wsgi [None req-988a06f7-c18f-4ae2-97ec-3148e82754bb 5c13f855ba714f148e56666ef02b2701 7b0826e7c9774e02acbd8c4d754f39a4 - - default default] 10.0.0.223 "DELETE /v2.0/networks/5c49769d-2739-42bf-b847-654c6b525523 HTTP/1.1" status: 204 len: 168 time: 0.8041101
2026-05-09 02:44:17.970 9 INFO neutron.db.ovn_revision_numbers_db [None req-1002c09f-b0ce-4e3f-9bf9-5f27fb54b671 9a5fc65028c24127b13ab557e0e62e55 266484f008ba4cfdb54b0e1f3f783573 - - default default] Successfully bumped revision number for resource 22c02ac9-0240-426b-a335-db6d2a251bb1 (type: routers) to 3
2026-05-09 02:44:17.974 9 INFO neutron.wsgi [None req-1002c09f-b0ce-4e3f-9bf9-5f27fb54b671 9a5fc65028c24127b13ab557e0e62e55 266484f008ba4cfdb54b0e1f3f783573 - - default default] 10.0.0.223 "PUT /v2.0/routers/22c02ac9-0240-426b-a335-db6d2a251bb1 HTTP/1.1" status: 200 len: 880 time: 0.5119720
2026-05-09 02:44:18.035 10 WARNING neutron.plugins.ml2.drivers.ovn.mech_driver.ovsdb.ovn_client [None req-56a148bd-0010-44a2-86a8-c91e0137a763 - - - - - -] No port found with ID 3abd5efa-43a0-452a-b9f4-5961d29c82f9: RuntimeError: No port found with ID 3abd5efa-43a0-452a-b9f4-5961d29c82f9
2026-05-09 02:44:18.037 10 WARNING neutron.scheduler.dhcp_agent_scheduler [None req-860dcde7-85ff-4007-980b-2a0e271260ed 0be8f3329bd64955a1a9abe3ed295c00 b7e4af82aefb40a9b78d43896f32733e - - default default] No more DHCP agents
2026-05-09 02:44:18.040 10 WARNING neutron.api.rpc.agentnotifiers.dhcp_rpc_agent_api [None req-860dcde7-85ff-4007-980b-2a0e271260ed 0be8f3329bd64955a1a9abe3ed295c00 b7e4af82aefb40a9b78d43896f32733e - - default default] Unable to schedule network 404e3e79-6967-48c1-9a35-f726e37a53f8: no agents available; will retry on subsequent port and subnet creation events.
2026-05-09 02:44:18.059 9 INFO neutron.wsgi [None req-4a0fdf49-0699-414d-ac54-40a4032030fe 9a5fc65028c24127b13ab557e0e62e55 266484f008ba4cfdb54b0e1f3f783573 - - default default] 10.0.0.223 "GET /v2.0/routers/22c02ac9-0240-426b-a335-db6d2a251bb1 HTTP/1.1" status: 200 len: 880 time: 0.0785303
2026-05-09 02:44:18.085 9 INFO neutron.wsgi [None req-cad2fb6f-4cf3-4f65-985c-eb080a0e2e2b 9a5fc65028c24127b13ab557e0e62e55 266484f008ba4cfdb54b0e1f3f783573 - - default default] 10.0.0.223 "GET /v2.0/ports?device_id=22c02ac9-0240-426b-a335-db6d2a251bb1 HTTP/1.1" status: 200 len: 205 time: 0.0196693
2026-05-09 02:44:18.145 10 INFO neutron.db.ovn_revision_numbers_db [None req-860dcde7-85ff-4007-980b-2a0e271260ed 0be8f3329bd64955a1a9abe3ed295c00 b7e4af82aefb40a9b78d43896f32733e - - default default] Successfully bumped revision number for resource e44bfc2a-e817-448b-950a-0be285f4c0dd (type: ports) to 1
2026-05-09 02:44:18.184 10 INFO neutron.wsgi [None req-860dcde7-85ff-4007-980b-2a0e271260ed 0be8f3329bd64955a1a9abe3ed295c00 b7e4af82aefb40a9b78d43896f32733e - - default default] 10.0.0.223 "POST /v2.0/ports HTTP/1.1" status: 201 len: 942 time: 0.5029035 /var/lib/openstack/lib/python3.10/site-packages/pycadf/identifier.py:71: UserWarning: Invalid uuid: neutron. To ensure interoperability, identifiers should be a valid uuid. warnings.warn(('Invalid uuid: %s. To ensure interoperability, '
2026-05-09 02:44:18.195 10 WARNING neutron_lib.context [None req-e14b0ac6-8724-4a51-b88c-08aa4b698266 0be8f3329bd64955a1a9abe3ed295c00 b7e4af82aefb40a9b78d43896f32733e - - default default] Method 'is_advsvc' is deprecated since 2023.2 release (neutron-lib 3.8.0) and will be removed once support for the old RBAC API policies will be removed from Neutron. Please use method 'is_service_role' instead.
2026-05-09 02:44:18.289 10 INFO neutron.db.segments_db [None req-e14b0ac6-8724-4a51-b88c-08aa4b698266 0be8f3329bd64955a1a9abe3ed295c00 b7e4af82aefb40a9b78d43896f32733e - - default default] Added segment 3314d2b5-216e-4c98-9573-6888ded8048e of type geneve for network e1ec6e86-ac7a-43d0-8a3e-b02f83e4776e
2026-05-09 02:44:18.302 10 INFO neutron.wsgi [None req-7ff041f8-b77f-472b-b8b1-ea3f2c37fffb 5c13f855ba714f148e56666ef02b2701 7b0826e7c9774e02acbd8c4d754f39a4 - - default default] 10.0.0.223 "DELETE /v2.0/networks/f85787f1-cc22-40a5-846e-bcb8f149f176 HTTP/1.1" status: 204 len: 168 time: 0.5678837
2026-05-09 02:44:18.498 10 INFO neutron.db.ovn_revision_numbers_db [None req-e14b0ac6-8724-4a51-b88c-08aa4b698266 0be8f3329bd64955a1a9abe3ed295c00 b7e4af82aefb40a9b78d43896f32733e - - default default] Successfully bumped revision number for resource e1ec6e86-ac7a-43d0-8a3e-b02f83e4776e (type: networks) to 1
2026-05-09 02:44:18.682 10 WARNING neutron.scheduler.dhcp_agent_scheduler [None req-e14b0ac6-8724-4a51-b88c-08aa4b698266 0be8f3329bd64955a1a9abe3ed295c00 b7e4af82aefb40a9b78d43896f32733e - - default default] No more DHCP agents
2026-05-09 02:44:18.684 10 WARNING neutron.api.rpc.agentnotifiers.dhcp_rpc_agent_api [None req-e14b0ac6-8724-4a51-b88c-08aa4b698266 0be8f3329bd64955a1a9abe3ed295c00 b7e4af82aefb40a9b78d43896f32733e - - default default] Unable to schedule network e1ec6e86-ac7a-43d0-8a3e-b02f83e4776e: no agents available; will retry on subsequent port and subnet creation events.
2026-05-09 02:44:18.782 10 INFO neutron.db.ovn_revision_numbers_db [None req-e14b0ac6-8724-4a51-b88c-08aa4b698266 0be8f3329bd64955a1a9abe3ed295c00 b7e4af82aefb40a9b78d43896f32733e - - default default] Successfully bumped revision number for resource 53a8c747-dc2b-4065-8819-5fe8e825cdee (type: ports) to 1
2026-05-09 02:44:18.812 10 INFO neutron.wsgi [None req-e14b0ac6-8724-4a51-b88c-08aa4b698266 0be8f3329bd64955a1a9abe3ed295c00 b7e4af82aefb40a9b78d43896f32733e - - default default] 10.0.0.223 "POST /v2.0/networks HTTP/1.1" status: 201 len: 831 time: 0.6229608
2026-05-09 02:44:18.823 10 WARNING neutron_lib.context [None req-7132ddc6-74b6-46f1-aec0-953214683f50 0be8f3329bd64955a1a9abe3ed295c00 b7e4af82aefb40a9b78d43896f32733e - - default default] Method 'is_advsvc' is deprecated since 2023.2 release (neutron-lib 3.8.0) and will be removed once support for the old RBAC API policies will be removed from Neutron. Please use method 'is_service_role' instead.
2026-05-09 02:44:18.921 9 INFO neutron.db.ovn_revision_numbers_db [None req-bcfc8088-6531-4095-8437-6e3dad6d726f fb10a23b07884965bc0c4ffee1800cce 8a91ffeec2ec44929d32f253e15269f7 - - default default] Successfully bumped revision number for resource de4aa381-be8b-493d-9b72-1d5f32f13731 (type: security_groups) to 1
2026-05-09 02:44:18.944 9 INFO neutron.db.ovn_revision_numbers_db [None req-bcfc8088-6531-4095-8437-6e3dad6d726f fb10a23b07884965bc0c4ffee1800cce 8a91ffeec2ec44929d32f253e15269f7 - - default default] Successfully bumped revision number for resource 030abf16-ecaa-4319-90ba-546f1db52859 (type: security_group_rules) to 0
2026-05-09 02:44:18.974 9 INFO neutron.db.ovn_revision_numbers_db [None req-bcfc8088-6531-4095-8437-6e3dad6d726f fb10a23b07884965bc0c4ffee1800cce 8a91ffeec2ec44929d32f253e15269f7 - - default default] Successfully bumped revision number for resource 44471b0d-5bd6-43de-9b5e-b9b3fda9c9c9 (type: security_group_rules) to 0
2026-05-09 02:44:19.002 9 INFO neutron.db.ovn_revision_numbers_db [None req-bcfc8088-6531-4095-8437-6e3dad6d726f fb10a23b07884965bc0c4ffee1800cce 8a91ffeec2ec44929d32f253e15269f7 - - default default] Successfully bumped revision number for resource bdb1c49d-73cf-4dfa-b3d1-6982995a5425 (type: security_group_rules) to 0
2026-05-09 02:44:19.037 9 INFO neutron.db.ovn_revision_numbers_db [None req-bcfc8088-6531-4095-8437-6e3dad6d726f fb10a23b07884965bc0c4ffee1800cce 8a91ffeec2ec44929d32f253e15269f7 - - default default] Successfully bumped revision number for resource c2709534-78ee-4c61-8255-5464b7beb475 (type: security_group_rules) to 0
2026-05-09 02:44:19.087 9 INFO neutron.wsgi [None req-bcfc8088-6531-4095-8437-6e3dad6d726f fb10a23b07884965bc0c4ffee1800cce 8a91ffeec2ec44929d32f253e15269f7 - - default default] 10.0.0.223 "GET /v2.0/security-groups?tenant_id=aba22b72cf2c40ebad9b92e8482d419a&name=default HTTP/1.1" status: 200 len: 2996 time: 0.8739295 /var/lib/openstack/lib/python3.10/site-packages/pycadf/identifier.py:71: UserWarning: Invalid uuid: neutron. To ensure interoperability, identifiers should be a valid uuid. warnings.warn(('Invalid uuid: %s. To ensure interoperability, '
2026-05-09 02:44:19.118 10 WARNING neutron.scheduler.dhcp_agent_scheduler [None req-7132ddc6-74b6-46f1-aec0-953214683f50 0be8f3329bd64955a1a9abe3ed295c00 b7e4af82aefb40a9b78d43896f32733e - - default default] No more DHCP agents
2026-05-09 02:44:19.125 10 WARNING neutron.api.rpc.agentnotifiers.dhcp_rpc_agent_api [None req-7132ddc6-74b6-46f1-aec0-953214683f50 0be8f3329bd64955a1a9abe3ed295c00 b7e4af82aefb40a9b78d43896f32733e - - default default] Unable to schedule network e1ec6e86-ac7a-43d0-8a3e-b02f83e4776e: no agents available; will retry on subsequent port and subnet creation events.
2026-05-09 02:44:19.223 9 INFO neutron.services.segments.plugin [-] Segment 547d9e36-9035-4bfd-8a6b-94c1b9eaf69e resource provider aggregate not found
2026-05-09 02:44:19.230 9 INFO neutron.services.segments.plugin [-] Segment 547d9e36-9035-4bfd-8a6b-94c1b9eaf69e resource provider aggregate not found
2026-05-09 02:44:19.240 10 INFO neutron.db.ovn_revision_numbers_db [None req-7132ddc6-74b6-46f1-aec0-953214683f50 0be8f3329bd64955a1a9abe3ed295c00 b7e4af82aefb40a9b78d43896f32733e - - default default] Successfully bumped revision number for resource 99706bdf-a6dd-4b07-8460-29daeb0cf7ac (type: ports) to 1
2026-05-09 02:44:19.253 9 INFO neutron.services.segments.plugin [-] Segment 547d9e36-9035-4bfd-8a6b-94c1b9eaf69e resource provider not found; error: Placement Client Error (4xx): {"errors": [{"status": 404, "title": "Not Found", "detail": "The resource could not be found.\n\n No resource provider with uuid 547d9e36-9035-4bfd-8a6b-94c1b9eaf69e found for delete ", "request_id": "req-7df66295-2b8c-44e6-b3e9-83c30c7fd932"}]}
2026-05-09 02:44:19.267 9 INFO neutron.services.segments.plugin [-] Segment 547d9e36-9035-4bfd-8a6b-94c1b9eaf69e resource provider not found; error: Placement Client Error (4xx): {"errors": [{"status": 404, "title": "Not Found", "detail": "The resource could not be found.\n\n No resource provider with uuid 547d9e36-9035-4bfd-8a6b-94c1b9eaf69e found for delete ", "request_id": "req-4a30b285-dcd8-4de3-947c-528e63c8cabc"}]}
2026-05-09 02:44:19.272 10 INFO neutron.wsgi [None req-7132ddc6-74b6-46f1-aec0-953214683f50 0be8f3329bd64955a1a9abe3ed295c00 b7e4af82aefb40a9b78d43896f32733e - - default default] 10.0.0.223 "POST /v2.0/ports HTTP/1.1" status: 201 len: 942 time: 0.4542065
2026-05-09 02:44:19.288 9 WARNING neutron_lib.context [None req-b72d9960-3cb8-4938-9921-7d40c69738d2 0be8f3329bd64955a1a9abe3ed295c00 b7e4af82aefb40a9b78d43896f32733e - - default default] Method 'is_advsvc' is deprecated since 2023.2 release (neutron-lib 3.8.0) and will be removed once support for the old RBAC API policies will be removed from Neutron. Please use method 'is_service_role' instead.
2026-05-09 02:44:19.316 9 INFO neutron.wsgi [None req-95a40042-52e4-4f6b-b842-110f56bfd90d 5c13f855ba714f148e56666ef02b2701 7b0826e7c9774e02acbd8c4d754f39a4 - - default default] 10.0.0.223 "DELETE /v2.0/networks/ee8bf5d1-03f4-4c1d-b5f3-d75c2440a2ac HTTP/1.1" status: 204 len: 168 time: 1.0075839
2026-05-09 02:44:19.373 10 INFO neutron.wsgi [None req-0fb45832-378e-46a8-83d6-567d61a6a991 fb10a23b07884965bc0c4ffee1800cce 8a91ffeec2ec44929d32f253e15269f7 - - default default] 10.0.0.223 "DELETE /v2.0/security-groups/de4aa381-be8b-493d-9b72-1d5f32f13731 HTTP/1.1" status: 204 len: 168 time: 0.2779157
2026-05-09 02:44:19.462 9 INFO neutron.db.segments_db [None req-b72d9960-3cb8-4938-9921-7d40c69738d2 0be8f3329bd64955a1a9abe3ed295c00 b7e4af82aefb40a9b78d43896f32733e - - default default] Added segment c0739525-2d3f-4613-a346-97b10bbac3e1 of type geneve for network ac110923-20c7-4570-880e-3e70e2e0c10f /var/lib/openstack/lib/python3.10/site-packages/pycadf/identifier.py:71: UserWarning: Invalid uuid: neutron. To ensure interoperability, identifiers should be a valid uuid. warnings.warn(('Invalid uuid: %s. To ensure interoperability, '
2026-05-09 02:44:19.538 10 INFO neutron.wsgi [None req-ee35fceb-6e31-4a5f-89b1-176dfbfafdf5 fb10a23b07884965bc0c4ffee1800cce 8a91ffeec2ec44929d32f253e15269f7 - - default default] 10.0.0.223 "GET /v2.0/security-groups?tenant_id=165fc434e8244da4afd9281e8dad6264&name=default HTTP/1.1" status: 200 len: 2996 time: 0.0504360
2026-05-09 02:44:19.703 10 INFO neutron.services.segments.plugin [-] Segment f495c8c0-5a8f-4a89-8fca-26eb1b7a5abb resource provider aggregate not found
2026-05-09 02:44:19.716 10 INFO neutron.services.segments.plugin [-] Segment f495c8c0-5a8f-4a89-8fca-26eb1b7a5abb resource provider aggregate not found
2026-05-09 02:44:19.728 10 INFO neutron.services.segments.plugin [-] Segment f495c8c0-5a8f-4a89-8fca-26eb1b7a5abb resource provider not found; error: Placement Client Error (4xx): {"errors": [{"status": 404, "title": "Not Found", "detail": "The resource could not be found.\n\n No resource provider with uuid f495c8c0-5a8f-4a89-8fca-26eb1b7a5abb found for delete ", "request_id": "req-6f41a526-fd5d-4084-8186-fd39e1db69ea"}]}
2026-05-09 02:44:19.738 10 INFO neutron.services.segments.plugin [-] Segment f495c8c0-5a8f-4a89-8fca-26eb1b7a5abb resource provider not found; error: Placement Client Error (4xx): {"errors": [{"status": 404, "title": "Not Found", "detail": "The resource could not be found.\n\n No resource provider with uuid f495c8c0-5a8f-4a89-8fca-26eb1b7a5abb found for delete ", "request_id": "req-4a7b0399-8f27-4c92-8441-d6de216e9e8f"}]}
2026-05-09 02:44:19.801 9 INFO neutron.db.ovn_revision_numbers_db [None req-b72d9960-3cb8-4938-9921-7d40c69738d2 0be8f3329bd64955a1a9abe3ed295c00 b7e4af82aefb40a9b78d43896f32733e - - default default] Successfully bumped revision number for resource ac110923-20c7-4570-880e-3e70e2e0c10f (type: networks) to 1
2026-05-09 02:44:19.806 9 INFO neutron.wsgi [None req-43d549a6-f6d0-43a9-a8b7-c9b344af1265 9a5fc65028c24127b13ab557e0e62e55 266484f008ba4cfdb54b0e1f3f783573 - - default default] 10.0.0.223 "DELETE /v2.0/routers/22c02ac9-0240-426b-a335-db6d2a251bb1 HTTP/1.1" status: 204 len: 168 time: 1.7124946
2026-05-09 02:44:19.812 10 INFO neutron.wsgi [None req-ac6f4e1f-f74f-496b-b1a1-2e5564dfbcf6 fb10a23b07884965bc0c4ffee1800cce 8a91ffeec2ec44929d32f253e15269f7 - - default default] 10.0.0.223 "DELETE /v2.0/security-groups/7438225a-5625-4b79-b04a-16522e0b4929 HTTP/1.1" status: 204 len: 168 time: 0.2684648
2026-05-09 02:44:19.839 9 INFO neutron.wsgi [None req-08cfb11f-1fd4-4d42-9d83-af7732489396 9a5fc65028c24127b13ab557e0e62e55 266484f008ba4cfdb54b0e1f3f783573 - - default default] 10.0.0.223 "GET /v2.0/ports?device_id=22c02ac9-0240-426b-a335-db6d2a251bb1 HTTP/1.1" status: 200 len: 205 time: 0.0271842
2026-05-09 02:44:19.870 10 INFO neutron.api.v2.resource [None req-9add1a1b-8c04-4b25-81b5-6737aa8879e4 9a5fc65028c24127b13ab557e0e62e55 266484f008ba4cfdb54b0e1f3f783573 - - default default] delete failed (client error): The resource could not be found.
2026-05-09 02:44:19.871 10 INFO neutron.wsgi [None req-9add1a1b-8c04-4b25-81b5-6737aa8879e4 9a5fc65028c24127b13ab557e0e62e55 266484f008ba4cfdb54b0e1f3f783573 - - default default] 10.0.0.223 "DELETE /v2.0/routers/22c02ac9-0240-426b-a335-db6d2a251bb1 HTTP/1.1" status: 404 len: 336 time: 0.0260813
2026-05-09 02:44:19.899 10 INFO neutron.wsgi [None req-b3ac4b14-99c3-44ce-9470-d29b9437d9c2 9a5fc65028c24127b13ab557e0e62e55 266484f008ba4cfdb54b0e1f3f783573 - - default default] 10.0.0.223 "GET /v2.0/ports?device_id=10564f55-b7a9-4dde-8912-55c8c7de972d HTTP/1.1" status: 200 len: 205 time: 0.0224385
2026-05-09 02:44:19.924 10 INFO neutron.api.v2.resource [None req-b81d57b4-3689-4d5b-be50-c962de6570a6 9a5fc65028c24127b13ab557e0e62e55 266484f008ba4cfdb54b0e1f3f783573 - - default default] delete failed (client error): The resource could not be found.
2026-05-09 02:44:19.926 10 INFO neutron.wsgi [None req-b81d57b4-3689-4d5b-be50-c962de6570a6 9a5fc65028c24127b13ab557e0e62e55 266484f008ba4cfdb54b0e1f3f783573 - - default default] 10.0.0.223 "DELETE /v2.0/routers/10564f55-b7a9-4dde-8912-55c8c7de972d HTTP/1.1" status: 404 len: 336 time: 0.0223107
2026-05-09 02:44:19.952 10 INFO neutron.pecan_wsgi.hooks.translation [None req-9668c875-58d6-44e1-97f5-2537ecdb3e90 9a5fc65028c24127b13ab557e0e62e55 266484f008ba4cfdb54b0e1f3f783573 - - default default] DELETE failed (client error): The resource could not be found.
2026-05-09 02:44:19.954 10 INFO neutron.wsgi [None req-9668c875-58d6-44e1-97f5-2537ecdb3e90 9a5fc65028c24127b13ab557e0e62e55 266484f008ba4cfdb54b0e1f3f783573 - - default default] 10.0.0.223 "DELETE /v2.0/subnets/779e9729-70c5-44b1-9b7f-f68ffbf5679a HTTP/1.1" status: 404 len: 337 time: 0.0234032
2026-05-09 02:44:19.981 10 INFO neutron.wsgi [None req-012f8d74-bbbe-4fed-ab34-b4fd5d084376 9a5fc65028c24127b13ab557e0e62e55 266484f008ba4cfdb54b0e1f3f783573 - - default default] 10.0.0.223 "GET /v2.0/ports?device_id=825c5b78-8de1-4449-8b06-269540fbdeef HTTP/1.1" status: 200 len: 205 time: 0.0197208
2026-05-09 02:44:20.057 9 WARNING neutron.scheduler.dhcp_agent_scheduler [None req-b72d9960-3cb8-4938-9921-7d40c69738d2 0be8f3329bd64955a1a9abe3ed295c00 b7e4af82aefb40a9b78d43896f32733e - - default default] No more DHCP agents
2026-05-09 02:44:20.060 9 WARNING neutron.api.rpc.agentnotifiers.dhcp_rpc_agent_api [None req-b72d9960-3cb8-4938-9921-7d40c69738d2 0be8f3329bd64955a1a9abe3ed295c00 b7e4af82aefb40a9b78d43896f32733e - - default default] Unable to schedule network ac110923-20c7-4570-880e-3e70e2e0c10f: no agents available; will retry on subsequent port and subnet creation events.
2026-05-09 02:44:20.078 9 INFO neutron.wsgi [None req-a963d572-73e4-4c33-ba10-6f45d72a1df4 5c13f855ba714f148e56666ef02b2701 7b0826e7c9774e02acbd8c4d754f39a4 - - default default] 10.0.0.223 "DELETE /v2.0/networks/a6f8312a-9f6b-4225-8250-0c38f037be04 HTTP/1.1" status: 204 len: 168 time: 0.7502294
2026-05-09 02:44:20.213 9 INFO neutron.db.ovn_revision_numbers_db [None req-b72d9960-3cb8-4938-9921-7d40c69738d2 0be8f3329bd64955a1a9abe3ed295c00 b7e4af82aefb40a9b78d43896f32733e - - default default] Successfully bumped revision number for resource fe19915a-623d-4ef7-a921-21165c529e43 (type: ports) to 1
2026-05-09 02:44:20.248 9 INFO neutron.db.ovn_revision_numbers_db [None req-76733630-2b9b-435d-82e7-602cf69c3164 fb10a23b07884965bc0c4ffee1800cce 8a91ffeec2ec44929d32f253e15269f7 - - default default] Successfully bumped revision number for resource 2787e528-6517-4d36-a05e-0f983302ff71 (type: security_groups) to 1
2026-05-09 02:44:20.254 9 INFO neutron.wsgi [None req-b72d9960-3cb8-4938-9921-7d40c69738d2 0be8f3329bd64955a1a9abe3ed295c00 b7e4af82aefb40a9b78d43896f32733e - - default default] 10.0.0.223 "POST /v2.0/networks HTTP/1.1" status: 201 len: 830 time: 0.9745867
2026-05-09 02:44:20.262 9 INFO neutron.db.ovn_revision_numbers_db [None req-76733630-2b9b-435d-82e7-602cf69c3164 fb10a23b07884965bc0c4ffee1800cce 8a91ffeec2ec44929d32f253e15269f7 - - default default] Successfully bumped revision number for resource 0b767883-78ee-45c9-898a-ddf28f1edba7 (type: security_group_rules) to 0
2026-05-09 02:44:20.267 9 WARNING neutron_lib.context [None req-302fcb07-4001-45e5-9afd-04f13d467ece 0be8f3329bd64955a1a9abe3ed295c00 b7e4af82aefb40a9b78d43896f32733e - - default default] Method 'is_advsvc' is deprecated since 2023.2 release (neutron-lib 3.8.0) and will be removed once support for the old RBAC API policies will be removed from Neutron. Please use method 'is_service_role' instead.
2026-05-09 02:44:20.289 9 INFO neutron.db.ovn_revision_numbers_db [None req-76733630-2b9b-435d-82e7-602cf69c3164 fb10a23b07884965bc0c4ffee1800cce 8a91ffeec2ec44929d32f253e15269f7 - - default default] Successfully bumped revision number for resource 24bdc724-56a3-4741-af61-f1a55e13ee4e (type: security_group_rules) to 0
2026-05-09 02:44:20.326 9 INFO neutron.db.ovn_revision_numbers_db [None req-76733630-2b9b-435d-82e7-602cf69c3164 fb10a23b07884965bc0c4ffee1800cce 8a91ffeec2ec44929d32f253e15269f7 - - default default] Successfully bumped revision number for resource 4795a095-b514-4671-b11c-308b18148894 (type: security_group_rules) to 0
2026-05-09 02:44:20.346 10 INFO neutron.api.v2.resource [None req-02bc8df2-b7de-48fa-aff6-571ca4cf06e0 9a5fc65028c24127b13ab557e0e62e55 266484f008ba4cfdb54b0e1f3f783573 - - default default] delete failed (client error): The resource could not be found.
2026-05-09 02:44:20.347 10 INFO neutron.wsgi [None req-02bc8df2-b7de-48fa-aff6-571ca4cf06e0 9a5fc65028c24127b13ab557e0e62e55 266484f008ba4cfdb54b0e1f3f783573 - - default default] 10.0.0.223 "DELETE /v2.0/routers/825c5b78-8de1-4449-8b06-269540fbdeef HTTP/1.1" status: 404 len: 336 time: 0.3610260
2026-05-09 02:44:20.363 9 INFO neutron.db.ovn_revision_numbers_db [None req-76733630-2b9b-435d-82e7-602cf69c3164 fb10a23b07884965bc0c4ffee1800cce 8a91ffeec2ec44929d32f253e15269f7 - - default default] Successfully bumped revision number for resource 8698d36f-3690-4258-b3d2-2a4833b02922 (type: security_group_rules) to 0
2026-05-09 02:44:20.372 10 INFO neutron.pecan_wsgi.hooks.translation [None req-6fd6263e-82b2-4ef2-9b57-7641a12ab0db 9a5fc65028c24127b13ab557e0e62e55 266484f008ba4cfdb54b0e1f3f783573 - - default default] DELETE failed (client error): The resource could not be found.
2026-05-09 02:44:20.375 10 INFO neutron.wsgi [None req-6fd6263e-82b2-4ef2-9b57-7641a12ab0db 9a5fc65028c24127b13ab557e0e62e55 266484f008ba4cfdb54b0e1f3f783573 - - default default] 10.0.0.223 "DELETE /v2.0/subnets/c98a6ea2-af92-44ba-96e0-34d0826394b2 HTTP/1.1" status: 404 len: 337 time: 0.0178494
2026-05-09 02:44:20.400 10 INFO neutron.wsgi [None req-69f99a84-29e2-4748-a4b6-4df1eacdf222 9a5fc65028c24127b13ab557e0e62e55 266484f008ba4cfdb54b0e1f3f783573 - - default default] 10.0.0.223 "GET /v2.0/ports?device_id=6bcf492a-6369-4a6f-b672-b19f2073f7a3 HTTP/1.1" status: 200 len: 205 time: 0.0177207
2026-05-09 02:44:20.404 9 INFO neutron.wsgi [None req-76733630-2b9b-435d-82e7-602cf69c3164 fb10a23b07884965bc0c4ffee1800cce 8a91ffeec2ec44929d32f253e15269f7 - - default default] 10.0.0.223 "GET /v2.0/security-groups?tenant_id=be33651325c94200a80c6e0861c0eb94&name=default HTTP/1.1" status: 200 len: 2996 time: 0.3992953
2026-05-09 02:44:20.429 10 INFO neutron.api.v2.resource [None req-b4709597-f997-4c11-b8b1-543d3be8f9ad 9a5fc65028c24127b13ab557e0e62e55 266484f008ba4cfdb54b0e1f3f783573 - - default default] delete failed (client error): The resource could not be found.
2026-05-09 02:44:20.430 10 INFO neutron.wsgi [None req-b4709597-f997-4c11-b8b1-543d3be8f9ad 9a5fc65028c24127b13ab557e0e62e55 266484f008ba4cfdb54b0e1f3f783573 - - default default] 10.0.0.223 "DELETE /v2.0/routers/6bcf492a-6369-4a6f-b672-b19f2073f7a3 HTTP/1.1" status: 404 len: 336 time: 0.0255828
2026-05-09 02:44:20.450 10 INFO neutron.pecan_wsgi.hooks.translation [None req-1070a9c2-050b-4d62-983b-1e942fe19b8e 9a5fc65028c24127b13ab557e0e62e55 266484f008ba4cfdb54b0e1f3f783573 - - default default] DELETE failed (client error): The resource could not be found.
2026-05-09 02:44:20.453 10 INFO neutron.wsgi [None req-1070a9c2-050b-4d62-983b-1e942fe19b8e 9a5fc65028c24127b13ab557e0e62e55 266484f008ba4cfdb54b0e1f3f783573 - - default default] 10.0.0.223 "DELETE /v2.0/subnets/2f63161b-1003-413c-914b-8211717a597b HTTP/1.1" status: 404 len: 337 time: 0.0179615
2026-05-09 02:44:20.481 10 INFO neutron.pecan_wsgi.hooks.translation [None req-ad42658e-447d-4851-92f2-e02c7e72c996 9a5fc65028c24127b13ab557e0e62e55 266484f008ba4cfdb54b0e1f3f783573 - - default default] DELETE failed (client error): The resource could not be found.
2026-05-09 02:44:20.484 10 INFO neutron.wsgi [None req-ad42658e-447d-4851-92f2-e02c7e72c996 9a5fc65028c24127b13ab557e0e62e55 266484f008ba4cfdb54b0e1f3f783573 - - default default] 10.0.0.223 "DELETE /v2.0/subnets/a27237a1-6947-41d7-a2c6-dff634a60b2d HTTP/1.1" status: 404 len: 337 time: 0.0204892
2026-05-09 02:44:20.731 9 WARNING neutron.scheduler.dhcp_agent_scheduler [None req-302fcb07-4001-45e5-9afd-04f13d467ece 0be8f3329bd64955a1a9abe3ed295c00 b7e4af82aefb40a9b78d43896f32733e - - default default] No more DHCP agents
2026-05-09 02:44:20.735 9 WARNING neutron.api.rpc.agentnotifiers.dhcp_rpc_agent_api [None req-302fcb07-4001-45e5-9afd-04f13d467ece 0be8f3329bd64955a1a9abe3ed295c00 b7e4af82aefb40a9b78d43896f32733e - - default default] Unable to schedule network ac110923-20c7-4570-880e-3e70e2e0c10f: no agents available; will retry on subsequent port and subnet creation events.
2026-05-09 02:44:21.052 9 INFO neutron.db.ovn_revision_numbers_db [None req-302fcb07-4001-45e5-9afd-04f13d467ece 0be8f3329bd64955a1a9abe3ed295c00 b7e4af82aefb40a9b78d43896f32733e - - default default] Successfully bumped revision number for resource ad2be29a-7e9e-4549-8ef3-097bf845c550 (type: ports) to 1
2026-05-09 02:44:21.062 9 INFO neutron.wsgi [None req-21c03108-0068-4f03-b8d8-b4c2e62068e0 5c13f855ba714f148e56666ef02b2701 7b0826e7c9774e02acbd8c4d754f39a4 - - default default] 10.0.0.223 "DELETE /v2.0/networks/b2cb3a19-aef5-4453-a25c-c145401b2ccc HTTP/1.1" status: 204 len: 168 time: 0.9740133
2026-05-09 02:44:21.093 9 INFO neutron.wsgi [None req-302fcb07-4001-45e5-9afd-04f13d467ece 0be8f3329bd64955a1a9abe3ed295c00 b7e4af82aefb40a9b78d43896f32733e - - default default] 10.0.0.223 "POST /v2.0/ports HTTP/1.1" status: 201 len: 942 time: 0.8305461
2026-05-09 02:44:21.106 9 INFO neutron.wsgi [None req-b3ab1e02-75ab-4cea-9fd6-e8537413056e fb10a23b07884965bc0c4ffee1800cce 8a91ffeec2ec44929d32f253e15269f7 - - default default] 10.0.0.223 "DELETE /v2.0/security-groups/2787e528-6517-4d36-a05e-0f983302ff71 HTTP/1.1" status: 204 len: 168 time: 0.6940296
2026-05-09 02:44:21.152 10 INFO neutron.wsgi [None req-c6c6e3fd-8dac-4475-a2c1-b1e94956fbe0 0be8f3329bd64955a1a9abe3ed295c00 b7e4af82aefb40a9b78d43896f32733e - - default default] 10.0.0.223 "PUT /v2.0/ports/24a7dbfb-7714-44e7-83da-abc71890a34b/tags HTTP/1.1" status: 200 len: 210 time: 0.0497878
2026-05-09 02:44:21.200 10 INFO neutron.wsgi [None req-1ead46c3-b06b-44fc-b060-2629cad0f1be 0be8f3329bd64955a1a9abe3ed295c00 b7e4af82aefb40a9b78d43896f32733e - - default default] 10.0.0.223 "PUT /v2.0/ports/3f297b14-0d15-4032-9349-ab90f8b0363d/tags HTTP/1.1" status: 200 len: 218 time: 0.0439489
2026-05-09 02:44:21.252 10 INFO neutron.wsgi [None req-cb858c57-d5fb-40a6-a5fc-73eceddac9ad 0be8f3329bd64955a1a9abe3ed295c00 b7e4af82aefb40a9b78d43896f32733e - - default default] 10.0.0.223 "PUT /v2.0/ports/e44bfc2a-e817-448b-950a-0be285f4c0dd/tags HTTP/1.1" status: 200 len: 227 time: 0.0469308
2026-05-09 02:44:21.276 9 INFO neutron.services.segments.plugin [-] Segment 4b2bce5d-f45d-4996-b6af-48888c5625f5 resource provider aggregate not found
2026-05-09 02:44:21.295 9 INFO neutron.services.segments.plugin [-] Segment 4b2bce5d-f45d-4996-b6af-48888c5625f5 resource provider aggregate not found
2026-05-09 02:44:21.303 9 INFO neutron.services.segments.plugin [-] Segment 4b2bce5d-f45d-4996-b6af-48888c5625f5 resource provider not found; error: Placement Client Error (4xx): {"errors": [{"status": 404, "title": "Not Found", "detail": "The resource could not be found.\n\n No resource provider with uuid 4b2bce5d-f45d-4996-b6af-48888c5625f5 found for delete ", "request_id": "req-2d50eaf2-7bfd-426b-b47a-f92d2340e7a4"}]}
2026-05-09 02:44:21.306 10 INFO neutron.wsgi [None req-8cb85d10-959e-43b5-aabd-265cddaae533 0be8f3329bd64955a1a9abe3ed295c00 b7e4af82aefb40a9b78d43896f32733e - - default default] 10.0.0.223 "PUT /v2.0/ports/99706bdf-a6dd-4b07-8460-29daeb0cf7ac/tags HTTP/1.1" status: 200 len: 212 time: 0.0486736
2026-05-09 02:44:21.313 9 INFO neutron.services.segments.plugin [-] Segment 4b2bce5d-f45d-4996-b6af-48888c5625f5 resource provider not found; error: Placement Client Error (4xx): {"errors": [{"status": 404, "title": "Not Found", "detail": "The resource could not be found.\n\n No resource provider with uuid 4b2bce5d-f45d-4996-b6af-48888c5625f5 found for delete ", "request_id": "req-bc971d5c-32bf-4541-924c-74aa986bb0cf"}]} /var/lib/openstack/lib/python3.10/site-packages/pycadf/identifier.py:71: UserWarning: Invalid uuid: neutron. To ensure interoperability, identifiers should be a valid uuid. warnings.warn(('Invalid uuid: %s. To ensure interoperability, '
2026-05-09 02:44:21.327 9 INFO neutron.services.segments.plugin [-] Segment 3781b056-da6c-41a0-b601-03756f7fb045 resource provider aggregate not found
2026-05-09 02:44:21.343 9 INFO neutron.services.segments.plugin [-] Segment 3781b056-da6c-41a0-b601-03756f7fb045 resource provider aggregate not found
2026-05-09 02:44:21.373 9 INFO neutron.services.segments.plugin [-] Segment 3781b056-da6c-41a0-b601-03756f7fb045 resource provider not found; error: Placement Client Error (4xx): {"errors": [{"status": 404, "title": "Not Found", "detail": "The resource could not be found.\n\n No resource provider with uuid 3781b056-da6c-41a0-b601-03756f7fb045 found for delete ", "request_id": "req-09c80c56-d2ff-4c10-ad16-a981966b4fb6"}]}
2026-05-09 02:44:21.374 9 INFO neutron.services.segments.plugin [-] Segment 3781b056-da6c-41a0-b601-03756f7fb045 resource provider not found; error: Placement Client Error (4xx): {"errors": [{"status": 404, "title": "Not Found", "detail": "The resource could not be found.\n\n No resource provider with uuid 3781b056-da6c-41a0-b601-03756f7fb045 found for delete ", "request_id": "req-2f34f9e0-ff3f-4d52-b018-db8021557cc4"}]}
2026-05-09 02:44:21.436 9 INFO neutron.wsgi [None req-15726b83-32eb-4714-addf-9870c67293a1 fb10a23b07884965bc0c4ffee1800cce 8a91ffeec2ec44929d32f253e15269f7 - - default default] 10.0.0.223 "GET /v2.0/security-groups?tenant_id=266484f008ba4cfdb54b0e1f3f783573&name=default HTTP/1.1" status: 200 len: 2996 time: 0.2739055
2026-05-09 02:44:21.545 9 INFO neutron.wsgi [None req-7bb0492b-0816-4c49-8e5d-fa2bf54d4fcb 0be8f3329bd64955a1a9abe3ed295c00 b7e4af82aefb40a9b78d43896f32733e - - default default] 10.0.0.223 "GET /v2.0/ports?tags=red HTTP/1.1" status: 200 len: 2448 time: 0.2335200
2026-05-09 02:44:21.655 9 INFO neutron.wsgi [None req-789de453-d5cc-4703-a017-d3677da3fd4f 0be8f3329bd64955a1a9abe3ed295c00 b7e4af82aefb40a9b78d43896f32733e - - default default] 10.0.0.223 "GET /v2.0/ports?tags=red%2Cblue HTTP/1.1" status: 200 len: 1708 time: 0.1040280
2026-05-09 02:44:21.809 9 INFO neutron.wsgi [None req-3b7009db-601a-422d-8aa8-3a0f7e67a98d fb10a23b07884965bc0c4ffee1800cce 8a91ffeec2ec44929d32f253e15269f7 - - default default] 10.0.0.223 "DELETE /v2.0/security-groups/bb3d4fdc-ddbb-4f42-a1b0-6ff234744fa0 HTTP/1.1" status: 204 len: 168 time: 0.3619549
2026-05-09 02:44:21.828 10 INFO neutron.wsgi [None req-54d4dd80-2d2f-4e6f-83b1-fbcd992b6ff6 0be8f3329bd64955a1a9abe3ed295c00 b7e4af82aefb40a9b78d43896f32733e - - default default] 10.0.0.223 "GET /v2.0/ports?tags-any=blue HTTP/1.1" status: 200 len: 1708 time: 0.1679740
2026-05-09 02:44:21.927 10 INFO neutron.wsgi [None req-311ddaef-37dd-4209-a24e-5d8d5b24ca70 0be8f3329bd64955a1a9abe3ed295c00 b7e4af82aefb40a9b78d43896f32733e - - default default] 10.0.0.223 "GET /v2.0/ports?tags-any=red%2Cblue HTTP/1.1" status: 200 len: 2448 time: 0.0933878
2026-05-09 02:44:22.094 10 INFO neutron.wsgi [None req-6dbd2232-a380-4bee-b3ac-057bf8a91a4c 0be8f3329bd64955a1a9abe3ed295c00 b7e4af82aefb40a9b78d43896f32733e - - default default] 10.0.0.223 "GET /v2.0/ports?not-tags=red HTTP/1.1" status: 200 len: 5463 time: 0.1601582
2026-05-09 02:44:22.185 10 INFO neutron.wsgi [None req-c0aa21b1-41e9-45b7-a9fe-5b00d6e1113d 0be8f3329bd64955a1a9abe3ed295c00 b7e4af82aefb40a9b78d43896f32733e - - default default] 10.0.0.223 "GET /v2.0/ports?not-tags=red%2Cblue HTTP/1.1" status: 200 len: 6203 time: 0.0842345
2026-05-09 02:44:22.192 9 WARNING neutron.plugins.ml2.drivers.ovn.mech_driver.ovsdb.ovn_client [None req-7d293c66-7a4f-43d3-a26a-1d940f5875fc - - - - - -] No port found with ID 9bfdeb79-7d32-4b57-ad83-b500cbaec294: RuntimeError: No port found with ID 9bfdeb79-7d32-4b57-ad83-b500cbaec294
2026-05-09 02:44:22.271 9 INFO neutron.db.ovn_revision_numbers_db [None req-05edd954-5490-4c0a-830c-50e4eccc53be fb10a23b07884965bc0c4ffee1800cce 8a91ffeec2ec44929d32f253e15269f7 - - default default] Successfully bumped revision number for resource 5e79953f-bad1-4033-9710-e28e3b687d2c (type: security_groups) to 1
2026-05-09 02:44:22.284 9 INFO neutron.db.ovn_revision_numbers_db [None req-05edd954-5490-4c0a-830c-50e4eccc53be fb10a23b07884965bc0c4ffee1800cce 8a91ffeec2ec44929d32f253e15269f7 - - default default] Successfully bumped revision number for resource 195ed244-a3d7-4b9c-ac15-4c2b56c4fca1 (type: security_group_rules) to 0
2026-05-09 02:44:22.285 10 INFO neutron.wsgi [None req-4f3857c3-dc3b-45bf-9d8e-a822ca7d0db3 0be8f3329bd64955a1a9abe3ed295c00 b7e4af82aefb40a9b78d43896f32733e - - default default] 10.0.0.223 "GET /v2.0/ports?not-tags-any=blue HTTP/1.1" status: 200 len: 6203 time: 0.0942869
2026-05-09 02:44:22.298 9 INFO neutron.db.ovn_revision_numbers_db [None req-05edd954-5490-4c0a-830c-50e4eccc53be fb10a23b07884965bc0c4ffee1800cce 8a91ffeec2ec44929d32f253e15269f7 - - default default] Successfully bumped revision number for resource 3d50813f-5dbc-415c-8715-ef0085714d46 (type: security_group_rules) to 0
2026-05-09 02:44:22.316 9 INFO neutron.db.ovn_revision_numbers_db [None req-05edd954-5490-4c0a-830c-50e4eccc53be fb10a23b07884965bc0c4ffee1800cce 8a91ffeec2ec44929d32f253e15269f7 - - default default] Successfully bumped revision number for resource bf220e20-5bc3-49c1-bf08-04bfc1131cd5 (type: security_group_rules) to 0
2026-05-09 02:44:22.332 9 INFO neutron.db.ovn_revision_numbers_db [None req-05edd954-5490-4c0a-830c-50e4eccc53be fb10a23b07884965bc0c4ffee1800cce 8a91ffeec2ec44929d32f253e15269f7 - - default default] Successfully bumped revision number for resource c89af4fb-b33b-4474-bdfc-09af268e93d0 (type: security_group_rules) to 0
2026-05-09 02:44:22.347 10 INFO neutron.wsgi [None req-c45c0f4f-fd8b-4148-a170-c44c795d0ee6 0be8f3329bd64955a1a9abe3ed295c00 b7e4af82aefb40a9b78d43896f32733e - - default default] 10.0.0.223 "GET /v2.0/ports?not-tags-any=red%2Cblue HTTP/1.1" status: 200 len: 5463 time: 0.0576773
2026-05-09 02:44:22.358 9 INFO neutron.wsgi [None req-05edd954-5490-4c0a-830c-50e4eccc53be fb10a23b07884965bc0c4ffee1800cce 8a91ffeec2ec44929d32f253e15269f7 - - default default] 10.0.0.223 "GET /v2.0/security-groups?tenant_id=a71feae120b44aad90fa625943dd378e&name=default HTTP/1.1" status: 200 len: 2996 time: 0.4198918
2026-05-09 02:44:22.566 9 INFO neutron.wsgi [None req-c4f45e94-824d-4f03-bb7f-3befc023630b fb10a23b07884965bc0c4ffee1800cce 8a91ffeec2ec44929d32f253e15269f7 - - default default] 10.0.0.223 "DELETE /v2.0/security-groups/5e79953f-bad1-4033-9710-e28e3b687d2c HTTP/1.1" status: 204 len: 168 time: 0.2021503
2026-05-09 02:44:22.613 10 INFO neutron.wsgi [None req-7a1adc12-c045-4e2b-bfc1-a3c29b2d178e 0be8f3329bd64955a1a9abe3ed295c00 b7e4af82aefb40a9b78d43896f32733e - - default default] 10.0.0.223 "DELETE /v2.0/ports/24a7dbfb-7714-44e7-83da-abc71890a34b HTTP/1.1" status: 204 len: 168 time: 0.2566206
2026-05-09 02:44:22.901 10 INFO neutron.wsgi [None req-45bb3ab7-938c-4207-8e52-813666701542 0be8f3329bd64955a1a9abe3ed295c00 b7e4af82aefb40a9b78d43896f32733e - - default default] 10.0.0.223 "DELETE /v2.0/ports/3f297b14-0d15-4032-9349-ab90f8b0363d HTTP/1.1" status: 204 len: 168 time: 0.2829015
