2026-05-09 02:43:58.941 10 WARNING neutron.scheduler.dhcp_agent_scheduler [None req-18b4ad26-7e80-470a-a97b-5795fcc75b30 9a5fc65028c24127b13ab557e0e62e55 266484f008ba4cfdb54b0e1f3f783573 - - default default] No more DHCP agents
2026-05-09 02:43:58.945 10 WARNING neutron.api.rpc.agentnotifiers.dhcp_rpc_agent_api [None req-18b4ad26-7e80-470a-a97b-5795fcc75b30 9a5fc65028c24127b13ab557e0e62e55 266484f008ba4cfdb54b0e1f3f783573 - - default default] Unable to schedule network 78de6dfc-0e13-46e4-885e-a4454f07b089: no agents available; will retry on subsequent port and subnet creation events.
2026-05-09 02:43:58.973 9 WARNING neutron.scheduler.dhcp_agent_scheduler [None req-309825fb-5bef-4998-bef1-e62e62abb5e4 bc335d4d05dc487a9a3b2ac423b457e6 c002cb097b57423c834e43bb9d2f8dac - - default default] No more DHCP agents
2026-05-09 02:43:58.977 9 WARNING neutron.api.rpc.agentnotifiers.dhcp_rpc_agent_api [None req-309825fb-5bef-4998-bef1-e62e62abb5e4 bc335d4d05dc487a9a3b2ac423b457e6 c002cb097b57423c834e43bb9d2f8dac - - default default] Unable to schedule network b96b4899-e441-45db-81ee-68f7b41c8a0a: no agents available; will retry on subsequent port and subnet creation events.
2026-05-09 02:43:59.109 10 INFO neutron.db.ovn_revision_numbers_db [None req-18b4ad26-7e80-470a-a97b-5795fcc75b30 9a5fc65028c24127b13ab557e0e62e55 266484f008ba4cfdb54b0e1f3f783573 - - default default] Successfully bumped revision number for resource fe2a04ff-fd9d-4878-98a9-a45f62b67daa (type: ports) to 1
2026-05-09 02:43:59.217 10 INFO neutron.wsgi [None req-906514cb-614b-42b8-b009-69d74cbce965 68b53c85cd604ad691b710957db92bc2 67b67bb9f7d6451aace78e960db72254 - - default default] 10.0.0.223 "DELETE /v2.0/security-groups/3d27277c-690d-4fd8-b6ef-ee231225fbe2 HTTP/1.1" status: 204 len: 168 time: 0.2386580
2026-05-09 02:43:59.336 9 INFO neutron.db.ovn_revision_numbers_db [None req-309825fb-5bef-4998-bef1-e62e62abb5e4 bc335d4d05dc487a9a3b2ac423b457e6 c002cb097b57423c834e43bb9d2f8dac - - default default] Successfully bumped revision number for resource 101252fd-573c-4d79-9576-d14980bee8c6 (type: floatingips) to 0
2026-05-09 02:43:59.350 9 INFO neutron.wsgi [None req-309825fb-5bef-4998-bef1-e62e62abb5e4 bc335d4d05dc487a9a3b2ac423b457e6 c002cb097b57423c834e43bb9d2f8dac - - default default] 10.0.0.223 "POST /v2.0/floatingips HTTP/1.1" status: 201 len: 751 time: 0.6615145
2026-05-09 02:43:59.365 9 WARNING neutron_lib.context [None req-35d11285-8f0d-44b7-ac09-c9623380e811 bc335d4d05dc487a9a3b2ac423b457e6 c002cb097b57423c834e43bb9d2f8dac - - default default] Method 'is_advsvc' is deprecated since 2023.2 release (neutron-lib 3.8.0) and will be removed once support for the old RBAC API policies will be removed from Neutron. Please use method 'is_service_role' instead.
2026-05-09 02:43:59.671 9 WARNING neutron.scheduler.dhcp_agent_scheduler [None req-35d11285-8f0d-44b7-ac09-c9623380e811 bc335d4d05dc487a9a3b2ac423b457e6 c002cb097b57423c834e43bb9d2f8dac - - default default] No more DHCP agents
2026-05-09 02:43:59.674 9 WARNING neutron.api.rpc.agentnotifiers.dhcp_rpc_agent_api [None req-35d11285-8f0d-44b7-ac09-c9623380e811 bc335d4d05dc487a9a3b2ac423b457e6 c002cb097b57423c834e43bb9d2f8dac - - default default] Unable to schedule network b96b4899-e441-45db-81ee-68f7b41c8a0a: no agents available; will retry on subsequent port and subnet creation events.
2026-05-09 02:43:59.695 10 INFO neutron.plugins.ml2.drivers.ovn.mech_driver.mech_driver [None req-56a148bd-0010-44a2-86a8-c91e0137a763 - - - - - -] OVN reports status up for port: fe2a04ff-fd9d-4878-98a9-a45f62b67daa
2026-05-09 02:43:59.714 10 INFO neutron.plugins.ml2.plugin [None req-56a148bd-0010-44a2-86a8-c91e0137a763 - - - - - -] Attempt 1 to provision port fe2a04ff-fd9d-4878-98a9-a45f62b67daa
2026-05-09 02:43:59.740 10 INFO neutron.db.ovn_revision_numbers_db [None req-18b4ad26-7e80-470a-a97b-5795fcc75b30 9a5fc65028c24127b13ab557e0e62e55 266484f008ba4cfdb54b0e1f3f783573 - - default default] Successfully bumped revision number for resource fe2a04ff-fd9d-4878-98a9-a45f62b67daa (type: router_ports) to 1
2026-05-09 02:43:59.778 10 INFO neutron.wsgi [None req-a3fa6cda-150a-479f-95d1-7b00619d3995 68b53c85cd604ad691b710957db92bc2 67b67bb9f7d6451aace78e960db72254 - - default default] 10.0.0.223 "DELETE /v2.0/floatingips/d72f70f9-7c55-4bbc-99a0-19f12328ffc6 HTTP/1.1" status: 204 len: 168 time: 0.5254705
2026-05-09 02:43:59.859 10 INFO neutron.db.ovn_revision_numbers_db [None req-18b4ad26-7e80-470a-a97b-5795fcc75b30 9a5fc65028c24127b13ab557e0e62e55 266484f008ba4cfdb54b0e1f3f783573 - - default default] Successfully bumped revision number for resource fe2a04ff-fd9d-4878-98a9-a45f62b67daa (type: ports) to 1
2026-05-09 02:43:59.979 10 WARNING neutron.scheduler.dhcp_agent_scheduler [None req-18b4ad26-7e80-470a-a97b-5795fcc75b30 9a5fc65028c24127b13ab557e0e62e55 266484f008ba4cfdb54b0e1f3f783573 - - default default] No more DHCP agents
2026-05-09 02:43:59.983 10 WARNING neutron.api.rpc.agentnotifiers.dhcp_rpc_agent_api [None req-18b4ad26-7e80-470a-a97b-5795fcc75b30 9a5fc65028c24127b13ab557e0e62e55 266484f008ba4cfdb54b0e1f3f783573 - - default default] Unable to schedule network 78de6dfc-0e13-46e4-885e-a4454f07b089: no agents available; will retry on subsequent port and subnet creation events.
2026-05-09 02:44:00.013 9 INFO neutron.wsgi [req-77227492-621e-4275-a910-0eee1afb0c5d req-0c035e57-bf79-4a1f-9a11-8de48d8c0e2f 68b53c85cd604ad691b710957db92bc2 67b67bb9f7d6451aace78e960db72254 - - default default] 10.0.0.176 "GET /v2.0/ports?device_id=2f89b172-d6b7-4211-b0f2-54a623f1bd1f HTTP/1.1" status: 200 len: 1170 time: 0.0683293
2026-05-09 02:44:00.076 9 INFO neutron.db.ovn_revision_numbers_db [None req-35d11285-8f0d-44b7-ac09-c9623380e811 bc335d4d05dc487a9a3b2ac423b457e6 c002cb097b57423c834e43bb9d2f8dac - - default default] Successfully bumped revision number for resource cf50cd3e-13c6-4faa-a332-e690802c7bd2 (type: floatingips) to 0
2026-05-09 02:44:00.080 9 INFO neutron.wsgi [req-77227492-621e-4275-a910-0eee1afb0c5d req-3bbf2bd3-c2e2-487e-a9fa-edb9a0707654 68b53c85cd604ad691b710957db92bc2 67b67bb9f7d6451aace78e960db72254 - - default default] 10.0.0.176 "GET /v2.0/security-groups?id=f7a4912e-7aef-4b47-86b1-cc1f952e7f56&fields=id&fields=name HTTP/1.1" status: 200 len: 312 time: 0.0601099
2026-05-09 02:44:00.097 9 INFO neutron.wsgi [None req-35d11285-8f0d-44b7-ac09-c9623380e811 bc335d4d05dc487a9a3b2ac423b457e6 c002cb097b57423c834e43bb9d2f8dac - - default default] 10.0.0.223 "POST /v2.0/floatingips HTTP/1.1" status: 201 len: 751 time: 0.7382998
2026-05-09 02:44:00.100 10 INFO neutron.db.ovn_revision_numbers_db [None req-56a148bd-0010-44a2-86a8-c91e0137a763 - - - - - -] Successfully bumped revision number for resource fe2a04ff-fd9d-4878-98a9-a45f62b67daa (type: ports) to 2
2026-05-09 02:44:00.108 9 WARNING neutron_lib.context [None req-3ea1e7dd-467a-4b62-922f-23cb5759b18c bc335d4d05dc487a9a3b2ac423b457e6 c002cb097b57423c834e43bb9d2f8dac - - default default] Method 'is_advsvc' is deprecated since 2023.2 release (neutron-lib 3.8.0) and will be removed once support for the old RBAC API policies will be removed from Neutron. Please use method 'is_service_role' instead.
2026-05-09 02:44:00.397 9 WARNING neutron.scheduler.dhcp_agent_scheduler [None req-3ea1e7dd-467a-4b62-922f-23cb5759b18c bc335d4d05dc487a9a3b2ac423b457e6 c002cb097b57423c834e43bb9d2f8dac - - default default] No more DHCP agents
2026-05-09 02:44:00.401 9 WARNING neutron.api.rpc.agentnotifiers.dhcp_rpc_agent_api [None req-3ea1e7dd-467a-4b62-922f-23cb5759b18c bc335d4d05dc487a9a3b2ac423b457e6 c002cb097b57423c834e43bb9d2f8dac - - default default] Unable to schedule network b96b4899-e441-45db-81ee-68f7b41c8a0a: no agents available; will retry on subsequent port and subnet creation events.
2026-05-09 02:44:00.467 10 INFO neutron.wsgi [req-8cf636be-0965-424d-a471-ab1fdc23842c req-a2363329-24a0-48ba-bd59-2b8a89c44b76 68b53c85cd604ad691b710957db92bc2 67b67bb9f7d6451aace78e960db72254 - - default default] 199.204.45.138 "GET /v2.0/ports?device_id=2f89b172-d6b7-4211-b0f2-54a623f1bd1f HTTP/1.1" status: 200 len: 1170 time: 0.0828557
2026-05-09 02:44:00.468 10 INFO neutron.db.ovn_revision_numbers_db [None req-18b4ad26-7e80-470a-a97b-5795fcc75b30 9a5fc65028c24127b13ab557e0e62e55 266484f008ba4cfdb54b0e1f3f783573 - - default default] Successfully bumped revision number for resource fe2a04ff-fd9d-4878-98a9-a45f62b67daa (type: router_ports) to 2
2026-05-09 02:44:00.470 10 INFO neutron.wsgi [None req-18b4ad26-7e80-470a-a97b-5795fcc75b30 9a5fc65028c24127b13ab557e0e62e55 266484f008ba4cfdb54b0e1f3f783573 - - default default] 10.0.0.223 "PUT /v2.0/routers/6bcf492a-6369-4a6f-b672-b19f2073f7a3/add_router_interface HTTP/1.1" status: 200 len: 503 time: 2.0572600
2026-05-09 02:44:00.598 9 INFO neutron.wsgi [None req-822dcc70-4ea8-4aeb-8be4-8685cd69a6a0 9a5fc65028c24127b13ab557e0e62e55 266484f008ba4cfdb54b0e1f3f783573 - - default default] 10.0.0.223 "GET /v2.0/ports/fe2a04ff-fd9d-4878-98a9-a45f62b67daa HTTP/1.1" status: 200 len: 1149 time: 0.1212349
2026-05-09 02:44:00.651 9 INFO neutron.wsgi [None req-7e5187bb-3bf1-4e3c-920e-98d9f34341bf 9a5fc65028c24127b13ab557e0e62e55 266484f008ba4cfdb54b0e1f3f783573 - - default default] 10.0.0.223 "GET /v2.0/ports/fe2a04ff-fd9d-4878-98a9-a45f62b67daa HTTP/1.1" status: 200 len: 1149 time: 0.0474980
2026-05-09 02:44:00.810 9 INFO neutron.db.ovn_revision_numbers_db [None req-3ea1e7dd-467a-4b62-922f-23cb5759b18c bc335d4d05dc487a9a3b2ac423b457e6 c002cb097b57423c834e43bb9d2f8dac - - default default] Successfully bumped revision number for resource cda1f6d0-18b6-4bcb-867d-1e884a47268e (type: floatingips) to 0
2026-05-09 02:44:00.825 9 INFO neutron.wsgi [None req-3ea1e7dd-467a-4b62-922f-23cb5759b18c bc335d4d05dc487a9a3b2ac423b457e6 c002cb097b57423c834e43bb9d2f8dac - - default default] 10.0.0.223 "POST /v2.0/floatingips HTTP/1.1" status: 201 len: 751 time: 0.7233148
2026-05-09 02:44:00.834 9 WARNING neutron_lib.context [None req-5baa16c9-0e13-4712-baef-90fbf42d8da7 bc335d4d05dc487a9a3b2ac423b457e6 c002cb097b57423c834e43bb9d2f8dac - - default default] Method 'is_advsvc' is deprecated since 2023.2 release (neutron-lib 3.8.0) and will be removed once support for the old RBAC API policies will be removed from Neutron. Please use method 'is_service_role' instead.
2026-05-09 02:44:00.843 10 INFO neutron.wsgi [req-8cf636be-0965-424d-a471-ab1fdc23842c req-cf7a2b02-5777-4d80-8c4f-fc05a3a79b5e 68b53c85cd604ad691b710957db92bc2 67b67bb9f7d6451aace78e960db72254 - - default default] 199.204.45.138 "DELETE /v2.0/ports/abd28bdb-5f41-4285-8aca-360f5fc3e681 HTTP/1.1" status: 204 len: 173 time: 0.3642955
2026-05-09 02:44:00.887 10 INFO neutron.notifiers.nova [-] Nova event matching ['req-77726aad-99ef-4fcc-975b-edb715d97585'] response: {'server_uuid': '2f89b172-d6b7-4211-b0f2-54a623f1bd1f', 'name': 'network-vif-deleted', 'tag': 'abd28bdb-5f41-4285-8aca-360f5fc3e681', 'status': 'completed', 'code': 200}
2026-05-09 02:44:00.932 9 INFO neutron.wsgi [None req-b9bd1a88-a4b5-46b9-af0e-08a739641bf9 fb10a23b07884965bc0c4ffee1800cce 8a91ffeec2ec44929d32f253e15269f7 - - default default] 10.0.0.88 "GET /v2.0/floatingips HTTP/1.1" status: 200 len: 2345 time: 0.1244426
2026-05-09 02:44:01.030 9 INFO neutron.wsgi [None req-48485081-a2fe-477d-89da-29c16bf9f026 fb10a23b07884965bc0c4ffee1800cce 8a91ffeec2ec44929d32f253e15269f7 - - default default] 10.0.0.88 "GET /v2.0/networks HTTP/1.1" status: 200 len: 4588 time: 0.0930884
2026-05-09 02:44:01.105 9 INFO neutron.wsgi [None req-eb045a83-1d5b-418a-bf1d-18258a51915b fb10a23b07884965bc0c4ffee1800cce 8a91ffeec2ec44929d32f253e15269f7 - - default default] 10.0.0.88 "GET /v2.0/subnets HTTP/1.1" status: 200 len: 3346 time: 0.0722208
2026-05-09 02:44:01.374 10 INFO neutron.wsgi [None req-60a6f81b-f5b6-41e0-99bc-3f265365b02b 9a5fc65028c24127b13ab557e0e62e55 266484f008ba4cfdb54b0e1f3f783573 - - default default] 10.0.0.223 "PUT /v2.0/routers/6bcf492a-6369-4a6f-b672-b19f2073f7a3/remove_router_interface HTTP/1.1" status: 200 len: 503 time: 0.7186499 /var/lib/openstack/lib/python3.10/site-packages/pycadf/identifier.py:71: UserWarning: Invalid uuid: neutron. To ensure interoperability, identifiers should be a valid uuid. warnings.warn(('Invalid uuid: %s. To ensure interoperability, '
2026-05-09 02:44:01.409 10 INFO neutron.wsgi [None req-636ae394-65bb-4c2e-9374-c845b3781b6c 68b53c85cd604ad691b710957db92bc2 67b67bb9f7d6451aace78e960db72254 - - default default] 10.0.0.223 "DELETE /v2.0/security-groups/f7a4912e-7aef-4b47-86b1-cc1f952e7f56 HTTP/1.1" status: 204 len: 168 time: 0.2432792
2026-05-09 02:44:01.465 9 INFO neutron.wsgi [None req-9ae0d72b-6e2a-4b30-a657-e9f77d9d9693 fb10a23b07884965bc0c4ffee1800cce 8a91ffeec2ec44929d32f253e15269f7 - - default default] 10.0.0.88 "GET /v2.0/security-groups HTTP/1.1" status: 200 len: 22359 time: 0.3577509
2026-05-09 02:44:01.472 10 INFO neutron.wsgi [None req-acb06b65-abf4-440f-8afc-9d3773b9a46f 9a5fc65028c24127b13ab557e0e62e55 266484f008ba4cfdb54b0e1f3f783573 - - default default] 10.0.0.223 "GET /v2.0/ports/6ad3aec9-f388-4b9f-8e3f-924815fe3a1c HTTP/1.1" status: 200 len: 1141 time: 0.0930464
2026-05-09 02:44:01.525 9 INFO neutron.wsgi [None req-af6541c6-2a2a-4ad6-abfe-6e6a8a48961c fb10a23b07884965bc0c4ffee1800cce 8a91ffeec2ec44929d32f253e15269f7 - - default default] 10.0.0.88 "GET /v2.0/agents HTTP/1.1" status: 200 len: 997 time: 0.0469253
2026-05-09 02:44:01.590 9 WARNING neutron.scheduler.dhcp_agent_scheduler [None req-5baa16c9-0e13-4712-baef-90fbf42d8da7 bc335d4d05dc487a9a3b2ac423b457e6 c002cb097b57423c834e43bb9d2f8dac - - default default] No more DHCP agents
2026-05-09 02:44:01.597 9 WARNING neutron.api.rpc.agentnotifiers.dhcp_rpc_agent_api [None req-5baa16c9-0e13-4712-baef-90fbf42d8da7 bc335d4d05dc487a9a3b2ac423b457e6 c002cb097b57423c834e43bb9d2f8dac - - default default] Unable to schedule network b96b4899-e441-45db-81ee-68f7b41c8a0a: no agents available; will retry on subsequent port and subnet creation events.
2026-05-09 02:44:01.669 9 INFO neutron.wsgi [None req-c8b42bc9-1f7f-481f-8d0c-630b52464f31 fb10a23b07884965bc0c4ffee1800cce 8a91ffeec2ec44929d32f253e15269f7 - - default default] 10.0.0.88 "GET /v2.0/ports HTTP/1.1" status: 200 len: 16325 time: 0.1404450
2026-05-09 02:44:01.854 9 INFO neutron.wsgi [None req-de6afdef-1821-4572-b49e-394b9a492e28 fb10a23b07884965bc0c4ffee1800cce 8a91ffeec2ec44929d32f253e15269f7 - - default default] 10.0.0.88 "GET /v2.0/routers HTTP/1.1" status: 200 len: 1348 time: 0.1715817
2026-05-09 02:44:01.884 9 INFO neutron.wsgi [None req-c10718d3-b007-4c64-b949-76a6ad42433c fb10a23b07884965bc0c4ffee1800cce 8a91ffeec2ec44929d32f253e15269f7 - - default default] 10.0.0.88 "GET /v2.0/agents?binary=ovn-controller HTTP/1.1" status: 200 len: 591 time: 0.0269668
2026-05-09 02:44:01.927 9 INFO neutron.wsgi [None req-c4652001-2c60-4246-a27d-04848bef2ea6 fb10a23b07884965bc0c4ffee1800cce 8a91ffeec2ec44929d32f253e15269f7 - - default default] 10.0.0.88 "GET /v2.0/network-ip-availabilities HTTP/1.1" status: 200 len: 2632 time: 0.0411828
2026-05-09 02:44:01.999 9 INFO neutron.wsgi [None req-1bd14803-9df0-4389-a097-878c556773e0 fb10a23b07884965bc0c4ffee1800cce 8a91ffeec2ec44929d32f253e15269f7 - - default default] 10.0.0.88 "GET /v2.0/subnets HTTP/1.1" status: 200 len: 3346 time: 0.0680306
2026-05-09 02:44:02.027 9 INFO neutron.wsgi [None req-4eb8ada2-81b5-42bc-a2d0-53d5b80e7293 fb10a23b07884965bc0c4ffee1800cce 8a91ffeec2ec44929d32f253e15269f7 - - default default] 10.0.0.88 "GET /v2.0/subnetpools HTTP/1.1" status: 200 len: 193 time: 0.0249164
2026-05-09 02:44:02.140 10 INFO neutron.wsgi [None req-5c6ac193-7998-4f92-a756-bbf5b18fb58f 9a5fc65028c24127b13ab557e0e62e55 266484f008ba4cfdb54b0e1f3f783573 - - default default] 10.0.0.223 "PUT /v2.0/routers/6bcf492a-6369-4a6f-b672-b19f2073f7a3/remove_router_interface HTTP/1.1" status: 200 len: 503 time: 0.6641746 /var/lib/openstack/lib/python3.10/site-packages/pycadf/identifier.py:71: UserWarning: Invalid uuid: neutron. To ensure interoperability, identifiers should be a valid uuid. warnings.warn(('Invalid uuid: %s. To ensure interoperability, '
2026-05-09 02:44:02.173 10 INFO neutron.wsgi [None req-03e74eb8-1556-4dcf-9dba-c212323a371b 9a5fc65028c24127b13ab557e0e62e55 266484f008ba4cfdb54b0e1f3f783573 - - default default] 10.0.0.223 "GET /v2.0/ports?device_id=6bcf492a-6369-4a6f-b672-b19f2073f7a3 HTTP/1.1" status: 200 len: 205 time: 0.0267272
2026-05-09 02:44:02.299 9 INFO neutron.db.ovn_revision_numbers_db [None req-5baa16c9-0e13-4712-baef-90fbf42d8da7 bc335d4d05dc487a9a3b2ac423b457e6 c002cb097b57423c834e43bb9d2f8dac - - default default] Successfully bumped revision number for resource 672d03a9-ec7a-4071-a9a4-82496fac60a4 (type: floatingips) to 0
2026-05-09 02:44:02.313 9 INFO neutron.wsgi [None req-5baa16c9-0e13-4712-baef-90fbf42d8da7 bc335d4d05dc487a9a3b2ac423b457e6 c002cb097b57423c834e43bb9d2f8dac - - default default] 10.0.0.223 "POST /v2.0/floatingips HTTP/1.1" status: 201 len: 751 time: 1.4843311
2026-05-09 02:44:02.405 9 INFO neutron.wsgi [None req-c19db0d4-1470-4622-966f-4ec41ff2affe bc335d4d05dc487a9a3b2ac423b457e6 c002cb097b57423c834e43bb9d2f8dac - - default default] 10.0.0.223 "PUT /v2.0/floatingips/9a00b583-3cc1-425f-a337-a7b63c341ad2/tags HTTP/1.1" status: 200 len: 210 time: 0.0858393
2026-05-09 02:44:02.490 10 INFO neutron.wsgi [None req-62e57a79-85ec-4d67-8920-277ea06eaf6a bc335d4d05dc487a9a3b2ac423b457e6 c002cb097b57423c834e43bb9d2f8dac - - default default] 10.0.0.223 "PUT /v2.0/floatingips/101252fd-573c-4d79-9576-d14980bee8c6/tags HTTP/1.1" status: 200 len: 218 time: 0.0780375
2026-05-09 02:44:02.513 10 INFO neutron.wsgi [None req-03c97423-205c-41c9-91e9-fb64054ff243 9a5fc65028c24127b13ab557e0e62e55 266484f008ba4cfdb54b0e1f3f783573 - - default default] 10.0.0.223 "DELETE /v2.0/routers/6bcf492a-6369-4a6f-b672-b19f2073f7a3 HTTP/1.1" status: 204 len: 168 time: 0.3332293
2026-05-09 02:44:02.560 9 INFO neutron.wsgi [None req-d76636dc-67d4-45ce-a6b6-2c0e78adcab1 bc335d4d05dc487a9a3b2ac423b457e6 c002cb097b57423c834e43bb9d2f8dac - - default default] 10.0.0.223 "PUT /v2.0/floatingips/cf50cd3e-13c6-4faa-a332-e690802c7bd2/tags HTTP/1.1" status: 200 len: 227 time: 0.0614712
2026-05-09 02:44:02.652 9 INFO neutron.wsgi [None req-93c161e2-bd55-4a47-834a-db53c5d9b6a1 bc335d4d05dc487a9a3b2ac423b457e6 c002cb097b57423c834e43bb9d2f8dac - - default default] 10.0.0.223 "PUT /v2.0/floatingips/cda1f6d0-18b6-4bcb-867d-1e884a47268e/tags HTTP/1.1" status: 200 len: 212 time: 0.0839903
2026-05-09 02:44:02.710 10 INFO neutron.wsgi [None req-e4b32f7f-4445-45c7-80fa-b414a5e4f2ab bc335d4d05dc487a9a3b2ac423b457e6 c002cb097b57423c834e43bb9d2f8dac - - default default] 10.0.0.223 "GET /v2.0/floatingips?tags=red HTTP/1.1" status: 200 len: 1866 time: 0.0533941
2026-05-09 02:44:02.759 10 INFO neutron.wsgi [None req-3b5d7eb7-dcb4-4726-8d84-c3950cb473a2 bc335d4d05dc487a9a3b2ac423b457e6 c002cb097b57423c834e43bb9d2f8dac - - default default] 10.0.0.223 "GET /v2.0/floatingips?tags=red%2Cblue HTTP/1.1" status: 200 len: 1323 time: 0.0417266
2026-05-09 02:44:02.809 10 INFO neutron.wsgi [None req-fd788c9d-303f-414b-9dbf-b2fadc1f2209 9a5fc65028c24127b13ab557e0e62e55 266484f008ba4cfdb54b0e1f3f783573 - - default default] 10.0.0.223 "DELETE /v2.0/subnets/2f63161b-1003-413c-914b-8211717a597b HTTP/1.1" status: 204 len: 168 time: 0.2895308
2026-05-09 02:44:02.817 10 INFO neutron.wsgi [None req-2ab46e95-8ea3-469a-b44f-de5447b60c56 bc335d4d05dc487a9a3b2ac423b457e6 c002cb097b57423c834e43bb9d2f8dac - - default default] 10.0.0.223 "GET /v2.0/floatingips?tags-any=blue HTTP/1.1" status: 200 len: 1323 time: 0.0505621
2026-05-09 02:44:02.891 9 INFO neutron.wsgi [None req-a2ce0f48-d82c-4cd9-bbd9-c314efb0d4df bc335d4d05dc487a9a3b2ac423b457e6 c002cb097b57423c834e43bb9d2f8dac - - default default] 10.0.0.223 "GET /v2.0/floatingips?tags-any=red%2Cblue HTTP/1.1" status: 200 len: 1866 time: 0.0654724
2026-05-09 02:44:02.947 9 INFO neutron.wsgi [None req-54c414a4-e172-4e98-8c20-2d74e8719a7c 68b53c85cd604ad691b710957db92bc2 67b67bb9f7d6451aace78e960db72254 - - default default] 10.0.0.223 "PUT /v2.0/routers/eb1412d3-09a1-45e2-97a9-4ba91364481b/remove_router_interface HTTP/1.1" status: 200 len: 503 time: 1.5038118 /var/lib/openstack/lib/python3.10/site-packages/pycadf/identifier.py:71: UserWarning: Invalid uuid: neutron. To ensure interoperability, identifiers should be a valid uuid. warnings.warn(('Invalid uuid: %s. To ensure interoperability, '
2026-05-09 02:44:03.196 10 INFO neutron.wsgi [None req-8c997af9-9463-4cf3-9a6f-980d718e1380 bc335d4d05dc487a9a3b2ac423b457e6 c002cb097b57423c834e43bb9d2f8dac - - default default] 10.0.0.223 "GET /v2.0/floatingips?not-tags=red HTTP/1.1" status: 200 len: 1295 time: 0.2988558
2026-05-09 02:44:03.255 10 INFO neutron.wsgi [None req-6af936a1-5c2b-45b8-8365-71671e22ffad bc335d4d05dc487a9a3b2ac423b457e6 c002cb097b57423c834e43bb9d2f8dac - - default default] 10.0.0.223 "GET /v2.0/floatingips?not-tags=red%2Cblue HTTP/1.1" status: 200 len: 1838 time: 0.0529239
2026-05-09 02:44:03.288 9 WARNING neutron.plugins.ml2.drivers.ovn.mech_driver.ovsdb.ovn_client [None req-7d293c66-7a4f-43d3-a26a-1d940f5875fc - - - - - -] No port found with ID 6ad3aec9-f388-4b9f-8e3f-924815fe3a1c: RuntimeError: No port found with ID 6ad3aec9-f388-4b9f-8e3f-924815fe3a1c
2026-05-09 02:44:03.296 10 INFO neutron.wsgi [None req-d86f5225-2978-4c5d-8289-84fa5d7a6f66 bc335d4d05dc487a9a3b2ac423b457e6 c002cb097b57423c834e43bb9d2f8dac - - default default] 10.0.0.223 "GET /v2.0/floatingips?not-tags-any=blue HTTP/1.1" status: 200 len: 1838 time: 0.0379219
2026-05-09 02:44:03.336 10 INFO neutron.wsgi [None req-2aa0196b-63ad-4c9b-b79a-fcbd5fcc6828 bc335d4d05dc487a9a3b2ac423b457e6 c002cb097b57423c834e43bb9d2f8dac - - default default] 10.0.0.223 "GET /v2.0/floatingips?not-tags-any=red%2Cblue HTTP/1.1" status: 200 len: 1295 time: 0.0337436
2026-05-09 02:44:03.384 9 INFO neutron.wsgi [None req-8457d137-aae5-4983-904f-e522fa3051f6 9a5fc65028c24127b13ab557e0e62e55 266484f008ba4cfdb54b0e1f3f783573 - - default default] 10.0.0.223 "DELETE /v2.0/subnets/a27237a1-6947-41d7-a2c6-dff634a60b2d HTTP/1.1" status: 204 len: 168 time: 0.5702167
2026-05-09 02:44:03.453 9 INFO neutron.wsgi [None req-3adba6c1-0639-45df-97d5-57eb6c8e2315 68b53c85cd604ad691b710957db92bc2 67b67bb9f7d6451aace78e960db72254 - - default default] 10.0.0.223 "DELETE /v2.0/subnets/96c7a2c7-8a68-4673-b5b0-2bc54d826278 HTTP/1.1" status: 204 len: 168 time: 0.4970167
2026-05-09 02:44:03.756 10 INFO neutron.wsgi [None req-533c0ec1-bda1-47f0-8c83-e2eef900f10c bc335d4d05dc487a9a3b2ac423b457e6 c002cb097b57423c834e43bb9d2f8dac - - default default] 10.0.0.223 "DELETE /v2.0/floatingips/9a00b583-3cc1-425f-a337-a7b63c341ad2 HTTP/1.1" status: 204 len: 168 time: 0.4140906
2026-05-09 02:44:03.786 10 INFO neutron.services.segments.plugin [-] Segment ad5cf13f-d3d7-41de-8732-b42733345a67 resource provider aggregate not found
2026-05-09 02:44:03.814 10 INFO neutron.services.segments.plugin [-] Segment ad5cf13f-d3d7-41de-8732-b42733345a67 resource provider aggregate not found
2026-05-09 02:44:03.818 10 INFO neutron.services.segments.plugin [-] Segment ad5cf13f-d3d7-41de-8732-b42733345a67 resource provider not found; error: Placement Client Error (4xx): {"errors": [{"status": 404, "title": "Not Found", "detail": "The resource could not be found.\n\n No resource provider with uuid ad5cf13f-d3d7-41de-8732-b42733345a67 found for delete ", "request_id": "req-4db927d5-8d03-462f-bead-42a0947b4ae6"}]}
2026-05-09 02:44:03.842 10 INFO neutron.services.segments.plugin [-] Segment ad5cf13f-d3d7-41de-8732-b42733345a67 resource provider not found; error: Placement Client Error (4xx): {"errors": [{"status": 404, "title": "Not Found", "detail": "The resource could not be found.\n\n No resource provider with uuid ad5cf13f-d3d7-41de-8732-b42733345a67 found for delete ", "request_id": "req-2e323c24-6408-40aa-84a5-ecd5190dd944"}]}
2026-05-09 02:44:03.869 10 INFO neutron.wsgi [None req-51acf872-f63c-43dd-a638-b9629654610d 9a5fc65028c24127b13ab557e0e62e55 266484f008ba4cfdb54b0e1f3f783573 - - default default] 10.0.0.223 "DELETE /v2.0/networks/78de6dfc-0e13-46e4-885e-a4454f07b089 HTTP/1.1" status: 204 len: 168 time: 0.4790902
2026-05-09 02:44:04.263 10 INFO neutron.wsgi [None req-dfd05e6b-33fa-4bbd-9601-c9f403dc7a55 bc335d4d05dc487a9a3b2ac423b457e6 c002cb097b57423c834e43bb9d2f8dac - - default default] 10.0.0.223 "DELETE /v2.0/floatingips/101252fd-573c-4d79-9576-d14980bee8c6 HTTP/1.1" status: 204 len: 168 time: 0.5007825
2026-05-09 02:44:04.371 10 INFO neutron.wsgi [None req-3b4f690f-4036-48c0-9825-83766af63b0e 9a5fc65028c24127b13ab557e0e62e55 266484f008ba4cfdb54b0e1f3f783573 - - default default] 10.0.0.223 "DELETE /v2.0/networks/486de91e-c14b-4181-adc5-02ca1271a91c HTTP/1.1" status: 204 len: 168 time: 0.4970610
2026-05-09 02:44:04.384 10 WARNING neutron_lib.context [None req-582b2937-0ac3-4e8c-81ab-90da247f60e9 9a5fc65028c24127b13ab557e0e62e55 266484f008ba4cfdb54b0e1f3f783573 - - default default] Method 'is_advsvc' is deprecated since 2023.2 release (neutron-lib 3.8.0) and will be removed once support for the old RBAC API policies will be removed from Neutron. Please use method 'is_service_role' instead.
2026-05-09 02:44:04.419 9 INFO neutron.wsgi [None req-6b949664-51e0-48e7-9bf9-9a119afed2da 68b53c85cd604ad691b710957db92bc2 67b67bb9f7d6451aace78e960db72254 - - default default] 10.0.0.223 "DELETE /v2.0/routers/eb1412d3-09a1-45e2-97a9-4ba91364481b HTTP/1.1" status: 204 len: 168 time: 0.9593298
2026-05-09 02:44:04.495 10 INFO neutron.db.segments_db [None req-582b2937-0ac3-4e8c-81ab-90da247f60e9 9a5fc65028c24127b13ab557e0e62e55 266484f008ba4cfdb54b0e1f3f783573 - - default default] Added segment 0a60e52c-21bb-475a-92db-55b4f690a9d5 of type geneve for network 5674bf7a-a96c-4b9a-bb6e-9032e561c60d
2026-05-09 02:44:04.692 10 INFO neutron.db.ovn_revision_numbers_db [None req-582b2937-0ac3-4e8c-81ab-90da247f60e9 9a5fc65028c24127b13ab557e0e62e55 266484f008ba4cfdb54b0e1f3f783573 - - default default] Successfully bumped revision number for resource 5674bf7a-a96c-4b9a-bb6e-9032e561c60d (type: networks) to 1
2026-05-09 02:44:04.777 10 INFO neutron.wsgi [None req-ac42db22-4b12-43a6-803c-6a3dbf95b6fc bc335d4d05dc487a9a3b2ac423b457e6 c002cb097b57423c834e43bb9d2f8dac - - default default] 10.0.0.223 "DELETE /v2.0/floatingips/cf50cd3e-13c6-4faa-a332-e690802c7bd2 HTTP/1.1" status: 204 len: 168 time: 0.5067487
2026-05-09 02:44:04.784 9 INFO neutron.services.segments.plugin [-] Segment 10f7b91c-2042-484a-aebd-97a66b8c7da5 resource provider aggregate not found
2026-05-09 02:44:04.797 9 INFO neutron.services.segments.plugin [-] Segment 10f7b91c-2042-484a-aebd-97a66b8c7da5 resource provider aggregate not found
2026-05-09 02:44:04.819 9 INFO neutron.services.segments.plugin [-] Segment 10f7b91c-2042-484a-aebd-97a66b8c7da5 resource provider not found; error: Placement Client Error (4xx): {"errors": [{"status": 404, "title": "Not Found", "detail": "The resource could not be found.\n\n No resource provider with uuid 10f7b91c-2042-484a-aebd-97a66b8c7da5 found for delete ", "request_id": "req-bbd8926a-ec7c-49ca-a9e8-858cbef1c3f9"}]}
2026-05-09 02:44:04.823 9 INFO neutron.services.segments.plugin [-] Segment 10f7b91c-2042-484a-aebd-97a66b8c7da5 resource provider not found; error: Placement Client Error (4xx): {"errors": [{"status": 404, "title": "Not Found", "detail": "The resource could not be found.\n\n No resource provider with uuid 10f7b91c-2042-484a-aebd-97a66b8c7da5 found for delete ", "request_id": "req-dee245fd-ed39-4bb0-97c3-83ab90a0fff6"}]}
2026-05-09 02:44:04.876 9 INFO neutron.wsgi [None req-05228401-5072-4a09-b363-72683cdc19ea 68b53c85cd604ad691b710957db92bc2 67b67bb9f7d6451aace78e960db72254 - - default default] 10.0.0.223 "DELETE /v2.0/networks/0b307c3c-d244-40ed-81fb-566bc746520f HTTP/1.1" status: 204 len: 168 time: 0.4533772
2026-05-09 02:44:04.895 10 WARNING neutron.scheduler.dhcp_agent_scheduler [None req-582b2937-0ac3-4e8c-81ab-90da247f60e9 9a5fc65028c24127b13ab557e0e62e55 266484f008ba4cfdb54b0e1f3f783573 - - default default] No more DHCP agents
2026-05-09 02:44:04.898 10 WARNING neutron.api.rpc.agentnotifiers.dhcp_rpc_agent_api [None req-582b2937-0ac3-4e8c-81ab-90da247f60e9 9a5fc65028c24127b13ab557e0e62e55 266484f008ba4cfdb54b0e1f3f783573 - - default default] Unable to schedule network 5674bf7a-a96c-4b9a-bb6e-9032e561c60d: no agents available; will retry on subsequent port and subnet creation events.
2026-05-09 02:44:04.981 10 INFO neutron.db.ovn_revision_numbers_db [None req-582b2937-0ac3-4e8c-81ab-90da247f60e9 9a5fc65028c24127b13ab557e0e62e55 266484f008ba4cfdb54b0e1f3f783573 - - default default] Successfully bumped revision number for resource 032aaae9-527a-4fc8-b4ce-58b0f395cb0b (type: ports) to 1
2026-05-09 02:44:05.004 10 INFO neutron.wsgi [None req-582b2937-0ac3-4e8c-81ab-90da247f60e9 9a5fc65028c24127b13ab557e0e62e55 266484f008ba4cfdb54b0e1f3f783573 - - default default] 10.0.0.223 "POST /v2.0/networks HTTP/1.1" status: 201 len: 833 time: 0.6261723
2026-05-09 02:44:05.017 10 WARNING neutron_lib.context [None req-6a11d716-56e0-4db9-9151-9261a5eac93a 9a5fc65028c24127b13ab557e0e62e55 266484f008ba4cfdb54b0e1f3f783573 - - default default] Method 'is_advsvc' is deprecated since 2023.2 release (neutron-lib 3.8.0) and will be removed once support for the old RBAC API policies will be removed from Neutron. Please use method 'is_service_role' instead.
2026-05-09 02:44:05.169 9 INFO neutron.wsgi [None req-495012de-b1b7-47ed-a968-284642d6a87c bc335d4d05dc487a9a3b2ac423b457e6 c002cb097b57423c834e43bb9d2f8dac - - default default] 10.0.0.223 "DELETE /v2.0/floatingips/cda1f6d0-18b6-4bcb-867d-1e884a47268e HTTP/1.1" status: 204 len: 168 time: 0.3861709
2026-05-09 02:44:05.328 10 WARNING neutron.scheduler.dhcp_agent_scheduler [None req-6a11d716-56e0-4db9-9151-9261a5eac93a 9a5fc65028c24127b13ab557e0e62e55 266484f008ba4cfdb54b0e1f3f783573 - - default default] No more DHCP agents
2026-05-09 02:44:05.329 10 WARNING neutron.api.rpc.agentnotifiers.dhcp_rpc_agent_api [None req-6a11d716-56e0-4db9-9151-9261a5eac93a 9a5fc65028c24127b13ab557e0e62e55 266484f008ba4cfdb54b0e1f3f783573 - - default default] Unable to schedule network 5674bf7a-a96c-4b9a-bb6e-9032e561c60d: no agents available; will retry on subsequent port and subnet creation events.
2026-05-09 02:44:05.368 10 INFO neutron.db.ovn_revision_numbers_db [None req-6a11d716-56e0-4db9-9151-9261a5eac93a 9a5fc65028c24127b13ab557e0e62e55 266484f008ba4cfdb54b0e1f3f783573 - - default default] Successfully bumped revision number for resource c98a6ea2-af92-44ba-96e0-34d0826394b2 (type: subnets) to 0
2026-05-09 02:44:05.386 10 INFO neutron.wsgi [None req-6a11d716-56e0-4db9-9151-9261a5eac93a 9a5fc65028c24127b13ab557e0e62e55 266484f008ba4cfdb54b0e1f3f783573 - - default default] 10.0.0.223 "POST /v2.0/subnets HTTP/1.1" status: 201 len: 821 time: 0.3762133
2026-05-09 02:44:05.399 10 WARNING neutron_lib.context [None req-15802428-2e90-4fde-809c-5e57e6f96054 9a5fc65028c24127b13ab557e0e62e55 266484f008ba4cfdb54b0e1f3f783573 - - default default] Method 'is_advsvc' is deprecated since 2023.2 release (neutron-lib 3.8.0) and will be removed once support for the old RBAC API policies will be removed from Neutron. Please use method 'is_service_role' instead.
2026-05-09 02:44:05.552 9 INFO neutron.wsgi [None req-ee2a1db9-62e9-4378-a9bf-426b2df171fd bc335d4d05dc487a9a3b2ac423b457e6 c002cb097b57423c834e43bb9d2f8dac - - default default] 10.0.0.223 "DELETE /v2.0/floatingips/672d03a9-ec7a-4071-a9a4-82496fac60a4 HTTP/1.1" status: 204 len: 168 time: 0.3787093
2026-05-09 02:44:05.568 10 INFO neutron.db.ovn_revision_numbers_db [None req-15802428-2e90-4fde-809c-5e57e6f96054 9a5fc65028c24127b13ab557e0e62e55 266484f008ba4cfdb54b0e1f3f783573 - - default default] Successfully bumped revision number for resource 825c5b78-8de1-4449-8b06-269540fbdeef (type: routers) to 1
2026-05-09 02:44:05.583 10 INFO neutron.wsgi [None req-15802428-2e90-4fde-809c-5e57e6f96054 9a5fc65028c24127b13ab557e0e62e55 266484f008ba4cfdb54b0e1f3f783573 - - default default] 10.0.0.223 "POST /v2.0/routers HTTP/1.1" status: 201 len: 690 time: 0.1905358
2026-05-09 02:44:05.594 10 WARNING neutron_lib.context [None req-9eb4d5b8-51d8-43f7-9eec-7e2c7be21b90 9a5fc65028c24127b13ab557e0e62e55 266484f008ba4cfdb54b0e1f3f783573 - - default default] Method 'is_advsvc' is deprecated since 2023.2 release (neutron-lib 3.8.0) and will be removed once support for the old RBAC API policies will be removed from Neutron. Please use method 'is_service_role' instead.
2026-05-09 02:44:05.851 10 INFO neutron.services.segments.plugin [-] Segment 74014b75-05c9-44f0-bba8-1e628d185476 resource provider aggregate not found
2026-05-09 02:44:05.865 10 INFO neutron.services.segments.plugin [-] Segment 74014b75-05c9-44f0-bba8-1e628d185476 resource provider aggregate not found
2026-05-09 02:44:05.872 10 INFO neutron.services.segments.plugin [-] Segment 74014b75-05c9-44f0-bba8-1e628d185476 resource provider not found; error: Placement Client Error (4xx): {"errors": [{"status": 404, "title": "Not Found", "detail": "The resource could not be found.\n\n No resource provider with uuid 74014b75-05c9-44f0-bba8-1e628d185476 found for delete ", "request_id": "req-2bd85ff0-db88-4ad5-b4cb-a5957dd6d05c"}]}
2026-05-09 02:44:05.882 10 INFO neutron.services.segments.plugin [-] Segment 74014b75-05c9-44f0-bba8-1e628d185476 resource provider not found; error: Placement Client Error (4xx): {"errors": [{"status": 404, "title": "Not Found", "detail": "The resource could not be found.\n\n No resource provider with uuid 74014b75-05c9-44f0-bba8-1e628d185476 found for delete ", "request_id": "req-155dbc05-57ee-4f29-8d06-22d54eade3d8"}]}
2026-05-09 02:44:05.937 10 WARNING neutron.plugins.ml2.drivers.ovn.mech_driver.ovsdb.ovn_client [None req-56a148bd-0010-44a2-86a8-c91e0137a763 - - - - - -] No port found with ID fe2a04ff-fd9d-4878-98a9-a45f62b67daa: RuntimeError: No port found with ID fe2a04ff-fd9d-4878-98a9-a45f62b67daa
2026-05-09 02:44:05.937 10 INFO neutron.plugins.ml2.drivers.ovn.mech_driver.mech_driver [None req-56a148bd-0010-44a2-86a8-c91e0137a763 - - - - - -] OVN reports status down for port: abd28bdb-5f41-4285-8aca-360f5fc3e681
2026-05-09 02:44:05.945 9 INFO neutron.db.ovn_revision_numbers_db [None req-5547b2dd-b978-4910-8d1e-2a89e8be87b1 fb10a23b07884965bc0c4ffee1800cce 8a91ffeec2ec44929d32f253e15269f7 - - default default] Successfully bumped revision number for resource 5a23540a-60b3-4698-8ceb-96e799195823 (type: security_groups) to 1
2026-05-09 02:44:05.961 9 INFO neutron.db.ovn_revision_numbers_db [None req-5547b2dd-b978-4910-8d1e-2a89e8be87b1 fb10a23b07884965bc0c4ffee1800cce 8a91ffeec2ec44929d32f253e15269f7 - - default default] Successfully bumped revision number for resource 33ce09f2-5a4b-4391-80ba-dee13ebd4dc0 (type: security_group_rules) to 0
2026-05-09 02:44:05.974 9 INFO neutron.db.ovn_revision_numbers_db [None req-5547b2dd-b978-4910-8d1e-2a89e8be87b1 fb10a23b07884965bc0c4ffee1800cce 8a91ffeec2ec44929d32f253e15269f7 - - default default] Successfully bumped revision number for resource 98507d8e-c9ab-4754-854d-0248fa1a90da (type: security_group_rules) to 0
2026-05-09 02:44:05.978 10 WARNING neutron.scheduler.dhcp_agent_scheduler [None req-9eb4d5b8-51d8-43f7-9eec-7e2c7be21b90 9a5fc65028c24127b13ab557e0e62e55 266484f008ba4cfdb54b0e1f3f783573 - - default default] No more DHCP agents
2026-05-09 02:44:05.981 10 WARNING neutron.api.rpc.agentnotifiers.dhcp_rpc_agent_api [None req-9eb4d5b8-51d8-43f7-9eec-7e2c7be21b90 9a5fc65028c24127b13ab557e0e62e55 266484f008ba4cfdb54b0e1f3f783573 - - default default] Unable to schedule network 5674bf7a-a96c-4b9a-bb6e-9032e561c60d: no agents available; will retry on subsequent port and subnet creation events.
2026-05-09 02:44:05.991 9 INFO neutron.db.ovn_revision_numbers_db [None req-5547b2dd-b978-4910-8d1e-2a89e8be87b1 fb10a23b07884965bc0c4ffee1800cce 8a91ffeec2ec44929d32f253e15269f7 - - default default] Successfully bumped revision number for resource f294c7be-9e0f-46a9-b70c-67d801f95f12 (type: security_group_rules) to 0
2026-05-09 02:44:06.016 9 INFO neutron.db.ovn_revision_numbers_db [None req-5547b2dd-b978-4910-8d1e-2a89e8be87b1 fb10a23b07884965bc0c4ffee1800cce 8a91ffeec2ec44929d32f253e15269f7 - - default default] Successfully bumped revision number for resource fb14587d-f549-4cae-9f8a-f4c99d9a1866 (type: security_group_rules) to 0
2026-05-09 02:44:06.043 9 INFO neutron.wsgi [None req-5547b2dd-b978-4910-8d1e-2a89e8be87b1 fb10a23b07884965bc0c4ffee1800cce 8a91ffeec2ec44929d32f253e15269f7 - - default default] 10.0.0.223 "GET /v2.0/security-groups?tenant_id=a0cf0069349945c39a66fe08a408bd99&name=default HTTP/1.1" status: 200 len: 2996 time: 0.4312565
2026-05-09 02:44:06.093 10 INFO neutron.db.ovn_revision_numbers_db [None req-9eb4d5b8-51d8-43f7-9eec-7e2c7be21b90 9a5fc65028c24127b13ab557e0e62e55 266484f008ba4cfdb54b0e1f3f783573 - - default default] Successfully bumped revision number for resource ba55a4c6-c28b-46cb-8c9b-98ce296dac54 (type: ports) to 1
2026-05-09 02:44:06.118 10 INFO neutron.wsgi [None req-9eb4d5b8-51d8-43f7-9eec-7e2c7be21b90 9a5fc65028c24127b13ab557e0e62e55 266484f008ba4cfdb54b0e1f3f783573 - - default default] 10.0.0.223 "POST /v2.0/ports HTTP/1.1" status: 201 len: 1162 time: 0.5285311
2026-05-09 02:44:06.412 9 INFO neutron.wsgi [None req-812aaba6-c8f7-48b0-94be-307d24e2984d fb10a23b07884965bc0c4ffee1800cce 8a91ffeec2ec44929d32f253e15269f7 - - default default] 10.0.0.223 "DELETE /v2.0/security-groups/5a23540a-60b3-4698-8ceb-96e799195823 HTTP/1.1" status: 204 len: 168 time: 0.3645568
2026-05-09 02:44:06.598 10 INFO neutron.plugins.ml2.drivers.ovn.mech_driver.mech_driver [None req-56a148bd-0010-44a2-86a8-c91e0137a763 - - - - - -] OVN reports status up for port: ba55a4c6-c28b-46cb-8c9b-98ce296dac54 /var/lib/openstack/lib/python3.10/site-packages/pycadf/identifier.py:71: UserWarning: Invalid uuid: neutron. To ensure interoperability, identifiers should be a valid uuid. warnings.warn(('Invalid uuid: %s. To ensure interoperability, '
2026-05-09 02:44:06.614 10 INFO neutron.plugins.ml2.plugin [None req-56a148bd-0010-44a2-86a8-c91e0137a763 - - - - - -] Attempt 1 to provision port ba55a4c6-c28b-46cb-8c9b-98ce296dac54
2026-05-09 02:44:06.630 9 INFO neutron.db.ovn_revision_numbers_db [None req-0b826237-0ebd-45d9-a4b6-9f0e533b9c3d 9a5fc65028c24127b13ab557e0e62e55 266484f008ba4cfdb54b0e1f3f783573 - - default default] Successfully bumped revision number for resource ba55a4c6-c28b-46cb-8c9b-98ce296dac54 (type: router_ports) to 2
2026-05-09 02:44:06.646 10 INFO neutron.wsgi [None req-2cfb6533-76f7-4c9a-b284-ececee237411 fb10a23b07884965bc0c4ffee1800cce 8a91ffeec2ec44929d32f253e15269f7 - - default default] 10.0.0.223 "GET /v2.0/security-groups?tenant_id=67b67bb9f7d6451aace78e960db72254&name=default HTTP/1.1" status: 200 len: 2996 time: 0.0447619 /var/lib/openstack/lib/python3.10/site-packages/pycadf/identifier.py:71: UserWarning: Invalid uuid: neutron. To ensure interoperability, identifiers should be a valid uuid. warnings.warn(('Invalid uuid: %s. To ensure interoperability, '
2026-05-09 02:44:06.874 9 INFO neutron.db.ovn_revision_numbers_db [None req-0b826237-0ebd-45d9-a4b6-9f0e533b9c3d 9a5fc65028c24127b13ab557e0e62e55 266484f008ba4cfdb54b0e1f3f783573 - - default default] Successfully bumped revision number for resource ba55a4c6-c28b-46cb-8c9b-98ce296dac54 (type: ports) to 2
2026-05-09 02:44:06.896 10 INFO neutron.db.ovn_revision_numbers_db [None req-ad1d7304-9757-4433-b6bd-26388382bd87 fb10a23b07884965bc0c4ffee1800cce 8a91ffeec2ec44929d32f253e15269f7 - - default default] Successfully bumped revision number for resource b03d8716-53ae-43a9-b347-debbcb8788df (type: security_groups) to 1
2026-05-09 02:44:06.916 10 INFO neutron.db.ovn_revision_numbers_db [None req-ad1d7304-9757-4433-b6bd-26388382bd87 fb10a23b07884965bc0c4ffee1800cce 8a91ffeec2ec44929d32f253e15269f7 - - default default] Successfully bumped revision number for resource 0cd4a857-6216-4698-b72b-f308d6256e9b (type: security_group_rules) to 0
2026-05-09 02:44:06.929 10 INFO neutron.db.ovn_revision_numbers_db [None req-56a148bd-0010-44a2-86a8-c91e0137a763 - - - - - -] Successfully bumped revision number for resource ba55a4c6-c28b-46cb-8c9b-98ce296dac54 (type: ports) to 3
2026-05-09 02:44:06.931 10 INFO neutron.db.ovn_revision_numbers_db [None req-ad1d7304-9757-4433-b6bd-26388382bd87 fb10a23b07884965bc0c4ffee1800cce 8a91ffeec2ec44929d32f253e15269f7 - - default default] Successfully bumped revision number for resource 389b681d-7b40-4509-a6ee-f08e9bd72479 (type: security_group_rules) to 0
2026-05-09 02:44:06.960 10 INFO neutron.db.ovn_revision_numbers_db [None req-ad1d7304-9757-4433-b6bd-26388382bd87 fb10a23b07884965bc0c4ffee1800cce 8a91ffeec2ec44929d32f253e15269f7 - - default default] Successfully bumped revision number for resource 9a1457ef-814c-4a57-b3f5-78cce3beed1c (type: security_group_rules) to 0
2026-05-09 02:44:06.991 10 INFO neutron.db.ovn_revision_numbers_db [None req-ad1d7304-9757-4433-b6bd-26388382bd87 fb10a23b07884965bc0c4ffee1800cce 8a91ffeec2ec44929d32f253e15269f7 - - default default] Successfully bumped revision number for resource e36870b0-b907-4d7f-9868-d8058e0de68a (type: security_group_rules) to 0
2026-05-09 02:44:07.021 10 INFO neutron.wsgi [None req-ad1d7304-9757-4433-b6bd-26388382bd87 fb10a23b07884965bc0c4ffee1800cce 8a91ffeec2ec44929d32f253e15269f7 - - default default] 10.0.0.223 "GET /v2.0/security-groups?tenant_id=c002cb097b57423c834e43bb9d2f8dac&name=default HTTP/1.1" status: 200 len: 2996 time: 0.5599389
2026-05-09 02:44:07.022 10 INFO neutron.db.ovn_revision_numbers_db [None req-56a148bd-0010-44a2-86a8-c91e0137a763 - - - - - -] Successfully bumped revision number for resource ba55a4c6-c28b-46cb-8c9b-98ce296dac54 (type: router_ports) to 3 /var/lib/openstack/lib/python3.10/site-packages/pycadf/identifier.py:71: UserWarning: Invalid uuid: neutron. To ensure interoperability, identifiers should be a valid uuid. warnings.warn(('Invalid uuid: %s. To ensure interoperability, '
2026-05-09 02:44:07.046 9 INFO neutron.wsgi [None req-c74ab9a2-f4e1-43d1-ae38-f9ca1b97080a fb10a23b07884965bc0c4ffee1800cce 8a91ffeec2ec44929d32f253e15269f7 - - default default] 10.0.0.223 "DELETE /v2.0/security-groups/031126f8-1427-40d3-9c1f-75a60059bb23 HTTP/1.1" status: 204 len: 168 time: 0.3958347
2026-05-09 02:44:07.248 10 INFO neutron.wsgi [None req-d60ee053-5054-4bf8-981d-c1a7a1e85056 fb10a23b07884965bc0c4ffee1800cce 8a91ffeec2ec44929d32f253e15269f7 - - default default] 10.0.0.223 "DELETE /v2.0/security-groups/b03d8716-53ae-43a9-b347-debbcb8788df HTTP/1.1" status: 204 len: 168 time: 0.2071750
2026-05-09 02:44:07.521 9 INFO neutron.db.ovn_revision_numbers_db [None req-0b826237-0ebd-45d9-a4b6-9f0e533b9c3d 9a5fc65028c24127b13ab557e0e62e55 266484f008ba4cfdb54b0e1f3f783573 - - default default] Successfully bumped revision number for resource ba55a4c6-c28b-46cb-8c9b-98ce296dac54 (type: ports) to 3
2026-05-09 02:44:07.567 10 INFO neutron.db.ovn_revision_numbers_db [None req-0e76acf6-d83c-4b28-a4d2-eb2f92156d72 fb10a23b07884965bc0c4ffee1800cce 8a91ffeec2ec44929d32f253e15269f7 - - default default] Successfully bumped revision number for resource 20c917b0-4bb9-48ee-9f1e-2e0120e5c355 (type: security_groups) to 1
2026-05-09 02:44:07.595 10 INFO neutron.db.ovn_revision_numbers_db [None req-0e76acf6-d83c-4b28-a4d2-eb2f92156d72 fb10a23b07884965bc0c4ffee1800cce 8a91ffeec2ec44929d32f253e15269f7 - - default default] Successfully bumped revision number for resource 522fe5db-05c0-4fac-8259-29254c5bcd09 (type: security_group_rules) to 0
2026-05-09 02:44:07.599 9 WARNING neutron.scheduler.dhcp_agent_scheduler [None req-0b826237-0ebd-45d9-a4b6-9f0e533b9c3d 9a5fc65028c24127b13ab557e0e62e55 266484f008ba4cfdb54b0e1f3f783573 - - default default] No more DHCP agents
2026-05-09 02:44:07.600 9 WARNING neutron.api.rpc.agentnotifiers.dhcp_rpc_agent_api [None req-0b826237-0ebd-45d9-a4b6-9f0e533b9c3d 9a5fc65028c24127b13ab557e0e62e55 266484f008ba4cfdb54b0e1f3f783573 - - default default] Unable to schedule network 5674bf7a-a96c-4b9a-bb6e-9032e561c60d: no agents available; will retry on subsequent port and subnet creation events.
2026-05-09 02:44:07.610 10 INFO neutron.db.ovn_revision_numbers_db [None req-0e76acf6-d83c-4b28-a4d2-eb2f92156d72 fb10a23b07884965bc0c4ffee1800cce 8a91ffeec2ec44929d32f253e15269f7 - - default default] Successfully bumped revision number for resource 774e5707-4824-4653-938f-bb6aef853260 (type: security_group_rules) to 0
2026-05-09 02:44:07.633 10 INFO neutron.db.ovn_revision_numbers_db [None req-0e76acf6-d83c-4b28-a4d2-eb2f92156d72 fb10a23b07884965bc0c4ffee1800cce 8a91ffeec2ec44929d32f253e15269f7 - - default default] Successfully bumped revision number for resource a2a13f5c-4e65-46ed-8066-f20ea7870396 (type: security_group_rules) to 0
2026-05-09 02:44:07.650 10 INFO neutron.db.ovn_revision_numbers_db [None req-0e76acf6-d83c-4b28-a4d2-eb2f92156d72 fb10a23b07884965bc0c4ffee1800cce 8a91ffeec2ec44929d32f253e15269f7 - - default default] Successfully bumped revision number for resource d0bf6b84-c981-45ae-96d0-9ccea34b2e3b (type: security_group_rules) to 0
2026-05-09 02:44:07.680 10 INFO neutron.wsgi [None req-0e76acf6-d83c-4b28-a4d2-eb2f92156d72 fb10a23b07884965bc0c4ffee1800cce 8a91ffeec2ec44929d32f253e15269f7 - - default default] 10.0.0.223 "GET /v2.0/security-groups?tenant_id=89d320e2b1734fc68021fd951d6542a4&name=default HTTP/1.1" status: 200 len: 2996 time: 0.2347696
2026-05-09 02:44:07.744 9 INFO neutron.db.ovn_revision_numbers_db [None req-0b826237-0ebd-45d9-a4b6-9f0e533b9c3d 9a5fc65028c24127b13ab557e0e62e55 266484f008ba4cfdb54b0e1f3f783573 - - default default] Successfully bumped revision number for resource ba55a4c6-c28b-46cb-8c9b-98ce296dac54 (type: router_ports) to 3
2026-05-09 02:44:07.747 9 INFO neutron.wsgi [None req-0b826237-0ebd-45d9-a4b6-9f0e533b9c3d 9a5fc65028c24127b13ab557e0e62e55 266484f008ba4cfdb54b0e1f3f783573 - - default default] 10.0.0.223 "PUT /v2.0/routers/825c5b78-8de1-4449-8b06-269540fbdeef/add_router_interface HTTP/1.1" status: 200 len: 503 time: 1.6238956 /var/lib/openstack/lib/python3.10/site-packages/pycadf/identifier.py:71: UserWarning: Invalid uuid: neutron. To ensure interoperability, identifiers should be a valid uuid. warnings.warn(('Invalid uuid: %s. To ensure interoperability, '
2026-05-09 02:44:07.883 9 INFO neutron.wsgi [None req-6af172be-260b-48a4-b1d2-13aa0d9cf24c 9a5fc65028c24127b13ab557e0e62e55 266484f008ba4cfdb54b0e1f3f783573 - - default default] 10.0.0.223 "GET /v2.0/ports/ba55a4c6-c28b-46cb-8c9b-98ce296dac54 HTTP/1.1" status: 200 len: 1220 time: 0.1307940
2026-05-09 02:44:07.913 10 INFO neutron.wsgi [None req-1106a7f5-3721-488a-9202-597a704bdfa5 fb10a23b07884965bc0c4ffee1800cce 8a91ffeec2ec44929d32f253e15269f7 - - default default] 10.0.0.223 "DELETE /v2.0/security-groups/20c917b0-4bb9-48ee-9f1e-2e0120e5c355 HTTP/1.1" status: 204 len: 168 time: 0.2262740
2026-05-09 02:44:08.157 10 INFO neutron.db.ovn_revision_numbers_db [None req-57ada8cf-6a13-47bc-9153-09cf81392d9c fb10a23b07884965bc0c4ffee1800cce 8a91ffeec2ec44929d32f253e15269f7 - - default default] Successfully bumped revision number for resource e8ff7107-9bd4-414c-a328-9c35a7961800 (type: security_groups) to 1
2026-05-09 02:44:08.177 10 INFO neutron.db.ovn_revision_numbers_db [None req-57ada8cf-6a13-47bc-9153-09cf81392d9c fb10a23b07884965bc0c4ffee1800cce 8a91ffeec2ec44929d32f253e15269f7 - - default default] Successfully bumped revision number for resource 2da25685-1fd9-47a5-a2ae-60c501112b22 (type: security_group_rules) to 0
2026-05-09 02:44:08.193 10 INFO neutron.db.ovn_revision_numbers_db [None req-57ada8cf-6a13-47bc-9153-09cf81392d9c fb10a23b07884965bc0c4ffee1800cce 8a91ffeec2ec44929d32f253e15269f7 - - default default] Successfully bumped revision number for resource 557d1fea-ba9a-426b-8872-8b50b6f23c7f (type: security_group_rules) to 0
2026-05-09 02:44:08.211 10 INFO neutron.db.ovn_revision_numbers_db [None req-57ada8cf-6a13-47bc-9153-09cf81392d9c fb10a23b07884965bc0c4ffee1800cce 8a91ffeec2ec44929d32f253e15269f7 - - default default] Successfully bumped revision number for resource 82b9c5be-83cf-4512-87d5-46bfdbb029f8 (type: security_group_rules) to 0
2026-05-09 02:44:08.226 10 INFO neutron.db.ovn_revision_numbers_db [None req-57ada8cf-6a13-47bc-9153-09cf81392d9c fb10a23b07884965bc0c4ffee1800cce 8a91ffeec2ec44929d32f253e15269f7 - - default default] Successfully bumped revision number for resource fa0ee6e1-e90c-4a64-8eaf-ad87ccb069f0 (type: security_group_rules) to 0
2026-05-09 02:44:08.276 10 INFO neutron.wsgi [None req-57ada8cf-6a13-47bc-9153-09cf81392d9c fb10a23b07884965bc0c4ffee1800cce 8a91ffeec2ec44929d32f253e15269f7 - - default default] 10.0.0.223 "GET /v2.0/security-groups?tenant_id=2331c8154ce24851a5a78be8f3b7b2ae&name=default HTTP/1.1" status: 200 len: 2996 time: 0.2630734
2026-05-09 02:44:08.289 10 INFO neutron.db.ovn_revision_numbers_db [None req-974d8271-1baf-4a63-9077-e8645371aa75 fb10a23b07884965bc0c4ffee1800cce 8a91ffeec2ec44929d32f253e15269f7 - - default default] Successfully bumped revision number for resource 2eec31ef-27f4-4453-9915-6bb1aa72491c (type: security_groups) to 1
2026-05-09 02:44:08.316 10 INFO neutron.db.ovn_revision_numbers_db [None req-974d8271-1baf-4a63-9077-e8645371aa75 fb10a23b07884965bc0c4ffee1800cce 8a91ffeec2ec44929d32f253e15269f7 - - default default] Successfully bumped revision number for resource a4a2ab78-16fc-4149-a981-e189863ad8c9 (type: security_group_rules) to 0
2026-05-09 02:44:08.335 10 INFO neutron.db.ovn_revision_numbers_db [None req-974d8271-1baf-4a63-9077-e8645371aa75 fb10a23b07884965bc0c4ffee1800cce 8a91ffeec2ec44929d32f253e15269f7 - - default default] Successfully bumped revision number for resource bfd1f2cf-96ab-4627-a3e0-b011bf18a976 (type: security_group_rules) to 0
