2026-05-09 02:44:22.915 10 INFO neutron.db.ovn_revision_numbers_db [None req-17bd1857-60f2-4e5e-8742-129e0d8fd5b1 fb10a23b07884965bc0c4ffee1800cce 8a91ffeec2ec44929d32f253e15269f7 - - default default] Successfully bumped revision number for resource b9882f24-84cd-421c-bf81-250a35440112 (type: security_groups) to 1
2026-05-09 02:44:22.936 10 INFO neutron.db.ovn_revision_numbers_db [None req-17bd1857-60f2-4e5e-8742-129e0d8fd5b1 fb10a23b07884965bc0c4ffee1800cce 8a91ffeec2ec44929d32f253e15269f7 - - default default] Successfully bumped revision number for resource 40462843-7521-422f-8816-b18b7aa24eef (type: security_group_rules) to 0
2026-05-09 02:44:22.966 10 INFO neutron.db.ovn_revision_numbers_db [None req-17bd1857-60f2-4e5e-8742-129e0d8fd5b1 fb10a23b07884965bc0c4ffee1800cce 8a91ffeec2ec44929d32f253e15269f7 - - default default] Successfully bumped revision number for resource 91b21db7-2fdf-44e3-bd9b-3c6e651ef44d (type: security_group_rules) to 0
2026-05-09 02:44:22.994 10 INFO neutron.db.ovn_revision_numbers_db [None req-17bd1857-60f2-4e5e-8742-129e0d8fd5b1 fb10a23b07884965bc0c4ffee1800cce 8a91ffeec2ec44929d32f253e15269f7 - - default default] Successfully bumped revision number for resource fa0d8ea3-8564-4479-a378-05ab959dae03 (type: security_group_rules) to 0
2026-05-09 02:44:23.009 10 INFO neutron.db.ovn_revision_numbers_db [None req-17bd1857-60f2-4e5e-8742-129e0d8fd5b1 fb10a23b07884965bc0c4ffee1800cce 8a91ffeec2ec44929d32f253e15269f7 - - default default] Successfully bumped revision number for resource fb763240-8774-43ea-b435-ccabbb4ebbf6 (type: security_group_rules) to 0
2026-05-09 02:44:23.042 10 INFO neutron.wsgi [None req-17bd1857-60f2-4e5e-8742-129e0d8fd5b1 fb10a23b07884965bc0c4ffee1800cce 8a91ffeec2ec44929d32f253e15269f7 - - default default] 10.0.0.223 "GET /v2.0/security-groups?tenant_id=f195e3c72d8c47c98d1fa86baa42904e&name=default HTTP/1.1" status: 200 len: 2996 time: 0.3466127
2026-05-09 02:44:23.220 10 INFO neutron.wsgi [None req-df71ec1e-11c7-48b1-beb9-c139dde97ec0 0be8f3329bd64955a1a9abe3ed295c00 b7e4af82aefb40a9b78d43896f32733e - - default default] 10.0.0.223 "DELETE /v2.0/ports/e44bfc2a-e817-448b-950a-0be285f4c0dd HTTP/1.1" status: 204 len: 168 time: 0.3147233
2026-05-09 02:44:23.288 9 INFO neutron.wsgi [None req-50f0a990-e37f-4582-a067-2c09251371c7 fb10a23b07884965bc0c4ffee1800cce 8a91ffeec2ec44929d32f253e15269f7 - - default default] 10.0.0.223 "DELETE /v2.0/security-groups/b9882f24-84cd-421c-bf81-250a35440112 HTTP/1.1" status: 204 len: 168 time: 0.2399054
2026-05-09 02:44:23.438 10 INFO neutron.wsgi [None req-d927cddb-4fb3-41c0-b267-a9f5f09fc7a6 fb10a23b07884965bc0c4ffee1800cce 8a91ffeec2ec44929d32f253e15269f7 - - default default] 10.0.0.223 "GET /v2.0/security-groups?tenant_id=7b0826e7c9774e02acbd8c4d754f39a4&name=default HTTP/1.1" status: 200 len: 2996 time: 0.0367827
2026-05-09 02:44:23.465 9 INFO neutron.wsgi [None req-ee4c3270-23e5-4c19-bbed-32afcfc16067 0be8f3329bd64955a1a9abe3ed295c00 b7e4af82aefb40a9b78d43896f32733e - - default default] 10.0.0.223 "DELETE /v2.0/ports/99706bdf-a6dd-4b07-8460-29daeb0cf7ac HTTP/1.1" status: 204 len: 168 time: 0.2380652
2026-05-09 02:44:23.687 10 INFO neutron.wsgi [None req-92935f01-7849-4e3a-9a4c-96eedeb3fd23 fb10a23b07884965bc0c4ffee1800cce 8a91ffeec2ec44929d32f253e15269f7 - - default default] 10.0.0.223 "DELETE /v2.0/security-groups/bda48b5d-7fa9-4c65-b8e7-f6d1fb78b0ea HTTP/1.1" status: 204 len: 168 time: 0.2403154
2026-05-09 02:44:23.757 9 INFO neutron.wsgi [None req-12431af3-7e0b-4eab-be6d-93fcee5ba630 0be8f3329bd64955a1a9abe3ed295c00 b7e4af82aefb40a9b78d43896f32733e - - default default] 10.0.0.223 "DELETE /v2.0/ports/ad2be29a-7e9e-4549-8ef3-097bf845c550 HTTP/1.1" status: 204 len: 168 time: 0.2858522
2026-05-09 02:44:23.773 10 INFO neutron.wsgi [-] 10.0.0.223 "GET / HTTP/1.1" status: 200 len: 279 time: 0.0019186
2026-05-09 02:44:23.965 10 INFO neutron.wsgi [None req-8585d193-81a7-4eb7-a8bc-993fb9ac4aae 5338d6749b93423b9f6ae53f79abd073 cea388d6295548028804976f95a4a632 - - default default] 10.0.0.223 "GET /v2.0/ HTTP/1.1" status: 200 len: 826 time: 0.1876705
2026-05-09 02:44:24.142 9 INFO neutron.services.segments.plugin [-] Segment 5f239a5d-49f7-4771-992f-38a288335b61 resource provider aggregate not found
2026-05-09 02:44:24.149 9 INFO neutron.services.segments.plugin [-] Segment 5f239a5d-49f7-4771-992f-38a288335b61 resource provider aggregate not found
2026-05-09 02:44:24.166 9 INFO neutron.services.segments.plugin [-] Segment 5f239a5d-49f7-4771-992f-38a288335b61 resource provider not found; error: Placement Client Error (4xx): {"errors": [{"status": 404, "title": "Not Found", "detail": "The resource could not be found.\n\n No resource provider with uuid 5f239a5d-49f7-4771-992f-38a288335b61 found for delete ", "request_id": "req-9082f4a5-4715-4fbd-87b2-e2b783842a11"}]}
2026-05-09 02:44:24.169 9 INFO neutron.services.segments.plugin [-] Segment 5f239a5d-49f7-4771-992f-38a288335b61 resource provider not found; error: Placement Client Error (4xx): {"errors": [{"status": 404, "title": "Not Found", "detail": "The resource could not be found.\n\n No resource provider with uuid 5f239a5d-49f7-4771-992f-38a288335b61 found for delete ", "request_id": "req-166c619a-0efb-4c80-b2da-1e41e471ed8f"}]}
2026-05-09 02:44:24.195 9 INFO neutron.wsgi [None req-c13fd6d2-fbf9-495f-af24-3710fda5bb6d 0be8f3329bd64955a1a9abe3ed295c00 b7e4af82aefb40a9b78d43896f32733e - - default default] 10.0.0.223 "DELETE /v2.0/networks/6e55f42e-d4a0-41f7-ac7d-a8fef12df018 HTTP/1.1" status: 204 len: 168 time: 0.4271748
2026-05-09 02:44:24.594 10 INFO neutron.services.segments.plugin [-] Segment e2405ba0-838c-409b-941e-bcb34e51a728 resource provider aggregate not found
2026-05-09 02:44:24.604 10 INFO neutron.services.segments.plugin [-] Segment e2405ba0-838c-409b-941e-bcb34e51a728 resource provider aggregate not found
2026-05-09 02:44:24.620 10 INFO neutron.services.segments.plugin [-] Segment e2405ba0-838c-409b-941e-bcb34e51a728 resource provider not found; error: Placement Client Error (4xx): {"errors": [{"status": 404, "title": "Not Found", "detail": "The resource could not be found.\n\n No resource provider with uuid e2405ba0-838c-409b-941e-bcb34e51a728 found for delete ", "request_id": "req-bf7b7cb7-5de9-4eec-ab42-81eb295da23e"}]}
2026-05-09 02:44:24.623 10 INFO neutron.services.segments.plugin [-] Segment e2405ba0-838c-409b-941e-bcb34e51a728 resource provider not found; error: Placement Client Error (4xx): {"errors": [{"status": 404, "title": "Not Found", "detail": "The resource could not be found.\n\n No resource provider with uuid e2405ba0-838c-409b-941e-bcb34e51a728 found for delete ", "request_id": "req-f005907e-304f-4b37-aaef-91ee30c0bf90"}]}
2026-05-09 02:44:24.663 10 INFO neutron.wsgi [None req-3b67f04a-e47d-4154-8b10-daac93c090ab 0be8f3329bd64955a1a9abe3ed295c00 b7e4af82aefb40a9b78d43896f32733e - - default default] 10.0.0.223 "DELETE /v2.0/networks/8f3450f6-0c5a-485b-9724-69ed8a9282c6 HTTP/1.1" status: 204 len: 168 time: 0.4605324
2026-05-09 02:44:24.764 10 INFO neutron.db.ovn_revision_numbers_db [None req-54ca0c84-65b5-487d-bcbf-aded60aed832 fb10a23b07884965bc0c4ffee1800cce 8a91ffeec2ec44929d32f253e15269f7 - - default default] Successfully bumped revision number for resource a1a22b72-3bb1-4237-b5aa-34baa749b2af (type: security_groups) to 1
2026-05-09 02:44:24.780 10 INFO neutron.db.ovn_revision_numbers_db [None req-54ca0c84-65b5-487d-bcbf-aded60aed832 fb10a23b07884965bc0c4ffee1800cce 8a91ffeec2ec44929d32f253e15269f7 - - default default] Successfully bumped revision number for resource 0473920f-6cf7-4321-a891-88a1f09742e7 (type: security_group_rules) to 0
2026-05-09 02:44:24.793 10 INFO neutron.db.ovn_revision_numbers_db [None req-54ca0c84-65b5-487d-bcbf-aded60aed832 fb10a23b07884965bc0c4ffee1800cce 8a91ffeec2ec44929d32f253e15269f7 - - default default] Successfully bumped revision number for resource 70914905-6388-424c-a803-a70c428a263e (type: security_group_rules) to 0
2026-05-09 02:44:24.811 10 INFO neutron.db.ovn_revision_numbers_db [None req-54ca0c84-65b5-487d-bcbf-aded60aed832 fb10a23b07884965bc0c4ffee1800cce 8a91ffeec2ec44929d32f253e15269f7 - - default default] Successfully bumped revision number for resource dc797e30-bcec-4ae9-b001-9c6b325fb903 (type: security_group_rules) to 0
2026-05-09 02:44:24.825 10 INFO neutron.db.ovn_revision_numbers_db [None req-54ca0c84-65b5-487d-bcbf-aded60aed832 fb10a23b07884965bc0c4ffee1800cce 8a91ffeec2ec44929d32f253e15269f7 - - default default] Successfully bumped revision number for resource ee58e229-598b-4166-b0fe-65623f57a220 (type: security_group_rules) to 0
2026-05-09 02:44:24.848 10 INFO neutron.wsgi [None req-54ca0c84-65b5-487d-bcbf-aded60aed832 fb10a23b07884965bc0c4ffee1800cce 8a91ffeec2ec44929d32f253e15269f7 - - default default] 10.0.0.223 "GET /v2.0/security-groups?tenant_id=cea388d6295548028804976f95a4a632&name=default HTTP/1.1" status: 200 len: 2996 time: 0.3307493
2026-05-09 02:44:25.095 10 INFO neutron.wsgi [None req-d1873b3d-5be6-4dbe-a59e-939826870832 fb10a23b07884965bc0c4ffee1800cce 8a91ffeec2ec44929d32f253e15269f7 - - default default] 10.0.0.223 "DELETE /v2.0/security-groups/a1a22b72-3bb1-4237-b5aa-34baa749b2af HTTP/1.1" status: 204 len: 168 time: 0.2422326
2026-05-09 02:44:25.124 9 INFO neutron.wsgi [None req-2148276d-8fe3-4638-8b03-0195a8708cf8 0be8f3329bd64955a1a9abe3ed295c00 b7e4af82aefb40a9b78d43896f32733e - - default default] 10.0.0.223 "DELETE /v2.0/networks/404e3e79-6967-48c1-9a35-f726e37a53f8 HTTP/1.1" status: 204 len: 168 time: 0.4550731
2026-05-09 02:44:25.674 9 INFO neutron.wsgi [None req-26257467-6f13-4429-9d00-cf26856f15b2 0be8f3329bd64955a1a9abe3ed295c00 b7e4af82aefb40a9b78d43896f32733e - - default default] 10.0.0.223 "DELETE /v2.0/networks/e1ec6e86-ac7a-43d0-8a3e-b02f83e4776e HTTP/1.1" status: 204 len: 168 time: 0.5446813
2026-05-09 02:44:25.980 10 WARNING neutron_lib.context [None req-e60dbeb8-6324-4dec-932c-a4c9659d4707 55550c7c92f7445ebda9430fd9045c39 ade7d899f57f430a9ce579d1d7e6daf8 - - default default] Method 'is_advsvc' is deprecated since 2023.2 release (neutron-lib 3.8.0) and will be removed once support for the old RBAC API policies will be removed from Neutron. Please use method 'is_service_role' instead.
2026-05-09 02:44:26.108 9 INFO neutron.wsgi [None req-6fd07137-6212-461a-a9d4-abd423a8bf5c 0be8f3329bd64955a1a9abe3ed295c00 b7e4af82aefb40a9b78d43896f32733e - - default default] 10.0.0.223 "DELETE /v2.0/networks/ac110923-20c7-4570-880e-3e70e2e0c10f HTTP/1.1" status: 204 len: 168 time: 0.4254348
2026-05-09 02:44:26.123 10 INFO neutron.db.ovn_revision_numbers_db [None req-e60dbeb8-6324-4dec-932c-a4c9659d4707 55550c7c92f7445ebda9430fd9045c39 ade7d899f57f430a9ce579d1d7e6daf8 - - default default] Successfully bumped revision number for resource 34417ec2-a4e8-4194-b61b-08d007d3214f (type: security_groups) to 1
2026-05-09 02:44:26.142 10 INFO neutron.db.ovn_revision_numbers_db [None req-e60dbeb8-6324-4dec-932c-a4c9659d4707 55550c7c92f7445ebda9430fd9045c39 ade7d899f57f430a9ce579d1d7e6daf8 - - default default] Successfully bumped revision number for resource 7f840e7b-2502-4e76-bffb-db2007368d16 (type: security_group_rules) to 0
2026-05-09 02:44:26.156 10 INFO neutron.db.ovn_revision_numbers_db [None req-e60dbeb8-6324-4dec-932c-a4c9659d4707 55550c7c92f7445ebda9430fd9045c39 ade7d899f57f430a9ce579d1d7e6daf8 - - default default] Successfully bumped revision number for resource a9286735-2507-4e75-a607-0fd955e51a11 (type: security_group_rules) to 0
2026-05-09 02:44:26.171 10 INFO neutron.db.ovn_revision_numbers_db [None req-e60dbeb8-6324-4dec-932c-a4c9659d4707 55550c7c92f7445ebda9430fd9045c39 ade7d899f57f430a9ce579d1d7e6daf8 - - default default] Successfully bumped revision number for resource b3ba5b37-15d8-42da-ac52-c7dcb8e302e3 (type: security_group_rules) to 0
2026-05-09 02:44:26.186 10 INFO neutron.db.ovn_revision_numbers_db [None req-e60dbeb8-6324-4dec-932c-a4c9659d4707 55550c7c92f7445ebda9430fd9045c39 ade7d899f57f430a9ce579d1d7e6daf8 - - default default] Successfully bumped revision number for resource e6cbe48c-cf05-4a7d-9a33-3c259e2475e9 (type: security_group_rules) to 0
2026-05-09 02:44:26.189 9 INFO neutron.services.segments.plugin [-] Segment da63ea83-69fa-4f2c-a6f2-5b110d12ee63 resource provider aggregate not found
2026-05-09 02:44:26.197 9 INFO neutron.services.segments.plugin [-] Segment da63ea83-69fa-4f2c-a6f2-5b110d12ee63 resource provider aggregate not found
2026-05-09 02:44:26.206 9 INFO neutron.services.segments.plugin [-] Segment da63ea83-69fa-4f2c-a6f2-5b110d12ee63 resource provider not found; error: Placement Client Error (4xx): {"errors": [{"status": 404, "title": "Not Found", "detail": "The resource could not be found.\n\n No resource provider with uuid da63ea83-69fa-4f2c-a6f2-5b110d12ee63 found for delete ", "request_id": "req-152efb8a-49a0-4e88-8259-ed063c542bd8"}]}
2026-05-09 02:44:26.212 9 INFO neutron.services.segments.plugin [-] Segment da63ea83-69fa-4f2c-a6f2-5b110d12ee63 resource provider not found; error: Placement Client Error (4xx): {"errors": [{"status": 404, "title": "Not Found", "detail": "The resource could not be found.\n\n No resource provider with uuid da63ea83-69fa-4f2c-a6f2-5b110d12ee63 found for delete ", "request_id": "req-c55e62bb-5882-458e-afce-a37334e2404f"}]}
2026-05-09 02:44:26.230 9 INFO neutron.services.segments.plugin [-] Segment 3314d2b5-216e-4c98-9573-6888ded8048e resource provider aggregate not found
2026-05-09 02:44:26.235 10 INFO neutron.db.segments_db [None req-e60dbeb8-6324-4dec-932c-a4c9659d4707 55550c7c92f7445ebda9430fd9045c39 ade7d899f57f430a9ce579d1d7e6daf8 - - default default] Added segment e3e4efdf-98c1-485e-b468-0155e98d91a7 of type geneve for network 1f642035-7575-47e0-b6ea-4eb92f72cba7
2026-05-09 02:44:26.237 9 INFO neutron.services.segments.plugin [-] Segment 3314d2b5-216e-4c98-9573-6888ded8048e resource provider aggregate not found
2026-05-09 02:44:26.247 9 INFO neutron.services.segments.plugin [-] Segment 3314d2b5-216e-4c98-9573-6888ded8048e resource provider not found; error: Placement Client Error (4xx): {"errors": [{"status": 404, "title": "Not Found", "detail": "The resource could not be found.\n\n No resource provider with uuid 3314d2b5-216e-4c98-9573-6888ded8048e found for delete ", "request_id": "req-07fb9cc9-ef45-483e-81b5-96f4daa3bb66"}]}
2026-05-09 02:44:26.256 9 INFO neutron.services.segments.plugin [-] Segment 3314d2b5-216e-4c98-9573-6888ded8048e resource provider not found; error: Placement Client Error (4xx): {"errors": [{"status": 404, "title": "Not Found", "detail": "The resource could not be found.\n\n No resource provider with uuid 3314d2b5-216e-4c98-9573-6888ded8048e found for delete ", "request_id": "req-2744ffcb-5712-47e8-8452-3e46a69a49fa"}]}
2026-05-09 02:44:26.266 9 INFO neutron.services.segments.plugin [-] Segment c0739525-2d3f-4613-a346-97b10bbac3e1 resource provider aggregate not found
2026-05-09 02:44:26.278 9 INFO neutron.services.segments.plugin [-] Segment c0739525-2d3f-4613-a346-97b10bbac3e1 resource provider aggregate not found
2026-05-09 02:44:26.289 9 INFO neutron.services.segments.plugin [-] Segment c0739525-2d3f-4613-a346-97b10bbac3e1 resource provider not found; error: Placement Client Error (4xx): {"errors": [{"status": 404, "title": "Not Found", "detail": "The resource could not be found.\n\n No resource provider with uuid c0739525-2d3f-4613-a346-97b10bbac3e1 found for delete ", "request_id": "req-75d2b58a-1d96-4c08-9bce-a0c311efc037"}]}
2026-05-09 02:44:26.310 9 INFO neutron.services.segments.plugin [-] Segment c0739525-2d3f-4613-a346-97b10bbac3e1 resource provider not found; error: Placement Client Error (4xx): {"errors": [{"status": 404, "title": "Not Found", "detail": "The resource could not be found.\n\n No resource provider with uuid c0739525-2d3f-4613-a346-97b10bbac3e1 found for delete ", "request_id": "req-0fa17df2-87e4-4963-939b-1c52a0ddd19c"}]}
2026-05-09 02:44:26.401 10 INFO neutron.db.ovn_revision_numbers_db [None req-e60dbeb8-6324-4dec-932c-a4c9659d4707 55550c7c92f7445ebda9430fd9045c39 ade7d899f57f430a9ce579d1d7e6daf8 - - default default] Successfully bumped revision number for resource 1f642035-7575-47e0-b6ea-4eb92f72cba7 (type: networks) to 1
2026-05-09 02:44:26.589 10 WARNING neutron.scheduler.dhcp_agent_scheduler [None req-e60dbeb8-6324-4dec-932c-a4c9659d4707 55550c7c92f7445ebda9430fd9045c39 ade7d899f57f430a9ce579d1d7e6daf8 - - default default] No more DHCP agents
2026-05-09 02:44:26.592 10 WARNING neutron.api.rpc.agentnotifiers.dhcp_rpc_agent_api [None req-e60dbeb8-6324-4dec-932c-a4c9659d4707 55550c7c92f7445ebda9430fd9045c39 ade7d899f57f430a9ce579d1d7e6daf8 - - default default] Unable to schedule network 1f642035-7575-47e0-b6ea-4eb92f72cba7: no agents available; will retry on subsequent port and subnet creation events.
2026-05-09 02:44:26.673 10 INFO neutron.db.ovn_revision_numbers_db [None req-e60dbeb8-6324-4dec-932c-a4c9659d4707 55550c7c92f7445ebda9430fd9045c39 ade7d899f57f430a9ce579d1d7e6daf8 - - default default] Successfully bumped revision number for resource 7cd4c56f-92de-4401-be61-48eef613cdfa (type: ports) to 1
2026-05-09 02:44:26.700 10 INFO neutron.wsgi [None req-e60dbeb8-6324-4dec-932c-a4c9659d4707 55550c7c92f7445ebda9430fd9045c39 ade7d899f57f430a9ce579d1d7e6daf8 - - default default] 10.0.0.223 "POST /v2.0/networks HTTP/1.1" status: 201 len: 831 time: 0.9499042
2026-05-09 02:44:26.710 10 WARNING neutron_lib.context [None req-5038bc23-29b3-4836-988c-f368c08f8af2 55550c7c92f7445ebda9430fd9045c39 ade7d899f57f430a9ce579d1d7e6daf8 - - default default] Method 'is_advsvc' is deprecated since 2023.2 release (neutron-lib 3.8.0) and will be removed once support for the old RBAC API policies will be removed from Neutron. Please use method 'is_service_role' instead.
2026-05-09 02:44:26.972 10 WARNING neutron.scheduler.dhcp_agent_scheduler [None req-5038bc23-29b3-4836-988c-f368c08f8af2 55550c7c92f7445ebda9430fd9045c39 ade7d899f57f430a9ce579d1d7e6daf8 - - default default] No more DHCP agents
2026-05-09 02:44:26.974 10 WARNING neutron.api.rpc.agentnotifiers.dhcp_rpc_agent_api [None req-5038bc23-29b3-4836-988c-f368c08f8af2 55550c7c92f7445ebda9430fd9045c39 ade7d899f57f430a9ce579d1d7e6daf8 - - default default] Unable to schedule network 1f642035-7575-47e0-b6ea-4eb92f72cba7: no agents available; will retry on subsequent port and subnet creation events.
2026-05-09 02:44:27.063 10 INFO neutron.db.ovn_revision_numbers_db [None req-5038bc23-29b3-4836-988c-f368c08f8af2 55550c7c92f7445ebda9430fd9045c39 ade7d899f57f430a9ce579d1d7e6daf8 - - default default] Successfully bumped revision number for resource 36982a9d-6c84-453d-a59f-e477a78804a2 (type: ports) to 1
2026-05-09 02:44:27.086 10 INFO neutron.wsgi [None req-5038bc23-29b3-4836-988c-f368c08f8af2 55550c7c92f7445ebda9430fd9045c39 ade7d899f57f430a9ce579d1d7e6daf8 - - default default] 10.0.0.223 "POST /v2.0/ports HTTP/1.1" status: 201 len: 942 time: 0.3814461
2026-05-09 02:44:27.101 9 WARNING neutron_lib.context [None req-d3d3de5e-ed2a-4ff5-8c4e-86e7c95d0b91 55550c7c92f7445ebda9430fd9045c39 ade7d899f57f430a9ce579d1d7e6daf8 - - default default] Method 'is_advsvc' is deprecated since 2023.2 release (neutron-lib 3.8.0) and will be removed once support for the old RBAC API policies will be removed from Neutron. Please use method 'is_service_role' instead.
2026-05-09 02:44:27.259 9 INFO neutron.wsgi [None req-fe2d6e1f-d878-45b0-a4c7-90fa11de8228 fb10a23b07884965bc0c4ffee1800cce 8a91ffeec2ec44929d32f253e15269f7 - - default default] 10.0.0.223 "GET /v2.0/security-groups?tenant_id=b7e4af82aefb40a9b78d43896f32733e&name=default HTTP/1.1" status: 200 len: 2996 time: 0.1839235 /var/lib/openstack/lib/python3.10/site-packages/pycadf/identifier.py:71: UserWarning: Invalid uuid: neutron. To ensure interoperability, identifiers should be a valid uuid. warnings.warn(('Invalid uuid: %s. To ensure interoperability, '
2026-05-09 02:44:27.386 9 INFO neutron.wsgi [None req-d3d3de5e-ed2a-4ff5-8c4e-86e7c95d0b91 55550c7c92f7445ebda9430fd9045c39 ade7d899f57f430a9ce579d1d7e6daf8 - - default default] 10.0.0.223 "POST /v2.0/trunks HTTP/1.1" status: 201 len: 608 time: 0.2926209
2026-05-09 02:44:27.400 9 WARNING neutron_lib.context [None req-2e3e2496-0724-4e95-8bbb-bbe9d2e87fe2 55550c7c92f7445ebda9430fd9045c39 ade7d899f57f430a9ce579d1d7e6daf8 - - default default] Method 'is_advsvc' is deprecated since 2023.2 release (neutron-lib 3.8.0) and will be removed once support for the old RBAC API policies will be removed from Neutron. Please use method 'is_service_role' instead.
2026-05-09 02:44:27.485 9 INFO neutron.db.segments_db [None req-2e3e2496-0724-4e95-8bbb-bbe9d2e87fe2 55550c7c92f7445ebda9430fd9045c39 ade7d899f57f430a9ce579d1d7e6daf8 - - default default] Added segment 25c9c8bc-12bf-4bea-a092-bbf7d8a3f245 of type geneve for network 7eae45cb-8477-4362-b0df-d5542c72c52f
2026-05-09 02:44:27.489 10 INFO neutron.wsgi [None req-7fcbe6c5-01a3-4ffd-b226-30effc752de9 fb10a23b07884965bc0c4ffee1800cce 8a91ffeec2ec44929d32f253e15269f7 - - default default] 10.0.0.223 "DELETE /v2.0/security-groups/2c89bacd-0520-43eb-9474-75b9317e45a8 HTTP/1.1" status: 204 len: 168 time: 0.2241478
2026-05-09 02:44:27.639 9 INFO neutron.db.ovn_revision_numbers_db [None req-2e3e2496-0724-4e95-8bbb-bbe9d2e87fe2 55550c7c92f7445ebda9430fd9045c39 ade7d899f57f430a9ce579d1d7e6daf8 - - default default] Successfully bumped revision number for resource 7eae45cb-8477-4362-b0df-d5542c72c52f (type: networks) to 1
2026-05-09 02:44:27.838 9 WARNING neutron.scheduler.dhcp_agent_scheduler [None req-2e3e2496-0724-4e95-8bbb-bbe9d2e87fe2 55550c7c92f7445ebda9430fd9045c39 ade7d899f57f430a9ce579d1d7e6daf8 - - default default] No more DHCP agents
2026-05-09 02:44:27.840 10 INFO neutron.db.ovn_revision_numbers_db [None req-9f1812d4-071a-45fe-bf7a-be553f20ca33 fb10a23b07884965bc0c4ffee1800cce 8a91ffeec2ec44929d32f253e15269f7 - - default default] Successfully bumped revision number for resource 98195640-e69c-4715-a67d-5ac5c8204df8 (type: security_groups) to 1
2026-05-09 02:44:27.841 9 WARNING neutron.api.rpc.agentnotifiers.dhcp_rpc_agent_api [None req-2e3e2496-0724-4e95-8bbb-bbe9d2e87fe2 55550c7c92f7445ebda9430fd9045c39 ade7d899f57f430a9ce579d1d7e6daf8 - - default default] Unable to schedule network 7eae45cb-8477-4362-b0df-d5542c72c52f: no agents available; will retry on subsequent port and subnet creation events.
2026-05-09 02:44:27.852 10 INFO neutron.db.ovn_revision_numbers_db [None req-9f1812d4-071a-45fe-bf7a-be553f20ca33 fb10a23b07884965bc0c4ffee1800cce 8a91ffeec2ec44929d32f253e15269f7 - - default default] Successfully bumped revision number for resource 7878fbcd-2a08-48d2-a943-c1dec3e451f7 (type: security_group_rules) to 0
2026-05-09 02:44:27.865 10 INFO neutron.db.ovn_revision_numbers_db [None req-9f1812d4-071a-45fe-bf7a-be553f20ca33 fb10a23b07884965bc0c4ffee1800cce 8a91ffeec2ec44929d32f253e15269f7 - - default default] Successfully bumped revision number for resource a9065a26-ac7b-4cba-aaa6-a5e7719660ef (type: security_group_rules) to 0
2026-05-09 02:44:27.883 10 INFO neutron.db.ovn_revision_numbers_db [None req-9f1812d4-071a-45fe-bf7a-be553f20ca33 fb10a23b07884965bc0c4ffee1800cce 8a91ffeec2ec44929d32f253e15269f7 - - default default] Successfully bumped revision number for resource afb49a12-a927-4e01-99d4-f6225baf7999 (type: security_group_rules) to 0
2026-05-09 02:44:27.908 10 INFO neutron.db.ovn_revision_numbers_db [None req-9f1812d4-071a-45fe-bf7a-be553f20ca33 fb10a23b07884965bc0c4ffee1800cce 8a91ffeec2ec44929d32f253e15269f7 - - default default] Successfully bumped revision number for resource c837448b-0425-482c-b79a-341a7d1ffd16 (type: security_group_rules) to 0
2026-05-09 02:44:27.928 9 INFO neutron.db.ovn_revision_numbers_db [None req-2e3e2496-0724-4e95-8bbb-bbe9d2e87fe2 55550c7c92f7445ebda9430fd9045c39 ade7d899f57f430a9ce579d1d7e6daf8 - - default default] Successfully bumped revision number for resource 7729d141-d838-4a81-bd4d-eed787f4eb07 (type: ports) to 1
2026-05-09 02:44:27.939 10 INFO neutron.wsgi [None req-9f1812d4-071a-45fe-bf7a-be553f20ca33 fb10a23b07884965bc0c4ffee1800cce 8a91ffeec2ec44929d32f253e15269f7 - - default default] 10.0.0.223 "GET /v2.0/security-groups?tenant_id=c8229ece6e974c84bc0d8d7866fef452&name=default HTTP/1.1" status: 200 len: 2996 time: 0.2329636
2026-05-09 02:44:27.961 9 INFO neutron.wsgi [None req-2e3e2496-0724-4e95-8bbb-bbe9d2e87fe2 55550c7c92f7445ebda9430fd9045c39 ade7d899f57f430a9ce579d1d7e6daf8 - - default default] 10.0.0.223 "POST /v2.0/networks HTTP/1.1" status: 201 len: 831 time: 0.5659106
2026-05-09 02:44:27.974 10 WARNING neutron_lib.context [None req-149dc2ac-7745-4dcc-8800-1da1473666e6 55550c7c92f7445ebda9430fd9045c39 ade7d899f57f430a9ce579d1d7e6daf8 - - default default] Method 'is_advsvc' is deprecated since 2023.2 release (neutron-lib 3.8.0) and will be removed once support for the old RBAC API policies will be removed from Neutron. Please use method 'is_service_role' instead.
2026-05-09 02:44:28.137 9 INFO neutron.wsgi [None req-815a8f61-db90-4f5b-bd81-44f081543285 fb10a23b07884965bc0c4ffee1800cce 8a91ffeec2ec44929d32f253e15269f7 - - default default] 10.0.0.223 "DELETE /v2.0/security-groups/98195640-e69c-4715-a67d-5ac5c8204df8 HTTP/1.1" status: 204 len: 168 time: 0.1918750
2026-05-09 02:44:28.162 9 INFO neutron.wsgi [-] 10.0.0.111 "GET / HTTP/1.1" status: 200 len: 247 time: 0.0018513
2026-05-09 02:44:28.162 10 INFO neutron.wsgi [-] 10.0.0.111 "GET / HTTP/1.1" status: 200 len: 247 time: 0.0018816
2026-05-09 02:44:28.240 10 WARNING neutron.scheduler.dhcp_agent_scheduler [None req-149dc2ac-7745-4dcc-8800-1da1473666e6 55550c7c92f7445ebda9430fd9045c39 ade7d899f57f430a9ce579d1d7e6daf8 - - default default] No more DHCP agents
2026-05-09 02:44:28.244 10 WARNING neutron.api.rpc.agentnotifiers.dhcp_rpc_agent_api [None req-149dc2ac-7745-4dcc-8800-1da1473666e6 55550c7c92f7445ebda9430fd9045c39 ade7d899f57f430a9ce579d1d7e6daf8 - - default default] Unable to schedule network 7eae45cb-8477-4362-b0df-d5542c72c52f: no agents available; will retry on subsequent port and subnet creation events.
2026-05-09 02:44:28.339 10 INFO neutron.db.ovn_revision_numbers_db [None req-149dc2ac-7745-4dcc-8800-1da1473666e6 55550c7c92f7445ebda9430fd9045c39 ade7d899f57f430a9ce579d1d7e6daf8 - - default default] Successfully bumped revision number for resource d1a97a99-bd2a-4043-9a83-402382112665 (type: ports) to 1
2026-05-09 02:44:28.363 10 INFO neutron.wsgi [None req-149dc2ac-7745-4dcc-8800-1da1473666e6 55550c7c92f7445ebda9430fd9045c39 ade7d899f57f430a9ce579d1d7e6daf8 - - default default] 10.0.0.223 "POST /v2.0/ports HTTP/1.1" status: 201 len: 942 time: 0.3969631 /var/lib/openstack/lib/python3.10/site-packages/pycadf/identifier.py:71: UserWarning: Invalid uuid: neutron. To ensure interoperability, identifiers should be a valid uuid. warnings.warn(('Invalid uuid: %s. To ensure interoperability, '
2026-05-09 02:44:28.376 10 WARNING neutron_lib.context [None req-740434b2-ed75-41b7-b4af-0fe320074f86 55550c7c92f7445ebda9430fd9045c39 ade7d899f57f430a9ce579d1d7e6daf8 - - default default] Method 'is_advsvc' is deprecated since 2023.2 release (neutron-lib 3.8.0) and will be removed once support for the old RBAC API policies will be removed from Neutron. Please use method 'is_service_role' instead.
2026-05-09 02:44:28.404 9 INFO neutron.db.ovn_revision_numbers_db [None req-ec6c5a3c-053d-43e9-90b2-2c82c2f7b1a4 fb10a23b07884965bc0c4ffee1800cce 8a91ffeec2ec44929d32f253e15269f7 - - default default] Successfully bumped revision number for resource 3aa1a1b0-23cd-413f-8875-bfa7b4e76798 (type: security_groups) to 1
2026-05-09 02:44:28.418 9 INFO neutron.db.ovn_revision_numbers_db [None req-ec6c5a3c-053d-43e9-90b2-2c82c2f7b1a4 fb10a23b07884965bc0c4ffee1800cce 8a91ffeec2ec44929d32f253e15269f7 - - default default] Successfully bumped revision number for resource 17880d10-aa40-4f6b-964f-87e8fef20b5b (type: security_group_rules) to 0
2026-05-09 02:44:28.435 9 INFO neutron.db.ovn_revision_numbers_db [None req-ec6c5a3c-053d-43e9-90b2-2c82c2f7b1a4 fb10a23b07884965bc0c4ffee1800cce 8a91ffeec2ec44929d32f253e15269f7 - - default default] Successfully bumped revision number for resource 836f7e33-523e-4f26-9cf3-41f92baaa1b3 (type: security_group_rules) to 0
2026-05-09 02:44:28.454 9 INFO neutron.db.ovn_revision_numbers_db [None req-ec6c5a3c-053d-43e9-90b2-2c82c2f7b1a4 fb10a23b07884965bc0c4ffee1800cce 8a91ffeec2ec44929d32f253e15269f7 - - default default] Successfully bumped revision number for resource c447cab8-2025-46ff-8fb3-fbd6d34b4319 (type: security_group_rules) to 0
2026-05-09 02:44:28.470 9 INFO neutron.db.ovn_revision_numbers_db [None req-ec6c5a3c-053d-43e9-90b2-2c82c2f7b1a4 fb10a23b07884965bc0c4ffee1800cce 8a91ffeec2ec44929d32f253e15269f7 - - default default] Successfully bumped revision number for resource de12f9b7-1be9-4475-8843-05be53628ffb (type: security_group_rules) to 0
2026-05-09 02:44:28.494 9 INFO neutron.wsgi [None req-ec6c5a3c-053d-43e9-90b2-2c82c2f7b1a4 fb10a23b07884965bc0c4ffee1800cce 8a91ffeec2ec44929d32f253e15269f7 - - default default] 10.0.0.223 "GET /v2.0/security-groups?tenant_id=623df5fd08084448bceec4c9691473ff&name=default HTTP/1.1" status: 200 len: 2996 time: 0.2162385
2026-05-09 02:44:28.578 10 INFO neutron.wsgi [None req-3036ba83-5344-4bec-ac38-840937657084 cd5e1e0c98ca401dad1b389aeabd023b 88ea0e60327443c5a44bb5829a743184 - - default default] 10.0.0.223 "POST /v2.0/qos/policies HTTP/1.1" status: 201 len: 558 time: 0.1758966
2026-05-09 02:44:28.644 9 INFO neutron.wsgi [None req-2a07673c-d170-46f1-84ba-c9d9ad8cb72a cd5e1e0c98ca401dad1b389aeabd023b 88ea0e60327443c5a44bb5829a743184 - - default default] 10.0.0.223 "POST /v2.0/qos/policies HTTP/1.1" status: 201 len: 558 time: 0.0586636
2026-05-09 02:44:28.867 10 INFO neutron.wsgi [None req-740434b2-ed75-41b7-b4af-0fe320074f86 55550c7c92f7445ebda9430fd9045c39 ade7d899f57f430a9ce579d1d7e6daf8 - - default default] 10.0.0.223 "POST /v2.0/trunks HTTP/1.1" status: 201 len: 608 time: 0.5000470
2026-05-09 02:44:28.878 10 WARNING neutron_lib.context [None req-d1f1ac83-7c7d-4508-943e-8ed3522856d3 55550c7c92f7445ebda9430fd9045c39 ade7d899f57f430a9ce579d1d7e6daf8 - - default default] Method 'is_advsvc' is deprecated since 2023.2 release (neutron-lib 3.8.0) and will be removed once support for the old RBAC API policies will be removed from Neutron. Please use method 'is_service_role' instead.
2026-05-09 02:44:28.906 9 INFO neutron.wsgi [None req-b116d0b4-a6e9-4036-b8f2-a1f6c7ae6ac8 cd5e1e0c98ca401dad1b389aeabd023b 88ea0e60327443c5a44bb5829a743184 - - default default] 10.0.0.223 "POST /v2.0/qos/policies HTTP/1.1" status: 201 len: 558 time: 0.2487543
2026-05-09 02:44:28.962 9 INFO neutron.wsgi [None req-ebb79d5c-ca0a-436c-aba6-d922b5fedb51 fb10a23b07884965bc0c4ffee1800cce 8a91ffeec2ec44929d32f253e15269f7 - - default default] 10.0.0.223 "DELETE /v2.0/security-groups/3aa1a1b0-23cd-413f-8875-bfa7b4e76798 HTTP/1.1" status: 204 len: 168 time: 0.4618518
2026-05-09 02:44:28.966 9 INFO neutron.wsgi [None req-d61beed9-bfe3-455e-8e53-74dfea236352 cd5e1e0c98ca401dad1b389aeabd023b 88ea0e60327443c5a44bb5829a743184 - - default default] 10.0.0.223 "POST /v2.0/qos/policies HTTP/1.1" status: 201 len: 558 time: 0.0540876
2026-05-09 02:44:28.993 10 INFO neutron.db.segments_db [None req-d1f1ac83-7c7d-4508-943e-8ed3522856d3 55550c7c92f7445ebda9430fd9045c39 ade7d899f57f430a9ce579d1d7e6daf8 - - default default] Added segment 0cc850d7-e32c-4168-9556-47936997063b of type geneve for network 28c904c4-31b0-4f20-8265-1a0fd4f0ade1
2026-05-09 02:44:29.043 10 INFO neutron.wsgi [None req-ae829e61-a2fc-489a-a8a8-3d1b860daf41 cd5e1e0c98ca401dad1b389aeabd023b 88ea0e60327443c5a44bb5829a743184 - - default default] 10.0.0.223 "POST /v2.0/qos/policies HTTP/1.1" status: 201 len: 558 time: 0.0689731
2026-05-09 02:44:29.091 9 INFO neutron.wsgi [None req-484b899c-4f46-421c-a63b-2f46d945360e cd5e1e0c98ca401dad1b389aeabd023b 88ea0e60327443c5a44bb5829a743184 - - default default] 10.0.0.223 "PUT /v2.0/policies/e024b6c3-ce6e-4fbb-a4e3-d9230039bb6d/tags HTTP/1.1" status: 200 len: 210 time: 0.0409179
2026-05-09 02:44:29.136 9 INFO neutron.wsgi [None req-e4c336c4-48ff-4b6a-81da-f1ae2f047389 cd5e1e0c98ca401dad1b389aeabd023b 88ea0e60327443c5a44bb5829a743184 - - default default] 10.0.0.223 "PUT /v2.0/policies/c16bf085-7bd5-496e-ac99-3f8d44b87f97/tags HTTP/1.1" status: 200 len: 218 time: 0.0402222
2026-05-09 02:44:29.169 10 INFO neutron.db.ovn_revision_numbers_db [None req-d1f1ac83-7c7d-4508-943e-8ed3522856d3 55550c7c92f7445ebda9430fd9045c39 ade7d899f57f430a9ce579d1d7e6daf8 - - default default] Successfully bumped revision number for resource 28c904c4-31b0-4f20-8265-1a0fd4f0ade1 (type: networks) to 1
2026-05-09 02:44:29.186 9 INFO neutron.wsgi [None req-89bd6299-b4a5-4d56-b826-42fda5423ca7 cd5e1e0c98ca401dad1b389aeabd023b 88ea0e60327443c5a44bb5829a743184 - - default default] 10.0.0.223 "PUT /v2.0/policies/b24176b4-5345-4cb4-9827-12e12d18c600/tags HTTP/1.1" status: 200 len: 227 time: 0.0448279
2026-05-09 02:44:29.220 9 INFO neutron.wsgi [None req-be4510ce-235d-4554-b650-289b7cfff811 cd5e1e0c98ca401dad1b389aeabd023b 88ea0e60327443c5a44bb5829a743184 - - default default] 10.0.0.223 "PUT /v2.0/policies/f320b405-0053-47b9-ac09-af24c7cfd08c/tags HTTP/1.1" status: 200 len: 212 time: 0.0290561
2026-05-09 02:44:29.370 10 WARNING neutron.scheduler.dhcp_agent_scheduler [None req-d1f1ac83-7c7d-4508-943e-8ed3522856d3 55550c7c92f7445ebda9430fd9045c39 ade7d899f57f430a9ce579d1d7e6daf8 - - default default] No more DHCP agents
2026-05-09 02:44:29.373 10 WARNING neutron.api.rpc.agentnotifiers.dhcp_rpc_agent_api [None req-d1f1ac83-7c7d-4508-943e-8ed3522856d3 55550c7c92f7445ebda9430fd9045c39 ade7d899f57f430a9ce579d1d7e6daf8 - - default default] Unable to schedule network 28c904c4-31b0-4f20-8265-1a0fd4f0ade1: no agents available; will retry on subsequent port and subnet creation events.
2026-05-09 02:44:29.464 10 INFO neutron.db.ovn_revision_numbers_db [None req-d1f1ac83-7c7d-4508-943e-8ed3522856d3 55550c7c92f7445ebda9430fd9045c39 ade7d899f57f430a9ce579d1d7e6daf8 - - default default] Successfully bumped revision number for resource 0d7551dd-d1b4-4e2b-aa27-bfbe689f97d5 (type: ports) to 1
2026-05-09 02:44:29.490 10 INFO neutron.wsgi [None req-d1f1ac83-7c7d-4508-943e-8ed3522856d3 55550c7c92f7445ebda9430fd9045c39 ade7d899f57f430a9ce579d1d7e6daf8 - - default default] 10.0.0.223 "POST /v2.0/networks HTTP/1.1" status: 201 len: 831 time: 0.6173124
2026-05-09 02:44:29.502 10 WARNING neutron_lib.context [None req-0ec03d76-0958-4b70-b022-b91fadc63f80 55550c7c92f7445ebda9430fd9045c39 ade7d899f57f430a9ce579d1d7e6daf8 - - default default] Method 'is_advsvc' is deprecated since 2023.2 release (neutron-lib 3.8.0) and will be removed once support for the old RBAC API policies will be removed from Neutron. Please use method 'is_service_role' instead.
2026-05-09 02:44:29.808 10 WARNING neutron.scheduler.dhcp_agent_scheduler [None req-0ec03d76-0958-4b70-b022-b91fadc63f80 55550c7c92f7445ebda9430fd9045c39 ade7d899f57f430a9ce579d1d7e6daf8 - - default default] No more DHCP agents
2026-05-09 02:44:29.810 10 WARNING neutron.api.rpc.agentnotifiers.dhcp_rpc_agent_api [None req-0ec03d76-0958-4b70-b022-b91fadc63f80 55550c7c92f7445ebda9430fd9045c39 ade7d899f57f430a9ce579d1d7e6daf8 - - default default] Unable to schedule network 28c904c4-31b0-4f20-8265-1a0fd4f0ade1: no agents available; will retry on subsequent port and subnet creation events.
2026-05-09 02:44:29.923 10 INFO neutron.db.ovn_revision_numbers_db [None req-0ec03d76-0958-4b70-b022-b91fadc63f80 55550c7c92f7445ebda9430fd9045c39 ade7d899f57f430a9ce579d1d7e6daf8 - - default default] Successfully bumped revision number for resource b8340cca-efa8-4178-abfa-2c8fa333e859 (type: ports) to 1
2026-05-09 02:44:29.932 9 INFO neutron.wsgi [None req-a1ecf553-d442-4bec-9554-a16249a89d28 97a3054e6e74472bba28947be5fdcdd5 1f19f1a50edb4f6394eedd3db91860df - - default default] 10.0.0.223 "GET /v2.0/qos/policies?tags=red HTTP/1.1" status: 200 len: 1296 time: 0.3210545
2026-05-09 02:44:29.954 10 INFO neutron.wsgi [None req-0ec03d76-0958-4b70-b022-b91fadc63f80 55550c7c92f7445ebda9430fd9045c39 ade7d899f57f430a9ce579d1d7e6daf8 - - default default] 10.0.0.223 "POST /v2.0/ports HTTP/1.1" status: 201 len: 942 time: 0.4576170 /var/lib/openstack/lib/python3.10/site-packages/pycadf/identifier.py:71: UserWarning: Invalid uuid: neutron. To ensure interoperability, identifiers should be a valid uuid. warnings.warn(('Invalid uuid: %s. To ensure interoperability, '
2026-05-09 02:44:29.968 10 WARNING neutron_lib.context [None req-b3b24720-5536-4fd7-a41b-c2b2cb36ccef 55550c7c92f7445ebda9430fd9045c39 ade7d899f57f430a9ce579d1d7e6daf8 - - default default] Method 'is_advsvc' is deprecated since 2023.2 release (neutron-lib 3.8.0) and will be removed once support for the old RBAC API policies will be removed from Neutron. Please use method 'is_service_role' instead.
2026-05-09 02:44:30.013 9 INFO neutron.wsgi [None req-f4c3c370-2a61-442a-82b8-4f9089c131af 97a3054e6e74472bba28947be5fdcdd5 1f19f1a50edb4f6394eedd3db91860df - - default default] 10.0.0.223 "GET /v2.0/qos/policies?tags=red%2Cblue HTTP/1.1" status: 200 len: 941 time: 0.0741789
2026-05-09 02:44:30.083 9 INFO neutron.wsgi [None req-7e523787-b382-49f5-8bca-a6fe3acb282a 97a3054e6e74472bba28947be5fdcdd5 1f19f1a50edb4f6394eedd3db91860df - - default default] 10.0.0.223 "GET /v2.0/qos/policies?tags-any=blue HTTP/1.1" status: 200 len: 941 time: 0.0653291
2026-05-09 02:44:30.152 10 INFO neutron.wsgi [None req-b3b24720-5536-4fd7-a41b-c2b2cb36ccef 55550c7c92f7445ebda9430fd9045c39 ade7d899f57f430a9ce579d1d7e6daf8 - - default default] 10.0.0.223 "POST /v2.0/trunks HTTP/1.1" status: 201 len: 608 time: 0.1906590
2026-05-09 02:44:30.170 9 WARNING neutron_lib.context [None req-753e8b13-49e9-4423-a148-3152dc47c5ca 55550c7c92f7445ebda9430fd9045c39 ade7d899f57f430a9ce579d1d7e6daf8 - - default default] Method 'is_advsvc' is deprecated since 2023.2 release (neutron-lib 3.8.0) and will be removed once support for the old RBAC API policies will be removed from Neutron. Please use method 'is_service_role' instead.
2026-05-09 02:44:30.181 10 INFO neutron.wsgi [None req-501c174a-4ffb-457f-ad7d-1e2c261061f4 97a3054e6e74472bba28947be5fdcdd5 1f19f1a50edb4f6394eedd3db91860df - - default default] 10.0.0.223 "GET /v2.0/qos/policies?tags-any=red%2Cblue HTTP/1.1" status: 200 len: 1296 time: 0.0907359
2026-05-09 02:44:30.256 10 INFO neutron.wsgi [None req-3505be4b-e9b5-4e2b-be75-78467f6a10ff 97a3054e6e74472bba28947be5fdcdd5 1f19f1a50edb4f6394eedd3db91860df - - default default] 10.0.0.223 "GET /v2.0/qos/policies?not-tags=red HTTP/1.1" status: 200 len: 913 time: 0.0705559
2026-05-09 02:44:30.287 9 INFO neutron.db.segments_db [None req-753e8b13-49e9-4423-a148-3152dc47c5ca 55550c7c92f7445ebda9430fd9045c39 ade7d899f57f430a9ce579d1d7e6daf8 - - default default] Added segment da24d860-d164-4d35-b9e9-d9e042472283 of type geneve for network 216c4ec2-e68b-46f8-92b3-345f106fc609
2026-05-09 02:44:30.437 9 INFO neutron.wsgi [None req-a128a0ad-6da3-4f33-af1b-63f41edbab94 97a3054e6e74472bba28947be5fdcdd5 1f19f1a50edb4f6394eedd3db91860df - - default default] 10.0.0.223 "GET /v2.0/qos/policies?not-tags=red%2Cblue HTTP/1.1" status: 200 len: 1268 time: 0.1654594
2026-05-09 02:44:30.461 9 INFO neutron.db.ovn_revision_numbers_db [None req-753e8b13-49e9-4423-a148-3152dc47c5ca 55550c7c92f7445ebda9430fd9045c39 ade7d899f57f430a9ce579d1d7e6daf8 - - default default] Successfully bumped revision number for resource 216c4ec2-e68b-46f8-92b3-345f106fc609 (type: networks) to 1
2026-05-09 02:44:30.525 10 INFO neutron.wsgi [None req-e1f3e6eb-a5ec-41ac-a71a-0266f128c49d 97a3054e6e74472bba28947be5fdcdd5 1f19f1a50edb4f6394eedd3db91860df - - default default] 10.0.0.223 "GET /v2.0/qos/policies?not-tags-any=blue HTTP/1.1" status: 200 len: 1268 time: 0.0804877
2026-05-09 02:44:30.604 10 INFO neutron.wsgi [None req-f0cb1c18-c374-4a18-ba19-92c0916af541 97a3054e6e74472bba28947be5fdcdd5 1f19f1a50edb4f6394eedd3db91860df - - default default] 10.0.0.223 "GET /v2.0/qos/policies?not-tags-any=red%2Cblue HTTP/1.1" status: 200 len: 913 time: 0.0725920
2026-05-09 02:44:30.692 9 WARNING neutron.scheduler.dhcp_agent_scheduler [None req-753e8b13-49e9-4423-a148-3152dc47c5ca 55550c7c92f7445ebda9430fd9045c39 ade7d899f57f430a9ce579d1d7e6daf8 - - default default] No more DHCP agents
2026-05-09 02:44:30.695 9 WARNING neutron.api.rpc.agentnotifiers.dhcp_rpc_agent_api [None req-753e8b13-49e9-4423-a148-3152dc47c5ca 55550c7c92f7445ebda9430fd9045c39 ade7d899f57f430a9ce579d1d7e6daf8 - - default default] Unable to schedule network 216c4ec2-e68b-46f8-92b3-345f106fc609: no agents available; will retry on subsequent port and subnet creation events.
2026-05-09 02:44:30.712 9 INFO neutron.wsgi [None req-a93b3cff-9dfc-48f0-91b5-ecab56be7fd6 cd5e1e0c98ca401dad1b389aeabd023b 88ea0e60327443c5a44bb5829a743184 - - default default] 10.0.0.223 "DELETE /v2.0/qos/policies/e024b6c3-ce6e-4fbb-a4e3-d9230039bb6d HTTP/1.1" status: 204 len: 168 time: 0.0960214
2026-05-09 02:44:30.807 9 INFO neutron.db.ovn_revision_numbers_db [None req-753e8b13-49e9-4423-a148-3152dc47c5ca 55550c7c92f7445ebda9430fd9045c39 ade7d899f57f430a9ce579d1d7e6daf8 - - default default] Successfully bumped revision number for resource fa5efdc0-9479-43e6-8d91-3514fff6bafa (type: ports) to 1
2026-05-09 02:44:30.810 9 INFO neutron.wsgi [None req-c2a555ae-5dea-45be-a3c4-050d555f40ca cd5e1e0c98ca401dad1b389aeabd023b 88ea0e60327443c5a44bb5829a743184 - - default default] 10.0.0.223 "DELETE /v2.0/qos/policies/c16bf085-7bd5-496e-ac99-3f8d44b87f97 HTTP/1.1" status: 204 len: 168 time: 0.0940962
2026-05-09 02:44:30.844 9 INFO neutron.wsgi [None req-753e8b13-49e9-4423-a148-3152dc47c5ca 55550c7c92f7445ebda9430fd9045c39 ade7d899f57f430a9ce579d1d7e6daf8 - - default default] 10.0.0.223 "POST /v2.0/networks HTTP/1.1" status: 201 len: 830 time: 0.6853437
2026-05-09 02:44:30.857 10 WARNING neutron_lib.context [None req-057fec2e-9e4d-4d99-83e3-e0a705cf2b35 55550c7c92f7445ebda9430fd9045c39 ade7d899f57f430a9ce579d1d7e6daf8 - - default default] Method 'is_advsvc' is deprecated since 2023.2 release (neutron-lib 3.8.0) and will be removed once support for the old RBAC API policies will be removed from Neutron. Please use method 'is_service_role' instead.
2026-05-09 02:44:30.906 10 INFO neutron.wsgi [None req-8490d6e5-a111-4176-94db-7024b4e89811 cd5e1e0c98ca401dad1b389aeabd023b 88ea0e60327443c5a44bb5829a743184 - - default default] 10.0.0.223 "DELETE /v2.0/qos/policies/b24176b4-5345-4cb4-9827-12e12d18c600 HTTP/1.1" status: 204 len: 168 time: 0.0892551
2026-05-09 02:44:30.993 10 INFO neutron.wsgi [None req-42882b7e-b585-4f6d-b3fd-0d8380a49582 cd5e1e0c98ca401dad1b389aeabd023b 88ea0e60327443c5a44bb5829a743184 - - default default] 10.0.0.223 "DELETE /v2.0/qos/policies/f320b405-0053-47b9-ac09-af24c7cfd08c HTTP/1.1" status: 204 len: 168 time: 0.0826890
2026-05-09 02:44:31.059 9 INFO neutron.wsgi [None req-2966cab2-d4fa-43b0-bf9f-d76d2fc4a7f9 cd5e1e0c98ca401dad1b389aeabd023b 88ea0e60327443c5a44bb5829a743184 - - default default] 10.0.0.223 "DELETE /v2.0/qos/policies/15a918b1-cc69-4253-aa07-220cd01c75f7 HTTP/1.1" status: 204 len: 168 time: 0.0619214
2026-05-09 02:44:31.064 9 INFO neutron.db.ovn_revision_numbers_db [None req-ab630a58-da4f-4fcf-894d-77693ede73cc fb10a23b07884965bc0c4ffee1800cce 8a91ffeec2ec44929d32f253e15269f7 - - default default] Successfully bumped revision number for resource 8807a83a-c4ad-4832-8ec1-f88ddc78868f (type: security_groups) to 1
2026-05-09 02:44:31.078 9 INFO neutron.db.ovn_revision_numbers_db [None req-ab630a58-da4f-4fcf-894d-77693ede73cc fb10a23b07884965bc0c4ffee1800cce 8a91ffeec2ec44929d32f253e15269f7 - - default default] Successfully bumped revision number for resource 569f4153-3ada-423e-a980-b4157ec26d3f (type: security_group_rules) to 0
2026-05-09 02:44:31.097 9 INFO neutron.db.ovn_revision_numbers_db [None req-ab630a58-da4f-4fcf-894d-77693ede73cc fb10a23b07884965bc0c4ffee1800cce 8a91ffeec2ec44929d32f253e15269f7 - - default default] Successfully bumped revision number for resource 92320724-058d-48f1-93e5-5e8801a91f70 (type: security_group_rules) to 0
2026-05-09 02:44:31.111 9 INFO neutron.db.ovn_revision_numbers_db [None req-ab630a58-da4f-4fcf-894d-77693ede73cc fb10a23b07884965bc0c4ffee1800cce 8a91ffeec2ec44929d32f253e15269f7 - - default default] Successfully bumped revision number for resource a064660f-6d76-4c3c-be71-2a2568a6b590 (type: security_group_rules) to 0
2026-05-09 02:44:31.126 9 INFO neutron.db.ovn_revision_numbers_db [None req-ab630a58-da4f-4fcf-894d-77693ede73cc fb10a23b07884965bc0c4ffee1800cce 8a91ffeec2ec44929d32f253e15269f7 - - default default] Successfully bumped revision number for resource f9a6e24d-ab03-48e9-91cb-f436140de7f1 (type: security_group_rules) to 0
2026-05-09 02:44:31.129 10 WARNING neutron.scheduler.dhcp_agent_scheduler [None req-057fec2e-9e4d-4d99-83e3-e0a705cf2b35 55550c7c92f7445ebda9430fd9045c39 ade7d899f57f430a9ce579d1d7e6daf8 - - default default] No more DHCP agents
2026-05-09 02:44:31.133 10 WARNING neutron.api.rpc.agentnotifiers.dhcp_rpc_agent_api [None req-057fec2e-9e4d-4d99-83e3-e0a705cf2b35 55550c7c92f7445ebda9430fd9045c39 ade7d899f57f430a9ce579d1d7e6daf8 - - default default] Unable to schedule network 216c4ec2-e68b-46f8-92b3-345f106fc609: no agents available; will retry on subsequent port and subnet creation events.
2026-05-09 02:44:31.152 9 INFO neutron.wsgi [None req-ab630a58-da4f-4fcf-894d-77693ede73cc fb10a23b07884965bc0c4ffee1800cce 8a91ffeec2ec44929d32f253e15269f7 - - default default] 10.0.0.223 "GET /v2.0/security-groups?tenant_id=bce9b7db98f44e52b7ad0b78113fbf3a&name=default HTTP/1.1" status: 200 len: 2996 time: 0.3828278
2026-05-09 02:44:31.231 10 INFO neutron.db.ovn_revision_numbers_db [None req-057fec2e-9e4d-4d99-83e3-e0a705cf2b35 55550c7c92f7445ebda9430fd9045c39 ade7d899f57f430a9ce579d1d7e6daf8 - - default default] Successfully bumped revision number for resource 639cb85e-21b5-4465-b103-26908d019ecd (type: ports) to 1
2026-05-09 02:44:31.255 10 INFO neutron.wsgi [None req-057fec2e-9e4d-4d99-83e3-e0a705cf2b35 55550c7c92f7445ebda9430fd9045c39 ade7d899f57f430a9ce579d1d7e6daf8 - - default default] 10.0.0.223 "POST /v2.0/ports HTTP/1.1" status: 201 len: 942 time: 0.4035001 /var/lib/openstack/lib/python3.10/site-packages/pycadf/identifier.py:71: UserWarning: Invalid uuid: neutron. To ensure interoperability, identifiers should be a valid uuid. warnings.warn(('Invalid uuid: %s. To ensure interoperability, '
2026-05-09 02:44:31.267 10 WARNING neutron_lib.context [None req-c60086dd-4c86-464b-a92a-efe0985fea4e 55550c7c92f7445ebda9430fd9045c39 ade7d899f57f430a9ce579d1d7e6daf8 - - default default] Method 'is_advsvc' is deprecated since 2023.2 release (neutron-lib 3.8.0) and will be removed once support for the old RBAC API policies will be removed from Neutron. Please use method 'is_service_role' instead.
2026-05-09 02:44:31.403 9 INFO neutron.wsgi [None req-26fc5a66-86bc-4692-b8d6-28b77cc46d22 fb10a23b07884965bc0c4ffee1800cce 8a91ffeec2ec44929d32f253e15269f7 - - default default] 10.0.0.223 "DELETE /v2.0/security-groups/8807a83a-c4ad-4832-8ec1-f88ddc78868f HTTP/1.1" status: 204 len: 168 time: 0.2468729
2026-05-09 02:44:31.481 10 INFO neutron.wsgi [None req-c60086dd-4c86-464b-a92a-efe0985fea4e 55550c7c92f7445ebda9430fd9045c39 ade7d899f57f430a9ce579d1d7e6daf8 - - default default] 10.0.0.223 "POST /v2.0/trunks HTTP/1.1" status: 201 len: 608 time: 0.2191498
2026-05-09 02:44:31.491 10 WARNING neutron_lib.context [None req-f3ab4f07-fb5f-4096-9fe2-f81f512de975 55550c7c92f7445ebda9430fd9045c39 ade7d899f57f430a9ce579d1d7e6daf8 - - default default] Method 'is_advsvc' is deprecated since 2023.2 release (neutron-lib 3.8.0) and will be removed once support for the old RBAC API policies will be removed from Neutron. Please use method 'is_service_role' instead.
2026-05-09 02:44:31.579 10 INFO neutron.db.segments_db [None req-f3ab4f07-fb5f-4096-9fe2-f81f512de975 55550c7c92f7445ebda9430fd9045c39 ade7d899f57f430a9ce579d1d7e6daf8 - - default default] Added segment d2c35fb4-fb23-4280-90be-63c2a929d8a2 of type geneve for network d5e67537-9da1-49db-ab03-80c3c94ffac0
2026-05-09 02:44:31.707 9 INFO neutron.db.ovn_revision_numbers_db [None req-995065e4-70a8-44e5-b6a4-99ecfe4b4200 fb10a23b07884965bc0c4ffee1800cce 8a91ffeec2ec44929d32f253e15269f7 - - default default] Successfully bumped revision number for resource 10a3f482-64f6-47c1-b71d-7af53abd7af0 (type: security_groups) to 1
2026-05-09 02:44:31.720 9 INFO neutron.db.ovn_revision_numbers_db [None req-995065e4-70a8-44e5-b6a4-99ecfe4b4200 fb10a23b07884965bc0c4ffee1800cce 8a91ffeec2ec44929d32f253e15269f7 - - default default] Successfully bumped revision number for resource 4db15e0a-0941-4a87-b5a4-228f8c52d26f (type: security_group_rules) to 0
2026-05-09 02:44:31.736 9 INFO neutron.db.ovn_revision_numbers_db [None req-995065e4-70a8-44e5-b6a4-99ecfe4b4200 fb10a23b07884965bc0c4ffee1800cce 8a91ffeec2ec44929d32f253e15269f7 - - default default] Successfully bumped revision number for resource 6d2e7cec-5756-4844-81ab-6610274e4e53 (type: security_group_rules) to 0
2026-05-09 02:44:31.743 10 INFO neutron.db.ovn_revision_numbers_db [None req-f3ab4f07-fb5f-4096-9fe2-f81f512de975 55550c7c92f7445ebda9430fd9045c39 ade7d899f57f430a9ce579d1d7e6daf8 - - default default] Successfully bumped revision number for resource d5e67537-9da1-49db-ab03-80c3c94ffac0 (type: networks) to 1
2026-05-09 02:44:31.753 9 INFO neutron.db.ovn_revision_numbers_db [None req-995065e4-70a8-44e5-b6a4-99ecfe4b4200 fb10a23b07884965bc0c4ffee1800cce 8a91ffeec2ec44929d32f253e15269f7 - - default default] Successfully bumped revision number for resource c0628665-b276-4638-bac6-8c25c4d7aa96 (type: security_group_rules) to 0
2026-05-09 02:44:31.767 9 INFO neutron.db.ovn_revision_numbers_db [None req-995065e4-70a8-44e5-b6a4-99ecfe4b4200 fb10a23b07884965bc0c4ffee1800cce 8a91ffeec2ec44929d32f253e15269f7 - - default default] Successfully bumped revision number for resource d6c9d509-5d39-406e-9b45-4e4e77ed217d (type: security_group_rules) to 0
