2026-05-09 02:43:39.978 9 INFO neutron.wsgi [None req-3fc7286b-d2cc-4cf9-9c2b-d0736416b603 2c9e0a0c869745c4a99edac34eae62ed 0909be9c5cdb4d3988566f3011d6b57c - - default default] 10.0.0.223 "GET /v2.0/ports?device_id=8bcc0fa6-3a3a-4a5b-bd3a-9a4afda85830 HTTP/1.1" status: 200 len: 1443 time: 0.2735617
2026-05-09 02:43:39.985 10 INFO neutron.db.ovn_revision_numbers_db [req-c35c7060-2ac4-43be-81d4-4f9708198f46 req-76b218bb-2790-4b6b-acd2-89576c78e687 ef09dd9a949f4bdfbe35f3e1e21c88dc d146927a6ee44321be9e00f207cea594 - - 5cbefcc8d7a04ad49654f2e15158ca36 5cbefcc8d7a04ad49654f2e15158ca36] Successfully bumped revision number for resource d901b59e-4749-4d91-8915-fa533f1ebe37 (type: ports) to 2
2026-05-09 02:43:40.039 10 WARNING neutron.scheduler.dhcp_agent_scheduler [None req-6e87e3ec-7e89-4136-88e2-ee2cd796a1d8 c583d38cf0f643b7b3dce87eb9a38743 e5054677aa5745a7acbfb1179cfb3ed8 - - default default] No more DHCP agents
2026-05-09 02:43:40.042 10 WARNING neutron.api.rpc.agentnotifiers.dhcp_rpc_agent_api [None req-6e87e3ec-7e89-4136-88e2-ee2cd796a1d8 c583d38cf0f643b7b3dce87eb9a38743 e5054677aa5745a7acbfb1179cfb3ed8 - - default default] Unable to schedule network c14d1f09-2a73-44f5-aa04-8728af9ef314: no agents available; will retry on subsequent port and subnet creation events.
2026-05-09 02:43:40.060 9 INFO neutron.wsgi [None req-6fec6dbf-09eb-44fb-9df7-5c3af76bac5c a63a21844720437f8686c999a6690ea2 6d60dc0eca194acba8ce2c701704a8cb - - default default] 10.0.0.223 "GET /v2.0/floatingips?floating_network_id=b96b4899-e441-45db-81ee-68f7b41c8a0a&port_id=21da2708-ce6c-4720-af88-4155893e33d0 HTTP/1.1" status: 200 len: 1054 time: 0.0749605
2026-05-09 02:43:40.168 10 INFO neutron.db.ovn_revision_numbers_db [None req-6e87e3ec-7e89-4136-88e2-ee2cd796a1d8 c583d38cf0f643b7b3dce87eb9a38743 e5054677aa5745a7acbfb1179cfb3ed8 - - default default] Successfully bumped revision number for resource d4bd072c-cfe4-4e15-8e74-063867df7b00 (type: ports) to 1
2026-05-09 02:43:40.209 10 INFO neutron.wsgi [None req-6e87e3ec-7e89-4136-88e2-ee2cd796a1d8 c583d38cf0f643b7b3dce87eb9a38743 e5054677aa5745a7acbfb1179cfb3ed8 - - default default] 10.0.0.223 "POST /v2.0/networks HTTP/1.1" status: 201 len: 1444 time: 2.1659057
2026-05-09 02:43:40.269 10 INFO neutron.db.ovn_revision_numbers_db [req-c35c7060-2ac4-43be-81d4-4f9708198f46 req-76b218bb-2790-4b6b-acd2-89576c78e687 ef09dd9a949f4bdfbe35f3e1e21c88dc d146927a6ee44321be9e00f207cea594 - - 5cbefcc8d7a04ad49654f2e15158ca36 5cbefcc8d7a04ad49654f2e15158ca36] Successfully bumped revision number for resource d901b59e-4749-4d91-8915-fa533f1ebe37 (type: ports) to 2
2026-05-09 02:43:40.288 10 INFO neutron.wsgi [req-c35c7060-2ac4-43be-81d4-4f9708198f46 req-76b218bb-2790-4b6b-acd2-89576c78e687 ef09dd9a949f4bdfbe35f3e1e21c88dc d146927a6ee44321be9e00f207cea594 - - 5cbefcc8d7a04ad49654f2e15158ca36 5cbefcc8d7a04ad49654f2e15158ca36] 199.204.45.138 "PUT /v2.0/ports/d901b59e-4749-4d91-8915-fa533f1ebe37 HTTP/1.1" status: 200 len: 1376 time: 1.2331011
2026-05-09 02:43:40.295 9 INFO neutron.wsgi [req-f5ee2afc-7b86-4692-9290-4ad0c016e64b req-0e8abd6d-9a81-4410-a5b7-401100be1318 ef09dd9a949f4bdfbe35f3e1e21c88dc d146927a6ee44321be9e00f207cea594 - - 5cbefcc8d7a04ad49654f2e15158ca36 5cbefcc8d7a04ad49654f2e15158ca36] 10.0.0.63 "GET /v2.0/ports?device_id=8bcc0fa6-3a3a-4a5b-bd3a-9a4afda85830 HTTP/1.1" status: 200 len: 1448 time: 0.0416999
2026-05-09 02:43:40.318 9 INFO neutron.wsgi [None req-fc21b70c-0605-445d-9d30-32bfe64d2014 c583d38cf0f643b7b3dce87eb9a38743 e5054677aa5745a7acbfb1179cfb3ed8 - - default default] 10.0.0.223 "GET /v2.0/networks HTTP/1.1" status: 200 len: 2050 time: 0.1031110
2026-05-09 02:43:40.326 10 INFO neutron.notifiers.nova [-] Nova event matching ['req-c329f948-9f67-430c-87e1-e40fe28a80ad'] response: {'name': 'network-changed', 'server_uuid': '97b29ca5-65c0-489d-82e9-438b41f995b1', 'tag': 'd901b59e-4749-4d91-8915-fa533f1ebe37', 'status': 'completed', 'code': 200} /var/lib/openstack/lib/python3.10/site-packages/pycadf/identifier.py:71: UserWarning: Invalid uuid: neutron. To ensure interoperability, identifiers should be a valid uuid. warnings.warn(('Invalid uuid: %s. To ensure interoperability, '
2026-05-09 02:43:40.378 10 INFO neutron.wsgi [req-c35c7060-2ac4-43be-81d4-4f9708198f46 req-d11a9871-d0b2-4b34-b8ff-175bb3681e62 ef09dd9a949f4bdfbe35f3e1e21c88dc d146927a6ee44321be9e00f207cea594 - - 5cbefcc8d7a04ad49654f2e15158ca36 5cbefcc8d7a04ad49654f2e15158ca36] 199.204.45.138 "GET /v2.0/ports?tenant_id=67b67bb9f7d6451aace78e960db72254&device_id=97b29ca5-65c0-489d-82e9-438b41f995b1 HTTP/1.1" status: 200 len: 1407 time: 0.0460448
2026-05-09 02:43:40.399 9 INFO neutron.wsgi [req-f5ee2afc-7b86-4692-9290-4ad0c016e64b req-e7382c28-bebc-4ed4-8770-49716c889020 ef09dd9a949f4bdfbe35f3e1e21c88dc d146927a6ee44321be9e00f207cea594 - - 5cbefcc8d7a04ad49654f2e15158ca36 5cbefcc8d7a04ad49654f2e15158ca36] 10.0.0.63 "GET /v2.0/security-groups?id=c3b3fba7-8b26-4060-a341-ae674ecf9a35&id=f10799cc-6076-47c6-8342-77021c3792ad&fields=id&fields=name HTTP/1.1" status: 200 len: 404 time: 0.0953479
2026-05-09 02:43:40.417 10 INFO neutron.wsgi [req-c35c7060-2ac4-43be-81d4-4f9708198f46 req-adc9a9d4-c866-4575-bb47-cca77b325655 ef09dd9a949f4bdfbe35f3e1e21c88dc d146927a6ee44321be9e00f207cea594 - - 5cbefcc8d7a04ad49654f2e15158ca36 5cbefcc8d7a04ad49654f2e15158ca36] 199.204.45.138 "GET /v2.0/floatingips?fixed_ip_address=10.100.0.8&port_id=d901b59e-4749-4d91-8915-fa533f1ebe37 HTTP/1.1" status: 200 len: 217 time: 0.0298340
2026-05-09 02:43:40.458 10 INFO neutron.wsgi [req-c35c7060-2ac4-43be-81d4-4f9708198f46 req-3e23d681-3e5a-417c-8716-08f54d182f77 ef09dd9a949f4bdfbe35f3e1e21c88dc d146927a6ee44321be9e00f207cea594 - - 5cbefcc8d7a04ad49654f2e15158ca36 5cbefcc8d7a04ad49654f2e15158ca36] 199.204.45.138 "GET /v2.0/subnets?id=96c7a2c7-8a68-4673-b5b0-2bc54d826278 HTTP/1.1" status: 200 len: 852 time: 0.0353210
2026-05-09 02:43:40.491 10 INFO neutron.wsgi [req-c35c7060-2ac4-43be-81d4-4f9708198f46 req-6874fb13-070a-4f70-a18c-5482ff11efd6 ef09dd9a949f4bdfbe35f3e1e21c88dc d146927a6ee44321be9e00f207cea594 - - 5cbefcc8d7a04ad49654f2e15158ca36 5cbefcc8d7a04ad49654f2e15158ca36] 199.204.45.138 "GET /v2.0/ports?network_id=0b307c3c-d244-40ed-81fb-566bc746520f&device_owner=network%3Adhcp HTTP/1.1" status: 200 len: 210 time: 0.0245652
2026-05-09 02:43:40.556 10 INFO neutron.wsgi [req-c35c7060-2ac4-43be-81d4-4f9708198f46 req-f70e97ce-781e-4e40-b09c-2b33556078a6 ef09dd9a949f4bdfbe35f3e1e21c88dc d146927a6ee44321be9e00f207cea594 - - 5cbefcc8d7a04ad49654f2e15158ca36 5cbefcc8d7a04ad49654f2e15158ca36] 199.204.45.138 "GET /v2.0/networks/0b307c3c-d244-40ed-81fb-566bc746520f?fields=segments HTTP/1.1" status: 200 len: 212 time: 0.0600929
2026-05-09 02:43:40.585 10 WARNING neutron_lib.context [None req-edb154f6-e5e0-4be4-bd81-16c5d1068272 ce70fcc12d2d4a998a150c2c064dd316 79588a5737f44a6c9c22df6e68c62714 - - default default] Method 'is_advsvc' is deprecated since 2023.2 release (neutron-lib 3.8.0) and will be removed once support for the old RBAC API policies will be removed from Neutron. Please use method 'is_service_role' instead.
2026-05-09 02:43:40.627 10 INFO neutron.wsgi [req-c35c7060-2ac4-43be-81d4-4f9708198f46 req-83feb1a8-f066-4060-9094-41e9bd102139 ef09dd9a949f4bdfbe35f3e1e21c88dc d146927a6ee44321be9e00f207cea594 - - 5cbefcc8d7a04ad49654f2e15158ca36 5cbefcc8d7a04ad49654f2e15158ca36] 199.204.45.138 "GET /v2.0/networks/0b307c3c-d244-40ed-81fb-566bc746520f?fields=provider%3Aphysical_network&fields=provider%3Anetwork_type HTTP/1.1" status: 200 len: 277 time: 0.0639493
2026-05-09 02:43:40.699 9 INFO neutron.services.segments.plugin [-] Segment e446837e-2702-4954-ba69-0c05eb305209 resource provider aggregate not found
2026-05-09 02:43:40.704 9 INFO neutron.services.segments.plugin [-] Segment e446837e-2702-4954-ba69-0c05eb305209 resource provider aggregate not found
2026-05-09 02:43:40.718 10 INFO neutron.wsgi [req-cb15c63d-d19e-4670-a8b4-a11a19f4dc4e req-c5bffabe-d01c-44d6-8c4f-f6e3420eeae1 ef09dd9a949f4bdfbe35f3e1e21c88dc d146927a6ee44321be9e00f207cea594 - - 5cbefcc8d7a04ad49654f2e15158ca36 5cbefcc8d7a04ad49654f2e15158ca36] 199.204.45.138 "GET /v2.0/ports?tenant_id=67b67bb9f7d6451aace78e960db72254&device_id=97b29ca5-65c0-489d-82e9-438b41f995b1 HTTP/1.1" status: 200 len: 1407 time: 0.0500107
2026-05-09 02:43:40.723 9 INFO neutron.services.segments.plugin [-] Segment e446837e-2702-4954-ba69-0c05eb305209 resource provider not found; error: Placement Client Error (4xx): {"errors": [{"status": 404, "title": "Not Found", "detail": "The resource could not be found.\n\n No resource provider with uuid e446837e-2702-4954-ba69-0c05eb305209 found for delete ", "request_id": "req-9fc5ca46-644b-4243-8b99-154a1b12a275"}]}
2026-05-09 02:43:40.740 9 INFO neutron.services.segments.plugin [-] Segment e446837e-2702-4954-ba69-0c05eb305209 resource provider not found; error: Placement Client Error (4xx): {"errors": [{"status": 404, "title": "Not Found", "detail": "The resource could not be found.\n\n No resource provider with uuid e446837e-2702-4954-ba69-0c05eb305209 found for delete ", "request_id": "req-fbb50683-36ff-4088-855a-1103bd04ffba"}]}
2026-05-09 02:43:40.770 9 INFO neutron.wsgi [None req-7ae1d0c1-1f8d-4dd9-9139-b72b70ba794c c583d38cf0f643b7b3dce87eb9a38743 e5054677aa5745a7acbfb1179cfb3ed8 - - default default] 10.0.0.223 "DELETE /v2.0/networks/c93addea-e8e6-4c4c-912b-0efae3a568af HTTP/1.1" status: 204 len: 168 time: 0.4458749
2026-05-09 02:43:40.781 10 INFO neutron.db.ovn_revision_numbers_db [None req-edb154f6-e5e0-4be4-bd81-16c5d1068272 ce70fcc12d2d4a998a150c2c064dd316 79588a5737f44a6c9c22df6e68c62714 - - default default] Successfully bumped revision number for resource eab42ed7-1330-4b7a-bbe6-6fa5ab87e106 (type: security_groups) to 1
2026-05-09 02:43:40.822 10 INFO neutron.db.ovn_revision_numbers_db [None req-edb154f6-e5e0-4be4-bd81-16c5d1068272 ce70fcc12d2d4a998a150c2c064dd316 79588a5737f44a6c9c22df6e68c62714 - - default default] Successfully bumped revision number for resource 01c5a0a4-491b-4d09-b47b-7de09fceeb01 (type: security_group_rules) to 0
2026-05-09 02:43:40.839 10 INFO neutron.wsgi [req-cb15c63d-d19e-4670-a8b4-a11a19f4dc4e req-9a2dc4a9-29c5-4ca6-bf1d-20b1bfdb5f03 ef09dd9a949f4bdfbe35f3e1e21c88dc d146927a6ee44321be9e00f207cea594 - - 5cbefcc8d7a04ad49654f2e15158ca36 5cbefcc8d7a04ad49654f2e15158ca36] 199.204.45.138 "GET /v2.0/networks?id=0b307c3c-d244-40ed-81fb-566bc746520f HTTP/1.1" status: 200 len: 959 time: 0.1140869
2026-05-09 02:43:40.881 10 INFO neutron.wsgi [req-cb15c63d-d19e-4670-a8b4-a11a19f4dc4e req-63c20cc4-132e-4f1a-a8fe-5ea83cd73f96 ef09dd9a949f4bdfbe35f3e1e21c88dc d146927a6ee44321be9e00f207cea594 - - 5cbefcc8d7a04ad49654f2e15158ca36 5cbefcc8d7a04ad49654f2e15158ca36] 199.204.45.138 "GET /v2.0/floatingips?fixed_ip_address=10.100.0.8&port_id=d901b59e-4749-4d91-8915-fa533f1ebe37 HTTP/1.1" status: 200 len: 217 time: 0.0339308
2026-05-09 02:43:40.881 9 INFO neutron.plugins.ml2.drivers.ovn.mech_driver.mech_driver [None req-7d293c66-7a4f-43d3-a26a-1d940f5875fc - - - - - -] OVN reports status up for port: d901b59e-4749-4d91-8915-fa533f1ebe37
2026-05-09 02:43:40.887 10 INFO neutron.db.ovn_revision_numbers_db [None req-edb154f6-e5e0-4be4-bd81-16c5d1068272 ce70fcc12d2d4a998a150c2c064dd316 79588a5737f44a6c9c22df6e68c62714 - - default default] Successfully bumped revision number for resource 7a3cde10-9a08-4327-8c88-7346697deebe (type: security_group_rules) to 0
2026-05-09 02:43:40.901 9 INFO neutron.plugins.ml2.plugin [None req-7d293c66-7a4f-43d3-a26a-1d940f5875fc - - - - - -] Attempt 1 to provision port d901b59e-4749-4d91-8915-fa533f1ebe37
2026-05-09 02:43:40.927 10 INFO neutron.wsgi [req-cb15c63d-d19e-4670-a8b4-a11a19f4dc4e req-89100c8d-92e2-4090-afe7-8aff35f0aaeb ef09dd9a949f4bdfbe35f3e1e21c88dc d146927a6ee44321be9e00f207cea594 - - 5cbefcc8d7a04ad49654f2e15158ca36 5cbefcc8d7a04ad49654f2e15158ca36] 199.204.45.138 "GET /v2.0/subnets?id=96c7a2c7-8a68-4673-b5b0-2bc54d826278 HTTP/1.1" status: 200 len: 852 time: 0.0385399
2026-05-09 02:43:40.928 10 INFO neutron.db.ovn_revision_numbers_db [None req-edb154f6-e5e0-4be4-bd81-16c5d1068272 ce70fcc12d2d4a998a150c2c064dd316 79588a5737f44a6c9c22df6e68c62714 - - default default] Successfully bumped revision number for resource ae482ce2-be3c-4be3-8793-03ca4c547782 (type: security_group_rules) to 0
2026-05-09 02:43:40.959 10 INFO neutron.wsgi [req-cb15c63d-d19e-4670-a8b4-a11a19f4dc4e req-7aaa3473-8b95-4a84-a7d8-67fc8405bd95 ef09dd9a949f4bdfbe35f3e1e21c88dc d146927a6ee44321be9e00f207cea594 - - 5cbefcc8d7a04ad49654f2e15158ca36 5cbefcc8d7a04ad49654f2e15158ca36] 199.204.45.138 "GET /v2.0/ports?network_id=0b307c3c-d244-40ed-81fb-566bc746520f&device_owner=network%3Adhcp HTTP/1.1" status: 200 len: 210 time: 0.0235956
2026-05-09 02:43:40.959 10 INFO neutron.db.ovn_revision_numbers_db [None req-edb154f6-e5e0-4be4-bd81-16c5d1068272 ce70fcc12d2d4a998a150c2c064dd316 79588a5737f44a6c9c22df6e68c62714 - - default default] Successfully bumped revision number for resource f322e969-27f7-4f89-962e-56fcc2041051 (type: security_group_rules) to 0
2026-05-09 02:43:40.963 9 INFO neutron.wsgi [req-6b791e78-8998-49da-bae1-71aaf430be76 req-b0c64a21-e0d7-4285-b072-a88c54be4f03 68b53c85cd604ad691b710957db92bc2 67b67bb9f7d6451aace78e960db72254 - - default default] 10.0.0.176 "GET /v2.0/ports?device_id=97b29ca5-65c0-489d-82e9-438b41f995b1 HTTP/1.1" status: 200 len: 1168 time: 0.1283145
2026-05-09 02:43:41.021 9 INFO neutron.wsgi [req-6b791e78-8998-49da-bae1-71aaf430be76 req-a61e6b70-fdb6-4b12-87b2-b00993a7685a 68b53c85cd604ad691b710957db92bc2 67b67bb9f7d6451aace78e960db72254 - - default default] 10.0.0.176 "GET /v2.0/security-groups?id=3d27277c-690d-4fd8-b6ef-ee231225fbe2&fields=id&fields=name HTTP/1.1" status: 200 len: 313 time: 0.0450816
2026-05-09 02:43:41.068 9 INFO neutron.notifiers.nova [-] Nova event matching ['req-0ca04f4b-8d1e-4a39-a964-cd5f14a35b45'] response: {'server_uuid': '97b29ca5-65c0-489d-82e9-438b41f995b1', 'name': 'network-vif-plugged', 'status': 'completed', 'tag': 'd901b59e-4749-4d91-8915-fa533f1ebe37', 'code': 200}
2026-05-09 02:43:41.082 10 INFO neutron.wsgi [req-cb15c63d-d19e-4670-a8b4-a11a19f4dc4e req-dba6556e-1d87-4609-af7d-a0ac57240a77 ef09dd9a949f4bdfbe35f3e1e21c88dc d146927a6ee44321be9e00f207cea594 - - 5cbefcc8d7a04ad49654f2e15158ca36 5cbefcc8d7a04ad49654f2e15158ca36] 199.204.45.138 "GET /v2.0/networks/0b307c3c-d244-40ed-81fb-566bc746520f?fields=segments HTTP/1.1" status: 200 len: 212 time: 0.1146076
2026-05-09 02:43:41.167 10 INFO neutron.db.ovn_revision_numbers_db [None req-edb154f6-e5e0-4be4-bd81-16c5d1068272 ce70fcc12d2d4a998a150c2c064dd316 79588a5737f44a6c9c22df6e68c62714 - - default default] Successfully bumped revision number for resource a3b78f58-e7ae-43f9-bde4-e4b11da0fb78 (type: security_groups) to 1
2026-05-09 02:43:41.199 10 INFO neutron.db.ovn_revision_numbers_db [None req-edb154f6-e5e0-4be4-bd81-16c5d1068272 ce70fcc12d2d4a998a150c2c064dd316 79588a5737f44a6c9c22df6e68c62714 - - default default] Successfully bumped revision number for resource bce7947f-c112-4f26-be48-63ed82c11ef5 (type: security_group_rules) to 0
2026-05-09 02:43:41.204 10 INFO neutron.wsgi [req-cb15c63d-d19e-4670-a8b4-a11a19f4dc4e req-57ac0274-95d5-4bbf-a405-2abc52e8fe04 ef09dd9a949f4bdfbe35f3e1e21c88dc d146927a6ee44321be9e00f207cea594 - - 5cbefcc8d7a04ad49654f2e15158ca36 5cbefcc8d7a04ad49654f2e15158ca36] 199.204.45.138 "GET /v2.0/networks/0b307c3c-d244-40ed-81fb-566bc746520f?fields=provider%3Aphysical_network&fields=provider%3Anetwork_type HTTP/1.1" status: 200 len: 277 time: 0.1152496
2026-05-09 02:43:41.219 10 INFO neutron.db.ovn_revision_numbers_db [None req-edb154f6-e5e0-4be4-bd81-16c5d1068272 ce70fcc12d2d4a998a150c2c064dd316 79588a5737f44a6c9c22df6e68c62714 - - default default] Successfully bumped revision number for resource c7fa0295-0968-4844-bd92-ef211f9a7f06 (type: security_group_rules) to 0
2026-05-09 02:43:41.256 10 INFO neutron.wsgi [None req-edb154f6-e5e0-4be4-bd81-16c5d1068272 ce70fcc12d2d4a998a150c2c064dd316 79588a5737f44a6c9c22df6e68c62714 - - default default] 10.0.0.223 "POST /v2.0/security-groups HTTP/1.1" status: 201 len: 1760 time: 0.7938333
2026-05-09 02:43:41.278 9 INFO neutron.db.ovn_revision_numbers_db [None req-7d293c66-7a4f-43d3-a26a-1d940f5875fc - - - - - -] Successfully bumped revision number for resource d901b59e-4749-4d91-8915-fa533f1ebe37 (type: ports) to 4
2026-05-09 02:43:41.341 9 INFO neutron.wsgi [None req-21caef3e-1748-40dc-a040-7fb2a7b7223b ce70fcc12d2d4a998a150c2c064dd316 79588a5737f44a6c9c22df6e68c62714 - - default default] 10.0.0.223 "GET /v2.0/security-groups HTTP/1.1" status: 200 len: 4538 time: 0.0770197
2026-05-09 02:43:41.358 10 INFO neutron.services.segments.plugin [-] Segment 664fc939-f180-41a5-a6c5-f59201ae2300 resource provider aggregate not found
2026-05-09 02:43:41.363 10 INFO neutron.services.segments.plugin [-] Segment 664fc939-f180-41a5-a6c5-f59201ae2300 resource provider aggregate not found
2026-05-09 02:43:41.382 10 INFO neutron.services.segments.plugin [-] Segment 664fc939-f180-41a5-a6c5-f59201ae2300 resource provider not found; error: Placement Client Error (4xx): {"errors": [{"status": 404, "title": "Not Found", "detail": "The resource could not be found.\n\n No resource provider with uuid 664fc939-f180-41a5-a6c5-f59201ae2300 found for delete ", "request_id": "req-4cafbc69-dc5f-42d6-b6c9-d36ee3035427"}]}
2026-05-09 02:43:41.383 10 INFO neutron.services.segments.plugin [-] Segment 664fc939-f180-41a5-a6c5-f59201ae2300 resource provider not found; error: Placement Client Error (4xx): {"errors": [{"status": 404, "title": "Not Found", "detail": "The resource could not be found.\n\n No resource provider with uuid 664fc939-f180-41a5-a6c5-f59201ae2300 found for delete ", "request_id": "req-0bea1050-d992-4ee4-8a6a-73da25eafe18"}]}
2026-05-09 02:43:41.405 10 INFO neutron.wsgi [None req-34eb8906-d083-4089-85d5-5dfe3fdc9fbb c583d38cf0f643b7b3dce87eb9a38743 e5054677aa5745a7acbfb1179cfb3ed8 - - default default] 10.0.0.223 "DELETE /v2.0/networks/c14d1f09-2a73-44f5-aa04-8728af9ef314 HTTP/1.1" status: 204 len: 168 time: 0.6258283 /var/lib/openstack/lib/python3.10/site-packages/pycadf/identifier.py:71: UserWarning: Invalid uuid: neutron. To ensure interoperability, identifiers should be a valid uuid. warnings.warn(('Invalid uuid: %s. To ensure interoperability, '
2026-05-09 02:43:41.465 9 INFO neutron.db.ovn_revision_numbers_db [None req-68bf212f-0125-4a2b-a330-4b26f6ddb980 ce70fcc12d2d4a998a150c2c064dd316 79588a5737f44a6c9c22df6e68c62714 - - default default] Successfully bumped revision number for resource a3b78f58-e7ae-43f9-bde4-e4b11da0fb78 (type: security_groups) to 2
2026-05-09 02:43:41.468 9 INFO neutron.wsgi [None req-68bf212f-0125-4a2b-a330-4b26f6ddb980 ce70fcc12d2d4a998a150c2c064dd316 79588a5737f44a6c9c22df6e68c62714 - - default default] 10.0.0.223 "PUT /v2.0/security-groups/a3b78f58-e7ae-43f9-bde4-e4b11da0fb78 HTTP/1.1" status: 200 len: 1793 time: 0.1210346
2026-05-09 02:43:41.493 9 INFO neutron.wsgi [None req-128ad3f1-5f93-4671-8b88-eab09b668e1e c583d38cf0f643b7b3dce87eb9a38743 e5054677aa5745a7acbfb1179cfb3ed8 - - default default] 10.0.0.223 "GET /v2.0/networks HTTP/1.1" status: 200 len: 845 time: 0.0820830
2026-05-09 02:43:41.504 9 WARNING neutron_lib.context [None req-42222b13-8ab2-4f46-bd4b-9115afdb4ef9 c583d38cf0f643b7b3dce87eb9a38743 e5054677aa5745a7acbfb1179cfb3ed8 - - default default] Method 'is_advsvc' is deprecated since 2023.2 release (neutron-lib 3.8.0) and will be removed once support for the old RBAC API policies will be removed from Neutron. Please use method 'is_service_role' instead.
2026-05-09 02:43:41.519 10 INFO neutron.wsgi [None req-9e413fb0-9130-40bb-8d17-feefeb0df4fe ce70fcc12d2d4a998a150c2c064dd316 79588a5737f44a6c9c22df6e68c62714 - - default default] 10.0.0.223 "GET /v2.0/security-groups/a3b78f58-e7ae-43f9-bde4-e4b11da0fb78 HTTP/1.1" status: 200 len: 1793 time: 0.0449700
2026-05-09 02:43:41.594 9 INFO neutron.db.segments_db [None req-42222b13-8ab2-4f46-bd4b-9115afdb4ef9 c583d38cf0f643b7b3dce87eb9a38743 e5054677aa5745a7acbfb1179cfb3ed8 - - default default] Added segment 1c07e496-7a81-4483-bd1d-1fb6e4588909 of type geneve for network bbd0f0ef-6fb2-4c57-84f0-763ecae73420
2026-05-09 02:43:41.659 10 INFO neutron.wsgi [None req-1d3f610f-62cb-4853-a4c1-c228241da7da ce70fcc12d2d4a998a150c2c064dd316 79588a5737f44a6c9c22df6e68c62714 - - default default] 10.0.0.223 "DELETE /v2.0/security-groups/a3b78f58-e7ae-43f9-bde4-e4b11da0fb78 HTTP/1.1" status: 204 len: 168 time: 0.1329536
2026-05-09 02:43:41.702 10 INFO neutron.wsgi [None req-6d101eb5-49d8-4865-b462-a0b8c94638d0 ce70fcc12d2d4a998a150c2c064dd316 79588a5737f44a6c9c22df6e68c62714 - - default default] 10.0.0.223 "GET /v2.0/security-groups HTTP/1.1" status: 200 len: 2996 time: 0.0359061
2026-05-09 02:43:41.728 10 INFO neutron.api.v2.resource [None req-7c54d4d5-fb2f-4787-89a9-6fed3655acce ce70fcc12d2d4a998a150c2c064dd316 79588a5737f44a6c9c22df6e68c62714 - - default default] delete failed (client error): The resource could not be found.
2026-05-09 02:43:41.729 10 INFO neutron.wsgi [None req-7c54d4d5-fb2f-4787-89a9-6fed3655acce ce70fcc12d2d4a998a150c2c064dd316 79588a5737f44a6c9c22df6e68c62714 - - default default] 10.0.0.223 "DELETE /v2.0/security-groups/a3b78f58-e7ae-43f9-bde4-e4b11da0fb78 HTTP/1.1" status: 404 len: 347 time: 0.0163453
2026-05-09 02:43:41.740 10 WARNING neutron_lib.context [None req-4e95d1ba-9810-4b49-9b30-43c3f58584a2 ce70fcc12d2d4a998a150c2c064dd316 79588a5737f44a6c9c22df6e68c62714 - - default default] Method 'is_advsvc' is deprecated since 2023.2 release (neutron-lib 3.8.0) and will be removed once support for the old RBAC API policies will be removed from Neutron. Please use method 'is_service_role' instead.
2026-05-09 02:43:41.757 9 INFO neutron.db.ovn_revision_numbers_db [None req-42222b13-8ab2-4f46-bd4b-9115afdb4ef9 c583d38cf0f643b7b3dce87eb9a38743 e5054677aa5745a7acbfb1179cfb3ed8 - - default default] Successfully bumped revision number for resource bbd0f0ef-6fb2-4c57-84f0-763ecae73420 (type: networks) to 1
2026-05-09 02:43:41.879 10 INFO neutron.db.ovn_revision_numbers_db [None req-4e95d1ba-9810-4b49-9b30-43c3f58584a2 ce70fcc12d2d4a998a150c2c064dd316 79588a5737f44a6c9c22df6e68c62714 - - default default] Successfully bumped revision number for resource e5232049-a6b7-4af3-81fc-279efaf8d4ef (type: security_groups) to 1
2026-05-09 02:43:41.894 10 INFO neutron.db.ovn_revision_numbers_db [None req-4e95d1ba-9810-4b49-9b30-43c3f58584a2 ce70fcc12d2d4a998a150c2c064dd316 79588a5737f44a6c9c22df6e68c62714 - - default default] Successfully bumped revision number for resource 808584bc-cf70-4f33-9d29-b41e0362d6f3 (type: security_group_rules) to 0
2026-05-09 02:43:41.908 10 INFO neutron.db.ovn_revision_numbers_db [None req-4e95d1ba-9810-4b49-9b30-43c3f58584a2 ce70fcc12d2d4a998a150c2c064dd316 79588a5737f44a6c9c22df6e68c62714 - - default default] Successfully bumped revision number for resource e22cf6c9-a921-4e78-85d4-7811c48626cd (type: security_group_rules) to 0
2026-05-09 02:43:41.928 10 INFO neutron.wsgi [None req-4e95d1ba-9810-4b49-9b30-43c3f58584a2 ce70fcc12d2d4a998a150c2c064dd316 79588a5737f44a6c9c22df6e68c62714 - - default default] 10.0.0.223 "POST /v2.0/security-groups HTTP/1.1" status: 201 len: 1758 time: 0.1934762
2026-05-09 02:43:41.939 10 WARNING neutron_lib.context [None req-24066b07-0cf2-466a-b4c0-cfa317105994 ce70fcc12d2d4a998a150c2c064dd316 79588a5737f44a6c9c22df6e68c62714 - - default default] Method 'is_advsvc' is deprecated since 2023.2 release (neutron-lib 3.8.0) and will be removed once support for the old RBAC API policies will be removed from Neutron. Please use method 'is_service_role' instead.
2026-05-09 02:43:41.974 9 WARNING neutron.scheduler.dhcp_agent_scheduler [None req-42222b13-8ab2-4f46-bd4b-9115afdb4ef9 c583d38cf0f643b7b3dce87eb9a38743 e5054677aa5745a7acbfb1179cfb3ed8 - - default default] No more DHCP agents
2026-05-09 02:43:41.977 9 WARNING neutron.api.rpc.agentnotifiers.dhcp_rpc_agent_api [None req-42222b13-8ab2-4f46-bd4b-9115afdb4ef9 c583d38cf0f643b7b3dce87eb9a38743 e5054677aa5745a7acbfb1179cfb3ed8 - - default default] Unable to schedule network bbd0f0ef-6fb2-4c57-84f0-763ecae73420: no agents available; will retry on subsequent port and subnet creation events.
2026-05-09 02:43:42.101 10 INFO neutron.db.ovn_revision_numbers_db [None req-24066b07-0cf2-466a-b4c0-cfa317105994 ce70fcc12d2d4a998a150c2c064dd316 79588a5737f44a6c9c22df6e68c62714 - - default default] Successfully bumped revision number for resource 4e776d80-dc16-4d8d-925f-d716cf070cb5 (type: security_group_rules) to 0
2026-05-09 02:43:42.137 10 INFO neutron.wsgi [None req-24066b07-0cf2-466a-b4c0-cfa317105994 ce70fcc12d2d4a998a150c2c064dd316 79588a5737f44a6c9c22df6e68c62714 - - default default] 10.0.0.223 "POST /v2.0/security-group-rules HTTP/1.1" status: 201 len: 768 time: 0.2028706
2026-05-09 02:43:42.162 10 INFO neutron.wsgi [None req-e01fbe10-7120-4d35-81c8-d818e4eee93b ce70fcc12d2d4a998a150c2c064dd316 79588a5737f44a6c9c22df6e68c62714 - - default default] 10.0.0.223 "GET /v2.0/security-group-rules/4e776d80-dc16-4d8d-925f-d716cf070cb5 HTTP/1.1" status: 200 len: 763 time: 0.0191081
2026-05-09 02:43:42.219 10 INFO neutron.wsgi [None req-d09f736c-b0d2-4ab1-9ed1-59a69022c84b ce70fcc12d2d4a998a150c2c064dd316 79588a5737f44a6c9c22df6e68c62714 - - default default] 10.0.0.223 "GET /v2.0/security-group-rules HTTP/1.1" status: 200 len: 4113 time: 0.0513096
2026-05-09 02:43:42.278 9 INFO neutron.db.ovn_revision_numbers_db [None req-42222b13-8ab2-4f46-bd4b-9115afdb4ef9 c583d38cf0f643b7b3dce87eb9a38743 e5054677aa5745a7acbfb1179cfb3ed8 - - default default] Successfully bumped revision number for resource 916346bf-48a1-474a-80c2-9bdc8ee73602 (type: ports) to 1
2026-05-09 02:43:42.306 9 INFO neutron.wsgi [req-ca551740-9c73-4ee0-a6b8-0c8858505a25 req-8731d7d1-6abe-46ed-baeb-bddf4077946e 68b53c85cd604ad691b710957db92bc2 67b67bb9f7d6451aace78e960db72254 - - default default] 10.0.0.176 "GET /v2.0/ports?device_id=97b29ca5-65c0-489d-82e9-438b41f995b1 HTTP/1.1" status: 200 len: 1170 time: 0.0589058
2026-05-09 02:43:42.314 9 INFO neutron.wsgi [None req-42222b13-8ab2-4f46-bd4b-9115afdb4ef9 c583d38cf0f643b7b3dce87eb9a38743 e5054677aa5745a7acbfb1179cfb3ed8 - - default default] 10.0.0.223 "POST /v2.0/networks HTTP/1.1" status: 201 len: 853 time: 0.8152413
2026-05-09 02:43:42.327 10 WARNING neutron_lib.context [None req-37f6a527-50a4-480c-9f23-90ad6c462d7c c583d38cf0f643b7b3dce87eb9a38743 e5054677aa5745a7acbfb1179cfb3ed8 - - default default] Method 'is_advsvc' is deprecated since 2023.2 release (neutron-lib 3.8.0) and will be removed once support for the old RBAC API policies will be removed from Neutron. Please use method 'is_service_role' instead.
2026-05-09 02:43:42.355 9 INFO neutron.wsgi [req-ca551740-9c73-4ee0-a6b8-0c8858505a25 req-884e4c8e-3874-41a3-be09-068888a4d77a 68b53c85cd604ad691b710957db92bc2 67b67bb9f7d6451aace78e960db72254 - - default default] 10.0.0.176 "GET /v2.0/security-groups?id=3d27277c-690d-4fd8-b6ef-ee231225fbe2&fields=id&fields=name HTTP/1.1" status: 200 len: 313 time: 0.0404668
2026-05-09 02:43:42.377 10 INFO neutron.wsgi [None req-d267708a-9139-4438-98e7-6df132898b7e ce70fcc12d2d4a998a150c2c064dd316 79588a5737f44a6c9c22df6e68c62714 - - default default] 10.0.0.223 "DELETE /v2.0/security-group-rules/4e776d80-dc16-4d8d-925f-d716cf070cb5 HTTP/1.1" status: 204 len: 168 time: 0.1527016
2026-05-09 02:43:42.420 10 INFO neutron.wsgi [None req-01578437-9d70-4964-8e1e-0a7e87e29e13 ce70fcc12d2d4a998a150c2c064dd316 79588a5737f44a6c9c22df6e68c62714 - - default default] 10.0.0.223 "GET /v2.0/security-group-rules HTTP/1.1" status: 200 len: 3567 time: 0.0372791
2026-05-09 02:43:42.439 10 WARNING neutron_lib.context [None req-52f304e9-4907-4d06-a24d-ae323f74dd0e ce70fcc12d2d4a998a150c2c064dd316 79588a5737f44a6c9c22df6e68c62714 - - default default] Method 'is_advsvc' is deprecated since 2023.2 release (neutron-lib 3.8.0) and will be removed once support for the old RBAC API policies will be removed from Neutron. Please use method 'is_service_role' instead.
2026-05-09 02:43:42.444 10 INFO neutron.db.segments_db [None req-37f6a527-50a4-480c-9f23-90ad6c462d7c c583d38cf0f643b7b3dce87eb9a38743 e5054677aa5745a7acbfb1179cfb3ed8 - - default default] Added segment ddee150f-49db-4c38-bdb6-933f2a1295aa of type geneve for network cd7e44c1-51cb-4f1b-9a99-d9e8307dc3e9
2026-05-09 02:43:42.503 9 INFO neutron.wsgi [req-6ecaa808-c615-478f-a466-9519a6fca179 req-b489fd1c-ecaf-46de-b401-d6a9c11d42aa 68b53c85cd604ad691b710957db92bc2 67b67bb9f7d6451aace78e960db72254 - - default default] 10.0.0.176 "GET /v2.0/ports?device_id=97b29ca5-65c0-489d-82e9-438b41f995b1 HTTP/1.1" status: 200 len: 1170 time: 0.0746038
2026-05-09 02:43:42.550 9 INFO neutron.wsgi [req-6ecaa808-c615-478f-a466-9519a6fca179 req-3f988b26-595d-4b5b-83c9-fec5a3726b47 68b53c85cd604ad691b710957db92bc2 67b67bb9f7d6451aace78e960db72254 - - default default] 10.0.0.176 "GET /v2.0/security-groups?id=3d27277c-690d-4fd8-b6ef-ee231225fbe2&fields=id&fields=name HTTP/1.1" status: 200 len: 313 time: 0.0382335
2026-05-09 02:43:42.606 9 INFO neutron.plugins.ml2.drivers.ovn.mech_driver.mech_driver [None req-7d293c66-7a4f-43d3-a26a-1d940f5875fc - - - - - -] OVN reports status down for port: 21da2708-ce6c-4720-af88-4155893e33d0
2026-05-09 02:43:42.661 9 INFO neutron.wsgi [None req-b6be7e39-3bd3-43d9-9e71-80fb7fed09fa a98562011df442c880b3a2bf66159686 a0cf0069349945c39a66fe08a408bd99 - - default default] 10.0.0.223 "GET /v2.0/ports?device_id=97b29ca5-65c0-489d-82e9-438b41f995b1 HTTP/1.1" status: 200 len: 1404 time: 0.0678971
2026-05-09 02:43:42.680 10 INFO neutron.db.ovn_revision_numbers_db [None req-37f6a527-50a4-480c-9f23-90ad6c462d7c c583d38cf0f643b7b3dce87eb9a38743 e5054677aa5745a7acbfb1179cfb3ed8 - - default default] Successfully bumped revision number for resource cd7e44c1-51cb-4f1b-9a99-d9e8307dc3e9 (type: networks) to 1
2026-05-09 02:43:42.717 10 INFO neutron.wsgi [req-c3b59f55-daa7-4037-bc29-4d57e44dc368 req-f2533e65-63dd-4a0f-bc88-5b05c61984b2 a63a21844720437f8686c999a6690ea2 6d60dc0eca194acba8ce2c701704a8cb - - default default] 10.0.0.176 "GET /v2.0/ports?device_id=8bcc0fa6-3a3a-4a5b-bd3a-9a4afda85830 HTTP/1.1" status: 200 len: 1210 time: 0.1848383
2026-05-09 02:43:42.759 10 INFO neutron.db.ovn_revision_numbers_db [None req-52f304e9-4907-4d06-a24d-ae323f74dd0e ce70fcc12d2d4a998a150c2c064dd316 79588a5737f44a6c9c22df6e68c62714 - - default default] Successfully bumped revision number for resource 9245fa0f-dfd5-4127-851c-887ac5566964 (type: security_group_rules) to 0
2026-05-09 02:43:42.817 10 INFO neutron.wsgi [req-c3b59f55-daa7-4037-bc29-4d57e44dc368 req-1ba7fa33-2d36-4c9b-bf09-3b752955e1af a63a21844720437f8686c999a6690ea2 6d60dc0eca194acba8ce2c701704a8cb - - default default] 10.0.0.176 "GET /v2.0/security-groups?id=c3b3fba7-8b26-4060-a341-ae674ecf9a35&id=f10799cc-6076-47c6-8342-77021c3792ad&fields=id&fields=name HTTP/1.1" status: 200 len: 404 time: 0.0830345
2026-05-09 02:43:42.824 10 INFO neutron.wsgi [None req-52f304e9-4907-4d06-a24d-ae323f74dd0e ce70fcc12d2d4a998a150c2c064dd316 79588a5737f44a6c9c22df6e68c62714 - - default default] 10.0.0.223 "POST /v2.0/security-group-rules HTTP/1.1" status: 201 len: 768 time: 0.3921330
2026-05-09 02:43:42.903 9 INFO neutron.wsgi [None req-5ca0016c-9f02-4c7e-bab9-45c6688ef1fb ce70fcc12d2d4a998a150c2c064dd316 79588a5737f44a6c9c22df6e68c62714 - - default default] 10.0.0.223 "GET /v2.0/security-group-rules/9245fa0f-dfd5-4127-851c-887ac5566964 HTTP/1.1" status: 200 len: 763 time: 0.0695658
2026-05-09 02:43:42.943 10 INFO neutron.wsgi [req-eba85ed2-f8b6-4193-9d55-9844ddeb9c2f req-22b191de-73b6-47a0-995e-038708ab2321 a63a21844720437f8686c999a6690ea2 6d60dc0eca194acba8ce2c701704a8cb - - default default] 199.204.45.138 "GET /v2.0/ports?device_id=8bcc0fa6-3a3a-4a5b-bd3a-9a4afda85830 HTTP/1.1" status: 200 len: 1208 time: 0.0515888
2026-05-09 02:43:42.944 10 WARNING neutron.scheduler.dhcp_agent_scheduler [None req-37f6a527-50a4-480c-9f23-90ad6c462d7c c583d38cf0f643b7b3dce87eb9a38743 e5054677aa5745a7acbfb1179cfb3ed8 - - default default] No more DHCP agents
2026-05-09 02:43:42.946 10 WARNING neutron.api.rpc.agentnotifiers.dhcp_rpc_agent_api [None req-37f6a527-50a4-480c-9f23-90ad6c462d7c c583d38cf0f643b7b3dce87eb9a38743 e5054677aa5745a7acbfb1179cfb3ed8 - - default default] Unable to schedule network cd7e44c1-51cb-4f1b-9a99-d9e8307dc3e9: no agents available; will retry on subsequent port and subnet creation events.
2026-05-09 02:43:42.990 9 INFO neutron.db.l3_db [None req-93d66e70-b7db-4c72-b849-c4a3b5f407a9 68b53c85cd604ad691b710957db92bc2 67b67bb9f7d6451aace78e960db72254 - - default default] Floating IP d72f70f9-7c55-4bbc-99a0-19f12328ffc6 associated. External IP: 10.96.250.208, port: d901b59e-4749-4d91-8915-fa533f1ebe37.
2026-05-09 02:43:43.072 10 INFO neutron.db.ovn_revision_numbers_db [None req-37f6a527-50a4-480c-9f23-90ad6c462d7c c583d38cf0f643b7b3dce87eb9a38743 e5054677aa5745a7acbfb1179cfb3ed8 - - default default] Successfully bumped revision number for resource 2cdc6c26-fe16-49f9-ae9e-cd953e3e5776 (type: ports) to 1
2026-05-09 02:43:43.111 10 INFO neutron.wsgi [None req-37f6a527-50a4-480c-9f23-90ad6c462d7c c583d38cf0f643b7b3dce87eb9a38743 e5054677aa5745a7acbfb1179cfb3ed8 - - default default] 10.0.0.223 "POST /v2.0/networks HTTP/1.1" status: 201 len: 850 time: 0.7900176
2026-05-09 02:43:43.118 9 INFO neutron.notifiers.nova [-] Nova event matching ['req-ec178761-c099-4487-88ef-445fce5990b8'] response: {'server_uuid': '97b29ca5-65c0-489d-82e9-438b41f995b1', 'name': 'network-vif-plugged', 'status': 'completed', 'tag': 'd901b59e-4749-4d91-8915-fa533f1ebe37', 'code': 200}
2026-05-09 02:43:43.118 9 INFO neutron.notifiers.nova [-] Nova event matching ['req-ec178761-c099-4487-88ef-445fce5990b8'] response: {'server_uuid': '8bcc0fa6-3a3a-4a5b-bd3a-9a4afda85830', 'name': 'network-vif-unplugged', 'status': 'completed', 'tag': '21da2708-ce6c-4720-af88-4155893e33d0', 'code': 200}
2026-05-09 02:43:43.122 9 WARNING neutron_lib.context [None req-b3abbd9c-331e-449d-af77-2236ab06dd8a c583d38cf0f643b7b3dce87eb9a38743 e5054677aa5745a7acbfb1179cfb3ed8 - - default default] Method 'is_advsvc' is deprecated since 2023.2 release (neutron-lib 3.8.0) and will be removed once support for the old RBAC API policies will be removed from Neutron. Please use method 'is_service_role' instead.
2026-05-09 02:43:43.170 9 INFO neutron.wsgi [-] 10.0.0.111 "GET / HTTP/1.1" status: 200 len: 247 time: 0.0012500
2026-05-09 02:43:43.171 9 INFO neutron.wsgi [-] 10.0.0.111 "GET / HTTP/1.1" status: 200 len: 247 time: 0.0008717
2026-05-09 02:43:43.197 9 WARNING neutron_lib.context [None req-b3abbd9c-331e-449d-af77-2236ab06dd8a c583d38cf0f643b7b3dce87eb9a38743 e5054677aa5745a7acbfb1179cfb3ed8 - - default default] Method 'is_advsvc' is deprecated since 2023.2 release (neutron-lib 3.8.0) and will be removed once support for the old RBAC API policies will be removed from Neutron. Please use method 'is_service_role' instead.
2026-05-09 02:43:43.199 9 INFO neutron.db.ovn_revision_numbers_db [None req-7d293c66-7a4f-43d3-a26a-1d940f5875fc - - - - - -] Successfully bumped revision number for resource 21da2708-ce6c-4720-af88-4155893e33d0 (type: ports) to 5
2026-05-09 02:43:43.207 9 INFO neutron.wsgi [None req-d387a7f1-8ee3-4f61-8faa-45b54e616baf ce70fcc12d2d4a998a150c2c064dd316 79588a5737f44a6c9c22df6e68c62714 - - default default] 10.0.0.223 "GET /v2.0/security-group-rules HTTP/1.1" status: 200 len: 4113 time: 0.1499968
2026-05-09 02:43:43.335 9 INFO neutron.db.ovn_revision_numbers_db [None req-93d66e70-b7db-4c72-b849-c4a3b5f407a9 68b53c85cd604ad691b710957db92bc2 67b67bb9f7d6451aace78e960db72254 - - default default] Successfully bumped revision number for resource d72f70f9-7c55-4bbc-99a0-19f12328ffc6 (type: floatingips) to 4
2026-05-09 02:43:43.377 10 INFO neutron.db.l3_db [req-eba85ed2-f8b6-4193-9d55-9844ddeb9c2f req-06d4cfb1-37ac-455e-a97a-7308bf22d615 a63a21844720437f8686c999a6690ea2 6d60dc0eca194acba8ce2c701704a8cb - - default default] Floating IP c4dcf58f-25d0-4632-b54f-913c73e16a10 disassociated. External IP: 10.96.250.203, port: 21da2708-ce6c-4720-af88-4155893e33d0.
2026-05-09 02:43:43.461 10 INFO neutron.wsgi [None req-57796cd4-e21e-4e1d-b450-1e7a007ccc92 ce70fcc12d2d4a998a150c2c064dd316 79588a5737f44a6c9c22df6e68c62714 - - default default] 10.0.0.223 "DELETE /v2.0/security-group-rules/9245fa0f-dfd5-4127-851c-887ac5566964 HTTP/1.1" status: 204 len: 168 time: 0.2498593 /var/lib/openstack/lib/python3.10/site-packages/pycadf/identifier.py:71: UserWarning: Invalid uuid: neutron. To ensure interoperability, identifiers should be a valid uuid. warnings.warn(('Invalid uuid: %s. To ensure interoperability, '
2026-05-09 02:43:43.500 9 INFO neutron.db.ovn_revision_numbers_db [None req-93d66e70-b7db-4c72-b849-c4a3b5f407a9 68b53c85cd604ad691b710957db92bc2 67b67bb9f7d6451aace78e960db72254 - - default default] Successfully bumped revision number for resource d72f70f9-7c55-4bbc-99a0-19f12328ffc6 (type: floatingips) to 5
2026-05-09 02:43:43.519 10 INFO neutron.wsgi [None req-b50bf009-b9ce-450a-9ab1-bfa0fedf6845 ce70fcc12d2d4a998a150c2c064dd316 79588a5737f44a6c9c22df6e68c62714 - - default default] 10.0.0.223 "GET /v2.0/security-group-rules HTTP/1.1" status: 200 len: 3567 time: 0.0529625
2026-05-09 02:43:43.530 10 WARNING neutron_lib.context [None req-d92f1222-175c-4551-a6f8-de71fdd376bb ce70fcc12d2d4a998a150c2c064dd316 79588a5737f44a6c9c22df6e68c62714 - - default default] Method 'is_advsvc' is deprecated since 2023.2 release (neutron-lib 3.8.0) and will be removed once support for the old RBAC API policies will be removed from Neutron. Please use method 'is_service_role' instead.
2026-05-09 02:43:43.533 9 INFO neutron.wsgi [None req-93d66e70-b7db-4c72-b849-c4a3b5f407a9 68b53c85cd604ad691b710957db92bc2 67b67bb9f7d6451aace78e960db72254 - - default default] 10.0.0.223 "PUT /v2.0/floatingips/d72f70f9-7c55-4bbc-99a0-19f12328ffc6 HTTP/1.1" status: 200 len: 1049 time: 0.8649826 /var/lib/openstack/lib/python3.10/site-packages/pycadf/identifier.py:71: UserWarning: Invalid uuid: neutron. To ensure interoperability, identifiers should be a valid uuid. warnings.warn(('Invalid uuid: %s. To ensure interoperability, '
2026-05-09 02:43:43.584 9 INFO neutron.wsgi [None req-94bf9637-0ab2-4626-8fb3-43e226e885a8 68b53c85cd604ad691b710957db92bc2 67b67bb9f7d6451aace78e960db72254 - - default default] 10.0.0.223 "GET /v2.0/floatingips/d72f70f9-7c55-4bbc-99a0-19f12328ffc6 HTTP/1.1" status: 200 len: 1051 time: 0.0456100
2026-05-09 02:43:43.648 10 INFO neutron.wsgi [req-eba85ed2-f8b6-4193-9d55-9844ddeb9c2f req-06d4cfb1-37ac-455e-a97a-7308bf22d615 a63a21844720437f8686c999a6690ea2 6d60dc0eca194acba8ce2c701704a8cb - - default default] 199.204.45.138 "DELETE /v2.0/ports/21da2708-ce6c-4720-af88-4155893e33d0 HTTP/1.1" status: 204 len: 173 time: 0.6934857
2026-05-09 02:43:43.685 10 INFO neutron.db.ovn_revision_numbers_db [None req-d92f1222-175c-4551-a6f8-de71fdd376bb ce70fcc12d2d4a998a150c2c064dd316 79588a5737f44a6c9c22df6e68c62714 - - default default] Successfully bumped revision number for resource dbf114d2-c82d-49a9-babe-10408ce98b17 (type: security_group_rules) to 0
2026-05-09 02:43:43.704 10 INFO neutron.notifiers.nova [-] Nova event matching ['req-fe3a12ec-1ab3-4aec-86a2-decd45b4a7d5'] response: {'server_uuid': '8bcc0fa6-3a3a-4a5b-bd3a-9a4afda85830', 'name': 'network-vif-deleted', 'tag': '21da2708-ce6c-4720-af88-4155893e33d0', 'status': 'completed', 'code': 200}
2026-05-09 02:43:43.714 10 INFO neutron.wsgi [None req-d92f1222-175c-4551-a6f8-de71fdd376bb ce70fcc12d2d4a998a150c2c064dd316 79588a5737f44a6c9c22df6e68c62714 - - default default] 10.0.0.223 "POST /v2.0/security-group-rules HTTP/1.1" status: 201 len: 769 time: 0.1894982
2026-05-09 02:43:43.741 10 INFO neutron.wsgi [None req-fd532855-b727-454b-80d2-7e9725707474 ce70fcc12d2d4a998a150c2c064dd316 79588a5737f44a6c9c22df6e68c62714 - - default default] 10.0.0.223 "GET /v2.0/security-group-rules/dbf114d2-c82d-49a9-babe-10408ce98b17 HTTP/1.1" status: 200 len: 764 time: 0.0209298
2026-05-09 02:43:43.760 9 WARNING neutron.scheduler.dhcp_agent_scheduler [None req-b3abbd9c-331e-449d-af77-2236ab06dd8a c583d38cf0f643b7b3dce87eb9a38743 e5054677aa5745a7acbfb1179cfb3ed8 - - default default] No more DHCP agents
2026-05-09 02:43:43.763 9 WARNING neutron.api.rpc.agentnotifiers.dhcp_rpc_agent_api [None req-b3abbd9c-331e-449d-af77-2236ab06dd8a c583d38cf0f643b7b3dce87eb9a38743 e5054677aa5745a7acbfb1179cfb3ed8 - - default default] Unable to schedule network bbd0f0ef-6fb2-4c57-84f0-763ecae73420: no agents available; will retry on subsequent port and subnet creation events.
2026-05-09 02:43:43.785 10 INFO neutron.wsgi [None req-263d893f-3178-4324-a1c3-e902a02c5308 ce70fcc12d2d4a998a150c2c064dd316 79588a5737f44a6c9c22df6e68c62714 - - default default] 10.0.0.223 "GET /v2.0/security-group-rules HTTP/1.1" status: 200 len: 4114 time: 0.0381896
2026-05-09 02:43:43.877 9 INFO neutron.db.ovn_revision_numbers_db [None req-b3abbd9c-331e-449d-af77-2236ab06dd8a c583d38cf0f643b7b3dce87eb9a38743 e5054677aa5745a7acbfb1179cfb3ed8 - - default default] Successfully bumped revision number for resource 6d82ef56-e435-48fa-aea2-1c86a837cd33 (type: ports) to 1
2026-05-09 02:43:43.910 10 INFO neutron.wsgi [req-5f98e00c-68e0-4157-a07d-e831547c7a19 req-7632003a-7d8b-4587-b532-25e2be82e2d2 a63a21844720437f8686c999a6690ea2 6d60dc0eca194acba8ce2c701704a8cb - - default default] 10.0.0.176 "GET /v2.0/ports?device_id=8bcc0fa6-3a3a-4a5b-bd3a-9a4afda85830 HTTP/1.1" status: 200 len: 210 time: 0.0224326
2026-05-09 02:43:43.916 10 INFO neutron.wsgi [None req-c7022a5c-054f-4db6-8d7a-b5ecf310962d ce70fcc12d2d4a998a150c2c064dd316 79588a5737f44a6c9c22df6e68c62714 - - default default] 10.0.0.223 "DELETE /v2.0/security-group-rules/dbf114d2-c82d-49a9-babe-10408ce98b17 HTTP/1.1" status: 204 len: 168 time: 0.1263003
2026-05-09 02:43:43.918 9 WARNING neutron.scheduler.dhcp_agent_scheduler [None req-b3abbd9c-331e-449d-af77-2236ab06dd8a c583d38cf0f643b7b3dce87eb9a38743 e5054677aa5745a7acbfb1179cfb3ed8 - - default default] No more DHCP agents
2026-05-09 02:43:43.920 9 WARNING neutron.api.rpc.agentnotifiers.dhcp_rpc_agent_api [None req-b3abbd9c-331e-449d-af77-2236ab06dd8a c583d38cf0f643b7b3dce87eb9a38743 e5054677aa5745a7acbfb1179cfb3ed8 - - default default] Unable to schedule network cd7e44c1-51cb-4f1b-9a99-d9e8307dc3e9: no agents available; will retry on subsequent port and subnet creation events.
2026-05-09 02:43:43.961 10 INFO neutron.wsgi [None req-32e601f4-0554-48e7-8ab5-960d83eb81a1 ce70fcc12d2d4a998a150c2c064dd316 79588a5737f44a6c9c22df6e68c62714 - - default default] 10.0.0.223 "GET /v2.0/security-group-rules HTTP/1.1" status: 200 len: 3567 time: 0.0383706
2026-05-09 02:43:44.012 9 INFO neutron.db.ovn_revision_numbers_db [None req-b3abbd9c-331e-449d-af77-2236ab06dd8a c583d38cf0f643b7b3dce87eb9a38743 e5054677aa5745a7acbfb1179cfb3ed8 - - default default] Successfully bumped revision number for resource 0d8e4091-55cc-4ca1-aba9-1af45d3b8474 (type: ports) to 1
2026-05-09 02:43:44.039 9 INFO neutron.wsgi [None req-b3abbd9c-331e-449d-af77-2236ab06dd8a c583d38cf0f643b7b3dce87eb9a38743 e5054677aa5745a7acbfb1179cfb3ed8 - - default default] 10.0.0.223 "POST /v2.0/ports HTTP/1.1" status: 201 len: 1706 time: 0.9232113 /var/lib/openstack/lib/python3.10/site-packages/pycadf/identifier.py:71: UserWarning: Invalid uuid: neutron. To ensure interoperability, identifiers should be a valid uuid. warnings.warn(('Invalid uuid: %s. To ensure interoperability, '
2026-05-09 02:43:44.089 10 INFO neutron.wsgi [None req-e3fbfd8f-c90e-40f2-9746-a42e3e5e742d ce70fcc12d2d4a998a150c2c064dd316 79588a5737f44a6c9c22df6e68c62714 - - default default] 10.0.0.223 "DELETE /v2.0/security-groups/e5232049-a6b7-4af3-81fc-279efaf8d4ef HTTP/1.1" status: 204 len: 168 time: 0.1223712
2026-05-09 02:43:44.126 10 INFO neutron.wsgi [None req-c7040ee1-e502-4f8b-9d5e-b74279245076 ce70fcc12d2d4a998a150c2c064dd316 79588a5737f44a6c9c22df6e68c62714 - - default default] 10.0.0.223 "GET /v2.0/security-groups HTTP/1.1" status: 200 len: 2996 time: 0.0328336
2026-05-09 02:43:44.171 10 INFO neutron.wsgi [None req-3adf38a2-47f1-45c8-b46a-c75e55cfc527 ce70fcc12d2d4a998a150c2c064dd316 79588a5737f44a6c9c22df6e68c62714 - - default default] 10.0.0.223 "GET /v2.0/security-groups HTTP/1.1" status: 200 len: 2996 time: 0.0359123
2026-05-09 02:43:44.190 9 INFO neutron.wsgi [None req-a23fc7ca-2e6a-4cff-bee2-6b0d259b8813 c583d38cf0f643b7b3dce87eb9a38743 e5054677aa5745a7acbfb1179cfb3ed8 - - default default] 10.0.0.223 "GET /v2.0/ports HTTP/1.1" status: 200 len: 3213 time: 0.1469333
2026-05-09 02:43:44.449 9 INFO neutron.wsgi [None req-c6fdd16c-3bb7-4a58-8fb7-d484dc7a9ec3 c583d38cf0f643b7b3dce87eb9a38743 e5054677aa5745a7acbfb1179cfb3ed8 - - default default] 10.0.0.223 "DELETE /v2.0/ports/6d82ef56-e435-48fa-aea2-1c86a837cd33 HTTP/1.1" status: 204 len: 168 time: 0.2517655
2026-05-09 02:43:44.700 9 INFO neutron.wsgi [None req-357683f6-6355-49bd-947e-dbda6bbf7ab1 c583d38cf0f643b7b3dce87eb9a38743 e5054677aa5745a7acbfb1179cfb3ed8 - - default default] 10.0.0.223 "DELETE /v2.0/ports/0d8e4091-55cc-4ca1-aba9-1af45d3b8474 HTTP/1.1" status: 204 len: 168 time: 0.2443070
2026-05-09 02:43:44.758 9 INFO neutron.wsgi [None req-b9d3f515-0704-4f8b-9a54-427dd23e2d44 c583d38cf0f643b7b3dce87eb9a38743 e5054677aa5745a7acbfb1179cfb3ed8 - - default default] 10.0.0.223 "GET /v2.0/ports HTTP/1.1" status: 200 len: 1718 time: 0.0519769
2026-05-09 02:43:44.771 9 WARNING neutron_lib.context [None req-0d2757a8-74e5-4fdd-bcd6-f68d9affe42f c583d38cf0f643b7b3dce87eb9a38743 e5054677aa5745a7acbfb1179cfb3ed8 - - default default] Method 'is_advsvc' is deprecated since 2023.2 release (neutron-lib 3.8.0) and will be removed once support for the old RBAC API policies will be removed from Neutron. Please use method 'is_service_role' instead.
2026-05-09 02:43:44.857 9 INFO neutron.db.segments_db [None req-0d2757a8-74e5-4fdd-bcd6-f68d9affe42f c583d38cf0f643b7b3dce87eb9a38743 e5054677aa5745a7acbfb1179cfb3ed8 - - default default] Added segment ca6f3814-81e3-4986-8bdd-f869c31b83f7 of type geneve for network 111fe86e-8384-46c3-946b-3f9bc90b1fc7
2026-05-09 02:43:44.927 9 INFO neutron.wsgi [None req-841a65be-9b67-4fd9-80da-2c50b2c72a84 fb10a23b07884965bc0c4ffee1800cce 8a91ffeec2ec44929d32f253e15269f7 - - default default] 10.0.0.223 "GET /v2.0/security-groups?tenant_id=79588a5737f44a6c9c22df6e68c62714&name=default HTTP/1.1" status: 200 len: 2996 time: 0.2098331
2026-05-09 02:43:45.076 9 INFO neutron.db.ovn_revision_numbers_db [None req-0d2757a8-74e5-4fdd-bcd6-f68d9affe42f c583d38cf0f643b7b3dce87eb9a38743 e5054677aa5745a7acbfb1179cfb3ed8 - - default default] Successfully bumped revision number for resource 111fe86e-8384-46c3-946b-3f9bc90b1fc7 (type: networks) to 1
2026-05-09 02:43:45.162 9 INFO neutron.notifiers.nova [-] Nova event matching ['req-da1a15cf-f8bf-488f-9982-09aae3377011'] response: {'server_uuid': '8bcc0fa6-3a3a-4a5b-bd3a-9a4afda85830', 'name': 'network-vif-plugged', 'status': 'completed', 'tag': '21da2708-ce6c-4720-af88-4155893e33d0', 'code': 200}
2026-05-09 02:43:45.162 9 INFO neutron.notifiers.nova [-] Nova event matching ['req-da1a15cf-f8bf-488f-9982-09aae3377011'] response: {'name': 'network-changed', 'server_uuid': '97b29ca5-65c0-489d-82e9-438b41f995b1', 'tag': 'd901b59e-4749-4d91-8915-fa533f1ebe37', 'status': 'completed', 'code': 200}
2026-05-09 02:43:45.186 10 INFO neutron.wsgi [None req-7cea80c6-1827-4311-b72c-3bf6a971860f fb10a23b07884965bc0c4ffee1800cce 8a91ffeec2ec44929d32f253e15269f7 - - default default] 10.0.0.223 "DELETE /v2.0/security-groups/eab42ed7-1330-4b7a-bbe6-6fa5ab87e106 HTTP/1.1" status: 204 len: 168 time: 0.2536442
2026-05-09 02:43:45.221 10 INFO neutron.wsgi [None req-72a17a13-edfc-46d1-9424-673e9d4dc237 a63a21844720437f8686c999a6690ea2 6d60dc0eca194acba8ce2c701704a8cb - - default default] 10.0.0.223 "DELETE /v2.0/security-groups/f10799cc-6076-47c6-8342-77021c3792ad HTTP/1.1" status: 204 len: 168 time: 0.1552534
2026-05-09 02:43:45.228 10 INFO neutron.wsgi [req-4a1ba486-87fa-46a2-8ec1-3c73d2afa79c req-88867112-5892-492e-9aad-f4d857496249 ef09dd9a949f4bdfbe35f3e1e21c88dc d146927a6ee44321be9e00f207cea594 - - 5cbefcc8d7a04ad49654f2e15158ca36 5cbefcc8d7a04ad49654f2e15158ca36] 199.204.45.138 "GET /v2.0/ports?tenant_id=67b67bb9f7d6451aace78e960db72254&device_id=97b29ca5-65c0-489d-82e9-438b41f995b1 HTTP/1.1" status: 200 len: 1409 time: 0.0402215
2026-05-09 02:43:45.244 9 INFO neutron.api.v2.resource [None req-cdd5853b-63f9-43ed-a779-4acd5de7e692 a63a21844720437f8686c999a6690ea2 6d60dc0eca194acba8ce2c701704a8cb - - default default] show failed (client error): The resource could not be found.
2026-05-09 02:43:45.245 9 INFO neutron.wsgi [None req-cdd5853b-63f9-43ed-a779-4acd5de7e692 a63a21844720437f8686c999a6690ea2 6d60dc0eca194acba8ce2c701704a8cb - - default default] 10.0.0.223 "GET /v2.0/security-groups/f10799cc-6076-47c6-8342-77021c3792ad HTTP/1.1" status: 404 len: 347 time: 0.0181093
2026-05-09 02:43:45.312 10 INFO neutron.wsgi [req-4a1ba486-87fa-46a2-8ec1-3c73d2afa79c req-f569b2fc-c2ea-4f5b-afae-70bde6c553e5 ef09dd9a949f4bdfbe35f3e1e21c88dc d146927a6ee44321be9e00f207cea594 - - 5cbefcc8d7a04ad49654f2e15158ca36 5cbefcc8d7a04ad49654f2e15158ca36] 199.204.45.138 "GET /v2.0/networks?id=0b307c3c-d244-40ed-81fb-566bc746520f HTTP/1.1" status: 200 len: 959 time: 0.0799558
2026-05-09 02:43:45.360 9 WARNING neutron.scheduler.dhcp_agent_scheduler [None req-0d2757a8-74e5-4fdd-bcd6-f68d9affe42f c583d38cf0f643b7b3dce87eb9a38743 e5054677aa5745a7acbfb1179cfb3ed8 - - default default] No more DHCP agents
2026-05-09 02:43:45.365 9 WARNING neutron.api.rpc.agentnotifiers.dhcp_rpc_agent_api [None req-0d2757a8-74e5-4fdd-bcd6-f68d9affe42f c583d38cf0f643b7b3dce87eb9a38743 e5054677aa5745a7acbfb1179cfb3ed8 - - default default] Unable to schedule network 111fe86e-8384-46c3-946b-3f9bc90b1fc7: no agents available; will retry on subsequent port and subnet creation events.
