2026-05-09 02:41:30.975 9 WARNING neutron.scheduler.dhcp_agent_scheduler [None req-52d9b556-df54-483d-a8cb-2db999056ec3 fb10a23b07884965bc0c4ffee1800cce 8a91ffeec2ec44929d32f253e15269f7 - - default default] No more DHCP agents
2026-05-09 02:41:30.978 9 WARNING neutron.api.rpc.agentnotifiers.dhcp_rpc_agent_api [None req-52d9b556-df54-483d-a8cb-2db999056ec3 fb10a23b07884965bc0c4ffee1800cce 8a91ffeec2ec44929d32f253e15269f7 - - default default] Unable to schedule network 73e22160-7424-4999-9c37-d7a8c3679a79: no agents available; will retry on subsequent port and subnet creation events.
2026-05-09 02:41:31.092 10 INFO neutron.db.ovn_revision_numbers_db [None req-8b077080-23f1-45ef-9220-89d83fbce9b9 - - - - - -] Successfully bumped revision number for resource 8ecec463-dbe2-4a09-9ca7-08cc570084fa (type: ports) to 4
2026-05-09 02:41:31.301 10 INFO neutron.db.ovn_revision_numbers_db [None req-8b077080-23f1-45ef-9220-89d83fbce9b9 - - - - - -] Successfully bumped revision number for resource 8ecec463-dbe2-4a09-9ca7-08cc570084fa (type: router_ports) to 4
2026-05-09 02:41:31.682 9 INFO neutron.db.ovn_revision_numbers_db [None req-52d9b556-df54-483d-a8cb-2db999056ec3 fb10a23b07884965bc0c4ffee1800cce 8a91ffeec2ec44929d32f253e15269f7 - - default default] Successfully bumped revision number for resource fb817ace-36cc-4e09-846b-edcafd3a54a3 (type: router_ports) to 1
2026-05-09 02:41:31.685 9 INFO neutron.wsgi [None req-52d9b556-df54-483d-a8cb-2db999056ec3 fb10a23b07884965bc0c4ffee1800cce 8a91ffeec2ec44929d32f253e15269f7 - - default default] 10.0.0.223 "PUT /v2.0/routers/fd6a1b33-23ff-47f4-9860-2d203b5ad5ee/add_router_interface HTTP/1.1" status: 200 len: 503 time: 2.0145876
2026-05-09 02:41:32.157 10 INFO neutron.plugins.ml2.drivers.ovn.mech_driver.mech_driver [None req-56a148bd-0010-44a2-86a8-c91e0137a763 - - - - - -] OVN reports status up for port: fb817ace-36cc-4e09-846b-edcafd3a54a3
2026-05-09 02:41:32.164 10 INFO neutron.plugins.ml2.plugin [None req-56a148bd-0010-44a2-86a8-c91e0137a763 - - - - - -] Attempt 1 to provision port fb817ace-36cc-4e09-846b-edcafd3a54a3
2026-05-09 02:41:32.472 10 INFO neutron.db.ovn_revision_numbers_db [None req-56a148bd-0010-44a2-86a8-c91e0137a763 - - - - - -] Successfully bumped revision number for resource fb817ace-36cc-4e09-846b-edcafd3a54a3 (type: ports) to 2
2026-05-09 02:41:32.477 9 INFO neutron.db.ovn_revision_numbers_db [None req-15942e14-0b65-4675-b665-34d48b3e43a1 fb10a23b07884965bc0c4ffee1800cce 8a91ffeec2ec44929d32f253e15269f7 - - default default] Successfully bumped revision number for resource 065a76f5-b877-4fa2-a5ae-e86c7bc4488d (type: security_groups) to 1
2026-05-09 02:41:32.494 9 INFO neutron.db.ovn_revision_numbers_db [None req-15942e14-0b65-4675-b665-34d48b3e43a1 fb10a23b07884965bc0c4ffee1800cce 8a91ffeec2ec44929d32f253e15269f7 - - default default] Successfully bumped revision number for resource 24bace37-3ca0-4a88-895e-f1446226f561 (type: security_group_rules) to 0
2026-05-09 02:41:32.511 9 INFO neutron.db.ovn_revision_numbers_db [None req-15942e14-0b65-4675-b665-34d48b3e43a1 fb10a23b07884965bc0c4ffee1800cce 8a91ffeec2ec44929d32f253e15269f7 - - default default] Successfully bumped revision number for resource 952f3b31-c2dd-4125-a072-b5219093aeff (type: security_group_rules) to 0
2026-05-09 02:41:32.536 9 INFO neutron.db.ovn_revision_numbers_db [None req-15942e14-0b65-4675-b665-34d48b3e43a1 fb10a23b07884965bc0c4ffee1800cce 8a91ffeec2ec44929d32f253e15269f7 - - default default] Successfully bumped revision number for resource c88b7a33-48b6-47c6-af02-3d13edf7c3a7 (type: security_group_rules) to 0
2026-05-09 02:41:32.552 10 INFO neutron.db.ovn_revision_numbers_db [None req-56a148bd-0010-44a2-86a8-c91e0137a763 - - - - - -] Successfully bumped revision number for resource fb817ace-36cc-4e09-846b-edcafd3a54a3 (type: router_ports) to 2
2026-05-09 02:41:32.554 9 INFO neutron.db.ovn_revision_numbers_db [None req-15942e14-0b65-4675-b665-34d48b3e43a1 fb10a23b07884965bc0c4ffee1800cce 8a91ffeec2ec44929d32f253e15269f7 - - default default] Successfully bumped revision number for resource f58120c7-a8b6-4e75-a2b4-ee472b0d1ab7 (type: security_group_rules) to 0
2026-05-09 02:41:32.580 9 INFO neutron.wsgi [None req-15942e14-0b65-4675-b665-34d48b3e43a1 fb10a23b07884965bc0c4ffee1800cce 8a91ffeec2ec44929d32f253e15269f7 - - default default] 10.0.0.223 "GET /v2.0/security-groups?tenant_id=532b5a42a69548a3b728547df08ce03e&name=default HTTP/1.1" status: 200 len: 2996 time: 0.6057091
2026-05-09 02:41:32.704 9 INFO neutron.wsgi [req-23f2f612-9fc1-4bf1-843c-3353b0d2aed7 req-5bec0a87-2cee-4e42-b375-a864e9119e36 6f9630338a534e6695d7a5988e503b91 427fd924fbb44415aa1d26378db5c9b9 - - default default] 10.0.0.176 "GET /v2.0/networks?id=73e22160-7424-4999-9c37-d7a8c3679a79 HTTP/1.1" status: 200 len: 876 time: 0.0876441
2026-05-09 02:41:32.731 9 INFO neutron.wsgi [req-23f2f612-9fc1-4bf1-843c-3353b0d2aed7 req-94dca573-8dc7-47dd-88d7-94710257bfea 6f9630338a534e6695d7a5988e503b91 427fd924fbb44415aa1d26378db5c9b9 - - default default] 10.0.0.176 "GET /v2.0/quotas/427fd924fbb44415aa1d26378db5c9b9 HTTP/1.1" status: 200 len: 386 time: 0.0205212
2026-05-09 02:41:32.861 9 INFO neutron.wsgi [req-23f2f612-9fc1-4bf1-843c-3353b0d2aed7 req-a5cf949c-1bda-42f6-8e5d-824ecdd5c7d7 6f9630338a534e6695d7a5988e503b91 427fd924fbb44415aa1d26378db5c9b9 - - default default] 10.0.0.176 "GET /v2.0/ports?tenant_id=427fd924fbb44415aa1d26378db5c9b9&fields=id HTTP/1.1" status: 200 len: 302 time: 0.1226611
2026-05-09 02:41:32.924 9 INFO neutron.wsgi [None req-a6fb9b8f-0e5c-4542-9e9b-18abfb18c617 fb10a23b07884965bc0c4ffee1800cce 8a91ffeec2ec44929d32f253e15269f7 - - default default] 10.0.0.223 "DELETE /v2.0/security-groups/065a76f5-b877-4fa2-a5ae-e86c7bc4488d HTTP/1.1" status: 204 len: 168 time: 0.3391755
2026-05-09 02:41:32.935 9 INFO neutron.wsgi [req-23f2f612-9fc1-4bf1-843c-3353b0d2aed7 req-7542b9b3-d2b7-4d2e-960a-ca6a7f158652 ef09dd9a949f4bdfbe35f3e1e21c88dc d146927a6ee44321be9e00f207cea594 - - 5cbefcc8d7a04ad49654f2e15158ca36 5cbefcc8d7a04ad49654f2e15158ca36] 10.0.0.176 "GET /v2.0/networks/73e22160-7424-4999-9c37-d7a8c3679a79?fields=segments HTTP/1.1" status: 200 len: 212 time: 0.0670979
2026-05-09 02:41:33.007 9 INFO neutron.wsgi [req-23f2f612-9fc1-4bf1-843c-3353b0d2aed7 req-fd80dce8-2ce0-4cb3-b5f2-72712a471430 ef09dd9a949f4bdfbe35f3e1e21c88dc d146927a6ee44321be9e00f207cea594 - - 5cbefcc8d7a04ad49654f2e15158ca36 5cbefcc8d7a04ad49654f2e15158ca36] 10.0.0.176 "GET /v2.0/networks/73e22160-7424-4999-9c37-d7a8c3679a79?fields=provider%3Aphysical_network&fields=provider%3Anetwork_type HTTP/1.1" status: 200 len: 277 time: 0.0653803
2026-05-09 02:41:33.150 9 INFO neutron.db.ovn_revision_numbers_db [None req-184f2709-c039-4d72-99e1-d140cc723e44 fb10a23b07884965bc0c4ffee1800cce 8a91ffeec2ec44929d32f253e15269f7 - - default default] Successfully bumped revision number for resource 1c3229ab-229e-4354-8550-5bca8251062e (type: security_groups) to 1
2026-05-09 02:41:33.165 9 INFO neutron.db.ovn_revision_numbers_db [None req-184f2709-c039-4d72-99e1-d140cc723e44 fb10a23b07884965bc0c4ffee1800cce 8a91ffeec2ec44929d32f253e15269f7 - - default default] Successfully bumped revision number for resource 7f89c619-b11c-4a07-8272-4c449fcdb2a1 (type: security_group_rules) to 0
2026-05-09 02:41:33.176 10 INFO neutron.wsgi [req-1bfca40d-e2a3-45ed-ad4e-96726f4a54cf req-febeab11-0d9d-4591-bb86-83f6aa0da77b 6f9630338a534e6695d7a5988e503b91 427fd924fbb44415aa1d26378db5c9b9 - - default default] 10.0.0.176 "GET /v2.0/ports?device_id=9286ab34-4deb-48a2-bed4-5190947b1ea1 HTTP/1.1" status: 200 len: 210 time: 0.0352447
2026-05-09 02:41:33.184 9 INFO neutron.db.ovn_revision_numbers_db [None req-184f2709-c039-4d72-99e1-d140cc723e44 fb10a23b07884965bc0c4ffee1800cce 8a91ffeec2ec44929d32f253e15269f7 - - default default] Successfully bumped revision number for resource b1f868dc-41af-4764-9d67-65031219701d (type: security_group_rules) to 0
2026-05-09 02:41:33.203 9 INFO neutron.db.ovn_revision_numbers_db [None req-184f2709-c039-4d72-99e1-d140cc723e44 fb10a23b07884965bc0c4ffee1800cce 8a91ffeec2ec44929d32f253e15269f7 - - default default] Successfully bumped revision number for resource d7810061-d228-4e6c-9d49-db236c77c7af (type: security_group_rules) to 0
2026-05-09 02:41:33.217 9 INFO neutron.db.ovn_revision_numbers_db [None req-184f2709-c039-4d72-99e1-d140cc723e44 fb10a23b07884965bc0c4ffee1800cce 8a91ffeec2ec44929d32f253e15269f7 - - default default] Successfully bumped revision number for resource e7b0ba78-7299-49ad-8412-63fcbe27342c (type: security_group_rules) to 0
2026-05-09 02:41:33.245 9 INFO neutron.wsgi [None req-184f2709-c039-4d72-99e1-d140cc723e44 fb10a23b07884965bc0c4ffee1800cce 8a91ffeec2ec44929d32f253e15269f7 - - default default] 10.0.0.223 "GET /v2.0/security-groups?tenant_id=00ef11450e64425b9258fa3cd77bd472&name=default HTTP/1.1" status: 200 len: 2996 time: 0.2102251
2026-05-09 02:41:33.451 9 INFO neutron.wsgi [None req-b4336401-5c8c-4c6a-875c-da775bfbf760 fb10a23b07884965bc0c4ffee1800cce 8a91ffeec2ec44929d32f253e15269f7 - - default default] 10.0.0.223 "DELETE /v2.0/security-groups/1c3229ab-229e-4354-8550-5bca8251062e HTTP/1.1" status: 204 len: 168 time: 0.2009273
2026-05-09 02:41:34.025 10 INFO neutron.wsgi [req-23f2f612-9fc1-4bf1-843c-3353b0d2aed7 req-6855af7c-a9b0-4353-b328-fcdf358cde19 6f9630338a534e6695d7a5988e503b91 427fd924fbb44415aa1d26378db5c9b9 - - default default] 199.204.45.138 "GET /v2.0/networks?id=73e22160-7424-4999-9c37-d7a8c3679a79 HTTP/1.1" status: 200 len: 876 time: 0.0873652
2026-05-09 02:41:34.035 10 WARNING neutron_lib.context [req-23f2f612-9fc1-4bf1-843c-3353b0d2aed7 req-6d98a042-fc57-4e5f-93cf-d40b5735f753 6f9630338a534e6695d7a5988e503b91 427fd924fbb44415aa1d26378db5c9b9 - - default default] Method 'is_advsvc' is deprecated since 2023.2 release (neutron-lib 3.8.0) and will be removed once support for the old RBAC API policies will be removed from Neutron. Please use method 'is_service_role' instead.
2026-05-09 02:41:34.256 9 INFO neutron.wsgi [req-d90dfa87-260b-4d16-8cb9-102b37ca39c8 req-1e5fedf7-365e-431e-9d7b-274fda16ca30 6f9630338a534e6695d7a5988e503b91 427fd924fbb44415aa1d26378db5c9b9 - - default default] 10.0.0.176 "GET /v2.0/ports?device_id=9286ab34-4deb-48a2-bed4-5190947b1ea1 HTTP/1.1" status: 200 len: 210 time: 0.0253437
2026-05-09 02:41:34.417 10 WARNING neutron.scheduler.dhcp_agent_scheduler [req-23f2f612-9fc1-4bf1-843c-3353b0d2aed7 req-6d98a042-fc57-4e5f-93cf-d40b5735f753 6f9630338a534e6695d7a5988e503b91 427fd924fbb44415aa1d26378db5c9b9 - - default default] No more DHCP agents
2026-05-09 02:41:34.421 10 WARNING neutron.api.rpc.agentnotifiers.dhcp_rpc_agent_api [req-23f2f612-9fc1-4bf1-843c-3353b0d2aed7 req-6d98a042-fc57-4e5f-93cf-d40b5735f753 6f9630338a534e6695d7a5988e503b91 427fd924fbb44415aa1d26378db5c9b9 - - default default] Unable to schedule network 73e22160-7424-4999-9c37-d7a8c3679a79: no agents available; will retry on subsequent port and subnet creation events.
2026-05-09 02:41:34.584 10 INFO neutron.db.ovn_revision_numbers_db [req-23f2f612-9fc1-4bf1-843c-3353b0d2aed7 req-6d98a042-fc57-4e5f-93cf-d40b5735f753 6f9630338a534e6695d7a5988e503b91 427fd924fbb44415aa1d26378db5c9b9 - - default default] Successfully bumped revision number for resource 83df7814-1293-4ff7-82cd-2b05b6fdb867 (type: ports) to 1
2026-05-09 02:41:34.610 10 INFO neutron.wsgi [req-23f2f612-9fc1-4bf1-843c-3353b0d2aed7 req-6d98a042-fc57-4e5f-93cf-d40b5735f753 6f9630338a534e6695d7a5988e503b91 427fd924fbb44415aa1d26378db5c9b9 - - default default] 199.204.45.138 "POST /v2.0/ports HTTP/1.1" status: 201 len: 1158 time: 0.5798740 /var/lib/openstack/lib/python3.10/site-packages/pycadf/identifier.py:71: UserWarning: Invalid uuid: neutron. To ensure interoperability, identifiers should be a valid uuid. warnings.warn(('Invalid uuid: %s. To ensure interoperability, '
2026-05-09 02:41:35.045 10 INFO neutron.db.ovn_revision_numbers_db [req-23f2f612-9fc1-4bf1-843c-3353b0d2aed7 req-e12047e9-524f-4e9a-a3e2-32fc6b10e013 ef09dd9a949f4bdfbe35f3e1e21c88dc d146927a6ee44321be9e00f207cea594 - - 5cbefcc8d7a04ad49654f2e15158ca36 5cbefcc8d7a04ad49654f2e15158ca36] Successfully bumped revision number for resource 83df7814-1293-4ff7-82cd-2b05b6fdb867 (type: ports) to 2
2026-05-09 02:41:35.218 10 INFO neutron.db.ovn_revision_numbers_db [req-23f2f612-9fc1-4bf1-843c-3353b0d2aed7 req-e12047e9-524f-4e9a-a3e2-32fc6b10e013 ef09dd9a949f4bdfbe35f3e1e21c88dc d146927a6ee44321be9e00f207cea594 - - 5cbefcc8d7a04ad49654f2e15158ca36 5cbefcc8d7a04ad49654f2e15158ca36] Successfully bumped revision number for resource 83df7814-1293-4ff7-82cd-2b05b6fdb867 (type: ports) to 2
2026-05-09 02:41:35.237 10 INFO neutron.wsgi [req-23f2f612-9fc1-4bf1-843c-3353b0d2aed7 req-e12047e9-524f-4e9a-a3e2-32fc6b10e013 ef09dd9a949f4bdfbe35f3e1e21c88dc d146927a6ee44321be9e00f207cea594 - - 5cbefcc8d7a04ad49654f2e15158ca36 5cbefcc8d7a04ad49654f2e15158ca36] 199.204.45.138 "PUT /v2.0/ports/83df7814-1293-4ff7-82cd-2b05b6fdb867 HTTP/1.1" status: 200 len: 1376 time: 0.6197836
2026-05-09 02:41:35.276 10 INFO neutron.notifiers.nova [-] Nova event matching ['req-cafbacb9-bc91-4f3f-ad4c-b74c7dc52829'] response: {'name': 'network-changed', 'server_uuid': '9286ab34-4deb-48a2-bed4-5190947b1ea1', 'tag': '83df7814-1293-4ff7-82cd-2b05b6fdb867', 'status': 'completed', 'code': 200} /var/lib/openstack/lib/python3.10/site-packages/pycadf/identifier.py:71: UserWarning: Invalid uuid: neutron. To ensure interoperability, identifiers should be a valid uuid. warnings.warn(('Invalid uuid: %s. To ensure interoperability, '
2026-05-09 02:41:35.322 10 INFO neutron.wsgi [req-23f2f612-9fc1-4bf1-843c-3353b0d2aed7 req-7d79f64b-4c20-48bf-a247-494c044f1054 ef09dd9a949f4bdfbe35f3e1e21c88dc d146927a6ee44321be9e00f207cea594 - - 5cbefcc8d7a04ad49654f2e15158ca36 5cbefcc8d7a04ad49654f2e15158ca36] 199.204.45.138 "GET /v2.0/ports?tenant_id=427fd924fbb44415aa1d26378db5c9b9&device_id=9286ab34-4deb-48a2-bed4-5190947b1ea1 HTTP/1.1" status: 200 len: 1407 time: 0.0384104
2026-05-09 02:41:35.349 10 INFO neutron.wsgi [req-23f2f612-9fc1-4bf1-843c-3353b0d2aed7 req-189e2d8f-bf17-48e7-bdc4-ace92ed8d1a4 ef09dd9a949f4bdfbe35f3e1e21c88dc d146927a6ee44321be9e00f207cea594 - - 5cbefcc8d7a04ad49654f2e15158ca36 5cbefcc8d7a04ad49654f2e15158ca36] 199.204.45.138 "GET /v2.0/floatingips?fixed_ip_address=10.100.0.7&port_id=83df7814-1293-4ff7-82cd-2b05b6fdb867 HTTP/1.1" status: 200 len: 217 time: 0.0225484
2026-05-09 02:41:35.363 9 INFO neutron.wsgi [req-b406d56a-219e-4657-9270-b05ac941cd4d req-ac6b233c-2b3f-4316-9a51-47de2a06fe31 6f9630338a534e6695d7a5988e503b91 427fd924fbb44415aa1d26378db5c9b9 - - default default] 10.0.0.176 "GET /v2.0/ports?device_id=9286ab34-4deb-48a2-bed4-5190947b1ea1 HTTP/1.1" status: 200 len: 1168 time: 0.0441818
2026-05-09 02:41:35.392 10 INFO neutron.wsgi [req-23f2f612-9fc1-4bf1-843c-3353b0d2aed7 req-65e66fd5-33db-47cd-9281-1b98209b9b4f ef09dd9a949f4bdfbe35f3e1e21c88dc d146927a6ee44321be9e00f207cea594 - - 5cbefcc8d7a04ad49654f2e15158ca36 5cbefcc8d7a04ad49654f2e15158ca36] 199.204.45.138 "GET /v2.0/subnets?id=4714f56a-6b29-4eb3-87c1-9c9beebbb2dc HTTP/1.1" status: 200 len: 870 time: 0.0351377
2026-05-09 02:41:35.411 9 INFO neutron.wsgi [req-b406d56a-219e-4657-9270-b05ac941cd4d req-cf21ee22-b63d-4fda-8ba1-181bfe66169b 6f9630338a534e6695d7a5988e503b91 427fd924fbb44415aa1d26378db5c9b9 - - default default] 10.0.0.176 "GET /v2.0/security-groups?id=f54bdd18-818f-4844-970b-8247f7da5daa&fields=id&fields=name HTTP/1.1" status: 200 len: 286 time: 0.0426834
2026-05-09 02:41:35.422 10 INFO neutron.wsgi [req-23f2f612-9fc1-4bf1-843c-3353b0d2aed7 req-f67d6ed6-4ab8-4679-97e0-fbe2ee02f14c ef09dd9a949f4bdfbe35f3e1e21c88dc d146927a6ee44321be9e00f207cea594 - - 5cbefcc8d7a04ad49654f2e15158ca36 5cbefcc8d7a04ad49654f2e15158ca36] 199.204.45.138 "GET /v2.0/ports?network_id=73e22160-7424-4999-9c37-d7a8c3679a79&device_owner=network%3Adhcp HTTP/1.1" status: 200 len: 210 time: 0.0222502
2026-05-09 02:41:35.500 10 INFO neutron.wsgi [req-23f2f612-9fc1-4bf1-843c-3353b0d2aed7 req-d9811d0c-6c4b-4446-986a-26dee4c80695 ef09dd9a949f4bdfbe35f3e1e21c88dc d146927a6ee44321be9e00f207cea594 - - 5cbefcc8d7a04ad49654f2e15158ca36 5cbefcc8d7a04ad49654f2e15158ca36] 199.204.45.138 "GET /v2.0/networks/73e22160-7424-4999-9c37-d7a8c3679a79?fields=segments HTTP/1.1" status: 200 len: 212 time: 0.0688791
2026-05-09 02:41:35.565 10 INFO neutron.wsgi [req-23f2f612-9fc1-4bf1-843c-3353b0d2aed7 req-29721380-5e8b-40bb-9bd1-5165b2ef66eb ef09dd9a949f4bdfbe35f3e1e21c88dc d146927a6ee44321be9e00f207cea594 - - 5cbefcc8d7a04ad49654f2e15158ca36 5cbefcc8d7a04ad49654f2e15158ca36] 199.204.45.138 "GET /v2.0/networks/73e22160-7424-4999-9c37-d7a8c3679a79?fields=provider%3Aphysical_network&fields=provider%3Anetwork_type HTTP/1.1" status: 200 len: 277 time: 0.0588975
2026-05-09 02:41:35.648 10 INFO neutron.wsgi [req-fe0198fb-2691-48cb-bbca-da028599c860 req-172819b4-4cdd-404a-aea7-570d0cb07838 ef09dd9a949f4bdfbe35f3e1e21c88dc d146927a6ee44321be9e00f207cea594 - - 5cbefcc8d7a04ad49654f2e15158ca36 5cbefcc8d7a04ad49654f2e15158ca36] 199.204.45.138 "GET /v2.0/ports?tenant_id=427fd924fbb44415aa1d26378db5c9b9&device_id=9286ab34-4deb-48a2-bed4-5190947b1ea1 HTTP/1.1" status: 200 len: 1407 time: 0.0390530
2026-05-09 02:41:35.726 10 INFO neutron.wsgi [req-fe0198fb-2691-48cb-bbca-da028599c860 req-47809adc-421f-4da6-9f43-6a0085ef5d05 ef09dd9a949f4bdfbe35f3e1e21c88dc d146927a6ee44321be9e00f207cea594 - - 5cbefcc8d7a04ad49654f2e15158ca36 5cbefcc8d7a04ad49654f2e15158ca36] 199.204.45.138 "GET /v2.0/networks?id=73e22160-7424-4999-9c37-d7a8c3679a79 HTTP/1.1" status: 200 len: 975 time: 0.0679448
2026-05-09 02:41:35.763 10 INFO neutron.wsgi [req-fe0198fb-2691-48cb-bbca-da028599c860 req-8f288e04-347c-4be9-88f3-01399b14a43a ef09dd9a949f4bdfbe35f3e1e21c88dc d146927a6ee44321be9e00f207cea594 - - 5cbefcc8d7a04ad49654f2e15158ca36 5cbefcc8d7a04ad49654f2e15158ca36] 199.204.45.138 "GET /v2.0/floatingips?fixed_ip_address=10.100.0.7&port_id=83df7814-1293-4ff7-82cd-2b05b6fdb867 HTTP/1.1" status: 200 len: 217 time: 0.0321424
2026-05-09 02:41:35.816 10 INFO neutron.wsgi [req-fe0198fb-2691-48cb-bbca-da028599c860 req-53b69446-3ed9-41b3-a8de-a0691a001b97 ef09dd9a949f4bdfbe35f3e1e21c88dc d146927a6ee44321be9e00f207cea594 - - 5cbefcc8d7a04ad49654f2e15158ca36 5cbefcc8d7a04ad49654f2e15158ca36] 199.204.45.138 "GET /v2.0/subnets?id=4714f56a-6b29-4eb3-87c1-9c9beebbb2dc HTTP/1.1" status: 200 len: 870 time: 0.0443757
2026-05-09 02:41:35.850 10 INFO neutron.wsgi [req-fe0198fb-2691-48cb-bbca-da028599c860 req-9e808d7f-43db-4be5-acfa-2791813bfe2b ef09dd9a949f4bdfbe35f3e1e21c88dc d146927a6ee44321be9e00f207cea594 - - 5cbefcc8d7a04ad49654f2e15158ca36 5cbefcc8d7a04ad49654f2e15158ca36] 199.204.45.138 "GET /v2.0/ports?network_id=73e22160-7424-4999-9c37-d7a8c3679a79&device_owner=network%3Adhcp HTTP/1.1" status: 200 len: 210 time: 0.0266387
2026-05-09 02:41:35.941 10 INFO neutron.wsgi [req-fe0198fb-2691-48cb-bbca-da028599c860 req-223790b3-4bd0-482a-a091-08bf67e48cff ef09dd9a949f4bdfbe35f3e1e21c88dc d146927a6ee44321be9e00f207cea594 - - 5cbefcc8d7a04ad49654f2e15158ca36 5cbefcc8d7a04ad49654f2e15158ca36] 199.204.45.138 "GET /v2.0/networks/73e22160-7424-4999-9c37-d7a8c3679a79?fields=segments HTTP/1.1" status: 200 len: 212 time: 0.0838068
2026-05-09 02:41:36.018 10 INFO neutron.wsgi [req-fe0198fb-2691-48cb-bbca-da028599c860 req-38808e10-694d-4e41-b418-1b4094e47e76 ef09dd9a949f4bdfbe35f3e1e21c88dc d146927a6ee44321be9e00f207cea594 - - 5cbefcc8d7a04ad49654f2e15158ca36 5cbefcc8d7a04ad49654f2e15158ca36] 199.204.45.138 "GET /v2.0/networks/73e22160-7424-4999-9c37-d7a8c3679a79?fields=provider%3Aphysical_network&fields=provider%3Anetwork_type HTTP/1.1" status: 200 len: 277 time: 0.0700045
2026-05-09 02:41:36.568 10 INFO neutron.wsgi [req-0578d7bd-2eed-46e8-97f4-340f03b179b1 req-e89a582d-10d9-4ea1-8301-bc4e615e0c98 6f9630338a534e6695d7a5988e503b91 427fd924fbb44415aa1d26378db5c9b9 - - default default] 10.0.0.176 "GET /v2.0/ports?device_id=9286ab34-4deb-48a2-bed4-5190947b1ea1 HTTP/1.1" status: 200 len: 1168 time: 0.0939090
2026-05-09 02:41:36.621 10 INFO neutron.wsgi [req-0578d7bd-2eed-46e8-97f4-340f03b179b1 req-18be69fe-cc73-4977-b380-1c5fa608d0a0 6f9630338a534e6695d7a5988e503b91 427fd924fbb44415aa1d26378db5c9b9 - - default default] 10.0.0.176 "GET /v2.0/security-groups?id=f54bdd18-818f-4844-970b-8247f7da5daa&fields=id&fields=name HTTP/1.1" status: 200 len: 286 time: 0.0450201
2026-05-09 02:41:37.727 9 INFO neutron.wsgi [req-2586f854-e07d-4ba9-af05-51ac89930f09 req-1b9b379e-f4b3-4a79-bb3f-bd9541513c49 6f9630338a534e6695d7a5988e503b91 427fd924fbb44415aa1d26378db5c9b9 - - default default] 10.0.0.176 "GET /v2.0/ports?device_id=9286ab34-4deb-48a2-bed4-5190947b1ea1 HTTP/1.1" status: 200 len: 1168 time: 0.0401185
2026-05-09 02:41:37.783 9 INFO neutron.wsgi [req-2586f854-e07d-4ba9-af05-51ac89930f09 req-5e1d4278-8349-4d8d-9bc5-37a2f60584ab 6f9630338a534e6695d7a5988e503b91 427fd924fbb44415aa1d26378db5c9b9 - - default default] 10.0.0.176 "GET /v2.0/security-groups?id=f54bdd18-818f-4844-970b-8247f7da5daa&fields=id&fields=name HTTP/1.1" status: 200 len: 286 time: 0.0474358
2026-05-09 02:41:37.968 10 WARNING neutron.plugins.ml2.drivers.ovn.mech_driver.ovsdb.ovn_client [None req-56a148bd-0010-44a2-86a8-c91e0137a763 - - - - - -] No hosting information found for port fb817ace-36cc-4e09-846b-edcafd3a54a3: RuntimeError: No hosting information found for port fb817ace-36cc-4e09-846b-edcafd3a54a3
2026-05-09 02:41:37.968 10 INFO neutron.plugins.ml2.drivers.ovn.mech_driver.mech_driver [None req-56a148bd-0010-44a2-86a8-c91e0137a763 - - - - - -] OVN reports status up for port: 83df7814-1293-4ff7-82cd-2b05b6fdb867
2026-05-09 02:41:37.978 10 INFO neutron.plugins.ml2.plugin [None req-56a148bd-0010-44a2-86a8-c91e0137a763 - - - - - -] Attempt 1 to provision port 83df7814-1293-4ff7-82cd-2b05b6fdb867
2026-05-09 02:41:38.090 10 INFO neutron.notifiers.nova [-] Nova event matching ['req-493a3f10-67c9-419e-88e1-7a198ebd5b1d'] response: {'server_uuid': '9286ab34-4deb-48a2-bed4-5190947b1ea1', 'name': 'network-vif-plugged', 'status': 'completed', 'tag': '83df7814-1293-4ff7-82cd-2b05b6fdb867', 'code': 200}
2026-05-09 02:41:38.288 10 INFO neutron.db.ovn_revision_numbers_db [None req-56a148bd-0010-44a2-86a8-c91e0137a763 - - - - - -] Successfully bumped revision number for resource 83df7814-1293-4ff7-82cd-2b05b6fdb867 (type: ports) to 4
2026-05-09 02:41:38.670 9 INFO neutron.db.ovn_revision_numbers_db [None req-04656f7c-7f16-4472-ac98-8f2fca7f8ea1 fb10a23b07884965bc0c4ffee1800cce 8a91ffeec2ec44929d32f253e15269f7 - - default default] Successfully bumped revision number for resource 0cdabd86-e63d-4611-8b3f-d8316140982b (type: security_groups) to 1
2026-05-09 02:41:38.686 9 INFO neutron.db.ovn_revision_numbers_db [None req-04656f7c-7f16-4472-ac98-8f2fca7f8ea1 fb10a23b07884965bc0c4ffee1800cce 8a91ffeec2ec44929d32f253e15269f7 - - default default] Successfully bumped revision number for resource 0157c091-9cd5-4683-9df6-895af1f06e4a (type: security_group_rules) to 0
2026-05-09 02:41:38.704 9 INFO neutron.db.ovn_revision_numbers_db [None req-04656f7c-7f16-4472-ac98-8f2fca7f8ea1 fb10a23b07884965bc0c4ffee1800cce 8a91ffeec2ec44929d32f253e15269f7 - - default default] Successfully bumped revision number for resource 2f409f0d-34af-4fcd-98fe-6d2543af0a2d (type: security_group_rules) to 0
2026-05-09 02:41:38.722 9 INFO neutron.db.ovn_revision_numbers_db [None req-04656f7c-7f16-4472-ac98-8f2fca7f8ea1 fb10a23b07884965bc0c4ffee1800cce 8a91ffeec2ec44929d32f253e15269f7 - - default default] Successfully bumped revision number for resource 433ef9e9-ed34-405a-a927-98d83fc7fc67 (type: security_group_rules) to 0
2026-05-09 02:41:38.740 9 INFO neutron.db.ovn_revision_numbers_db [None req-04656f7c-7f16-4472-ac98-8f2fca7f8ea1 fb10a23b07884965bc0c4ffee1800cce 8a91ffeec2ec44929d32f253e15269f7 - - default default] Successfully bumped revision number for resource a22f6074-6d13-4793-b51f-07606d2b49d2 (type: security_group_rules) to 0
2026-05-09 02:41:38.761 9 INFO neutron.wsgi [None req-04656f7c-7f16-4472-ac98-8f2fca7f8ea1 fb10a23b07884965bc0c4ffee1800cce 8a91ffeec2ec44929d32f253e15269f7 - - default default] 10.0.0.223 "GET /v2.0/security-groups?tenant_id=1a20a0953bc9429d9f12a12f12dc0857&name=default HTTP/1.1" status: 200 len: 2996 time: 0.4185066
2026-05-09 02:41:38.947 9 INFO neutron.wsgi [req-f3fbeb27-ca5f-4460-b543-bbd32219d2dd req-dc2468c3-4748-4a1d-96f6-613accc12098 6f9630338a534e6695d7a5988e503b91 427fd924fbb44415aa1d26378db5c9b9 - - default default] 10.0.0.176 "GET /v2.0/ports?device_id=9286ab34-4deb-48a2-bed4-5190947b1ea1 HTTP/1.1" status: 200 len: 1170 time: 0.0959237
2026-05-09 02:41:38.997 9 INFO neutron.wsgi [req-f3fbeb27-ca5f-4460-b543-bbd32219d2dd req-b40df705-3b26-4dbe-8e2c-660fd3e37bc3 6f9630338a534e6695d7a5988e503b91 427fd924fbb44415aa1d26378db5c9b9 - - default default] 10.0.0.176 "GET /v2.0/security-groups?id=f54bdd18-818f-4844-970b-8247f7da5daa&fields=id&fields=name HTTP/1.1" status: 200 len: 286 time: 0.0400691
2026-05-09 02:41:39.033 9 INFO neutron.wsgi [None req-aab9c737-5b4f-49b6-aeff-23990c7ac774 fb10a23b07884965bc0c4ffee1800cce 8a91ffeec2ec44929d32f253e15269f7 - - default default] 10.0.0.223 "DELETE /v2.0/security-groups/0cdabd86-e63d-4611-8b3f-d8316140982b HTTP/1.1" status: 204 len: 168 time: 0.2586744 /var/lib/openstack/lib/python3.10/site-packages/pycadf/identifier.py:71: UserWarning: Invalid uuid: neutron. To ensure interoperability, identifiers should be a valid uuid. warnings.warn(('Invalid uuid: %s. To ensure interoperability, '
2026-05-09 02:41:39.421 10 INFO neutron.plugins.ml2.drivers.ovn.mech_driver.mech_driver [None req-56a148bd-0010-44a2-86a8-c91e0137a763 - - - - - -] OVN reports status down for port: 83df7814-1293-4ff7-82cd-2b05b6fdb867
2026-05-09 02:41:39.438 9 INFO neutron.wsgi [req-a1283399-78bf-4ad4-8e69-e4e428820e3e req-dc3ce271-074b-486b-98df-f116362aa793 ef09dd9a949f4bdfbe35f3e1e21c88dc d146927a6ee44321be9e00f207cea594 - - 5cbefcc8d7a04ad49654f2e15158ca36 5cbefcc8d7a04ad49654f2e15158ca36] 10.0.0.63 "GET /v2.0/ports?device_id=6c4d4be3-7df8-40e0-911e-6e2ecb36880b HTTP/1.1" status: 200 len: 1409 time: 0.3356950
2026-05-09 02:41:39.445 9 INFO neutron.wsgi [req-4ede874f-b167-4cbf-a2cb-2a5aa4cdb96f req-b012f645-fb94-4a75-b31e-c1f6ebc32059 ef09dd9a949f4bdfbe35f3e1e21c88dc d146927a6ee44321be9e00f207cea594 - - 5cbefcc8d7a04ad49654f2e15158ca36 5cbefcc8d7a04ad49654f2e15158ca36] 10.0.0.63 "GET /v2.0/ports?device_id=b37aad68-bb54-4e26-8109-d4d6d7e2ea54 HTTP/1.1" status: 200 len: 1413 time: 0.3348882
2026-05-09 02:41:39.449 10 INFO neutron.wsgi [req-413345bf-2840-415f-82db-93512500c603 req-2efd5922-1625-44ee-bba8-8cae6019a579 6f9630338a534e6695d7a5988e503b91 427fd924fbb44415aa1d26378db5c9b9 - - default default] 10.0.0.176 "GET /v2.0/ports?device_id=9286ab34-4deb-48a2-bed4-5190947b1ea1 HTTP/1.1" status: 200 len: 1170 time: 0.0704505
2026-05-09 02:41:39.499 10 INFO neutron.wsgi [req-413345bf-2840-415f-82db-93512500c603 req-c43672e0-1054-43e6-9c66-08a37680ea2c 6f9630338a534e6695d7a5988e503b91 427fd924fbb44415aa1d26378db5c9b9 - - default default] 10.0.0.176 "GET /v2.0/security-groups?id=f54bdd18-818f-4844-970b-8247f7da5daa&fields=id&fields=name HTTP/1.1" status: 200 len: 286 time: 0.0442784
2026-05-09 02:41:39.517 9 INFO neutron.wsgi [req-a1283399-78bf-4ad4-8e69-e4e428820e3e req-d3001102-8e9c-4aae-ae83-ad3bb5a5705a ef09dd9a949f4bdfbe35f3e1e21c88dc d146927a6ee44321be9e00f207cea594 - - 5cbefcc8d7a04ad49654f2e15158ca36 5cbefcc8d7a04ad49654f2e15158ca36] 10.0.0.63 "GET /v2.0/security-groups?id=0bc63bc7-7c72-4041-8a65-34c1534a7e6c&fields=id&fields=name HTTP/1.1" status: 200 len: 313 time: 0.0701454
2026-05-09 02:41:39.524 9 INFO neutron.wsgi [req-4ede874f-b167-4cbf-a2cb-2a5aa4cdb96f req-76d415e5-b421-45dc-9367-403347dc4bfb ef09dd9a949f4bdfbe35f3e1e21c88dc d146927a6ee44321be9e00f207cea594 - - 5cbefcc8d7a04ad49654f2e15158ca36 5cbefcc8d7a04ad49654f2e15158ca36] 10.0.0.63 "GET /v2.0/security-groups?id=22fc68fe-c231-4104-8287-3f53b1d0b8f3&fields=id&fields=name HTTP/1.1" status: 200 len: 312 time: 0.0690050
2026-05-09 02:41:39.859 10 INFO neutron.wsgi [req-a96ffbb1-643f-4562-a1ca-7f55377fedcf req-742bb0b5-ffdc-4a21-9a70-f6d867e3a4db 6f9630338a534e6695d7a5988e503b91 427fd924fbb44415aa1d26378db5c9b9 - - default default] 199.204.45.138 "GET /v2.0/ports?device_id=9286ab34-4deb-48a2-bed4-5190947b1ea1 HTTP/1.1" status: 200 len: 1168 time: 0.0416255
2026-05-09 02:41:39.998 10 INFO neutron.db.ovn_revision_numbers_db [None req-56a148bd-0010-44a2-86a8-c91e0137a763 - - - - - -] Successfully bumped revision number for resource 83df7814-1293-4ff7-82cd-2b05b6fdb867 (type: ports) to 5
2026-05-09 02:41:40.141 10 INFO neutron.notifiers.nova [-] Nova event matching ['req-665933a6-ddce-4279-a7c9-ce7a2db75a5a'] response: {'server_uuid': '9286ab34-4deb-48a2-bed4-5190947b1ea1', 'name': 'network-vif-plugged', 'status': 'completed', 'tag': '83df7814-1293-4ff7-82cd-2b05b6fdb867', 'code': 200}
2026-05-09 02:41:40.142 10 INFO neutron.notifiers.nova [-] Nova event matching ['req-665933a6-ddce-4279-a7c9-ce7a2db75a5a'] response: {'server_uuid': '9286ab34-4deb-48a2-bed4-5190947b1ea1', 'name': 'network-vif-unplugged', 'status': 'completed', 'tag': '83df7814-1293-4ff7-82cd-2b05b6fdb867', 'code': 200}
2026-05-09 02:41:40.142 10 INFO neutron.notifiers.nova [-] Nova event matching ['req-665933a6-ddce-4279-a7c9-ce7a2db75a5a'] response: {'server_uuid': '9286ab34-4deb-48a2-bed4-5190947b1ea1', 'name': 'network-vif-plugged', 'status': 'completed', 'tag': '83df7814-1293-4ff7-82cd-2b05b6fdb867', 'code': 200}
2026-05-09 02:41:40.208 10 INFO neutron.wsgi [req-a96ffbb1-643f-4562-a1ca-7f55377fedcf req-e73e819a-a5fa-4024-ada2-b840d0ab72f7 6f9630338a534e6695d7a5988e503b91 427fd924fbb44415aa1d26378db5c9b9 - - default default] 199.204.45.138 "DELETE /v2.0/ports/83df7814-1293-4ff7-82cd-2b05b6fdb867 HTTP/1.1" status: 204 len: 173 time: 0.3401406 /var/lib/openstack/lib/python3.10/site-packages/pycadf/identifier.py:71: UserWarning: Invalid uuid: neutron. To ensure interoperability, identifiers should be a valid uuid. warnings.warn(('Invalid uuid: %s. To ensure interoperability, '
2026-05-09 02:41:40.633 10 INFO neutron.wsgi [req-f22abbf1-46da-4f56-98b2-df8cd57ada99 req-9aae3c77-088e-4624-93f2-5bbecda0ae8f 6f9630338a534e6695d7a5988e503b91 427fd924fbb44415aa1d26378db5c9b9 - - default default] 10.0.0.176 "GET /v2.0/ports?device_id=9286ab34-4deb-48a2-bed4-5190947b1ea1 HTTP/1.1" status: 200 len: 210 time: 0.0320370
2026-05-09 02:41:40.957 9 INFO neutron.wsgi [None req-8f27e024-917b-473c-8dbd-b8ca736aae36 e19386852cca47c688f9e8a0e351aa8f 1521d1c7f02347959c12a00f46e74892 - - default default] 10.0.0.223 "GET /v2.0/extensions HTTP/1.1" status: 200 len: 16975 time: 0.1719372
2026-05-09 02:41:40.968 9 INFO neutron.wsgi [None req-a61a91fc-61aa-432a-84e9-4fcdb09d7ef3 e19386852cca47c688f9e8a0e351aa8f 1521d1c7f02347959c12a00f46e74892 - - default default] 10.0.0.223 "GET /v2.0/extensions/address-group HTTP/1.1" status: 200 len: 353 time: 0.0049758
2026-05-09 02:41:40.976 9 INFO neutron.wsgi [None req-9f1d9ff0-cdb6-41e2-ac3e-9ff67b9ebcdc e19386852cca47c688f9e8a0e351aa8f 1521d1c7f02347959c12a00f46e74892 - - default default] 10.0.0.223 "GET /v2.0/extensions/address-scope HTTP/1.1" status: 200 len: 357 time: 0.0048378
2026-05-09 02:41:40.988 10 INFO neutron.wsgi [None req-2e7247e3-10ec-494d-ba43-4ec4fd91ceab e19386852cca47c688f9e8a0e351aa8f 1521d1c7f02347959c12a00f46e74892 - - default default] 10.0.0.223 "GET /v2.0/extensions/agent HTTP/1.1" status: 200 len: 347 time: 0.0073745
2026-05-09 02:41:40.998 10 INFO neutron.wsgi [None req-fc0d2ec1-b30d-4d9a-bfd7-b35ccfdaea98 e19386852cca47c688f9e8a0e351aa8f 1521d1c7f02347959c12a00f46e74892 - - default default] 10.0.0.223 "GET /v2.0/extensions/allowed-address-pairs HTTP/1.1" status: 200 len: 378 time: 0.0063469
2026-05-09 02:41:41.010 10 INFO neutron.wsgi [None req-f273079a-8c9b-42ea-a5ba-efef2ccc5faa e19386852cca47c688f9e8a0e351aa8f 1521d1c7f02347959c12a00f46e74892 - - default default] 10.0.0.223 "GET /v2.0/extensions/auto-allocated-topology HTTP/1.1" status: 200 len: 394 time: 0.0073252
2026-05-09 02:41:41.022 9 INFO neutron.wsgi [None req-9661756f-bb4c-4a66-be31-689df55981b5 e19386852cca47c688f9e8a0e351aa8f 1521d1c7f02347959c12a00f46e74892 - - default default] 10.0.0.223 "GET /v2.0/extensions/availability_zone HTTP/1.1" status: 200 len: 372 time: 0.0065155
2026-05-09 02:41:41.030 9 INFO neutron.wsgi [None req-4056b7c3-beca-4796-8a15-93f70968b896 e19386852cca47c688f9e8a0e351aa8f 1521d1c7f02347959c12a00f46e74892 - - default default] 10.0.0.223 "GET /v2.0/extensions/default-subnetpools HTTP/1.1" status: 200 len: 405 time: 0.0047779
2026-05-09 02:41:41.038 9 INFO neutron.wsgi [None req-f1a4f748-fed3-401d-857e-e8aea55156ed e19386852cca47c688f9e8a0e351aa8f 1521d1c7f02347959c12a00f46e74892 - - default default] 10.0.0.223 "GET /v2.0/extensions/dhcp_agent_scheduler HTTP/1.1" status: 200 len: 381 time: 0.0045817
2026-05-09 02:41:41.046 9 INFO neutron.wsgi [None req-fe2719cd-17b7-48d8-afe2-4d3de11af5bd e19386852cca47c688f9e8a0e351aa8f 1521d1c7f02347959c12a00f46e74892 - - default default] 10.0.0.223 "GET /v2.0/extensions/dns-integration HTTP/1.1" status: 200 len: 366 time: 0.0048516
2026-05-09 02:41:41.055 9 INFO neutron.wsgi [None req-9b9e9538-45dc-4343-9944-17e7638e801f e19386852cca47c688f9e8a0e351aa8f 1521d1c7f02347959c12a00f46e74892 - - default default] 10.0.0.223 "GET /v2.0/extensions/dns-domain-ports HTTP/1.1" status: 200 len: 399 time: 0.0053773
2026-05-09 02:41:41.063 9 INFO neutron.wsgi [None req-e4488d84-a458-43b3-a9ea-9d33b9f7c2f7 e19386852cca47c688f9e8a0e351aa8f 1521d1c7f02347959c12a00f46e74892 - - default default] 10.0.0.223 "GET /v2.0/extensions/dns-integration-domain-keywords HTTP/1.1" status: 200 len: 477 time: 0.0044699
2026-05-09 02:41:41.073 9 INFO neutron.wsgi [None req-05351455-86c5-4b9c-8a8c-2a2fa5fb4256 e19386852cca47c688f9e8a0e351aa8f 1521d1c7f02347959c12a00f46e74892 - - default default] 10.0.0.223 "GET /v2.0/extensions/empty-string-filtering HTTP/1.1" status: 200 len: 413 time: 0.0047987
2026-05-09 02:41:41.084 10 INFO neutron.wsgi [None req-bb2c01a0-d250-4828-805a-4c6a1de745cb e19386852cca47c688f9e8a0e351aa8f 1521d1c7f02347959c12a00f46e74892 - - default default] 10.0.0.223 "GET /v2.0/extensions/external-net HTTP/1.1" status: 200 len: 394 time: 0.0069211
2026-05-09 02:41:41.094 10 INFO neutron.wsgi [None req-da4db242-de43-481a-80a1-2db0990ccb66 e19386852cca47c688f9e8a0e351aa8f 1521d1c7f02347959c12a00f46e74892 - - default default] 10.0.0.223 "GET /v2.0/extensions/extra_dhcp_opt HTTP/1.1" status: 200 len: 498 time: 0.0051866
2026-05-09 02:41:41.103 10 INFO neutron.wsgi [None req-504b7ab5-6567-4a54-8518-5117a2b01d44 e19386852cca47c688f9e8a0e351aa8f 1521d1c7f02347959c12a00f46e74892 - - default default] 10.0.0.223 "GET /v2.0/extensions/extraroute HTTP/1.1" status: 200 len: 375 time: 0.0052063
2026-05-09 02:41:41.112 10 INFO neutron.wsgi [None req-4f6cb63e-6a9c-4106-a2a9-e0fb1505fc88 e19386852cca47c688f9e8a0e351aa8f 1521d1c7f02347959c12a00f46e74892 - - default default] 10.0.0.223 "GET /v2.0/extensions/filter-validation HTTP/1.1" status: 200 len: 392 time: 0.0050416
2026-05-09 02:41:41.122 10 INFO neutron.wsgi [None req-8804fb77-ad5c-4066-890e-5993a8ef53a1 e19386852cca47c688f9e8a0e351aa8f 1521d1c7f02347959c12a00f46e74892 - - default default] 10.0.0.223 "GET /v2.0/extensions/floating-ip-port-forwarding-detail HTTP/1.1" status: 200 len: 465 time: 0.0060403
2026-05-09 02:41:41.131 10 INFO neutron.wsgi [None req-252e4e4d-b10d-4010-82c4-0f1a75b80fed e19386852cca47c688f9e8a0e351aa8f 1521d1c7f02347959c12a00f46e74892 - - default default] 10.0.0.223 "GET /v2.0/extensions/fip-port-details HTTP/1.1" status: 200 len: 406 time: 0.0052559
2026-05-09 02:41:41.140 10 INFO neutron.wsgi [None req-c9fef38d-3bc5-416a-b0db-9347975776ae e19386852cca47c688f9e8a0e351aa8f 1521d1c7f02347959c12a00f46e74892 - - default default] 10.0.0.223 "GET /v2.0/extensions/flavors HTTP/1.1" status: 200 len: 387 time: 0.0048068
2026-05-09 02:41:41.150 10 INFO neutron.wsgi [None req-4937c8c6-e7da-46d7-ab83-f15d7eba2eef e19386852cca47c688f9e8a0e351aa8f 1521d1c7f02347959c12a00f46e74892 - - default default] 10.0.0.223 "GET /v2.0/extensions/floatingip-pools HTTP/1.1" status: 200 len: 382 time: 0.0052631
2026-05-09 02:41:41.158 10 INFO neutron.wsgi [None req-d42ebc8a-ab8d-4182-99fe-11c4a51cd5ee e19386852cca47c688f9e8a0e351aa8f 1521d1c7f02347959c12a00f46e74892 - - default default] 10.0.0.223 "GET /v2.0/extensions/ip_allocation HTTP/1.1" status: 200 len: 356 time: 0.0050027
2026-05-09 02:41:41.167 10 INFO neutron.wsgi [None req-6be8d02a-fccd-4b42-abcc-7d8603d44c93 e19386852cca47c688f9e8a0e351aa8f 1521d1c7f02347959c12a00f46e74892 - - default default] 10.0.0.223 "GET /v2.0/extensions/l2_adjacency HTTP/1.1" status: 200 len: 372 time: 0.0044301
2026-05-09 02:41:41.176 10 INFO neutron.wsgi [None req-8afcf780-63a0-469c-8ebb-a86bae14ad9e e19386852cca47c688f9e8a0e351aa8f 1521d1c7f02347959c12a00f46e74892 - - default default] 10.0.0.223 "GET /v2.0/extensions/router HTTP/1.1" status: 200 len: 450 time: 0.0045748
2026-05-09 02:41:41.186 10 INFO neutron.wsgi [None req-1375044e-a39b-454b-9986-51cfdf96e12a e19386852cca47c688f9e8a0e351aa8f 1521d1c7f02347959c12a00f46e74892 - - default default] 10.0.0.223 "GET /v2.0/extensions/ext-gw-mode HTTP/1.1" status: 200 len: 462 time: 0.0047681
2026-05-09 02:41:41.196 9 INFO neutron.wsgi [None req-6b4a438e-a8de-493c-86dd-fe075f7889ef e19386852cca47c688f9e8a0e351aa8f 1521d1c7f02347959c12a00f46e74892 - - default default] 10.0.0.223 "GET /v2.0/extensions/logging HTTP/1.1" status: 200 len: 407 time: 0.0058715
2026-05-09 02:41:41.206 9 INFO neutron.wsgi [None req-4a84d02d-bc0b-4612-b2b2-7164ab0f7169 e19386852cca47c688f9e8a0e351aa8f 1521d1c7f02347959c12a00f46e74892 - - default default] 10.0.0.223 "GET /v2.0/extensions/multi-provider HTTP/1.1" status: 200 len: 406 time: 0.0055313
2026-05-09 02:41:41.214 9 INFO neutron.wsgi [None req-85292bd2-d630-491f-922c-33c2ebc6fada e19386852cca47c688f9e8a0e351aa8f 1521d1c7f02347959c12a00f46e74892 - - default default] 10.0.0.223 "GET /v2.0/extensions/net-mtu HTTP/1.1" status: 200 len: 370 time: 0.0035317
2026-05-09 02:41:41.224 9 INFO neutron.wsgi [None req-4ac2fcb1-2f68-4431-a7dc-5ebb5f3ed7f3 e19386852cca47c688f9e8a0e351aa8f 1521d1c7f02347959c12a00f46e74892 - - default default] 10.0.0.223 "GET /v2.0/extensions/net-mtu-writable HTTP/1.1" status: 200 len: 401 time: 0.0050182
2026-05-09 02:41:41.236 10 INFO neutron.wsgi [None req-296f2df1-209d-42d0-b8a8-6062f674bf24 e19386852cca47c688f9e8a0e351aa8f 1521d1c7f02347959c12a00f46e74892 - - default default] 10.0.0.223 "GET /v2.0/extensions/network_availability_zone HTTP/1.1" status: 200 len: 394 time: 0.0071702
2026-05-09 02:41:41.247 9 INFO neutron.wsgi [None req-ab69a66d-bf82-4b8d-b59d-b996be1c8c37 e19386852cca47c688f9e8a0e351aa8f 1521d1c7f02347959c12a00f46e74892 - - default default] 10.0.0.223 "GET /v2.0/extensions/network-ip-availability HTTP/1.1" status: 200 len: 410 time: 0.0058379
2026-05-09 02:41:41.257 9 INFO neutron.wsgi [None req-bf5f91b8-5668-4456-b9a0-1a77c963d1fb e19386852cca47c688f9e8a0e351aa8f 1521d1c7f02347959c12a00f46e74892 - - default default] 10.0.0.223 "GET /v2.0/extensions/pagination HTTP/1.1" status: 200 len: 386 time: 0.0048358
2026-05-09 02:41:41.264 9 INFO neutron.wsgi [None req-309aeeee-cf62-40bf-b412-cbbe95c2f4fb e19386852cca47c688f9e8a0e351aa8f 1521d1c7f02347959c12a00f46e74892 - - default default] 10.0.0.223 "GET /v2.0/extensions/port-device-profile HTTP/1.1" status: 200 len: 383 time: 0.0042591
2026-05-09 02:41:41.271 9 INFO neutron.wsgi [None req-ea284fe7-d8d1-4b00-8e23-716d6fc777de e19386852cca47c688f9e8a0e351aa8f 1521d1c7f02347959c12a00f46e74892 - - default default] 10.0.0.223 "GET /v2.0/extensions/port-mac-address-regenerate HTTP/1.1" status: 200 len: 403 time: 0.0032778
2026-05-09 02:41:41.279 9 INFO neutron.wsgi [None req-27a8cc47-51c6-4bfa-92e8-4d0c42ea4ee0 e19386852cca47c688f9e8a0e351aa8f 1521d1c7f02347959c12a00f46e74892 - - default default] 10.0.0.223 "GET /v2.0/extensions/port-numa-affinity-policy HTTP/1.1" status: 200 len: 392 time: 0.0041292
2026-05-09 02:41:41.287 9 INFO neutron.wsgi [None req-cfba3a4b-0776-4bc9-9dd6-232c744497cd e19386852cca47c688f9e8a0e351aa8f 1521d1c7f02347959c12a00f46e74892 - - default default] 10.0.0.223 "GET /v2.0/extensions/port-resource-request HTTP/1.1" status: 200 len: 379 time: 0.0049706
2026-05-09 02:41:41.295 9 INFO neutron.wsgi [None req-9cd26399-6ab4-44b7-bec6-f44a9bfa53e4 e19386852cca47c688f9e8a0e351aa8f 1521d1c7f02347959c12a00f46e74892 - - default default] 10.0.0.223 "GET /v2.0/extensions/port-resource-request-groups HTTP/1.1" status: 200 len: 465 time: 0.0044682
2026-05-09 02:41:41.303 9 INFO neutron.wsgi [None req-71c2efdf-ae70-4078-a1b5-6e11eb09f1c8 e19386852cca47c688f9e8a0e351aa8f 1521d1c7f02347959c12a00f46e74892 - - default default] 10.0.0.223 "GET /v2.0/extensions/binding HTTP/1.1" status: 200 len: 387 time: 0.0043056
2026-05-09 02:41:41.310 9 INFO neutron.wsgi [None req-4b02180f-caa4-47f8-bca5-8d7d195cf912 e19386852cca47c688f9e8a0e351aa8f 1521d1c7f02347959c12a00f46e74892 - - default default] 10.0.0.223 "GET /v2.0/extensions/binding-extended HTTP/1.1" status: 200 len: 406 time: 0.0044706
2026-05-09 02:41:41.321 10 INFO neutron.wsgi [None req-e73d4276-fab7-4cec-aa5a-51395e8021cb e19386852cca47c688f9e8a0e351aa8f 1521d1c7f02347959c12a00f46e74892 - - default default] 10.0.0.223 "GET /v2.0/extensions/port-security HTTP/1.1" status: 200 len: 354 time: 0.0065932
2026-05-09 02:41:41.330 10 INFO neutron.wsgi [None req-fa7001fd-02d2-4cd1-8b9a-72acac13bba4 e19386852cca47c688f9e8a0e351aa8f 1521d1c7f02347959c12a00f46e74892 - - default default] 10.0.0.223 "GET /v2.0/extensions/project-id HTTP/1.1" status: 200 len: 398 time: 0.0047662
2026-05-09 02:41:41.338 10 INFO neutron.wsgi [None req-bb729e24-801e-4213-aa6b-9183fe97d283 e19386852cca47c688f9e8a0e351aa8f 1521d1c7f02347959c12a00f46e74892 - - default default] 10.0.0.223 "GET /v2.0/extensions/provider HTTP/1.1" status: 200 len: 385 time: 0.0046527
2026-05-09 02:41:41.347 10 INFO neutron.wsgi [None req-4ec77c1f-ccef-4c75-9a69-4eb42255e098 e19386852cca47c688f9e8a0e351aa8f 1521d1c7f02347959c12a00f46e74892 - - default default] 10.0.0.223 "GET /v2.0/extensions/qos HTTP/1.1" status: 200 len: 360 time: 0.0048523
2026-05-09 02:41:41.356 10 INFO neutron.wsgi [None req-5c849c58-2856-4825-9c22-390fcf0b1409 e19386852cca47c688f9e8a0e351aa8f 1521d1c7f02347959c12a00f46e74892 - - default default] 10.0.0.223 "GET /v2.0/extensions/qos-bw-limit-direction HTTP/1.1" status: 200 len: 452 time: 0.0046468
2026-05-09 02:41:41.365 10 INFO neutron.wsgi [None req-d6f6648d-e01e-4c1a-aca0-3d831db4604a e19386852cca47c688f9e8a0e351aa8f 1521d1c7f02347959c12a00f46e74892 - - default default] 10.0.0.223 "GET /v2.0/extensions/qos-bw-minimum-ingress HTTP/1.1" status: 200 len: 445 time: 0.0042732
2026-05-09 02:41:41.372 10 INFO neutron.wsgi [None req-0e611a40-6063-4e91-873e-1938abac6ff7 e19386852cca47c688f9e8a0e351aa8f 1521d1c7f02347959c12a00f46e74892 - - default default] 10.0.0.223 "GET /v2.0/extensions/qos-default HTTP/1.1" status: 200 len: 377 time: 0.0043623
2026-05-09 02:41:41.382 10 INFO neutron.wsgi [None req-6b97f587-5c93-4ba5-844c-944676c462f3 e19386852cca47c688f9e8a0e351aa8f 1521d1c7f02347959c12a00f46e74892 - - default default] 10.0.0.223 "GET /v2.0/extensions/qos-fip HTTP/1.1" status: 200 len: 372 time: 0.0044029
2026-05-09 02:41:41.391 10 INFO neutron.wsgi [None req-aab8a841-a9f8-417b-87d1-f39f0bb18002 e19386852cca47c688f9e8a0e351aa8f 1521d1c7f02347959c12a00f46e74892 - - default default] 10.0.0.223 "GET /v2.0/extensions/qos-gateway-ip HTTP/1.1" status: 200 len: 391 time: 0.0041397
2026-05-09 02:41:41.399 10 INFO neutron.wsgi [None req-945a6efe-9204-4b29-9347-9e6017a62614 e19386852cca47c688f9e8a0e351aa8f 1521d1c7f02347959c12a00f46e74892 - - default default] 10.0.0.223 "GET /v2.0/extensions/qos-port-network-policy HTTP/1.1" status: 200 len: 403 time: 0.0041492
2026-05-09 02:41:41.406 10 INFO neutron.wsgi [None req-06d50a57-1391-46a2-aa87-2913316eaa82 e19386852cca47c688f9e8a0e351aa8f 1521d1c7f02347959c12a00f46e74892 - - default default] 10.0.0.223 "GET /v2.0/extensions/qos-pps-minimum HTTP/1.1" status: 200 len: 397 time: 0.0040817
2026-05-09 02:41:41.417 10 INFO neutron.wsgi [None req-4bfd6f81-787a-4b98-9394-5d35c504d01c e19386852cca47c688f9e8a0e351aa8f 1521d1c7f02347959c12a00f46e74892 - - default default] 10.0.0.223 "GET /v2.0/extensions/qos-pps-minimum-rule-alias HTTP/1.1" status: 200 len: 471 time: 0.0078099
2026-05-09 02:41:41.426 10 INFO neutron.wsgi [None req-6ced9484-9d51-47d0-af5c-39a842837d70 e19386852cca47c688f9e8a0e351aa8f 1521d1c7f02347959c12a00f46e74892 - - default default] 10.0.0.223 "GET /v2.0/extensions/qos-pps HTTP/1.1" status: 200 len: 389 time: 0.0043457
2026-05-09 02:41:41.433 10 INFO neutron.wsgi [None req-8556c8c8-132b-41cc-8503-60cafe78545e e19386852cca47c688f9e8a0e351aa8f 1521d1c7f02347959c12a00f46e74892 - - default default] 10.0.0.223 "GET /v2.0/extensions/qos-rule-type-details HTTP/1.1" status: 200 len: 423 time: 0.0043409
2026-05-09 02:41:41.445 9 INFO neutron.wsgi [None req-2b154cdf-de5a-4dc6-a213-d00212985475 e19386852cca47c688f9e8a0e351aa8f 1521d1c7f02347959c12a00f46e74892 - - default default] 10.0.0.223 "GET /v2.0/extensions/qos-rule-type-filter HTTP/1.1" status: 200 len: 567 time: 0.0073271
2026-05-09 02:41:41.453 9 INFO neutron.wsgi [None req-55c1cb2e-47b1-455d-958b-20096f0d04e0 e19386852cca47c688f9e8a0e351aa8f 1521d1c7f02347959c12a00f46e74892 - - default default] 10.0.0.223 "GET /v2.0/extensions/qos-rules-alias HTTP/1.1" status: 200 len: 448 time: 0.0051067
2026-05-09 02:41:41.462 9 INFO neutron.wsgi [None req-d2dcffad-5ac2-4f68-bef4-11efe0994440 e19386852cca47c688f9e8a0e351aa8f 1521d1c7f02347959c12a00f46e74892 - - default default] 10.0.0.223 "GET /v2.0/extensions/quota-check-limit HTTP/1.1" status: 200 len: 420 time: 0.0047543
2026-05-09 02:41:41.470 9 INFO neutron.wsgi [None req-a68ab39f-8c21-42db-b068-9a2ad1927475 e19386852cca47c688f9e8a0e351aa8f 1521d1c7f02347959c12a00f46e74892 - - default default] 10.0.0.223 "GET /v2.0/extensions/quotas HTTP/1.1" status: 200 len: 386 time: 0.0046844
2026-05-09 02:41:41.481 9 INFO neutron.wsgi [None req-a985b65a-29fd-4f72-925c-045c664560d1 e19386852cca47c688f9e8a0e351aa8f 1521d1c7f02347959c12a00f46e74892 - - default default] 10.0.0.223 "GET /v2.0/extensions/quota_details HTTP/1.1" status: 200 len: 407 time: 0.0069311
2026-05-09 02:41:41.491 10 INFO neutron.wsgi [None req-92924242-addd-4482-a6fc-9054d3ccdf39 e19386852cca47c688f9e8a0e351aa8f 1521d1c7f02347959c12a00f46e74892 - - default default] 10.0.0.223 "GET /v2.0/extensions/rbac-policies HTTP/1.1" status: 200 len: 417 time: 0.0054629
2026-05-09 02:41:41.499 10 INFO neutron.wsgi [None req-595f21e9-4ecb-4c5a-b6fa-ee43c18c0cb7 e19386852cca47c688f9e8a0e351aa8f 1521d1c7f02347959c12a00f46e74892 - - default default] 10.0.0.223 "GET /v2.0/extensions/rbac-address-scope HTTP/1.1" status: 200 len: 384 time: 0.0048139
2026-05-09 02:41:41.508 10 INFO neutron.wsgi [None req-c3c6c49a-50a8-4894-997a-b669f8dbc72a e19386852cca47c688f9e8a0e351aa8f 1521d1c7f02347959c12a00f46e74892 - - default default] 10.0.0.223 "GET /v2.0/extensions/rbac-security-groups HTTP/1.1" status: 200 len: 404 time: 0.0048206
2026-05-09 02:41:41.516 10 INFO neutron.wsgi [None req-127863ed-11a8-4843-8eb0-b90ba4973b4f e19386852cca47c688f9e8a0e351aa8f 1521d1c7f02347959c12a00f46e74892 - - default default] 10.0.0.223 "GET /v2.0/extensions/revision-if-match HTTP/1.1" status: 200 len: 441 time: 0.0044155
2026-05-09 02:41:41.523 10 INFO neutron.wsgi [None req-9ca25c10-6b4e-481e-85d8-ea8cc0de662d e19386852cca47c688f9e8a0e351aa8f 1521d1c7f02347959c12a00f46e74892 - - default default] 10.0.0.223 "GET /v2.0/extensions/standard-attr-revisions HTTP/1.1" status: 200 len: 423 time: 0.0042608
2026-05-09 02:41:41.533 10 INFO neutron.wsgi [None req-adb4f432-e20a-4c7c-9c3e-85b35062e97d e19386852cca47c688f9e8a0e351aa8f 1521d1c7f02347959c12a00f46e74892 - - default default] 10.0.0.223 "GET /v2.0/extensions/router_availability_zone HTTP/1.1" status: 200 len: 391 time: 0.0066798
2026-05-09 02:41:41.543 10 INFO neutron.wsgi [None req-95d99aec-7211-4120-b7c0-100c51b592d6 e19386852cca47c688f9e8a0e351aa8f 1521d1c7f02347959c12a00f46e74892 - - default default] 10.0.0.223 "GET /v2.0/extensions/security-groups-default-rules HTTP/1.1" status: 200 len: 456 time: 0.0062079
2026-05-09 02:41:41.552 10 INFO neutron.wsgi [None req-b1c3eabc-2061-4568-8bf6-84e843cc1b80 e19386852cca47c688f9e8a0e351aa8f 1521d1c7f02347959c12a00f46e74892 - - default default] 10.0.0.223 "GET /v2.0/extensions/security-groups-normalized-cidr HTTP/1.1" status: 200 len: 445 time: 0.0043004
2026-05-09 02:41:41.559 10 INFO neutron.wsgi [None req-7c6f19db-4adb-49d3-b838-8cd51de511b6 e19386852cca47c688f9e8a0e351aa8f 1521d1c7f02347959c12a00f46e74892 - - default default] 10.0.0.223 "GET /v2.0/extensions/security-groups-remote-address-group HTTP/1.1" status: 200 len: 448 time: 0.0045431
2026-05-09 02:41:41.570 10 INFO neutron.wsgi [None req-9a429505-746b-4fc6-be30-90e9e7f568f7 e19386852cca47c688f9e8a0e351aa8f 1521d1c7f02347959c12a00f46e74892 - - default default] 10.0.0.223 "GET /v2.0/extensions/security-groups-shared-filtering HTTP/1.1" status: 200 len: 435 time: 0.0060101
2026-05-09 02:41:41.578 10 INFO neutron.wsgi [None req-00bf07a3-9445-4047-a696-b25209245067 e19386852cca47c688f9e8a0e351aa8f 1521d1c7f02347959c12a00f46e74892 - - default default] 10.0.0.223 "GET /v2.0/extensions/security-group HTTP/1.1" status: 200 len: 364 time: 0.0048234
2026-05-09 02:41:41.592 10 INFO neutron.wsgi [None req-f3d728bf-6706-40de-a6b8-595e04cfbab5 e19386852cca47c688f9e8a0e351aa8f 1521d1c7f02347959c12a00f46e74892 - - default default] 10.0.0.223 "GET /v2.0/extensions/segment HTTP/1.1" status: 200 len: 339 time: 0.0066142
2026-05-09 02:41:41.601 9 INFO neutron.wsgi [None req-c8002d51-967f-49c6-88a6-fc2c42211cb3 e19386852cca47c688f9e8a0e351aa8f 1521d1c7f02347959c12a00f46e74892 - - default default] 10.0.0.223 "GET /v2.0/extensions/segments-peer-subnet-host-routes HTTP/1.1" status: 200 len: 427 time: 0.0056961
