2026-05-09 02:44:57.576 10 INFO neutron.db.ovn_revision_numbers_db [None req-d81602a3-76c2-4125-b029-09e577e3866b 22bab7bb6ae5456d8a87046c25760263 bbc0c29dc7e040e5aaa9f4b51956a3d6 - - default default] Successfully bumped revision number for resource 4ac4985d-4577-4877-9ab4-4fbf187f15a1 (type: ports) to 1
2026-05-09 02:44:57.622 10 INFO neutron.wsgi [None req-d81602a3-76c2-4125-b029-09e577e3866b 22bab7bb6ae5456d8a87046c25760263 bbc0c29dc7e040e5aaa9f4b51956a3d6 - - default default] 10.0.0.223 "POST /v2.0/networks HTTP/1.1" status: 201 len: 830 time: 1.3137729
2026-05-09 02:44:57.636 9 WARNING neutron_lib.context [None req-7f2168e1-4b7b-4562-a54f-efa53fbb5c74 22bab7bb6ae5456d8a87046c25760263 bbc0c29dc7e040e5aaa9f4b51956a3d6 - - default default] Method 'is_advsvc' is deprecated since 2023.2 release (neutron-lib 3.8.0) and will be removed once support for the old RBAC API policies will be removed from Neutron. Please use method 'is_service_role' instead.
2026-05-09 02:44:57.653 10 INFO neutron.wsgi [None req-30647d57-adb9-47f9-89ff-fbbb594919aa 4b8118e08a79434a99ab870ca5837e7c bf85cc9ad4ba450bb481ec5c281f12d9 - - default default] 10.0.0.223 "PUT /v2.0/subnets/61d523e2-1876-4b39-a4bc-693be60b6449/tags/black.or.white HTTP/1.1" status: 201 len: 201 time: 0.0741689
2026-05-09 02:44:57.707 10 INFO neutron.wsgi [None req-e77ee114-57b5-4791-96a8-e8fce80e1f47 4b8118e08a79434a99ab870ca5837e7c bf85cc9ad4ba450bb481ec5c281f12d9 - - default default] 10.0.0.223 "GET /v2.0/subnets/61d523e2-1876-4b39-a4bc-693be60b6449/tags HTTP/1.1" status: 200 len: 245 time: 0.0481515
2026-05-09 02:44:57.783 10 INFO neutron.wsgi [None req-15c7bf11-7292-487b-973c-929068a6c0eb 4b8118e08a79434a99ab870ca5837e7c bf85cc9ad4ba450bb481ec5c281f12d9 - - default default] 10.0.0.223 "PUT /v2.0/subnets/61d523e2-1876-4b39-a4bc-693be60b6449/tags HTTP/1.1" status: 200 len: 230 time: 0.0704107
2026-05-09 02:44:57.835 10 INFO neutron.wsgi [None req-ff719e8c-6c11-4136-9321-c8a8a3a938ee 4b8118e08a79434a99ab870ca5837e7c bf85cc9ad4ba450bb481ec5c281f12d9 - - default default] 10.0.0.223 "GET /v2.0/subnets/61d523e2-1876-4b39-a4bc-693be60b6449/tags HTTP/1.1" status: 200 len: 230 time: 0.0476148
2026-05-09 02:44:57.918 9 INFO neutron.wsgi [None req-508059a2-32dd-49a5-ad7d-76dc9d6d13a0 4b8118e08a79434a99ab870ca5837e7c bf85cc9ad4ba450bb481ec5c281f12d9 - - default default] 10.0.0.223 "GET /v2.0/subnets/61d523e2-1876-4b39-a4bc-693be60b6449/tags/red HTTP/1.1" status: 204 len: 168 time: 0.0755284
2026-05-09 02:44:57.965 10 INFO neutron.api.v2.resource [None req-f09ab796-c2df-4214-9ea1-da1b3473dc39 4b8118e08a79434a99ab870ca5837e7c bf85cc9ad4ba450bb481ec5c281f12d9 - - default default] show failed (client error): The resource could not be found.
2026-05-09 02:44:57.967 10 INFO neutron.wsgi [None req-f09ab796-c2df-4214-9ea1-da1b3473dc39 4b8118e08a79434a99ab870ca5837e7c bf85cc9ad4ba450bb481ec5c281f12d9 - - default default] 10.0.0.223 "GET /v2.0/subnets/61d523e2-1876-4b39-a4bc-693be60b6449/tags/green HTTP/1.1" status: 404 len: 299 time: 0.0424147
2026-05-09 02:44:57.968 9 WARNING neutron.scheduler.dhcp_agent_scheduler [None req-7f2168e1-4b7b-4562-a54f-efa53fbb5c74 22bab7bb6ae5456d8a87046c25760263 bbc0c29dc7e040e5aaa9f4b51956a3d6 - - default default] No more DHCP agents
2026-05-09 02:44:57.976 9 WARNING neutron.api.rpc.agentnotifiers.dhcp_rpc_agent_api [None req-7f2168e1-4b7b-4562-a54f-efa53fbb5c74 22bab7bb6ae5456d8a87046c25760263 bbc0c29dc7e040e5aaa9f4b51956a3d6 - - default default] Unable to schedule network a60d1642-9047-4f66-b5c4-2a98a2d71356: no agents available; will retry on subsequent port and subnet creation events.
2026-05-09 02:44:58.031 10 INFO neutron.wsgi [None req-a1a76af9-6f65-4220-870e-d1cbf5fd7273 4b8118e08a79434a99ab870ca5837e7c bf85cc9ad4ba450bb481ec5c281f12d9 - - default default] 10.0.0.223 "DELETE /v2.0/subnets/61d523e2-1876-4b39-a4bc-693be60b6449/tags/red HTTP/1.1" status: 204 len: 168 time: 0.0555375
2026-05-09 02:44:58.075 9 INFO neutron.db.ovn_revision_numbers_db [None req-7f2168e1-4b7b-4562-a54f-efa53fbb5c74 22bab7bb6ae5456d8a87046c25760263 bbc0c29dc7e040e5aaa9f4b51956a3d6 - - default default] Successfully bumped revision number for resource 42f159ea-c517-4da6-8819-493cd8afe25f (type: ports) to 1
2026-05-09 02:44:58.085 10 INFO neutron.wsgi [None req-0944744e-1305-4ff7-818f-d5241df3ab60 4b8118e08a79434a99ab870ca5837e7c bf85cc9ad4ba450bb481ec5c281f12d9 - - default default] 10.0.0.223 "GET /v2.0/subnets/61d523e2-1876-4b39-a4bc-693be60b6449/tags HTTP/1.1" status: 200 len: 223 time: 0.0404298
2026-05-09 02:44:58.102 9 INFO neutron.wsgi [None req-7f2168e1-4b7b-4562-a54f-efa53fbb5c74 22bab7bb6ae5456d8a87046c25760263 bbc0c29dc7e040e5aaa9f4b51956a3d6 - - default default] 10.0.0.223 "POST /v2.0/ports HTTP/1.1" status: 201 len: 942 time: 0.4740369 /var/lib/openstack/lib/python3.10/site-packages/pycadf/identifier.py:71: UserWarning: Invalid uuid: neutron. To ensure interoperability, identifiers should be a valid uuid. warnings.warn(('Invalid uuid: %s. To ensure interoperability, '
2026-05-09 02:44:58.148 10 INFO neutron.api.v2.resource [None req-4e90876f-eb14-4c68-b063-5a5991836eb0 4b8118e08a79434a99ab870ca5837e7c bf85cc9ad4ba450bb481ec5c281f12d9 - - default default] delete failed (client error): The resource could not be found.
2026-05-09 02:44:58.151 10 INFO neutron.wsgi [None req-4e90876f-eb14-4c68-b063-5a5991836eb0 4b8118e08a79434a99ab870ca5837e7c bf85cc9ad4ba450bb481ec5c281f12d9 - - default default] 10.0.0.223 "DELETE /v2.0/subnets/61d523e2-1876-4b39-a4bc-693be60b6449/tags/green HTTP/1.1" status: 404 len: 299 time: 0.0576334
2026-05-09 02:44:58.162 9 INFO neutron.wsgi [-] 10.0.0.111 "GET / HTTP/1.1" status: 200 len: 247 time: 0.0013916
2026-05-09 02:44:58.164 9 INFO neutron.wsgi [-] 10.0.0.111 "GET / HTTP/1.1" status: 200 len: 247 time: 0.0009623
2026-05-09 02:44:58.184 9 INFO neutron.wsgi [None req-825a6362-7d1b-4158-83c3-c0eaa2547bf8 22bab7bb6ae5456d8a87046c25760263 bbc0c29dc7e040e5aaa9f4b51956a3d6 - - default default] 10.0.0.223 "PUT /v2.0/ports/42f159ea-c517-4da6-8819-493cd8afe25f/tags HTTP/1.1" status: 200 len: 218 time: 0.0743959
2026-05-09 02:44:58.217 10 INFO neutron.wsgi [None req-be5a0369-c1df-49d8-afeb-78798430d810 4b8118e08a79434a99ab870ca5837e7c bf85cc9ad4ba450bb481ec5c281f12d9 - - default default] 10.0.0.223 "DELETE /v2.0/subnets/61d523e2-1876-4b39-a4bc-693be60b6449/tags HTTP/1.1" status: 204 len: 168 time: 0.0572915
2026-05-09 02:44:58.238 9 INFO neutron.wsgi [None req-bde63f28-484a-4a17-bb71-7d0b7b75a29c 22bab7bb6ae5456d8a87046c25760263 bbc0c29dc7e040e5aaa9f4b51956a3d6 - - default default] 10.0.0.223 "GET /v2.0/ports/42f159ea-c517-4da6-8819-493cd8afe25f/tags HTTP/1.1" status: 200 len: 218 time: 0.0491304
2026-05-09 02:44:58.263 10 INFO neutron.wsgi [None req-cbc44008-5623-43f2-93ed-364d3b86a463 4b8118e08a79434a99ab870ca5837e7c bf85cc9ad4ba450bb481ec5c281f12d9 - - default default] 10.0.0.223 "GET /v2.0/subnets/61d523e2-1876-4b39-a4bc-693be60b6449/tags HTTP/1.1" status: 200 len: 205 time: 0.0394046
2026-05-09 02:44:58.351 9 INFO neutron.wsgi [None req-c18575b4-419f-4032-a4a4-01af02b4f896 22bab7bb6ae5456d8a87046c25760263 bbc0c29dc7e040e5aaa9f4b51956a3d6 - - default default] 10.0.0.223 "PUT /v2.0/ports/42f159ea-c517-4da6-8819-493cd8afe25f/tags/green HTTP/1.1" status: 201 len: 201 time: 0.1079588
2026-05-09 02:44:58.391 10 INFO neutron.wsgi [None req-06b0afa4-247c-4a8c-b3f1-b74c2094dbe0 22bab7bb6ae5456d8a87046c25760263 bbc0c29dc7e040e5aaa9f4b51956a3d6 - - default default] 10.0.0.223 "GET /v2.0/ports/42f159ea-c517-4da6-8819-493cd8afe25f/tags HTTP/1.1" status: 200 len: 227 time: 0.0354221
2026-05-09 02:44:58.431 10 INFO neutron.wsgi [None req-6aa0972c-dc1c-4254-acfa-ef78c715a3cc 22bab7bb6ae5456d8a87046c25760263 bbc0c29dc7e040e5aaa9f4b51956a3d6 - - default default] 10.0.0.223 "PUT /v2.0/ports/42f159ea-c517-4da6-8819-493cd8afe25f/tags/red HTTP/1.1" status: 201 len: 201 time: 0.0342839
2026-05-09 02:44:58.469 10 INFO neutron.wsgi [None req-2ba6006e-238b-4961-81a9-7887d14cb97b 22bab7bb6ae5456d8a87046c25760263 bbc0c29dc7e040e5aaa9f4b51956a3d6 - - default default] 10.0.0.223 "GET /v2.0/ports/42f159ea-c517-4da6-8819-493cd8afe25f/tags HTTP/1.1" status: 200 len: 227 time: 0.0332613
2026-05-09 02:44:58.523 10 INFO neutron.wsgi [None req-587b37de-c8d9-4938-ab4f-54d2ac1a7fc6 22bab7bb6ae5456d8a87046c25760263 bbc0c29dc7e040e5aaa9f4b51956a3d6 - - default default] 10.0.0.223 "PUT /v2.0/ports/42f159ea-c517-4da6-8819-493cd8afe25f/tags/black.or.white HTTP/1.1" status: 201 len: 201 time: 0.0496743
2026-05-09 02:44:58.564 10 INFO neutron.wsgi [None req-a88ea129-323e-4585-9253-b1fe4eab7b88 22bab7bb6ae5456d8a87046c25760263 bbc0c29dc7e040e5aaa9f4b51956a3d6 - - default default] 10.0.0.223 "GET /v2.0/ports/42f159ea-c517-4da6-8819-493cd8afe25f/tags HTTP/1.1" status: 200 len: 245 time: 0.0349419
2026-05-09 02:44:58.620 10 INFO neutron.wsgi [None req-52b350d6-0d6a-4980-9f90-b6843ac2e766 22bab7bb6ae5456d8a87046c25760263 bbc0c29dc7e040e5aaa9f4b51956a3d6 - - default default] 10.0.0.223 "PUT /v2.0/ports/42f159ea-c517-4da6-8819-493cd8afe25f/tags HTTP/1.1" status: 200 len: 230 time: 0.0507679
2026-05-09 02:44:58.657 10 INFO neutron.wsgi [None req-5777f93b-b006-42e4-991b-6b9b7af6f008 22bab7bb6ae5456d8a87046c25760263 bbc0c29dc7e040e5aaa9f4b51956a3d6 - - default default] 10.0.0.223 "GET /v2.0/ports/42f159ea-c517-4da6-8819-493cd8afe25f/tags HTTP/1.1" status: 200 len: 230 time: 0.0313911
2026-05-09 02:44:58.701 10 INFO neutron.wsgi [None req-a8b49a2b-55d4-4c1b-9e5a-dc669d41e5fa 22bab7bb6ae5456d8a87046c25760263 bbc0c29dc7e040e5aaa9f4b51956a3d6 - - default default] 10.0.0.223 "GET /v2.0/ports/42f159ea-c517-4da6-8819-493cd8afe25f/tags/red HTTP/1.1" status: 204 len: 168 time: 0.0388145
2026-05-09 02:44:58.744 9 INFO neutron.api.v2.resource [None req-9aaf852d-d77c-4763-9972-e2f9def08501 22bab7bb6ae5456d8a87046c25760263 bbc0c29dc7e040e5aaa9f4b51956a3d6 - - default default] show failed (client error): The resource could not be found.
2026-05-09 02:44:58.745 9 INFO neutron.wsgi [None req-9aaf852d-d77c-4763-9972-e2f9def08501 22bab7bb6ae5456d8a87046c25760263 bbc0c29dc7e040e5aaa9f4b51956a3d6 - - default default] 10.0.0.223 "GET /v2.0/ports/42f159ea-c517-4da6-8819-493cd8afe25f/tags/green HTTP/1.1" status: 404 len: 299 time: 0.0391188
2026-05-09 02:44:58.762 9 INFO neutron.wsgi [None req-5ddcea4a-5c1e-4db6-a276-2cf24437a7be 4b8118e08a79434a99ab870ca5837e7c bf85cc9ad4ba450bb481ec5c281f12d9 - - default default] 10.0.0.223 "DELETE /v2.0/subnets/61d523e2-1876-4b39-a4bc-693be60b6449 HTTP/1.1" status: 204 len: 168 time: 0.4833322
2026-05-09 02:44:58.829 9 INFO neutron.wsgi [None req-2dc1d96d-f1d9-4085-a544-6402f6681372 22bab7bb6ae5456d8a87046c25760263 bbc0c29dc7e040e5aaa9f4b51956a3d6 - - default default] 10.0.0.223 "DELETE /v2.0/ports/42f159ea-c517-4da6-8819-493cd8afe25f/tags/red HTTP/1.1" status: 204 len: 168 time: 0.0773261
2026-05-09 02:44:58.894 9 INFO neutron.wsgi [None req-bac42f44-44e3-4cd6-90f9-1d3be008c34d 22bab7bb6ae5456d8a87046c25760263 bbc0c29dc7e040e5aaa9f4b51956a3d6 - - default default] 10.0.0.223 "GET /v2.0/ports/42f159ea-c517-4da6-8819-493cd8afe25f/tags HTTP/1.1" status: 200 len: 223 time: 0.0586154
2026-05-09 02:44:58.940 10 INFO neutron.api.v2.resource [None req-4d489a3a-049d-4729-b9b6-1dd245c1bf4b 22bab7bb6ae5456d8a87046c25760263 bbc0c29dc7e040e5aaa9f4b51956a3d6 - - default default] delete failed (client error): The resource could not be found.
2026-05-09 02:44:58.942 10 INFO neutron.wsgi [None req-4d489a3a-049d-4729-b9b6-1dd245c1bf4b 22bab7bb6ae5456d8a87046c25760263 bbc0c29dc7e040e5aaa9f4b51956a3d6 - - default default] 10.0.0.223 "DELETE /v2.0/ports/42f159ea-c517-4da6-8819-493cd8afe25f/tags/green HTTP/1.1" status: 404 len: 299 time: 0.0410454
2026-05-09 02:44:58.998 10 INFO neutron.wsgi [None req-81095b5e-4bf4-4794-91ce-34c0f74c250d 22bab7bb6ae5456d8a87046c25760263 bbc0c29dc7e040e5aaa9f4b51956a3d6 - - default default] 10.0.0.223 "DELETE /v2.0/ports/42f159ea-c517-4da6-8819-493cd8afe25f/tags HTTP/1.1" status: 204 len: 168 time: 0.0504196
2026-05-09 02:44:59.045 10 INFO neutron.wsgi [None req-34dd6457-35e4-435e-9321-2b66404a64af 22bab7bb6ae5456d8a87046c25760263 bbc0c29dc7e040e5aaa9f4b51956a3d6 - - default default] 10.0.0.223 "GET /v2.0/ports/42f159ea-c517-4da6-8819-493cd8afe25f/tags HTTP/1.1" status: 200 len: 205 time: 0.0418501
2026-05-09 02:44:59.194 9 INFO neutron.services.segments.plugin [-] Segment 85313d19-feb4-4510-a8c0-ccc62b1e2a99 resource provider aggregate not found
2026-05-09 02:44:59.200 9 INFO neutron.services.segments.plugin [-] Segment 85313d19-feb4-4510-a8c0-ccc62b1e2a99 resource provider aggregate not found
2026-05-09 02:44:59.219 9 INFO neutron.services.segments.plugin [-] Segment 85313d19-feb4-4510-a8c0-ccc62b1e2a99 resource provider not found; error: Placement Client Error (4xx): {"errors": [{"status": 404, "title": "Not Found", "detail": "The resource could not be found.\n\n No resource provider with uuid 85313d19-feb4-4510-a8c0-ccc62b1e2a99 found for delete ", "request_id": "req-daff05c6-6084-41b4-8f30-f44bc03bd21d"}]}
2026-05-09 02:44:59.220 9 INFO neutron.services.segments.plugin [-] Segment 85313d19-feb4-4510-a8c0-ccc62b1e2a99 resource provider not found; error: Placement Client Error (4xx): {"errors": [{"status": 404, "title": "Not Found", "detail": "The resource could not be found.\n\n No resource provider with uuid 85313d19-feb4-4510-a8c0-ccc62b1e2a99 found for delete ", "request_id": "req-c393042f-6a06-4618-a266-089dbdfcdedb"}]}
2026-05-09 02:44:59.244 9 INFO neutron.wsgi [None req-d154298c-1d87-4202-a91e-bb639ebd1414 4b8118e08a79434a99ab870ca5837e7c bf85cc9ad4ba450bb481ec5c281f12d9 - - default default] 10.0.0.223 "DELETE /v2.0/networks/cf9e46f5-3d31-4c5d-aaa9-917555322e7e HTTP/1.1" status: 204 len: 168 time: 0.4767270
2026-05-09 02:44:59.324 10 INFO neutron.wsgi [None req-dea7637f-2740-42b7-b97e-05dd67a251e0 22bab7bb6ae5456d8a87046c25760263 bbc0c29dc7e040e5aaa9f4b51956a3d6 - - default default] 10.0.0.223 "DELETE /v2.0/ports/42f159ea-c517-4da6-8819-493cd8afe25f HTTP/1.1" status: 204 len: 168 time: 0.2709732
2026-05-09 02:44:59.672 10 INFO neutron.services.segments.plugin [-] Segment e1e69d8b-19bb-48ae-b23d-31971d014591 resource provider aggregate not found
2026-05-09 02:44:59.677 10 INFO neutron.services.segments.plugin [-] Segment e1e69d8b-19bb-48ae-b23d-31971d014591 resource provider aggregate not found
2026-05-09 02:44:59.691 10 INFO neutron.services.segments.plugin [-] Segment e1e69d8b-19bb-48ae-b23d-31971d014591 resource provider not found; error: Placement Client Error (4xx): {"errors": [{"status": 404, "title": "Not Found", "detail": "The resource could not be found.\n\n No resource provider with uuid e1e69d8b-19bb-48ae-b23d-31971d014591 found for delete ", "request_id": "req-dc075e4d-9297-405f-8782-f2493b0deea0"}]}
2026-05-09 02:44:59.693 10 INFO neutron.services.segments.plugin [-] Segment e1e69d8b-19bb-48ae-b23d-31971d014591 resource provider not found; error: Placement Client Error (4xx): {"errors": [{"status": 404, "title": "Not Found", "detail": "The resource could not be found.\n\n No resource provider with uuid e1e69d8b-19bb-48ae-b23d-31971d014591 found for delete ", "request_id": "req-5ef3b0b0-2d21-4e4f-be7b-bc9113feceb4"}]}
2026-05-09 02:44:59.733 10 INFO neutron.wsgi [None req-b7582e9c-f917-4aff-a7f6-7859e6ee8d3f 22bab7bb6ae5456d8a87046c25760263 bbc0c29dc7e040e5aaa9f4b51956a3d6 - - default default] 10.0.0.223 "DELETE /v2.0/networks/a60d1642-9047-4f66-b5c4-2a98a2d71356 HTTP/1.1" status: 204 len: 168 time: 0.4047372
2026-05-09 02:45:00.297 9 INFO neutron.db.ovn_revision_numbers_db [None req-549a6f58-470f-4b49-8b7b-cf3710069607 fb10a23b07884965bc0c4ffee1800cce 8a91ffeec2ec44929d32f253e15269f7 - - default default] Successfully bumped revision number for resource 92def138-0593-49c8-bfcb-06676b9b3cb4 (type: security_groups) to 1
2026-05-09 02:45:00.314 9 INFO neutron.db.ovn_revision_numbers_db [None req-549a6f58-470f-4b49-8b7b-cf3710069607 fb10a23b07884965bc0c4ffee1800cce 8a91ffeec2ec44929d32f253e15269f7 - - default default] Successfully bumped revision number for resource 1aa5b161-4cc5-43ab-8b1b-7ad6346aa9b0 (type: security_group_rules) to 0
2026-05-09 02:45:00.335 9 INFO neutron.db.ovn_revision_numbers_db [None req-549a6f58-470f-4b49-8b7b-cf3710069607 fb10a23b07884965bc0c4ffee1800cce 8a91ffeec2ec44929d32f253e15269f7 - - default default] Successfully bumped revision number for resource 5f6008ae-1482-4fbd-af49-ee461bb17359 (type: security_group_rules) to 0
2026-05-09 02:45:00.352 9 INFO neutron.db.ovn_revision_numbers_db [None req-549a6f58-470f-4b49-8b7b-cf3710069607 fb10a23b07884965bc0c4ffee1800cce 8a91ffeec2ec44929d32f253e15269f7 - - default default] Successfully bumped revision number for resource 61c2b9d7-ab0f-4ddc-9796-d2609f284dfd (type: security_group_rules) to 0
2026-05-09 02:45:00.369 9 INFO neutron.db.ovn_revision_numbers_db [None req-549a6f58-470f-4b49-8b7b-cf3710069607 fb10a23b07884965bc0c4ffee1800cce 8a91ffeec2ec44929d32f253e15269f7 - - default default] Successfully bumped revision number for resource cdb7bb3e-6ef2-4e59-afe6-79a524a0739e (type: security_group_rules) to 0
2026-05-09 02:45:00.397 9 INFO neutron.wsgi [None req-549a6f58-470f-4b49-8b7b-cf3710069607 fb10a23b07884965bc0c4ffee1800cce 8a91ffeec2ec44929d32f253e15269f7 - - default default] 10.0.0.223 "GET /v2.0/security-groups?tenant_id=f416695a7c224bcc8311739094f9f71c&name=default HTTP/1.1" status: 200 len: 2996 time: 0.4671631
2026-05-09 02:45:00.659 9 INFO neutron.wsgi [None req-3f8064de-2975-4b13-bc10-987051866c85 fb10a23b07884965bc0c4ffee1800cce 8a91ffeec2ec44929d32f253e15269f7 - - default default] 10.0.0.223 "DELETE /v2.0/security-groups/92def138-0593-49c8-bfcb-06676b9b3cb4 HTTP/1.1" status: 204 len: 168 time: 0.2574074
2026-05-09 02:45:00.763 10 INFO neutron.db.ovn_revision_numbers_db [None req-d91b090c-5115-4a8e-90bc-4bf824c589c0 fb10a23b07884965bc0c4ffee1800cce 8a91ffeec2ec44929d32f253e15269f7 - - default default] Successfully bumped revision number for resource 5ed99fb6-5fbe-444d-9ca2-1185b3dbc2c3 (type: security_groups) to 1
2026-05-09 02:45:00.779 10 INFO neutron.db.ovn_revision_numbers_db [None req-d91b090c-5115-4a8e-90bc-4bf824c589c0 fb10a23b07884965bc0c4ffee1800cce 8a91ffeec2ec44929d32f253e15269f7 - - default default] Successfully bumped revision number for resource 2167f4ae-411e-41af-98ff-189acdbf0dce (type: security_group_rules) to 0
2026-05-09 02:45:00.822 10 INFO neutron.db.ovn_revision_numbers_db [None req-d91b090c-5115-4a8e-90bc-4bf824c589c0 fb10a23b07884965bc0c4ffee1800cce 8a91ffeec2ec44929d32f253e15269f7 - - default default] Successfully bumped revision number for resource 39a1d487-2f82-4dca-8b03-9f0865e022a8 (type: security_group_rules) to 0
2026-05-09 02:45:00.844 10 INFO neutron.db.ovn_revision_numbers_db [None req-d91b090c-5115-4a8e-90bc-4bf824c589c0 fb10a23b07884965bc0c4ffee1800cce 8a91ffeec2ec44929d32f253e15269f7 - - default default] Successfully bumped revision number for resource c1394c2c-fbf4-4408-8d54-28384fd746f6 (type: security_group_rules) to 0
2026-05-09 02:45:00.856 10 INFO neutron.wsgi [None req-0978de0f-46bd-4d37-8be5-172c53f89240 fb10a23b07884965bc0c4ffee1800cce 8a91ffeec2ec44929d32f253e15269f7 - - default default] 10.0.0.223 "GET /v2.0/security-groups?tenant_id=bf85cc9ad4ba450bb481ec5c281f12d9&name=default HTTP/1.1" status: 200 len: 2996 time: 0.0436456
2026-05-09 02:45:00.865 10 INFO neutron.db.ovn_revision_numbers_db [None req-d91b090c-5115-4a8e-90bc-4bf824c589c0 fb10a23b07884965bc0c4ffee1800cce 8a91ffeec2ec44929d32f253e15269f7 - - default default] Successfully bumped revision number for resource cd2dd48c-44ca-4dbd-a638-cbec54241dff (type: security_group_rules) to 0
2026-05-09 02:45:00.904 10 INFO neutron.wsgi [None req-d91b090c-5115-4a8e-90bc-4bf824c589c0 fb10a23b07884965bc0c4ffee1800cce 8a91ffeec2ec44929d32f253e15269f7 - - default default] 10.0.0.223 "GET /v2.0/security-groups?tenant_id=0b968c335e8d4f7e8ddc53d7671e480e&name=default HTTP/1.1" status: 200 len: 2996 time: 0.5461690
2026-05-09 02:45:01.040 9 INFO neutron.wsgi [None req-d842c748-112a-46bd-bf1f-517ae9b1653f fb10a23b07884965bc0c4ffee1800cce 8a91ffeec2ec44929d32f253e15269f7 - - default default] 10.0.0.88 "GET /v2.0/subnets HTTP/1.1" status: 200 len: 1437 time: 0.3101220
2026-05-09 02:45:01.073 9 INFO neutron.wsgi [None req-0de565cf-4d3f-4755-8728-7cfd2cbaee3e fb10a23b07884965bc0c4ffee1800cce 8a91ffeec2ec44929d32f253e15269f7 - - default default] 10.0.0.88 "GET /v2.0/routers HTTP/1.1" status: 200 len: 189 time: 0.0305758
2026-05-09 02:45:01.090 9 INFO neutron.wsgi [None req-fc7e3cf5-445a-4c5e-b00c-80dcf5be211c fb10a23b07884965bc0c4ffee1800cce 8a91ffeec2ec44929d32f253e15269f7 - - default default] 10.0.0.88 "GET /v2.0/agents?binary=ovn-controller HTTP/1.1" status: 200 len: 591 time: 0.0172067
2026-05-09 02:45:01.106 9 INFO neutron.wsgi [None req-2c7539dd-7e4e-434b-b1fb-a8e5675c2dca fb10a23b07884965bc0c4ffee1800cce 8a91ffeec2ec44929d32f253e15269f7 - - default default] 10.0.0.88 "GET /v2.0/agents HTTP/1.1" status: 200 len: 997 time: 0.0132680
2026-05-09 02:45:01.129 9 INFO neutron.wsgi [None req-40fd03f9-6c1e-4cb5-be26-440480938e4f fb10a23b07884965bc0c4ffee1800cce 8a91ffeec2ec44929d32f253e15269f7 - - default default] 10.0.0.88 "GET /v2.0/floatingips HTTP/1.1" status: 200 len: 193 time: 0.0223308
2026-05-09 02:45:01.148 10 INFO neutron.wsgi [None req-cb752611-f2b8-464d-b862-a370253d01a3 fb10a23b07884965bc0c4ffee1800cce 8a91ffeec2ec44929d32f253e15269f7 - - default default] 10.0.0.223 "DELETE /v2.0/security-groups/ea6f7112-bcef-4564-a31c-930d68bff93b HTTP/1.1" status: 204 len: 168 time: 0.2878590
2026-05-09 02:45:01.197 9 INFO neutron.wsgi [None req-8011f23e-e2cc-49d0-833b-d58f7500a351 fb10a23b07884965bc0c4ffee1800cce 8a91ffeec2ec44929d32f253e15269f7 - - default default] 10.0.0.88 "GET /v2.0/security-groups HTTP/1.1" status: 200 len: 22359 time: 0.0664353
2026-05-09 02:45:01.211 10 INFO neutron.wsgi [None req-1ec1de68-5a6e-43c6-9776-29c59bcb23ef fb10a23b07884965bc0c4ffee1800cce 8a91ffeec2ec44929d32f253e15269f7 - - default default] 10.0.0.223 "DELETE /v2.0/security-groups/5ed99fb6-5fbe-444d-9ca2-1185b3dbc2c3 HTTP/1.1" status: 204 len: 168 time: 0.3008945
2026-05-09 02:45:01.228 9 INFO neutron.wsgi [None req-cc2f3e22-09e1-47f6-b40e-7f35fa77027e fb10a23b07884965bc0c4ffee1800cce 8a91ffeec2ec44929d32f253e15269f7 - - default default] 10.0.0.88 "GET /v2.0/network-ip-availabilities HTTP/1.1" status: 200 len: 1280 time: 0.0204270
2026-05-09 02:45:01.268 9 INFO neutron.wsgi [None req-b2c9d201-ceb8-43fe-9bb3-0383817c6b99 fb10a23b07884965bc0c4ffee1800cce 8a91ffeec2ec44929d32f253e15269f7 - - default default] 10.0.0.88 "GET /v2.0/subnets HTTP/1.1" status: 200 len: 1437 time: 0.0385573
2026-05-09 02:45:01.282 9 INFO neutron.wsgi [None req-f1e47624-1e10-47bf-8dd8-a9fda5af5039 fb10a23b07884965bc0c4ffee1800cce 8a91ffeec2ec44929d32f253e15269f7 - - default default] 10.0.0.88 "GET /v2.0/subnetpools HTTP/1.1" status: 200 len: 193 time: 0.0132079
2026-05-09 02:45:01.369 9 INFO neutron.wsgi [None req-c27b3431-126e-492f-8b59-1db16066447e fb10a23b07884965bc0c4ffee1800cce 8a91ffeec2ec44929d32f253e15269f7 - - default default] 10.0.0.88 "GET /v2.0/networks HTTP/1.1" status: 200 len: 2350 time: 0.0860415
2026-05-09 02:45:01.406 10 INFO neutron.wsgi [None req-87ed781b-5c39-4507-bf54-528edaaf68e9 fb10a23b07884965bc0c4ffee1800cce 8a91ffeec2ec44929d32f253e15269f7 - - default default] 10.0.0.223 "GET /v2.0/security-groups?tenant_id=bbc0c29dc7e040e5aaa9f4b51956a3d6&name=default HTTP/1.1" status: 200 len: 2996 time: 0.0557282
2026-05-09 02:45:01.416 10 INFO neutron.db.ovn_revision_numbers_db [None req-9cd99e89-c602-445b-97ed-75ae39bf311b ccfe96c837d544d7b18ebef4f7f0db1d 34b6b360312e48b188d8af7368c2c811 - - default default] Successfully bumped revision number for resource dc50e86a-5e19-4ce1-b3ae-b697bb951e52 (type: security_groups) to 1
2026-05-09 02:45:01.428 9 INFO neutron.wsgi [None req-2453fd47-eba2-4916-9360-e2d51ddb656e fb10a23b07884965bc0c4ffee1800cce 8a91ffeec2ec44929d32f253e15269f7 - - default default] 10.0.0.88 "GET /v2.0/ports HTTP/1.1" status: 200 len: 5347 time: 0.0574164
2026-05-09 02:45:01.445 10 INFO neutron.db.ovn_revision_numbers_db [None req-9cd99e89-c602-445b-97ed-75ae39bf311b ccfe96c837d544d7b18ebef4f7f0db1d 34b6b360312e48b188d8af7368c2c811 - - default default] Successfully bumped revision number for resource 48c830a9-849e-449f-8348-e8f6759db2f7 (type: security_group_rules) to 0
2026-05-09 02:45:01.471 10 INFO neutron.db.ovn_revision_numbers_db [None req-9cd99e89-c602-445b-97ed-75ae39bf311b ccfe96c837d544d7b18ebef4f7f0db1d 34b6b360312e48b188d8af7368c2c811 - - default default] Successfully bumped revision number for resource 5d59b4de-679e-45c5-b08f-6933fe0492b1 (type: security_group_rules) to 0
2026-05-09 02:45:01.488 10 INFO neutron.db.ovn_revision_numbers_db [None req-9cd99e89-c602-445b-97ed-75ae39bf311b ccfe96c837d544d7b18ebef4f7f0db1d 34b6b360312e48b188d8af7368c2c811 - - default default] Successfully bumped revision number for resource 5d7f29f7-9bee-454f-9706-65844645346f (type: security_group_rules) to 0
2026-05-09 02:45:01.506 10 INFO neutron.db.ovn_revision_numbers_db [None req-9cd99e89-c602-445b-97ed-75ae39bf311b ccfe96c837d544d7b18ebef4f7f0db1d 34b6b360312e48b188d8af7368c2c811 - - default default] Successfully bumped revision number for resource 8b24b958-6fa3-4149-a2ee-83e3ce30137f (type: security_group_rules) to 0
2026-05-09 02:45:01.573 10 INFO neutron.db.segments_db [None req-9cd99e89-c602-445b-97ed-75ae39bf311b ccfe96c837d544d7b18ebef4f7f0db1d 34b6b360312e48b188d8af7368c2c811 - - default default] Added segment 08ff5143-acd7-480d-bd77-426884a97c41 of type geneve for network 30a06724-a8c8-415a-aa61-0c8daed19bb4
2026-05-09 02:45:01.752 10 INFO neutron.wsgi [None req-f8716c53-b18c-452a-bc0f-58be5186f069 fb10a23b07884965bc0c4ffee1800cce 8a91ffeec2ec44929d32f253e15269f7 - - default default] 10.0.0.223 "DELETE /v2.0/security-groups/35f320f0-23ca-4099-805a-cfb7616ab44b HTTP/1.1" status: 204 len: 168 time: 0.3416133
2026-05-09 02:45:01.765 10 INFO neutron.db.ovn_revision_numbers_db [None req-9cd99e89-c602-445b-97ed-75ae39bf311b ccfe96c837d544d7b18ebef4f7f0db1d 34b6b360312e48b188d8af7368c2c811 - - default default] Successfully bumped revision number for resource 30a06724-a8c8-415a-aa61-0c8daed19bb4 (type: networks) to 1
2026-05-09 02:45:01.934 10 WARNING neutron.scheduler.dhcp_agent_scheduler [None req-9cd99e89-c602-445b-97ed-75ae39bf311b ccfe96c837d544d7b18ebef4f7f0db1d 34b6b360312e48b188d8af7368c2c811 - - default default] No more DHCP agents
2026-05-09 02:45:01.937 10 WARNING neutron.api.rpc.agentnotifiers.dhcp_rpc_agent_api [None req-9cd99e89-c602-445b-97ed-75ae39bf311b ccfe96c837d544d7b18ebef4f7f0db1d 34b6b360312e48b188d8af7368c2c811 - - default default] Unable to schedule network 30a06724-a8c8-415a-aa61-0c8daed19bb4: no agents available; will retry on subsequent port and subnet creation events.
2026-05-09 02:45:02.028 10 INFO neutron.db.ovn_revision_numbers_db [None req-9cd99e89-c602-445b-97ed-75ae39bf311b ccfe96c837d544d7b18ebef4f7f0db1d 34b6b360312e48b188d8af7368c2c811 - - default default] Successfully bumped revision number for resource 914318a6-4c20-482e-b882-c90944b1aa66 (type: ports) to 1
2026-05-09 02:45:02.050 10 INFO neutron.wsgi [None req-9cd99e89-c602-445b-97ed-75ae39bf311b ccfe96c837d544d7b18ebef4f7f0db1d 34b6b360312e48b188d8af7368c2c811 - - default default] 10.0.0.223 "POST /v2.0/networks HTTP/1.1" status: 201 len: 929 time: 0.8566923
2026-05-09 02:45:02.255 9 WARNING neutron.scheduler.dhcp_agent_scheduler [None req-bfc8c347-b97d-4ef2-aa99-8495e9e5a0e6 ccfe96c837d544d7b18ebef4f7f0db1d 34b6b360312e48b188d8af7368c2c811 - - default default] No more DHCP agents
2026-05-09 02:45:02.258 9 WARNING neutron.api.rpc.agentnotifiers.dhcp_rpc_agent_api [None req-bfc8c347-b97d-4ef2-aa99-8495e9e5a0e6 ccfe96c837d544d7b18ebef4f7f0db1d 34b6b360312e48b188d8af7368c2c811 - - default default] Unable to schedule network 30a06724-a8c8-415a-aa61-0c8daed19bb4: no agents available; will retry on subsequent port and subnet creation events.
2026-05-09 02:45:02.763 9 INFO neutron.db.ovn_revision_numbers_db [None req-bfc8c347-b97d-4ef2-aa99-8495e9e5a0e6 ccfe96c837d544d7b18ebef4f7f0db1d 34b6b360312e48b188d8af7368c2c811 - - default default] Successfully bumped revision number for resource 914318a6-4c20-482e-b882-c90944b1aa66 (type: ports) to 2
2026-05-09 02:45:02.825 9 INFO neutron.db.ovn_revision_numbers_db [None req-bfc8c347-b97d-4ef2-aa99-8495e9e5a0e6 ccfe96c837d544d7b18ebef4f7f0db1d 34b6b360312e48b188d8af7368c2c811 - - default default] Successfully bumped revision number for resource bfaa3452-078a-4a82-88d3-5b70a73f5b63 (type: subnets) to 0
2026-05-09 02:45:02.841 9 INFO neutron.wsgi [None req-bfc8c347-b97d-4ef2-aa99-8495e9e5a0e6 ccfe96c837d544d7b18ebef4f7f0db1d 34b6b360312e48b188d8af7368c2c811 - - default default] 10.0.0.223 "POST /v2.0/subnets HTTP/1.1" status: 201 len: 819 time: 0.7859912
2026-05-09 02:45:02.852 9 WARNING neutron.api.v2.base [None req-a9af661f-4b13-48bc-bf1b-b1ebb3a0a860 ccfe96c837d544d7b18ebef4f7f0db1d 34b6b360312e48b188d8af7368c2c811 - - default default] An exception happened while processing the request body. The exception message is [Invalid input for target_tenant. Reason: 'None' is not a valid string.].: webob.exc.HTTPBadRequest: Invalid input for target_tenant. Reason: 'None' is not a valid string.
2026-05-09 02:45:02.853 9 INFO neutron.api.v2.resource [None req-a9af661f-4b13-48bc-bf1b-b1ebb3a0a860 ccfe96c837d544d7b18ebef4f7f0db1d 34b6b360312e48b188d8af7368c2c811 - - default default] create failed (client error): Invalid input for target_tenant. Reason: 'None' is not a valid string.
2026-05-09 02:45:02.855 9 INFO neutron.wsgi [None req-a9af661f-4b13-48bc-bf1b-b1ebb3a0a860 ccfe96c837d544d7b18ebef4f7f0db1d 34b6b360312e48b188d8af7368c2c811 - - default default] 10.0.0.223 "POST /v2.0/rbac-policies HTTP/1.1" status: 400 len: 346 time: 0.0083532
2026-05-09 02:45:03.689 10 INFO neutron.services.segments.plugin [-] Segment 08ff5143-acd7-480d-bd77-426884a97c41 resource provider aggregate not found
2026-05-09 02:45:03.695 10 INFO neutron.services.segments.plugin [-] Segment 08ff5143-acd7-480d-bd77-426884a97c41 resource provider aggregate not found
2026-05-09 02:45:03.715 10 INFO neutron.services.segments.plugin [-] Segment 08ff5143-acd7-480d-bd77-426884a97c41 resource provider not found; error: Placement Client Error (4xx): {"errors": [{"status": 404, "title": "Not Found", "detail": "The resource could not be found.\n\n No resource provider with uuid 08ff5143-acd7-480d-bd77-426884a97c41 found for delete ", "request_id": "req-f21dd93f-2ee5-4934-b084-d4e0b2f28e03"}]}
2026-05-09 02:45:03.716 10 INFO neutron.services.segments.plugin [-] Segment 08ff5143-acd7-480d-bd77-426884a97c41 resource provider not found; error: Placement Client Error (4xx): {"errors": [{"status": 404, "title": "Not Found", "detail": "The resource could not be found.\n\n No resource provider with uuid 08ff5143-acd7-480d-bd77-426884a97c41 found for delete ", "request_id": "req-9e652765-91a5-4f84-9fdf-8527bce07f23"}]}
2026-05-09 02:45:03.731 10 INFO neutron.wsgi [None req-df368782-dfce-4b22-bb03-a8aece3a48cb ccfe96c837d544d7b18ebef4f7f0db1d 34b6b360312e48b188d8af7368c2c811 - - default default] 10.0.0.223 "DELETE /v2.0/networks/30a06724-a8c8-415a-aa61-0c8daed19bb4 HTTP/1.1" status: 204 len: 168 time: 0.8728256
2026-05-09 02:45:03.827 10 INFO neutron.db.segments_db [None req-7d750b21-986c-4c79-b407-990842e15c85 ccfe96c837d544d7b18ebef4f7f0db1d 34b6b360312e48b188d8af7368c2c811 - - default default] Added segment fc4f5484-1ca0-4cd4-a3f2-cc26715ca7e0 of type geneve for network 2f1ec039-8cfc-4d15-9386-392c16073528
2026-05-09 02:45:03.966 10 INFO neutron.db.ovn_revision_numbers_db [None req-7d750b21-986c-4c79-b407-990842e15c85 ccfe96c837d544d7b18ebef4f7f0db1d 34b6b360312e48b188d8af7368c2c811 - - default default] Successfully bumped revision number for resource 2f1ec039-8cfc-4d15-9386-392c16073528 (type: networks) to 1
2026-05-09 02:45:04.169 10 WARNING neutron.scheduler.dhcp_agent_scheduler [None req-7d750b21-986c-4c79-b407-990842e15c85 ccfe96c837d544d7b18ebef4f7f0db1d 34b6b360312e48b188d8af7368c2c811 - - default default] No more DHCP agents
2026-05-09 02:45:04.173 10 WARNING neutron.api.rpc.agentnotifiers.dhcp_rpc_agent_api [None req-7d750b21-986c-4c79-b407-990842e15c85 ccfe96c837d544d7b18ebef4f7f0db1d 34b6b360312e48b188d8af7368c2c811 - - default default] Unable to schedule network 2f1ec039-8cfc-4d15-9386-392c16073528: no agents available; will retry on subsequent port and subnet creation events.
2026-05-09 02:45:04.268 10 INFO neutron.db.ovn_revision_numbers_db [None req-7d750b21-986c-4c79-b407-990842e15c85 ccfe96c837d544d7b18ebef4f7f0db1d 34b6b360312e48b188d8af7368c2c811 - - default default] Successfully bumped revision number for resource acb987fb-70ca-4958-b136-16e5fa31ba92 (type: ports) to 1
2026-05-09 02:45:04.292 10 INFO neutron.wsgi [None req-7d750b21-986c-4c79-b407-990842e15c85 ccfe96c837d544d7b18ebef4f7f0db1d 34b6b360312e48b188d8af7368c2c811 - - default default] 10.0.0.223 "POST /v2.0/networks HTTP/1.1" status: 201 len: 928 time: 0.5542319
2026-05-09 02:45:04.485 9 WARNING neutron.scheduler.dhcp_agent_scheduler [None req-eedb65a3-0fa0-4873-ac6d-2b17b87718d7 ccfe96c837d544d7b18ebef4f7f0db1d 34b6b360312e48b188d8af7368c2c811 - - default default] No more DHCP agents
2026-05-09 02:45:04.487 9 WARNING neutron.api.rpc.agentnotifiers.dhcp_rpc_agent_api [None req-eedb65a3-0fa0-4873-ac6d-2b17b87718d7 ccfe96c837d544d7b18ebef4f7f0db1d 34b6b360312e48b188d8af7368c2c811 - - default default] Unable to schedule network 2f1ec039-8cfc-4d15-9386-392c16073528: no agents available; will retry on subsequent port and subnet creation events.
2026-05-09 02:45:04.774 9 WARNING neutron_lib.context [None req-da679754-6536-41ae-87d3-977ea0a84826 b1cbfe9862884c9fba65582762029764 acde328632bc4f5c9ed26097b0e50426 - - default default] Method 'is_advsvc' is deprecated since 2023.2 release (neutron-lib 3.8.0) and will be removed once support for the old RBAC API policies will be removed from Neutron. Please use method 'is_service_role' instead.
2026-05-09 02:45:05.014 9 INFO neutron.db.ovn_revision_numbers_db [None req-da679754-6536-41ae-87d3-977ea0a84826 b1cbfe9862884c9fba65582762029764 acde328632bc4f5c9ed26097b0e50426 - - default default] Successfully bumped revision number for resource 6a8ecc04-d9ac-410d-8e7e-b40eedf74c92 (type: security_groups) to 1
2026-05-09 02:45:05.040 9 INFO neutron.db.ovn_revision_numbers_db [None req-da679754-6536-41ae-87d3-977ea0a84826 b1cbfe9862884c9fba65582762029764 acde328632bc4f5c9ed26097b0e50426 - - default default] Successfully bumped revision number for resource 426d0978-9f85-4fb5-983f-d7b0b8f3024e (type: security_group_rules) to 0
2026-05-09 02:45:05.066 9 INFO neutron.db.ovn_revision_numbers_db [None req-da679754-6536-41ae-87d3-977ea0a84826 b1cbfe9862884c9fba65582762029764 acde328632bc4f5c9ed26097b0e50426 - - default default] Successfully bumped revision number for resource 64638a42-3080-485e-83ec-a97038a5d9df (type: security_group_rules) to 0
2026-05-09 02:45:05.085 9 INFO neutron.db.ovn_revision_numbers_db [None req-da679754-6536-41ae-87d3-977ea0a84826 b1cbfe9862884c9fba65582762029764 acde328632bc4f5c9ed26097b0e50426 - - default default] Successfully bumped revision number for resource b8f46ae8-cb03-40e2-a87c-5a35749a0e5c (type: security_group_rules) to 0
2026-05-09 02:45:05.097 10 WARNING neutron_lib.context [None req-beac8b83-bc9b-474e-be4e-f59b82464db9 5995c0f867cb42c28c4e44a6fae89428 a5af558f5dd34a0799786639ef65772b - - default default] Method 'is_advsvc' is deprecated since 2023.2 release (neutron-lib 3.8.0) and will be removed once support for the old RBAC API policies will be removed from Neutron. Please use method 'is_service_role' instead.
2026-05-09 02:45:05.117 9 INFO neutron.db.ovn_revision_numbers_db [None req-da679754-6536-41ae-87d3-977ea0a84826 b1cbfe9862884c9fba65582762029764 acde328632bc4f5c9ed26097b0e50426 - - default default] Successfully bumped revision number for resource e52f092e-3012-4f6e-bae9-09d74d93fea7 (type: security_group_rules) to 0
2026-05-09 02:45:05.133 9 INFO neutron.db.ovn_revision_numbers_db [None req-eedb65a3-0fa0-4873-ac6d-2b17b87718d7 ccfe96c837d544d7b18ebef4f7f0db1d 34b6b360312e48b188d8af7368c2c811 - - default default] Successfully bumped revision number for resource acb987fb-70ca-4958-b136-16e5fa31ba92 (type: ports) to 2
2026-05-09 02:45:05.173 9 INFO neutron.db.segments_db [None req-da679754-6536-41ae-87d3-977ea0a84826 b1cbfe9862884c9fba65582762029764 acde328632bc4f5c9ed26097b0e50426 - - default default] Added segment 8979313f-9b0b-49d9-906c-1a8535a7537f of type geneve for network 86cac2d5-2902-47d4-9451-711b605f886e
2026-05-09 02:45:05.177 9 INFO neutron.db.ovn_revision_numbers_db [None req-eedb65a3-0fa0-4873-ac6d-2b17b87718d7 ccfe96c837d544d7b18ebef4f7f0db1d 34b6b360312e48b188d8af7368c2c811 - - default default] Successfully bumped revision number for resource 6b3f4c6c-8f81-49ac-b8c5-03a173b5216e (type: subnets) to 0
2026-05-09 02:45:05.198 9 INFO neutron.wsgi [None req-eedb65a3-0fa0-4873-ac6d-2b17b87718d7 ccfe96c837d544d7b18ebef4f7f0db1d 34b6b360312e48b188d8af7368c2c811 - - default default] 10.0.0.223 "POST /v2.0/subnets HTTP/1.1" status: 201 len: 822 time: 0.9001858
2026-05-09 02:45:05.209 10 WARNING neutron.api.v2.base [None req-9679c04f-8e5e-4c43-9c70-74dbcb744c2c ccfe96c837d544d7b18ebef4f7f0db1d 34b6b360312e48b188d8af7368c2c811 - - default default] An exception happened while processing the request body. The exception message is [Invalid input for target_tenant. Reason: '1234123412341234123412341234123412341234123412341234123412341234123412341234123412341234123412341234123412341234123412341234123412341234123412341234123412341234123412341234123412341234123412341234123412341234123412341234123412341234123412341234123412341234123412341234123412341234123412341234123412341234123412341234123412341234123412341234123412341234123412341234123412341234123412341234123412341234' exceeds maximum length of 255.].: webob.exc.HTTPBadRequest: Invalid input for target_tenant. Reason: '1234123412341234123412341234123412341234123412341234123412341234123412341234123412341234123412341234123412341234123412341234123412341234123412341234123412341234123412341234123412341234123412341234123412341234123412341234123412341234123412341234123412341234123412341234123412341234123412341234123412341234123412341234123412341234123412341234123412341234123412341234123412341234123412341234123412341234' exceeds maximum length of 255.
2026-05-09 02:45:05.210 10 INFO neutron.api.v2.resource [None req-9679c04f-8e5e-4c43-9c70-74dbcb744c2c ccfe96c837d544d7b18ebef4f7f0db1d 34b6b360312e48b188d8af7368c2c811 - - default default] create failed (client error): Invalid input for target_tenant. Reason: '1234123412341234123412341234123412341234123412341234123412341234123412341234123412341234123412341234123412341234123412341234123412341234123412341234123412341234123412341234123412341234123412341234123412341234123412341234123412341234123412341234123412341234123412341234123412341234123412341234123412341234123412341234123412341234123412341234123412341234123412341234123412341234123412341234123412341234' exceeds maximum length of 255.
2026-05-09 02:45:05.210 10 INFO neutron.wsgi [None req-9679c04f-8e5e-4c43-9c70-74dbcb744c2c ccfe96c837d544d7b18ebef4f7f0db1d 34b6b360312e48b188d8af7368c2c811 - - default default] 10.0.0.223 "POST /v2.0/rbac-policies HTTP/1.1" status: 400 len: 750 time: 0.0082805
2026-05-09 02:45:05.292 10 INFO neutron.db.ovn_revision_numbers_db [None req-beac8b83-bc9b-474e-be4e-f59b82464db9 5995c0f867cb42c28c4e44a6fae89428 a5af558f5dd34a0799786639ef65772b - - default default] Successfully bumped revision number for resource 982a0e99-bb43-47e3-b9ff-878e667bfc5f (type: security_groups) to 1
2026-05-09 02:45:05.317 10 INFO neutron.db.ovn_revision_numbers_db [None req-beac8b83-bc9b-474e-be4e-f59b82464db9 5995c0f867cb42c28c4e44a6fae89428 a5af558f5dd34a0799786639ef65772b - - default default] Successfully bumped revision number for resource 2abd449e-479b-45a7-80b2-37a0f7165245 (type: security_group_rules) to 0
2026-05-09 02:45:05.332 9 INFO neutron.db.ovn_revision_numbers_db [None req-da679754-6536-41ae-87d3-977ea0a84826 b1cbfe9862884c9fba65582762029764 acde328632bc4f5c9ed26097b0e50426 - - default default] Successfully bumped revision number for resource 86cac2d5-2902-47d4-9451-711b605f886e (type: networks) to 1
2026-05-09 02:45:05.343 10 INFO neutron.db.ovn_revision_numbers_db [None req-beac8b83-bc9b-474e-be4e-f59b82464db9 5995c0f867cb42c28c4e44a6fae89428 a5af558f5dd34a0799786639ef65772b - - default default] Successfully bumped revision number for resource 372330c5-22a3-4839-933f-c97cc4f9c204 (type: security_group_rules) to 0
2026-05-09 02:45:05.361 10 INFO neutron.db.ovn_revision_numbers_db [None req-beac8b83-bc9b-474e-be4e-f59b82464db9 5995c0f867cb42c28c4e44a6fae89428 a5af558f5dd34a0799786639ef65772b - - default default] Successfully bumped revision number for resource 3c942610-93d6-4887-85ae-5d9c6205ea1b (type: security_group_rules) to 0
2026-05-09 02:45:05.380 10 INFO neutron.db.ovn_revision_numbers_db [None req-beac8b83-bc9b-474e-be4e-f59b82464db9 5995c0f867cb42c28c4e44a6fae89428 a5af558f5dd34a0799786639ef65772b - - default default] Successfully bumped revision number for resource 55e2fcb5-b539-4cce-b45c-55ab8bab333c (type: security_group_rules) to 0
2026-05-09 02:45:05.480 10 INFO neutron.db.segments_db [None req-beac8b83-bc9b-474e-be4e-f59b82464db9 5995c0f867cb42c28c4e44a6fae89428 a5af558f5dd34a0799786639ef65772b - - default default] Added segment 84610204-a6fb-436c-888a-bf90ff9be75e of type geneve for network e7d029bc-7cbc-4f7f-a20b-1007f7256ca1
2026-05-09 02:45:05.516 9 WARNING neutron.scheduler.dhcp_agent_scheduler [None req-da679754-6536-41ae-87d3-977ea0a84826 b1cbfe9862884c9fba65582762029764 acde328632bc4f5c9ed26097b0e50426 - - default default] No more DHCP agents
2026-05-09 02:45:05.521 9 WARNING neutron.api.rpc.agentnotifiers.dhcp_rpc_agent_api [None req-da679754-6536-41ae-87d3-977ea0a84826 b1cbfe9862884c9fba65582762029764 acde328632bc4f5c9ed26097b0e50426 - - default default] Unable to schedule network 86cac2d5-2902-47d4-9451-711b605f886e: no agents available; will retry on subsequent port and subnet creation events.
2026-05-09 02:45:05.612 9 INFO neutron.db.ovn_revision_numbers_db [None req-da679754-6536-41ae-87d3-977ea0a84826 b1cbfe9862884c9fba65582762029764 acde328632bc4f5c9ed26097b0e50426 - - default default] Successfully bumped revision number for resource 439c53cd-2cd5-4934-9ec7-2d98460f4166 (type: ports) to 1
2026-05-09 02:45:05.654 9 INFO neutron.wsgi [None req-da679754-6536-41ae-87d3-977ea0a84826 b1cbfe9862884c9fba65582762029764 acde328632bc4f5c9ed26097b0e50426 - - default default] 10.0.0.223 "POST /v2.0/networks HTTP/1.1" status: 201 len: 831 time: 1.0171435
2026-05-09 02:45:05.665 9 WARNING neutron_lib.context [None req-828715c7-87a2-49c4-bce7-0923bdbe3e38 b1cbfe9862884c9fba65582762029764 acde328632bc4f5c9ed26097b0e50426 - - default default] Method 'is_advsvc' is deprecated since 2023.2 release (neutron-lib 3.8.0) and will be removed once support for the old RBAC API policies will be removed from Neutron. Please use method 'is_service_role' instead.
2026-05-09 02:45:05.712 10 INFO neutron.db.ovn_revision_numbers_db [None req-beac8b83-bc9b-474e-be4e-f59b82464db9 5995c0f867cb42c28c4e44a6fae89428 a5af558f5dd34a0799786639ef65772b - - default default] Successfully bumped revision number for resource e7d029bc-7cbc-4f7f-a20b-1007f7256ca1 (type: networks) to 1
2026-05-09 02:45:05.937 9 WARNING neutron.scheduler.dhcp_agent_scheduler [None req-828715c7-87a2-49c4-bce7-0923bdbe3e38 b1cbfe9862884c9fba65582762029764 acde328632bc4f5c9ed26097b0e50426 - - default default] No more DHCP agents
2026-05-09 02:45:05.942 9 WARNING neutron.api.rpc.agentnotifiers.dhcp_rpc_agent_api [None req-828715c7-87a2-49c4-bce7-0923bdbe3e38 b1cbfe9862884c9fba65582762029764 acde328632bc4f5c9ed26097b0e50426 - - default default] Unable to schedule network 86cac2d5-2902-47d4-9451-711b605f886e: no agents available; will retry on subsequent port and subnet creation events.
2026-05-09 02:45:05.946 10 WARNING neutron.scheduler.dhcp_agent_scheduler [None req-beac8b83-bc9b-474e-be4e-f59b82464db9 5995c0f867cb42c28c4e44a6fae89428 a5af558f5dd34a0799786639ef65772b - - default default] No more DHCP agents
2026-05-09 02:45:05.951 10 WARNING neutron.api.rpc.agentnotifiers.dhcp_rpc_agent_api [None req-beac8b83-bc9b-474e-be4e-f59b82464db9 5995c0f867cb42c28c4e44a6fae89428 a5af558f5dd34a0799786639ef65772b - - default default] Unable to schedule network e7d029bc-7cbc-4f7f-a20b-1007f7256ca1: no agents available; will retry on subsequent port and subnet creation events.
2026-05-09 02:45:06.049 10 INFO neutron.services.segments.plugin [-] Segment fc4f5484-1ca0-4cd4-a3f2-cc26715ca7e0 resource provider aggregate not found
2026-05-09 02:45:06.053 9 INFO neutron.db.ovn_revision_numbers_db [None req-828715c7-87a2-49c4-bce7-0923bdbe3e38 b1cbfe9862884c9fba65582762029764 acde328632bc4f5c9ed26097b0e50426 - - default default] Successfully bumped revision number for resource dbfc14e2-995f-47b4-b5fa-1289d2c45b14 (type: ports) to 1
2026-05-09 02:45:06.055 10 INFO neutron.services.segments.plugin [-] Segment fc4f5484-1ca0-4cd4-a3f2-cc26715ca7e0 resource provider aggregate not found
2026-05-09 02:45:06.078 10 INFO neutron.services.segments.plugin [-] Segment fc4f5484-1ca0-4cd4-a3f2-cc26715ca7e0 resource provider not found; error: Placement Client Error (4xx): {"errors": [{"status": 404, "title": "Not Found", "detail": "The resource could not be found.\n\n No resource provider with uuid fc4f5484-1ca0-4cd4-a3f2-cc26715ca7e0 found for delete ", "request_id": "req-7e48e52b-0b43-4462-b13f-a53b790d3d46"}]}
2026-05-09 02:45:06.078 9 INFO neutron.wsgi [None req-828715c7-87a2-49c4-bce7-0923bdbe3e38 b1cbfe9862884c9fba65582762029764 acde328632bc4f5c9ed26097b0e50426 - - default default] 10.0.0.223 "POST /v2.0/ports HTTP/1.1" status: 201 len: 942 time: 0.4185953
2026-05-09 02:45:06.081 10 INFO neutron.services.segments.plugin [-] Segment fc4f5484-1ca0-4cd4-a3f2-cc26715ca7e0 resource provider not found; error: Placement Client Error (4xx): {"errors": [{"status": 404, "title": "Not Found", "detail": "The resource could not be found.\n\n No resource provider with uuid fc4f5484-1ca0-4cd4-a3f2-cc26715ca7e0 found for delete ", "request_id": "req-bad5953f-9d37-4cba-a4c8-bc8e3420e4bf"}]} /var/lib/openstack/lib/python3.10/site-packages/pycadf/identifier.py:71: UserWarning: Invalid uuid: neutron. To ensure interoperability, identifiers should be a valid uuid. warnings.warn(('Invalid uuid: %s. To ensure interoperability, '
2026-05-09 02:45:06.088 9 WARNING neutron_lib.context [None req-de4326a1-e036-4152-b60f-79cd406705ac b1cbfe9862884c9fba65582762029764 acde328632bc4f5c9ed26097b0e50426 - - default default] Method 'is_advsvc' is deprecated since 2023.2 release (neutron-lib 3.8.0) and will be removed once support for the old RBAC API policies will be removed from Neutron. Please use method 'is_service_role' instead.
2026-05-09 02:45:06.101 10 INFO neutron.db.ovn_revision_numbers_db [None req-beac8b83-bc9b-474e-be4e-f59b82464db9 5995c0f867cb42c28c4e44a6fae89428 a5af558f5dd34a0799786639ef65772b - - default default] Successfully bumped revision number for resource 3fdcd84c-1315-4b5e-9ff5-f029a0249cfc (type: ports) to 1
2026-05-09 02:45:06.122 10 INFO neutron.wsgi [None req-a53f56f0-9c98-4be7-a95b-6338a08d9af8 ccfe96c837d544d7b18ebef4f7f0db1d 34b6b360312e48b188d8af7368c2c811 - - default default] 10.0.0.223 "DELETE /v2.0/networks/2f1ec039-8cfc-4d15-9386-392c16073528 HTTP/1.1" status: 204 len: 168 time: 0.9059510
2026-05-09 02:45:06.142 10 INFO neutron.wsgi [None req-beac8b83-bc9b-474e-be4e-f59b82464db9 5995c0f867cb42c28c4e44a6fae89428 a5af558f5dd34a0799786639ef65772b - - default default] 10.0.0.223 "POST /v2.0/networks HTTP/1.1" status: 201 len: 831 time: 1.1039510
2026-05-09 02:45:06.152 9 WARNING neutron_lib.context [None req-8398a8d6-8f05-4dcf-a3ea-611c9fee59c0 5995c0f867cb42c28c4e44a6fae89428 a5af558f5dd34a0799786639ef65772b - - default default] Method 'is_advsvc' is deprecated since 2023.2 release (neutron-lib 3.8.0) and will be removed once support for the old RBAC API policies will be removed from Neutron. Please use method 'is_service_role' instead.
2026-05-09 02:45:06.227 10 INFO neutron.db.segments_db [None req-fd0e2b95-a564-4a82-ac08-d3d929317adf ccfe96c837d544d7b18ebef4f7f0db1d 34b6b360312e48b188d8af7368c2c811 - - default default] Added segment 22da9efb-efdb-40e3-8674-cc98b6b7b3b9 of type geneve for network 538eec99-c8da-4bdb-b5c0-b1816fa96b41
2026-05-09 02:45:06.267 9 INFO neutron.db.segments_db [None req-8398a8d6-8f05-4dcf-a3ea-611c9fee59c0 5995c0f867cb42c28c4e44a6fae89428 a5af558f5dd34a0799786639ef65772b - - default default] Added segment 22b3d801-1a67-4d1c-b7c9-a265608ef545 of type geneve for network 09bc98b1-b9ec-402c-b276-64756dd140c6
2026-05-09 02:45:06.339 9 INFO neutron.wsgi [None req-de4326a1-e036-4152-b60f-79cd406705ac b1cbfe9862884c9fba65582762029764 acde328632bc4f5c9ed26097b0e50426 - - default default] 10.0.0.223 "POST /v2.0/trunks HTTP/1.1" status: 201 len: 608 time: 0.2565014
2026-05-09 02:45:06.389 10 INFO neutron.db.ovn_revision_numbers_db [None req-fd0e2b95-a564-4a82-ac08-d3d929317adf ccfe96c837d544d7b18ebef4f7f0db1d 34b6b360312e48b188d8af7368c2c811 - - default default] Successfully bumped revision number for resource 538eec99-c8da-4bdb-b5c0-b1816fa96b41 (type: networks) to 1
2026-05-09 02:45:06.409 9 INFO neutron.wsgi [None req-d0ffdb72-ab1b-4513-b2be-145d8e8e2f3e b1cbfe9862884c9fba65582762029764 acde328632bc4f5c9ed26097b0e50426 - - default default] 10.0.0.223 "PUT /v2.0/trunks/69c9f778-7534-4cdd-b3fb-21b41a56f033/tags HTTP/1.1" status: 200 len: 218 time: 0.0633564
