2026-05-09 02:45:06.449 9 INFO neutron.wsgi [None req-78645b0e-a53c-475e-85f0-81dad1756c45 b1cbfe9862884c9fba65582762029764 acde328632bc4f5c9ed26097b0e50426 - - default default] 10.0.0.223 "GET /v2.0/trunks/69c9f778-7534-4cdd-b3fb-21b41a56f033/tags HTTP/1.1" status: 200 len: 218 time: 0.0326147
2026-05-09 02:45:06.450 9 INFO neutron.db.ovn_revision_numbers_db [None req-8398a8d6-8f05-4dcf-a3ea-611c9fee59c0 5995c0f867cb42c28c4e44a6fae89428 a5af558f5dd34a0799786639ef65772b - - default default] Successfully bumped revision number for resource 09bc98b1-b9ec-402c-b276-64756dd140c6 (type: networks) to 1
2026-05-09 02:45:06.519 10 INFO neutron.wsgi [None req-e0d912f1-1b62-43c4-930c-bfbc4e44cf50 b1cbfe9862884c9fba65582762029764 acde328632bc4f5c9ed26097b0e50426 - - default default] 10.0.0.223 "PUT /v2.0/trunks/69c9f778-7534-4cdd-b3fb-21b41a56f033/tags/green HTTP/1.1" status: 201 len: 201 time: 0.0611269
2026-05-09 02:45:06.557 10 INFO neutron.wsgi [None req-5b39ee83-5538-4b9c-8e7c-5c1dc052db52 b1cbfe9862884c9fba65582762029764 acde328632bc4f5c9ed26097b0e50426 - - default default] 10.0.0.223 "GET /v2.0/trunks/69c9f778-7534-4cdd-b3fb-21b41a56f033/tags HTTP/1.1" status: 200 len: 227 time: 0.0331941
2026-05-09 02:45:06.592 10 WARNING neutron.scheduler.dhcp_agent_scheduler [None req-fd0e2b95-a564-4a82-ac08-d3d929317adf ccfe96c837d544d7b18ebef4f7f0db1d 34b6b360312e48b188d8af7368c2c811 - - default default] No more DHCP agents
2026-05-09 02:45:06.595 10 WARNING neutron.api.rpc.agentnotifiers.dhcp_rpc_agent_api [None req-fd0e2b95-a564-4a82-ac08-d3d929317adf ccfe96c837d544d7b18ebef4f7f0db1d 34b6b360312e48b188d8af7368c2c811 - - default default] Unable to schedule network 538eec99-c8da-4bdb-b5c0-b1816fa96b41: no agents available; will retry on subsequent port and subnet creation events.
2026-05-09 02:45:06.596 9 INFO neutron.wsgi [None req-b7a62c1e-b246-4780-b755-c9c55e4311c7 b1cbfe9862884c9fba65582762029764 acde328632bc4f5c9ed26097b0e50426 - - default default] 10.0.0.223 "PUT /v2.0/trunks/69c9f778-7534-4cdd-b3fb-21b41a56f033/tags/red HTTP/1.1" status: 201 len: 201 time: 0.0314069
2026-05-09 02:45:06.626 9 INFO neutron.wsgi [None req-2d6c1f4b-72ed-43b8-b933-cb16691d5459 b1cbfe9862884c9fba65582762029764 acde328632bc4f5c9ed26097b0e50426 - - default default] 10.0.0.223 "GET /v2.0/trunks/69c9f778-7534-4cdd-b3fb-21b41a56f033/tags HTTP/1.1" status: 200 len: 227 time: 0.0239584
2026-05-09 02:45:06.648 9 WARNING neutron.scheduler.dhcp_agent_scheduler [None req-8398a8d6-8f05-4dcf-a3ea-611c9fee59c0 5995c0f867cb42c28c4e44a6fae89428 a5af558f5dd34a0799786639ef65772b - - default default] No more DHCP agents
2026-05-09 02:45:06.651 9 WARNING neutron.api.rpc.agentnotifiers.dhcp_rpc_agent_api [None req-8398a8d6-8f05-4dcf-a3ea-611c9fee59c0 5995c0f867cb42c28c4e44a6fae89428 a5af558f5dd34a0799786639ef65772b - - default default] Unable to schedule network 09bc98b1-b9ec-402c-b276-64756dd140c6: no agents available; will retry on subsequent port and subnet creation events.
2026-05-09 02:45:06.681 10 INFO neutron.wsgi [None req-79768c14-8280-4097-a168-048e3b79aa24 b1cbfe9862884c9fba65582762029764 acde328632bc4f5c9ed26097b0e50426 - - default default] 10.0.0.223 "PUT /v2.0/trunks/69c9f778-7534-4cdd-b3fb-21b41a56f033/tags/black.or.white HTTP/1.1" status: 201 len: 201 time: 0.0482457
2026-05-09 02:45:06.720 10 INFO neutron.db.ovn_revision_numbers_db [None req-fd0e2b95-a564-4a82-ac08-d3d929317adf ccfe96c837d544d7b18ebef4f7f0db1d 34b6b360312e48b188d8af7368c2c811 - - default default] Successfully bumped revision number for resource a0534965-776b-48de-a8eb-628fcf27bb63 (type: ports) to 1
2026-05-09 02:45:06.724 9 INFO neutron.wsgi [None req-27fb694f-b40b-408d-8b70-5ddcd45b06e3 b1cbfe9862884c9fba65582762029764 acde328632bc4f5c9ed26097b0e50426 - - default default] 10.0.0.223 "GET /v2.0/trunks/69c9f778-7534-4cdd-b3fb-21b41a56f033/tags HTTP/1.1" status: 200 len: 245 time: 0.0324292
2026-05-09 02:45:06.748 10 INFO neutron.wsgi [None req-fd0e2b95-a564-4a82-ac08-d3d929317adf ccfe96c837d544d7b18ebef4f7f0db1d 34b6b360312e48b188d8af7368c2c811 - - default default] 10.0.0.223 "POST /v2.0/networks HTTP/1.1" status: 201 len: 929 time: 0.6172583
2026-05-09 02:45:06.778 9 INFO neutron.db.ovn_revision_numbers_db [None req-8398a8d6-8f05-4dcf-a3ea-611c9fee59c0 5995c0f867cb42c28c4e44a6fae89428 a5af558f5dd34a0799786639ef65772b - - default default] Successfully bumped revision number for resource 5e06fd73-1c62-4587-b69a-d762aada54ba (type: ports) to 1
2026-05-09 02:45:06.782 9 INFO neutron.wsgi [None req-a3e379bc-c362-47ad-bec5-05983f58de60 b1cbfe9862884c9fba65582762029764 acde328632bc4f5c9ed26097b0e50426 - - default default] 10.0.0.223 "PUT /v2.0/trunks/69c9f778-7534-4cdd-b3fb-21b41a56f033/tags HTTP/1.1" status: 200 len: 230 time: 0.0504007
2026-05-09 02:45:06.802 9 INFO neutron.wsgi [None req-8398a8d6-8f05-4dcf-a3ea-611c9fee59c0 5995c0f867cb42c28c4e44a6fae89428 a5af558f5dd34a0799786639ef65772b - - default default] 10.0.0.223 "POST /v2.0/networks HTTP/1.1" status: 201 len: 830 time: 0.6550610
2026-05-09 02:45:06.831 10 INFO neutron.wsgi [None req-84b79d6e-6038-44ab-9f8b-df99f54a8a19 b1cbfe9862884c9fba65582762029764 acde328632bc4f5c9ed26097b0e50426 - - default default] 10.0.0.223 "GET /v2.0/trunks/69c9f778-7534-4cdd-b3fb-21b41a56f033/tags HTTP/1.1" status: 200 len: 230 time: 0.0441411
2026-05-09 02:45:06.873 9 INFO neutron.wsgi [None req-5e38f5bf-1ad2-4542-9d95-4b1f3a5c9538 b1cbfe9862884c9fba65582762029764 acde328632bc4f5c9ed26097b0e50426 - - default default] 10.0.0.223 "GET /v2.0/trunks/69c9f778-7534-4cdd-b3fb-21b41a56f033/tags/red HTTP/1.1" status: 204 len: 168 time: 0.0354481
2026-05-09 02:45:06.897 10 INFO neutron.wsgi [None req-b13f91f7-d8d5-453e-9362-4f0781d7407b 5995c0f867cb42c28c4e44a6fae89428 a5af558f5dd34a0799786639ef65772b - - default default] 10.0.0.223 "PUT /v2.0/networks/e7d029bc-7cbc-4f7f-a20b-1007f7256ca1/tags HTTP/1.1" status: 200 len: 218 time: 0.0904970
2026-05-09 02:45:06.899 9 INFO neutron.api.v2.resource [None req-54ad7c57-1fb5-46cd-99d7-f237d1a21de1 b1cbfe9862884c9fba65582762029764 acde328632bc4f5c9ed26097b0e50426 - - default default] show failed (client error): The resource could not be found.
2026-05-09 02:45:06.900 9 INFO neutron.wsgi [None req-54ad7c57-1fb5-46cd-99d7-f237d1a21de1 b1cbfe9862884c9fba65582762029764 acde328632bc4f5c9ed26097b0e50426 - - default default] 10.0.0.223 "GET /v2.0/trunks/69c9f778-7534-4cdd-b3fb-21b41a56f033/tags/green HTTP/1.1" status: 404 len: 299 time: 0.0218918
2026-05-09 02:45:06.943 9 INFO neutron.wsgi [None req-70bb378e-c8c8-4f07-8c96-f1067a02a1a1 b1cbfe9862884c9fba65582762029764 acde328632bc4f5c9ed26097b0e50426 - - default default] 10.0.0.223 "DELETE /v2.0/trunks/69c9f778-7534-4cdd-b3fb-21b41a56f033/tags/red HTTP/1.1" status: 204 len: 168 time: 0.0368137
2026-05-09 02:45:06.962 10 INFO neutron.wsgi [None req-6d3befb5-4b75-4292-b93a-854fac9fd5c3 5995c0f867cb42c28c4e44a6fae89428 a5af558f5dd34a0799786639ef65772b - - default default] 10.0.0.223 "GET /v2.0/networks/e7d029bc-7cbc-4f7f-a20b-1007f7256ca1/tags HTTP/1.1" status: 200 len: 218 time: 0.0556815
2026-05-09 02:45:06.977 9 INFO neutron.wsgi [None req-90c7532a-cd8d-4519-b214-54c2181458a8 b1cbfe9862884c9fba65582762029764 acde328632bc4f5c9ed26097b0e50426 - - default default] 10.0.0.223 "GET /v2.0/trunks/69c9f778-7534-4cdd-b3fb-21b41a56f033/tags HTTP/1.1" status: 200 len: 223 time: 0.0280457
2026-05-09 02:45:07.027 10 WARNING neutron.scheduler.dhcp_agent_scheduler [None req-27cc3562-6312-44e1-8db3-007a44602a7f ccfe96c837d544d7b18ebef4f7f0db1d 34b6b360312e48b188d8af7368c2c811 - - default default] No more DHCP agents
2026-05-09 02:45:07.030 10 WARNING neutron.api.rpc.agentnotifiers.dhcp_rpc_agent_api [None req-27cc3562-6312-44e1-8db3-007a44602a7f ccfe96c837d544d7b18ebef4f7f0db1d 34b6b360312e48b188d8af7368c2c811 - - default default] Unable to schedule network 538eec99-c8da-4bdb-b5c0-b1816fa96b41: no agents available; will retry on subsequent port and subnet creation events.
2026-05-09 02:45:07.035 9 INFO neutron.wsgi [None req-c042db34-de17-4edc-b848-0c592436bf83 5995c0f867cb42c28c4e44a6fae89428 a5af558f5dd34a0799786639ef65772b - - default default] 10.0.0.223 "PUT /v2.0/networks/09bc98b1-b9ec-402c-b276-64756dd140c6/tags HTTP/1.1" status: 200 len: 210 time: 0.0667927
2026-05-09 02:45:07.043 10 INFO neutron.api.v2.resource [None req-da84d4ac-7253-4dec-bad7-d9d888828f1c b1cbfe9862884c9fba65582762029764 acde328632bc4f5c9ed26097b0e50426 - - default default] delete failed (client error): The resource could not be found.
2026-05-09 02:45:07.045 10 INFO neutron.wsgi [None req-da84d4ac-7253-4dec-bad7-d9d888828f1c b1cbfe9862884c9fba65582762029764 acde328632bc4f5c9ed26097b0e50426 - - default default] 10.0.0.223 "DELETE /v2.0/trunks/69c9f778-7534-4cdd-b3fb-21b41a56f033/tags/green HTTP/1.1" status: 404 len: 299 time: 0.0608354
2026-05-09 02:45:07.100 9 INFO neutron.wsgi [None req-e5ee5649-8f63-4ceb-84bd-eac195ccab61 5995c0f867cb42c28c4e44a6fae89428 a5af558f5dd34a0799786639ef65772b - - default default] 10.0.0.223 "GET /v2.0/networks/09bc98b1-b9ec-402c-b276-64756dd140c6/tags HTTP/1.1" status: 200 len: 210 time: 0.0621264
2026-05-09 02:45:07.120 9 INFO neutron.wsgi [None req-cd252002-9b29-4e6a-a3e6-24def1eef065 b1cbfe9862884c9fba65582762029764 acde328632bc4f5c9ed26097b0e50426 - - default default] 10.0.0.223 "DELETE /v2.0/trunks/69c9f778-7534-4cdd-b3fb-21b41a56f033/tags HTTP/1.1" status: 204 len: 168 time: 0.0708089
2026-05-09 02:45:07.158 9 INFO neutron.wsgi [None req-62b082bd-5ac5-4206-bf10-89744f466a93 5995c0f867cb42c28c4e44a6fae89428 a5af558f5dd34a0799786639ef65772b - - default default] 10.0.0.223 "PUT /v2.0/networks/09bc98b1-b9ec-402c-b276-64756dd140c6/tags HTTP/1.1" status: 200 len: 205 time: 0.0520971
2026-05-09 02:45:07.166 10 INFO neutron.wsgi [None req-cea465e0-b857-4681-9066-ff8a18276a12 b1cbfe9862884c9fba65582762029764 acde328632bc4f5c9ed26097b0e50426 - - default default] 10.0.0.223 "GET /v2.0/trunks/69c9f778-7534-4cdd-b3fb-21b41a56f033/tags HTTP/1.1" status: 200 len: 205 time: 0.0404460
2026-05-09 02:45:07.200 9 INFO neutron.wsgi [None req-919bba09-0c64-4712-9147-386fb02d4fec b1cbfe9862884c9fba65582762029764 acde328632bc4f5c9ed26097b0e50426 - - default default] 10.0.0.223 "GET /v2.0/trunks/69c9f778-7534-4cdd-b3fb-21b41a56f033 HTTP/1.1" status: 200 len: 603 time: 0.0261619
2026-05-09 02:45:07.216 9 INFO neutron.wsgi [None req-6564ca69-8a3c-4acf-8441-7eafbc0bc7b9 5995c0f867cb42c28c4e44a6fae89428 a5af558f5dd34a0799786639ef65772b - - default default] 10.0.0.223 "GET /v2.0/networks/09bc98b1-b9ec-402c-b276-64756dd140c6/tags HTTP/1.1" status: 200 len: 205 time: 0.0531859
2026-05-09 02:45:07.270 9 INFO neutron.wsgi [None req-55132530-f2d1-4623-a12c-876ac737813d 5995c0f867cb42c28c4e44a6fae89428 a5af558f5dd34a0799786639ef65772b - - default default] 10.0.0.223 "GET /v2.0/networks/e7d029bc-7cbc-4f7f-a20b-1007f7256ca1/tags HTTP/1.1" status: 200 len: 218 time: 0.0491977
2026-05-09 02:45:07.341 10 INFO neutron.wsgi [None req-bc6082af-54cd-4db8-8f34-4312f75245b1 b1cbfe9862884c9fba65582762029764 acde328632bc4f5c9ed26097b0e50426 - - default default] 10.0.0.223 "GET /v2.0/ports/dbfc14e2-995f-47b4-b5fa-1289d2c45b14 HTTP/1.1" status: 200 len: 1020 time: 0.1361315
2026-05-09 02:45:07.475 10 INFO neutron.wsgi [None req-0cf393c2-226b-417c-90bf-96c52ab21b97 b1cbfe9862884c9fba65582762029764 acde328632bc4f5c9ed26097b0e50426 - - default default] 10.0.0.223 "DELETE /v2.0/trunks/69c9f778-7534-4cdd-b3fb-21b41a56f033 HTTP/1.1" status: 204 len: 168 time: 0.1291163
2026-05-09 02:45:07.707 9 INFO neutron.services.segments.plugin [-] Segment 84610204-a6fb-436c-888a-bf90ff9be75e resource provider aggregate not found
2026-05-09 02:45:07.726 9 INFO neutron.services.segments.plugin [-] Segment 84610204-a6fb-436c-888a-bf90ff9be75e resource provider aggregate not found
2026-05-09 02:45:07.731 9 INFO neutron.services.segments.plugin [-] Segment 84610204-a6fb-436c-888a-bf90ff9be75e resource provider not found; error: Placement Client Error (4xx): {"errors": [{"status": 404, "title": "Not Found", "detail": "The resource could not be found.\n\n No resource provider with uuid 84610204-a6fb-436c-888a-bf90ff9be75e found for delete ", "request_id": "req-b84dc95b-928b-4070-b890-7dff33d2f7a4"}]}
2026-05-09 02:45:07.747 9 INFO neutron.services.segments.plugin [-] Segment 84610204-a6fb-436c-888a-bf90ff9be75e resource provider not found; error: Placement Client Error (4xx): {"errors": [{"status": 404, "title": "Not Found", "detail": "The resource could not be found.\n\n No resource provider with uuid 84610204-a6fb-436c-888a-bf90ff9be75e found for delete ", "request_id": "req-da3710ad-a128-4add-b61d-27d08533369e"}]}
2026-05-09 02:45:07.778 9 INFO neutron.wsgi [None req-31c3374f-7fab-47cc-b2a4-8fa76c85ebbd 5995c0f867cb42c28c4e44a6fae89428 a5af558f5dd34a0799786639ef65772b - - default default] 10.0.0.223 "DELETE /v2.0/networks/e7d029bc-7cbc-4f7f-a20b-1007f7256ca1 HTTP/1.1" status: 204 len: 168 time: 0.4928064
2026-05-09 02:45:07.826 10 INFO neutron.db.ovn_revision_numbers_db [None req-27cc3562-6312-44e1-8db3-007a44602a7f ccfe96c837d544d7b18ebef4f7f0db1d 34b6b360312e48b188d8af7368c2c811 - - default default] Successfully bumped revision number for resource a0534965-776b-48de-a8eb-628fcf27bb63 (type: ports) to 2
2026-05-09 02:45:07.892 10 INFO neutron.wsgi [None req-04a55495-b23c-4972-9d3f-7a09a0640745 b1cbfe9862884c9fba65582762029764 acde328632bc4f5c9ed26097b0e50426 - - default default] 10.0.0.223 "DELETE /v2.0/ports/dbfc14e2-995f-47b4-b5fa-1289d2c45b14 HTTP/1.1" status: 204 len: 168 time: 0.4104395
2026-05-09 02:45:07.893 10 INFO neutron.db.ovn_revision_numbers_db [None req-27cc3562-6312-44e1-8db3-007a44602a7f ccfe96c837d544d7b18ebef4f7f0db1d 34b6b360312e48b188d8af7368c2c811 - - default default] Successfully bumped revision number for resource 50937b69-1169-4625-9095-fdda8d19a34b (type: subnets) to 0
2026-05-09 02:45:07.918 10 INFO neutron.wsgi [None req-27cc3562-6312-44e1-8db3-007a44602a7f ccfe96c837d544d7b18ebef4f7f0db1d 34b6b360312e48b188d8af7368c2c811 - - default default] 10.0.0.223 "POST /v2.0/subnets HTTP/1.1" status: 201 len: 822 time: 1.1548419
2026-05-09 02:45:08.289 10 INFO neutron.services.segments.plugin [-] Segment 22b3d801-1a67-4d1c-b7c9-a265608ef545 resource provider aggregate not found
2026-05-09 02:45:08.299 10 INFO neutron.services.segments.plugin [-] Segment 22b3d801-1a67-4d1c-b7c9-a265608ef545 resource provider aggregate not found
2026-05-09 02:45:08.304 9 INFO neutron.wsgi [None req-37e99aa2-0327-464f-940f-2a93d83bf6c4 b1cbfe9862884c9fba65582762029764 acde328632bc4f5c9ed26097b0e50426 - - default default] 10.0.0.223 "DELETE /v2.0/networks/86cac2d5-2902-47d4-9451-711b605f886e HTTP/1.1" status: 204 len: 168 time: 0.4052401
2026-05-09 02:45:08.318 10 INFO neutron.services.segments.plugin [-] Segment 22b3d801-1a67-4d1c-b7c9-a265608ef545 resource provider not found; error: Placement Client Error (4xx): {"errors": [{"status": 404, "title": "Not Found", "detail": "The resource could not be found.\n\n No resource provider with uuid 22b3d801-1a67-4d1c-b7c9-a265608ef545 found for delete ", "request_id": "req-1435e38b-e8db-4047-bbd8-d6dd56fc143e"}]}
2026-05-09 02:45:08.324 10 INFO neutron.services.segments.plugin [-] Segment 22b3d801-1a67-4d1c-b7c9-a265608ef545 resource provider not found; error: Placement Client Error (4xx): {"errors": [{"status": 404, "title": "Not Found", "detail": "The resource could not be found.\n\n No resource provider with uuid 22b3d801-1a67-4d1c-b7c9-a265608ef545 found for delete ", "request_id": "req-8a762d92-5aaf-44db-895d-31330df6948d"}]}
2026-05-09 02:45:08.344 10 INFO neutron.wsgi [None req-21249003-8944-43c3-b9fb-adf67e80697f ccfe96c837d544d7b18ebef4f7f0db1d 34b6b360312e48b188d8af7368c2c811 - - default default] 10.0.0.223 "POST /v2.0/rbac-policies HTTP/1.1" status: 201 len: 523 time: 0.4204061
2026-05-09 02:45:08.353 10 INFO neutron.wsgi [None req-5ea3042b-a86e-4150-95b0-e1fc335821db 5995c0f867cb42c28c4e44a6fae89428 a5af558f5dd34a0799786639ef65772b - - default default] 10.0.0.223 "DELETE /v2.0/networks/09bc98b1-b9ec-402c-b276-64756dd140c6 HTTP/1.1" status: 204 len: 168 time: 0.5576186
2026-05-09 02:45:09.051 10 INFO neutron.wsgi [None req-7d073920-269f-4793-942e-a8178cd25a1c 9da94dcfdab849378162f5ca7e0181c2 73a4504f136c4675a0142080f45588ea - - default default] 10.0.0.223 "GET /v2.0/networks/538eec99-c8da-4bdb-b5c0-b1816fa96b41 HTTP/1.1" status: 200 len: 849 time: 0.3196323
2026-05-09 02:45:09.106 9 INFO neutron.wsgi [None req-083b3add-9cf7-460f-a04a-e887b1f6a47d fb10a23b07884965bc0c4ffee1800cce 8a91ffeec2ec44929d32f253e15269f7 - - default default] 10.0.0.223 "GET /v2.0/security-groups?tenant_id=acde328632bc4f5c9ed26097b0e50426&name=default HTTP/1.1" status: 200 len: 3000 time: 0.0851099
2026-05-09 02:45:09.264 10 INFO neutron.db.ovn_revision_numbers_db [None req-ae21350c-04ed-4aa9-8245-c6d4a78fc5a5 fb10a23b07884965bc0c4ffee1800cce 8a91ffeec2ec44929d32f253e15269f7 - - default default] Successfully bumped revision number for resource 8351472f-ea4f-45a7-ab0b-655bb6c1ea22 (type: security_groups) to 1
2026-05-09 02:45:09.287 10 INFO neutron.db.ovn_revision_numbers_db [None req-ae21350c-04ed-4aa9-8245-c6d4a78fc5a5 fb10a23b07884965bc0c4ffee1800cce 8a91ffeec2ec44929d32f253e15269f7 - - default default] Successfully bumped revision number for resource 0d860480-177a-4415-b2fe-060dc1a359cd (type: security_group_rules) to 0
2026-05-09 02:45:09.311 10 INFO neutron.db.ovn_revision_numbers_db [None req-ae21350c-04ed-4aa9-8245-c6d4a78fc5a5 fb10a23b07884965bc0c4ffee1800cce 8a91ffeec2ec44929d32f253e15269f7 - - default default] Successfully bumped revision number for resource 187f2bee-b26e-46a6-818e-df96e4902d91 (type: security_group_rules) to 0
2026-05-09 02:45:09.341 10 INFO neutron.db.ovn_revision_numbers_db [None req-ae21350c-04ed-4aa9-8245-c6d4a78fc5a5 fb10a23b07884965bc0c4ffee1800cce 8a91ffeec2ec44929d32f253e15269f7 - - default default] Successfully bumped revision number for resource 6320b4a7-0b1b-4e30-a0a2-4b4bbf8a83cf (type: security_group_rules) to 0
2026-05-09 02:45:09.360 10 INFO neutron.db.ovn_revision_numbers_db [None req-ae21350c-04ed-4aa9-8245-c6d4a78fc5a5 fb10a23b07884965bc0c4ffee1800cce 8a91ffeec2ec44929d32f253e15269f7 - - default default] Successfully bumped revision number for resource 6813a91b-edfa-4e7d-83ac-6643640e0b1b (type: security_group_rules) to 0
2026-05-09 02:45:09.385 10 INFO neutron.wsgi [None req-ae21350c-04ed-4aa9-8245-c6d4a78fc5a5 fb10a23b07884965bc0c4ffee1800cce 8a91ffeec2ec44929d32f253e15269f7 - - default default] 10.0.0.223 "GET /v2.0/security-groups?tenant_id=29e3c9022550408a860ba2ace8ff5105&name=default HTTP/1.1" status: 200 len: 3000 time: 0.3386514
2026-05-09 02:45:09.404 9 INFO neutron.wsgi [None req-aaac6a37-2869-4ef8-b810-5a8e20b28cfe fb10a23b07884965bc0c4ffee1800cce 8a91ffeec2ec44929d32f253e15269f7 - - default default] 10.0.0.223 "DELETE /v2.0/security-groups/6a8ecc04-d9ac-410d-8e7e-b40eedf74c92 HTTP/1.1" status: 204 len: 168 time: 0.2935565
2026-05-09 02:45:09.485 9 INFO neutron.pecan_wsgi.hooks.translation [None req-4f258bb4-f088-46df-9e46-2b20b0407473 f1375130cee64d7fb9398f3852f19653 7773ec375d344e208d18ec38d4f5b27e - - default default] GET failed (client error): The resource could not be found.
2026-05-09 02:45:09.487 9 INFO neutron.wsgi [None req-4f258bb4-f088-46df-9e46-2b20b0407473 f1375130cee64d7fb9398f3852f19653 7773ec375d344e208d18ec38d4f5b27e - - default default] 10.0.0.223 "GET /v2.0/networks/538eec99-c8da-4bdb-b5c0-b1816fa96b41 HTTP/1.1" status: 404 len: 339 time: 0.0582530
2026-05-09 02:45:09.619 10 INFO neutron.wsgi [None req-50025450-8158-44a1-9cf6-eb2a3750f501 fb10a23b07884965bc0c4ffee1800cce 8a91ffeec2ec44929d32f253e15269f7 - - default default] 10.0.0.223 "DELETE /v2.0/security-groups/8351472f-ea4f-45a7-ab0b-655bb6c1ea22 HTTP/1.1" status: 204 len: 168 time: 0.2285473
2026-05-09 02:45:09.642 10 INFO neutron.db.ovn_revision_numbers_db [None req-a227ed98-7a2e-4c5b-85fd-10e75d80e7e6 fb10a23b07884965bc0c4ffee1800cce 8a91ffeec2ec44929d32f253e15269f7 - - default default] Successfully bumped revision number for resource 996fc06e-df18-4f1f-9766-b1f12dcac896 (type: security_groups) to 1
2026-05-09 02:45:09.665 10 INFO neutron.db.ovn_revision_numbers_db [None req-a227ed98-7a2e-4c5b-85fd-10e75d80e7e6 fb10a23b07884965bc0c4ffee1800cce 8a91ffeec2ec44929d32f253e15269f7 - - default default] Successfully bumped revision number for resource 1787adcd-a14a-4f67-a009-08ecc3c7a332 (type: security_group_rules) to 0
2026-05-09 02:45:09.687 10 INFO neutron.db.ovn_revision_numbers_db [None req-a227ed98-7a2e-4c5b-85fd-10e75d80e7e6 fb10a23b07884965bc0c4ffee1800cce 8a91ffeec2ec44929d32f253e15269f7 - - default default] Successfully bumped revision number for resource 38b9c99c-d712-4c6e-9dc3-7a20ccfb9f90 (type: security_group_rules) to 0
2026-05-09 02:45:09.703 10 INFO neutron.db.ovn_revision_numbers_db [None req-a227ed98-7a2e-4c5b-85fd-10e75d80e7e6 fb10a23b07884965bc0c4ffee1800cce 8a91ffeec2ec44929d32f253e15269f7 - - default default] Successfully bumped revision number for resource c6244ca0-6d96-4229-a06f-ac135b5ee039 (type: security_group_rules) to 0
2026-05-09 02:45:09.720 10 INFO neutron.db.ovn_revision_numbers_db [None req-a227ed98-7a2e-4c5b-85fd-10e75d80e7e6 fb10a23b07884965bc0c4ffee1800cce 8a91ffeec2ec44929d32f253e15269f7 - - default default] Successfully bumped revision number for resource ead61c75-60f2-4da5-8c2b-603a2d8738ac (type: security_group_rules) to 0
2026-05-09 02:45:09.751 10 INFO neutron.wsgi [None req-a227ed98-7a2e-4c5b-85fd-10e75d80e7e6 fb10a23b07884965bc0c4ffee1800cce 8a91ffeec2ec44929d32f253e15269f7 - - default default] 10.0.0.223 "GET /v2.0/security-groups?tenant_id=fefdb62de6d9467c94b82532485a8efb&name=default HTTP/1.1" status: 200 len: 3000 time: 0.2531521
2026-05-09 02:45:09.755 9 INFO neutron.services.segments.plugin [-] Segment 8979313f-9b0b-49d9-906c-1a8535a7537f resource provider aggregate not found
2026-05-09 02:45:09.769 9 INFO neutron.services.segments.plugin [-] Segment 8979313f-9b0b-49d9-906c-1a8535a7537f resource provider not found; error: Placement Client Error (4xx): {"errors": [{"status": 404, "title": "Not Found", "detail": "The resource could not be found.\n\n No resource provider with uuid 8979313f-9b0b-49d9-906c-1a8535a7537f found for delete ", "request_id": "req-b56158cf-2e51-4ff7-9dd2-91497fd53b35"}]}
2026-05-09 02:45:09.770 9 INFO neutron.services.segments.plugin [-] Segment 8979313f-9b0b-49d9-906c-1a8535a7537f resource provider aggregate not found
2026-05-09 02:45:09.792 9 INFO neutron.services.segments.plugin [-] Segment 8979313f-9b0b-49d9-906c-1a8535a7537f resource provider not found; error: Placement Client Error (4xx): {"errors": [{"status": 404, "title": "Not Found", "detail": "The resource could not be found.\n\n No resource provider with uuid 8979313f-9b0b-49d9-906c-1a8535a7537f found for delete ", "request_id": "req-a0cb7bb7-6538-4d59-bfde-00a9d9d25f95"}]}
2026-05-09 02:45:09.820 10 INFO neutron.wsgi [None req-72c15fa3-b1f7-45f3-aa6d-e5322fe53856 fb10a23b07884965bc0c4ffee1800cce 8a91ffeec2ec44929d32f253e15269f7 - - default default] 10.0.0.223 "GET /v2.0/security-groups?tenant_id=a5af558f5dd34a0799786639ef65772b&name=default HTTP/1.1" status: 200 len: 3000 time: 0.0354536
2026-05-09 02:45:10.235 10 INFO neutron.wsgi [None req-59c4a7fc-8118-4ac8-a00d-2e525ff8f28a fb10a23b07884965bc0c4ffee1800cce 8a91ffeec2ec44929d32f253e15269f7 - - default default] 10.0.0.223 "DELETE /v2.0/security-groups/996fc06e-df18-4f1f-9766-b1f12dcac896 HTTP/1.1" status: 204 len: 168 time: 0.4799819
2026-05-09 02:45:10.293 10 INFO neutron.wsgi [None req-1edfafcd-1563-4ea0-9544-2829f09c4f8d fb10a23b07884965bc0c4ffee1800cce 8a91ffeec2ec44929d32f253e15269f7 - - default default] 10.0.0.223 "DELETE /v2.0/security-groups/982a0e99-bb43-47e3-b9ff-878e667bfc5f HTTP/1.1" status: 204 len: 168 time: 0.4679914
2026-05-09 02:45:10.427 9 INFO neutron.wsgi [None req-1db346b0-bde8-4b64-8f31-540d5fb3e3de ccfe96c837d544d7b18ebef4f7f0db1d 34b6b360312e48b188d8af7368c2c811 - - default default] 10.0.0.223 "DELETE /v2.0/networks/538eec99-c8da-4bdb-b5c0-b1816fa96b41 HTTP/1.1" status: 204 len: 168 time: 0.9345179
2026-05-09 02:45:10.453 9 INFO neutron.pecan_wsgi.hooks.translation [None req-7b944a75-5c6b-4c70-a6a7-c7690d4a898b ccfe96c837d544d7b18ebef4f7f0db1d 34b6b360312e48b188d8af7368c2c811 - - default default] DELETE failed (client error): The resource could not be found.
2026-05-09 02:45:10.455 9 INFO neutron.wsgi [None req-7b944a75-5c6b-4c70-a6a7-c7690d4a898b ccfe96c837d544d7b18ebef4f7f0db1d 34b6b360312e48b188d8af7368c2c811 - - default default] 10.0.0.223 "DELETE /v2.0/subnets/bfaa3452-078a-4a82-88d3-5b70a73f5b63 HTTP/1.1" status: 404 len: 337 time: 0.0188677
2026-05-09 02:45:10.473 9 INFO neutron.pecan_wsgi.hooks.translation [None req-2a3db3ad-ef8b-4c9b-9002-e53aefd738e2 ccfe96c837d544d7b18ebef4f7f0db1d 34b6b360312e48b188d8af7368c2c811 - - default default] DELETE failed (client error): The resource could not be found.
2026-05-09 02:45:10.475 9 INFO neutron.wsgi [None req-2a3db3ad-ef8b-4c9b-9002-e53aefd738e2 ccfe96c837d544d7b18ebef4f7f0db1d 34b6b360312e48b188d8af7368c2c811 - - default default] 10.0.0.223 "DELETE /v2.0/subnets/6b3f4c6c-8f81-49ac-b8c5-03a173b5216e HTTP/1.1" status: 404 len: 337 time: 0.0150573
2026-05-09 02:45:10.492 9 INFO neutron.pecan_wsgi.hooks.translation [None req-cffbcaf4-b5c6-40ac-87da-43e1bb5efdff ccfe96c837d544d7b18ebef4f7f0db1d 34b6b360312e48b188d8af7368c2c811 - - default default] DELETE failed (client error): The resource could not be found.
2026-05-09 02:45:10.494 9 INFO neutron.wsgi [None req-cffbcaf4-b5c6-40ac-87da-43e1bb5efdff ccfe96c837d544d7b18ebef4f7f0db1d 34b6b360312e48b188d8af7368c2c811 - - default default] 10.0.0.223 "DELETE /v2.0/subnets/50937b69-1169-4625-9095-fdda8d19a34b HTTP/1.1" status: 404 len: 337 time: 0.0139921
2026-05-09 02:45:11.612 10 INFO neutron.wsgi [None req-c75fd0b1-90d7-4194-bab3-e450d7c29575 fb10a23b07884965bc0c4ffee1800cce 8a91ffeec2ec44929d32f253e15269f7 - - default default] 10.0.0.223 "GET /v2.0/security-groups?tenant_id=34b6b360312e48b188d8af7368c2c811&name=default HTTP/1.1" status: 200 len: 2998 time: 0.2329328
2026-05-09 02:45:11.790 9 INFO neutron.services.segments.plugin [-] Segment 22da9efb-efdb-40e3-8674-cc98b6b7b3b9 resource provider aggregate not found
2026-05-09 02:45:11.814 9 INFO neutron.services.segments.plugin [-] Segment 22da9efb-efdb-40e3-8674-cc98b6b7b3b9 resource provider not found; error: Placement Client Error (4xx): {"errors": [{"status": 404, "title": "Not Found", "detail": "The resource could not be found.\n\n No resource provider with uuid 22da9efb-efdb-40e3-8674-cc98b6b7b3b9 found for delete ", "request_id": "req-6e5096a1-d5a6-4b69-bca6-563e3b2cd3f9"}]}
2026-05-09 02:45:11.815 9 INFO neutron.services.segments.plugin [-] Segment 22da9efb-efdb-40e3-8674-cc98b6b7b3b9 resource provider aggregate not found
2026-05-09 02:45:11.828 10 INFO neutron.wsgi [None req-e849399b-b00c-4fef-a525-0f8815789960 fb10a23b07884965bc0c4ffee1800cce 8a91ffeec2ec44929d32f253e15269f7 - - default default] 10.0.0.223 "DELETE /v2.0/security-groups/dc50e86a-5e19-4ce1-b3ae-b697bb951e52 HTTP/1.1" status: 204 len: 168 time: 0.2111280
2026-05-09 02:45:11.832 9 INFO neutron.services.segments.plugin [-] Segment 22da9efb-efdb-40e3-8674-cc98b6b7b3b9 resource provider not found; error: Placement Client Error (4xx): {"errors": [{"status": 404, "title": "Not Found", "detail": "The resource could not be found.\n\n No resource provider with uuid 22da9efb-efdb-40e3-8674-cc98b6b7b3b9 found for delete ", "request_id": "req-e670a786-77f6-4e73-905f-0df9ae011600"}]}
2026-05-09 02:45:12.098 10 INFO neutron.db.ovn_revision_numbers_db [None req-2a621f7a-775a-4b95-af9c-72d61389f7b7 fb10a23b07884965bc0c4ffee1800cce 8a91ffeec2ec44929d32f253e15269f7 - - default default] Successfully bumped revision number for resource 48e9690b-065e-4bad-afef-850334ca8a60 (type: security_groups) to 1
2026-05-09 02:45:12.116 10 INFO neutron.db.ovn_revision_numbers_db [None req-2a621f7a-775a-4b95-af9c-72d61389f7b7 fb10a23b07884965bc0c4ffee1800cce 8a91ffeec2ec44929d32f253e15269f7 - - default default] Successfully bumped revision number for resource 27b0016d-9eb5-4130-bd6e-d053e872b8e1 (type: security_group_rules) to 0
2026-05-09 02:45:12.131 10 INFO neutron.db.ovn_revision_numbers_db [None req-2a621f7a-775a-4b95-af9c-72d61389f7b7 fb10a23b07884965bc0c4ffee1800cce 8a91ffeec2ec44929d32f253e15269f7 - - default default] Successfully bumped revision number for resource cbcdc929-3c3e-4f25-adbd-15bc0364dc0e (type: security_group_rules) to 0
2026-05-09 02:45:12.146 10 INFO neutron.db.ovn_revision_numbers_db [None req-2a621f7a-775a-4b95-af9c-72d61389f7b7 fb10a23b07884965bc0c4ffee1800cce 8a91ffeec2ec44929d32f253e15269f7 - - default default] Successfully bumped revision number for resource db4d203b-9168-4597-8cd9-3e277615a467 (type: security_group_rules) to 0
2026-05-09 02:45:12.160 10 INFO neutron.db.ovn_revision_numbers_db [None req-2a621f7a-775a-4b95-af9c-72d61389f7b7 fb10a23b07884965bc0c4ffee1800cce 8a91ffeec2ec44929d32f253e15269f7 - - default default] Successfully bumped revision number for resource ea33f5ff-0d4d-4e52-8636-7289d17b35dd (type: security_group_rules) to 0
2026-05-09 02:45:12.185 10 INFO neutron.wsgi [None req-2a621f7a-775a-4b95-af9c-72d61389f7b7 fb10a23b07884965bc0c4ffee1800cce 8a91ffeec2ec44929d32f253e15269f7 - - default default] 10.0.0.223 "GET /v2.0/security-groups?tenant_id=7773ec375d344e208d18ec38d4f5b27e&name=default HTTP/1.1" status: 200 len: 3000 time: 0.2051802
2026-05-09 02:45:12.385 10 INFO neutron.wsgi [None req-cc112ef9-a624-4f19-bc91-ef6f0e2562af fb10a23b07884965bc0c4ffee1800cce 8a91ffeec2ec44929d32f253e15269f7 - - default default] 10.0.0.223 "DELETE /v2.0/security-groups/48e9690b-065e-4bad-afef-850334ca8a60 HTTP/1.1" status: 204 len: 168 time: 0.1946907
2026-05-09 02:45:12.613 10 INFO neutron.db.ovn_revision_numbers_db [None req-e847c4c8-0510-4ed2-a655-1c680d647977 fb10a23b07884965bc0c4ffee1800cce 8a91ffeec2ec44929d32f253e15269f7 - - default default] Successfully bumped revision number for resource 56caf90a-bbc7-492a-bcc5-9dd61301bf49 (type: security_groups) to 1
2026-05-09 02:45:12.630 10 INFO neutron.db.ovn_revision_numbers_db [None req-e847c4c8-0510-4ed2-a655-1c680d647977 fb10a23b07884965bc0c4ffee1800cce 8a91ffeec2ec44929d32f253e15269f7 - - default default] Successfully bumped revision number for resource 12219f9a-3bf1-46f6-ac51-dd18604031ec (type: security_group_rules) to 0
2026-05-09 02:45:12.644 10 INFO neutron.db.ovn_revision_numbers_db [None req-e847c4c8-0510-4ed2-a655-1c680d647977 fb10a23b07884965bc0c4ffee1800cce 8a91ffeec2ec44929d32f253e15269f7 - - default default] Successfully bumped revision number for resource 181ce053-379f-4cfd-94cb-7b9c227dfa79 (type: security_group_rules) to 0
2026-05-09 02:45:12.656 10 INFO neutron.db.ovn_revision_numbers_db [None req-e847c4c8-0510-4ed2-a655-1c680d647977 fb10a23b07884965bc0c4ffee1800cce 8a91ffeec2ec44929d32f253e15269f7 - - default default] Successfully bumped revision number for resource 354f1dbd-51c5-434b-ba8c-a3a57d256be5 (type: security_group_rules) to 0
2026-05-09 02:45:12.670 10 INFO neutron.db.ovn_revision_numbers_db [None req-e847c4c8-0510-4ed2-a655-1c680d647977 fb10a23b07884965bc0c4ffee1800cce 8a91ffeec2ec44929d32f253e15269f7 - - default default] Successfully bumped revision number for resource 89e87d88-be02-4c91-a7fc-828c0e7e37be (type: security_group_rules) to 0
2026-05-09 02:45:12.695 10 INFO neutron.wsgi [None req-e847c4c8-0510-4ed2-a655-1c680d647977 fb10a23b07884965bc0c4ffee1800cce 8a91ffeec2ec44929d32f253e15269f7 - - default default] 10.0.0.223 "GET /v2.0/security-groups?tenant_id=73a4504f136c4675a0142080f45588ea&name=default HTTP/1.1" status: 200 len: 3000 time: 0.2077579
2026-05-09 02:45:12.901 10 INFO neutron.wsgi [None req-77967a9a-90d5-4dd4-ab0e-29c7b67bc0eb fb10a23b07884965bc0c4ffee1800cce 8a91ffeec2ec44929d32f253e15269f7 - - default default] 10.0.0.223 "DELETE /v2.0/security-groups/56caf90a-bbc7-492a-bcc5-9dd61301bf49 HTTP/1.1" status: 204 len: 168 time: 0.1999524
2026-05-09 02:45:13.163 10 INFO neutron.wsgi [-] 10.0.0.111 "GET / HTTP/1.1" status: 200 len: 247 time: 0.0027885
2026-05-09 02:45:13.164 9 INFO neutron.wsgi [-] 10.0.0.111 "GET / HTTP/1.1" status: 200 len: 247 time: 0.0027895
2026-05-09 02:45:14.239 10 INFO neutron.db.ovn_revision_numbers_db [None req-8a6e36cd-ea73-4a78-9a2c-ea8223cb7c52 fb10a23b07884965bc0c4ffee1800cce 8a91ffeec2ec44929d32f253e15269f7 - - default default] Successfully bumped revision number for resource 0086a4e7-1eb0-4d77-b7f0-cb5677817fb8 (type: security_groups) to 1
2026-05-09 02:45:14.256 10 INFO neutron.db.ovn_revision_numbers_db [None req-8a6e36cd-ea73-4a78-9a2c-ea8223cb7c52 fb10a23b07884965bc0c4ffee1800cce 8a91ffeec2ec44929d32f253e15269f7 - - default default] Successfully bumped revision number for resource 0f5642f9-f85c-48e9-bd28-9e9e722cee6f (type: security_group_rules) to 0
2026-05-09 02:45:14.276 10 INFO neutron.db.ovn_revision_numbers_db [None req-8a6e36cd-ea73-4a78-9a2c-ea8223cb7c52 fb10a23b07884965bc0c4ffee1800cce 8a91ffeec2ec44929d32f253e15269f7 - - default default] Successfully bumped revision number for resource 4997d4d9-af78-4eab-8807-e7adbe736ade (type: security_group_rules) to 0
2026-05-09 02:45:14.292 10 INFO neutron.db.ovn_revision_numbers_db [None req-8a6e36cd-ea73-4a78-9a2c-ea8223cb7c52 fb10a23b07884965bc0c4ffee1800cce 8a91ffeec2ec44929d32f253e15269f7 - - default default] Successfully bumped revision number for resource 5a2dd6f3-21bb-41af-b15f-c07863fa6c68 (type: security_group_rules) to 0
2026-05-09 02:45:14.312 10 INFO neutron.db.ovn_revision_numbers_db [None req-8a6e36cd-ea73-4a78-9a2c-ea8223cb7c52 fb10a23b07884965bc0c4ffee1800cce 8a91ffeec2ec44929d32f253e15269f7 - - default default] Successfully bumped revision number for resource ab49153b-4f94-4eab-a624-9e5e5bc5e75b (type: security_group_rules) to 0
2026-05-09 02:45:14.341 10 INFO neutron.wsgi [None req-8a6e36cd-ea73-4a78-9a2c-ea8223cb7c52 fb10a23b07884965bc0c4ffee1800cce 8a91ffeec2ec44929d32f253e15269f7 - - default default] 10.0.0.223 "GET /v2.0/security-groups?tenant_id=9674b7b8b0a743cb955c034b6a334752&name=default HTTP/1.1" status: 200 len: 3000 time: 0.3942661
2026-05-09 02:45:14.544 10 INFO neutron.wsgi [None req-cd5e0707-9615-4cc4-a579-b1f0ad7180fc fb10a23b07884965bc0c4ffee1800cce 8a91ffeec2ec44929d32f253e15269f7 - - default default] 10.0.0.223 "DELETE /v2.0/security-groups/0086a4e7-1eb0-4d77-b7f0-cb5677817fb8 HTTP/1.1" status: 204 len: 168 time: 0.1979954
2026-05-09 02:45:14.836 10 INFO neutron.db.ovn_revision_numbers_db [None req-31ce9c49-3e2e-4f2b-a37e-30dbba74b2a1 fb10a23b07884965bc0c4ffee1800cce 8a91ffeec2ec44929d32f253e15269f7 - - default default] Successfully bumped revision number for resource cec7c41e-3a96-4ed0-b066-b1f6a34ab947 (type: security_groups) to 1
2026-05-09 02:45:14.855 10 INFO neutron.db.ovn_revision_numbers_db [None req-31ce9c49-3e2e-4f2b-a37e-30dbba74b2a1 fb10a23b07884965bc0c4ffee1800cce 8a91ffeec2ec44929d32f253e15269f7 - - default default] Successfully bumped revision number for resource a6ac9ed5-3f7e-407f-98b8-d9267f6f27a1 (type: security_group_rules) to 0
2026-05-09 02:45:14.871 10 INFO neutron.db.ovn_revision_numbers_db [None req-31ce9c49-3e2e-4f2b-a37e-30dbba74b2a1 fb10a23b07884965bc0c4ffee1800cce 8a91ffeec2ec44929d32f253e15269f7 - - default default] Successfully bumped revision number for resource a6eb2635-ae0d-4cd9-86ec-d2610e244991 (type: security_group_rules) to 0
2026-05-09 02:45:14.886 10 INFO neutron.db.ovn_revision_numbers_db [None req-31ce9c49-3e2e-4f2b-a37e-30dbba74b2a1 fb10a23b07884965bc0c4ffee1800cce 8a91ffeec2ec44929d32f253e15269f7 - - default default] Successfully bumped revision number for resource b132d165-8b99-4bda-92dd-027733f7d02f (type: security_group_rules) to 0
2026-05-09 02:45:14.902 10 INFO neutron.db.ovn_revision_numbers_db [None req-31ce9c49-3e2e-4f2b-a37e-30dbba74b2a1 fb10a23b07884965bc0c4ffee1800cce 8a91ffeec2ec44929d32f253e15269f7 - - default default] Successfully bumped revision number for resource c5f27d4f-8e2a-4f2b-9648-511a13a25fc0 (type: security_group_rules) to 0
2026-05-09 02:45:14.932 10 INFO neutron.wsgi [None req-31ce9c49-3e2e-4f2b-a37e-30dbba74b2a1 fb10a23b07884965bc0c4ffee1800cce 8a91ffeec2ec44929d32f253e15269f7 - - default default] 10.0.0.223 "GET /v2.0/security-groups?tenant_id=498ea6f6a24f4031b4466118589619b3&name=default HTTP/1.1" status: 200 len: 3000 time: 0.2272472
2026-05-09 02:45:15.154 10 INFO neutron.wsgi [None req-886fb09d-1f9f-4100-b6f7-7e3a8a739ca4 fb10a23b07884965bc0c4ffee1800cce 8a91ffeec2ec44929d32f253e15269f7 - - default default] 10.0.0.223 "DELETE /v2.0/security-groups/cec7c41e-3a96-4ed0-b066-b1f6a34ab947 HTTP/1.1" status: 204 len: 168 time: 0.2165480
2026-05-09 02:45:17.311 9 WARNING neutron_lib.context [None req-8ebadd29-8cb2-4a2a-a361-86c6611abc68 1492d49919774cb6ba6c16eaa6f7afaf 0230b7e2bb28488aad207686e877dcde - - default default] Method 'is_advsvc' is deprecated since 2023.2 release (neutron-lib 3.8.0) and will be removed once support for the old RBAC API policies will be removed from Neutron. Please use method 'is_service_role' instead.
2026-05-09 02:45:17.442 9 INFO neutron.db.ovn_revision_numbers_db [None req-8ebadd29-8cb2-4a2a-a361-86c6611abc68 1492d49919774cb6ba6c16eaa6f7afaf 0230b7e2bb28488aad207686e877dcde - - default default] Successfully bumped revision number for resource 196597c9-111a-4f1c-a4b5-a56b0230d49f (type: security_groups) to 1
2026-05-09 02:45:17.457 9 INFO neutron.db.ovn_revision_numbers_db [None req-8ebadd29-8cb2-4a2a-a361-86c6611abc68 1492d49919774cb6ba6c16eaa6f7afaf 0230b7e2bb28488aad207686e877dcde - - default default] Successfully bumped revision number for resource 351ecd92-762d-4eb6-a463-999a25d1c89e (type: security_group_rules) to 0
2026-05-09 02:45:17.475 9 INFO neutron.db.ovn_revision_numbers_db [None req-8ebadd29-8cb2-4a2a-a361-86c6611abc68 1492d49919774cb6ba6c16eaa6f7afaf 0230b7e2bb28488aad207686e877dcde - - default default] Successfully bumped revision number for resource 6aa466f7-2521-443d-b61e-5501061441f4 (type: security_group_rules) to 0
2026-05-09 02:45:17.489 9 INFO neutron.db.ovn_revision_numbers_db [None req-8ebadd29-8cb2-4a2a-a361-86c6611abc68 1492d49919774cb6ba6c16eaa6f7afaf 0230b7e2bb28488aad207686e877dcde - - default default] Successfully bumped revision number for resource dd3015dc-e30e-44ed-93b1-fa411372dc26 (type: security_group_rules) to 0
2026-05-09 02:45:17.504 9 INFO neutron.db.ovn_revision_numbers_db [None req-8ebadd29-8cb2-4a2a-a361-86c6611abc68 1492d49919774cb6ba6c16eaa6f7afaf 0230b7e2bb28488aad207686e877dcde - - default default] Successfully bumped revision number for resource df51c403-16de-4d0b-b70e-13ef149bee6a (type: security_group_rules) to 0
2026-05-09 02:45:17.556 9 INFO neutron.db.segments_db [None req-8ebadd29-8cb2-4a2a-a361-86c6611abc68 1492d49919774cb6ba6c16eaa6f7afaf 0230b7e2bb28488aad207686e877dcde - - default default] Added segment 66491582-34ee-401d-bc6f-b4a407c312c7 of type geneve for network de9670f8-5045-46da-b1c1-2ce1ae1022c0
2026-05-09 02:45:17.727 9 INFO neutron.db.ovn_revision_numbers_db [None req-8ebadd29-8cb2-4a2a-a361-86c6611abc68 1492d49919774cb6ba6c16eaa6f7afaf 0230b7e2bb28488aad207686e877dcde - - default default] Successfully bumped revision number for resource de9670f8-5045-46da-b1c1-2ce1ae1022c0 (type: networks) to 1
2026-05-09 02:45:17.938 9 WARNING neutron.scheduler.dhcp_agent_scheduler [None req-8ebadd29-8cb2-4a2a-a361-86c6611abc68 1492d49919774cb6ba6c16eaa6f7afaf 0230b7e2bb28488aad207686e877dcde - - default default] No more DHCP agents
2026-05-09 02:45:17.940 9 WARNING neutron.api.rpc.agentnotifiers.dhcp_rpc_agent_api [None req-8ebadd29-8cb2-4a2a-a361-86c6611abc68 1492d49919774cb6ba6c16eaa6f7afaf 0230b7e2bb28488aad207686e877dcde - - default default] Unable to schedule network de9670f8-5045-46da-b1c1-2ce1ae1022c0: no agents available; will retry on subsequent port and subnet creation events.
2026-05-09 02:45:18.031 9 INFO neutron.db.ovn_revision_numbers_db [None req-8ebadd29-8cb2-4a2a-a361-86c6611abc68 1492d49919774cb6ba6c16eaa6f7afaf 0230b7e2bb28488aad207686e877dcde - - default default] Successfully bumped revision number for resource 5f5d6f67-4f49-438d-b58c-28e756d39e34 (type: ports) to 1
2026-05-09 02:45:18.054 9 INFO neutron.wsgi [None req-8ebadd29-8cb2-4a2a-a361-86c6611abc68 1492d49919774cb6ba6c16eaa6f7afaf 0230b7e2bb28488aad207686e877dcde - - default default] 10.0.0.223 "POST /v2.0/networks HTTP/1.1" status: 201 len: 830 time: 0.9249725
2026-05-09 02:45:18.065 9 WARNING neutron_lib.context [None req-2ff96e1e-3b86-4b63-8486-f9ceed13a3b0 1492d49919774cb6ba6c16eaa6f7afaf 0230b7e2bb28488aad207686e877dcde - - default default] Method 'is_advsvc' is deprecated since 2023.2 release (neutron-lib 3.8.0) and will be removed once support for the old RBAC API policies will be removed from Neutron. Please use method 'is_service_role' instead.
2026-05-09 02:45:18.338 9 WARNING neutron.scheduler.dhcp_agent_scheduler [None req-2ff96e1e-3b86-4b63-8486-f9ceed13a3b0 1492d49919774cb6ba6c16eaa6f7afaf 0230b7e2bb28488aad207686e877dcde - - default default] No more DHCP agents
2026-05-09 02:45:18.340 9 WARNING neutron.api.rpc.agentnotifiers.dhcp_rpc_agent_api [None req-2ff96e1e-3b86-4b63-8486-f9ceed13a3b0 1492d49919774cb6ba6c16eaa6f7afaf 0230b7e2bb28488aad207686e877dcde - - default default] Unable to schedule network de9670f8-5045-46da-b1c1-2ce1ae1022c0: no agents available; will retry on subsequent port and subnet creation events.
2026-05-09 02:45:18.831 9 INFO neutron.db.ovn_revision_numbers_db [None req-2ff96e1e-3b86-4b63-8486-f9ceed13a3b0 1492d49919774cb6ba6c16eaa6f7afaf 0230b7e2bb28488aad207686e877dcde - - default default] Successfully bumped revision number for resource 5f5d6f67-4f49-438d-b58c-28e756d39e34 (type: ports) to 2
2026-05-09 02:45:18.874 9 INFO neutron.db.ovn_revision_numbers_db [None req-2ff96e1e-3b86-4b63-8486-f9ceed13a3b0 1492d49919774cb6ba6c16eaa6f7afaf 0230b7e2bb28488aad207686e877dcde - - default default] Successfully bumped revision number for resource 6ac81504-b0ef-40d8-9cec-8e0255f24b3b (type: subnets) to 0
2026-05-09 02:45:18.892 9 INFO neutron.wsgi [None req-2ff96e1e-3b86-4b63-8486-f9ceed13a3b0 1492d49919774cb6ba6c16eaa6f7afaf 0230b7e2bb28488aad207686e877dcde - - default default] 10.0.0.223 "POST /v2.0/subnets HTTP/1.1" status: 201 len: 801 time: 0.8330956
2026-05-09 02:45:18.905 10 WARNING neutron_lib.context [None req-026c6992-c67a-4a18-ada3-bfe0bff674a1 1492d49919774cb6ba6c16eaa6f7afaf 0230b7e2bb28488aad207686e877dcde - - default default] Method 'is_advsvc' is deprecated since 2023.2 release (neutron-lib 3.8.0) and will be removed once support for the old RBAC API policies will be removed from Neutron. Please use method 'is_service_role' instead.
2026-05-09 02:45:19.000 10 INFO neutron.db.segments_db [None req-026c6992-c67a-4a18-ada3-bfe0bff674a1 1492d49919774cb6ba6c16eaa6f7afaf 0230b7e2bb28488aad207686e877dcde - - default default] Added segment 019e2476-7db8-4a7b-a2c6-dd5a4de89790 of type geneve for network 9d635691-f041-452c-bd70-f8e264a291fd
2026-05-09 02:45:19.182 10 INFO neutron.db.ovn_revision_numbers_db [None req-026c6992-c67a-4a18-ada3-bfe0bff674a1 1492d49919774cb6ba6c16eaa6f7afaf 0230b7e2bb28488aad207686e877dcde - - default default] Successfully bumped revision number for resource 9d635691-f041-452c-bd70-f8e264a291fd (type: networks) to 1
2026-05-09 02:45:19.371 10 WARNING neutron.scheduler.dhcp_agent_scheduler [None req-026c6992-c67a-4a18-ada3-bfe0bff674a1 1492d49919774cb6ba6c16eaa6f7afaf 0230b7e2bb28488aad207686e877dcde - - default default] No more DHCP agents
2026-05-09 02:45:19.373 10 WARNING neutron.api.rpc.agentnotifiers.dhcp_rpc_agent_api [None req-026c6992-c67a-4a18-ada3-bfe0bff674a1 1492d49919774cb6ba6c16eaa6f7afaf 0230b7e2bb28488aad207686e877dcde - - default default] Unable to schedule network 9d635691-f041-452c-bd70-f8e264a291fd: no agents available; will retry on subsequent port and subnet creation events.
2026-05-09 02:45:19.464 10 INFO neutron.db.ovn_revision_numbers_db [None req-026c6992-c67a-4a18-ada3-bfe0bff674a1 1492d49919774cb6ba6c16eaa6f7afaf 0230b7e2bb28488aad207686e877dcde - - default default] Successfully bumped revision number for resource 642231ae-6395-4b00-92cc-63a0c666260e (type: ports) to 1
2026-05-09 02:45:19.489 10 INFO neutron.wsgi [None req-026c6992-c67a-4a18-ada3-bfe0bff674a1 1492d49919774cb6ba6c16eaa6f7afaf 0230b7e2bb28488aad207686e877dcde - - default default] 10.0.0.223 "POST /v2.0/networks HTTP/1.1" status: 201 len: 831 time: 0.5903134
2026-05-09 02:45:19.499 10 WARNING neutron_lib.context [None req-3cffb373-939e-4ca4-95d3-a7f9fa16f9df 1492d49919774cb6ba6c16eaa6f7afaf 0230b7e2bb28488aad207686e877dcde - - default default] Method 'is_advsvc' is deprecated since 2023.2 release (neutron-lib 3.8.0) and will be removed once support for the old RBAC API policies will be removed from Neutron. Please use method 'is_service_role' instead.
2026-05-09 02:45:19.743 10 WARNING neutron.scheduler.dhcp_agent_scheduler [None req-3cffb373-939e-4ca4-95d3-a7f9fa16f9df 1492d49919774cb6ba6c16eaa6f7afaf 0230b7e2bb28488aad207686e877dcde - - default default] No more DHCP agents
2026-05-09 02:45:19.744 10 WARNING neutron.api.rpc.agentnotifiers.dhcp_rpc_agent_api [None req-3cffb373-939e-4ca4-95d3-a7f9fa16f9df 1492d49919774cb6ba6c16eaa6f7afaf 0230b7e2bb28488aad207686e877dcde - - default default] Unable to schedule network 9d635691-f041-452c-bd70-f8e264a291fd: no agents available; will retry on subsequent port and subnet creation events.
2026-05-09 02:45:20.286 10 INFO neutron.db.ovn_revision_numbers_db [None req-3cffb373-939e-4ca4-95d3-a7f9fa16f9df 1492d49919774cb6ba6c16eaa6f7afaf 0230b7e2bb28488aad207686e877dcde - - default default] Successfully bumped revision number for resource 642231ae-6395-4b00-92cc-63a0c666260e (type: ports) to 2
2026-05-09 02:45:20.329 10 INFO neutron.db.ovn_revision_numbers_db [None req-3cffb373-939e-4ca4-95d3-a7f9fa16f9df 1492d49919774cb6ba6c16eaa6f7afaf 0230b7e2bb28488aad207686e877dcde - - default default] Successfully bumped revision number for resource 9b176a36-8f1c-4eeb-8c08-311c12e9a506 (type: subnets) to 0
2026-05-09 02:45:20.350 10 INFO neutron.wsgi [None req-3cffb373-939e-4ca4-95d3-a7f9fa16f9df 1492d49919774cb6ba6c16eaa6f7afaf 0230b7e2bb28488aad207686e877dcde - - default default] 10.0.0.223 "POST /v2.0/subnets HTTP/1.1" status: 201 len: 804 time: 0.8554251
2026-05-09 02:45:20.362 10 WARNING neutron_lib.context [None req-7ba0c9a7-822e-4d08-8fc5-750001ab9c91 1492d49919774cb6ba6c16eaa6f7afaf 0230b7e2bb28488aad207686e877dcde - - default default] Method 'is_advsvc' is deprecated since 2023.2 release (neutron-lib 3.8.0) and will be removed once support for the old RBAC API policies will be removed from Neutron. Please use method 'is_service_role' instead.
2026-05-09 02:45:20.440 10 INFO neutron.db.segments_db [None req-7ba0c9a7-822e-4d08-8fc5-750001ab9c91 1492d49919774cb6ba6c16eaa6f7afaf 0230b7e2bb28488aad207686e877dcde - - default default] Added segment 34050649-fc5c-497c-9e31-3c1d34577120 of type geneve for network 97086f31-e385-4bb8-9b1b-c0b78fa97e50
2026-05-09 02:45:20.652 10 INFO neutron.db.ovn_revision_numbers_db [None req-7ba0c9a7-822e-4d08-8fc5-750001ab9c91 1492d49919774cb6ba6c16eaa6f7afaf 0230b7e2bb28488aad207686e877dcde - - default default] Successfully bumped revision number for resource 97086f31-e385-4bb8-9b1b-c0b78fa97e50 (type: networks) to 1
2026-05-09 02:45:20.811 10 WARNING neutron.scheduler.dhcp_agent_scheduler [None req-7ba0c9a7-822e-4d08-8fc5-750001ab9c91 1492d49919774cb6ba6c16eaa6f7afaf 0230b7e2bb28488aad207686e877dcde - - default default] No more DHCP agents
2026-05-09 02:45:20.813 10 WARNING neutron.api.rpc.agentnotifiers.dhcp_rpc_agent_api [None req-7ba0c9a7-822e-4d08-8fc5-750001ab9c91 1492d49919774cb6ba6c16eaa6f7afaf 0230b7e2bb28488aad207686e877dcde - - default default] Unable to schedule network 97086f31-e385-4bb8-9b1b-c0b78fa97e50: no agents available; will retry on subsequent port and subnet creation events.
2026-05-09 02:45:20.890 10 INFO neutron.db.ovn_revision_numbers_db [None req-7ba0c9a7-822e-4d08-8fc5-750001ab9c91 1492d49919774cb6ba6c16eaa6f7afaf 0230b7e2bb28488aad207686e877dcde - - default default] Successfully bumped revision number for resource 12d178e3-eb0c-4da5-9b57-6912f9ba7fbd (type: ports) to 1
2026-05-09 02:45:20.910 10 INFO neutron.wsgi [None req-7ba0c9a7-822e-4d08-8fc5-750001ab9c91 1492d49919774cb6ba6c16eaa6f7afaf 0230b7e2bb28488aad207686e877dcde - - default default] 10.0.0.223 "POST /v2.0/networks HTTP/1.1" status: 201 len: 830 time: 0.5561330
2026-05-09 02:45:20.928 9 WARNING neutron_lib.context [None req-fd66ecac-8f94-41b9-8024-7352480f864b 1492d49919774cb6ba6c16eaa6f7afaf 0230b7e2bb28488aad207686e877dcde - - default default] Method 'is_advsvc' is deprecated since 2023.2 release (neutron-lib 3.8.0) and will be removed once support for the old RBAC API policies will be removed from Neutron. Please use method 'is_service_role' instead.
2026-05-09 02:45:21.199 9 WARNING neutron.scheduler.dhcp_agent_scheduler [None req-fd66ecac-8f94-41b9-8024-7352480f864b 1492d49919774cb6ba6c16eaa6f7afaf 0230b7e2bb28488aad207686e877dcde - - default default] No more DHCP agents
2026-05-09 02:45:21.202 9 WARNING neutron.api.rpc.agentnotifiers.dhcp_rpc_agent_api [None req-fd66ecac-8f94-41b9-8024-7352480f864b 1492d49919774cb6ba6c16eaa6f7afaf 0230b7e2bb28488aad207686e877dcde - - default default] Unable to schedule network 97086f31-e385-4bb8-9b1b-c0b78fa97e50: no agents available; will retry on subsequent port and subnet creation events.
2026-05-09 02:45:21.755 9 INFO neutron.db.ovn_revision_numbers_db [None req-fd66ecac-8f94-41b9-8024-7352480f864b 1492d49919774cb6ba6c16eaa6f7afaf 0230b7e2bb28488aad207686e877dcde - - default default] Successfully bumped revision number for resource 12d178e3-eb0c-4da5-9b57-6912f9ba7fbd (type: ports) to 2
