2026-05-09 02:46:29.058 10 INFO neutron.plugins.ml2.drivers.ovn.mech_driver.mech_driver [None req-56a148bd-0010-44a2-86a8-c91e0137a763 - - - - - -] OVN reports status up for port: 2d36fc10-614f-4417-a612-382eda04f26a
2026-05-09 02:46:29.074 10 INFO neutron.wsgi [req-41654e30-cc53-4a5f-84f4-1aa0edb2a5bb req-3330c3f6-3f8c-427e-a199-5f9731511b28 ef09dd9a949f4bdfbe35f3e1e21c88dc d146927a6ee44321be9e00f207cea594 - - 5cbefcc8d7a04ad49654f2e15158ca36 5cbefcc8d7a04ad49654f2e15158ca36] 199.204.45.138 "GET /v2.0/floatingips?fixed_ip_address=fd77%3A1457%3A4cf0%3A26a8%3A%3A372&port_id=2d36fc10-614f-4417-a612-382eda04f26a HTTP/1.1" status: 200 len: 217 time: 0.0308814
2026-05-09 02:46:29.083 10 INFO neutron.plugins.ml2.plugin [None req-56a148bd-0010-44a2-86a8-c91e0137a763 - - - - - -] Attempt 1 to provision port 2d36fc10-614f-4417-a612-382eda04f26a
2026-05-09 02:46:29.137 10 INFO neutron.wsgi [req-41654e30-cc53-4a5f-84f4-1aa0edb2a5bb req-9be9cc32-a5d1-4b0b-aeba-cf7db89c3d7a ef09dd9a949f4bdfbe35f3e1e21c88dc d146927a6ee44321be9e00f207cea594 - - 5cbefcc8d7a04ad49654f2e15158ca36 5cbefcc8d7a04ad49654f2e15158ca36] 199.204.45.138 "GET /v2.0/subnets?id=2abf971a-bcfd-4f0c-8b40-f6df4ef3f52c&id=532e71b3-964c-44a2-a6fb-6c2f58b10874 HTTP/1.1" status: 200 len: 1567 time: 0.0544286
2026-05-09 02:46:29.178 10 INFO neutron.wsgi [req-41654e30-cc53-4a5f-84f4-1aa0edb2a5bb req-8398cdb1-0aa9-4079-8733-b1f7bdda14c2 ef09dd9a949f4bdfbe35f3e1e21c88dc d146927a6ee44321be9e00f207cea594 - - 5cbefcc8d7a04ad49654f2e15158ca36 5cbefcc8d7a04ad49654f2e15158ca36] 199.204.45.138 "GET /v2.0/ports?network_id=a99ba46b-a066-4421-8d1c-923a68b0fd51&device_owner=network%3Adhcp HTTP/1.1" status: 200 len: 210 time: 0.0299184
2026-05-09 02:46:29.215 10 INFO neutron.wsgi [req-41654e30-cc53-4a5f-84f4-1aa0edb2a5bb req-050d7c7e-13db-4830-9bc0-16bb2b5df8f6 ef09dd9a949f4bdfbe35f3e1e21c88dc d146927a6ee44321be9e00f207cea594 - - 5cbefcc8d7a04ad49654f2e15158ca36 5cbefcc8d7a04ad49654f2e15158ca36] 199.204.45.138 "GET /v2.0/ports?network_id=a99ba46b-a066-4421-8d1c-923a68b0fd51&device_owner=network%3Adhcp HTTP/1.1" status: 200 len: 210 time: 0.0304799
2026-05-09 02:46:29.299 10 INFO neutron.wsgi [req-41654e30-cc53-4a5f-84f4-1aa0edb2a5bb req-6169115f-604b-46ba-8e5f-e54e9a8555df ef09dd9a949f4bdfbe35f3e1e21c88dc d146927a6ee44321be9e00f207cea594 - - 5cbefcc8d7a04ad49654f2e15158ca36 5cbefcc8d7a04ad49654f2e15158ca36] 199.204.45.138 "GET /v2.0/networks/a99ba46b-a066-4421-8d1c-923a68b0fd51?fields=segments HTTP/1.1" status: 200 len: 212 time: 0.0730035
2026-05-09 02:46:29.386 10 INFO neutron.wsgi [req-41654e30-cc53-4a5f-84f4-1aa0edb2a5bb req-4dd0b869-aade-48dd-aabc-b9ac11403dc3 ef09dd9a949f4bdfbe35f3e1e21c88dc d146927a6ee44321be9e00f207cea594 - - 5cbefcc8d7a04ad49654f2e15158ca36 5cbefcc8d7a04ad49654f2e15158ca36] 199.204.45.138 "GET /v2.0/networks/a99ba46b-a066-4421-8d1c-923a68b0fd51?fields=provider%3Aphysical_network&fields=provider%3Anetwork_type HTTP/1.1" status: 200 len: 277 time: 0.0776610
2026-05-09 02:46:29.452 10 INFO neutron.db.ovn_revision_numbers_db [None req-56a148bd-0010-44a2-86a8-c91e0137a763 - - - - - -] Successfully bumped revision number for resource 2d36fc10-614f-4417-a612-382eda04f26a (type: ports) to 4
2026-05-09 02:46:30.541 10 INFO neutron.notifiers.nova [-] Nova event matching ['req-2352b7e7-b3e6-44e7-a604-202907a12be7'] response: {'server_uuid': '75e67fbd-fbe7-46c3-ac35-774ed3a2129e', 'name': 'network-vif-plugged', 'status': 'completed', 'tag': '2d36fc10-614f-4417-a612-382eda04f26a', 'code': 200}
2026-05-09 02:46:30.542 10 INFO neutron.notifiers.nova [-] Nova event matching ['req-2352b7e7-b3e6-44e7-a604-202907a12be7'] response: {'server_uuid': '75e67fbd-fbe7-46c3-ac35-774ed3a2129e', 'name': 'network-vif-plugged', 'status': 'completed', 'tag': '2d36fc10-614f-4417-a612-382eda04f26a', 'code': 200} /var/lib/openstack/lib/python3.10/site-packages/pycadf/identifier.py:71: UserWarning: Invalid uuid: neutron. To ensure interoperability, identifiers should be a valid uuid. warnings.warn(('Invalid uuid: %s. To ensure interoperability, '
2026-05-09 02:46:31.371 10 INFO neutron.wsgi [req-931cd4bb-11ba-4740-9ef6-95511d0a3001 req-aa3e5f31-a495-4b36-a67b-3069eefaedd5 bdf2cd3bbd2948f4a53af6e7eb009f4c cf91d3bc6ed34c6b90d5ba057d0d8587 - - default default] 10.0.0.176 "GET /v2.0/ports?device_id=75e67fbd-fbe7-46c3-ac35-774ed3a2129e HTTP/1.1" status: 200 len: 1404 time: 0.0889323
2026-05-09 02:46:31.423 10 INFO neutron.wsgi [req-931cd4bb-11ba-4740-9ef6-95511d0a3001 req-1fd26006-cdd9-4943-a9b9-d732c26996d2 bdf2cd3bbd2948f4a53af6e7eb009f4c cf91d3bc6ed34c6b90d5ba057d0d8587 - - default default] 10.0.0.176 "GET /v2.0/security-groups?id=c3c3754d-a901-4d9b-9661-145caaf09f40&fields=id&fields=name HTTP/1.1" status: 200 len: 310 time: 0.0436008
2026-05-09 02:46:31.510 10 INFO neutron.wsgi [None req-0e950c94-65be-4e04-a713-16707bb94554 bdf2cd3bbd2948f4a53af6e7eb009f4c cf91d3bc6ed34c6b90d5ba057d0d8587 - - default default] 10.0.0.223 "GET /v2.0/ports?network_id=a99ba46b-a066-4421-8d1c-923a68b0fd51&mac_address=fa%3A16%3A3e%3A69%3Ae0%3A43 HTTP/1.1" status: 200 len: 1399 time: 0.0463183
2026-05-09 02:46:31.522 10 WARNING neutron_lib.context [None req-82679aab-b6a7-4207-9e7f-d3362d4b1830 bdf2cd3bbd2948f4a53af6e7eb009f4c cf91d3bc6ed34c6b90d5ba057d0d8587 - - default default] Method 'is_advsvc' is deprecated since 2023.2 release (neutron-lib 3.8.0) and will be removed once support for the old RBAC API policies will be removed from Neutron. Please use method 'is_service_role' instead.
2026-05-09 02:46:31.786 10 WARNING neutron.scheduler.dhcp_agent_scheduler [None req-82679aab-b6a7-4207-9e7f-d3362d4b1830 bdf2cd3bbd2948f4a53af6e7eb009f4c cf91d3bc6ed34c6b90d5ba057d0d8587 - - default default] No more DHCP agents
2026-05-09 02:46:31.788 10 WARNING neutron.api.rpc.agentnotifiers.dhcp_rpc_agent_api [None req-82679aab-b6a7-4207-9e7f-d3362d4b1830 bdf2cd3bbd2948f4a53af6e7eb009f4c cf91d3bc6ed34c6b90d5ba057d0d8587 - - default default] Unable to schedule network b96b4899-e441-45db-81ee-68f7b41c8a0a: no agents available; will retry on subsequent port and subnet creation events.
2026-05-09 02:46:32.274 10 INFO neutron.db.l3_db [None req-82679aab-b6a7-4207-9e7f-d3362d4b1830 bdf2cd3bbd2948f4a53af6e7eb009f4c cf91d3bc6ed34c6b90d5ba057d0d8587 - - default default] Floating IP 62b800c3-e320-4780-a360-9d3194365cf6 associated. External IP: 10.96.250.218, port: 2d36fc10-614f-4417-a612-382eda04f26a.
2026-05-09 02:46:32.506 10 INFO neutron.db.ovn_revision_numbers_db [None req-82679aab-b6a7-4207-9e7f-d3362d4b1830 bdf2cd3bbd2948f4a53af6e7eb009f4c cf91d3bc6ed34c6b90d5ba057d0d8587 - - default default] Successfully bumped revision number for resource 62b800c3-e320-4780-a360-9d3194365cf6 (type: floatingips) to 0
2026-05-09 02:46:32.634 10 INFO neutron.db.ovn_revision_numbers_db [None req-82679aab-b6a7-4207-9e7f-d3362d4b1830 bdf2cd3bbd2948f4a53af6e7eb009f4c cf91d3bc6ed34c6b90d5ba057d0d8587 - - default default] Successfully bumped revision number for resource 62b800c3-e320-4780-a360-9d3194365cf6 (type: floatingips) to 1
2026-05-09 02:46:32.681 10 INFO neutron.wsgi [None req-82679aab-b6a7-4207-9e7f-d3362d4b1830 bdf2cd3bbd2948f4a53af6e7eb009f4c cf91d3bc6ed34c6b90d5ba057d0d8587 - - default default] 10.0.0.223 "POST /v2.0/floatingips HTTP/1.1" status: 201 len: 1054 time: 1.1636958
2026-05-09 02:46:32.734 10 INFO neutron.notifiers.nova [-] Nova event matching ['req-3ab18f03-e492-4a17-b038-ae217f825d33'] response: {'name': 'network-changed', 'server_uuid': '75e67fbd-fbe7-46c3-ac35-774ed3a2129e', 'tag': '2d36fc10-614f-4417-a612-382eda04f26a', 'status': 'completed', 'code': 200} /var/lib/openstack/lib/python3.10/site-packages/pycadf/identifier.py:71: UserWarning: Invalid uuid: neutron. To ensure interoperability, identifiers should be a valid uuid. warnings.warn(('Invalid uuid: %s. To ensure interoperability, '
2026-05-09 02:46:32.814 10 INFO neutron.wsgi [req-e51e4848-f8c6-4464-8058-f6df01f41e9d req-bcdd68f3-41ae-4356-89ad-5937976be389 ef09dd9a949f4bdfbe35f3e1e21c88dc d146927a6ee44321be9e00f207cea594 - - 5cbefcc8d7a04ad49654f2e15158ca36 5cbefcc8d7a04ad49654f2e15158ca36] 199.204.45.138 "GET /v2.0/ports?tenant_id=cf91d3bc6ed34c6b90d5ba057d0d8587&device_id=75e67fbd-fbe7-46c3-ac35-774ed3a2129e HTTP/1.1" status: 200 len: 1642 time: 0.0429077
2026-05-09 02:46:32.888 10 INFO neutron.wsgi [req-e51e4848-f8c6-4464-8058-f6df01f41e9d req-cd13fd17-0ac4-4597-aa3b-801f9f38d7e5 ef09dd9a949f4bdfbe35f3e1e21c88dc d146927a6ee44321be9e00f207cea594 - - 5cbefcc8d7a04ad49654f2e15158ca36 5cbefcc8d7a04ad49654f2e15158ca36] 199.204.45.138 "GET /v2.0/networks?id=a99ba46b-a066-4421-8d1c-923a68b0fd51 HTTP/1.1" status: 200 len: 1003 time: 0.0692823
2026-05-09 02:46:32.936 10 INFO neutron.wsgi [req-e51e4848-f8c6-4464-8058-f6df01f41e9d req-01ae2792-5ce8-4fc6-a2b8-4571e13926e7 ef09dd9a949f4bdfbe35f3e1e21c88dc d146927a6ee44321be9e00f207cea594 - - 5cbefcc8d7a04ad49654f2e15158ca36 5cbefcc8d7a04ad49654f2e15158ca36] 199.204.45.138 "GET /v2.0/floatingips?fixed_ip_address=10.2.2.252&port_id=2d36fc10-614f-4417-a612-382eda04f26a HTTP/1.1" status: 200 len: 1059 time: 0.0435231
2026-05-09 02:46:32.970 10 INFO neutron.wsgi [req-e51e4848-f8c6-4464-8058-f6df01f41e9d req-3ea82bb3-4a90-46a8-ab22-aea22331e2c8 ef09dd9a949f4bdfbe35f3e1e21c88dc d146927a6ee44321be9e00f207cea594 - - 5cbefcc8d7a04ad49654f2e15158ca36 5cbefcc8d7a04ad49654f2e15158ca36] 199.204.45.138 "GET /v2.0/floatingips?fixed_ip_address=fd77%3A1457%3A4cf0%3A26a8%3A%3A372&port_id=2d36fc10-614f-4417-a612-382eda04f26a HTTP/1.1" status: 200 len: 217 time: 0.0254264
2026-05-09 02:46:33.020 10 INFO neutron.wsgi [req-e51e4848-f8c6-4464-8058-f6df01f41e9d req-019596aa-7c35-4be0-a995-1c3e252d5872 ef09dd9a949f4bdfbe35f3e1e21c88dc d146927a6ee44321be9e00f207cea594 - - 5cbefcc8d7a04ad49654f2e15158ca36 5cbefcc8d7a04ad49654f2e15158ca36] 199.204.45.138 "GET /v2.0/subnets?id=2abf971a-bcfd-4f0c-8b40-f6df4ef3f52c&id=532e71b3-964c-44a2-a6fb-6c2f58b10874 HTTP/1.1" status: 200 len: 1567 time: 0.0475426
2026-05-09 02:46:33.051 10 INFO neutron.wsgi [req-e51e4848-f8c6-4464-8058-f6df01f41e9d req-2c9b8ab1-16bf-4e12-b8de-e058a42d3892 ef09dd9a949f4bdfbe35f3e1e21c88dc d146927a6ee44321be9e00f207cea594 - - 5cbefcc8d7a04ad49654f2e15158ca36 5cbefcc8d7a04ad49654f2e15158ca36] 199.204.45.138 "GET /v2.0/ports?network_id=a99ba46b-a066-4421-8d1c-923a68b0fd51&device_owner=network%3Adhcp HTTP/1.1" status: 200 len: 210 time: 0.0248880
2026-05-09 02:46:33.076 10 INFO neutron.wsgi [req-e51e4848-f8c6-4464-8058-f6df01f41e9d req-ae2658c3-0216-4c20-b32a-42d5d25a5776 ef09dd9a949f4bdfbe35f3e1e21c88dc d146927a6ee44321be9e00f207cea594 - - 5cbefcc8d7a04ad49654f2e15158ca36 5cbefcc8d7a04ad49654f2e15158ca36] 199.204.45.138 "GET /v2.0/ports?network_id=a99ba46b-a066-4421-8d1c-923a68b0fd51&device_owner=network%3Adhcp HTTP/1.1" status: 200 len: 210 time: 0.0204666
2026-05-09 02:46:33.147 10 INFO neutron.wsgi [req-e51e4848-f8c6-4464-8058-f6df01f41e9d req-2e2a9b38-c322-4fe4-b301-4fc0581e0a94 ef09dd9a949f4bdfbe35f3e1e21c88dc d146927a6ee44321be9e00f207cea594 - - 5cbefcc8d7a04ad49654f2e15158ca36 5cbefcc8d7a04ad49654f2e15158ca36] 199.204.45.138 "GET /v2.0/networks/a99ba46b-a066-4421-8d1c-923a68b0fd51?fields=segments HTTP/1.1" status: 200 len: 212 time: 0.0639169
2026-05-09 02:46:33.521 10 INFO neutron.wsgi [req-e51e4848-f8c6-4464-8058-f6df01f41e9d req-6cb551ad-94b3-41f9-8914-82619f0a0547 ef09dd9a949f4bdfbe35f3e1e21c88dc d146927a6ee44321be9e00f207cea594 - - 5cbefcc8d7a04ad49654f2e15158ca36 5cbefcc8d7a04ad49654f2e15158ca36] 199.204.45.138 "GET /v2.0/networks/a99ba46b-a066-4421-8d1c-923a68b0fd51?fields=provider%3Aphysical_network&fields=provider%3Anetwork_type HTTP/1.1" status: 200 len: 277 time: 0.3648953
2026-05-09 02:46:34.959 9 INFO neutron.wsgi [req-0a02a49d-65a5-4ac7-872c-43267ecd6e36 req-10328195-7141-4ae8-9b48-52903760cb54 ef09dd9a949f4bdfbe35f3e1e21c88dc d146927a6ee44321be9e00f207cea594 - - 5cbefcc8d7a04ad49654f2e15158ca36 5cbefcc8d7a04ad49654f2e15158ca36] 10.0.0.63 "GET /v2.0/ports?device_id=2ed5dbf1-c8f3-4bfc-b0d2-a3b3b163ec0c HTTP/1.1" status: 200 len: 1634 time: 0.0630388
2026-05-09 02:46:35.004 9 INFO neutron.wsgi [req-0a02a49d-65a5-4ac7-872c-43267ecd6e36 req-322340b6-4686-4e91-9d1e-e81128471b82 ef09dd9a949f4bdfbe35f3e1e21c88dc d146927a6ee44321be9e00f207cea594 - - 5cbefcc8d7a04ad49654f2e15158ca36 5cbefcc8d7a04ad49654f2e15158ca36] 10.0.0.63 "GET /v2.0/security-groups?id=c3c3754d-a901-4d9b-9661-145caaf09f40&fields=id&fields=name HTTP/1.1" status: 200 len: 310 time: 0.0396869
2026-05-09 02:46:40.907 9 INFO neutron.wsgi [req-e58a1205-a6b0-4eea-b2bd-0a7f76539498 req-aeedc650-dd13-4ad4-8e7f-65459ea8dc14 ef09dd9a949f4bdfbe35f3e1e21c88dc d146927a6ee44321be9e00f207cea594 - - 5cbefcc8d7a04ad49654f2e15158ca36 5cbefcc8d7a04ad49654f2e15158ca36] 10.0.0.63 "GET /v2.0/ports?device_id=75e67fbd-fbe7-46c3-ac35-774ed3a2129e HTTP/1.1" status: 200 len: 1642 time: 0.1380820
2026-05-09 02:46:40.954 9 INFO neutron.wsgi [req-e58a1205-a6b0-4eea-b2bd-0a7f76539498 req-2948a3df-2559-4db7-95e2-cc13ccd45f3f ef09dd9a949f4bdfbe35f3e1e21c88dc d146927a6ee44321be9e00f207cea594 - - 5cbefcc8d7a04ad49654f2e15158ca36 5cbefcc8d7a04ad49654f2e15158ca36] 10.0.0.63 "GET /v2.0/security-groups?id=c3c3754d-a901-4d9b-9661-145caaf09f40&fields=id&fields=name HTTP/1.1" status: 200 len: 310 time: 0.0406127
2026-05-09 02:46:43.162 10 INFO neutron.wsgi [-] 10.0.0.111 "GET / HTTP/1.1" status: 200 len: 247 time: 0.0017617
2026-05-09 02:46:43.162 9 INFO neutron.wsgi [-] 10.0.0.111 "GET / HTTP/1.1" status: 200 len: 247 time: 0.0019779
2026-05-09 02:46:45.233 10 INFO neutron.wsgi [None req-df9dae36-a5c7-4fb8-b36f-11bee740bc01 44482e7c461941fc9f4e8d3d236bce7a 2922f90b1d5f47a79168541eafa76bb2 - - default default] 10.0.0.223 "GET /v2.0/subnets/bfb57bf8-e28d-4551-81a7-fcdfe60269c8 HTTP/1.1" status: 200 len: 846 time: 0.0349557
2026-05-09 02:46:46.205 9 INFO neutron.wsgi [None req-61bfc134-0576-4456-b9be-4a9370273b43 fb10a23b07884965bc0c4ffee1800cce 8a91ffeec2ec44929d32f253e15269f7 - - default default] 10.0.0.145 "GET /v2.0/extensions/security-group HTTP/1.1" status: 200 len: 369 time: 0.0510271
2026-05-09 02:46:46.221 9 INFO neutron.wsgi [None req-ad6db68c-3c25-45eb-86da-480b142bf05d fb10a23b07884965bc0c4ffee1800cce 8a91ffeec2ec44929d32f253e15269f7 - - default default] 10.0.0.145 "GET /v2.0/extensions/dns-integration HTTP/1.1" status: 200 len: 371 time: 0.0082428
2026-05-09 02:46:46.237 9 INFO neutron.wsgi [None req-1268a5a7-e335-4626-b9ce-43c54246d34a fb10a23b07884965bc0c4ffee1800cce 8a91ffeec2ec44929d32f253e15269f7 - - default default] 10.0.0.145 "GET /v2.0/extensions/qos HTTP/1.1" status: 200 len: 365 time: 0.0072448
2026-05-09 02:46:46.248 9 INFO neutron.wsgi [None req-6d16e282-0320-44f0-ae0e-f7a08bd9055f fb10a23b07884965bc0c4ffee1800cce 8a91ffeec2ec44929d32f253e15269f7 - - default default] 10.0.0.145 "GET /v2.0/extensions/allowed-address-pairs HTTP/1.1" status: 200 len: 383 time: 0.0063004
2026-05-09 02:46:46.742 10 INFO neutron.wsgi [-] 10.0.0.145 "GET / HTTP/1.1" status: 200 len: 284 time: 0.0022459
2026-05-09 02:46:46.800 9 INFO neutron.wsgi [None req-b9195f90-1fe3-4721-a028-7b7f860a9748 bdf2cd3bbd2948f4a53af6e7eb009f4c cf91d3bc6ed34c6b90d5ba057d0d8587 - - default default] 10.0.0.145 "GET /v2.0/subnets/bfb57bf8-e28d-4551-81a7-fcdfe60269c8 HTTP/1.1" status: 200 len: 833 time: 0.0436716
2026-05-09 02:46:46.816 9 INFO neutron.wsgi [None req-bc375bc1-b328-42d4-a105-e6f25c070bed fb10a23b07884965bc0c4ffee1800cce 8a91ffeec2ec44929d32f253e15269f7 - - default default] 10.0.0.145 "GET /v2.0/extensions/security-group HTTP/1.1" status: 200 len: 369 time: 0.0075781
2026-05-09 02:46:46.826 9 INFO neutron.wsgi [None req-0ad743a3-65a7-414e-baf1-a3c72cad471c fb10a23b07884965bc0c4ffee1800cce 8a91ffeec2ec44929d32f253e15269f7 - - default default] 10.0.0.145 "GET /v2.0/extensions/dns-integration HTTP/1.1" status: 200 len: 371 time: 0.0057206
2026-05-09 02:46:46.836 9 INFO neutron.wsgi [None req-bd813c04-043e-4aca-8189-fead26495ff2 fb10a23b07884965bc0c4ffee1800cce 8a91ffeec2ec44929d32f253e15269f7 - - default default] 10.0.0.145 "GET /v2.0/extensions/qos HTTP/1.1" status: 200 len: 365 time: 0.0052917
2026-05-09 02:46:46.846 9 INFO neutron.wsgi [None req-6cda7f65-5c77-4584-a01a-5b18fd818efa fb10a23b07884965bc0c4ffee1800cce 8a91ffeec2ec44929d32f253e15269f7 - - default default] 10.0.0.145 "GET /v2.0/extensions/allowed-address-pairs HTTP/1.1" status: 200 len: 383 time: 0.0051849
2026-05-09 02:46:46.888 9 INFO neutron.wsgi [None req-a71b8187-8b70-4381-8f9f-4d73a99f12fa fb10a23b07884965bc0c4ffee1800cce 8a91ffeec2ec44929d32f253e15269f7 - - default default] 10.0.0.145 "GET /v2.0/subnets/bfb57bf8-e28d-4551-81a7-fcdfe60269c8 HTTP/1.1" status: 200 len: 851 time: 0.0359395
2026-05-09 02:46:46.994 9 INFO neutron.wsgi [None req-4eb13601-fd3a-4ae7-8d98-6bc538f612e7 fb10a23b07884965bc0c4ffee1800cce 8a91ffeec2ec44929d32f253e15269f7 - - default default] 10.0.0.145 "GET /v2.0/extensions/security-group HTTP/1.1" status: 200 len: 369 time: 0.0105352
2026-05-09 02:46:47.009 9 INFO neutron.wsgi [None req-3fbe7391-6b4d-4665-b6c2-50a574680ef2 fb10a23b07884965bc0c4ffee1800cce 8a91ffeec2ec44929d32f253e15269f7 - - default default] 10.0.0.145 "GET /v2.0/extensions/dns-integration HTTP/1.1" status: 200 len: 371 time: 0.0056720
2026-05-09 02:46:47.021 9 INFO neutron.wsgi [None req-b482d683-7209-4b36-b6a7-1cd9e444f338 fb10a23b07884965bc0c4ffee1800cce 8a91ffeec2ec44929d32f253e15269f7 - - default default] 10.0.0.145 "GET /v2.0/extensions/qos HTTP/1.1" status: 200 len: 365 time: 0.0049510
2026-05-09 02:46:47.032 9 INFO neutron.wsgi [None req-5b43139e-2acd-4323-bd7c-20008a44f63b fb10a23b07884965bc0c4ffee1800cce 8a91ffeec2ec44929d32f253e15269f7 - - default default] 10.0.0.145 "GET /v2.0/extensions/allowed-address-pairs HTTP/1.1" status: 200 len: 383 time: 0.0048876
2026-05-09 02:46:47.096 9 INFO neutron.wsgi [None req-3b850c80-8eda-4030-b32d-af91b6f5b5e2 fb10a23b07884965bc0c4ffee1800cce 8a91ffeec2ec44929d32f253e15269f7 - - default default] 10.0.0.145 "GET /v2.0/networks/445cd169-4abf-4910-b2e0-01d07a92c04e HTTP/1.1" status: 200 len: 1000 time: 0.0555127
2026-05-09 02:46:47.115 9 INFO neutron.wsgi [None req-49360fcd-6b8b-45b3-a0c9-b6bd6a33d506 fb10a23b07884965bc0c4ffee1800cce 8a91ffeec2ec44929d32f253e15269f7 - - default default] 10.0.0.145 "GET /v2.0/extensions/project-id HTTP/1.1" status: 200 len: 403 time: 0.0072000
2026-05-09 02:46:47.428 9 WARNING neutron.scheduler.dhcp_agent_scheduler [None req-fb9cddf6-12c8-495b-8141-98da5321e7f9 fb10a23b07884965bc0c4ffee1800cce 8a91ffeec2ec44929d32f253e15269f7 - - default default] No more DHCP agents
2026-05-09 02:46:47.431 9 WARNING neutron.api.rpc.agentnotifiers.dhcp_rpc_agent_api [None req-fb9cddf6-12c8-495b-8141-98da5321e7f9 fb10a23b07884965bc0c4ffee1800cce 8a91ffeec2ec44929d32f253e15269f7 - - default default] Unable to schedule network 445cd169-4abf-4910-b2e0-01d07a92c04e: no agents available; will retry on subsequent port and subnet creation events.
2026-05-09 02:46:47.702 9 INFO neutron.db.ovn_revision_numbers_db [None req-fb9cddf6-12c8-495b-8141-98da5321e7f9 fb10a23b07884965bc0c4ffee1800cce 8a91ffeec2ec44929d32f253e15269f7 - - default default] Successfully bumped revision number for resource 6a63ee29-524a-4398-a6ac-0d402eb73794 (type: ports) to 1
2026-05-09 02:46:47.729 9 INFO neutron.wsgi [None req-fb9cddf6-12c8-495b-8141-98da5321e7f9 fb10a23b07884965bc0c4ffee1800cce 8a91ffeec2ec44929d32f253e15269f7 - - default default] 10.0.0.145 "POST /v2.0/ports HTTP/1.1" status: 201 len: 1333 time: 0.6073289
2026-05-09 02:46:50.378 10 INFO neutron.wsgi [None req-6d56e99b-23f2-4837-b407-877258209985 fb10a23b07884965bc0c4ffee1800cce 8a91ffeec2ec44929d32f253e15269f7 - - default default] 199.204.45.138 "GET /v2.0/extensions/security-group HTTP/1.1" status: 200 len: 369 time: 0.0549800
2026-05-09 02:46:50.390 10 INFO neutron.wsgi [None req-b80aea69-f28e-4fb9-abed-c710044022c4 fb10a23b07884965bc0c4ffee1800cce 8a91ffeec2ec44929d32f253e15269f7 - - default default] 199.204.45.138 "GET /v2.0/extensions/dns-integration HTTP/1.1" status: 200 len: 371 time: 0.0045278
2026-05-09 02:46:50.400 10 INFO neutron.wsgi [None req-6354e694-9f37-45f0-875f-c2a58a7a2333 fb10a23b07884965bc0c4ffee1800cce 8a91ffeec2ec44929d32f253e15269f7 - - default default] 199.204.45.138 "GET /v2.0/extensions/qos HTTP/1.1" status: 200 len: 365 time: 0.0051544
2026-05-09 02:46:50.409 10 INFO neutron.wsgi [None req-f6d9f275-8548-4d13-845c-39b9118dc88e fb10a23b07884965bc0c4ffee1800cce 8a91ffeec2ec44929d32f253e15269f7 - - default default] 199.204.45.138 "GET /v2.0/extensions/allowed-address-pairs HTTP/1.1" status: 200 len: 383 time: 0.0049231
2026-05-09 02:46:50.468 10 INFO neutron.wsgi [None req-cf18ff09-f6b4-4bc3-9519-415753f82d57 fb10a23b07884965bc0c4ffee1800cce 8a91ffeec2ec44929d32f253e15269f7 - - default default] 199.204.45.138 "GET /v2.0/ports/6a63ee29-524a-4398-a6ac-0d402eb73794 HTTP/1.1" status: 200 len: 1328 time: 0.0533245
2026-05-09 02:46:50.750 10 INFO neutron.wsgi [None req-08d530d3-066e-43de-ba24-4062a30c5b59 fb10a23b07884965bc0c4ffee1800cce 8a91ffeec2ec44929d32f253e15269f7 - - default default] 199.204.45.138 "GET /v2.0/extensions/security-group HTTP/1.1" status: 200 len: 369 time: 0.0066724
2026-05-09 02:46:50.762 10 INFO neutron.wsgi [None req-be816a85-4e22-4dd8-9398-659f470384f5 fb10a23b07884965bc0c4ffee1800cce 8a91ffeec2ec44929d32f253e15269f7 - - default default] 199.204.45.138 "GET /v2.0/extensions/dns-integration HTTP/1.1" status: 200 len: 371 time: 0.0071015
2026-05-09 02:46:50.774 10 INFO neutron.wsgi [None req-d71a4978-1f28-4524-bafd-4174389ec1c6 fb10a23b07884965bc0c4ffee1800cce 8a91ffeec2ec44929d32f253e15269f7 - - default default] 199.204.45.138 "GET /v2.0/extensions/qos HTTP/1.1" status: 200 len: 365 time: 0.0051336
2026-05-09 02:46:50.783 10 INFO neutron.wsgi [None req-32e8b7d1-d4bf-46af-b95d-0d0ffffc1e47 fb10a23b07884965bc0c4ffee1800cce 8a91ffeec2ec44929d32f253e15269f7 - - default default] 199.204.45.138 "GET /v2.0/extensions/allowed-address-pairs HTTP/1.1" status: 200 len: 383 time: 0.0044327
2026-05-09 02:46:50.797 10 INFO neutron.api.v2.resource [None req-ddfbd8cc-ed59-4371-9848-553d4db60e19 fb10a23b07884965bc0c4ffee1800cce 8a91ffeec2ec44929d32f253e15269f7 - - default default] show failed (client error): The resource could not be found.
2026-05-09 02:46:50.798 10 INFO neutron.wsgi [None req-ddfbd8cc-ed59-4371-9848-553d4db60e19 fb10a23b07884965bc0c4ffee1800cce 8a91ffeec2ec44929d32f253e15269f7 - - default default] 199.204.45.138 "GET /v2.0/security-groups/lb-fcbbfd14-bbf7-4904-b18b-39e2d9e89f0e HTTP/1.1" status: 404 len: 355 time: 0.0110829
2026-05-09 02:46:50.834 10 INFO neutron.wsgi [None req-4efbfe2c-a4c0-4c76-be3e-67eb89bbdfe3 fb10a23b07884965bc0c4ffee1800cce 8a91ffeec2ec44929d32f253e15269f7 - - default default] 199.204.45.138 "GET /v2.0/security-groups?name=lb-fcbbfd14-bbf7-4904-b18b-39e2d9e89f0e HTTP/1.1" status: 200 len: 221 time: 0.0310555
2026-05-09 02:46:50.955 10 INFO neutron.db.ovn_revision_numbers_db [None req-5ec9530b-d9bb-4b6a-8a26-fe4be84a0f23 fb10a23b07884965bc0c4ffee1800cce 8a91ffeec2ec44929d32f253e15269f7 - - default default] Successfully bumped revision number for resource 8c817987-92e3-4056-8dd6-ef6e0bd849cb (type: security_groups) to 1
2026-05-09 02:46:50.969 10 INFO neutron.db.ovn_revision_numbers_db [None req-5ec9530b-d9bb-4b6a-8a26-fe4be84a0f23 fb10a23b07884965bc0c4ffee1800cce 8a91ffeec2ec44929d32f253e15269f7 - - default default] Successfully bumped revision number for resource 132ffa06-efb6-436c-9c65-f2cc25a39ec3 (type: security_group_rules) to 0
2026-05-09 02:46:50.981 10 INFO neutron.db.ovn_revision_numbers_db [None req-5ec9530b-d9bb-4b6a-8a26-fe4be84a0f23 fb10a23b07884965bc0c4ffee1800cce 8a91ffeec2ec44929d32f253e15269f7 - - default default] Successfully bumped revision number for resource 9173c181-8c93-4000-b75e-612327ab9d9a (type: security_group_rules) to 0
2026-05-09 02:46:51.002 10 INFO neutron.wsgi [None req-5ec9530b-d9bb-4b6a-8a26-fe4be84a0f23 fb10a23b07884965bc0c4ffee1800cce 8a91ffeec2ec44929d32f253e15269f7 - - default default] 199.204.45.138 "POST /v2.0/security-groups HTTP/1.1" status: 201 len: 1779 time: 0.1627035
2026-05-09 02:46:51.041 10 INFO neutron.wsgi [None req-8dc3bdf0-62f2-48d9-b287-39807fd373e3 fb10a23b07884965bc0c4ffee1800cce 8a91ffeec2ec44929d32f253e15269f7 - - default default] 199.204.45.138 "GET /v2.0/security-group-rules?security_group_id=8c817987-92e3-4056-8dd6-ef6e0bd849cb HTTP/1.1" status: 200 len: 1318 time: 0.0315871
2026-05-09 02:46:51.468 10 INFO neutron.db.ovn_revision_numbers_db [None req-cb1164ac-751e-4984-8fb8-8506d0a25928 fb10a23b07884965bc0c4ffee1800cce 8a91ffeec2ec44929d32f253e15269f7 - - default default] Successfully bumped revision number for resource 6a63ee29-524a-4398-a6ac-0d402eb73794 (type: ports) to 2
2026-05-09 02:46:51.480 10 INFO neutron.wsgi [None req-cb1164ac-751e-4984-8fb8-8506d0a25928 fb10a23b07884965bc0c4ffee1800cce 8a91ffeec2ec44929d32f253e15269f7 - - default default] 199.204.45.138 "PUT /v2.0/ports/6a63ee29-524a-4398-a6ac-0d402eb73794 HTTP/1.1" status: 200 len: 1328 time: 0.4288220 /var/lib/openstack/lib/python3.10/site-packages/pycadf/identifier.py:71: UserWarning: Invalid uuid: neutron. To ensure interoperability, identifiers should be a valid uuid. warnings.warn(('Invalid uuid: %s. To ensure interoperability, '
2026-05-09 02:46:51.557 10 INFO neutron.wsgi [None req-b262eb57-0c27-42de-8944-79aa1f94083f fb10a23b07884965bc0c4ffee1800cce 8a91ffeec2ec44929d32f253e15269f7 - - default default] 199.204.45.138 "GET /v2.0/extensions/security-group HTTP/1.1" status: 200 len: 369 time: 0.0073059
2026-05-09 02:46:51.567 10 INFO neutron.wsgi [None req-87ebd5c7-ef43-4e61-87d3-3e926759b0d9 fb10a23b07884965bc0c4ffee1800cce 8a91ffeec2ec44929d32f253e15269f7 - - default default] 199.204.45.138 "GET /v2.0/extensions/dns-integration HTTP/1.1" status: 200 len: 371 time: 0.0054276
2026-05-09 02:46:51.579 10 INFO neutron.wsgi [None req-d89ee7f6-d2fa-4bc9-9dfc-3eb6a6d9a2a3 fb10a23b07884965bc0c4ffee1800cce 8a91ffeec2ec44929d32f253e15269f7 - - default default] 199.204.45.138 "GET /v2.0/extensions/qos HTTP/1.1" status: 200 len: 365 time: 0.0056715
2026-05-09 02:46:51.592 10 INFO neutron.wsgi [None req-26ea6aa7-0c6c-43a5-9a1b-b656dbfc73a5 fb10a23b07884965bc0c4ffee1800cce 8a91ffeec2ec44929d32f253e15269f7 - - default default] 199.204.45.138 "GET /v2.0/extensions/allowed-address-pairs HTTP/1.1" status: 200 len: 383 time: 0.0058670
2026-05-09 02:46:51.644 10 INFO neutron.wsgi [None req-721c357b-fe32-4138-b2df-3c7ca39d157d fb10a23b07884965bc0c4ffee1800cce 8a91ffeec2ec44929d32f253e15269f7 - - default default] 199.204.45.138 "GET /v2.0/subnets/bfb57bf8-e28d-4551-81a7-fcdfe60269c8 HTTP/1.1" status: 200 len: 851 time: 0.0441225
2026-05-09 02:46:58.163 10 INFO neutron.wsgi [-] 10.0.0.111 "GET / HTTP/1.1" status: 200 len: 247 time: 0.0024588
2026-05-09 02:46:58.163 9 INFO neutron.wsgi [-] 10.0.0.111 "GET / HTTP/1.1" status: 200 len: 247 time: 0.0024073
2026-05-09 02:46:59.002 10 INFO neutron.wsgi [req-235f8750-4539-43ce-955a-68e1cb6d2a78 req-0efb3fc5-472e-4afb-8f92-ecd050080c8d fb10a23b07884965bc0c4ffee1800cce 8a91ffeec2ec44929d32f253e15269f7 - - default default] 10.0.0.176 "GET /v2.0/security-groups?id=d799cdad-b37e-4b6c-ae17-3779dee32024&fields=id HTTP/1.1" status: 200 len: 267 time: 0.0395386
2026-05-09 02:46:59.068 10 INFO neutron.wsgi [req-235f8750-4539-43ce-955a-68e1cb6d2a78 req-b7368ac1-f1f9-417e-9979-15cbfea0def5 fb10a23b07884965bc0c4ffee1800cce 8a91ffeec2ec44929d32f253e15269f7 - - default default] 10.0.0.176 "GET /v2.0/networks?id=e8042f86-c317-41d7-a9f9-6851029bb5f7 HTTP/1.1" status: 200 len: 937 time: 0.0595827
2026-05-09 02:46:59.087 10 INFO neutron.wsgi [req-235f8750-4539-43ce-955a-68e1cb6d2a78 req-a9825df1-b815-4b41-aa54-3888a28c5ac4 fb10a23b07884965bc0c4ffee1800cce 8a91ffeec2ec44929d32f253e15269f7 - - default default] 10.0.0.176 "GET /v2.0/quotas/8a91ffeec2ec44929d32f253e15269f7 HTTP/1.1" status: 200 len: 385 time: 0.0115192
2026-05-09 02:46:59.140 10 INFO neutron.wsgi [req-235f8750-4539-43ce-955a-68e1cb6d2a78 req-e17402d5-37ba-4850-977c-73e5a2c65034 fb10a23b07884965bc0c4ffee1800cce 8a91ffeec2ec44929d32f253e15269f7 - - default default] 10.0.0.176 "GET /v2.0/ports?tenant_id=8a91ffeec2ec44929d32f253e15269f7&fields=id HTTP/1.1" status: 200 len: 348 time: 0.0481527
2026-05-09 02:46:59.230 10 INFO neutron.wsgi [req-235f8750-4539-43ce-955a-68e1cb6d2a78 req-16921e7a-8484-40a1-95e6-27566dbda319 ef09dd9a949f4bdfbe35f3e1e21c88dc d146927a6ee44321be9e00f207cea594 - - 5cbefcc8d7a04ad49654f2e15158ca36 5cbefcc8d7a04ad49654f2e15158ca36] 10.0.0.176 "GET /v2.0/networks/e8042f86-c317-41d7-a9f9-6851029bb5f7?fields=segments HTTP/1.1" status: 200 len: 212 time: 0.0758252
2026-05-09 02:46:59.295 10 INFO neutron.wsgi [req-235f8750-4539-43ce-955a-68e1cb6d2a78 req-b783f047-6717-434b-9e99-9cc8a670b451 ef09dd9a949f4bdfbe35f3e1e21c88dc d146927a6ee44321be9e00f207cea594 - - 5cbefcc8d7a04ad49654f2e15158ca36 5cbefcc8d7a04ad49654f2e15158ca36] 10.0.0.176 "GET /v2.0/networks/e8042f86-c317-41d7-a9f9-6851029bb5f7?fields=provider%3Aphysical_network&fields=provider%3Anetwork_type HTTP/1.1" status: 200 len: 277 time: 0.0560308 /var/lib/openstack/lib/python3.10/site-packages/pycadf/identifier.py:71: UserWarning: Invalid uuid: neutron. To ensure interoperability, identifiers should be a valid uuid. warnings.warn(('Invalid uuid: %s. To ensure interoperability, '
2026-05-09 02:46:59.822 9 INFO neutron.wsgi [req-dfabcb82-5e86-4f87-aa47-0c58cb7d74db req-fa8972eb-22b3-4d87-a6ad-55972b99ed9f fb10a23b07884965bc0c4ffee1800cce 8a91ffeec2ec44929d32f253e15269f7 - - default default] 10.0.0.176 "GET /v2.0/ports?device_id=d194c810-feaf-479b-8328-67ec9cfbbd15 HTTP/1.1" status: 200 len: 210 time: 0.0197239
2026-05-09 02:46:59.905 10 INFO neutron.wsgi [req-0490d196-acf9-4136-b339-b7547d2fe098 req-d8e5a303-6741-44c6-bb1f-535f73b614dc fb10a23b07884965bc0c4ffee1800cce 8a91ffeec2ec44929d32f253e15269f7 - - default default] 10.0.0.176 "GET /v2.0/ports?device_id=d194c810-feaf-479b-8328-67ec9cfbbd15 HTTP/1.1" status: 200 len: 210 time: 0.0392337
2026-05-09 02:47:00.414 10 INFO neutron.wsgi [req-235f8750-4539-43ce-955a-68e1cb6d2a78 req-afb84338-cf68-4791-ab01-f2c8c67e1d48 fb10a23b07884965bc0c4ffee1800cce 8a91ffeec2ec44929d32f253e15269f7 - - default default] 199.204.45.138 "GET /v2.0/networks?id=e8042f86-c317-41d7-a9f9-6851029bb5f7 HTTP/1.1" status: 200 len: 937 time: 0.0778146
2026-05-09 02:47:00.488 10 INFO neutron.wsgi [req-235f8750-4539-43ce-955a-68e1cb6d2a78 req-30a5be92-4cb3-4e07-80e9-5843c6e0d3ac fb10a23b07884965bc0c4ffee1800cce 8a91ffeec2ec44929d32f253e15269f7 - - default default] 199.204.45.138 "GET /v2.0/security-groups?fields=id&fields=name&tenant_id=8a91ffeec2ec44929d32f253e15269f7 HTTP/1.1" status: 200 len: 542 time: 0.0641990
2026-05-09 02:47:00.792 10 WARNING neutron.scheduler.dhcp_agent_scheduler [req-235f8750-4539-43ce-955a-68e1cb6d2a78 req-05b1185b-d621-4e80-bfdd-7f7d587f86fc fb10a23b07884965bc0c4ffee1800cce 8a91ffeec2ec44929d32f253e15269f7 - - default default] No more DHCP agents
2026-05-09 02:47:00.794 10 WARNING neutron.api.rpc.agentnotifiers.dhcp_rpc_agent_api [req-235f8750-4539-43ce-955a-68e1cb6d2a78 req-05b1185b-d621-4e80-bfdd-7f7d587f86fc fb10a23b07884965bc0c4ffee1800cce 8a91ffeec2ec44929d32f253e15269f7 - - default default] Unable to schedule network e8042f86-c317-41d7-a9f9-6851029bb5f7: no agents available; will retry on subsequent port and subnet creation events.
2026-05-09 02:47:00.935 9 INFO neutron.wsgi [None req-ebe9368f-df99-4e9d-acaa-ea0186a2851b fb10a23b07884965bc0c4ffee1800cce 8a91ffeec2ec44929d32f253e15269f7 - - default default] 10.0.0.88 "GET /v2.0/ports HTTP/1.1" status: 200 len: 19769 time: 0.1996555
2026-05-09 02:47:00.986 10 INFO neutron.db.ovn_revision_numbers_db [req-235f8750-4539-43ce-955a-68e1cb6d2a78 req-05b1185b-d621-4e80-bfdd-7f7d587f86fc fb10a23b07884965bc0c4ffee1800cce 8a91ffeec2ec44929d32f253e15269f7 - - default default] Successfully bumped revision number for resource 719bb548-a563-4654-bcc2-0abc9fb16926 (type: ports) to 1
2026-05-09 02:47:01.020 10 INFO neutron.wsgi [req-235f8750-4539-43ce-955a-68e1cb6d2a78 req-05b1185b-d621-4e80-bfdd-7f7d587f86fc fb10a23b07884965bc0c4ffee1800cce 8a91ffeec2ec44929d32f253e15269f7 - - default default] 199.204.45.138 "POST /v2.0/ports HTTP/1.1" status: 201 len: 1283 time: 0.5269444 /var/lib/openstack/lib/python3.10/site-packages/pycadf/identifier.py:71: UserWarning: Invalid uuid: neutron. To ensure interoperability, identifiers should be a valid uuid. warnings.warn(('Invalid uuid: %s. To ensure interoperability, '
2026-05-09 02:47:01.270 9 INFO neutron.wsgi [None req-cd55f3cd-474b-4feb-9522-8f8dec4da0a7 fb10a23b07884965bc0c4ffee1800cce 8a91ffeec2ec44929d32f253e15269f7 - - default default] 10.0.0.88 "GET /v2.0/security-groups HTTP/1.1" status: 200 len: 29083 time: 0.3212905
2026-05-09 02:47:01.326 9 INFO neutron.wsgi [None req-5f9ef39e-1193-4714-8e53-daa441ea249b fb10a23b07884965bc0c4ffee1800cce 8a91ffeec2ec44929d32f253e15269f7 - - default default] 10.0.0.88 "GET /v2.0/subnets HTTP/1.1" status: 200 len: 5496 time: 0.0475826
2026-05-09 02:47:01.339 9 INFO neutron.wsgi [None req-4bf7dbd8-2319-4403-bc69-dd46bf61d206 fb10a23b07884965bc0c4ffee1800cce 8a91ffeec2ec44929d32f253e15269f7 - - default default] 10.0.0.88 "GET /v2.0/subnetpools HTTP/1.1" status: 200 len: 193 time: 0.0111437
2026-05-09 02:47:01.398 9 INFO neutron.wsgi [None req-70cdda38-39e3-47cc-9ad2-f5d8ace0b209 fb10a23b07884965bc0c4ffee1800cce 8a91ffeec2ec44929d32f253e15269f7 - - default default] 10.0.0.88 "GET /v2.0/floatingips HTTP/1.1" status: 200 len: 1879 time: 0.0583408
2026-05-09 02:47:01.423 9 INFO neutron.wsgi [None req-158f410b-48c3-4891-adc8-e1e8c64246da fb10a23b07884965bc0c4ffee1800cce 8a91ffeec2ec44929d32f253e15269f7 - - default default] 10.0.0.88 "GET /v2.0/agents HTTP/1.1" status: 200 len: 997 time: 0.0240986
2026-05-09 02:47:01.443 10 INFO neutron.db.ovn_revision_numbers_db [req-235f8750-4539-43ce-955a-68e1cb6d2a78 req-b3b6029b-a035-42db-b7e2-efdfa359eebc ef09dd9a949f4bdfbe35f3e1e21c88dc d146927a6ee44321be9e00f207cea594 - - 5cbefcc8d7a04ad49654f2e15158ca36 5cbefcc8d7a04ad49654f2e15158ca36] Successfully bumped revision number for resource 719bb548-a563-4654-bcc2-0abc9fb16926 (type: ports) to 2
2026-05-09 02:47:01.447 9 INFO neutron.wsgi [None req-6e19e86a-4ae4-4dab-a48b-fce7ee417557 fb10a23b07884965bc0c4ffee1800cce 8a91ffeec2ec44929d32f253e15269f7 - - default default] 10.0.0.88 "GET /v2.0/network-ip-availabilities HTTP/1.1" status: 200 len: 3363 time: 0.0210259
2026-05-09 02:47:01.537 9 INFO neutron.wsgi [None req-fe8de0a9-0d42-41df-822a-a3c1dcc6965e fb10a23b07884965bc0c4ffee1800cce 8a91ffeec2ec44929d32f253e15269f7 - - default default] 10.0.0.88 "GET /v2.0/networks HTTP/1.1" status: 200 len: 4720 time: 0.0883865
2026-05-09 02:47:01.590 9 INFO neutron.wsgi [None req-fdaf07a8-7c83-479d-8b9f-cd3b86756b08 fb10a23b07884965bc0c4ffee1800cce 8a91ffeec2ec44929d32f253e15269f7 - - default default] 10.0.0.88 "GET /v2.0/subnets HTTP/1.1" status: 200 len: 5496 time: 0.0500977
2026-05-09 02:47:01.638 10 INFO neutron.db.ovn_revision_numbers_db [req-235f8750-4539-43ce-955a-68e1cb6d2a78 req-b3b6029b-a035-42db-b7e2-efdfa359eebc ef09dd9a949f4bdfbe35f3e1e21c88dc d146927a6ee44321be9e00f207cea594 - - 5cbefcc8d7a04ad49654f2e15158ca36 5cbefcc8d7a04ad49654f2e15158ca36] Successfully bumped revision number for resource 719bb548-a563-4654-bcc2-0abc9fb16926 (type: ports) to 2
2026-05-09 02:47:01.657 10 INFO neutron.wsgi [req-235f8750-4539-43ce-955a-68e1cb6d2a78 req-b3b6029b-a035-42db-b7e2-efdfa359eebc ef09dd9a949f4bdfbe35f3e1e21c88dc d146927a6ee44321be9e00f207cea594 - - 5cbefcc8d7a04ad49654f2e15158ca36 5cbefcc8d7a04ad49654f2e15158ca36] 199.204.45.138 "PUT /v2.0/ports/719bb548-a563-4654-bcc2-0abc9fb16926 HTTP/1.1" status: 200 len: 1380 time: 0.6289897
2026-05-09 02:47:01.693 10 INFO neutron.notifiers.nova [-] Nova event matching ['req-e40dedff-3f84-4974-94b4-ab7df8fc71fd'] response: {'name': 'network-changed', 'server_uuid': 'd194c810-feaf-479b-8328-67ec9cfbbd15', 'tag': '719bb548-a563-4654-bcc2-0abc9fb16926', 'status': 'completed', 'code': 200} /var/lib/openstack/lib/python3.10/site-packages/pycadf/identifier.py:71: UserWarning: Invalid uuid: neutron. To ensure interoperability, identifiers should be a valid uuid. warnings.warn(('Invalid uuid: %s. To ensure interoperability, '
2026-05-09 02:47:01.713 9 INFO neutron.wsgi [None req-61a8b1ef-f4d1-491f-b677-93baa9253dd4 fb10a23b07884965bc0c4ffee1800cce 8a91ffeec2ec44929d32f253e15269f7 - - default default] 10.0.0.88 "GET /v2.0/routers HTTP/1.1" status: 200 len: 849 time: 0.1207454
2026-05-09 02:47:01.727 9 INFO neutron.wsgi [None req-35094aa8-18bb-4d00-b1e7-5f54be849d52 fb10a23b07884965bc0c4ffee1800cce 8a91ffeec2ec44929d32f253e15269f7 - - default default] 10.0.0.88 "GET /v2.0/agents?binary=ovn-controller HTTP/1.1" status: 200 len: 591 time: 0.0120323
2026-05-09 02:47:01.739 10 INFO neutron.wsgi [req-235f8750-4539-43ce-955a-68e1cb6d2a78 req-2c83e64b-13d8-4c56-b29a-627de4f3bdd8 ef09dd9a949f4bdfbe35f3e1e21c88dc d146927a6ee44321be9e00f207cea594 - - 5cbefcc8d7a04ad49654f2e15158ca36 5cbefcc8d7a04ad49654f2e15158ca36] 199.204.45.138 "GET /v2.0/ports?tenant_id=8a91ffeec2ec44929d32f253e15269f7&device_id=d194c810-feaf-479b-8328-67ec9cfbbd15 HTTP/1.1" status: 200 len: 1411 time: 0.0425916
2026-05-09 02:47:01.769 10 INFO neutron.wsgi [req-235f8750-4539-43ce-955a-68e1cb6d2a78 req-51b743fe-3ec1-4e00-beb3-7e1c103fe508 ef09dd9a949f4bdfbe35f3e1e21c88dc d146927a6ee44321be9e00f207cea594 - - 5cbefcc8d7a04ad49654f2e15158ca36 5cbefcc8d7a04ad49654f2e15158ca36] 199.204.45.138 "GET /v2.0/floatingips?fixed_ip_address=172.24.3.96&port_id=719bb548-a563-4654-bcc2-0abc9fb16926 HTTP/1.1" status: 200 len: 217 time: 0.0225813
2026-05-09 02:47:01.804 10 INFO neutron.wsgi [req-235f8750-4539-43ce-955a-68e1cb6d2a78 req-15dc7487-03bf-49be-af32-6c2d5071728f ef09dd9a949f4bdfbe35f3e1e21c88dc d146927a6ee44321be9e00f207cea594 - - 5cbefcc8d7a04ad49654f2e15158ca36 5cbefcc8d7a04ad49654f2e15158ca36] 199.204.45.138 "GET /v2.0/subnets?id=e91b600f-171a-4ea4-a9e2-0ff8786f63c5 HTTP/1.1" status: 200 len: 829 time: 0.0299003
2026-05-09 02:47:01.836 10 INFO neutron.wsgi [req-235f8750-4539-43ce-955a-68e1cb6d2a78 req-7f2c1409-d489-42b8-b80f-9f2b3d8678f2 ef09dd9a949f4bdfbe35f3e1e21c88dc d146927a6ee44321be9e00f207cea594 - - 5cbefcc8d7a04ad49654f2e15158ca36 5cbefcc8d7a04ad49654f2e15158ca36] 199.204.45.138 "GET /v2.0/ports?network_id=e8042f86-c317-41d7-a9f9-6851029bb5f7&device_owner=network%3Adhcp HTTP/1.1" status: 200 len: 210 time: 0.0257747
2026-05-09 02:47:01.910 10 INFO neutron.wsgi [req-235f8750-4539-43ce-955a-68e1cb6d2a78 req-ab4c46d6-71c9-464b-aee1-aa72e7508465 ef09dd9a949f4bdfbe35f3e1e21c88dc d146927a6ee44321be9e00f207cea594 - - 5cbefcc8d7a04ad49654f2e15158ca36 5cbefcc8d7a04ad49654f2e15158ca36] 199.204.45.138 "GET /v2.0/networks/e8042f86-c317-41d7-a9f9-6851029bb5f7?fields=segments HTTP/1.1" status: 200 len: 212 time: 0.0655887
2026-05-09 02:47:01.973 10 INFO neutron.wsgi [req-235f8750-4539-43ce-955a-68e1cb6d2a78 req-37a46dcc-aff5-4ea5-a3f1-05ef8743472c ef09dd9a949f4bdfbe35f3e1e21c88dc d146927a6ee44321be9e00f207cea594 - - 5cbefcc8d7a04ad49654f2e15158ca36 5cbefcc8d7a04ad49654f2e15158ca36] 199.204.45.138 "GET /v2.0/networks/e8042f86-c317-41d7-a9f9-6851029bb5f7?fields=provider%3Aphysical_network&fields=provider%3Anetwork_type HTTP/1.1" status: 200 len: 277 time: 0.0573609
2026-05-09 02:47:02.061 10 INFO neutron.wsgi [req-6563d1d9-15a4-42fc-add6-19e36764b507 req-91f1930a-e16f-4297-b3a5-6417f9fd841f ef09dd9a949f4bdfbe35f3e1e21c88dc d146927a6ee44321be9e00f207cea594 - - 5cbefcc8d7a04ad49654f2e15158ca36 5cbefcc8d7a04ad49654f2e15158ca36] 199.204.45.138 "GET /v2.0/ports?tenant_id=8a91ffeec2ec44929d32f253e15269f7&device_id=d194c810-feaf-479b-8328-67ec9cfbbd15 HTTP/1.1" status: 200 len: 1411 time: 0.0435605
2026-05-09 02:47:02.146 10 INFO neutron.wsgi [req-6563d1d9-15a4-42fc-add6-19e36764b507 req-3ca67a44-b268-40ff-83d7-0a2d626b66d8 ef09dd9a949f4bdfbe35f3e1e21c88dc d146927a6ee44321be9e00f207cea594 - - 5cbefcc8d7a04ad49654f2e15158ca36 5cbefcc8d7a04ad49654f2e15158ca36] 199.204.45.138 "GET /v2.0/networks?id=e8042f86-c317-41d7-a9f9-6851029bb5f7 HTTP/1.1" status: 200 len: 937 time: 0.0764840
2026-05-09 02:47:02.180 10 INFO neutron.wsgi [req-6563d1d9-15a4-42fc-add6-19e36764b507 req-3f217013-f655-426e-9512-a855625e9af1 ef09dd9a949f4bdfbe35f3e1e21c88dc d146927a6ee44321be9e00f207cea594 - - 5cbefcc8d7a04ad49654f2e15158ca36 5cbefcc8d7a04ad49654f2e15158ca36] 199.204.45.138 "GET /v2.0/floatingips?fixed_ip_address=172.24.3.96&port_id=719bb548-a563-4654-bcc2-0abc9fb16926 HTTP/1.1" status: 200 len: 217 time: 0.0265176
2026-05-09 02:47:02.258 10 INFO neutron.wsgi [req-6563d1d9-15a4-42fc-add6-19e36764b507 req-78cecb57-68e4-449e-9bca-9dc0e47399c4 ef09dd9a949f4bdfbe35f3e1e21c88dc d146927a6ee44321be9e00f207cea594 - - 5cbefcc8d7a04ad49654f2e15158ca36 5cbefcc8d7a04ad49654f2e15158ca36] 199.204.45.138 "GET /v2.0/subnets?id=e91b600f-171a-4ea4-a9e2-0ff8786f63c5 HTTP/1.1" status: 200 len: 829 time: 0.0668771
2026-05-09 02:47:02.263 10 INFO neutron.wsgi [req-61d6bdca-6b0d-45c6-aeea-354ecbff5e59 req-a5d142b7-4611-43ab-8b3c-5ef7d1fbdd81 ef09dd9a949f4bdfbe35f3e1e21c88dc d146927a6ee44321be9e00f207cea594 - - 5cbefcc8d7a04ad49654f2e15158ca36 5cbefcc8d7a04ad49654f2e15158ca36] 199.204.45.138 "GET /v2.0/ports?device_id=d194c810-feaf-479b-8328-67ec9cfbbd15 HTTP/1.1" status: 200 len: 1411 time: 0.0822625
2026-05-09 02:47:02.298 10 INFO neutron.wsgi [req-6563d1d9-15a4-42fc-add6-19e36764b507 req-fdc3673e-d966-4d02-bd7a-831d894716f0 ef09dd9a949f4bdfbe35f3e1e21c88dc d146927a6ee44321be9e00f207cea594 - - 5cbefcc8d7a04ad49654f2e15158ca36 5cbefcc8d7a04ad49654f2e15158ca36] 199.204.45.138 "GET /v2.0/ports?network_id=e8042f86-c317-41d7-a9f9-6851029bb5f7&device_owner=network%3Adhcp HTTP/1.1" status: 200 len: 210 time: 0.0291488
2026-05-09 02:47:02.334 10 INFO neutron.wsgi [req-61d6bdca-6b0d-45c6-aeea-354ecbff5e59 req-ec73b7fe-02a6-4575-9a10-7e8caba150bb ef09dd9a949f4bdfbe35f3e1e21c88dc d146927a6ee44321be9e00f207cea594 - - 5cbefcc8d7a04ad49654f2e15158ca36 5cbefcc8d7a04ad49654f2e15158ca36] 199.204.45.138 "GET /v2.0/security-groups?id=d799cdad-b37e-4b6c-ae17-3779dee32024&fields=id&fields=name HTTP/1.1" status: 200 len: 294 time: 0.0642247
2026-05-09 02:47:02.376 10 INFO neutron.wsgi [req-6563d1d9-15a4-42fc-add6-19e36764b507 req-b6c3eead-5de4-4c0d-b782-3cd3d9bd8b4b ef09dd9a949f4bdfbe35f3e1e21c88dc d146927a6ee44321be9e00f207cea594 - - 5cbefcc8d7a04ad49654f2e15158ca36 5cbefcc8d7a04ad49654f2e15158ca36] 199.204.45.138 "GET /v2.0/networks/e8042f86-c317-41d7-a9f9-6851029bb5f7?fields=segments HTTP/1.1" status: 200 len: 212 time: 0.0699558
2026-05-09 02:47:02.432 10 INFO neutron.plugins.ml2.drivers.ovn.mech_driver.mech_driver [None req-56a148bd-0010-44a2-86a8-c91e0137a763 - - - - - -] OVN reports status up for port: 719bb548-a563-4654-bcc2-0abc9fb16926
2026-05-09 02:47:02.445 10 INFO neutron.plugins.ml2.plugin [None req-56a148bd-0010-44a2-86a8-c91e0137a763 - - - - - -] Attempt 1 to provision port 719bb548-a563-4654-bcc2-0abc9fb16926
2026-05-09 02:47:02.466 10 INFO neutron.wsgi [req-6563d1d9-15a4-42fc-add6-19e36764b507 req-07106753-b5ae-45cd-942f-32d1cec4f04a ef09dd9a949f4bdfbe35f3e1e21c88dc d146927a6ee44321be9e00f207cea594 - - 5cbefcc8d7a04ad49654f2e15158ca36 5cbefcc8d7a04ad49654f2e15158ca36] 199.204.45.138 "GET /v2.0/networks/e8042f86-c317-41d7-a9f9-6851029bb5f7?fields=provider%3Aphysical_network&fields=provider%3Anetwork_type HTTP/1.1" status: 200 len: 277 time: 0.0840013
2026-05-09 02:47:02.726 10 INFO neutron.db.ovn_revision_numbers_db [None req-56a148bd-0010-44a2-86a8-c91e0137a763 - - - - - -] Successfully bumped revision number for resource 719bb548-a563-4654-bcc2-0abc9fb16926 (type: ports) to 4
2026-05-09 02:47:02.758 9 INFO neutron.wsgi [req-fca9d65b-a065-47e0-ae25-424a8944787e req-bfd1ed0b-1eea-4053-b70e-436d9bfea187 fb10a23b07884965bc0c4ffee1800cce 8a91ffeec2ec44929d32f253e15269f7 - - default default] 10.0.0.176 "GET /v2.0/ports?device_id=d194c810-feaf-479b-8328-67ec9cfbbd15 HTTP/1.1" status: 200 len: 1413 time: 0.0417750
2026-05-09 02:47:02.803 9 INFO neutron.wsgi [req-fca9d65b-a065-47e0-ae25-424a8944787e req-22f59da0-d3f6-4688-b299-ef58f0c49a60 fb10a23b07884965bc0c4ffee1800cce 8a91ffeec2ec44929d32f253e15269f7 - - default default] 10.0.0.176 "GET /v2.0/security-groups?id=d799cdad-b37e-4b6c-ae17-3779dee32024&fields=id&fields=name HTTP/1.1" status: 200 len: 294 time: 0.0381470 /var/lib/openstack/lib/python3.10/site-packages/pycadf/identifier.py:71: UserWarning: Invalid uuid: neutron. To ensure interoperability, identifiers should be a valid uuid. warnings.warn(('Invalid uuid: %s. To ensure interoperability, '
2026-05-09 02:47:02.925 10 INFO neutron.wsgi [req-cb32776a-08c6-4a65-81d0-c92da32fab3f req-4082bd77-dfba-4688-94ac-738f6a4ff3fb fb10a23b07884965bc0c4ffee1800cce 8a91ffeec2ec44929d32f253e15269f7 - - default default] 10.0.0.176 "GET /v2.0/ports?device_id=d194c810-feaf-479b-8328-67ec9cfbbd15 HTTP/1.1" status: 200 len: 1413 time: 0.0473955
2026-05-09 02:47:03.739 10 INFO neutron.notifiers.nova [-] Nova event matching ['req-06f4d3e6-fd66-460f-9d5e-589eca2bec26'] response: {'server_uuid': 'd194c810-feaf-479b-8328-67ec9cfbbd15', 'name': 'network-vif-plugged', 'status': 'completed', 'tag': '719bb548-a563-4654-bcc2-0abc9fb16926', 'code': 200}
2026-05-09 02:47:03.740 10 INFO neutron.notifiers.nova [-] Nova event matching ['req-06f4d3e6-fd66-460f-9d5e-589eca2bec26'] response: {'server_uuid': 'd194c810-feaf-479b-8328-67ec9cfbbd15', 'name': 'network-vif-plugged', 'status': 'completed', 'tag': '719bb548-a563-4654-bcc2-0abc9fb16926', 'code': 200}
2026-05-09 02:47:05.819 9 INFO neutron.wsgi [req-ce0fddf7-cb80-4922-8db1-35996ee5aaff req-96a42b21-2af2-44f5-bb94-a69662cb6f57 fb10a23b07884965bc0c4ffee1800cce 8a91ffeec2ec44929d32f253e15269f7 - - default default] 10.0.0.176 "GET /v2.0/ports?device_id=d194c810-feaf-479b-8328-67ec9cfbbd15 HTTP/1.1" status: 200 len: 1413 time: 0.0387979
2026-05-09 02:47:05.866 9 INFO neutron.wsgi [req-ce0fddf7-cb80-4922-8db1-35996ee5aaff req-5cca694c-986a-4124-8bfd-329c01c17bc7 fb10a23b07884965bc0c4ffee1800cce 8a91ffeec2ec44929d32f253e15269f7 - - default default] 10.0.0.176 "GET /v2.0/security-groups?id=d799cdad-b37e-4b6c-ae17-3779dee32024&fields=id&fields=name HTTP/1.1" status: 200 len: 294 time: 0.0387866
2026-05-09 02:47:05.965 10 INFO neutron.wsgi [req-9673c06c-f96f-42b2-bd85-5e493957cc97 req-e72e0185-154a-48af-9cfb-9d27a8e238f5 fb10a23b07884965bc0c4ffee1800cce 8a91ffeec2ec44929d32f253e15269f7 - - default default] 10.0.0.176 "GET /v2.0/ports?device_id=d194c810-feaf-479b-8328-67ec9cfbbd15 HTTP/1.1" status: 200 len: 1413 time: 0.0359483
2026-05-09 02:47:06.906 10 INFO neutron.wsgi [req-1467dcf9-ca26-4fad-8710-1ff4971ae918 req-e9cb5bb7-6f83-4f14-8f7d-122418886e51 ef09dd9a949f4bdfbe35f3e1e21c88dc d146927a6ee44321be9e00f207cea594 - - 5cbefcc8d7a04ad49654f2e15158ca36 5cbefcc8d7a04ad49654f2e15158ca36] 199.204.45.138 "GET /v2.0/ports?device_id=2ed5dbf1-c8f3-4bfc-b0d2-a3b3b163ec0c&fields=binding%3Ahost_id&fields=binding%3Avif_type HTTP/1.1" status: 200 len: 265 time: 0.0433059
2026-05-09 02:47:06.982 10 INFO neutron.wsgi [req-1467dcf9-ca26-4fad-8710-1ff4971ae918 req-dc58b4f0-46ab-4343-89b7-f41a2dedfbe8 ef09dd9a949f4bdfbe35f3e1e21c88dc d146927a6ee44321be9e00f207cea594 - - 5cbefcc8d7a04ad49654f2e15158ca36 5cbefcc8d7a04ad49654f2e15158ca36] 199.204.45.138 "GET /v2.0/ports?tenant_id=cf91d3bc6ed34c6b90d5ba057d0d8587&device_id=2ed5dbf1-c8f3-4bfc-b0d2-a3b3b163ec0c HTTP/1.1" status: 200 len: 1634 time: 0.0354426
2026-05-09 02:47:07.081 10 INFO neutron.wsgi [req-1467dcf9-ca26-4fad-8710-1ff4971ae918 req-852cd1e1-74d2-48cd-9328-4342942bb23d ef09dd9a949f4bdfbe35f3e1e21c88dc d146927a6ee44321be9e00f207cea594 - - 5cbefcc8d7a04ad49654f2e15158ca36 5cbefcc8d7a04ad49654f2e15158ca36] 199.204.45.138 "GET /v2.0/networks?id=3c8b1408-ed5e-420a-bc2b-2331e3bdb8c8 HTTP/1.1" status: 200 len: 1003 time: 0.0778155
2026-05-09 02:47:07.137 10 INFO neutron.wsgi [req-1467dcf9-ca26-4fad-8710-1ff4971ae918 req-451782b0-e62c-42b0-86bf-cb5bdb3bf131 ef09dd9a949f4bdfbe35f3e1e21c88dc d146927a6ee44321be9e00f207cea594 - - 5cbefcc8d7a04ad49654f2e15158ca36 5cbefcc8d7a04ad49654f2e15158ca36] 199.204.45.138 "GET /v2.0/floatingips?fixed_ip_address=10.2.1.151&port_id=1d67b23f-3923-484b-92d9-5f3ed582ec97 HTTP/1.1" status: 200 len: 1059 time: 0.0498986
2026-05-09 02:47:07.182 10 INFO neutron.wsgi [req-1467dcf9-ca26-4fad-8710-1ff4971ae918 req-b4a72d2f-b107-424b-ad08-1696ac05fff7 ef09dd9a949f4bdfbe35f3e1e21c88dc d146927a6ee44321be9e00f207cea594 - - 5cbefcc8d7a04ad49654f2e15158ca36 5cbefcc8d7a04ad49654f2e15158ca36] 199.204.45.138 "GET /v2.0/floatingips?fixed_ip_address=fd7b%3Af9f7%3Afff%3A4eca%3A%3A30&port_id=1d67b23f-3923-484b-92d9-5f3ed582ec97 HTTP/1.1" status: 200 len: 217 time: 0.0382872
2026-05-09 02:47:07.230 10 INFO neutron.wsgi [req-1467dcf9-ca26-4fad-8710-1ff4971ae918 req-c57466a6-60a6-4acd-929c-5cc38826cf40 ef09dd9a949f4bdfbe35f3e1e21c88dc d146927a6ee44321be9e00f207cea594 - - 5cbefcc8d7a04ad49654f2e15158ca36 5cbefcc8d7a04ad49654f2e15158ca36] 199.204.45.138 "GET /v2.0/subnets?id=044822ab-545c-4696-b099-c95bc2f7fb40&id=c3740cd0-d6d0-4078-a033-a5cfed75e169 HTTP/1.1" status: 200 len: 1561 time: 0.0418739
2026-05-09 02:47:07.256 10 INFO neutron.wsgi [req-1467dcf9-ca26-4fad-8710-1ff4971ae918 req-070da748-3b8c-4078-8161-af92597d8ed0 ef09dd9a949f4bdfbe35f3e1e21c88dc d146927a6ee44321be9e00f207cea594 - - 5cbefcc8d7a04ad49654f2e15158ca36 5cbefcc8d7a04ad49654f2e15158ca36] 199.204.45.138 "GET /v2.0/ports?network_id=3c8b1408-ed5e-420a-bc2b-2331e3bdb8c8&device_owner=network%3Adhcp HTTP/1.1" status: 200 len: 210 time: 0.0202560
2026-05-09 02:47:07.291 10 INFO neutron.wsgi [req-1467dcf9-ca26-4fad-8710-1ff4971ae918 req-5d07601f-de73-4fed-890b-68a776ce338b ef09dd9a949f4bdfbe35f3e1e21c88dc d146927a6ee44321be9e00f207cea594 - - 5cbefcc8d7a04ad49654f2e15158ca36 5cbefcc8d7a04ad49654f2e15158ca36] 199.204.45.138 "GET /v2.0/ports?network_id=3c8b1408-ed5e-420a-bc2b-2331e3bdb8c8&device_owner=network%3Adhcp HTTP/1.1" status: 200 len: 210 time: 0.0261195
