2026-05-09 02:43:14.589 10 INFO neutron.wsgi [None req-327f3b0a-d86a-4a27-9153-ba284745bfda a63a21844720437f8686c999a6690ea2 6d60dc0eca194acba8ce2c701704a8cb - - default default] 10.0.0.223 "POST /v2.0/security-groups HTTP/1.1" status: 201 len: 1796 time: 0.2529261
2026-05-09 02:43:14.594 10 INFO neutron.wsgi [req-15d8f994-1013-4b4c-9fcd-de1a6e0aa4f5 req-70afa4e7-e6ad-49b0-8c94-596101cb51ad ef09dd9a949f4bdfbe35f3e1e21c88dc d146927a6ee44321be9e00f207cea594 - - 5cbefcc8d7a04ad49654f2e15158ca36 5cbefcc8d7a04ad49654f2e15158ca36] 199.204.45.138 "GET /v2.0/subnets?id=2538b81f-e7c9-47e1-82dc-6315d9a14075 HTTP/1.1" status: 200 len: 868 time: 0.0494490
2026-05-09 02:43:14.599 10 WARNING neutron_lib.context [None req-d096bb88-6df4-4ff2-af85-c630afa1b084 a63a21844720437f8686c999a6690ea2 6d60dc0eca194acba8ce2c701704a8cb - - default default] Method 'is_advsvc' is deprecated since 2023.2 release (neutron-lib 3.8.0) and will be removed once support for the old RBAC API policies will be removed from Neutron. Please use method 'is_service_role' instead.
2026-05-09 02:43:14.625 10 INFO neutron.wsgi [req-15d8f994-1013-4b4c-9fcd-de1a6e0aa4f5 req-c5ae0d0f-4c29-4a3c-9b10-3a35385c2df4 ef09dd9a949f4bdfbe35f3e1e21c88dc d146927a6ee44321be9e00f207cea594 - - 5cbefcc8d7a04ad49654f2e15158ca36 5cbefcc8d7a04ad49654f2e15158ca36] 199.204.45.138 "GET /v2.0/ports?network_id=687b1ecb-8d84-4c1a-b68d-16b36008a6f5&device_owner=network%3Adhcp HTTP/1.1" status: 200 len: 210 time: 0.0227571
2026-05-09 02:43:14.699 10 INFO neutron.wsgi [req-15d8f994-1013-4b4c-9fcd-de1a6e0aa4f5 req-d6f7a501-20cb-44b5-a8a3-b2e5ece2ed7e ef09dd9a949f4bdfbe35f3e1e21c88dc d146927a6ee44321be9e00f207cea594 - - 5cbefcc8d7a04ad49654f2e15158ca36 5cbefcc8d7a04ad49654f2e15158ca36] 199.204.45.138 "GET /v2.0/networks/687b1ecb-8d84-4c1a-b68d-16b36008a6f5?fields=segments HTTP/1.1" status: 200 len: 212 time: 0.0689454
2026-05-09 02:43:14.716 9 INFO neutron.wsgi [req-e6a5d319-e0f5-4e4f-b8a6-4522cbd3af03 req-44e2d007-adbb-44bb-b37f-05f7e2990668 3652464e147c496ba34b1f2b8cb061c3 4beab5d41725401daaa7acc05463e98e - - default default] 10.0.0.176 "GET /v2.0/ports?device_id=b0d957d8-fd89-435f-a1a9-8e5e0464bf0e HTTP/1.1" status: 200 len: 1172 time: 0.0525081
2026-05-09 02:43:14.780 9 INFO neutron.wsgi [req-e6a5d319-e0f5-4e4f-b8a6-4522cbd3af03 req-382d4846-af20-43f3-a910-2e311a137ae5 3652464e147c496ba34b1f2b8cb061c3 4beab5d41725401daaa7acc05463e98e - - default default] 10.0.0.176 "GET /v2.0/security-groups?id=ea3352b1-ab8f-497d-8b2f-4f42c3bd7642&fields=id&fields=name HTTP/1.1" status: 200 len: 313 time: 0.0575912
2026-05-09 02:43:14.784 10 INFO neutron.wsgi [req-15d8f994-1013-4b4c-9fcd-de1a6e0aa4f5 req-0c95a849-65d0-4a81-a158-805d1c6d826e ef09dd9a949f4bdfbe35f3e1e21c88dc d146927a6ee44321be9e00f207cea594 - - 5cbefcc8d7a04ad49654f2e15158ca36 5cbefcc8d7a04ad49654f2e15158ca36] 199.204.45.138 "GET /v2.0/networks/687b1ecb-8d84-4c1a-b68d-16b36008a6f5?fields=provider%3Aphysical_network&fields=provider%3Anetwork_type HTTP/1.1" status: 200 len: 277 time: 0.0802443
2026-05-09 02:43:14.800 10 INFO neutron.db.ovn_revision_numbers_db [None req-d096bb88-6df4-4ff2-af85-c630afa1b084 a63a21844720437f8686c999a6690ea2 6d60dc0eca194acba8ce2c701704a8cb - - default default] Successfully bumped revision number for resource 2f40cbda-fc24-46b9-9f47-d355b717cc66 (type: security_group_rules) to 0
2026-05-09 02:43:14.826 10 INFO neutron.wsgi [None req-d096bb88-6df4-4ff2-af85-c630afa1b084 a63a21844720437f8686c999a6690ea2 6d60dc0eca194acba8ce2c701704a8cb - - default default] 10.0.0.223 "POST /v2.0/security-group-rules HTTP/1.1" status: 201 len: 764 time: 0.2301197
2026-05-09 02:43:14.835 10 WARNING neutron_lib.context [None req-26115dfa-bc71-4311-9d12-01b210bb1ac9 a63a21844720437f8686c999a6690ea2 6d60dc0eca194acba8ce2c701704a8cb - - default default] Method 'is_advsvc' is deprecated since 2023.2 release (neutron-lib 3.8.0) and will be removed once support for the old RBAC API policies will be removed from Neutron. Please use method 'is_service_role' instead.
2026-05-09 02:43:14.846 9 WARNING neutron.scheduler.dhcp_agent_scheduler [None req-3168f321-f87c-4506-9320-502c923a694b 084714afd46e4da496918d8f9f41c9cc 43b4fd18b94a4c0ea5afd216e52687e0 - - default default] No more DHCP agents
2026-05-09 02:43:14.848 9 WARNING neutron.api.rpc.agentnotifiers.dhcp_rpc_agent_api [None req-3168f321-f87c-4506-9320-502c923a694b 084714afd46e4da496918d8f9f41c9cc 43b4fd18b94a4c0ea5afd216e52687e0 - - default default] Unable to schedule network 6c58c38d-ac3b-4ef9-906a-e3ed6c593e4b: no agents available; will retry on subsequent port and subnet creation events.
2026-05-09 02:43:14.899 10 INFO neutron.wsgi [req-c7fc2f25-9225-47d2-8f6a-27742413d35e req-afbe4c7d-37a0-4ed8-be3a-79526f096962 ef09dd9a949f4bdfbe35f3e1e21c88dc d146927a6ee44321be9e00f207cea594 - - 5cbefcc8d7a04ad49654f2e15158ca36 5cbefcc8d7a04ad49654f2e15158ca36] 199.204.45.138 "GET /v2.0/ports?tenant_id=4beab5d41725401daaa7acc05463e98e&device_id=b0d957d8-fd89-435f-a1a9-8e5e0464bf0e HTTP/1.1" status: 200 len: 1411 time: 0.0602167
2026-05-09 02:43:14.956 10 INFO neutron.wsgi [req-a45a3c03-af00-4a22-9046-6974d2043f34 req-a415f2e4-fcfc-403a-aafa-d2728a3fb7d1 68b53c85cd604ad691b710957db92bc2 67b67bb9f7d6451aace78e960db72254 - - default default] 10.0.0.176 "GET /v2.0/ports?device_id=2f89b172-d6b7-4211-b0f2-54a623f1bd1f HTTP/1.1" status: 200 len: 1168 time: 0.0750859
2026-05-09 02:43:14.987 9 INFO neutron.plugins.ml2.drivers.ovn.mech_driver.mech_driver [None req-7d293c66-7a4f-43d3-a26a-1d940f5875fc - - - - - -] OVN reports status up for port: 83794832-0102-49a8-affa-95077a143033
2026-05-09 02:43:15.014 9 INFO neutron.plugins.ml2.plugin [None req-7d293c66-7a4f-43d3-a26a-1d940f5875fc - - - - - -] Attempt 1 to provision port 83794832-0102-49a8-affa-95077a143033
2026-05-09 02:43:15.055 10 INFO neutron.wsgi [req-c7fc2f25-9225-47d2-8f6a-27742413d35e req-7e4adefc-a79e-4b48-b914-ed97f5f53296 ef09dd9a949f4bdfbe35f3e1e21c88dc d146927a6ee44321be9e00f207cea594 - - 5cbefcc8d7a04ad49654f2e15158ca36 5cbefcc8d7a04ad49654f2e15158ca36] 199.204.45.138 "GET /v2.0/networks?id=687b1ecb-8d84-4c1a-b68d-16b36008a6f5 HTTP/1.1" status: 200 len: 973 time: 0.1477201
2026-05-09 02:43:15.061 10 INFO neutron.wsgi [req-a45a3c03-af00-4a22-9046-6974d2043f34 req-808cdd3e-a05e-4285-a3f1-402201b747a2 68b53c85cd604ad691b710957db92bc2 67b67bb9f7d6451aace78e960db72254 - - default default] 10.0.0.176 "GET /v2.0/security-groups?id=f7a4912e-7aef-4b47-86b1-cc1f952e7f56&fields=id&fields=name HTTP/1.1" status: 200 len: 312 time: 0.0849707
2026-05-09 02:43:15.099 10 INFO neutron.wsgi [req-c7fc2f25-9225-47d2-8f6a-27742413d35e req-770f765f-f49e-4748-bc06-5c58d7612b7d ef09dd9a949f4bdfbe35f3e1e21c88dc d146927a6ee44321be9e00f207cea594 - - 5cbefcc8d7a04ad49654f2e15158ca36 5cbefcc8d7a04ad49654f2e15158ca36] 199.204.45.138 "GET /v2.0/floatingips?fixed_ip_address=10.100.0.13&port_id=83794832-0102-49a8-affa-95077a143033 HTTP/1.1" status: 200 len: 217 time: 0.0331910
2026-05-09 02:43:15.141 10 INFO neutron.wsgi [req-c7fc2f25-9225-47d2-8f6a-27742413d35e req-7e3377a6-a36a-43ab-97bc-585bab9835a8 ef09dd9a949f4bdfbe35f3e1e21c88dc d146927a6ee44321be9e00f207cea594 - - 5cbefcc8d7a04ad49654f2e15158ca36 5cbefcc8d7a04ad49654f2e15158ca36] 199.204.45.138 "GET /v2.0/subnets?id=2538b81f-e7c9-47e1-82dc-6315d9a14075 HTTP/1.1" status: 200 len: 868 time: 0.0340903
2026-05-09 02:43:15.158 10 INFO neutron.db.ovn_revision_numbers_db [None req-26115dfa-bc71-4311-9d12-01b210bb1ac9 a63a21844720437f8686c999a6690ea2 6d60dc0eca194acba8ce2c701704a8cb - - default default] Successfully bumped revision number for resource befcf4ea-312a-418b-8a00-857441378cff (type: security_group_rules) to 0
2026-05-09 02:43:15.171 10 INFO neutron.wsgi [req-c7fc2f25-9225-47d2-8f6a-27742413d35e req-d1a9cf42-90ff-44f9-81a0-6bf5939cc698 ef09dd9a949f4bdfbe35f3e1e21c88dc d146927a6ee44321be9e00f207cea594 - - 5cbefcc8d7a04ad49654f2e15158ca36 5cbefcc8d7a04ad49654f2e15158ca36] 199.204.45.138 "GET /v2.0/ports?network_id=687b1ecb-8d84-4c1a-b68d-16b36008a6f5&device_owner=network%3Adhcp HTTP/1.1" status: 200 len: 210 time: 0.0227079
2026-05-09 02:43:15.208 10 INFO neutron.wsgi [None req-26115dfa-bc71-4311-9d12-01b210bb1ac9 a63a21844720437f8686c999a6690ea2 6d60dc0eca194acba8ce2c701704a8cb - - default default] 10.0.0.223 "POST /v2.0/security-group-rules HTTP/1.1" status: 201 len: 769 time: 0.3777723
2026-05-09 02:43:15.217 9 INFO neutron.notifiers.nova [-] Nova event matching ['req-32771767-558c-4696-8aff-417733ea736b'] response: {'server_uuid': 'b0d957d8-fd89-435f-a1a9-8e5e0464bf0e', 'name': 'network-vif-plugged', 'status': 'completed', 'tag': '83794832-0102-49a8-affa-95077a143033', 'code': 200}
2026-05-09 02:43:15.218 10 WARNING neutron_lib.context [None req-a1e07372-95d2-4c06-abfb-18d3cb774d45 a63a21844720437f8686c999a6690ea2 6d60dc0eca194acba8ce2c701704a8cb - - default default] Method 'is_advsvc' is deprecated since 2023.2 release (neutron-lib 3.8.0) and will be removed once support for the old RBAC API policies will be removed from Neutron. Please use method 'is_service_role' instead.
2026-05-09 02:43:15.328 10 INFO neutron.wsgi [req-c7fc2f25-9225-47d2-8f6a-27742413d35e req-578a5904-88a6-41ec-af2f-5c6b52698e94 ef09dd9a949f4bdfbe35f3e1e21c88dc d146927a6ee44321be9e00f207cea594 - - 5cbefcc8d7a04ad49654f2e15158ca36 5cbefcc8d7a04ad49654f2e15158ca36] 199.204.45.138 "GET /v2.0/networks/687b1ecb-8d84-4c1a-b68d-16b36008a6f5?fields=segments HTTP/1.1" status: 200 len: 212 time: 0.1485250
2026-05-09 02:43:15.429 10 INFO neutron.wsgi [req-c7fc2f25-9225-47d2-8f6a-27742413d35e req-cf52fcaf-2b6d-459b-978d-9a328c0bfba4 ef09dd9a949f4bdfbe35f3e1e21c88dc d146927a6ee44321be9e00f207cea594 - - 5cbefcc8d7a04ad49654f2e15158ca36 5cbefcc8d7a04ad49654f2e15158ca36] 199.204.45.138 "GET /v2.0/networks/687b1ecb-8d84-4c1a-b68d-16b36008a6f5?fields=provider%3Aphysical_network&fields=provider%3Anetwork_type HTTP/1.1" status: 200 len: 277 time: 0.0926142
2026-05-09 02:43:15.576 9 INFO neutron.db.ovn_revision_numbers_db [None req-7d293c66-7a4f-43d3-a26a-1d940f5875fc - - - - - -] Successfully bumped revision number for resource 83794832-0102-49a8-affa-95077a143033 (type: ports) to 4
2026-05-09 02:43:15.594 10 WARNING neutron.scheduler.dhcp_agent_scheduler [None req-a1e07372-95d2-4c06-abfb-18d3cb774d45 a63a21844720437f8686c999a6690ea2 6d60dc0eca194acba8ce2c701704a8cb - - default default] No more DHCP agents
2026-05-09 02:43:15.598 10 WARNING neutron.api.rpc.agentnotifiers.dhcp_rpc_agent_api [None req-a1e07372-95d2-4c06-abfb-18d3cb774d45 a63a21844720437f8686c999a6690ea2 6d60dc0eca194acba8ce2c701704a8cb - - default default] Unable to schedule network b96b4899-e441-45db-81ee-68f7b41c8a0a: no agents available; will retry on subsequent port and subnet creation events.
2026-05-09 02:43:15.671 9 INFO neutron.db.ovn_revision_numbers_db [None req-3168f321-f87c-4506-9320-502c923a694b 084714afd46e4da496918d8f9f41c9cc 43b4fd18b94a4c0ea5afd216e52687e0 - - default default] Successfully bumped revision number for resource dd9f40eb-a054-4059-91b5-248fd237fad9 (type: ports) to 2
2026-05-09 02:43:15.713 9 INFO neutron.db.ovn_revision_numbers_db [None req-3168f321-f87c-4506-9320-502c923a694b 084714afd46e4da496918d8f9f41c9cc 43b4fd18b94a4c0ea5afd216e52687e0 - - default default] Successfully bumped revision number for resource 58980dd9-fab4-45ab-9723-84f6760af3a1 (type: subnets) to 0
2026-05-09 02:43:15.730 9 INFO neutron.wsgi [None req-3168f321-f87c-4506-9320-502c923a694b 084714afd46e4da496918d8f9f41c9cc 43b4fd18b94a4c0ea5afd216e52687e0 - - default default] 10.0.0.223 "POST /v2.0/subnets HTTP/1.1" status: 201 len: 801 time: 1.2255292 /var/lib/openstack/lib/python3.10/site-packages/pycadf/identifier.py:71: UserWarning: Invalid uuid: neutron. To ensure interoperability, identifiers should be a valid uuid. warnings.warn(('Invalid uuid: %s. To ensure interoperability, '
2026-05-09 02:43:15.963 10 INFO neutron.db.ovn_revision_numbers_db [None req-a1e07372-95d2-4c06-abfb-18d3cb774d45 a63a21844720437f8686c999a6690ea2 6d60dc0eca194acba8ce2c701704a8cb - - default default] Successfully bumped revision number for resource c4dcf58f-25d0-4632-b54f-913c73e16a10 (type: floatingips) to 0
2026-05-09 02:43:15.980 10 INFO neutron.wsgi [None req-a1e07372-95d2-4c06-abfb-18d3cb774d45 a63a21844720437f8686c999a6690ea2 6d60dc0eca194acba8ce2c701704a8cb - - default default] 10.0.0.223 "POST /v2.0/floatingips HTTP/1.1" status: 201 len: 751 time: 0.7672410
2026-05-09 02:43:15.985 10 INFO neutron.wsgi [req-557a7770-37d2-4670-99e1-a3a65e603e59 req-8e2d506e-42ea-4043-bfd1-0f0545b154d0 3652464e147c496ba34b1f2b8cb061c3 4beab5d41725401daaa7acc05463e98e - - default default] 10.0.0.176 "GET /v2.0/ports?device_id=b0d957d8-fd89-435f-a1a9-8e5e0464bf0e HTTP/1.1" status: 200 len: 1174 time: 0.1242411
2026-05-09 02:43:16.031 10 INFO neutron.wsgi [req-557a7770-37d2-4670-99e1-a3a65e603e59 req-be7105f5-61e6-4214-b6e2-ada88066ebd7 3652464e147c496ba34b1f2b8cb061c3 4beab5d41725401daaa7acc05463e98e - - default default] 10.0.0.176 "GET /v2.0/security-groups?id=ea3352b1-ab8f-497d-8b2f-4f42c3bd7642&fields=id&fields=name HTTP/1.1" status: 200 len: 313 time: 0.0408762
2026-05-09 02:43:16.059 9 INFO neutron.db.ovn_revision_numbers_db [None req-838c8bb6-1fea-4286-b327-bd07a9f2370e 084714afd46e4da496918d8f9f41c9cc 43b4fd18b94a4c0ea5afd216e52687e0 - - default default] Successfully bumped revision number for resource 58980dd9-fab4-45ab-9723-84f6760af3a1 (type: subnets) to 1
2026-05-09 02:43:16.063 9 INFO neutron.wsgi [None req-838c8bb6-1fea-4286-b327-bd07a9f2370e 084714afd46e4da496918d8f9f41c9cc 43b4fd18b94a4c0ea5afd216e52687e0 - - default default] 10.0.0.223 "PUT /v2.0/subnets/58980dd9-fab4-45ab-9723-84f6760af3a1 HTTP/1.1" status: 200 len: 806 time: 0.3256404
2026-05-09 02:43:16.111 9 INFO neutron.wsgi [req-95f5e3a1-6dc4-4f21-ae87-3e51e2d547df req-9ebeb354-256e-4628-b34d-6a6a2d065bf0 a63a21844720437f8686c999a6690ea2 6d60dc0eca194acba8ce2c701704a8cb - - default default] 10.0.0.176 "GET /v2.0/security-groups?name=tempest-secgroup-smoke-718441026&fields=id&tenant_id=6d60dc0eca194acba8ce2c701704a8cb HTTP/1.1" status: 200 len: 267 time: 0.0466435
2026-05-09 02:43:16.154 10 INFO neutron.wsgi [req-4535ca63-dbff-43cd-8582-8b8ac3d38fd0 req-a3150b3b-3235-4ad6-9d2b-bb0baaa2d821 3652464e147c496ba34b1f2b8cb061c3 4beab5d41725401daaa7acc05463e98e - - default default] 10.0.0.176 "GET /v2.0/ports?device_id=b0d957d8-fd89-435f-a1a9-8e5e0464bf0e HTTP/1.1" status: 200 len: 1174 time: 0.0468409
2026-05-09 02:43:16.180 9 INFO neutron.wsgi [req-95f5e3a1-6dc4-4f21-ae87-3e51e2d547df req-34f07e6c-77da-4dd7-b4dd-1c2ee9faf28a a63a21844720437f8686c999a6690ea2 6d60dc0eca194acba8ce2c701704a8cb - - default default] 10.0.0.176 "GET /v2.0/security-groups?name=tempest-securitygroup--776549785&fields=id&tenant_id=6d60dc0eca194acba8ce2c701704a8cb HTTP/1.1" status: 200 len: 267 time: 0.0609541
2026-05-09 02:43:16.250 9 INFO neutron.wsgi [req-95f5e3a1-6dc4-4f21-ae87-3e51e2d547df req-0e4c9bfa-0bd5-4b2a-a7fa-8ba4531c700c a63a21844720437f8686c999a6690ea2 6d60dc0eca194acba8ce2c701704a8cb - - default default] 10.0.0.176 "GET /v2.0/networks?id=2b0b283c-b4d9-4001-b80c-48de6e172ec5 HTTP/1.1" status: 200 len: 872 time: 0.0627270
2026-05-09 02:43:16.266 9 INFO neutron.wsgi [req-95f5e3a1-6dc4-4f21-ae87-3e51e2d547df req-32a3cc09-63cf-4a51-b50c-186cdf921566 a63a21844720437f8686c999a6690ea2 6d60dc0eca194acba8ce2c701704a8cb - - default default] 10.0.0.176 "GET /v2.0/quotas/6d60dc0eca194acba8ce2c701704a8cb HTTP/1.1" status: 200 len: 386 time: 0.0076919
2026-05-09 02:43:16.273 10 INFO neutron.wsgi [req-2493ea35-735a-43c7-b6c0-b0a1495333b0 req-c1b46fcb-5816-4309-a2a6-86dd818c33d9 68b53c85cd604ad691b710957db92bc2 67b67bb9f7d6451aace78e960db72254 - - default default] 10.0.0.176 "GET /v2.0/ports?device_id=2f89b172-d6b7-4211-b0f2-54a623f1bd1f HTTP/1.1" status: 200 len: 1168 time: 0.0692945
2026-05-09 02:43:16.356 10 INFO neutron.wsgi [req-2493ea35-735a-43c7-b6c0-b0a1495333b0 req-6579e31b-ae84-4608-b805-c9999bf26da2 68b53c85cd604ad691b710957db92bc2 67b67bb9f7d6451aace78e960db72254 - - default default] 10.0.0.176 "GET /v2.0/security-groups?id=f7a4912e-7aef-4b47-86b1-cc1f952e7f56&fields=id&fields=name HTTP/1.1" status: 200 len: 312 time: 0.0727761
2026-05-09 02:43:16.358 9 INFO neutron.wsgi [req-95f5e3a1-6dc4-4f21-ae87-3e51e2d547df req-856bca12-b9c6-42f1-9f1c-5968ac8340ec a63a21844720437f8686c999a6690ea2 6d60dc0eca194acba8ce2c701704a8cb - - default default] 10.0.0.176 "GET /v2.0/ports?tenant_id=6d60dc0eca194acba8ce2c701704a8cb&fields=id HTTP/1.1" status: 200 len: 302 time: 0.0863054
2026-05-09 02:43:16.457 9 INFO neutron.wsgi [req-95f5e3a1-6dc4-4f21-ae87-3e51e2d547df req-b08628ec-6e3f-42bd-a45f-bca559eb53ab ef09dd9a949f4bdfbe35f3e1e21c88dc d146927a6ee44321be9e00f207cea594 - - 5cbefcc8d7a04ad49654f2e15158ca36 5cbefcc8d7a04ad49654f2e15158ca36] 10.0.0.176 "GET /v2.0/networks/2b0b283c-b4d9-4001-b80c-48de6e172ec5?fields=segments HTTP/1.1" status: 200 len: 212 time: 0.0850766
2026-05-09 02:43:16.526 9 INFO neutron.wsgi [req-95f5e3a1-6dc4-4f21-ae87-3e51e2d547df req-eaf82d87-fbbb-40f0-b407-4d6d885f6406 ef09dd9a949f4bdfbe35f3e1e21c88dc d146927a6ee44321be9e00f207cea594 - - 5cbefcc8d7a04ad49654f2e15158ca36 5cbefcc8d7a04ad49654f2e15158ca36] 10.0.0.176 "GET /v2.0/networks/2b0b283c-b4d9-4001-b80c-48de6e172ec5?fields=provider%3Aphysical_network&fields=provider%3Anetwork_type HTTP/1.1" status: 200 len: 277 time: 0.0597570
2026-05-09 02:43:16.568 10 INFO neutron.db.l3_db [None req-313945ba-a662-4903-a468-ff56097d3600 3652464e147c496ba34b1f2b8cb061c3 4beab5d41725401daaa7acc05463e98e - - default default] Floating IP 142fee8e-a3ca-4164-a1da-85df4cd10769 associated. External IP: 10.96.250.218, port: 83794832-0102-49a8-affa-95077a143033.
2026-05-09 02:43:16.704 10 INFO neutron.wsgi [req-77027e4f-e2e2-4f6e-af6c-491cd3913c53 req-d00014b5-6be4-4ce2-80b6-050f576b9be7 a63a21844720437f8686c999a6690ea2 6d60dc0eca194acba8ce2c701704a8cb - - default default] 10.0.0.176 "GET /v2.0/ports?device_id=8bcc0fa6-3a3a-4a5b-bd3a-9a4afda85830 HTTP/1.1" status: 200 len: 210 time: 0.0255878
2026-05-09 02:43:16.872 10 INFO neutron.db.ovn_revision_numbers_db [None req-313945ba-a662-4903-a468-ff56097d3600 3652464e147c496ba34b1f2b8cb061c3 4beab5d41725401daaa7acc05463e98e - - default default] Successfully bumped revision number for resource 142fee8e-a3ca-4164-a1da-85df4cd10769 (type: floatingips) to 1
2026-05-09 02:43:17.258 9 INFO neutron.notifiers.nova [-] Nova event matching ['req-2b96f5c9-ca45-482f-aa35-1f88433ccf48'] response: {'server_uuid': 'b0d957d8-fd89-435f-a1a9-8e5e0464bf0e', 'name': 'network-vif-plugged', 'status': 'completed', 'tag': '83794832-0102-49a8-affa-95077a143033', 'code': 200}
2026-05-09 02:43:17.267 10 INFO neutron.services.segments.plugin [-] Segment c7f920b9-91f0-4f74-8e71-2d076929fc45 resource provider aggregate not found
2026-05-09 02:43:17.273 10 INFO neutron.services.segments.plugin [-] Segment c7f920b9-91f0-4f74-8e71-2d076929fc45 resource provider aggregate not found
2026-05-09 02:43:17.288 10 INFO neutron.services.segments.plugin [-] Segment c7f920b9-91f0-4f74-8e71-2d076929fc45 resource provider not found; error: Placement Client Error (4xx): {"errors": [{"status": 404, "title": "Not Found", "detail": "The resource could not be found.\n\n No resource provider with uuid c7f920b9-91f0-4f74-8e71-2d076929fc45 found for delete ", "request_id": "req-ee4b38fb-d9c2-40e9-9ee5-0c58ee644c89"}]}
2026-05-09 02:43:17.292 10 INFO neutron.db.ovn_revision_numbers_db [None req-313945ba-a662-4903-a468-ff56097d3600 3652464e147c496ba34b1f2b8cb061c3 4beab5d41725401daaa7acc05463e98e - - default default] Successfully bumped revision number for resource 142fee8e-a3ca-4164-a1da-85df4cd10769 (type: floatingips) to 2
2026-05-09 02:43:17.296 10 INFO neutron.services.segments.plugin [-] Segment c7f920b9-91f0-4f74-8e71-2d076929fc45 resource provider not found; error: Placement Client Error (4xx): {"errors": [{"status": 404, "title": "Not Found", "detail": "The resource could not be found.\n\n No resource provider with uuid c7f920b9-91f0-4f74-8e71-2d076929fc45 found for delete ", "request_id": "req-e9abe5a8-aed1-4e35-b880-cdf84524bfce"}]}
2026-05-09 02:43:17.325 10 INFO neutron.wsgi [None req-2f8e84cb-42a8-4c2a-a619-5f64102a4518 084714afd46e4da496918d8f9f41c9cc 43b4fd18b94a4c0ea5afd216e52687e0 - - default default] 10.0.0.223 "DELETE /v2.0/networks/6c58c38d-ac3b-4ef9-906a-e3ed6c593e4b HTTP/1.1" status: 204 len: 168 time: 1.2569408
2026-05-09 02:43:17.329 10 INFO neutron.wsgi [None req-313945ba-a662-4903-a468-ff56097d3600 3652464e147c496ba34b1f2b8cb061c3 4beab5d41725401daaa7acc05463e98e - - default default] 10.0.0.223 "PUT /v2.0/floatingips/142fee8e-a3ca-4164-a1da-85df4cd10769 HTTP/1.1" status: 200 len: 1050 time: 1.1599188
2026-05-09 02:43:17.351 10 INFO neutron.pecan_wsgi.hooks.translation [None req-cf4f7203-bace-4a1d-b281-b10bafd4dc4a 084714afd46e4da496918d8f9f41c9cc 43b4fd18b94a4c0ea5afd216e52687e0 - - default default] DELETE failed (client error): The resource could not be found.
2026-05-09 02:43:17.353 10 INFO neutron.wsgi [None req-cf4f7203-bace-4a1d-b281-b10bafd4dc4a 084714afd46e4da496918d8f9f41c9cc 43b4fd18b94a4c0ea5afd216e52687e0 - - default default] 10.0.0.223 "DELETE /v2.0/networks/6c58c38d-ac3b-4ef9-906a-e3ed6c593e4b HTTP/1.1" status: 404 len: 339 time: 0.0160263 /var/lib/openstack/lib/python3.10/site-packages/pycadf/identifier.py:71: UserWarning: Invalid uuid: neutron. To ensure interoperability, identifiers should be a valid uuid. warnings.warn(('Invalid uuid: %s. To ensure interoperability, '
2026-05-09 02:43:17.374 10 WARNING neutron.plugins.ml2.drivers.ovn.mech_driver.ovsdb.ovn_client [None req-56a148bd-0010-44a2-86a8-c91e0137a763 - - - - - -] No hosting information found for port 980ad274-0fb3-4280-b398-ceace7988b25: RuntimeError: No hosting information found for port 980ad274-0fb3-4280-b398-ceace7988b25
2026-05-09 02:43:17.374 10 INFO neutron.plugins.ml2.drivers.ovn.mech_driver.mech_driver [None req-56a148bd-0010-44a2-86a8-c91e0137a763 - - - - - -] OVN reports status up for port: abd28bdb-5f41-4285-8aca-360f5fc3e681
2026-05-09 02:43:17.399 10 INFO neutron.notifiers.nova [-] Nova event matching ['req-486b91c2-bc4d-49c3-a350-d6650266c272'] response: {'name': 'network-changed', 'server_uuid': 'b0d957d8-fd89-435f-a1a9-8e5e0464bf0e', 'tag': '83794832-0102-49a8-affa-95077a143033', 'status': 'completed', 'code': 200}
2026-05-09 02:43:17.402 10 INFO neutron.plugins.ml2.plugin [None req-56a148bd-0010-44a2-86a8-c91e0137a763 - - - - - -] Attempt 1 to provision port abd28bdb-5f41-4285-8aca-360f5fc3e681
2026-05-09 02:43:17.451 10 INFO neutron.wsgi [req-cf707cba-7df9-49e8-8cec-9b4af3f1304c req-d4bcfa45-6e8a-45ab-b62b-664fda8b06da 3652464e147c496ba34b1f2b8cb061c3 4beab5d41725401daaa7acc05463e98e - - default default] 10.0.0.176 "GET /v2.0/ports?device_id=b0d957d8-fd89-435f-a1a9-8e5e0464bf0e HTTP/1.1" status: 200 len: 1174 time: 0.0614238
2026-05-09 02:43:17.484 10 INFO neutron.wsgi [req-235b08a7-6305-41f3-bca2-754db3577ec7 req-84ce703a-957c-44bc-912e-4434a8e94eb3 ef09dd9a949f4bdfbe35f3e1e21c88dc d146927a6ee44321be9e00f207cea594 - - 5cbefcc8d7a04ad49654f2e15158ca36 5cbefcc8d7a04ad49654f2e15158ca36] 199.204.45.138 "GET /v2.0/ports?tenant_id=4beab5d41725401daaa7acc05463e98e&device_id=b0d957d8-fd89-435f-a1a9-8e5e0464bf0e HTTP/1.1" status: 200 len: 1413 time: 0.0515127
2026-05-09 02:43:17.511 9 INFO neutron.wsgi [None req-3bfca1d1-e0f8-4f75-bb42-cec6754ff902 084714afd46e4da496918d8f9f41c9cc 43b4fd18b94a4c0ea5afd216e52687e0 - - default default] 10.0.0.223 "GET /v2.0/networks?router%3Aexternal=True HTTP/1.1" status: 200 len: 845 time: 0.1479449
2026-05-09 02:43:17.591 10 INFO neutron.wsgi [req-cf707cba-7df9-49e8-8cec-9b4af3f1304c req-1ad7ef8a-6756-4adb-8550-770dda6b5c69 3652464e147c496ba34b1f2b8cb061c3 4beab5d41725401daaa7acc05463e98e - - default default] 10.0.0.176 "GET /v2.0/security-groups?id=ea3352b1-ab8f-497d-8b2f-4f42c3bd7642&fields=id&fields=name HTTP/1.1" status: 200 len: 313 time: 0.1300864
2026-05-09 02:43:17.616 10 INFO neutron.wsgi [None req-496b12d6-522e-4f36-b92f-335d60990900 084714afd46e4da496918d8f9f41c9cc 43b4fd18b94a4c0ea5afd216e52687e0 - - default default] 10.0.0.223 "GET /v2.0/subnets?network_id=b96b4899-e441-45db-81ee-68f7b41c8a0a HTTP/1.1" status: 200 len: 820 time: 0.0967500
2026-05-09 02:43:17.632 10 INFO neutron.wsgi [None req-dd958618-20da-4e12-959c-dd033801a6a7 084714afd46e4da496918d8f9f41c9cc 43b4fd18b94a4c0ea5afd216e52687e0 - - default default] 10.0.0.223 "GET /v2.0/extensions HTTP/1.1" status: 200 len: 16975 time: 0.0080898
2026-05-09 02:43:17.637 10 INFO neutron.wsgi [req-95f5e3a1-6dc4-4f21-ae87-3e51e2d547df req-70401c23-8e34-4c44-b46a-885d36397f27 a63a21844720437f8686c999a6690ea2 6d60dc0eca194acba8ce2c701704a8cb - - default default] 199.204.45.138 "GET /v2.0/networks?id=2b0b283c-b4d9-4001-b80c-48de6e172ec5 HTTP/1.1" status: 200 len: 872 time: 0.1523662
2026-05-09 02:43:17.641 10 INFO neutron.wsgi [req-235b08a7-6305-41f3-bca2-754db3577ec7 req-b92f4e77-8791-4c77-a327-2ff5a5b210e5 ef09dd9a949f4bdfbe35f3e1e21c88dc d146927a6ee44321be9e00f207cea594 - - 5cbefcc8d7a04ad49654f2e15158ca36 5cbefcc8d7a04ad49654f2e15158ca36] 199.204.45.138 "GET /v2.0/networks?id=687b1ecb-8d84-4c1a-b68d-16b36008a6f5 HTTP/1.1" status: 200 len: 973 time: 0.1447477
2026-05-09 02:43:17.784 9 INFO neutron.wsgi [req-c5fee200-677b-49d9-9b27-a24e99d4f91f req-4e12dc1b-47cf-4a3e-b53e-19047bf5a255 68b53c85cd604ad691b710957db92bc2 67b67bb9f7d6451aace78e960db72254 - - default default] 10.0.0.176 "GET /v2.0/ports?device_id=2f89b172-d6b7-4211-b0f2-54a623f1bd1f HTTP/1.1" status: 200 len: 1168 time: 0.3458836
2026-05-09 02:43:17.790 10 INFO neutron.wsgi [req-235b08a7-6305-41f3-bca2-754db3577ec7 req-6db7487f-e209-415f-a587-9045d287884b ef09dd9a949f4bdfbe35f3e1e21c88dc d146927a6ee44321be9e00f207cea594 - - 5cbefcc8d7a04ad49654f2e15158ca36 5cbefcc8d7a04ad49654f2e15158ca36] 199.204.45.138 "GET /v2.0/floatingips?fixed_ip_address=10.100.0.13&port_id=83794832-0102-49a8-affa-95077a143033 HTTP/1.1" status: 200 len: 1060 time: 0.1332757
2026-05-09 02:43:17.803 10 INFO neutron.wsgi [req-95f5e3a1-6dc4-4f21-ae87-3e51e2d547df req-526e58bd-16a4-4cde-b673-50dfe7e722dc a63a21844720437f8686c999a6690ea2 6d60dc0eca194acba8ce2c701704a8cb - - default default] 199.204.45.138 "GET /v2.0/security-groups?fields=id&fields=name&tenant_id=6d60dc0eca194acba8ce2c701704a8cb HTTP/1.1" status: 200 len: 471 time: 0.1466711
2026-05-09 02:43:17.818 10 INFO neutron.wsgi [None req-2f21768d-ef56-43e7-95c5-8d2e86da486d 084714afd46e4da496918d8f9f41c9cc 43b4fd18b94a4c0ea5afd216e52687e0 - - default default] 10.0.0.223 "GET /v2.0/networks HTTP/1.1" status: 200 len: 1504 time: 0.1763954
2026-05-09 02:43:17.825 10 WARNING neutron_lib.context [req-95f5e3a1-6dc4-4f21-ae87-3e51e2d547df req-7a8f9d74-781a-41eb-abfd-df56f7ca04d1 a63a21844720437f8686c999a6690ea2 6d60dc0eca194acba8ce2c701704a8cb - - default default] Method 'is_advsvc' is deprecated since 2023.2 release (neutron-lib 3.8.0) and will be removed once support for the old RBAC API policies will be removed from Neutron. Please use method 'is_service_role' instead.
2026-05-09 02:43:17.855 10 INFO neutron.wsgi [req-235b08a7-6305-41f3-bca2-754db3577ec7 req-be91c2c8-c6b8-4417-bcfa-964ecbb30dd2 ef09dd9a949f4bdfbe35f3e1e21c88dc d146927a6ee44321be9e00f207cea594 - - 5cbefcc8d7a04ad49654f2e15158ca36 5cbefcc8d7a04ad49654f2e15158ca36] 199.204.45.138 "GET /v2.0/subnets?id=2538b81f-e7c9-47e1-82dc-6315d9a14075 HTTP/1.1" status: 200 len: 868 time: 0.0514629
2026-05-09 02:43:17.861 9 INFO neutron.wsgi [req-c5fee200-677b-49d9-9b27-a24e99d4f91f req-2d89f544-1008-4ea2-896b-63fd2a8c51fb 68b53c85cd604ad691b710957db92bc2 67b67bb9f7d6451aace78e960db72254 - - default default] 10.0.0.176 "GET /v2.0/security-groups?id=f7a4912e-7aef-4b47-86b1-cc1f952e7f56&fields=id&fields=name HTTP/1.1" status: 200 len: 312 time: 0.0697124
2026-05-09 02:43:17.870 9 INFO neutron.wsgi [None req-71a336f1-e49e-4df2-b65f-e8dfeab9d18e 084714afd46e4da496918d8f9f41c9cc 43b4fd18b94a4c0ea5afd216e52687e0 - - default default] 10.0.0.223 "GET /v2.0/subnets HTTP/1.1" status: 200 len: 1428 time: 0.0457876
2026-05-09 02:43:17.931 10 INFO neutron.wsgi [req-06fbbbae-7965-4980-a667-782b8bc2804c req-97de6750-d140-4a0f-a8f5-9937f24baa97 a63a21844720437f8686c999a6690ea2 6d60dc0eca194acba8ce2c701704a8cb - - default default] 10.0.0.176 "GET /v2.0/ports?device_id=8bcc0fa6-3a3a-4a5b-bd3a-9a4afda85830 HTTP/1.1" status: 200 len: 210 time: 0.0527313
2026-05-09 02:43:17.935 10 INFO neutron.wsgi [req-235b08a7-6305-41f3-bca2-754db3577ec7 req-8e7498f2-4f5c-42e0-8822-392b307615c8 ef09dd9a949f4bdfbe35f3e1e21c88dc d146927a6ee44321be9e00f207cea594 - - 5cbefcc8d7a04ad49654f2e15158ca36 5cbefcc8d7a04ad49654f2e15158ca36] 199.204.45.138 "GET /v2.0/ports?network_id=687b1ecb-8d84-4c1a-b68d-16b36008a6f5&device_owner=network%3Adhcp HTTP/1.1" status: 200 len: 210 time: 0.0603368
2026-05-09 02:43:17.956 9 INFO neutron.plugins.ml2.drivers.ovn.mech_driver.mech_driver [None req-7d293c66-7a4f-43d3-a26a-1d940f5875fc - - - - - -] OVN reports status down for port: 83794832-0102-49a8-affa-95077a143033
2026-05-09 02:43:17.996 9 INFO neutron.wsgi [req-860634dd-56b7-46ae-9c01-5f412e95a815 req-6fb23f3d-1c1b-4cf0-83cc-a1028c6a0545 3652464e147c496ba34b1f2b8cb061c3 4beab5d41725401daaa7acc05463e98e - - default default] 10.0.0.176 "GET /v2.0/ports?device_id=b0d957d8-fd89-435f-a1a9-8e5e0464bf0e HTTP/1.1" status: 200 len: 1174 time: 0.0591588
2026-05-09 02:43:18.002 9 INFO neutron.wsgi [None req-ec3312be-d7d7-4abb-b26f-8933992f3960 084714afd46e4da496918d8f9f41c9cc 43b4fd18b94a4c0ea5afd216e52687e0 - - default default] 10.0.0.223 "GET /v2.0/networks/d43472c5-aefc-4eb2-83e7-2f517ed9f48c HTTP/1.1" status: 200 len: 863 time: 0.1251018
2026-05-09 02:43:18.065 10 INFO neutron.wsgi [req-235b08a7-6305-41f3-bca2-754db3577ec7 req-fe22180f-0c05-454d-bad6-00e70c1cea4b ef09dd9a949f4bdfbe35f3e1e21c88dc d146927a6ee44321be9e00f207cea594 - - 5cbefcc8d7a04ad49654f2e15158ca36 5cbefcc8d7a04ad49654f2e15158ca36] 199.204.45.138 "GET /v2.0/networks/687b1ecb-8d84-4c1a-b68d-16b36008a6f5?fields=segments HTTP/1.1" status: 200 len: 212 time: 0.1131766
2026-05-09 02:43:18.071 9 INFO neutron.wsgi [None req-b30225de-b0e6-46e7-882b-fb5dbece357d 084714afd46e4da496918d8f9f41c9cc 43b4fd18b94a4c0ea5afd216e52687e0 - - default default] 10.0.0.223 "GET /v2.0/subnets/24dba407-b66e-43b3-a778-9d24935f9b62 HTTP/1.1" status: 200 len: 811 time: 0.0522647
2026-05-09 02:43:18.074 9 INFO neutron.wsgi [req-860634dd-56b7-46ae-9c01-5f412e95a815 req-219d1d3e-4642-45eb-91c4-91b980b2148e 3652464e147c496ba34b1f2b8cb061c3 4beab5d41725401daaa7acc05463e98e - - default default] 10.0.0.176 "GET /v2.0/security-groups?id=ea3352b1-ab8f-497d-8b2f-4f42c3bd7642&fields=id&fields=name HTTP/1.1" status: 200 len: 313 time: 0.0714023
2026-05-09 02:43:18.096 9 INFO neutron.pecan_wsgi.hooks.translation [None req-f3940972-7199-43c0-8f4b-a67083417d4f 084714afd46e4da496918d8f9f41c9cc 43b4fd18b94a4c0ea5afd216e52687e0 - - default default] DELETE failed (client error): The resource could not be found.
2026-05-09 02:43:18.098 9 INFO neutron.wsgi [None req-f3940972-7199-43c0-8f4b-a67083417d4f 084714afd46e4da496918d8f9f41c9cc 43b4fd18b94a4c0ea5afd216e52687e0 - - default default] 10.0.0.223 "DELETE /v2.0/subnets/58980dd9-fab4-45ab-9723-84f6760af3a1 HTTP/1.1" status: 404 len: 337 time: 0.0185895
2026-05-09 02:43:18.123 9 INFO neutron.pecan_wsgi.hooks.translation [None req-9b7b2d17-b80b-443e-8355-a94df41f1c72 084714afd46e4da496918d8f9f41c9cc 43b4fd18b94a4c0ea5afd216e52687e0 - - default default] DELETE failed (client error): The resource could not be found.
2026-05-09 02:43:18.125 9 INFO neutron.wsgi [None req-9b7b2d17-b80b-443e-8355-a94df41f1c72 084714afd46e4da496918d8f9f41c9cc 43b4fd18b94a4c0ea5afd216e52687e0 - - default default] 10.0.0.223 "DELETE /v2.0/networks/6c58c38d-ac3b-4ef9-906a-e3ed6c593e4b HTTP/1.1" status: 404 len: 339 time: 0.0215049
2026-05-09 02:43:18.161 10 INFO neutron.db.ovn_revision_numbers_db [None req-56a148bd-0010-44a2-86a8-c91e0137a763 - - - - - -] Successfully bumped revision number for resource abd28bdb-5f41-4285-8aca-360f5fc3e681 (type: ports) to 4
2026-05-09 02:43:18.194 10 INFO neutron.wsgi [req-235b08a7-6305-41f3-bca2-754db3577ec7 req-5f2e2240-8b4f-4b64-99f1-cfb870d4a53d ef09dd9a949f4bdfbe35f3e1e21c88dc d146927a6ee44321be9e00f207cea594 - - 5cbefcc8d7a04ad49654f2e15158ca36 5cbefcc8d7a04ad49654f2e15158ca36] 199.204.45.138 "GET /v2.0/networks/687b1ecb-8d84-4c1a-b68d-16b36008a6f5?fields=provider%3Aphysical_network&fields=provider%3Anetwork_type HTTP/1.1" status: 200 len: 277 time: 0.1214061 /var/lib/openstack/lib/python3.10/site-packages/pycadf/identifier.py:71: UserWarning: Invalid uuid: neutron. To ensure interoperability, identifiers should be a valid uuid. warnings.warn(('Invalid uuid: %s. To ensure interoperability, '
2026-05-09 02:43:18.297 10 INFO neutron.wsgi [req-d49b8e71-72a3-4027-8b70-6bdc277d6ad6 req-73c86dd4-e745-4749-a1ac-628f12286dac 3652464e147c496ba34b1f2b8cb061c3 4beab5d41725401daaa7acc05463e98e - - default default] 199.204.45.138 "GET /v2.0/ports?device_id=b0d957d8-fd89-435f-a1a9-8e5e0464bf0e HTTP/1.1" status: 200 len: 1172 time: 0.0520234
2026-05-09 02:43:18.373 9 INFO neutron.wsgi [None req-b56b088f-1e2a-4897-a88f-81a73cd88d3d 084714afd46e4da496918d8f9f41c9cc 43b4fd18b94a4c0ea5afd216e52687e0 - - default default] 10.0.0.223 "DELETE /v2.0/subnets/24dba407-b66e-43b3-a778-9d24935f9b62 HTTP/1.1" status: 204 len: 168 time: 0.2427111
2026-05-09 02:43:18.444 9 INFO neutron.db.ovn_revision_numbers_db [None req-7d293c66-7a4f-43d3-a26a-1d940f5875fc - - - - - -] Successfully bumped revision number for resource 83794832-0102-49a8-affa-95077a143033 (type: ports) to 5
2026-05-09 02:43:18.517 10 WARNING neutron.scheduler.dhcp_agent_scheduler [req-95f5e3a1-6dc4-4f21-ae87-3e51e2d547df req-7a8f9d74-781a-41eb-abfd-df56f7ca04d1 a63a21844720437f8686c999a6690ea2 6d60dc0eca194acba8ce2c701704a8cb - - default default] No more DHCP agents
2026-05-09 02:43:18.522 10 WARNING neutron.api.rpc.agentnotifiers.dhcp_rpc_agent_api [req-95f5e3a1-6dc4-4f21-ae87-3e51e2d547df req-7a8f9d74-781a-41eb-abfd-df56f7ca04d1 a63a21844720437f8686c999a6690ea2 6d60dc0eca194acba8ce2c701704a8cb - - default default] Unable to schedule network 2b0b283c-b4d9-4001-b80c-48de6e172ec5: no agents available; will retry on subsequent port and subnet creation events.
2026-05-09 02:43:18.831 10 INFO neutron.db.l3_db [req-d49b8e71-72a3-4027-8b70-6bdc277d6ad6 req-604b3a2a-87f9-4605-8f8d-cf31dffa20f6 3652464e147c496ba34b1f2b8cb061c3 4beab5d41725401daaa7acc05463e98e - - default default] Floating IP 142fee8e-a3ca-4164-a1da-85df4cd10769 disassociated. External IP: 10.96.250.218, port: 83794832-0102-49a8-affa-95077a143033.
2026-05-09 02:43:18.861 10 INFO neutron.db.ovn_revision_numbers_db [req-95f5e3a1-6dc4-4f21-ae87-3e51e2d547df req-7a8f9d74-781a-41eb-abfd-df56f7ca04d1 a63a21844720437f8686c999a6690ea2 6d60dc0eca194acba8ce2c701704a8cb - - default default] Successfully bumped revision number for resource 21da2708-ce6c-4720-af88-4155893e33d0 (type: ports) to 1
2026-05-09 02:43:18.918 10 INFO neutron.wsgi [req-95f5e3a1-6dc4-4f21-ae87-3e51e2d547df req-7a8f9d74-781a-41eb-abfd-df56f7ca04d1 a63a21844720437f8686c999a6690ea2 6d60dc0eca194acba8ce2c701704a8cb - - default default] 199.204.45.138 "POST /v2.0/ports HTTP/1.1" status: 201 len: 1197 time: 1.1057770 /var/lib/openstack/lib/python3.10/site-packages/pycadf/identifier.py:71: UserWarning: Invalid uuid: neutron. To ensure interoperability, identifiers should be a valid uuid. warnings.warn(('Invalid uuid: %s. To ensure interoperability, ' /var/lib/openstack/lib/python3.10/site-packages/pycadf/identifier.py:71: UserWarning: Invalid uuid: neutron. To ensure interoperability, identifiers should be a valid uuid. warnings.warn(('Invalid uuid: %s. To ensure interoperability, '
2026-05-09 02:43:19.063 9 INFO neutron.wsgi [req-87e60532-c544-4f53-bf97-12827990c14e req-46156634-e2c9-4487-bf3e-23bd70d94338 a63a21844720437f8686c999a6690ea2 6d60dc0eca194acba8ce2c701704a8cb - - default default] 10.0.0.176 "GET /v2.0/ports?device_id=8bcc0fa6-3a3a-4a5b-bd3a-9a4afda85830 HTTP/1.1" status: 200 len: 1195 time: 0.0468950
2026-05-09 02:43:19.116 9 INFO neutron.wsgi [req-87e60532-c544-4f53-bf97-12827990c14e req-d71285b8-b4a2-40aa-8b29-2e348dd7e118 a63a21844720437f8686c999a6690ea2 6d60dc0eca194acba8ce2c701704a8cb - - default default] 10.0.0.176 "GET /v2.0/security-groups?id=c3b3fba7-8b26-4060-a341-ae674ecf9a35&id=f10799cc-6076-47c6-8342-77021c3792ad&fields=id&fields=name HTTP/1.1" status: 200 len: 404 time: 0.0457499
2026-05-09 02:43:19.281 9 INFO neutron.wsgi [req-9a478dc8-9dd4-4609-9333-bfefdd6c931f req-f57e8138-4bf6-4364-8d49-8d1670372cfd 3652464e147c496ba34b1f2b8cb061c3 4beab5d41725401daaa7acc05463e98e - - default default] 10.0.0.176 "GET /v2.0/ports?device_id=b0d957d8-fd89-435f-a1a9-8e5e0464bf0e HTTP/1.1" status: 200 len: 1172 time: 0.1173201
2026-05-09 02:43:19.325 10 INFO neutron.services.segments.plugin [-] Segment 291f1b36-3c4c-4b16-8c13-74060e4ab195 resource provider aggregate not found
2026-05-09 02:43:19.330 10 INFO neutron.services.segments.plugin [-] Segment 291f1b36-3c4c-4b16-8c13-74060e4ab195 resource provider aggregate not found
2026-05-09 02:43:19.331 9 INFO neutron.wsgi [req-9a478dc8-9dd4-4609-9333-bfefdd6c931f req-f3a90056-11ef-404c-a577-2420befcf691 3652464e147c496ba34b1f2b8cb061c3 4beab5d41725401daaa7acc05463e98e - - default default] 10.0.0.176 "GET /v2.0/security-groups?id=ea3352b1-ab8f-497d-8b2f-4f42c3bd7642&fields=id&fields=name HTTP/1.1" status: 200 len: 313 time: 0.0412340
2026-05-09 02:43:19.360 10 INFO neutron.services.segments.plugin [-] Segment 291f1b36-3c4c-4b16-8c13-74060e4ab195 resource provider not found; error: Placement Client Error (4xx): {"errors": [{"status": 404, "title": "Not Found", "detail": "The resource could not be found.\n\n No resource provider with uuid 291f1b36-3c4c-4b16-8c13-74060e4ab195 found for delete ", "request_id": "req-b98d7c03-a6e2-4f72-9718-9c31b6cf8620"}]}
2026-05-09 02:43:19.361 10 INFO neutron.services.segments.plugin [-] Segment 291f1b36-3c4c-4b16-8c13-74060e4ab195 resource provider not found; error: Placement Client Error (4xx): {"errors": [{"status": 404, "title": "Not Found", "detail": "The resource could not be found.\n\n No resource provider with uuid 291f1b36-3c4c-4b16-8c13-74060e4ab195 found for delete ", "request_id": "req-445d37ce-a17c-4c4c-893a-1f48ec964b9a"}]}
2026-05-09 02:43:19.373 9 INFO neutron.notifiers.nova [-] Nova event matching ['req-5885e6fb-f864-4375-b061-26f329d907e4'] response: {'server_uuid': 'b0d957d8-fd89-435f-a1a9-8e5e0464bf0e', 'name': 'network-vif-unplugged', 'status': 'completed', 'tag': '83794832-0102-49a8-affa-95077a143033', 'code': 200}
2026-05-09 02:43:19.373 9 INFO neutron.notifiers.nova [-] Nova event matching ['req-5885e6fb-f864-4375-b061-26f329d907e4'] response: {'server_uuid': 'b0d957d8-fd89-435f-a1a9-8e5e0464bf0e', 'name': 'network-vif-plugged', 'status': 'completed', 'tag': '83794832-0102-49a8-affa-95077a143033', 'code': 200}
2026-05-09 02:43:19.402 10 INFO neutron.wsgi [req-0136e733-f94d-4956-93a1-d20179ecdee5 req-476526bc-bb16-4df7-98b7-fbd70d7b8f04 68b53c85cd604ad691b710957db92bc2 67b67bb9f7d6451aace78e960db72254 - - default default] 10.0.0.176 "GET /v2.0/ports?device_id=2f89b172-d6b7-4211-b0f2-54a623f1bd1f HTTP/1.1" status: 200 len: 1170 time: 0.4602382
2026-05-09 02:43:19.436 10 INFO neutron.wsgi [None req-144cb961-54c5-4ca1-84bd-22078cfa7d25 084714afd46e4da496918d8f9f41c9cc 43b4fd18b94a4c0ea5afd216e52687e0 - - default default] 10.0.0.223 "DELETE /v2.0/networks/d43472c5-aefc-4eb2-83e7-2f517ed9f48c HTTP/1.1" status: 204 len: 168 time: 1.0493336
2026-05-09 02:43:19.452 10 INFO neutron.notifiers.nova [-] Nova event matching ['req-60f6b477-173c-434f-bba6-67cdeb1fb105'] response: {'server_uuid': '2f89b172-d6b7-4211-b0f2-54a623f1bd1f', 'name': 'network-vif-plugged', 'status': 'completed', 'tag': 'abd28bdb-5f41-4285-8aca-360f5fc3e681', 'code': 200}
2026-05-09 02:43:19.453 10 INFO neutron.notifiers.nova [-] Nova event matching ['req-60f6b477-173c-434f-bba6-67cdeb1fb105'] response: {'server_uuid': '2f89b172-d6b7-4211-b0f2-54a623f1bd1f', 'name': 'network-vif-plugged', 'status': 'completed', 'tag': 'abd28bdb-5f41-4285-8aca-360f5fc3e681', 'code': 200}
2026-05-09 02:43:19.501 10 INFO neutron.wsgi [req-d49b8e71-72a3-4027-8b70-6bdc277d6ad6 req-604b3a2a-87f9-4605-8f8d-cf31dffa20f6 3652464e147c496ba34b1f2b8cb061c3 4beab5d41725401daaa7acc05463e98e - - default default] 199.204.45.138 "DELETE /v2.0/ports/83794832-0102-49a8-affa-95077a143033 HTTP/1.1" status: 204 len: 173 time: 1.1880529
2026-05-09 02:43:19.504 10 INFO neutron.wsgi [req-0136e733-f94d-4956-93a1-d20179ecdee5 req-0b2dd931-b352-4b31-b48f-a7ba18270140 68b53c85cd604ad691b710957db92bc2 67b67bb9f7d6451aace78e960db72254 - - default default] 10.0.0.176 "GET /v2.0/security-groups?id=f7a4912e-7aef-4b47-86b1-cc1f952e7f56&fields=id&fields=name HTTP/1.1" status: 200 len: 312 time: 0.0926247
2026-05-09 02:43:19.800 10 INFO neutron.db.ovn_revision_numbers_db [req-95f5e3a1-6dc4-4f21-ae87-3e51e2d547df req-e3d48071-76e9-49a5-a388-c931e8a96dfa ef09dd9a949f4bdfbe35f3e1e21c88dc d146927a6ee44321be9e00f207cea594 - - 5cbefcc8d7a04ad49654f2e15158ca36 5cbefcc8d7a04ad49654f2e15158ca36] Successfully bumped revision number for resource 21da2708-ce6c-4720-af88-4155893e33d0 (type: ports) to 2
2026-05-09 02:43:20.002 10 INFO neutron.db.ovn_revision_numbers_db [req-95f5e3a1-6dc4-4f21-ae87-3e51e2d547df req-e3d48071-76e9-49a5-a388-c931e8a96dfa ef09dd9a949f4bdfbe35f3e1e21c88dc d146927a6ee44321be9e00f207cea594 - - 5cbefcc8d7a04ad49654f2e15158ca36 5cbefcc8d7a04ad49654f2e15158ca36] Successfully bumped revision number for resource 21da2708-ce6c-4720-af88-4155893e33d0 (type: ports) to 2
2026-05-09 02:43:20.027 10 INFO neutron.wsgi [req-95f5e3a1-6dc4-4f21-ae87-3e51e2d547df req-e3d48071-76e9-49a5-a388-c931e8a96dfa ef09dd9a949f4bdfbe35f3e1e21c88dc d146927a6ee44321be9e00f207cea594 - - 5cbefcc8d7a04ad49654f2e15158ca36 5cbefcc8d7a04ad49654f2e15158ca36] 199.204.45.138 "PUT /v2.0/ports/21da2708-ce6c-4720-af88-4155893e33d0 HTTP/1.1" status: 200 len: 1415 time: 1.1011574 /var/lib/openstack/lib/python3.10/site-packages/pycadf/identifier.py:71: UserWarning: Invalid uuid: neutron. To ensure interoperability, identifiers should be a valid uuid. warnings.warn(('Invalid uuid: %s. To ensure interoperability, '
2026-05-09 02:43:20.112 10 INFO neutron.wsgi [req-95f5e3a1-6dc4-4f21-ae87-3e51e2d547df req-2cceb294-5fea-4ff6-a1fe-1169a93620c0 ef09dd9a949f4bdfbe35f3e1e21c88dc d146927a6ee44321be9e00f207cea594 - - 5cbefcc8d7a04ad49654f2e15158ca36 5cbefcc8d7a04ad49654f2e15158ca36] 199.204.45.138 "GET /v2.0/ports?tenant_id=6d60dc0eca194acba8ce2c701704a8cb&device_id=8bcc0fa6-3a3a-4a5b-bd3a-9a4afda85830 HTTP/1.1" status: 200 len: 1446 time: 0.0402482
2026-05-09 02:43:20.155 10 INFO neutron.wsgi [req-95f5e3a1-6dc4-4f21-ae87-3e51e2d547df req-05d60d51-96a6-48dd-8b33-72cf41e7b129 ef09dd9a949f4bdfbe35f3e1e21c88dc d146927a6ee44321be9e00f207cea594 - - 5cbefcc8d7a04ad49654f2e15158ca36 5cbefcc8d7a04ad49654f2e15158ca36] 199.204.45.138 "GET /v2.0/floatingips?fixed_ip_address=10.100.0.9&port_id=21da2708-ce6c-4720-af88-4155893e33d0 HTTP/1.1" status: 200 len: 217 time: 0.0360360
2026-05-09 02:43:20.223 10 INFO neutron.wsgi [req-95f5e3a1-6dc4-4f21-ae87-3e51e2d547df req-adad8057-ba77-4f89-ac1f-80eb126430bc ef09dd9a949f4bdfbe35f3e1e21c88dc d146927a6ee44321be9e00f207cea594 - - 5cbefcc8d7a04ad49654f2e15158ca36 5cbefcc8d7a04ad49654f2e15158ca36] 199.204.45.138 "GET /v2.0/subnets?id=149c6634-990d-48dd-ba3b-364187bc8232 HTTP/1.1" status: 200 len: 866 time: 0.0631640
2026-05-09 02:43:20.263 10 INFO neutron.wsgi [req-95f5e3a1-6dc4-4f21-ae87-3e51e2d547df req-a4b8b0f9-8a5c-4971-a013-5b67e09e07b7 ef09dd9a949f4bdfbe35f3e1e21c88dc d146927a6ee44321be9e00f207cea594 - - 5cbefcc8d7a04ad49654f2e15158ca36 5cbefcc8d7a04ad49654f2e15158ca36] 199.204.45.138 "GET /v2.0/ports?network_id=2b0b283c-b4d9-4001-b80c-48de6e172ec5&device_owner=network%3Adhcp HTTP/1.1" status: 200 len: 210 time: 0.0332675
2026-05-09 02:43:20.266 9 INFO neutron.wsgi [None req-56e38fba-1b5f-46d7-9835-2c45505d2ee0 fb10a23b07884965bc0c4ffee1800cce 8a91ffeec2ec44929d32f253e15269f7 - - default default] 10.0.0.223 "GET /v2.0/security-groups?tenant_id=43b4fd18b94a4c0ea5afd216e52687e0&name=default HTTP/1.1" status: 200 len: 2996 time: 0.2395046
2026-05-09 02:43:20.271 9 INFO neutron.wsgi [req-23e742b6-235d-4231-9ebe-e1b88c2567f4 req-cab8d7a4-2b97-4d7e-8018-d5cf86fe3983 a63a21844720437f8686c999a6690ea2 6d60dc0eca194acba8ce2c701704a8cb - - default default] 10.0.0.176 "GET /v2.0/ports?device_id=8bcc0fa6-3a3a-4a5b-bd3a-9a4afda85830 HTTP/1.1" status: 200 len: 1208 time: 0.0651910
2026-05-09 02:43:20.330 9 INFO neutron.wsgi [req-23e742b6-235d-4231-9ebe-e1b88c2567f4 req-799d8b7e-8075-40df-a4ab-a3cf01736390 a63a21844720437f8686c999a6690ea2 6d60dc0eca194acba8ce2c701704a8cb - - default default] 10.0.0.176 "GET /v2.0/security-groups?id=c3b3fba7-8b26-4060-a341-ae674ecf9a35&id=f10799cc-6076-47c6-8342-77021c3792ad&fields=id&fields=name HTTP/1.1" status: 200 len: 404 time: 0.0517910
2026-05-09 02:43:20.386 10 INFO neutron.wsgi [req-95f5e3a1-6dc4-4f21-ae87-3e51e2d547df req-7d6b37cd-a664-40c8-8a1c-4d051fec0663 ef09dd9a949f4bdfbe35f3e1e21c88dc d146927a6ee44321be9e00f207cea594 - - 5cbefcc8d7a04ad49654f2e15158ca36 5cbefcc8d7a04ad49654f2e15158ca36] 199.204.45.138 "GET /v2.0/networks/2b0b283c-b4d9-4001-b80c-48de6e172ec5?fields=segments HTTP/1.1" status: 200 len: 212 time: 0.1177595
2026-05-09 02:43:20.460 10 INFO neutron.wsgi [req-95f5e3a1-6dc4-4f21-ae87-3e51e2d547df req-1bad3510-e853-4655-bb14-b31172497245 ef09dd9a949f4bdfbe35f3e1e21c88dc d146927a6ee44321be9e00f207cea594 - - 5cbefcc8d7a04ad49654f2e15158ca36 5cbefcc8d7a04ad49654f2e15158ca36] 199.204.45.138 "GET /v2.0/networks/2b0b283c-b4d9-4001-b80c-48de6e172ec5?fields=provider%3Aphysical_network&fields=provider%3Anetwork_type HTTP/1.1" status: 200 len: 277 time: 0.0682926
2026-05-09 02:43:20.638 10 INFO neutron.wsgi [req-0dca1470-7b49-4b52-a81b-2543f195bc9e req-452c6243-3bef-44da-8a94-7fbb8315d7c2 68b53c85cd604ad691b710957db92bc2 67b67bb9f7d6451aace78e960db72254 - - default default] 10.0.0.176 "GET /v2.0/ports?device_id=2f89b172-d6b7-4211-b0f2-54a623f1bd1f HTTP/1.1" status: 200 len: 1170 time: 0.0561216
2026-05-09 02:43:20.666 9 INFO neutron.wsgi [None req-24d69f21-a450-46e8-8993-e9b1820b3133 3652464e147c496ba34b1f2b8cb061c3 4beab5d41725401daaa7acc05463e98e - - default default] 10.0.0.223 "DELETE /v2.0/security-groups/ea3352b1-ab8f-497d-8b2f-4f42c3bd7642 HTTP/1.1" status: 204 len: 168 time: 0.1796250
2026-05-09 02:43:20.695 9 INFO neutron.api.v2.resource [None req-c20c2398-bae2-46c9-b3ff-ce4d875b1ff4 3652464e147c496ba34b1f2b8cb061c3 4beab5d41725401daaa7acc05463e98e - - default default] show failed (client error): The resource could not be found.
2026-05-09 02:43:20.697 9 INFO neutron.wsgi [None req-c20c2398-bae2-46c9-b3ff-ce4d875b1ff4 3652464e147c496ba34b1f2b8cb061c3 4beab5d41725401daaa7acc05463e98e - - default default] 10.0.0.223 "GET /v2.0/security-groups/ea3352b1-ab8f-497d-8b2f-4f42c3bd7642 HTTP/1.1" status: 404 len: 347 time: 0.0214779
2026-05-09 02:43:20.704 10 INFO neutron.wsgi [req-ae3ab948-f473-40a5-922b-35ce04f2cc8b req-a518dd8c-aa0a-464b-a488-7040070cea06 ef09dd9a949f4bdfbe35f3e1e21c88dc d146927a6ee44321be9e00f207cea594 - - 5cbefcc8d7a04ad49654f2e15158ca36 5cbefcc8d7a04ad49654f2e15158ca36] 199.204.45.138 "GET /v2.0/ports?device_id=8bcc0fa6-3a3a-4a5b-bd3a-9a4afda85830 HTTP/1.1" status: 200 len: 1446 time: 0.0751665
2026-05-09 02:43:20.710 10 INFO neutron.wsgi [None req-98e5b54c-627d-494b-92ed-7155b77cff87 fb10a23b07884965bc0c4ffee1800cce 8a91ffeec2ec44929d32f253e15269f7 - - default default] 10.0.0.223 "DELETE /v2.0/security-groups/6df9fafc-699c-40d3-891e-b3ebdaf90c23 HTTP/1.1" status: 204 len: 168 time: 0.4364455
2026-05-09 02:43:20.729 10 INFO neutron.wsgi [req-0dca1470-7b49-4b52-a81b-2543f195bc9e req-06c0fe15-1bc6-4874-8949-6d295f88e92b 68b53c85cd604ad691b710957db92bc2 67b67bb9f7d6451aace78e960db72254 - - default default] 10.0.0.176 "GET /v2.0/security-groups?id=f7a4912e-7aef-4b47-86b1-cc1f952e7f56&fields=id&fields=name HTTP/1.1" status: 200 len: 312 time: 0.0717974
2026-05-09 02:43:20.776 10 INFO neutron.wsgi [req-ae3ab948-f473-40a5-922b-35ce04f2cc8b req-0ce6edce-d43e-48a5-bdd8-9d147228336f ef09dd9a949f4bdfbe35f3e1e21c88dc d146927a6ee44321be9e00f207cea594 - - 5cbefcc8d7a04ad49654f2e15158ca36 5cbefcc8d7a04ad49654f2e15158ca36] 199.204.45.138 "GET /v2.0/security-groups?id=f10799cc-6076-47c6-8342-77021c3792ad&id=c3b3fba7-8b26-4060-a341-ae674ecf9a35&fields=id&fields=name HTTP/1.1" status: 200 len: 404 time: 0.0624413
2026-05-09 02:43:20.874 9 INFO neutron.plugins.ml2.drivers.ovn.mech_driver.mech_driver [None req-7d293c66-7a4f-43d3-a26a-1d940f5875fc - - - - - -] OVN reports status up for port: 21da2708-ce6c-4720-af88-4155893e33d0
2026-05-09 02:43:20.884 9 INFO neutron.wsgi [req-1c3b8b44-eba0-4afb-aa36-3af75469e99c req-db1407d0-4e65-4f6a-a579-c4987afd0c59 68b53c85cd604ad691b710957db92bc2 67b67bb9f7d6451aace78e960db72254 - - default default] 10.0.0.176 "GET /v2.0/ports?device_id=2f89b172-d6b7-4211-b0f2-54a623f1bd1f HTTP/1.1" status: 200 len: 1170 time: 0.0737395
2026-05-09 02:43:20.895 9 INFO neutron.plugins.ml2.plugin [None req-7d293c66-7a4f-43d3-a26a-1d940f5875fc - - - - - -] Attempt 1 to provision port 21da2708-ce6c-4720-af88-4155893e33d0
2026-05-09 02:43:20.975 9 INFO neutron.wsgi [req-1c3b8b44-eba0-4afb-aa36-3af75469e99c req-fab402a1-318c-4fa8-b5f6-2285bc656513 68b53c85cd604ad691b710957db92bc2 67b67bb9f7d6451aace78e960db72254 - - default default] 10.0.0.176 "GET /v2.0/security-groups?id=f7a4912e-7aef-4b47-86b1-cc1f952e7f56&fields=id&fields=name HTTP/1.1" status: 200 len: 312 time: 0.0843797
2026-05-09 02:43:21.039 10 INFO neutron.wsgi [None req-80149e35-c2c3-4035-809d-d2bca5eb241a a98562011df442c880b3a2bf66159686 a0cf0069349945c39a66fe08a408bd99 - - default default] 10.0.0.223 "GET /v2.0/ports?device_id=2f89b172-d6b7-4211-b0f2-54a623f1bd1f HTTP/1.1" status: 200 len: 1404 time: 0.0360599
