2026-05-09 02:48:45.005 10 INFO neutron.wsgi [None req-273698fe-4914-4d8a-9189-a8dd4844b6b8 fb10a23b07884965bc0c4ffee1800cce 8a91ffeec2ec44929d32f253e15269f7 - - default default] 199.204.45.138 "GET /v2.0/subnets/bfb57bf8-e28d-4551-81a7-fcdfe60269c8 HTTP/1.1" status: 200 len: 851 time: 0.0313861
2026-05-09 02:48:45.250 10 INFO neutron.notifiers.nova [-] Nova event matching ['req-ef2f1d3e-4cda-4180-b598-6d612dd9006b'] response: {'server_uuid': 'd194c810-feaf-479b-8328-67ec9cfbbd15', 'name': 'network-vif-deleted', 'tag': '8a0cddb8-1d4d-403b-820c-739add76c4eb', 'status': 'completed', 'code': 200}
2026-05-09 02:48:45.866 9 INFO neutron.notifiers.nova [-] Nova event matching ['req-8219d755-d81b-4c15-bc22-7fd4efd9c7a7'] response: {'server_uuid': 'd194c810-feaf-479b-8328-67ec9cfbbd15', 'name': 'network-vif-plugged', 'status': 'completed', 'tag': '8a0cddb8-1d4d-403b-820c-739add76c4eb', 'code': 200}
2026-05-09 02:48:54.656 10 INFO neutron.wsgi [None req-5cca2f37-58bf-4220-a02a-34c5e63cab63 fb10a23b07884965bc0c4ffee1800cce 8a91ffeec2ec44929d32f253e15269f7 - - default default] 199.204.45.138 "GET /v2.0/extensions/security-group HTTP/1.1" status: 200 len: 369 time: 0.0609419
2026-05-09 02:48:54.669 10 INFO neutron.wsgi [None req-d31f2a39-e656-4066-9988-7c80b2f26a4d fb10a23b07884965bc0c4ffee1800cce 8a91ffeec2ec44929d32f253e15269f7 - - default default] 199.204.45.138 "GET /v2.0/extensions/dns-integration HTTP/1.1" status: 200 len: 371 time: 0.0059893
2026-05-09 02:48:54.677 10 INFO neutron.wsgi [None req-d6e7bf7d-2eb5-49ab-9755-3aadf0426424 fb10a23b07884965bc0c4ffee1800cce 8a91ffeec2ec44929d32f253e15269f7 - - default default] 199.204.45.138 "GET /v2.0/extensions/qos HTTP/1.1" status: 200 len: 365 time: 0.0054626
2026-05-09 02:48:54.691 10 INFO neutron.wsgi [None req-434aa199-5a78-4019-a790-5352baf883ed fb10a23b07884965bc0c4ffee1800cce 8a91ffeec2ec44929d32f253e15269f7 - - default default] 199.204.45.138 "GET /v2.0/extensions/allowed-address-pairs HTTP/1.1" status: 200 len: 383 time: 0.0085499
2026-05-09 02:48:54.818 10 INFO neutron.api.v2.resource [None req-b88e0eba-06ad-4f58-92d8-ecbc95527365 fb10a23b07884965bc0c4ffee1800cce 8a91ffeec2ec44929d32f253e15269f7 - - default default] show failed (client error): The resource could not be found.
2026-05-09 02:48:54.819 10 INFO neutron.wsgi [None req-b88e0eba-06ad-4f58-92d8-ecbc95527365 fb10a23b07884965bc0c4ffee1800cce 8a91ffeec2ec44929d32f253e15269f7 - - default default] 199.204.45.138 "GET /v2.0/security-groups/lb-fcbbfd14-bbf7-4904-b18b-39e2d9e89f0e HTTP/1.1" status: 404 len: 355 time: 0.0125761
2026-05-09 02:48:54.853 10 INFO neutron.wsgi [None req-cfa4e888-ffb1-4168-aeba-aaf927c34307 fb10a23b07884965bc0c4ffee1800cce 8a91ffeec2ec44929d32f253e15269f7 - - default default] 199.204.45.138 "GET /v2.0/security-groups?name=lb-fcbbfd14-bbf7-4904-b18b-39e2d9e89f0e HTTP/1.1" status: 200 len: 2941 time: 0.0310330
2026-05-09 02:48:54.890 10 INFO neutron.wsgi [None req-bb04ba14-367c-4e28-bce4-a2b168f39c66 fb10a23b07884965bc0c4ffee1800cce 8a91ffeec2ec44929d32f253e15269f7 - - default default] 199.204.45.138 "GET /v2.0/security-group-rules?security_group_id=8c817987-92e3-4056-8dd6-ef6e0bd849cb HTTP/1.1" status: 200 len: 2406 time: 0.0313389
2026-05-09 02:48:55.031 10 INFO neutron.wsgi [None req-f2f8eac5-1766-44a6-b3e9-bc8f70dc9778 fb10a23b07884965bc0c4ffee1800cce 8a91ffeec2ec44929d32f253e15269f7 - - default default] 199.204.45.138 "DELETE /v2.0/security-group-rules/15abffd7-5fc6-4022-9e2e-b78e0588801f HTTP/1.1" status: 204 len: 173 time: 0.1265333
2026-05-09 02:48:55.151 10 INFO neutron.wsgi [None req-af350169-0730-4b7b-9063-577d8583cd6b fb10a23b07884965bc0c4ffee1800cce 8a91ffeec2ec44929d32f253e15269f7 - - default default] 199.204.45.138 "DELETE /v2.0/security-group-rules/f2aff6cb-51c4-45ce-a33e-63fe9500d8e6 HTTP/1.1" status: 204 len: 173 time: 0.1134028
2026-05-09 02:48:58.058 10 INFO neutron.db.l3_db [None req-615fb5db-a2f8-40a1-a22c-b2f8f7326453 bdf2cd3bbd2948f4a53af6e7eb009f4c cf91d3bc6ed34c6b90d5ba057d0d8587 - - default default] Floating IP e96e197e-88af-417c-90a0-79b00b5bc0c6 disassociated (deleted). External IP: 10.96.250.213, port: 6a63ee29-524a-4398-a6ac-0d402eb73794.
2026-05-09 02:48:58.137 10 INFO neutron.wsgi [None req-615fb5db-a2f8-40a1-a22c-b2f8f7326453 bdf2cd3bbd2948f4a53af6e7eb009f4c cf91d3bc6ed34c6b90d5ba057d0d8587 - - default default] 10.0.0.223 "DELETE /v2.0/floatingips/e96e197e-88af-417c-90a0-79b00b5bc0c6 HTTP/1.1" status: 204 len: 168 time: 0.4892414 /var/lib/openstack/lib/python3.10/site-packages/pycadf/identifier.py:71: UserWarning: Invalid uuid: neutron. To ensure interoperability, identifiers should be a valid uuid. warnings.warn(('Invalid uuid: %s. To ensure interoperability, '
2026-05-09 02:48:58.162 9 INFO neutron.wsgi [-] 10.0.0.111 "GET / HTTP/1.1" status: 200 len: 247 time: 0.0018451
2026-05-09 02:48:58.164 9 INFO neutron.wsgi [-] 10.0.0.111 "GET / HTTP/1.1" status: 200 len: 247 time: 0.0014031
2026-05-09 02:48:58.172 10 INFO neutron.api.v2.resource [None req-f537c9e1-b335-4eee-b6d3-ba4a9505c806 bdf2cd3bbd2948f4a53af6e7eb009f4c cf91d3bc6ed34c6b90d5ba057d0d8587 - - default default] show failed (client error): The resource could not be found.
2026-05-09 02:48:58.173 10 INFO neutron.wsgi [None req-f537c9e1-b335-4eee-b6d3-ba4a9505c806 bdf2cd3bbd2948f4a53af6e7eb009f4c cf91d3bc6ed34c6b90d5ba057d0d8587 - - default default] 10.0.0.223 "GET /v2.0/floatingips/e96e197e-88af-417c-90a0-79b00b5bc0c6 HTTP/1.1" status: 404 len: 345 time: 0.0313005
2026-05-09 02:48:58.812 10 INFO neutron.wsgi [None req-1c869ace-9874-450b-b08a-1d251ba8e74c fb10a23b07884965bc0c4ffee1800cce 8a91ffeec2ec44929d32f253e15269f7 - - default default] 199.204.45.138 "GET /v2.0/extensions/security-group HTTP/1.1" status: 200 len: 369 time: 0.0071452
2026-05-09 02:48:58.823 10 INFO neutron.wsgi [None req-51422d1a-b47a-4811-9103-c723ce27f660 fb10a23b07884965bc0c4ffee1800cce 8a91ffeec2ec44929d32f253e15269f7 - - default default] 199.204.45.138 "GET /v2.0/extensions/dns-integration HTTP/1.1" status: 200 len: 371 time: 0.0055344
2026-05-09 02:48:58.833 10 INFO neutron.wsgi [None req-a353e986-9a61-464e-9c0f-c20f5747c050 fb10a23b07884965bc0c4ffee1800cce 8a91ffeec2ec44929d32f253e15269f7 - - default default] 199.204.45.138 "GET /v2.0/extensions/qos HTTP/1.1" status: 200 len: 365 time: 0.0052812
2026-05-09 02:48:58.842 10 INFO neutron.wsgi [None req-264d2a7e-8019-47a0-9c17-d93957e974ab fb10a23b07884965bc0c4ffee1800cce 8a91ffeec2ec44929d32f253e15269f7 - - default default] 199.204.45.138 "GET /v2.0/extensions/allowed-address-pairs HTTP/1.1" status: 200 len: 383 time: 0.0055945
2026-05-09 02:48:58.894 10 INFO neutron.wsgi [None req-3621834a-c941-42fb-b9d0-7a49179ee52f fb10a23b07884965bc0c4ffee1800cce 8a91ffeec2ec44929d32f253e15269f7 - - default default] 199.204.45.138 "GET /v2.0/subnets/bfb57bf8-e28d-4551-81a7-fcdfe60269c8 HTTP/1.1" status: 200 len: 851 time: 0.0465770
2026-05-09 02:48:58.944 10 INFO neutron.wsgi [None req-5bf3a4ea-4014-46b2-87d0-4de07081a4fe fb10a23b07884965bc0c4ffee1800cce 8a91ffeec2ec44929d32f253e15269f7 - - default default] 199.204.45.138 "GET /v2.0/ports?device_id=d194c810-feaf-479b-8328-67ec9cfbbd15 HTTP/1.1" status: 200 len: 2723 time: 0.0428679
2026-05-09 02:48:58.995 10 INFO neutron.wsgi [None req-501e5d44-4290-4859-a94e-f80589bca8eb fb10a23b07884965bc0c4ffee1800cce 8a91ffeec2ec44929d32f253e15269f7 - - default default] 199.204.45.138 "GET /v2.0/ports?device_id=d194c810-feaf-479b-8328-67ec9cfbbd15 HTTP/1.1" status: 200 len: 2723 time: 0.0419760
2026-05-09 02:48:59.467 10 INFO neutron.wsgi [None req-6fc9c22e-8769-44d8-9d38-4f89797912ac fb10a23b07884965bc0c4ffee1800cce 8a91ffeec2ec44929d32f253e15269f7 - - default default] 199.204.45.138 "GET /v2.0/ports?device_id=d194c810-feaf-479b-8328-67ec9cfbbd15 HTTP/1.1" status: 200 len: 2723 time: 0.0499699
2026-05-09 02:48:59.690 9 INFO neutron.plugins.ml2.drivers.ovn.mech_driver.mech_driver [None req-7d293c66-7a4f-43d3-a26a-1d940f5875fc - - - - - -] OVN reports status down for port: a8e817fd-bafc-41c5-8816-4254db2a92f6
2026-05-09 02:48:59.695 10 INFO neutron.plugins.ml2.drivers.ovn.mech_driver.mech_driver [None req-56a148bd-0010-44a2-86a8-c91e0137a763 - - - - - -] OVN reports status down for port: 6a63ee29-524a-4398-a6ac-0d402eb73794
2026-05-09 02:48:59.786 10 INFO neutron.wsgi [req-029cfc44-81e2-42f3-85a3-e425ffaf6554 req-d791a5ac-458b-4f10-a755-17c2bcc0f3a8 ef09dd9a949f4bdfbe35f3e1e21c88dc d146927a6ee44321be9e00f207cea594 - - 5cbefcc8d7a04ad49654f2e15158ca36 5cbefcc8d7a04ad49654f2e15158ca36] 199.204.45.138 "GET /v2.0/ports/a8e817fd-bafc-41c5-8816-4254db2a92f6 HTTP/1.1" status: 200 len: 1518 time: 0.0338600
2026-05-09 02:48:59.853 10 INFO neutron.wsgi [req-029cfc44-81e2-42f3-85a3-e425ffaf6554 req-108e6e68-8f3c-4281-a4e5-f6df75b95d0f fb10a23b07884965bc0c4ffee1800cce 8a91ffeec2ec44929d32f253e15269f7 - - default default] 199.204.45.138 "GET /v2.0/ports/a8e817fd-bafc-41c5-8816-4254db2a92f6?fields=binding%3Aprofile&fields=network_id HTTP/1.1" status: 200 len: 281 time: 0.0532246
2026-05-09 02:48:59.862 9 INFO neutron.notifiers.nova [-] Nova event matching ['req-e2e2256b-082c-49a8-bc4b-a46c10154941'] response: {'server_uuid': 'd194c810-feaf-479b-8328-67ec9cfbbd15', 'name': 'network-vif-unplugged', 'status': 'completed', 'tag': 'a8e817fd-bafc-41c5-8816-4254db2a92f6', 'code': 200}
2026-05-09 02:48:59.910 10 INFO neutron.db.ovn_revision_numbers_db [None req-8b077080-23f1-45ef-9220-89d83fbce9b9 - - - - - -] Successfully bumped revision number for resource 6a63ee29-524a-4398-a6ac-0d402eb73794 (type: ports) to 6
2026-05-09 02:48:59.920 10 INFO neutron.wsgi [req-029cfc44-81e2-42f3-85a3-e425ffaf6554 req-4403d65b-cc1a-4991-8490-e37e81532d1f fb10a23b07884965bc0c4ffee1800cce 8a91ffeec2ec44929d32f253e15269f7 - - default default] 199.204.45.138 "GET /v2.0/networks/445cd169-4abf-4910-b2e0-01d07a92c04e?fields=dns_domain HTTP/1.1" status: 200 len: 227 time: 0.0600758
2026-05-09 02:49:00.061 9 INFO neutron.db.ovn_revision_numbers_db [None req-7d293c66-7a4f-43d3-a26a-1d940f5875fc - - - - - -] Successfully bumped revision number for resource a8e817fd-bafc-41c5-8816-4254db2a92f6 (type: ports) to 7
2026-05-09 02:49:00.344 10 INFO neutron.db.ovn_revision_numbers_db [req-029cfc44-81e2-42f3-85a3-e425ffaf6554 req-fda6cf6c-41ec-4f2c-ad22-6deb2a13530a ef09dd9a949f4bdfbe35f3e1e21c88dc d146927a6ee44321be9e00f207cea594 - - 5cbefcc8d7a04ad49654f2e15158ca36 5cbefcc8d7a04ad49654f2e15158ca36] Successfully bumped revision number for resource a8e817fd-bafc-41c5-8816-4254db2a92f6 (type: ports) to 8
2026-05-09 02:49:00.358 10 INFO neutron.wsgi [req-029cfc44-81e2-42f3-85a3-e425ffaf6554 req-fda6cf6c-41ec-4f2c-ad22-6deb2a13530a ef09dd9a949f4bdfbe35f3e1e21c88dc d146927a6ee44321be9e00f207cea594 - - 5cbefcc8d7a04ad49654f2e15158ca36 5cbefcc8d7a04ad49654f2e15158ca36] 199.204.45.138 "PUT /v2.0/ports/a8e817fd-bafc-41c5-8816-4254db2a92f6 HTTP/1.1" status: 200 len: 1350 time: 0.4298356 /var/lib/openstack/lib/python3.10/site-packages/pycadf/identifier.py:71: UserWarning: Invalid uuid: neutron. To ensure interoperability, identifiers should be a valid uuid. warnings.warn(('Invalid uuid: %s. To ensure interoperability, '
2026-05-09 02:49:00.467 10 INFO neutron.wsgi [req-029cfc44-81e2-42f3-85a3-e425ffaf6554 req-795d3a26-643f-468e-8968-dadd8f71e3c1 ef09dd9a949f4bdfbe35f3e1e21c88dc d146927a6ee44321be9e00f207cea594 - - 5cbefcc8d7a04ad49654f2e15158ca36 5cbefcc8d7a04ad49654f2e15158ca36] 199.204.45.138 "GET /v2.0/ports?tenant_id=8a91ffeec2ec44929d32f253e15269f7&device_id=d194c810-feaf-479b-8328-67ec9cfbbd15 HTTP/1.1" status: 200 len: 1413 time: 0.0475798
2026-05-09 02:49:00.531 10 INFO neutron.wsgi [None req-5c2fc94d-5394-411e-a24a-106169724d76 fb10a23b07884965bc0c4ffee1800cce 8a91ffeec2ec44929d32f253e15269f7 - - default default] 199.204.45.138 "GET /v2.0/ports?device_id=d194c810-feaf-479b-8328-67ec9cfbbd15 HTTP/1.1" status: 200 len: 1413 time: 0.0454574
2026-05-09 02:49:00.570 10 INFO neutron.wsgi [req-029cfc44-81e2-42f3-85a3-e425ffaf6554 req-f0370734-3034-4106-9180-3c3dc5a11ad0 ef09dd9a949f4bdfbe35f3e1e21c88dc d146927a6ee44321be9e00f207cea594 - - 5cbefcc8d7a04ad49654f2e15158ca36 5cbefcc8d7a04ad49654f2e15158ca36] 199.204.45.138 "GET /v2.0/networks?id=e8042f86-c317-41d7-a9f9-6851029bb5f7&id=445cd169-4abf-4910-b2e0-01d07a92c04e HTTP/1.1" status: 200 len: 1728 time: 0.0967031
2026-05-09 02:49:00.603 10 INFO neutron.wsgi [req-029cfc44-81e2-42f3-85a3-e425ffaf6554 req-0e0a64c4-efe9-4bed-92cb-ccd1b3441495 ef09dd9a949f4bdfbe35f3e1e21c88dc d146927a6ee44321be9e00f207cea594 - - 5cbefcc8d7a04ad49654f2e15158ca36 5cbefcc8d7a04ad49654f2e15158ca36] 199.204.45.138 "GET /v2.0/floatingips?fixed_ip_address=172.24.3.96&port_id=719bb548-a563-4654-bcc2-0abc9fb16926 HTTP/1.1" status: 200 len: 217 time: 0.0262785 /var/lib/openstack/lib/python3.10/site-packages/pycadf/identifier.py:71: UserWarning: Invalid uuid: neutron. To ensure interoperability, identifiers should be a valid uuid. warnings.warn(('Invalid uuid: %s. To ensure interoperability, '
2026-05-09 02:49:00.825 9 INFO neutron.wsgi [None req-812e6db5-72d2-4587-8312-58ab2291c65f fb10a23b07884965bc0c4ffee1800cce 8a91ffeec2ec44929d32f253e15269f7 - - default default] 10.0.0.88 "GET /v2.0/agents HTTP/1.1" status: 200 len: 997 time: 0.0868857
2026-05-09 02:49:00.881 9 INFO neutron.wsgi [None req-962847a4-8eb5-4241-996f-38e628f9f508 fb10a23b07884965bc0c4ffee1800cce 8a91ffeec2ec44929d32f253e15269f7 - - default default] 10.0.0.88 "GET /v2.0/subnets HTTP/1.1" status: 200 len: 5496 time: 0.0540273
2026-05-09 02:49:00.895 9 INFO neutron.wsgi [None req-8c9de23f-0ea9-43eb-85ae-b03c2719018a fb10a23b07884965bc0c4ffee1800cce 8a91ffeec2ec44929d32f253e15269f7 - - default default] 10.0.0.88 "GET /v2.0/subnetpools HTTP/1.1" status: 200 len: 193 time: 0.0117295
2026-05-09 02:49:00.931 10 INFO neutron.wsgi [req-029cfc44-81e2-42f3-85a3-e425ffaf6554 req-77b71c76-406a-4f31-8786-c67a3af787b5 ef09dd9a949f4bdfbe35f3e1e21c88dc d146927a6ee44321be9e00f207cea594 - - 5cbefcc8d7a04ad49654f2e15158ca36 5cbefcc8d7a04ad49654f2e15158ca36] 199.204.45.138 "GET /v2.0/subnets?id=e91b600f-171a-4ea4-a9e2-0ff8786f63c5 HTTP/1.1" status: 200 len: 829 time: 0.3167963
2026-05-09 02:49:00.954 9 INFO neutron.wsgi [None req-581025ad-1ccf-4ba2-9879-28cfa497dd27 fb10a23b07884965bc0c4ffee1800cce 8a91ffeec2ec44929d32f253e15269f7 - - default default] 10.0.0.88 "GET /v2.0/floatingips HTTP/1.1" status: 200 len: 1879 time: 0.0562541
2026-05-09 02:49:00.966 10 INFO neutron.wsgi [req-029cfc44-81e2-42f3-85a3-e425ffaf6554 req-005a64d1-ca2e-41b2-9d1a-88a83743284a ef09dd9a949f4bdfbe35f3e1e21c88dc d146927a6ee44321be9e00f207cea594 - - 5cbefcc8d7a04ad49654f2e15158ca36 5cbefcc8d7a04ad49654f2e15158ca36] 199.204.45.138 "GET /v2.0/ports?network_id=e8042f86-c317-41d7-a9f9-6851029bb5f7&device_owner=network%3Adhcp HTTP/1.1" status: 200 len: 210 time: 0.0253258
2026-05-09 02:49:01.049 9 INFO neutron.wsgi [None req-1ffaa30f-35bf-464a-bb98-1f907f44c298 fb10a23b07884965bc0c4ffee1800cce 8a91ffeec2ec44929d32f253e15269f7 - - default default] 10.0.0.88 "GET /v2.0/ports HTTP/1.1" status: 200 len: 21043 time: 0.0940909
2026-05-09 02:49:01.060 10 INFO neutron.wsgi [req-029cfc44-81e2-42f3-85a3-e425ffaf6554 req-e7aaeb07-ec6c-42b5-9242-415a7989713c ef09dd9a949f4bdfbe35f3e1e21c88dc d146927a6ee44321be9e00f207cea594 - - 5cbefcc8d7a04ad49654f2e15158ca36 5cbefcc8d7a04ad49654f2e15158ca36] 199.204.45.138 "GET /v2.0/networks/e8042f86-c317-41d7-a9f9-6851029bb5f7?fields=segments HTTP/1.1" status: 200 len: 212 time: 0.0813408
2026-05-09 02:49:01.142 9 INFO neutron.wsgi [None req-f7521526-8029-485e-93de-971078446293 fb10a23b07884965bc0c4ffee1800cce 8a91ffeec2ec44929d32f253e15269f7 - - default default] 10.0.0.88 "GET /v2.0/routers HTTP/1.1" status: 200 len: 849 time: 0.0812044
2026-05-09 02:49:01.159 9 INFO neutron.wsgi [None req-20aa1dfa-454b-4d29-b932-98b4c03c6f50 fb10a23b07884965bc0c4ffee1800cce 8a91ffeec2ec44929d32f253e15269f7 - - default default] 10.0.0.88 "GET /v2.0/agents?binary=ovn-controller HTTP/1.1" status: 200 len: 591 time: 0.0154126
2026-05-09 02:49:01.161 10 INFO neutron.wsgi [req-029cfc44-81e2-42f3-85a3-e425ffaf6554 req-8e45beed-77b8-4a8b-81f2-e9578409da8b ef09dd9a949f4bdfbe35f3e1e21c88dc d146927a6ee44321be9e00f207cea594 - - 5cbefcc8d7a04ad49654f2e15158ca36 5cbefcc8d7a04ad49654f2e15158ca36] 199.204.45.138 "GET /v2.0/networks/e8042f86-c317-41d7-a9f9-6851029bb5f7?fields=provider%3Aphysical_network&fields=provider%3Anetwork_type HTTP/1.1" status: 200 len: 277 time: 0.0867963
2026-05-09 02:49:01.174 9 INFO neutron.wsgi [None req-a1ed968c-405a-4a3b-8ef6-f26deb0d6b45 fb10a23b07884965bc0c4ffee1800cce 8a91ffeec2ec44929d32f253e15269f7 - - default default] 10.0.0.88 "GET /v2.0/network-ip-availabilities HTTP/1.1" status: 200 len: 3363 time: 0.0144110
2026-05-09 02:49:01.257 9 INFO neutron.wsgi [None req-e03b0cca-c9ed-40ce-9e00-41ff7b6a820c fb10a23b07884965bc0c4ffee1800cce 8a91ffeec2ec44929d32f253e15269f7 - - default default] 10.0.0.88 "GET /v2.0/networks HTTP/1.1" status: 200 len: 4720 time: 0.0812502
2026-05-09 02:49:01.307 10 INFO neutron.db.ovn_revision_numbers_db [None req-702f4a81-d7a8-4477-b5e7-77f5da2922eb fb10a23b07884965bc0c4ffee1800cce 8a91ffeec2ec44929d32f253e15269f7 - - default default] Successfully bumped revision number for resource a8e817fd-bafc-41c5-8816-4254db2a92f6 (type: ports) to 9
2026-05-09 02:49:01.323 9 INFO neutron.wsgi [None req-54d58563-e813-496c-a76d-c7a1623b5aef fb10a23b07884965bc0c4ffee1800cce 8a91ffeec2ec44929d32f253e15269f7 - - default default] 10.0.0.88 "GET /v2.0/security-groups HTTP/1.1" status: 200 len: 29083 time: 0.0622919
2026-05-09 02:49:01.336 10 INFO neutron.wsgi [None req-702f4a81-d7a8-4477-b5e7-77f5da2922eb fb10a23b07884965bc0c4ffee1800cce 8a91ffeec2ec44929d32f253e15269f7 - - default default] 199.204.45.138 "PUT /v2.0/ports/a8e817fd-bafc-41c5-8816-4254db2a92f6 HTTP/1.1" status: 200 len: 1290 time: 0.7984886 /var/lib/openstack/lib/python3.10/site-packages/pycadf/identifier.py:71: UserWarning: Invalid uuid: neutron. To ensure interoperability, identifiers should be a valid uuid. warnings.warn(('Invalid uuid: %s. To ensure interoperability, '
2026-05-09 02:49:01.387 9 INFO neutron.wsgi [None req-98cb36d8-9a50-4f98-88a0-ce300dc6d78f fb10a23b07884965bc0c4ffee1800cce 8a91ffeec2ec44929d32f253e15269f7 - - default default] 10.0.0.88 "GET /v2.0/subnets HTTP/1.1" status: 200 len: 5496 time: 0.0543892
2026-05-09 02:49:01.395 10 INFO neutron.wsgi [None req-73c957b0-05a5-4db5-9bee-4deaea7f3a8b fb10a23b07884965bc0c4ffee1800cce 8a91ffeec2ec44929d32f253e15269f7 - - default default] 199.204.45.138 "GET /v2.0/ports/a8e817fd-bafc-41c5-8816-4254db2a92f6 HTTP/1.1" status: 200 len: 1290 time: 0.0515089
2026-05-09 02:49:01.442 10 INFO neutron.db.ovn_revision_numbers_db [None req-8b077080-23f1-45ef-9220-89d83fbce9b9 - - - - - -] Successfully bumped revision number for resource 6a63ee29-524a-4398-a6ac-0d402eb73794 (type: ports) to 8
2026-05-09 02:49:01.724 10 INFO neutron.wsgi [None req-a22cad5a-d5f4-419c-a143-65b13eded600 fb10a23b07884965bc0c4ffee1800cce 8a91ffeec2ec44929d32f253e15269f7 - - default default] 199.204.45.138 "DELETE /v2.0/ports/a8e817fd-bafc-41c5-8816-4254db2a92f6 HTTP/1.1" status: 204 len: 173 time: 0.3169224
2026-05-09 02:49:01.815 10 INFO neutron.wsgi [None req-9436ae72-5a62-4451-9a31-b4a88e8f8d65 fb10a23b07884965bc0c4ffee1800cce 8a91ffeec2ec44929d32f253e15269f7 - - default default] 199.204.45.138 "GET /v2.0/extensions/security-group HTTP/1.1" status: 200 len: 369 time: 0.0084212
2026-05-09 02:49:01.825 10 INFO neutron.wsgi [None req-76977524-3ec0-4841-9d22-7865cb1abb8a fb10a23b07884965bc0c4ffee1800cce 8a91ffeec2ec44929d32f253e15269f7 - - default default] 199.204.45.138 "GET /v2.0/extensions/dns-integration HTTP/1.1" status: 200 len: 371 time: 0.0049279
2026-05-09 02:49:01.834 10 INFO neutron.wsgi [None req-cc59ffcf-82c9-4a0e-baca-7ba950e3a6e1 fb10a23b07884965bc0c4ffee1800cce 8a91ffeec2ec44929d32f253e15269f7 - - default default] 199.204.45.138 "GET /v2.0/extensions/qos HTTP/1.1" status: 200 len: 365 time: 0.0046563
2026-05-09 02:49:01.843 10 INFO neutron.wsgi [None req-36894f83-a630-4c1b-9fa5-67ac952567cb fb10a23b07884965bc0c4ffee1800cce 8a91ffeec2ec44929d32f253e15269f7 - - default default] 199.204.45.138 "GET /v2.0/extensions/allowed-address-pairs HTTP/1.1" status: 200 len: 383 time: 0.0053220
2026-05-09 02:49:01.864 10 INFO neutron.pecan_wsgi.hooks.translation [None req-5070a90b-7645-4da0-9af1-72ff9e6e79b5 fb10a23b07884965bc0c4ffee1800cce 8a91ffeec2ec44929d32f253e15269f7 - - default default] DELETE failed (client error): The resource could not be found.
2026-05-09 02:49:01.868 10 INFO neutron.wsgi [None req-5070a90b-7645-4da0-9af1-72ff9e6e79b5 fb10a23b07884965bc0c4ffee1800cce 8a91ffeec2ec44929d32f253e15269f7 - - default default] 199.204.45.138 "DELETE /v2.0/ports/a8e817fd-bafc-41c5-8816-4254db2a92f6 HTTP/1.1" status: 404 len: 338 time: 0.0195990
2026-05-09 02:49:01.899 9 INFO neutron.notifiers.nova [-] Nova event matching ['req-3f5a9e1c-d696-41d6-a133-3045de576426'] response: {'server_uuid': 'd194c810-feaf-479b-8328-67ec9cfbbd15', 'name': 'network-vif-plugged', 'status': 'completed', 'tag': 'a8e817fd-bafc-41c5-8816-4254db2a92f6', 'code': 200}
2026-05-09 02:49:01.917 10 INFO neutron.wsgi [None req-3d4565c5-2745-41a0-8be3-35c4c407f36b fb10a23b07884965bc0c4ffee1800cce 8a91ffeec2ec44929d32f253e15269f7 - - default default] 199.204.45.138 "GET /v2.0/ports/6a63ee29-524a-4398-a6ac-0d402eb73794 HTTP/1.1" status: 200 len: 1328 time: 0.0413170
2026-05-09 02:49:01.938 10 INFO neutron.api.v2.resource [None req-4926936e-e3ab-4d56-b8ab-fd16ed462364 fb10a23b07884965bc0c4ffee1800cce 8a91ffeec2ec44929d32f253e15269f7 - - default default] show failed (client error): The resource could not be found.
2026-05-09 02:49:01.939 10 INFO neutron.wsgi [None req-4926936e-e3ab-4d56-b8ab-fd16ed462364 fb10a23b07884965bc0c4ffee1800cce 8a91ffeec2ec44929d32f253e15269f7 - - default default] 199.204.45.138 "GET /v2.0/security-groups/lb-fcbbfd14-bbf7-4904-b18b-39e2d9e89f0e HTTP/1.1" status: 404 len: 355 time: 0.0156121
2026-05-09 02:49:01.979 10 INFO neutron.wsgi [None req-24bb2a1e-863f-429a-a7ce-54b254de7b0f fb10a23b07884965bc0c4ffee1800cce 8a91ffeec2ec44929d32f253e15269f7 - - default default] 199.204.45.138 "GET /v2.0/security-groups?name=lb-fcbbfd14-bbf7-4904-b18b-39e2d9e89f0e HTTP/1.1" status: 200 len: 1777 time: 0.0355649
2026-05-09 02:49:02.031 10 INFO neutron.wsgi [None req-216618a7-8227-426e-8109-cc5d04cacb79 fb10a23b07884965bc0c4ffee1800cce 8a91ffeec2ec44929d32f253e15269f7 - - default default] 199.204.45.138 "GET /v2.0/ports/6a63ee29-524a-4398-a6ac-0d402eb73794 HTTP/1.1" status: 200 len: 1328 time: 0.0415528
2026-05-09 02:49:02.415 10 INFO neutron.db.ovn_revision_numbers_db [None req-ab9b2b4d-32ba-439c-a454-03b3e6ac7871 fb10a23b07884965bc0c4ffee1800cce 8a91ffeec2ec44929d32f253e15269f7 - - default default] Successfully bumped revision number for resource 6a63ee29-524a-4398-a6ac-0d402eb73794 (type: ports) to 9
2026-05-09 02:49:02.432 10 INFO neutron.wsgi [None req-ab9b2b4d-32ba-439c-a454-03b3e6ac7871 fb10a23b07884965bc0c4ffee1800cce 8a91ffeec2ec44929d32f253e15269f7 - - default default] 199.204.45.138 "PUT /v2.0/ports/6a63ee29-524a-4398-a6ac-0d402eb73794 HTTP/1.1" status: 200 len: 1290 time: 0.3909471
2026-05-09 02:49:02.586 10 INFO neutron.wsgi [None req-1b05063c-f34a-4ef4-9a75-ef3c02cb89db fb10a23b07884965bc0c4ffee1800cce 8a91ffeec2ec44929d32f253e15269f7 - - default default] 199.204.45.138 "DELETE /v2.0/security-groups/8c817987-92e3-4056-8dd6-ef6e0bd849cb HTTP/1.1" status: 204 len: 173 time: 0.1466839
2026-05-09 02:49:02.961 10 INFO neutron.wsgi [None req-6d8434f4-7270-4a56-a9eb-5e7acd9f038f fb10a23b07884965bc0c4ffee1800cce 8a91ffeec2ec44929d32f253e15269f7 - - default default] 199.204.45.138 "DELETE /v2.0/ports/6a63ee29-524a-4398-a6ac-0d402eb73794 HTTP/1.1" status: 204 len: 173 time: 0.3677764
2026-05-09 02:49:03.314 10 INFO neutron.plugins.ml2.drivers.ovn.mech_driver.mech_driver [None req-56a148bd-0010-44a2-86a8-c91e0137a763 - - - - - -] OVN reports status down for port: 719bb548-a563-4654-bcc2-0abc9fb16926
2026-05-09 02:49:03.504 10 INFO neutron.notifiers.nova [-] Nova event matching ['req-e06b838d-4f6c-4a6e-954b-15e8f8092bee'] response: {'server_uuid': 'd194c810-feaf-479b-8328-67ec9cfbbd15', 'name': 'network-vif-unplugged', 'status': 'completed', 'tag': '719bb548-a563-4654-bcc2-0abc9fb16926', 'code': 200}
2026-05-09 02:49:03.619 10 INFO neutron.wsgi [req-4af08616-6692-42c4-b3a1-432bedb80180 req-9d5ae58a-7b09-491f-95df-db030f470d2b fb10a23b07884965bc0c4ffee1800cce 8a91ffeec2ec44929d32f253e15269f7 - - default default] 199.204.45.138 "GET /v2.0/ports?device_id=d194c810-feaf-479b-8328-67ec9cfbbd15 HTTP/1.1" status: 200 len: 1411 time: 0.0435219
2026-05-09 02:49:03.727 10 INFO neutron.db.ovn_revision_numbers_db [None req-56a148bd-0010-44a2-86a8-c91e0137a763 - - - - - -] Successfully bumped revision number for resource 719bb548-a563-4654-bcc2-0abc9fb16926 (type: ports) to 5
2026-05-09 02:49:03.922 10 INFO neutron.wsgi [req-4af08616-6692-42c4-b3a1-432bedb80180 req-2c4e3792-4833-4a74-81c4-65aeb991a33c fb10a23b07884965bc0c4ffee1800cce 8a91ffeec2ec44929d32f253e15269f7 - - default default] 199.204.45.138 "DELETE /v2.0/ports/719bb548-a563-4654-bcc2-0abc9fb16926 HTTP/1.1" status: 204 len: 173 time: 0.2988224
2026-05-09 02:49:05.544 10 INFO neutron.notifiers.nova [-] Nova event matching ['req-1a3a9e17-2315-48a9-8a22-596ad11e729c'] response: {'server_uuid': 'd194c810-feaf-479b-8328-67ec9cfbbd15', 'name': 'network-vif-plugged', 'status': 'completed', 'tag': '719bb548-a563-4654-bcc2-0abc9fb16926', 'code': 200}
2026-05-09 02:49:05.544 10 INFO neutron.notifiers.nova [-] Nova event matching ['req-1a3a9e17-2315-48a9-8a22-596ad11e729c'] response: {'server_uuid': 'd194c810-feaf-479b-8328-67ec9cfbbd15', 'name': 'network-vif-deleted', 'tag': '719bb548-a563-4654-bcc2-0abc9fb16926', 'status': 'completed', 'code': 200}
2026-05-09 02:49:09.198 9 INFO neutron.db.l3_db [None req-d3eeff10-4251-4df2-b06b-33136bd0cb0b bdf2cd3bbd2948f4a53af6e7eb009f4c cf91d3bc6ed34c6b90d5ba057d0d8587 - - default default] Floating IP 62b800c3-e320-4780-a360-9d3194365cf6 disassociated (deleted). External IP: 10.96.250.218, port: 2d36fc10-614f-4417-a612-382eda04f26a.
2026-05-09 02:49:09.243 9 INFO neutron.wsgi [None req-d3eeff10-4251-4df2-b06b-33136bd0cb0b bdf2cd3bbd2948f4a53af6e7eb009f4c cf91d3bc6ed34c6b90d5ba057d0d8587 - - default default] 10.0.0.223 "DELETE /v2.0/floatingips/62b800c3-e320-4780-a360-9d3194365cf6 HTTP/1.1" status: 204 len: 168 time: 0.8364515 /var/lib/openstack/lib/python3.10/site-packages/pycadf/identifier.py:71: UserWarning: Invalid uuid: neutron. To ensure interoperability, identifiers should be a valid uuid. warnings.warn(('Invalid uuid: %s. To ensure interoperability, '
2026-05-09 02:49:09.279 9 INFO neutron.notifiers.nova [-] Nova event matching ['req-2a408275-bb23-4e2c-aa1f-777f858e0dab'] response: {'name': 'network-changed', 'server_uuid': '75e67fbd-fbe7-46c3-ac35-774ed3a2129e', 'tag': '2d36fc10-614f-4417-a612-382eda04f26a', 'status': 'completed', 'code': 200}
2026-05-09 02:49:09.281 10 INFO neutron.api.v2.resource [None req-23c04cde-e3e0-47ab-b1a8-7363d4eb3606 bdf2cd3bbd2948f4a53af6e7eb009f4c cf91d3bc6ed34c6b90d5ba057d0d8587 - - default default] show failed (client error): The resource could not be found.
2026-05-09 02:49:09.283 10 INFO neutron.wsgi [None req-23c04cde-e3e0-47ab-b1a8-7363d4eb3606 bdf2cd3bbd2948f4a53af6e7eb009f4c cf91d3bc6ed34c6b90d5ba057d0d8587 - - default default] 10.0.0.223 "GET /v2.0/floatingips/62b800c3-e320-4780-a360-9d3194365cf6 HTTP/1.1" status: 404 len: 345 time: 0.0306439
2026-05-09 02:49:09.356 10 INFO neutron.wsgi [req-d75d2138-a11b-4130-9c1d-dc34829053eb req-e124e798-89a5-4466-8308-48871c6136f9 ef09dd9a949f4bdfbe35f3e1e21c88dc d146927a6ee44321be9e00f207cea594 - - 5cbefcc8d7a04ad49654f2e15158ca36 5cbefcc8d7a04ad49654f2e15158ca36] 199.204.45.138 "GET /v2.0/ports?tenant_id=cf91d3bc6ed34c6b90d5ba057d0d8587&device_id=75e67fbd-fbe7-46c3-ac35-774ed3a2129e HTTP/1.1" status: 200 len: 1642 time: 0.0539091
2026-05-09 02:49:09.439 10 INFO neutron.wsgi [req-d75d2138-a11b-4130-9c1d-dc34829053eb req-e69ee5c3-5d44-4ced-9584-bc193a8926d7 ef09dd9a949f4bdfbe35f3e1e21c88dc d146927a6ee44321be9e00f207cea594 - - 5cbefcc8d7a04ad49654f2e15158ca36 5cbefcc8d7a04ad49654f2e15158ca36] 199.204.45.138 "GET /v2.0/networks?id=a99ba46b-a066-4421-8d1c-923a68b0fd51 HTTP/1.1" status: 200 len: 1003 time: 0.0783038
2026-05-09 02:49:09.484 10 INFO neutron.wsgi [req-d75d2138-a11b-4130-9c1d-dc34829053eb req-d31d0bd9-af70-4438-9d22-7da291b22455 ef09dd9a949f4bdfbe35f3e1e21c88dc d146927a6ee44321be9e00f207cea594 - - 5cbefcc8d7a04ad49654f2e15158ca36 5cbefcc8d7a04ad49654f2e15158ca36] 199.204.45.138 "GET /v2.0/floatingips?fixed_ip_address=10.2.2.252&port_id=2d36fc10-614f-4417-a612-382eda04f26a HTTP/1.1" status: 200 len: 217 time: 0.0389583
2026-05-09 02:49:09.509 10 INFO neutron.plugins.ml2.drivers.ovn.mech_driver.mech_driver [None req-56a148bd-0010-44a2-86a8-c91e0137a763 - - - - - -] OVN reports status down for port: 2d36fc10-614f-4417-a612-382eda04f26a
2026-05-09 02:49:09.547 10 INFO neutron.wsgi [req-d75d2138-a11b-4130-9c1d-dc34829053eb req-91e9ad1a-d71f-4a06-88db-478e568dbf08 ef09dd9a949f4bdfbe35f3e1e21c88dc d146927a6ee44321be9e00f207cea594 - - 5cbefcc8d7a04ad49654f2e15158ca36 5cbefcc8d7a04ad49654f2e15158ca36] 199.204.45.138 "GET /v2.0/floatingips?fixed_ip_address=fd77%3A1457%3A4cf0%3A26a8%3A%3A372&port_id=2d36fc10-614f-4417-a612-382eda04f26a HTTP/1.1" status: 200 len: 217 time: 0.0556295
2026-05-09 02:49:09.625 10 INFO neutron.wsgi [req-d75d2138-a11b-4130-9c1d-dc34829053eb req-69f3989f-8ea9-4859-a74b-96678d32635a ef09dd9a949f4bdfbe35f3e1e21c88dc d146927a6ee44321be9e00f207cea594 - - 5cbefcc8d7a04ad49654f2e15158ca36 5cbefcc8d7a04ad49654f2e15158ca36] 199.204.45.138 "GET /v2.0/subnets?id=2abf971a-bcfd-4f0c-8b40-f6df4ef3f52c&id=532e71b3-964c-44a2-a6fb-6c2f58b10874 HTTP/1.1" status: 200 len: 1567 time: 0.0665650
2026-05-09 02:49:09.640 10 INFO neutron.wsgi [req-dcf9386f-5384-4e55-b7ea-97d7ae5df021 req-9ea6a706-8d49-4dc0-9bd1-b16119a11ce3 bdf2cd3bbd2948f4a53af6e7eb009f4c cf91d3bc6ed34c6b90d5ba057d0d8587 - - default default] 10.0.0.176 "GET /v2.0/ports?device_id=75e67fbd-fbe7-46c3-ac35-774ed3a2129e HTTP/1.1" status: 200 len: 1404 time: 0.1861844
2026-05-09 02:49:09.671 10 INFO neutron.wsgi [req-d75d2138-a11b-4130-9c1d-dc34829053eb req-1724bc6f-d0f8-482b-b17e-a8f8c968613d ef09dd9a949f4bdfbe35f3e1e21c88dc d146927a6ee44321be9e00f207cea594 - - 5cbefcc8d7a04ad49654f2e15158ca36 5cbefcc8d7a04ad49654f2e15158ca36] 199.204.45.138 "GET /v2.0/ports?network_id=a99ba46b-a066-4421-8d1c-923a68b0fd51&device_owner=network%3Adhcp HTTP/1.1" status: 200 len: 210 time: 0.0390005
2026-05-09 02:49:09.714 10 INFO neutron.wsgi [req-d75d2138-a11b-4130-9c1d-dc34829053eb req-81b57e10-64f1-4fe6-b0a3-5fade62d445c ef09dd9a949f4bdfbe35f3e1e21c88dc d146927a6ee44321be9e00f207cea594 - - 5cbefcc8d7a04ad49654f2e15158ca36 5cbefcc8d7a04ad49654f2e15158ca36] 199.204.45.138 "GET /v2.0/ports?network_id=a99ba46b-a066-4421-8d1c-923a68b0fd51&device_owner=network%3Adhcp HTTP/1.1" status: 200 len: 210 time: 0.0298107
2026-05-09 02:49:09.764 10 INFO neutron.wsgi [req-dcf9386f-5384-4e55-b7ea-97d7ae5df021 req-c426cbb1-424f-43b6-8eb4-54a2ba625579 bdf2cd3bbd2948f4a53af6e7eb009f4c cf91d3bc6ed34c6b90d5ba057d0d8587 - - default default] 10.0.0.176 "GET /v2.0/security-groups?id=c3c3754d-a901-4d9b-9661-145caaf09f40&fields=id&fields=name HTTP/1.1" status: 200 len: 310 time: 0.1099904
2026-05-09 02:49:09.790 10 INFO neutron.notifiers.nova [-] Nova event matching ['req-46214e88-d4df-4cbb-affc-29ba60be4861'] response: {'server_uuid': '75e67fbd-fbe7-46c3-ac35-774ed3a2129e', 'name': 'network-vif-unplugged', 'status': 'completed', 'tag': '2d36fc10-614f-4417-a612-382eda04f26a', 'code': 200}
2026-05-09 02:49:09.861 10 INFO neutron.wsgi [req-14760d92-c07f-4b23-a935-ad514a221b6a req-0a6c3c40-4744-4417-9d6c-34545e04099e bdf2cd3bbd2948f4a53af6e7eb009f4c cf91d3bc6ed34c6b90d5ba057d0d8587 - - default default] 199.204.45.138 "GET /v2.0/ports?device_id=75e67fbd-fbe7-46c3-ac35-774ed3a2129e HTTP/1.1" status: 200 len: 1402 time: 0.0673618
2026-05-09 02:49:09.866 10 INFO neutron.wsgi [req-d75d2138-a11b-4130-9c1d-dc34829053eb req-fc69caed-f1d2-40d0-8894-40581d4eb57b ef09dd9a949f4bdfbe35f3e1e21c88dc d146927a6ee44321be9e00f207cea594 - - 5cbefcc8d7a04ad49654f2e15158ca36 5cbefcc8d7a04ad49654f2e15158ca36] 199.204.45.138 "GET /v2.0/networks/a99ba46b-a066-4421-8d1c-923a68b0fd51?fields=segments HTTP/1.1" status: 200 len: 212 time: 0.1407301
2026-05-09 02:49:10.341 10 INFO neutron.wsgi [req-d75d2138-a11b-4130-9c1d-dc34829053eb req-3d17bd1e-ee6d-4a23-8ef8-6a994273a5c8 ef09dd9a949f4bdfbe35f3e1e21c88dc d146927a6ee44321be9e00f207cea594 - - 5cbefcc8d7a04ad49654f2e15158ca36 5cbefcc8d7a04ad49654f2e15158ca36] 199.204.45.138 "GET /v2.0/networks/a99ba46b-a066-4421-8d1c-923a68b0fd51?fields=provider%3Aphysical_network&fields=provider%3Anetwork_type HTTP/1.1" status: 200 len: 277 time: 0.4655273
2026-05-09 02:49:10.450 10 INFO neutron.db.ovn_revision_numbers_db [None req-56a148bd-0010-44a2-86a8-c91e0137a763 - - - - - -] Successfully bumped revision number for resource 2d36fc10-614f-4417-a612-382eda04f26a (type: ports) to 5
2026-05-09 02:49:10.621 10 INFO neutron.wsgi [req-14760d92-c07f-4b23-a935-ad514a221b6a req-1c8155b4-9927-44ba-95a2-e20c64728f4b bdf2cd3bbd2948f4a53af6e7eb009f4c cf91d3bc6ed34c6b90d5ba057d0d8587 - - default default] 199.204.45.138 "DELETE /v2.0/ports/2d36fc10-614f-4417-a612-382eda04f26a HTTP/1.1" status: 204 len: 173 time: 0.7455606
2026-05-09 02:49:11.833 10 INFO neutron.notifiers.nova [-] Nova event matching ['req-2724af1f-6577-4a81-b51e-e7d2c9a88b1e'] response: {'server_uuid': '75e67fbd-fbe7-46c3-ac35-774ed3a2129e', 'name': 'network-vif-plugged', 'status': 'completed', 'tag': '2d36fc10-614f-4417-a612-382eda04f26a', 'code': 200}
2026-05-09 02:49:11.833 10 INFO neutron.notifiers.nova [-] Nova event matching ['req-2724af1f-6577-4a81-b51e-e7d2c9a88b1e'] response: {'server_uuid': '75e67fbd-fbe7-46c3-ac35-774ed3a2129e', 'name': 'network-vif-deleted', 'tag': '2d36fc10-614f-4417-a612-382eda04f26a', 'status': 'completed', 'code': 200}
2026-05-09 02:49:13.162 9 INFO neutron.wsgi [-] 10.0.0.111 "GET / HTTP/1.1" status: 200 len: 247 time: 0.0016694
2026-05-09 02:49:13.165 10 INFO neutron.wsgi [-] 10.0.0.111 "GET / HTTP/1.1" status: 200 len: 247 time: 0.0032806 /var/lib/openstack/lib/python3.10/site-packages/pycadf/identifier.py:71: UserWarning: Invalid uuid: neutron. To ensure interoperability, identifiers should be a valid uuid. warnings.warn(('Invalid uuid: %s. To ensure interoperability, '
2026-05-09 02:49:15.229 10 INFO neutron.db.l3_db [None req-0ab7e269-635f-4a0a-9be1-0bf97f6ddc21 bdf2cd3bbd2948f4a53af6e7eb009f4c cf91d3bc6ed34c6b90d5ba057d0d8587 - - default default] Floating IP 986a0dae-1cc1-41ef-bd54-4a5b6e9fb25e disassociated (deleted). External IP: 10.96.250.204, port: 1d67b23f-3923-484b-92d9-5f3ed582ec97.
2026-05-09 02:49:15.344 10 INFO neutron.wsgi [None req-0ab7e269-635f-4a0a-9be1-0bf97f6ddc21 bdf2cd3bbd2948f4a53af6e7eb009f4c cf91d3bc6ed34c6b90d5ba057d0d8587 - - default default] 10.0.0.223 "DELETE /v2.0/floatingips/986a0dae-1cc1-41ef-bd54-4a5b6e9fb25e HTTP/1.1" status: 204 len: 168 time: 0.5198438 /var/lib/openstack/lib/python3.10/site-packages/pycadf/identifier.py:71: UserWarning: Invalid uuid: neutron. To ensure interoperability, identifiers should be a valid uuid. warnings.warn(('Invalid uuid: %s. To ensure interoperability, '
2026-05-09 02:49:15.380 9 INFO neutron.api.v2.resource [None req-0b0fb133-f285-4bea-8eda-f0297efa0765 bdf2cd3bbd2948f4a53af6e7eb009f4c cf91d3bc6ed34c6b90d5ba057d0d8587 - - default default] show failed (client error): The resource could not be found.
2026-05-09 02:49:15.381 9 INFO neutron.wsgi [None req-0b0fb133-f285-4bea-8eda-f0297efa0765 bdf2cd3bbd2948f4a53af6e7eb009f4c cf91d3bc6ed34c6b90d5ba057d0d8587 - - default default] 10.0.0.223 "GET /v2.0/floatingips/986a0dae-1cc1-41ef-bd54-4a5b6e9fb25e HTTP/1.1" status: 404 len: 345 time: 0.0298800
2026-05-09 02:49:15.390 10 INFO neutron.notifiers.nova [-] Nova event matching ['req-6680088c-bebc-4628-9591-a07c50a9a8e1'] response: {'name': 'network-changed', 'server_uuid': '2ed5dbf1-c8f3-4bfc-b0d2-a3b3b163ec0c', 'tag': '1d67b23f-3923-484b-92d9-5f3ed582ec97', 'status': 'completed', 'code': 200}
2026-05-09 02:49:15.451 10 INFO neutron.wsgi [req-8113ca9d-729b-4f9e-996c-bb80f3364871 req-bba3dc87-d361-4eab-a255-c939a140c3b8 ef09dd9a949f4bdfbe35f3e1e21c88dc d146927a6ee44321be9e00f207cea594 - - 5cbefcc8d7a04ad49654f2e15158ca36 5cbefcc8d7a04ad49654f2e15158ca36] 199.204.45.138 "GET /v2.0/ports?tenant_id=cf91d3bc6ed34c6b90d5ba057d0d8587&device_id=2ed5dbf1-c8f3-4bfc-b0d2-a3b3b163ec0c HTTP/1.1" status: 200 len: 1634 time: 0.0404909
2026-05-09 02:49:15.523 10 INFO neutron.wsgi [req-8113ca9d-729b-4f9e-996c-bb80f3364871 req-9aaee5b2-3141-4cd0-8f23-b8bbd6d8cb5f ef09dd9a949f4bdfbe35f3e1e21c88dc d146927a6ee44321be9e00f207cea594 - - 5cbefcc8d7a04ad49654f2e15158ca36 5cbefcc8d7a04ad49654f2e15158ca36] 199.204.45.138 "GET /v2.0/networks?id=3c8b1408-ed5e-420a-bc2b-2331e3bdb8c8 HTTP/1.1" status: 200 len: 1003 time: 0.0661640
2026-05-09 02:49:15.554 10 INFO neutron.wsgi [req-8113ca9d-729b-4f9e-996c-bb80f3364871 req-925dbf3d-92f9-47ff-bda7-3e848d7a7bdf ef09dd9a949f4bdfbe35f3e1e21c88dc d146927a6ee44321be9e00f207cea594 - - 5cbefcc8d7a04ad49654f2e15158ca36 5cbefcc8d7a04ad49654f2e15158ca36] 199.204.45.138 "GET /v2.0/floatingips?fixed_ip_address=10.2.1.151&port_id=1d67b23f-3923-484b-92d9-5f3ed582ec97 HTTP/1.1" status: 200 len: 217 time: 0.0255666
2026-05-09 02:49:15.583 10 INFO neutron.wsgi [req-8113ca9d-729b-4f9e-996c-bb80f3364871 req-8202c496-83d7-447f-8fe3-0ebb89fb81f4 ef09dd9a949f4bdfbe35f3e1e21c88dc d146927a6ee44321be9e00f207cea594 - - 5cbefcc8d7a04ad49654f2e15158ca36 5cbefcc8d7a04ad49654f2e15158ca36] 199.204.45.138 "GET /v2.0/floatingips?fixed_ip_address=fd7b%3Af9f7%3Afff%3A4eca%3A%3A30&port_id=1d67b23f-3923-484b-92d9-5f3ed582ec97 HTTP/1.1" status: 200 len: 217 time: 0.0214179
2026-05-09 02:49:15.609 9 INFO neutron.plugins.ml2.drivers.ovn.mech_driver.mech_driver [None req-7d293c66-7a4f-43d3-a26a-1d940f5875fc - - - - - -] OVN reports status down for port: 1d67b23f-3923-484b-92d9-5f3ed582ec97
2026-05-09 02:49:15.796 9 INFO neutron.notifiers.nova [-] Nova event matching ['req-257f2c81-acce-4bdc-abd0-cabaa9613495'] response: {'server_uuid': '2ed5dbf1-c8f3-4bfc-b0d2-a3b3b163ec0c', 'name': 'network-vif-unplugged', 'status': 'completed', 'tag': '1d67b23f-3923-484b-92d9-5f3ed582ec97', 'code': 200}
2026-05-09 02:49:15.923 10 INFO neutron.wsgi [req-8113ca9d-729b-4f9e-996c-bb80f3364871 req-cefd2f42-95e1-44a9-8b31-52414e6e5a86 ef09dd9a949f4bdfbe35f3e1e21c88dc d146927a6ee44321be9e00f207cea594 - - 5cbefcc8d7a04ad49654f2e15158ca36 5cbefcc8d7a04ad49654f2e15158ca36] 199.204.45.138 "GET /v2.0/subnets?id=044822ab-545c-4696-b099-c95bc2f7fb40&id=c3740cd0-d6d0-4078-a033-a5cfed75e169 HTTP/1.1" status: 200 len: 1561 time: 0.3318756
2026-05-09 02:49:15.952 10 INFO neutron.wsgi [req-608fd7d1-6594-4ce8-a7d5-9454a6eb796c req-2d7e21e7-d784-4bf6-89f4-5ec09d63c545 bdf2cd3bbd2948f4a53af6e7eb009f4c cf91d3bc6ed34c6b90d5ba057d0d8587 - - default default] 10.0.0.176 "GET /v2.0/ports?device_id=2ed5dbf1-c8f3-4bfc-b0d2-a3b3b163ec0c HTTP/1.1" status: 200 len: 1396 time: 0.4193048
2026-05-09 02:49:15.970 9 INFO neutron.db.ovn_revision_numbers_db [None req-7d293c66-7a4f-43d3-a26a-1d940f5875fc - - - - - -] Successfully bumped revision number for resource 1d67b23f-3923-484b-92d9-5f3ed582ec97 (type: ports) to 5
2026-05-09 02:49:15.973 10 INFO neutron.wsgi [req-8113ca9d-729b-4f9e-996c-bb80f3364871 req-313fddb3-c201-4469-832d-72736a68f983 ef09dd9a949f4bdfbe35f3e1e21c88dc d146927a6ee44321be9e00f207cea594 - - 5cbefcc8d7a04ad49654f2e15158ca36 5cbefcc8d7a04ad49654f2e15158ca36] 199.204.45.138 "GET /v2.0/ports?network_id=3c8b1408-ed5e-420a-bc2b-2331e3bdb8c8&device_owner=network%3Adhcp HTTP/1.1" status: 200 len: 210 time: 0.0415659
2026-05-09 02:49:16.012 10 INFO neutron.wsgi [req-8113ca9d-729b-4f9e-996c-bb80f3364871 req-eb48a133-b84a-4aaf-840c-6517a08ed8f2 ef09dd9a949f4bdfbe35f3e1e21c88dc d146927a6ee44321be9e00f207cea594 - - 5cbefcc8d7a04ad49654f2e15158ca36 5cbefcc8d7a04ad49654f2e15158ca36] 199.204.45.138 "GET /v2.0/ports?network_id=3c8b1408-ed5e-420a-bc2b-2331e3bdb8c8&device_owner=network%3Adhcp HTTP/1.1" status: 200 len: 210 time: 0.0301883
2026-05-09 02:49:16.038 10 INFO neutron.wsgi [req-608fd7d1-6594-4ce8-a7d5-9454a6eb796c req-06d18533-3c4f-4bb5-82c3-e9f5b92f7bae bdf2cd3bbd2948f4a53af6e7eb009f4c cf91d3bc6ed34c6b90d5ba057d0d8587 - - default default] 10.0.0.176 "GET /v2.0/security-groups?id=c3c3754d-a901-4d9b-9661-145caaf09f40&fields=id&fields=name HTTP/1.1" status: 200 len: 310 time: 0.0742612
2026-05-09 02:49:16.055 10 INFO neutron.wsgi [req-bc175ed0-1a4c-4d7d-b268-6f0f8552d8c9 req-5a086b88-f116-412b-8738-e8c6a6610122 bdf2cd3bbd2948f4a53af6e7eb009f4c cf91d3bc6ed34c6b90d5ba057d0d8587 - - default default] 199.204.45.138 "GET /v2.0/ports?device_id=2ed5dbf1-c8f3-4bfc-b0d2-a3b3b163ec0c HTTP/1.1" status: 200 len: 1394 time: 0.1711285
2026-05-09 02:49:16.113 10 INFO neutron.wsgi [req-8113ca9d-729b-4f9e-996c-bb80f3364871 req-3338145c-e83e-408c-af0f-aea5f1890c8b ef09dd9a949f4bdfbe35f3e1e21c88dc d146927a6ee44321be9e00f207cea594 - - 5cbefcc8d7a04ad49654f2e15158ca36 5cbefcc8d7a04ad49654f2e15158ca36] 199.204.45.138 "GET /v2.0/networks/3c8b1408-ed5e-420a-bc2b-2331e3bdb8c8?fields=segments HTTP/1.1" status: 200 len: 212 time: 0.0926819
2026-05-09 02:49:16.203 10 INFO neutron.wsgi [req-8113ca9d-729b-4f9e-996c-bb80f3364871 req-a5413947-b088-48d1-9021-c326d8c3591e ef09dd9a949f4bdfbe35f3e1e21c88dc d146927a6ee44321be9e00f207cea594 - - 5cbefcc8d7a04ad49654f2e15158ca36 5cbefcc8d7a04ad49654f2e15158ca36] 199.204.45.138 "GET /v2.0/networks/3c8b1408-ed5e-420a-bc2b-2331e3bdb8c8?fields=provider%3Aphysical_network&fields=provider%3Anetwork_type HTTP/1.1" status: 200 len: 277 time: 0.0849597
2026-05-09 02:49:16.411 10 INFO neutron.wsgi [req-bc175ed0-1a4c-4d7d-b268-6f0f8552d8c9 req-04e0947d-94ee-4834-afb4-0592f036bfd9 bdf2cd3bbd2948f4a53af6e7eb009f4c cf91d3bc6ed34c6b90d5ba057d0d8587 - - default default] 199.204.45.138 "DELETE /v2.0/ports/1d67b23f-3923-484b-92d9-5f3ed582ec97 HTTP/1.1" status: 204 len: 173 time: 0.3528826
2026-05-09 02:49:17.429 10 INFO neutron.notifiers.nova [-] Nova event matching ['req-55fb7386-75ed-438c-9cc3-39216c567aab'] response: {'server_uuid': '2ed5dbf1-c8f3-4bfc-b0d2-a3b3b163ec0c', 'name': 'network-vif-deleted', 'tag': '1d67b23f-3923-484b-92d9-5f3ed582ec97', 'status': 'completed', 'code': 200}
2026-05-09 02:49:17.836 9 INFO neutron.notifiers.nova [-] Nova event matching ['req-84200258-1647-4057-9ce2-937a873c88ea'] response: {'server_uuid': '2ed5dbf1-c8f3-4bfc-b0d2-a3b3b163ec0c', 'name': 'network-vif-plugged', 'status': 'completed', 'tag': '1d67b23f-3923-484b-92d9-5f3ed582ec97', 'code': 200}
2026-05-09 02:49:21.248 10 INFO neutron.wsgi [None req-943017dd-20e2-46d6-b2aa-b7686f33b9c1 bdf2cd3bbd2948f4a53af6e7eb009f4c cf91d3bc6ed34c6b90d5ba057d0d8587 - - default default] 10.0.0.223 "DELETE /v2.0/security-group-rules/bd13e356-34cb-4141-8e92-981711d43aae HTTP/1.1" status: 204 len: 168 time: 0.1446011
2026-05-09 02:49:21.264 10 INFO neutron.api.v2.resource [None req-cf8b8c37-9edb-4d1e-bdd4-ee8125a777a7 bdf2cd3bbd2948f4a53af6e7eb009f4c cf91d3bc6ed34c6b90d5ba057d0d8587 - - default default] show failed (client error): The resource could not be found.
2026-05-09 02:49:21.265 10 INFO neutron.wsgi [None req-cf8b8c37-9edb-4d1e-bdd4-ee8125a777a7 bdf2cd3bbd2948f4a53af6e7eb009f4c cf91d3bc6ed34c6b90d5ba057d0d8587 - - default default] 10.0.0.223 "GET /v2.0/security-group-rules/bd13e356-34cb-4141-8e92-981711d43aae HTTP/1.1" status: 404 len: 356 time: 0.0109184
2026-05-09 02:49:21.400 10 INFO neutron.wsgi [None req-060cd57c-9259-4cde-88d3-a693b082e015 bdf2cd3bbd2948f4a53af6e7eb009f4c cf91d3bc6ed34c6b90d5ba057d0d8587 - - default default] 10.0.0.223 "DELETE /v2.0/security-group-rules/fd07419a-b90d-4824-ae8f-203afc9ca93a HTTP/1.1" status: 204 len: 168 time: 0.1308355 /var/lib/openstack/lib/python3.10/site-packages/pycadf/identifier.py:71: UserWarning: Invalid uuid: neutron. To ensure interoperability, identifiers should be a valid uuid. warnings.warn(('Invalid uuid: %s. To ensure interoperability, '
2026-05-09 02:49:21.419 9 INFO neutron.api.v2.resource [None req-33580018-78e1-4fe1-8f21-a166020ce2a7 bdf2cd3bbd2948f4a53af6e7eb009f4c cf91d3bc6ed34c6b90d5ba057d0d8587 - - default default] show failed (client error): The resource could not be found.
2026-05-09 02:49:21.420 9 INFO neutron.wsgi [None req-33580018-78e1-4fe1-8f21-a166020ce2a7 bdf2cd3bbd2948f4a53af6e7eb009f4c cf91d3bc6ed34c6b90d5ba057d0d8587 - - default default] 10.0.0.223 "GET /v2.0/security-group-rules/fd07419a-b90d-4824-ae8f-203afc9ca93a HTTP/1.1" status: 404 len: 356 time: 0.0120642
2026-05-09 02:49:21.576 9 INFO neutron.wsgi [None req-631f8abe-f503-439e-90a2-4f5d974459ac bdf2cd3bbd2948f4a53af6e7eb009f4c cf91d3bc6ed34c6b90d5ba057d0d8587 - - default default] 10.0.0.223 "DELETE /v2.0/security-group-rules/4d045245-174c-4783-b98e-7b896e25887f HTTP/1.1" status: 204 len: 168 time: 0.1505365
2026-05-09 02:49:21.589 9 INFO neutron.api.v2.resource [None req-83c61694-d5c9-4b57-86d1-0b69f58e8a62 bdf2cd3bbd2948f4a53af6e7eb009f4c cf91d3bc6ed34c6b90d5ba057d0d8587 - - default default] show failed (client error): The resource could not be found.
2026-05-09 02:49:21.590 9 INFO neutron.wsgi [None req-83c61694-d5c9-4b57-86d1-0b69f58e8a62 bdf2cd3bbd2948f4a53af6e7eb009f4c cf91d3bc6ed34c6b90d5ba057d0d8587 - - default default] 10.0.0.223 "GET /v2.0/security-group-rules/4d045245-174c-4783-b98e-7b896e25887f HTTP/1.1" status: 404 len: 356 time: 0.0094883
2026-05-09 02:49:21.711 9 INFO neutron.wsgi [None req-91b43a70-372b-4028-a182-a1e18838c215 bdf2cd3bbd2948f4a53af6e7eb009f4c cf91d3bc6ed34c6b90d5ba057d0d8587 - - default default] 10.0.0.223 "DELETE /v2.0/security-group-rules/09c70b33-7600-4cb0-aea3-2d23f6e8e8f5 HTTP/1.1" status: 204 len: 168 time: 0.1171370
2026-05-09 02:49:21.726 9 INFO neutron.api.v2.resource [None req-b9d68d6d-1085-4528-810f-205905a7316f bdf2cd3bbd2948f4a53af6e7eb009f4c cf91d3bc6ed34c6b90d5ba057d0d8587 - - default default] show failed (client error): The resource could not be found.
2026-05-09 02:49:21.727 9 INFO neutron.wsgi [None req-b9d68d6d-1085-4528-810f-205905a7316f bdf2cd3bbd2948f4a53af6e7eb009f4c cf91d3bc6ed34c6b90d5ba057d0d8587 - - default default] 10.0.0.223 "GET /v2.0/security-group-rules/09c70b33-7600-4cb0-aea3-2d23f6e8e8f5 HTTP/1.1" status: 404 len: 356 time: 0.0117114
2026-05-09 02:49:21.856 9 INFO neutron.wsgi [None req-943e9f50-6dd4-42af-b701-0b69f3e354c7 bdf2cd3bbd2948f4a53af6e7eb009f4c cf91d3bc6ed34c6b90d5ba057d0d8587 - - default default] 10.0.0.223 "DELETE /v2.0/security-group-rules/878deda6-0157-406e-9413-c36a21d716ab HTTP/1.1" status: 204 len: 168 time: 0.1235473
2026-05-09 02:49:21.868 9 INFO neutron.api.v2.resource [None req-db56bfb0-2016-4993-b9ee-66d469385c38 bdf2cd3bbd2948f4a53af6e7eb009f4c cf91d3bc6ed34c6b90d5ba057d0d8587 - - default default] show failed (client error): The resource could not be found.
2026-05-09 02:49:21.870 9 INFO neutron.wsgi [None req-db56bfb0-2016-4993-b9ee-66d469385c38 bdf2cd3bbd2948f4a53af6e7eb009f4c cf91d3bc6ed34c6b90d5ba057d0d8587 - - default default] 10.0.0.223 "GET /v2.0/security-group-rules/878deda6-0157-406e-9413-c36a21d716ab HTTP/1.1" status: 404 len: 356 time: 0.0098627
2026-05-09 02:49:21.992 9 INFO neutron.wsgi [None req-ec955ef0-4a3c-4c6c-be74-033ad2d05f37 bdf2cd3bbd2948f4a53af6e7eb009f4c cf91d3bc6ed34c6b90d5ba057d0d8587 - - default default] 10.0.0.223 "DELETE /v2.0/security-group-rules/8c4f0168-07b6-4e47-9fc6-9e68ead40400 HTTP/1.1" status: 204 len: 168 time: 0.1187084
2026-05-09 02:49:22.005 9 INFO neutron.api.v2.resource [None req-c0a6da1e-1c6a-4ac6-a0e8-5b5b934546d5 bdf2cd3bbd2948f4a53af6e7eb009f4c cf91d3bc6ed34c6b90d5ba057d0d8587 - - default default] show failed (client error): The resource could not be found.
2026-05-09 02:49:22.007 9 INFO neutron.wsgi [None req-c0a6da1e-1c6a-4ac6-a0e8-5b5b934546d5 bdf2cd3bbd2948f4a53af6e7eb009f4c cf91d3bc6ed34c6b90d5ba057d0d8587 - - default default] 10.0.0.223 "GET /v2.0/security-group-rules/8c4f0168-07b6-4e47-9fc6-9e68ead40400 HTTP/1.1" status: 404 len: 356 time: 0.0090494
2026-05-09 02:49:22.135 10 INFO neutron.wsgi [None req-1fde5c6e-202d-4e94-a8d8-579fb0753485 bdf2cd3bbd2948f4a53af6e7eb009f4c cf91d3bc6ed34c6b90d5ba057d0d8587 - - default default] 10.0.0.223 "DELETE /v2.0/security-group-rules/8864f61f-ce0a-4a52-8ff1-941ae8563c39 HTTP/1.1" status: 204 len: 168 time: 0.1220126
2026-05-09 02:49:22.148 10 INFO neutron.api.v2.resource [None req-1fc413d4-8a4b-423d-888f-7a5d5f28c250 bdf2cd3bbd2948f4a53af6e7eb009f4c cf91d3bc6ed34c6b90d5ba057d0d8587 - - default default] show failed (client error): The resource could not be found.
2026-05-09 02:49:22.149 10 INFO neutron.wsgi [None req-1fc413d4-8a4b-423d-888f-7a5d5f28c250 bdf2cd3bbd2948f4a53af6e7eb009f4c cf91d3bc6ed34c6b90d5ba057d0d8587 - - default default] 10.0.0.223 "GET /v2.0/security-group-rules/8864f61f-ce0a-4a52-8ff1-941ae8563c39 HTTP/1.1" status: 404 len: 356 time: 0.0095525
2026-05-09 02:49:22.267 10 INFO neutron.wsgi [None req-1defcd79-d3a2-46e4-a059-979d6a788045 bdf2cd3bbd2948f4a53af6e7eb009f4c cf91d3bc6ed34c6b90d5ba057d0d8587 - - default default] 10.0.0.223 "DELETE /v2.0/security-group-rules/9d548026-b75b-4e6f-8d77-ec3121063a12 HTTP/1.1" status: 204 len: 168 time: 0.1133614
2026-05-09 02:49:22.279 10 INFO neutron.api.v2.resource [None req-def22541-f12d-4635-9e67-151fb04f22eb bdf2cd3bbd2948f4a53af6e7eb009f4c cf91d3bc6ed34c6b90d5ba057d0d8587 - - default default] show failed (client error): The resource could not be found.
2026-05-09 02:49:22.280 10 INFO neutron.wsgi [None req-def22541-f12d-4635-9e67-151fb04f22eb bdf2cd3bbd2948f4a53af6e7eb009f4c cf91d3bc6ed34c6b90d5ba057d0d8587 - - default default] 10.0.0.223 "GET /v2.0/security-group-rules/9d548026-b75b-4e6f-8d77-ec3121063a12 HTTP/1.1" status: 404 len: 356 time: 0.0086422
