+ COMMAND=start + start + for KEYSTONE_WSGI_SCRIPT in keystone-wsgi-public ++ type -p keystone-wsgi-public + cp -a /var/lib/openstack/bin/keystone-wsgi-public /var/www/cgi-bin/keystone/ + '[' -f /etc/apache2/envvars ']' + source /etc/apache2/envvars ++ unset HOME ++ '[' '' '!=' '' ']' ++ SUFFIX= ++ export APACHE_RUN_USER=www-data ++ APACHE_RUN_USER=www-data ++ export APACHE_RUN_GROUP=www-data ++ APACHE_RUN_GROUP=www-data ++ export APACHE_PID_FILE=/var/run/apache2/apache2.pid ++ APACHE_PID_FILE=/var/run/apache2/apache2.pid ++ export APACHE_RUN_DIR=/var/run/apache2 ++ APACHE_RUN_DIR=/var/run/apache2 ++ export APACHE_LOCK_DIR=/var/lock/apache2 ++ APACHE_LOCK_DIR=/var/lock/apache2 ++ export APACHE_LOG_DIR=/var/log/apache2 ++ APACHE_LOG_DIR=/var/log/apache2 ++ export LANG=C ++ LANG=C ++ export LANG + '[' -f /var/run/apache2/apache2.pid ']' + exec apache2 -DFOREGROUND AH00558: apache2: Could not reliably determine the server's fully qualified domain name, using 10.0.0.233. Set the 'ServerName' directive globally to suppress this message AH00558: apache2: Could not reliably determine the server's fully qualified domain name, using 10.0.0.233. Set the 'ServerName' directive globally to suppress this message
[Mon Apr 27 21:10:01.043651 2026] [mpm_event:notice] [pid 1:tid 140680384292736] AH00489: Apache/2.4.58 (Ubuntu) mod_wsgi/5.0.0 Python/3.12 configured -- resuming normal operations
[Mon Apr 27 21:10:01.043868 2026] [core:notice] [pid 1:tid 140680384292736] AH00094: Command line: 'apache2 -D FOREGROUND'
[Mon Apr 27 21:11:00.439451 2026] [wsgi:error] [pid 10:tid 140679747520192] /var/lib/openstack/lib/python3.12/site-packages/oslo_utils/importutils.py:77: EventletDeprecationWarning:
[Mon Apr 27 21:11:00.439518 2026] [wsgi:error] [pid 10:tid 140679747520192] Eventlet is deprecated. It is currently being maintained in bugfix mode, and
[Mon Apr 27 21:11:00.439520 2026] [wsgi:error] [pid 10:tid 140679747520192] we strongly recommend against using it for new projects.
[Mon Apr 27 21:11:00.439521 2026] [wsgi:error] [pid 10:tid 140679747520192]
[Mon Apr 27 21:11:00.439523 2026] [wsgi:error] [pid 10:tid 140679747520192] If you are already using Eventlet, we recommend migrating to a different
[Mon Apr 27 21:11:00.439524 2026] [wsgi:error] [pid 10:tid 140679747520192] framework. For more detail see
[Mon Apr 27 21:11:00.439525 2026] [wsgi:error] [pid 10:tid 140679747520192] https://eventlet.readthedocs.io/en/latest/asyncio/migration.html
[Mon Apr 27 21:11:00.439526 2026] [wsgi:error] [pid 10:tid 140679747520192]
[Mon Apr 27 21:11:00.439527 2026] [wsgi:error] [pid 10:tid 140679747520192] __import__(import_str)
[Mon Apr 27 21:11:00.447951 2026] [wsgi:error] [pid 9:tid 140679747520192] /var/lib/openstack/lib/python3.12/site-packages/oslo_utils/importutils.py:77: EventletDeprecationWarning:
[Mon Apr 27 21:11:00.447997 2026] [wsgi:error] [pid 9:tid 140679747520192] Eventlet is deprecated. It is currently being maintained in bugfix mode, and
[Mon Apr 27 21:11:00.448000 2026] [wsgi:error] [pid 9:tid 140679747520192] we strongly recommend against using it for new projects.
[Mon Apr 27 21:11:00.448001 2026] [wsgi:error] [pid 9:tid 140679747520192]
[Mon Apr 27 21:11:00.448003 2026] [wsgi:error] [pid 9:tid 140679747520192] If you are already using Eventlet, we recommend migrating to a different
[Mon Apr 27 21:11:00.448004 2026] [wsgi:error] [pid 9:tid 140679747520192] framework. For more detail see
[Mon Apr 27 21:11:00.448005 2026] [wsgi:error] [pid 9:tid 140679747520192] https://eventlet.readthedocs.io/en/latest/asyncio/migration.html
[Mon Apr 27 21:11:00.448007 2026] [wsgi:error] [pid 9:tid 140679747520192]
[Mon Apr 27 21:11:00.448008 2026] [wsgi:error] [pid 9:tid 140679747520192] __import__(import_str) 10.0.0.88 - - [27/Apr/2026:21:10:59 +0000] "GET /v3/ HTTP/1.1" 200 250 10.0.0.88 - - [27/Apr/2026:21:10:59 +0000] "GET /v3/ HTTP/1.1" 200 250
[Mon Apr 27 21:11:05.969609 2026] [wsgi:error] [pid 11:tid 140679747520192] /var/lib/openstack/lib/python3.12/site-packages/oslo_utils/importutils.py:77: EventletDeprecationWarning:
[Mon Apr 27 21:11:05.969652 2026] [wsgi:error] [pid 11:tid 140679747520192] Eventlet is deprecated. It is currently being maintained in bugfix mode, and
[Mon Apr 27 21:11:05.969654 2026] [wsgi:error] [pid 11:tid 140679747520192] we strongly recommend against using it for new projects.
[Mon Apr 27 21:11:05.969655 2026] [wsgi:error] [pid 11:tid 140679747520192]
[Mon Apr 27 21:11:05.969656 2026] [wsgi:error] [pid 11:tid 140679747520192] If you are already using Eventlet, we recommend migrating to a different
[Mon Apr 27 21:11:05.969657 2026] [wsgi:error] [pid 11:tid 140679747520192] framework. For more detail see
[Mon Apr 27 21:11:05.969658 2026] [wsgi:error] [pid 11:tid 140679747520192] https://eventlet.readthedocs.io/en/latest/asyncio/migration.html
[Mon Apr 27 21:11:05.969659 2026] [wsgi:error] [pid 11:tid 140679747520192]
[Mon Apr 27 21:11:05.969660 2026] [wsgi:error] [pid 11:tid 140679747520192] __import__(import_str) 10.0.0.88 - - [27/Apr/2026:21:11:05 +0000] "GET /v3/ HTTP/1.1" 200 250
[Mon Apr 27 21:11:13.763894 2026] [wsgi:error] [pid 12:tid 140679747520192] /var/lib/openstack/lib/python3.12/site-packages/oslo_utils/importutils.py:77: EventletDeprecationWarning:
[Mon Apr 27 21:11:13.763935 2026] [wsgi:error] [pid 12:tid 140679747520192] Eventlet is deprecated. It is currently being maintained in bugfix mode, and
[Mon Apr 27 21:11:13.763937 2026] [wsgi:error] [pid 12:tid 140679747520192] we strongly recommend against using it for new projects.
[Mon Apr 27 21:11:13.763939 2026] [wsgi:error] [pid 12:tid 140679747520192]
[Mon Apr 27 21:11:13.763940 2026] [wsgi:error] [pid 12:tid 140679747520192] If you are already using Eventlet, we recommend migrating to a different
[Mon Apr 27 21:11:13.763941 2026] [wsgi:error] [pid 12:tid 140679747520192] framework. For more detail see
[Mon Apr 27 21:11:13.763942 2026] [wsgi:error] [pid 12:tid 140679747520192] https://eventlet.readthedocs.io/en/latest/asyncio/migration.html
[Mon Apr 27 21:11:13.763944 2026] [wsgi:error] [pid 12:tid 140679747520192]
[Mon Apr 27 21:11:13.763945 2026] [wsgi:error] [pid 12:tid 140679747520192] __import__(import_str) 10.0.0.248 - - [27/Apr/2026:21:11:12 +0000] "GET / HTTP/1.1" 300 295
[Mon Apr 27 21:11:18.379767 2026] [wsgi:error] [pid 9:tid 140679747520192] [remote 10.0.0.248:33104] 2026-04-27 21:11:18.376 9 WARNING keystone.identity.core [None req-2badf21e-c972-4d39-800d-24ad2de337d6 - - - - - -] Invalid domain name (atmosphere) found in config file name: keystone.exception.DomainNotFound: Could not find domain: atmosphere.
[Mon Apr 27 21:11:18.436617 2026] [wsgi:error] [pid 9:tid 140679747520192] [remote 10.0.0.248:33104] 2026-04-27 21:11:18.436 9 WARNING keystone.common.password_hashing [None req-2badf21e-c972-4d39-800d-24ad2de337d6 - - - - - -] Truncating password to algorithm specific maximum length 72 characters.
[Mon Apr 27 21:11:18.723128 2026] [wsgi:error] [pid 9:tid 140679747520192] [remote 10.0.0.248:33104] 2026-04-27 21:11:18.722 9 WARNING keystone.common.fernet_utils [None req-2badf21e-c972-4d39-800d-24ad2de337d6 - - - - - -] key_repository is world readable: /etc/keystone/fernet-keys/ 10.0.0.248 - - [27/Apr/2026:21:11:18 +0000] "POST /v3/auth/tokens HTTP/1.1" 201 1359
[Mon Apr 27 21:11:19.068723 2026] [wsgi:error] [pid 10:tid 140679747520192] [remote 10.0.0.248:33104] 2026-04-27 21:11:19.066 10 WARNING keystone.identity.core [None req-e35fc6ff-7df0-49e6-9cef-74d8c2d1eec3 - - - - - -] Invalid domain name (atmosphere) found in config file name: keystone.exception.DomainNotFound: Could not find domain: atmosphere. 10.0.0.248 - - [27/Apr/2026:21:11:18 +0000] "POST /v3/domains HTTP/1.1" 201 261 10.0.0.121 - - [27/Apr/2026:21:11:30 +0000] "GET / HTTP/1.1" 300 295
[Mon Apr 27 21:11:30.327179 2026] [wsgi:error] [pid 12:tid 140679747520192] [remote 10.0.0.121:42474] 2026-04-27 21:11:30.326 12 WARNING keystone.common.password_hashing [None req-66d0df2c-4f3c-48dc-8af6-364a5809414b - - - - - -] Truncating password to algorithm specific maximum length 72 characters.
[Mon Apr 27 21:11:30.618152 2026] [wsgi:error] [pid 12:tid 140679747520192] [remote 10.0.0.121:42474] 2026-04-27 21:11:30.617 12 WARNING keystone.common.fernet_utils [None req-66d0df2c-4f3c-48dc-8af6-364a5809414b - - - - - -] key_repository is world readable: /etc/keystone/fernet-keys/ 10.0.0.121 - - [27/Apr/2026:21:11:30 +0000] "POST /v3/auth/tokens HTTP/1.1" 201 1359 10.0.0.121 - - [27/Apr/2026:21:11:30 +0000] "GET /v3/roles/admin HTTP/1.1" 404 83
[Mon Apr 27 21:11:30.838049 2026] [wsgi:error] [pid 10:tid 140679747520192] [remote 10.0.0.121:42474] 2026-04-27 21:11:30.837 10 WARNING keystone.common.rbac_enforcer.enforcer [None req-7ee4f04b-de66-48f8-a3e2-f9f813279c36 1997ecba38874e588dbcfb98aeced90c a7eac45ff7ae4335b9de846dd2a993a9 - - default default] Deprecated policy rules found. Use oslopolicy-policy-generator and oslopolicy-policy-upgrade to detect and resolve deprecated policies in your configuration. 10.0.0.121 - - [27/Apr/2026:21:11:30 +0000] "GET /v3/roles?name=admin HTTP/1.1" 200 389
[Mon Apr 27 21:11:31.208161 2026] [wsgi:error] [pid 11:tid 140679747520192] [remote 10.0.0.121:42474] 2026-04-27 21:11:31.207 11 WARNING keystone.common.rbac_enforcer.enforcer [None req-ea74eafc-f349-4e5e-8ecd-b5789e7008c9 1997ecba38874e588dbcfb98aeced90c a7eac45ff7ae4335b9de846dd2a993a9 - - default default] Deprecated policy rules found. Use oslopolicy-policy-generator and oslopolicy-policy-upgrade to detect and resolve deprecated policies in your configuration. 10.0.0.121 - - [27/Apr/2026:21:11:30 +0000] "GET /v3/users/admin-RegionOne HTTP/1.1" 404 93
[Mon Apr 27 21:11:31.353098 2026] [wsgi:error] [pid 12:tid 140679747520192] [remote 10.0.0.121:42474] 2026-04-27 21:11:31.352 12 WARNING keystone.common.rbac_enforcer.enforcer [None req-7ceec64b-51d2-46b3-9cd8-34becd024868 1997ecba38874e588dbcfb98aeced90c a7eac45ff7ae4335b9de846dd2a993a9 - - default default] Deprecated policy rules found. Use oslopolicy-policy-generator and oslopolicy-policy-upgrade to detect and resolve deprecated policies in your configuration. 10.0.0.121 - - [27/Apr/2026:21:11:31 +0000] "GET /v3/users?name=admin-RegionOne HTTP/1.1" 200 422
[Mon Apr 27 21:11:31.663760 2026] [wsgi:error] [pid 9:tid 140679747520192] [remote 10.0.0.121:42474] 2026-04-27 21:11:31.663 9 WARNING keystone.common.rbac_enforcer.enforcer [None req-c2744a81-6d92-48ae-983f-7695c06e790a 1997ecba38874e588dbcfb98aeced90c a7eac45ff7ae4335b9de846dd2a993a9 - - default default] Deprecated policy rules found. Use oslopolicy-policy-generator and oslopolicy-policy-upgrade to detect and resolve deprecated policies in your configuration. 10.0.0.121 - - [27/Apr/2026:21:11:31 +0000] "GET /v3/domains/default HTTP/1.1" 200 224 10.0.0.121 - - [27/Apr/2026:21:11:31 +0000] "PUT /v3/domains/default/users/1997ecba38874e588dbcfb98aeced90c/roles/b4153ef0d6c24101a0f80d7426b76864 HTTP/1.1" 204 - 10.0.0.88 - - [27/Apr/2026:21:11:41 +0000] "GET / HTTP/1.1" 300 280 10.0.0.88 - - [27/Apr/2026:21:11:43 +0000] "GET /v3 HTTP/1.1" 200 265
[Mon Apr 27 21:11:43.226356 2026] [wsgi:error] [pid 9:tid 140679747520192] [remote 10.0.0.88:40988] 2026-04-27 21:11:43.226 9 WARNING keystone.common.password_hashing [None req-13a9e94b-bccb-48eb-b2e8-444213d97f83 - - - - - -] Truncating password to algorithm specific maximum length 72 characters.
[Mon Apr 27 21:11:43.501045 2026] [wsgi:error] [pid 9:tid 140679747520192] [remote 10.0.0.88:40988] 2026-04-27 21:11:43.500 9 WARNING keystone.common.fernet_utils [None req-13a9e94b-bccb-48eb-b2e8-444213d97f83 - - - - - -] key_repository is world readable: /etc/keystone/fernet-keys/ 10.0.0.88 - - [27/Apr/2026:21:11:43 +0000] "POST /v3/auth/tokens HTTP/1.1" 201 1359 10.0.0.88 - - [27/Apr/2026:21:11:43 +0000] "GET / HTTP/1.1" 300 280 10.0.0.88 - - [27/Apr/2026:21:11:43 +0000] "GET /v3/domains/atmosphere HTTP/1.1" 404 90 10.0.0.88 - - [27/Apr/2026:21:11:43 +0000] "GET /v3/domains?name=atmosphere HTTP/1.1" 200 368 10.0.0.88 - - [27/Apr/2026:21:11:43 +0000] "GET /v3/domains/263aa1214188480dbbf76aed7f2729a2 HTTP/1.1" 200 246 10.0.0.88 - - [27/Apr/2026:21:11:44 +0000] "GET /v3 HTTP/1.1" 200 265
[Mon Apr 27 21:11:44.765937 2026] [wsgi:error] [pid 11:tid 140679747520192] [remote 10.0.0.88:40988] 2026-04-27 21:11:44.765 11 WARNING keystone.common.password_hashing [None req-d5c0f4f7-ae01-435c-93fc-60a671bc6d67 - - - - - -] Truncating password to algorithm specific maximum length 72 characters.
[Mon Apr 27 21:11:45.037664 2026] [wsgi:error] [pid 11:tid 140679747520192] [remote 10.0.0.88:40988] 2026-04-27 21:11:45.037 11 WARNING keystone.common.fernet_utils [None req-d5c0f4f7-ae01-435c-93fc-60a671bc6d67 - - - - - -] key_repository is world readable: /etc/keystone/fernet-keys/ 10.0.0.88 - - [27/Apr/2026:21:11:44 +0000] "POST /v3/auth/tokens HTTP/1.1" 201 1359 10.0.0.88 - - [27/Apr/2026:21:11:45 +0000] "GET / HTTP/1.1" 300 280 10.0.0.88 - - [27/Apr/2026:21:11:45 +0000] "GET /v3/OS-FEDERATION/identity_providers/atmosphere HTTP/1.1" 404 101 10.0.0.88 - - [27/Apr/2026:21:11:45 +0000] "GET /v3/OS-FEDERATION/identity_providers HTTP/1.1" 200 155 10.0.0.88 - - [27/Apr/2026:21:11:45 +0000] "PUT /v3/OS-FEDERATION/identity_providers/atmosphere HTTP/1.1" 201 340 10.0.0.88 - - [27/Apr/2026:21:11:45 +0000] "GET /v3 HTTP/1.1" 200 265
[Mon Apr 27 21:11:45.984607 2026] [wsgi:error] [pid 9:tid 140679747520192] [remote 10.0.0.88:40988] 2026-04-27 21:11:45.984 9 WARNING keystone.common.password_hashing [None req-c95e3c34-0748-4aef-8eb1-a7aeb57419bf - - - - - -] Truncating password to algorithm specific maximum length 72 characters.
[Mon Apr 27 21:11:46.252473 2026] [wsgi:error] [pid 9:tid 140679747520192] [remote 10.0.0.88:40988] 2026-04-27 21:11:46.252 9 WARNING keystone.common.fernet_utils [None req-c95e3c34-0748-4aef-8eb1-a7aeb57419bf - - - - - -] key_repository is world readable: /etc/keystone/fernet-keys/ 10.0.0.88 - - [27/Apr/2026:21:11:45 +0000] "POST /v3/auth/tokens HTTP/1.1" 201 1359 10.0.0.88 - - [27/Apr/2026:21:11:46 +0000] "GET / HTTP/1.1" 300 280 10.0.0.88 - - [27/Apr/2026:21:11:46 +0000] "GET /v3/OS-FEDERATION/mappings/atmosphere-openid HTTP/1.1" 404 98 10.0.0.88 - - [27/Apr/2026:21:11:46 +0000] "GET /v3/OS-FEDERATION/mappings HTTP/1.1" 200 135 10.0.0.88 - - [27/Apr/2026:21:11:46 +0000] "PUT /v3/OS-FEDERATION/mappings/atmosphere-openid HTTP/1.1" 201 356 10.0.0.88 - - [27/Apr/2026:21:11:47 +0000] "GET /v3 HTTP/1.1" 200 265
[Mon Apr 27 21:11:47.137188 2026] [wsgi:error] [pid 11:tid 140679747520192] [remote 10.0.0.88:59262] 2026-04-27 21:11:47.136 11 WARNING keystone.common.password_hashing [None req-7e08c866-747e-4201-8173-4a9fb19411ed - - - - - -] Truncating password to algorithm specific maximum length 72 characters.
[Mon Apr 27 21:11:47.413134 2026] [wsgi:error] [pid 11:tid 140679747520192] [remote 10.0.0.88:59262] 2026-04-27 21:11:47.412 11 WARNING keystone.common.fernet_utils [None req-7e08c866-747e-4201-8173-4a9fb19411ed - - - - - -] key_repository is world readable: /etc/keystone/fernet-keys/ 10.0.0.88 - - [27/Apr/2026:21:11:47 +0000] "POST /v3/auth/tokens HTTP/1.1" 201 1359 10.0.0.88 - - [27/Apr/2026:21:11:47 +0000] "GET / HTTP/1.1" 300 280 10.0.0.88 - - [27/Apr/2026:21:11:47 +0000] "GET /v3/OS-FEDERATION/identity_providers/atmosphere/protocols/openid?idp_id=atmosphere HTTP/1.1" 404 131 10.0.0.88 - - [27/Apr/2026:21:11:47 +0000] "GET /v3/OS-FEDERATION/identity_providers/atmosphere/protocols HTTP/1.1" 200 167 10.0.0.88 - - [27/Apr/2026:21:11:47 +0000] "PUT /v3/OS-FEDERATION/identity_providers/atmosphere/protocols/openid HTTP/1.1" 201 222 10.0.0.88 - - [27/Apr/2026:21:11:59 +0000] "GET /v3/ HTTP/1.1" 200 250 10.0.0.88 - - [27/Apr/2026:21:11:59 +0000] "GET /v3/ HTTP/1.1" 200 250 10.0.0.88 - - [27/Apr/2026:21:12:59 +0000] "GET /v3/ HTTP/1.1" 200 250 10.0.0.88 - - [27/Apr/2026:21:12:59 +0000] "GET /v3/ HTTP/1.1" 200 250 10.0.0.189 - - [27/Apr/2026:21:13:12 +0000] "GET / HTTP/1.1" 300 295
[Mon Apr 27 21:13:12.144335 2026] [wsgi:error] [pid 9:tid 140679747520192] [remote 10.0.0.189:56814] 2026-04-27 21:13:12.144 9 WARNING keystone.common.password_hashing [None req-459b2f64-4c93-4c9c-988c-aa5beb5a7ed9 - - - - - -] Truncating password to algorithm specific maximum length 72 characters.
[Mon Apr 27 21:13:12.422352 2026] [wsgi:error] [pid 9:tid 140679747520192] [remote 10.0.0.189:56814] 2026-04-27 21:13:12.422 9 WARNING keystone.common.fernet_utils [None req-459b2f64-4c93-4c9c-988c-aa5beb5a7ed9 - - - - - -] key_repository is world readable: /etc/keystone/fernet-keys/ 10.0.0.189 - - [27/Apr/2026:21:13:12 +0000] "POST /v3/auth/tokens HTTP/1.1" 201 1359 10.0.0.189 - - [27/Apr/2026:21:13:12 +0000] "GET /v3/services HTTP/1.1" 200 355 10.0.0.189 - - [27/Apr/2026:21:13:16 +0000] "GET / HTTP/1.1" 300 295
[Mon Apr 27 21:13:16.024835 2026] [wsgi:error] [pid 12:tid 140679747520192] [remote 10.0.0.189:44262] 2026-04-27 21:13:16.024 12 WARNING keystone.common.password_hashing [None req-0f37a7bd-b5bc-49b5-a99a-cb39f0a8e966 - - - - - -] Truncating password to algorithm specific maximum length 72 characters.
[Mon Apr 27 21:13:16.305414 2026] [wsgi:error] [pid 12:tid 140679747520192] [remote 10.0.0.189:44262] 2026-04-27 21:13:16.305 12 WARNING keystone.common.fernet_utils [None req-0f37a7bd-b5bc-49b5-a99a-cb39f0a8e966 - - - - - -] key_repository is world readable: /etc/keystone/fernet-keys/ 10.0.0.189 - - [27/Apr/2026:21:13:16 +0000] "POST /v3/auth/tokens HTTP/1.1" 201 1359 10.0.0.189 - - [27/Apr/2026:21:13:16 +0000] "GET /v3/services HTTP/1.1" 200 355 10.0.0.189 - - [27/Apr/2026:21:13:19 +0000] "GET / HTTP/1.1" 300 295
[Mon Apr 27 21:13:19.981289 2026] [wsgi:error] [pid 11:tid 140679747520192] [remote 10.0.0.189:44266] 2026-04-27 21:13:19.981 11 WARNING keystone.common.password_hashing [None req-f7602ae5-ce77-4eb5-bec9-e47286bba79c - - - - - -] Truncating password to algorithm specific maximum length 72 characters.
[Mon Apr 27 21:13:20.258102 2026] [wsgi:error] [pid 11:tid 140679747520192] [remote 10.0.0.189:44266] 2026-04-27 21:13:20.257 11 WARNING keystone.common.fernet_utils [None req-f7602ae5-ce77-4eb5-bec9-e47286bba79c - - - - - -] key_repository is world readable: /etc/keystone/fernet-keys/ 10.0.0.189 - - [27/Apr/2026:21:13:19 +0000] "POST /v3/auth/tokens HTTP/1.1" 201 1359 10.0.0.189 - - [27/Apr/2026:21:13:20 +0000] "GET /v3/services HTTP/1.1" 200 355 10.0.0.189 - - [27/Apr/2026:21:13:23 +0000] "GET / HTTP/1.1" 300 295
[Mon Apr 27 21:13:23.745823 2026] [wsgi:error] [pid 10:tid 140679747520192] [remote 10.0.0.189:44274] 2026-04-27 21:13:23.745 10 WARNING keystone.common.password_hashing [None req-d65a8a07-c3ba-40d9-8a63-ef2d6008a1b0 - - - - - -] Truncating password to algorithm specific maximum length 72 characters.
[Mon Apr 27 21:13:24.029182 2026] [wsgi:error] [pid 10:tid 140679747520192] [remote 10.0.0.189:44274] 2026-04-27 21:13:24.028 10 WARNING keystone.common.fernet_utils [None req-d65a8a07-c3ba-40d9-8a63-ef2d6008a1b0 - - - - - -] key_repository is world readable: /etc/keystone/fernet-keys/ 10.0.0.189 - - [27/Apr/2026:21:13:23 +0000] "POST /v3/auth/tokens HTTP/1.1" 201 1359 10.0.0.189 - - [27/Apr/2026:21:13:24 +0000] "POST /v3/services HTTP/1.1" 201 296 10.0.0.80 - - [27/Apr/2026:21:13:35 +0000] "GET / HTTP/1.1" 300 295
[Mon Apr 27 21:13:35.404768 2026] [wsgi:error] [pid 9:tid 140679747520192] [remote 10.0.0.80:38542] 2026-04-27 21:13:35.404 9 WARNING keystone.common.password_hashing [None req-849b9d79-d57d-4554-8b02-4e37c423813f - - - - - -] Truncating password to algorithm specific maximum length 72 characters. 10.0.0.80 - - [27/Apr/2026:21:13:35 +0000] "GET / HTTP/1.1" 300 295
[Mon Apr 27 21:13:35.574260 2026] [wsgi:error] [pid 11:tid 140679747520192] [remote 10.0.0.80:38554] 2026-04-27 21:13:35.573 11 WARNING keystone.common.password_hashing [None req-b4366877-b01a-4c91-a63f-b8cce9738ebe - - - - - -] Truncating password to algorithm specific maximum length 72 characters. 10.0.0.80 - - [27/Apr/2026:21:13:35 +0000] "GET / HTTP/1.1" 300 295
[Mon Apr 27 21:13:35.664745 2026] [wsgi:error] [pid 10:tid 140679747520192] [remote 10.0.0.80:38564] 2026-04-27 21:13:35.664 10 WARNING keystone.common.password_hashing [None req-98fd6aa6-81e1-4e99-ae77-55fb04344117 - - - - - -] Truncating password to algorithm specific maximum length 72 characters.
[Mon Apr 27 21:13:35.677497 2026] [wsgi:error] [pid 9:tid 140679747520192] [remote 10.0.0.80:38542] 2026-04-27 21:13:35.677 9 WARNING keystone.common.fernet_utils [None req-849b9d79-d57d-4554-8b02-4e37c423813f - - - - - -] key_repository is world readable: /etc/keystone/fernet-keys/ 10.0.0.80 - - [27/Apr/2026:21:13:35 +0000] "POST /v3/auth/tokens HTTP/1.1" 201 1463 10.0.0.80 - - [27/Apr/2026:21:13:35 +0000] "GET /v3/services HTTP/1.1" 200 639
[Mon Apr 27 21:13:35.876310 2026] [wsgi:error] [pid 11:tid 140679747520192] [remote 10.0.0.80:38554] 2026-04-27 21:13:35.876 11 WARNING keystone.common.fernet_utils [None req-b4366877-b01a-4c91-a63f-b8cce9738ebe - - - - - -] key_repository is world readable: /etc/keystone/fernet-keys/ 10.0.0.80 - - [27/Apr/2026:21:13:35 +0000] "POST /v3/auth/tokens HTTP/1.1" 201 1463
[Mon Apr 27 21:13:35.952223 2026] [wsgi:error] [pid 10:tid 140679747520192] [remote 10.0.0.80:38564] 2026-04-27 21:13:35.952 10 WARNING keystone.common.fernet_utils [None req-98fd6aa6-81e1-4e99-ae77-55fb04344117 - - - - - -] key_repository is world readable: /etc/keystone/fernet-keys/ 10.0.0.80 - - [27/Apr/2026:21:13:35 +0000] "POST /v3/auth/tokens HTTP/1.1" 201 1463 10.0.0.80 - - [27/Apr/2026:21:13:35 +0000] "GET /v3/services HTTP/1.1" 200 639 10.0.0.80 - - [27/Apr/2026:21:13:36 +0000] "GET /v3/services HTTP/1.1" 200 639 10.0.0.80 - - [27/Apr/2026:21:13:37 +0000] "GET / HTTP/1.1" 300 295
[Mon Apr 27 21:13:37.254140 2026] [wsgi:error] [pid 10:tid 140679747520192] [remote 10.0.0.80:38574] 2026-04-27 21:13:37.253 10 WARNING keystone.common.password_hashing [None req-32b34727-a037-4077-b664-66b585cbd7bc - - - - - -] Truncating password to algorithm specific maximum length 72 characters. 10.0.0.80 - - [27/Apr/2026:21:13:37 +0000] "GET / HTTP/1.1" 300 295
[Mon Apr 27 21:13:37.404566 2026] [wsgi:error] [pid 12:tid 140679747520192] [remote 10.0.0.80:38580] 2026-04-27 21:13:37.404 12 WARNING keystone.common.password_hashing [None req-e3421105-fa7d-408e-a6ed-429af5fb7a10 - - - - - -] Truncating password to algorithm specific maximum length 72 characters.
[Mon Apr 27 21:13:37.535307 2026] [wsgi:error] [pid 10:tid 140679747520192] [remote 10.0.0.80:38574] 2026-04-27 21:13:37.534 10 WARNING keystone.common.fernet_utils [None req-32b34727-a037-4077-b664-66b585cbd7bc - - - - - -] key_repository is world readable: /etc/keystone/fernet-keys/ 10.0.0.80 - - [27/Apr/2026:21:13:37 +0000] "POST /v3/auth/tokens HTTP/1.1" 201 1463 10.0.0.80 - - [27/Apr/2026:21:13:37 +0000] "GET / HTTP/1.1" 300 295
[Mon Apr 27 21:13:37.567852 2026] [wsgi:error] [pid 9:tid 140679747520192] [remote 10.0.0.80:38588] 2026-04-27 21:13:37.567 9 WARNING keystone.common.password_hashing [None req-889b9525-4581-47d9-9fa9-510b5df1faf5 - - - - - -] Truncating password to algorithm specific maximum length 72 characters.
[Mon Apr 27 21:13:37.684243 2026] [wsgi:error] [pid 12:tid 140679747520192] [remote 10.0.0.80:38580] 2026-04-27 21:13:37.683 12 WARNING keystone.common.fernet_utils [None req-e3421105-fa7d-408e-a6ed-429af5fb7a10 - - - - - -] key_repository is world readable: /etc/keystone/fernet-keys/ 10.0.0.80 - - [27/Apr/2026:21:13:37 +0000] "GET /v3/endpoints HTTP/1.1" 200 1226 10.0.0.80 - - [27/Apr/2026:21:13:37 +0000] "POST /v3/auth/tokens HTTP/1.1" 201 1463 10.0.0.80 - - [27/Apr/2026:21:13:37 +0000] "GET /v3/services/56a94e2235f94c7bbdc99cfaf89293ce HTTP/1.1" 200 233 10.0.0.80 - - [27/Apr/2026:21:13:37 +0000] "GET /v3/services/56a94e2235f94c7bbdc99cfaf89293ce HTTP/1.1" 200 233 10.0.0.80 - - [27/Apr/2026:21:13:37 +0000] "GET /v3/services/56a94e2235f94c7bbdc99cfaf89293ce HTTP/1.1" 200 233 10.0.0.80 - - [27/Apr/2026:21:13:37 +0000] "GET /v3/endpoints HTTP/1.1" 200 1226 10.0.0.80 - - [27/Apr/2026:21:13:37 +0000] "GET /v3/services/56a94e2235f94c7bbdc99cfaf89293ce HTTP/1.1" 200 233
[Mon Apr 27 21:13:37.866412 2026] [wsgi:error] [pid 9:tid 140679747520192] [remote 10.0.0.80:38588] 2026-04-27 21:13:37.866 9 WARNING keystone.common.fernet_utils [None req-889b9525-4581-47d9-9fa9-510b5df1faf5 - - - - - -] key_repository is world readable: /etc/keystone/fernet-keys/ 10.0.0.80 - - [27/Apr/2026:21:13:37 +0000] "GET /v3/services/56a94e2235f94c7bbdc99cfaf89293ce HTTP/1.1" 200 233 10.0.0.80 - - [27/Apr/2026:21:13:37 +0000] "POST /v3/auth/tokens HTTP/1.1" 201 1463 10.0.0.80 - - [27/Apr/2026:21:13:37 +0000] "GET /v3/services/56a94e2235f94c7bbdc99cfaf89293ce HTTP/1.1" 200 233 10.0.0.80 - - [27/Apr/2026:21:13:37 +0000] "GET /v3/endpoints HTTP/1.1" 200 1226 10.0.0.80 - - [27/Apr/2026:21:13:38 +0000] "GET /v3/services/56a94e2235f94c7bbdc99cfaf89293ce HTTP/1.1" 200 233 10.0.0.80 - - [27/Apr/2026:21:13:38 +0000] "GET /v3/services/56a94e2235f94c7bbdc99cfaf89293ce HTTP/1.1" 200 233 10.0.0.80 - - [27/Apr/2026:21:13:38 +0000] "GET /v3/services/56a94e2235f94c7bbdc99cfaf89293ce HTTP/1.1" 200 233 10.0.0.80 - - [27/Apr/2026:21:13:39 +0000] "GET / HTTP/1.1" 300 295
[Mon Apr 27 21:13:39.123112 2026] [wsgi:error] [pid 12:tid 140679747520192] [remote 10.0.0.80:38594] 2026-04-27 21:13:39.122 12 WARNING keystone.common.password_hashing [None req-573b0988-38d5-4875-9713-87e2b63e2eb5 - - - - - -] Truncating password to algorithm specific maximum length 72 characters.
[Mon Apr 27 21:13:39.396372 2026] [wsgi:error] [pid 12:tid 140679747520192] [remote 10.0.0.80:38594] 2026-04-27 21:13:39.396 12 WARNING keystone.common.fernet_utils [None req-573b0988-38d5-4875-9713-87e2b63e2eb5 - - - - - -] key_repository is world readable: /etc/keystone/fernet-keys/ 10.0.0.80 - - [27/Apr/2026:21:13:39 +0000] "POST /v3/auth/tokens HTTP/1.1" 201 1463 10.0.0.80 - - [27/Apr/2026:21:13:39 +0000] "GET / HTTP/1.1" 300 295 10.0.0.80 - - [27/Apr/2026:21:13:39 +0000] "GET / HTTP/1.1" 300 295
[Mon Apr 27 21:13:39.441966 2026] [wsgi:error] [pid 11:tid 140679747520192] [remote 10.0.0.80:38596] 2026-04-27 21:13:39.441 11 WARNING keystone.common.password_hashing [None req-544c4bb9-2dee-47c7-b0b3-fd5f4fbd388b - - - - - -] Truncating password to algorithm specific maximum length 72 characters.
[Mon Apr 27 21:13:39.471775 2026] [wsgi:error] [pid 12:tid 140679747520192] [remote 10.0.0.80:38610] 2026-04-27 21:13:39.471 12 WARNING keystone.common.password_hashing [None req-971c14f0-3cf7-498c-8cf7-890cc84525c1 - - - - - -] Truncating password to algorithm specific maximum length 72 characters. 10.0.0.80 - - [27/Apr/2026:21:13:39 +0000] "GET /v3/services/49f591acc1c0476e87f5efc791a92aee HTTP/1.1" 200 296 10.0.0.80 - - [27/Apr/2026:21:13:39 +0000] "GET /v3/regions/RegionOne HTTP/1.1" 200 173 10.0.0.80 - - [27/Apr/2026:21:13:39 +0000] "POST /v3/endpoints HTTP/1.1" 201 380
[Mon Apr 27 21:13:39.715650 2026] [wsgi:error] [pid 11:tid 140679747520192] [remote 10.0.0.80:38596] 2026-04-27 21:13:39.715 11 WARNING keystone.common.fernet_utils [None req-544c4bb9-2dee-47c7-b0b3-fd5f4fbd388b - - - - - -] key_repository is world readable: /etc/keystone/fernet-keys/ 10.0.0.80 - - [27/Apr/2026:21:13:39 +0000] "POST /v3/auth/tokens HTTP/1.1" 201 1640
[Mon Apr 27 21:13:39.745511 2026] [wsgi:error] [pid 12:tid 140679747520192] [remote 10.0.0.80:38610] 2026-04-27 21:13:39.745 12 WARNING keystone.common.fernet_utils [None req-971c14f0-3cf7-498c-8cf7-890cc84525c1 - - - - - -] key_repository is world readable: /etc/keystone/fernet-keys/ 10.0.0.80 - - [27/Apr/2026:21:13:39 +0000] "POST /v3/auth/tokens HTTP/1.1" 201 1640 10.0.0.80 - - [27/Apr/2026:21:13:39 +0000] "GET /v3/services/49f591acc1c0476e87f5efc791a92aee HTTP/1.1" 200 296 10.0.0.80 - - [27/Apr/2026:21:13:39 +0000] "GET /v3/regions/RegionOne HTTP/1.1" 200 173 10.0.0.80 - - [27/Apr/2026:21:13:39 +0000] "GET /v3/services/49f591acc1c0476e87f5efc791a92aee HTTP/1.1" 200 296 10.0.0.80 - - [27/Apr/2026:21:13:39 +0000] "GET /v3/regions/RegionOne HTTP/1.1" 200 173 10.0.0.80 - - [27/Apr/2026:21:13:39 +0000] "POST /v3/endpoints HTTP/1.1" 201 383 10.0.0.80 - - [27/Apr/2026:21:13:39 +0000] "POST /v3/endpoints HTTP/1.1" 201 369 10.0.0.80 - - [27/Apr/2026:21:13:41 +0000] "GET / HTTP/1.1" 300 295
[Mon Apr 27 21:13:41.186026 2026] [wsgi:error] [pid 10:tid 140679747520192] [remote 10.0.0.80:38622] 2026-04-27 21:13:41.185 10 WARNING keystone.common.password_hashing [None req-43a96937-14b4-4645-9caa-e860a925a561 - - - - - -] Truncating password to algorithm specific maximum length 72 characters. 10.0.0.80 - - [27/Apr/2026:21:13:41 +0000] "GET / HTTP/1.1" 300 295 10.0.0.80 - - [27/Apr/2026:21:13:41 +0000] "GET / HTTP/1.1" 300 295
[Mon Apr 27 21:13:41.430747 2026] [wsgi:error] [pid 12:tid 140679747520192] [remote 10.0.0.80:38628] 2026-04-27 21:13:41.430 12 WARNING keystone.common.password_hashing [None req-f51d535e-5bff-4b23-aee0-30439ef53e42 - - - - - -] Truncating password to algorithm specific maximum length 72 characters.
[Mon Apr 27 21:13:41.448916 2026] [wsgi:error] [pid 9:tid 140679747520192] [remote 10.0.0.80:38642] 2026-04-27 21:13:41.448 9 WARNING keystone.common.password_hashing [None req-29f13a64-4837-4346-a3e1-544006b5081f - - - - - -] Truncating password to algorithm specific maximum length 72 characters.
[Mon Apr 27 21:13:41.474669 2026] [wsgi:error] [pid 10:tid 140679747520192] [remote 10.0.0.80:38622] 2026-04-27 21:13:41.474 10 WARNING keystone.common.fernet_utils [None req-43a96937-14b4-4645-9caa-e860a925a561 - - - - - -] key_repository is world readable: /etc/keystone/fernet-keys/ 10.0.0.80 - - [27/Apr/2026:21:13:41 +0000] "POST /v3/auth/tokens HTTP/1.1" 201 1990 10.0.0.80 - - [27/Apr/2026:21:13:41 +0000] "GET /v3/endpoints/1a273b11ca32444da36e4161d0fdeac1 HTTP/1.1" 200 380 10.0.0.80 - - [27/Apr/2026:21:13:41 +0000] "GET /v3/services/49f591acc1c0476e87f5efc791a92aee HTTP/1.1" 200 296
[Mon Apr 27 21:13:41.710859 2026] [wsgi:error] [pid 12:tid 140679747520192] [remote 10.0.0.80:38628] 2026-04-27 21:13:41.710 12 WARNING keystone.common.fernet_utils [None req-f51d535e-5bff-4b23-aee0-30439ef53e42 - - - - - -] key_repository is world readable: /etc/keystone/fernet-keys/ 10.0.0.80 - - [27/Apr/2026:21:13:41 +0000] "POST /v3/auth/tokens HTTP/1.1" 201 1990
[Mon Apr 27 21:13:41.737568 2026] [wsgi:error] [pid 9:tid 140679747520192] [remote 10.0.0.80:38642] 2026-04-27 21:13:41.737 9 WARNING keystone.common.fernet_utils [None req-29f13a64-4837-4346-a3e1-544006b5081f - - - - - -] key_repository is world readable: /etc/keystone/fernet-keys/ 10.0.0.80 - - [27/Apr/2026:21:13:41 +0000] "POST /v3/auth/tokens HTTP/1.1" 201 1990 10.0.0.80 - - [27/Apr/2026:21:13:41 +0000] "GET /v3/endpoints/e3ed8cebfd814908b72fb8dd48fe7357 HTTP/1.1" 200 369 10.0.0.80 - - [27/Apr/2026:21:13:41 +0000] "GET /v3/services/49f591acc1c0476e87f5efc791a92aee HTTP/1.1" 200 296 10.0.0.80 - - [27/Apr/2026:21:13:41 +0000] "GET /v3/endpoints/a4f7ae346abf492185d48b322be31a70 HTTP/1.1" 200 383 10.0.0.80 - - [27/Apr/2026:21:13:41 +0000] "GET /v3/services/49f591acc1c0476e87f5efc791a92aee HTTP/1.1" 200 296 10.0.0.162 - - [27/Apr/2026:21:13:53 +0000] "GET / HTTP/1.1" 300 295
[Mon Apr 27 21:13:53.656457 2026] [wsgi:error] [pid 10:tid 140679747520192] [remote 10.0.0.162:57370] 2026-04-27 21:13:53.656 10 WARNING keystone.common.password_hashing [None req-39a6f314-75a3-44a4-9ffd-bcfc82aca1e5 - - - - - -] Truncating password to algorithm specific maximum length 72 characters.
[Mon Apr 27 21:13:53.933169 2026] [wsgi:error] [pid 10:tid 140679747520192] [remote 10.0.0.162:57370] 2026-04-27 21:13:53.932 10 WARNING keystone.common.fernet_utils [None req-39a6f314-75a3-44a4-9ffd-bcfc82aca1e5 - - - - - -] key_repository is world readable: /etc/keystone/fernet-keys/ 10.0.0.162 - - [27/Apr/2026:21:13:53 +0000] "POST /v3/auth/tokens HTTP/1.1" 201 1990 10.0.0.162 - - [27/Apr/2026:21:13:54 +0000] "POST /v3/domains HTTP/1.1" 201 284 10.0.0.162 - - [27/Apr/2026:21:13:55 +0000] "GET / HTTP/1.1" 300 295
[Mon Apr 27 21:13:55.649903 2026] [wsgi:error] [pid 11:tid 140679747520192] [remote 10.0.0.162:43022] 2026-04-27 21:13:55.649 11 WARNING keystone.common.password_hashing [None req-b37ad22d-1436-422a-9412-253ad17f1a91 - - - - - -] Truncating password to algorithm specific maximum length 72 characters.
[Mon Apr 27 21:13:55.933499 2026] [wsgi:error] [pid 11:tid 140679747520192] [remote 10.0.0.162:43022] 2026-04-27 21:13:55.933 11 WARNING keystone.common.fernet_utils [None req-b37ad22d-1436-422a-9412-253ad17f1a91 - - - - - -] key_repository is world readable: /etc/keystone/fernet-keys/ 10.0.0.162 - - [27/Apr/2026:21:13:55 +0000] "POST /v3/auth/tokens HTTP/1.1" 201 1990
[Mon Apr 27 21:13:56.133047 2026] [wsgi:error] [pid 10:tid 140679747520192] [remote 10.0.0.162:43022] 2026-04-27 21:13:56.119 10 ERROR keystone.server.flask.application [None req-daa34cd6-5cc9-4f12-a1be-9c43b4271636 1997ecba38874e588dbcfb98aeced90c a7eac45ff7ae4335b9de846dd2a993a9 - - default default] Conflict occurred attempting to store project - it is not permitted to have two projects acting as domains with the same name: service.: keystone.exception.Conflict: Conflict occurred attempting to store project - it is not permitted to have two projects acting as domains with the same name: service.
[Mon Apr 27 21:13:56.133141 2026] [wsgi:error] [pid 10:tid 140679747520192] [remote 10.0.0.162:43022] 2026-04-27 21:13:56.119 10 ERROR keystone.server.flask.application
Traceback (most recent call last):
[Mon Apr 27 21:13:56.133143 2026] [wsgi:error] [pid 10:tid 140679747520192] [remote 10.0.0.162:43022] 2026-04-27 21:13:56.119 10 ERROR keystone.server.flask.application
File "/var/lib/openstack/lib/python3.12/site-packages/sqlalchemy/engine/base.py", line 1967, in _exec_single_context
[Mon Apr 27 21:13:56.133145 2026] [wsgi:error] [pid 10:tid 140679747520192] [remote 10.0.0.162:43022] 2026-04-27 21:13:56.119 10 ERROR keystone.server.flask.application self.dialect.do_execute(
[Mon Apr 27 21:13:56.133147 2026] [wsgi:error] [pid 10:tid 140679747520192] [remote 10.0.0.162:43022] 2026-04-27 21:13:56.119 10 ERROR keystone.server.flask.application
File "/var/lib/openstack/lib/python3.12/site-packages/sqlalchemy/engine/default.py", line 952, in do_execute
[Mon Apr 27 21:13:56.133148 2026] [wsgi:error] [pid 10:tid 140679747520192] [remote 10.0.0.162:43022] 2026-04-27 21:13:56.119 10 ERROR keystone.server.flask.application cursor.execute(statement, parameters)
[Mon Apr 27 21:13:56.133150 2026] [wsgi:error] [pid 10:tid 140679747520192] [remote 10.0.0.162:43022] 2026-04-27 21:13:56.119 10 ERROR keystone.server.flask.application
File "/var/lib/openstack/lib/python3.12/site-packages/pymysql/cursors.py", line 153, in execute
[Mon Apr 27 21:13:56.133152 2026] [wsgi:error] [pid 10:tid 140679747520192] [remote 10.0.0.162:43022] 2026-04-27 21:13:56.119 10 ERROR keystone.server.flask.application result = self._query(query)
[Mon Apr 27 21:13:56.133153 2026] [wsgi:error] [pid 10:tid 140679747520192] [remote 10.0.0.162:43022] 2026-04-27 21:13:56.119 10 ERROR keystone.server.flask.application ^^^^^^^^^^^^^^^^^^
[Mon Apr 27 21:13:56.133154 2026] [wsgi:error] [pid 10:tid 140679747520192] [remote 10.0.0.162:43022] 2026-04-27 21:13:56.119 10 ERROR keystone.server.flask.application
File "/var/lib/openstack/lib/python3.12/site-packages/pymysql/cursors.py", line 322, in _query
[Mon Apr 27 21:13:56.133156 2026] [wsgi:error] [pid 10:tid 140679747520192] [remote 10.0.0.162:43022] 2026-04-27 21:13:56.119 10 ERROR keystone.server.flask.application conn.query(q)
[Mon Apr 27 21:13:56.133158 2026] [wsgi:error] [pid 10:tid 140679747520192] [remote 10.0.0.162:43022] 2026-04-27 21:13:56.119 10 ERROR keystone.server.flask.application
File "/var/lib/openstack/lib/python3.12/site-packages/pymysql/connections.py", line 575, in query
[Mon Apr 27 21:13:56.133160 2026] [wsgi:error] [pid 10:tid 140679747520192] [remote 10.0.0.162:43022] 2026-04-27 21:13:56.119 10 ERROR keystone.server.flask.application self._affected_rows = self._read_query_result(unbuffered=unbuffered)
[Mon Apr 27 21:13:56.133161 2026] [wsgi:error] [pid 10:tid 140679747520192] [remote 10.0.0.162:43022] 2026-04-27 21:13:56.119 10 ERROR keystone.server.flask.application ^^^^^^^^^^^^^^^^^^^^^^^^^^^^^^^^^^^^^^^^^^^^^^
[Mon Apr 27 21:13:56.133163 2026] [wsgi:error] [pid 10:tid 140679747520192] [remote 10.0.0.162:43022] 2026-04-27 21:13:56.119 10 ERROR keystone.server.flask.application
File "/var/lib/openstack/lib/python3.12/site-packages/pymysql/connections.py", line 826, in _read_query_result
[Mon Apr 27 21:13:56.133164 2026] [wsgi:error] [pid 10:tid 140679747520192] [remote 10.0.0.162:43022] 2026-04-27 21:13:56.119 10 ERROR keystone.server.flask.application result.read()
[Mon Apr 27 21:13:56.133169 2026] [wsgi:error] [pid 10:tid 140679747520192] [remote 10.0.0.162:43022] 2026-04-27 21:13:56.119 10 ERROR keystone.server.flask.application
File "/var/lib/openstack/lib/python3.12/site-packages/pymysql/connections.py", line 1203, in read
[Mon Apr 27 21:13:56.133170 2026] [wsgi:error] [pid 10:tid 140679747520192] [remote 10.0.0.162:43022] 2026-04-27 21:13:56.119 10 ERROR keystone.server.flask.application first_packet = self.connection._read_packet()
[Mon Apr 27 21:13:56.133171 2026] [wsgi:error] [pid 10:tid 140679747520192] [remote 10.0.0.162:43022] 2026-04-27 21:13:56.119 10 ERROR keystone.server.flask.application ^^^^^^^^^^^^^^^^^^^^^^^^^^^^^^
[Mon Apr 27 21:13:56.133173 2026] [wsgi:error] [pid 10:tid 140679747520192] [remote 10.0.0.162:43022] 2026-04-27 21:13:56.119 10 ERROR keystone.server.flask.application
File "/var/lib/openstack/lib/python3.12/site-packages/pymysql/connections.py", line 782, in _read_packet
[Mon Apr 27 21:13:56.133175 2026] [wsgi:error] [pid 10:tid 140679747520192] [remote 10.0.0.162:43022] 2026-04-27 21:13:56.119 10 ERROR keystone.server.flask.application packet.raise_for_error()
[Mon Apr 27 21:13:56.133176 2026] [wsgi:error] [pid 10:tid 140679747520192] [remote 10.0.0.162:43022] 2026-04-27 21:13:56.119 10 ERROR keystone.server.flask.application
File "/var/lib/openstack/lib/python3.12/site-packages/pymysql/protocol.py", line 219, in raise_for_error
[Mon Apr 27 21:13:56.133178 2026] [wsgi:error] [pid 10:tid 140679747520192] [remote 10.0.0.162:43022] 2026-04-27 21:13:56.119 10 ERROR keystone.server.flask.application err.raise_mysql_exception(self._data)
[Mon Apr 27 21:13:56.133179 2026] [wsgi:error] [pid 10:tid 140679747520192] [remote 10.0.0.162:43022] 2026-04-27 21:13:56.119 10 ERROR keystone.server.flask.application
File "/var/lib/openstack/lib/python3.12/site-packages/pymysql/err.py", line 150, in raise_mysql_exception
[Mon Apr 27 21:13:56.133181 2026] [wsgi:error] [pid 10:tid 140679747520192] [remote 10.0.0.162:43022] 2026-04-27 21:13:56.119 10 ERROR keystone.server.flask.application raise errorclass(errno, errval)
[Mon Apr 27 21:13:56.133183 2026] [wsgi:error] [pid 10:tid 140679747520192] [remote 10.0.0.162:43022] 2026-04-27 21:13:56.119 10 ERROR keystone.server.flask.application pymysql.err.IntegrityError: (1062, "Duplicate entry '<>-service' for key 'project.ixu_project_name_domain_id'")
[Mon Apr 27 21:13:56.133185 2026] [wsgi:error] [pid 10:tid 140679747520192] [remote 10.0.0.162:43022] 2026-04-27 21:13:56.119 10 ERROR keystone.server.flask.application
[Mon Apr 27 21:13:56.133186 2026] [wsgi:error] [pid 10:tid 140679747520192] [remote 10.0.0.162:43022] 2026-04-27 21:13:56.119 10 ERROR keystone.server.flask.application The above exception was the direct cause of the following exception:
[Mon Apr 27 21:13:56.133187 2026] [wsgi:error] [pid 10:tid 140679747520192] [remote 10.0.0.162:43022] 2026-04-27 21:13:56.119 10 ERROR keystone.server.flask.application
[Mon Apr 27 21:13:56.133189 2026] [wsgi:error] [pid 10:tid 140679747520192] [remote 10.0.0.162:43022] 2026-04-27 21:13:56.119 10 ERROR keystone.server.flask.application
Traceback (most recent call last):
[Mon Apr 27 21:13:56.133190 2026] [wsgi:error] [pid 10:tid 140679747520192] [remote 10.0.0.162:43022] 2026-04-27 21:13:56.119 10 ERROR keystone.server.flask.application
File "/var/lib/openstack/lib/python3.12/site-packages/keystone/common/sql/core.py", line 575, in wrapper
[Mon Apr 27 21:13:56.133191 2026] [wsgi:error] [pid 10:tid 140679747520192] [remote 10.0.0.162:43022] 2026-04-27 21:13:56.119 10 ERROR keystone.server.flask.application return method(*args, **kwargs)
[Mon Apr 27 21:13:56.133193 2026] [wsgi:error] [pid 10:tid 140679747520192] [remote 10.0.0.162:43022] 2026-04-27 21:13:56.119 10 ERROR keystone.server.flask.application ^^^^^^^^^^^^^^^^^^^^^^^
[Mon Apr 27 21:13:56.133195 2026] [wsgi:error] [pid 10:tid 140679747520192] [remote 10.0.0.162:43022] 2026-04-27 21:13:56.119 10 ERROR keystone.server.flask.application
File "/var/lib/openstack/lib/python3.12/site-packages/keystone/resource/backends/sql.py", line 278, in create_project
[Mon Apr 27 21:13:56.133197 2026] [wsgi:error] [pid 10:tid 140679747520192] [remote 10.0.0.162:43022] 2026-04-27 21:13:56.119 10 ERROR keystone.server.flask.application with sql.session_for_write() as session:
[Mon Apr 27 21:13:56.133198 2026] [wsgi:error] [pid 10:tid 140679747520192] [remote 10.0.0.162:43022] 2026-04-27 21:13:56.119 10 ERROR keystone.server.flask.application
File "/usr/lib/python3.12/contextlib.py", line 144, in __exit__
[Mon Apr 27 21:13:56.133199 2026] [wsgi:error] [pid 10:tid 140679747520192] [remote 10.0.0.162:43022] 2026-04-27 21:13:56.119 10 ERROR keystone.server.flask.application next(self.gen)
[Mon Apr 27 21:13:56.133201 2026] [wsgi:error] [pid 10:tid 140679747520192] [remote 10.0.0.162:43022] 2026-04-27 21:13:56.119 10 ERROR keystone.server.flask.application
File "/var/lib/openstack/lib/python3.12/site-packages/oslo_db/sqlalchemy/enginefacade.py", line 1175, in _transaction_scope
[Mon Apr 27 21:13:56.133202 2026] [wsgi:error] [pid 10:tid 140679747520192] [remote 10.0.0.162:43022] 2026-04-27 21:13:56.119 10 ERROR keystone.server.flask.application with current._produce_block(
[Mon Apr 27 21:13:56.133204 2026] [wsgi:error] [pid 10:tid 140679747520192] [remote 10.0.0.162:43022] 2026-04-27 21:13:56.119 10 ERROR keystone.server.flask.application
File "/usr/lib/python3.12/contextlib.py", line 144, in __exit__
[Mon Apr 27 21:13:56.133205 2026] [wsgi:error] [pid 10:tid 140679747520192] [remote 10.0.0.162:43022] 2026-04-27 21:13:56.119 10 ERROR keystone.server.flask.application next(self.gen)
[Mon Apr 27 21:13:56.133206 2026] [wsgi:error] [pid 10:tid 140679747520192] [remote 10.0.0.162:43022] 2026-04-27 21:13:56.119 10 ERROR keystone.server.flask.application
File "/var/lib/openstack/lib/python3.12/site-packages/oslo_db/sqlalchemy/enginefacade.py", line 837, in _session
[Mon Apr 27 21:13:56.133232 2026] [wsgi:error] [pid 10:tid 140679747520192] [remote 10.0.0.162:43022] 2026-04-27 21:13:56.119 10 ERROR keystone.server.flask.application with excutils.save_and_reraise_exception():
[Mon Apr 27 21:13:56.133234 2026] [wsgi:error] [pid 10:tid 140679747520192] [remote 10.0.0.162:43022] 2026-04-27 21:13:56.119 10 ERROR keystone.server.flask.application
File "/var/lib/openstack/lib/python3.12/site-packages/oslo_utils/excutils.py", line 271, in __exit__
[Mon Apr 27 21:13:56.133235 2026] [wsgi:error] [pid 10:tid 140679747520192] [remote 10.0.0.162:43022] 2026-04-27 21:13:56.119 10 ERROR keystone.server.flask.application self.force_reraise()
[Mon Apr 27 21:13:56.133237 2026] [wsgi:error] [pid 10:tid 140679747520192] [remote 10.0.0.162:43022] 2026-04-27 21:13:56.119 10 ERROR keystone.server.flask.application
File "/var/lib/openstack/lib/python3.12/site-packages/oslo_utils/excutils.py", line 233, in force_reraise
[Mon Apr 27 21:13:56.133238 2026] [wsgi:error] [pid 10:tid 140679747520192] [remote 10.0.0.162:43022] 2026-04-27 21:13:56.119 10 ERROR keystone.server.flask.application raise self.value
[Mon Apr 27 21:13:56.133240 2026] [wsgi:error] [pid 10:tid 140679747520192] [remote 10.0.0.162:43022] 2026-04-27 21:13:56.119 10 ERROR keystone.server.flask.application
File "/var/lib/openstack/lib/python3.12/site-packages/oslo_db/sqlalchemy/enginefacade.py", line 835, in _session
[Mon Apr 27 21:13:56.133241 2026] [wsgi:error] [pid 10:tid 140679747520192] [remote 10.0.0.162:43022] 2026-04-27 21:13:56.119 10 ERROR keystone.server.flask.application self._end_session_transaction(self.session)
[Mon Apr 27 21:13:56.133243 2026] [wsgi:error] [pid 10:tid 140679747520192] [remote 10.0.0.162:43022] 2026-04-27 21:13:56.119 10 ERROR keystone.server.flask.application
File "/var/lib/openstack/lib/python3.12/site-packages/oslo_db/sqlalchemy/enginefacade.py", line 748, in _end_session_transaction
[Mon Apr 27 21:13:56.133244 2026] [wsgi:error] [pid 10:tid 140679747520192] [remote 10.0.0.162:43022] 2026-04-27 21:13:56.119 10 ERROR keystone.server.flask.application session.commit()
[Mon Apr 27 21:13:56.133246 2026] [wsgi:error] [pid 10:tid 140679747520192] [remote 10.0.0.162:43022] 2026-04-27 21:13:56.119 10 ERROR keystone.server.flask.application
File "/var/lib/openstack/lib/python3.12/site-packages/sqlalchemy/orm/session.py", line 2030, in commit
[Mon Apr 27 21:13:56.133247 2026] [wsgi:error] [pid 10:tid 140679747520192] [remote 10.0.0.162:43022] 2026-04-27 21:13:56.119 10 ERROR keystone.server.flask.application trans.commit(_to_root=True)
[Mon Apr 27 21:13:56.133249 2026] [wsgi:error] [pid 10:tid 140679747520192] [remote 10.0.0.162:43022] 2026-04-27 21:13:56.119 10 ERROR keystone.server.flask.application File "", line 2, in commit
[Mon Apr 27 21:13:56.133250 2026] [wsgi:error] [pid 10:tid 140679747520192] [remote 10.0.0.162:43022] 2026-04-27 21:13:56.119 10 ERROR keystone.server.flask.application
File "/var/lib/openstack/lib/python3.12/site-packages/sqlalchemy/orm/state_changes.py", line 137, in _go
[Mon Apr 27 21:13:56.133252 2026] [wsgi:error] [pid 10:tid 140679747520192] [remote 10.0.0.162:43022] 2026-04-27 21:13:56.119 10 ERROR keystone.server.flask.application ret_value = fn(self, *arg, **kw)
[Mon Apr 27 21:13:56.133253 2026] [wsgi:error] [pid 10:tid 140679747520192] [remote 10.0.0.162:43022] 2026-04-27 21:13:56.119 10 ERROR keystone.server.flask.application ^^^^^^^^^^^^^^^^^^^^
[Mon Apr 27 21:13:56.133255 2026] [wsgi:error] [pid 10:tid 140679747520192] [remote 10.0.0.162:43022] 2026-04-27 21:13:56.119 10 ERROR keystone.server.flask.application
File "/var/lib/openstack/lib/python3.12/site-packages/sqlalchemy/orm/session.py", line 1311, in commit
[Mon Apr 27 21:13:56.133256 2026] [wsgi:error] [pid 10:tid 140679747520192] [remote 10.0.0.162:43022] 2026-04-27 21:13:56.119 10 ERROR keystone.server.flask.application self._prepare_impl()
[Mon Apr 27 21:13:56.133259 2026] [wsgi:error] [pid 10:tid 140679747520192] [remote 10.0.0.162:43022] 2026-04-27 21:13:56.119 10 ERROR keystone.server.flask.application File "", line 2, in _prepare_impl
[Mon Apr 27 21:13:56.133260 2026] [wsgi:error] [pid 10:tid 140679747520192] [remote 10.0.0.162:43022] 2026-04-27 21:13:56.119 10 ERROR keystone.server.flask.application
File "/var/lib/openstack/lib/python3.12/site-packages/sqlalchemy/orm/state_changes.py", line 137, in _go
[Mon Apr 27 21:13:56.133262 2026] [wsgi:error] [pid 10:tid 140679747520192] [remote 10.0.0.162:43022] 2026-04-27 21:13:56.119 10 ERROR keystone.server.flask.application ret_value = fn(self, *arg, **kw)
[Mon Apr 27 21:13:56.133263 2026] [wsgi:error] [pid 10:tid 140679747520192] [remote 10.0.0.162:43022] 2026-04-27 21:13:56.119 10 ERROR keystone.server.flask.application ^^^^^^^^^^^^^^^^^^^^
[Mon Apr 27 21:13:56.133268 2026] [wsgi:error] [pid 10:tid 140679747520192] [remote 10.0.0.162:43022] 2026-04-27 21:13:56.119 10 ERROR keystone.server.flask.application
File "/var/lib/openstack/lib/python3.12/site-packages/sqlalchemy/orm/session.py", line 1286, in _prepare_impl
[Mon Apr 27 21:13:56.133270 2026] [wsgi:error] [pid 10:tid 140679747520192] [remote 10.0.0.162:43022] 2026-04-27 21:13:56.119 10 ERROR keystone.server.flask.application self.session.flush()
[Mon Apr 27 21:13:56.133271 2026] [wsgi:error] [pid 10:tid 140679747520192] [remote 10.0.0.162:43022] 2026-04-27 21:13:56.119 10 ERROR keystone.server.flask.application
File "/var/lib/openstack/lib/python3.12/site-packages/sqlalchemy/orm/session.py", line 4331, in flush
[Mon Apr 27 21:13:56.133274 2026] [wsgi:error] [pid 10:tid 140679747520192] [remote 10.0.0.162:43022] 2026-04-27 21:13:56.119 10 ERROR keystone.server.flask.application self._flush(objects)
[Mon Apr 27 21:13:56.133275 2026] [wsgi:error] [pid 10:tid 140679747520192] [remote 10.0.0.162:43022] 2026-04-27 21:13:56.119 10 ERROR keystone.server.flask.application
File "/var/lib/openstack/lib/python3.12/site-packages/sqlalchemy/orm/session.py", line 4466, in _flush
[Mon Apr 27 21:13:56.133278 2026] [wsgi:error] [pid 10:tid 140679747520192] [remote 10.0.0.162:43022] 2026-04-27 21:13:56.119 10 ERROR keystone.server.flask.application with util.safe_reraise():
[Mon Apr 27 21:13:56.133280 2026] [wsgi:error] [pid 10:tid 140679747520192] [remote 10.0.0.162:43022] 2026-04-27 21:13:56.119 10 ERROR keystone.server.flask.application
File "/var/lib/openstack/lib/python3.12/site-packages/sqlalchemy/util/langhelpers.py", line 121, in __exit__
[Mon Apr 27 21:13:56.133282 2026] [wsgi:error] [pid 10:tid 140679747520192] [remote 10.0.0.162:43022] 2026-04-27 21:13:56.119 10 ERROR keystone.server.flask.application raise exc_value.with_traceback(exc_tb)
[Mon Apr 27 21:13:56.133283 2026] [wsgi:error] [pid 10:tid 140679747520192] [remote 10.0.0.162:43022] 2026-04-27 21:13:56.119 10 ERROR keystone.server.flask.application
File "/var/lib/openstack/lib/python3.12/site-packages/sqlalchemy/orm/session.py", line 4427, in _flush
[Mon Apr 27 21:13:56.133286 2026] [wsgi:error] [pid 10:tid 140679747520192] [remote 10.0.0.162:43022] 2026-04-27 21:13:56.119 10 ERROR keystone.server.flask.application flush_context.execute()
[Mon Apr 27 21:13:56.133288 2026] [wsgi:error] [pid 10:tid 140679747520192] [remote 10.0.0.162:43022] 2026-04-27 21:13:56.119 10 ERROR keystone.server.flask.application
File "/var/lib/openstack/lib/python3.12/site-packages/sqlalchemy/orm/unitofwork.py", line 466, in execute
