2026-05-10 05:19:10.908 7 INFO placement.requestlog [None req-fa41a94c-5c7e-4ed6-b525-68a6e628095b 9502235e5a9d49ab94cb9247434e9d89 f5be3d52806646e89883bd8e5ec3a3e6 - - f91cc051068740f581255a816931de8e f91cc051068740f581255a816931de8e] 10.0.0.187 "GET /resource_providers/82bb7cce-60f3-49bd-aea2-7df8b7806332/aggregates" status: 404 len: 235 microversion: 1.1 [pid: 7|app: 0|req: 357/718] 10.0.0.187 () {32 vars in 824 bytes} [Sun May 10 05:19:10 2026] GET /resource_providers/82bb7cce-60f3-49bd-aea2-7df8b7806332/aggregates => generated 235 bytes in 8 msecs (HTTP/1.1 404) 5 headers in 202 bytes (1 switches on core 0)
2026-05-10 05:19:10.910 8 INFO placement.requestlog [None req-fa8457b7-367b-4f3c-9366-074e04c2f78f 9502235e5a9d49ab94cb9247434e9d89 f5be3d52806646e89883bd8e5ec3a3e6 - - f91cc051068740f581255a816931de8e f91cc051068740f581255a816931de8e] 10.0.0.187 "GET /resource_providers/82bb7cce-60f3-49bd-aea2-7df8b7806332/aggregates" status: 404 len: 235 microversion: 1.1 [pid: 8|app: 0|req: 362/719] 10.0.0.187 () {32 vars in 824 bytes} [Sun May 10 05:19:10 2026] GET /resource_providers/82bb7cce-60f3-49bd-aea2-7df8b7806332/aggregates => generated 235 bytes in 9 msecs (HTTP/1.1 404) 5 headers in 202 bytes (1 switches on core 0)
2026-05-10 05:19:10.940 7 INFO placement.requestlog [None req-2800fd26-e8df-4073-a830-72cb14a6a38e 9502235e5a9d49ab94cb9247434e9d89 f5be3d52806646e89883bd8e5ec3a3e6 - - f91cc051068740f581255a816931de8e f91cc051068740f581255a816931de8e] 10.0.0.187 "DELETE /resource_providers/82bb7cce-60f3-49bd-aea2-7df8b7806332" status: 404 len: 246 microversion: 1.1 [pid: 7|app: 0|req: 358/720] 10.0.0.187 () {34 vars in 824 bytes} [Sun May 10 05:19:10 2026] DELETE /resource_providers/82bb7cce-60f3-49bd-aea2-7df8b7806332 => generated 246 bytes in 12 msecs (HTTP/1.1 404) 6 headers in 231 bytes (1 switches on core 0)
2026-05-10 05:19:10.962 8 INFO placement.requestlog [None req-b5a65845-6127-4091-8b8e-5654b320883a 9502235e5a9d49ab94cb9247434e9d89 f5be3d52806646e89883bd8e5ec3a3e6 - - f91cc051068740f581255a816931de8e f91cc051068740f581255a816931de8e] 10.0.0.187 "DELETE /resource_providers/82bb7cce-60f3-49bd-aea2-7df8b7806332" status: 404 len: 246 microversion: 1.1 [pid: 8|app: 0|req: 363/721] 10.0.0.187 () {34 vars in 824 bytes} [Sun May 10 05:19:10 2026] DELETE /resource_providers/82bb7cce-60f3-49bd-aea2-7df8b7806332 => generated 246 bytes in 23 msecs (HTTP/1.1 404) 6 headers in 231 bytes (1 switches on core 0)
2026-05-10 05:19:11.239 7 INFO placement.requestlog [req-e9ab4c24-18f8-497d-a028-d8db6ed679a4 req-2b8c7c13-2409-4c20-8e01-3fd6a7e971cd e5bcab9aead74d98bee8280f0574414a f5be3d52806646e89883bd8e5ec3a3e6 - - f91cc051068740f581255a816931de8e f91cc051068740f581255a816931de8e] 199.204.45.77 "GET /resource_providers/157328f2-dd49-44aa-8660-fcdf778a2343/allocations" status: 200 len: 252 microversion: 1.0 [pid: 7|app: 0|req: 359/722] 199.204.45.77 () {32 vars in 855 bytes} [Sun May 10 05:19:11 2026] GET /resource_providers/157328f2-dd49-44aa-8660-fcdf778a2343/allocations => generated 252 bytes in 17 msecs (HTTP/1.1 200) 6 headers in 224 bytes (1 switches on core 0)
2026-05-10 05:19:11.262 8 INFO placement.requestlog [req-e9ab4c24-18f8-497d-a028-d8db6ed679a4 req-4379ffa9-8bcf-4101-b389-c3c98205c597 e5bcab9aead74d98bee8280f0574414a f5be3d52806646e89883bd8e5ec3a3e6 - - f91cc051068740f581255a816931de8e f91cc051068740f581255a816931de8e] 199.204.45.77 "GET /allocations/a1941180-6962-4b42-bbc9-1938ccd1a294" status: 200 len: 257 microversion: 1.28 [pid: 8|app: 0|req: 364/723] 199.204.45.77 () {34 vars in 861 bytes} [Sun May 10 05:19:11 2026] GET /allocations/a1941180-6962-4b42-bbc9-1938ccd1a294 => generated 257 bytes in 15 msecs (HTTP/1.1 200) 8 headers in 296 bytes (1 switches on core 0)
2026-05-10 05:19:11.284 7 INFO placement.requestlog [req-e9ab4c24-18f8-497d-a028-d8db6ed679a4 req-c0f486d1-7e4b-4142-94f9-9ef37a1bd44b e5bcab9aead74d98bee8280f0574414a f5be3d52806646e89883bd8e5ec3a3e6 - - f91cc051068740f581255a816931de8e f91cc051068740f581255a816931de8e] 199.204.45.77 "GET /allocations/108ddcab-6902-4e7c-adcd-8fa53f189b62" status: 200 len: 257 microversion: 1.28 [pid: 7|app: 0|req: 360/724] 199.204.45.77 () {34 vars in 861 bytes} [Sun May 10 05:19:11 2026] GET /allocations/108ddcab-6902-4e7c-adcd-8fa53f189b62 => generated 257 bytes in 14 msecs (HTTP/1.1 200) 8 headers in 296 bytes (1 switches on core 0)
2026-05-10 05:19:11.335 8 INFO placement.requestlog [req-e9ab4c24-18f8-497d-a028-d8db6ed679a4 req-d5c6402e-e72e-43eb-abc8-5ea6534eb4dd e5bcab9aead74d98bee8280f0574414a f5be3d52806646e89883bd8e5ec3a3e6 - - f91cc051068740f581255a816931de8e f91cc051068740f581255a816931de8e] 199.204.45.77 "DELETE /allocations/108ddcab-6902-4e7c-adcd-8fa53f189b62" status: 204 len: 0 microversion: 1.0 [pid: 8|app: 0|req: 365/725] 199.204.45.77 () {34 vars in 839 bytes} [Sun May 10 05:19:11 2026] DELETE /allocations/108ddcab-6902-4e7c-adcd-8fa53f189b62 => generated 0 bytes in 24 msecs (HTTP/1.1 204) 5 headers in 198 bytes (1 switches on core 0)
2026-05-10 05:19:12.643 8 INFO placement.requestlog [None req-0713900b-620a-4d21-8a51-b903c9abdb29 9502235e5a9d49ab94cb9247434e9d89 f5be3d52806646e89883bd8e5ec3a3e6 - - f91cc051068740f581255a816931de8e f91cc051068740f581255a816931de8e] 10.0.0.187 "GET /resource_providers/892fef73-e3ce-449c-9fbd-1ac72ac51680/aggregates" status: 404 len: 235 microversion: 1.1 [pid: 8|app: 0|req: 366/726] 10.0.0.187 () {32 vars in 824 bytes} [Sun May 10 05:19:12 2026] GET /resource_providers/892fef73-e3ce-449c-9fbd-1ac72ac51680/aggregates => generated 235 bytes in 9 msecs (HTTP/1.1 404) 5 headers in 202 bytes (1 switches on core 0)
2026-05-10 05:19:12.645 7 INFO placement.requestlog [None req-741d4f9a-8e2a-4bd5-9eaa-8a639f822020 9502235e5a9d49ab94cb9247434e9d89 f5be3d52806646e89883bd8e5ec3a3e6 - - f91cc051068740f581255a816931de8e f91cc051068740f581255a816931de8e] 10.0.0.187 "GET /resource_providers/892fef73-e3ce-449c-9fbd-1ac72ac51680/aggregates" status: 404 len: 235 microversion: 1.1 [pid: 7|app: 0|req: 361/727] 10.0.0.187 () {32 vars in 824 bytes} [Sun May 10 05:19:12 2026] GET /resource_providers/892fef73-e3ce-449c-9fbd-1ac72ac51680/aggregates => generated 235 bytes in 12 msecs (HTTP/1.1 404) 5 headers in 202 bytes (1 switches on core 0)
2026-05-10 05:19:12.663 8 INFO placement.requestlog [None req-fdcd1d4c-9b15-476d-9ccc-2bcff115da5d 9502235e5a9d49ab94cb9247434e9d89 f5be3d52806646e89883bd8e5ec3a3e6 - - f91cc051068740f581255a816931de8e f91cc051068740f581255a816931de8e] 10.0.0.187 "DELETE /resource_providers/892fef73-e3ce-449c-9fbd-1ac72ac51680" status: 404 len: 246 microversion: 1.1 [pid: 8|app: 0|req: 367/728] 10.0.0.187 () {34 vars in 824 bytes} [Sun May 10 05:19:12 2026] DELETE /resource_providers/892fef73-e3ce-449c-9fbd-1ac72ac51680 => generated 246 bytes in 9 msecs (HTTP/1.1 404) 6 headers in 231 bytes (1 switches on core 0)
2026-05-10 05:19:12.664 7 INFO placement.requestlog [None req-4f84fbec-deb1-4c4b-b220-8c0fee095fa9 9502235e5a9d49ab94cb9247434e9d89 f5be3d52806646e89883bd8e5ec3a3e6 - - f91cc051068740f581255a816931de8e f91cc051068740f581255a816931de8e] 10.0.0.187 "DELETE /resource_providers/892fef73-e3ce-449c-9fbd-1ac72ac51680" status: 404 len: 246 microversion: 1.1 [pid: 7|app: 0|req: 362/729] 10.0.0.187 () {34 vars in 824 bytes} [Sun May 10 05:19:12 2026] DELETE /resource_providers/892fef73-e3ce-449c-9fbd-1ac72ac51680 => generated 246 bytes in 10 msecs (HTTP/1.1 404) 6 headers in 231 bytes (1 switches on core 0)
2026-05-10 05:19:12.976 8 INFO placement.requestlog [None req-5846d0ba-5397-4b86-aeaa-34bba5e991cc 9502235e5a9d49ab94cb9247434e9d89 f5be3d52806646e89883bd8e5ec3a3e6 - - f91cc051068740f581255a816931de8e f91cc051068740f581255a816931de8e] 10.0.0.187 "GET /resource_providers/22327099-0669-4e7f-8d24-d0188f3e1304/aggregates" status: 404 len: 235 microversion: 1.1 [pid: 8|app: 0|req: 368/730] 10.0.0.187 () {32 vars in 824 bytes} [Sun May 10 05:19:12 2026] GET /resource_providers/22327099-0669-4e7f-8d24-d0188f3e1304/aggregates => generated 235 bytes in 13 msecs (HTTP/1.1 404) 5 headers in 202 bytes (1 switches on core 0)
2026-05-10 05:19:12.981 7 INFO placement.requestlog [None req-3921a513-5f0d-41fc-9e97-83f86fe5dd00 9502235e5a9d49ab94cb9247434e9d89 f5be3d52806646e89883bd8e5ec3a3e6 - - f91cc051068740f581255a816931de8e f91cc051068740f581255a816931de8e] 10.0.0.187 "GET /resource_providers/22327099-0669-4e7f-8d24-d0188f3e1304/aggregates" status: 404 len: 235 microversion: 1.1 [pid: 7|app: 0|req: 363/731] 10.0.0.187 () {32 vars in 824 bytes} [Sun May 10 05:19:12 2026] GET /resource_providers/22327099-0669-4e7f-8d24-d0188f3e1304/aggregates => generated 235 bytes in 8 msecs (HTTP/1.1 404) 5 headers in 202 bytes (1 switches on core 0)
2026-05-10 05:19:12.991 8 INFO placement.requestlog [None req-960a8f0f-2b07-43b3-b586-cc3f6e5192bc 9502235e5a9d49ab94cb9247434e9d89 f5be3d52806646e89883bd8e5ec3a3e6 - - f91cc051068740f581255a816931de8e f91cc051068740f581255a816931de8e] 10.0.0.187 "DELETE /resource_providers/22327099-0669-4e7f-8d24-d0188f3e1304" status: 404 len: 246 microversion: 1.1 [pid: 8|app: 0|req: 369/732] 10.0.0.187 () {34 vars in 824 bytes} [Sun May 10 05:19:12 2026] DELETE /resource_providers/22327099-0669-4e7f-8d24-d0188f3e1304 => generated 246 bytes in 10 msecs (HTTP/1.1 404) 6 headers in 231 bytes (1 switches on core 0)
2026-05-10 05:19:12.994 7 INFO placement.requestlog [None req-00dfb22d-3f5b-4399-a8ad-d0bdb029a912 9502235e5a9d49ab94cb9247434e9d89 f5be3d52806646e89883bd8e5ec3a3e6 - - f91cc051068740f581255a816931de8e f91cc051068740f581255a816931de8e] 10.0.0.187 "DELETE /resource_providers/22327099-0669-4e7f-8d24-d0188f3e1304" status: 404 len: 246 microversion: 1.1 [pid: 7|app: 0|req: 364/733] 10.0.0.187 () {34 vars in 824 bytes} [Sun May 10 05:19:12 2026] DELETE /resource_providers/22327099-0669-4e7f-8d24-d0188f3e1304 => generated 246 bytes in 8 msecs (HTTP/1.1 404) 6 headers in 231 bytes (1 switches on core 0)
2026-05-10 05:19:15.848 7 INFO placement.requestlog [None req-67a9ae9f-6236-4255-b2f4-bc79706cccd3 9502235e5a9d49ab94cb9247434e9d89 f5be3d52806646e89883bd8e5ec3a3e6 - - f91cc051068740f581255a816931de8e f91cc051068740f581255a816931de8e] 10.0.0.187 "GET /resource_providers/a0a7b5ae-86d2-437e-a39b-122a3c6d2c79/aggregates" status: 404 len: 235 microversion: 1.1 [pid: 7|app: 0|req: 365/734] 10.0.0.187 () {32 vars in 824 bytes} [Sun May 10 05:19:15 2026] GET /resource_providers/a0a7b5ae-86d2-437e-a39b-122a3c6d2c79/aggregates => generated 235 bytes in 10 msecs (HTTP/1.1 404) 5 headers in 202 bytes (1 switches on core 0)
2026-05-10 05:19:15.857 8 INFO placement.requestlog [None req-0102be94-6c45-4fa8-a16f-78d0be549532 9502235e5a9d49ab94cb9247434e9d89 f5be3d52806646e89883bd8e5ec3a3e6 - - f91cc051068740f581255a816931de8e f91cc051068740f581255a816931de8e] 10.0.0.187 "GET /resource_providers/a0a7b5ae-86d2-437e-a39b-122a3c6d2c79/aggregates" status: 404 len: 235 microversion: 1.1 [pid: 8|app: 0|req: 370/735] 10.0.0.187 () {32 vars in 824 bytes} [Sun May 10 05:19:15 2026] GET /resource_providers/a0a7b5ae-86d2-437e-a39b-122a3c6d2c79/aggregates => generated 235 bytes in 20 msecs (HTTP/1.1 404) 5 headers in 202 bytes (1 switches on core 0)
2026-05-10 05:19:15.878 7 INFO placement.requestlog [None req-b2b0da3e-8ac1-42c2-893a-fe4e24f39ad6 9502235e5a9d49ab94cb9247434e9d89 f5be3d52806646e89883bd8e5ec3a3e6 - - f91cc051068740f581255a816931de8e f91cc051068740f581255a816931de8e] 10.0.0.187 "DELETE /resource_providers/a0a7b5ae-86d2-437e-a39b-122a3c6d2c79" status: 404 len: 246 microversion: 1.1 [pid: 7|app: 0|req: 366/736] 10.0.0.187 () {34 vars in 824 bytes} [Sun May 10 05:19:15 2026] DELETE /resource_providers/a0a7b5ae-86d2-437e-a39b-122a3c6d2c79 => generated 246 bytes in 10 msecs (HTTP/1.1 404) 6 headers in 231 bytes (1 switches on core 0)
2026-05-10 05:19:15.880 8 INFO placement.requestlog [None req-79e40c09-fde6-4ae3-a3f7-fab6072e4932 9502235e5a9d49ab94cb9247434e9d89 f5be3d52806646e89883bd8e5ec3a3e6 - - f91cc051068740f581255a816931de8e f91cc051068740f581255a816931de8e] 10.0.0.187 "DELETE /resource_providers/a0a7b5ae-86d2-437e-a39b-122a3c6d2c79" status: 404 len: 246 microversion: 1.1 [pid: 8|app: 0|req: 371/737] 10.0.0.187 () {34 vars in 824 bytes} [Sun May 10 05:19:15 2026] DELETE /resource_providers/a0a7b5ae-86d2-437e-a39b-122a3c6d2c79 => generated 246 bytes in 12 msecs (HTTP/1.1 404) 6 headers in 231 bytes (1 switches on core 0)
2026-05-10 05:19:20.293 7 INFO placement.requestlog [req-35673ec8-9f2f-4064-b906-dec86cb0fae3 req-ca7c92e9-3d26-4c97-8205-2c52954f10fb e5bcab9aead74d98bee8280f0574414a f5be3d52806646e89883bd8e5ec3a3e6 - - f91cc051068740f581255a816931de8e f91cc051068740f581255a816931de8e] 199.204.45.77 "GET /resource_providers/157328f2-dd49-44aa-8660-fcdf778a2343/allocations" status: 200 len: 152 microversion: 1.0 [pid: 7|app: 0|req: 367/738] 199.204.45.77 () {32 vars in 855 bytes} [Sun May 10 05:19:20 2026] GET /resource_providers/157328f2-dd49-44aa-8660-fcdf778a2343/allocations => generated 152 bytes in 19 msecs (HTTP/1.1 200) 6 headers in 224 bytes (1 switches on core 0)
2026-05-10 05:19:20.352 8 INFO placement.requestlog [req-35673ec8-9f2f-4064-b906-dec86cb0fae3 req-f50ceff5-b34b-4710-a87f-7860df4a727f e5bcab9aead74d98bee8280f0574414a f5be3d52806646e89883bd8e5ec3a3e6 - - f91cc051068740f581255a816931de8e f91cc051068740f581255a816931de8e] 199.204.45.77 "GET /resource_providers/157328f2-dd49-44aa-8660-fcdf778a2343/allocations" status: 200 len: 152 microversion: 1.0 [pid: 8|app: 0|req: 372/739] 199.204.45.77 () {32 vars in 855 bytes} [Sun May 10 05:19:20 2026] GET /resource_providers/157328f2-dd49-44aa-8660-fcdf778a2343/allocations => generated 152 bytes in 22 msecs (HTTP/1.1 200) 6 headers in 224 bytes (1 switches on core 0)
2026-05-10 05:19:20.392 7 INFO placement.requestlog [req-35673ec8-9f2f-4064-b906-dec86cb0fae3 req-38ef0c49-5b14-410d-8c09-3ad5f3c7b59a e5bcab9aead74d98bee8280f0574414a f5be3d52806646e89883bd8e5ec3a3e6 - - f91cc051068740f581255a816931de8e f91cc051068740f581255a816931de8e] 199.204.45.77 "GET /allocations/a1941180-6962-4b42-bbc9-1938ccd1a294" status: 200 len: 257 microversion: 1.28 [pid: 7|app: 0|req: 368/740] 199.204.45.77 () {34 vars in 861 bytes} [Sun May 10 05:19:20 2026] GET /allocations/a1941180-6962-4b42-bbc9-1938ccd1a294 => generated 257 bytes in 24 msecs (HTTP/1.1 200) 8 headers in 296 bytes (1 switches on core 0)
2026-05-10 05:19:20.576 7 INFO placement.requestlog [None req-1eb7a9e7-d4c6-4dfa-93c5-02c97ce8dc83 9502235e5a9d49ab94cb9247434e9d89 f5be3d52806646e89883bd8e5ec3a3e6 - - f91cc051068740f581255a816931de8e f91cc051068740f581255a816931de8e] 10.0.0.187 "GET /resource_providers/d6a501c3-15c2-4367-8455-4b79e28c6644/aggregates" status: 404 len: 235 microversion: 1.1 [pid: 7|app: 0|req: 369/741] 10.0.0.187 () {32 vars in 824 bytes} [Sun May 10 05:19:20 2026] GET /resource_providers/d6a501c3-15c2-4367-8455-4b79e28c6644/aggregates => generated 235 bytes in 12 msecs (HTTP/1.1 404) 5 headers in 202 bytes (1 switches on core 0)
2026-05-10 05:19:20.578 8 INFO placement.requestlog [None req-09d01d95-a114-45f4-96c1-7b90b7b8aae2 9502235e5a9d49ab94cb9247434e9d89 f5be3d52806646e89883bd8e5ec3a3e6 - - f91cc051068740f581255a816931de8e f91cc051068740f581255a816931de8e] 10.0.0.187 "GET /resource_providers/d6a501c3-15c2-4367-8455-4b79e28c6644/aggregates" status: 404 len: 235 microversion: 1.1 [pid: 8|app: 0|req: 373/742] 10.0.0.187 () {32 vars in 824 bytes} [Sun May 10 05:19:20 2026] GET /resource_providers/d6a501c3-15c2-4367-8455-4b79e28c6644/aggregates => generated 235 bytes in 14 msecs (HTTP/1.1 404) 5 headers in 202 bytes (1 switches on core 0)
2026-05-10 05:19:20.593 7 INFO placement.requestlog [None req-60678767-657e-474d-9933-bd98e2b54147 - - - - - -] 10.0.0.216 "GET /" status: 200 len: 136 microversion: 1.0
2026-05-10 05:19:20.593 8 INFO placement.requestlog [None req-3be576f9-611d-4162-a49f-619716d112e4 - - - - - -] 10.0.0.216 "GET /" status: 200 len: 136 microversion: 1.0
2026-05-10 05:19:20.606 7 INFO placement.requestlog [None req-1eaa1a32-a65c-440a-a26b-52cf5f8b96ed 9502235e5a9d49ab94cb9247434e9d89 f5be3d52806646e89883bd8e5ec3a3e6 - - f91cc051068740f581255a816931de8e f91cc051068740f581255a816931de8e] 10.0.0.187 "DELETE /resource_providers/d6a501c3-15c2-4367-8455-4b79e28c6644" status: 404 len: 246 microversion: 1.1 [pid: 7|app: 0|req: 371/745] 10.0.0.187 () {34 vars in 824 bytes} [Sun May 10 05:19:20 2026] DELETE /resource_providers/d6a501c3-15c2-4367-8455-4b79e28c6644 => generated 246 bytes in 9 msecs (HTTP/1.1 404) 6 headers in 231 bytes (1 switches on core 0)
2026-05-10 05:19:20.609 8 INFO placement.requestlog [None req-55227929-40fd-4cb5-affe-b420d139ff9e 9502235e5a9d49ab94cb9247434e9d89 f5be3d52806646e89883bd8e5ec3a3e6 - - f91cc051068740f581255a816931de8e f91cc051068740f581255a816931de8e] 10.0.0.187 "DELETE /resource_providers/d6a501c3-15c2-4367-8455-4b79e28c6644" status: 404 len: 246 microversion: 1.1 [pid: 8|app: 0|req: 375/746] 10.0.0.187 () {34 vars in 824 bytes} [Sun May 10 05:19:20 2026] DELETE /resource_providers/d6a501c3-15c2-4367-8455-4b79e28c6644 => generated 246 bytes in 13 msecs (HTTP/1.1 404) 6 headers in 231 bytes (1 switches on core 0)
2026-05-10 05:19:22.154 7 INFO placement.requestlog [req-21e0c029-6117-4ceb-8947-5433378d3454 req-733a91cd-4ff5-47c0-9f9e-ec7ed2d137e3 e5bcab9aead74d98bee8280f0574414a f5be3d52806646e89883bd8e5ec3a3e6 - - f91cc051068740f581255a816931de8e f91cc051068740f581255a816931de8e] 199.204.45.77 "GET /resource_providers/157328f2-dd49-44aa-8660-fcdf778a2343/allocations" status: 200 len: 152 microversion: 1.0 [pid: 7|app: 0|req: 372/747] 199.204.45.77 () {32 vars in 855 bytes} [Sun May 10 05:19:22 2026] GET /resource_providers/157328f2-dd49-44aa-8660-fcdf778a2343/allocations => generated 152 bytes in 24 msecs (HTTP/1.1 200) 6 headers in 224 bytes (1 switches on core 0)
2026-05-10 05:19:22.175 8 INFO placement.requestlog [req-21e0c029-6117-4ceb-8947-5433378d3454 req-93541baf-a084-4eb3-a5f8-e5cfa7748545 e5bcab9aead74d98bee8280f0574414a f5be3d52806646e89883bd8e5ec3a3e6 - - f91cc051068740f581255a816931de8e f91cc051068740f581255a816931de8e] 199.204.45.77 "GET /allocations/a1941180-6962-4b42-bbc9-1938ccd1a294" status: 200 len: 257 microversion: 1.28 [pid: 8|app: 0|req: 376/748] 199.204.45.77 () {34 vars in 861 bytes} [Sun May 10 05:19:22 2026] GET /allocations/a1941180-6962-4b42-bbc9-1938ccd1a294 => generated 257 bytes in 12 msecs (HTTP/1.1 200) 8 headers in 296 bytes (1 switches on core 0)
2026-05-10 05:19:22.251 7 INFO placement.requestlog [req-21e0c029-6117-4ceb-8947-5433378d3454 req-2d1ac6c6-ebca-4094-88ee-28b58d06dc70 e5bcab9aead74d98bee8280f0574414a f5be3d52806646e89883bd8e5ec3a3e6 - - f91cc051068740f581255a816931de8e f91cc051068740f581255a816931de8e] 199.204.45.77 "DELETE /allocations/a1941180-6962-4b42-bbc9-1938ccd1a294" status: 204 len: 0 microversion: 1.0 [pid: 7|app: 0|req: 373/749] 199.204.45.77 () {34 vars in 839 bytes} [Sun May 10 05:19:22 2026] DELETE /allocations/a1941180-6962-4b42-bbc9-1938ccd1a294 => generated 0 bytes in 38 msecs (HTTP/1.1 204) 5 headers in 198 bytes (1 switches on core 0)
2026-05-10 05:19:22.416 8 INFO placement.requestlog [None req-5365a6ce-8198-41fe-a5df-847cc6d87034 9502235e5a9d49ab94cb9247434e9d89 f5be3d52806646e89883bd8e5ec3a3e6 - - f91cc051068740f581255a816931de8e f91cc051068740f581255a816931de8e] 10.0.0.187 "GET /resource_providers/eceba1e9-de2d-4e20-8fbb-b400c8a2092f/aggregates" status: 404 len: 235 microversion: 1.1 [pid: 8|app: 0|req: 377/750] 10.0.0.187 () {32 vars in 824 bytes} [Sun May 10 05:19:22 2026] GET /resource_providers/eceba1e9-de2d-4e20-8fbb-b400c8a2092f/aggregates => generated 235 bytes in 12 msecs (HTTP/1.1 404) 5 headers in 202 bytes (1 switches on core 0)
2026-05-10 05:19:22.419 7 INFO placement.requestlog [None req-4c4e8b0d-917f-4a50-873c-76c9fba8c3a3 9502235e5a9d49ab94cb9247434e9d89 f5be3d52806646e89883bd8e5ec3a3e6 - - f91cc051068740f581255a816931de8e f91cc051068740f581255a816931de8e] 10.0.0.187 "GET /resource_providers/eceba1e9-de2d-4e20-8fbb-b400c8a2092f/aggregates" status: 404 len: 235 microversion: 1.1 [pid: 7|app: 0|req: 374/751] 10.0.0.187 () {32 vars in 824 bytes} [Sun May 10 05:19:22 2026] GET /resource_providers/eceba1e9-de2d-4e20-8fbb-b400c8a2092f/aggregates => generated 235 bytes in 12 msecs (HTTP/1.1 404) 5 headers in 202 bytes (1 switches on core 0)
2026-05-10 05:19:22.456 8 INFO placement.requestlog [None req-e0a3ecbc-df9e-42ca-a6d1-e6105649feb5 9502235e5a9d49ab94cb9247434e9d89 f5be3d52806646e89883bd8e5ec3a3e6 - - f91cc051068740f581255a816931de8e f91cc051068740f581255a816931de8e] 10.0.0.187 "DELETE /resource_providers/eceba1e9-de2d-4e20-8fbb-b400c8a2092f" status: 404 len: 246 microversion: 1.1 [pid: 8|app: 0|req: 378/752] 10.0.0.187 () {34 vars in 824 bytes} [Sun May 10 05:19:22 2026] DELETE /resource_providers/eceba1e9-de2d-4e20-8fbb-b400c8a2092f => generated 246 bytes in 14 msecs (HTTP/1.1 404) 6 headers in 231 bytes (1 switches on core 0)
2026-05-10 05:19:22.456 7 INFO placement.requestlog [None req-0831d7b4-1f39-40a1-8ac1-28a97f032a9e 9502235e5a9d49ab94cb9247434e9d89 f5be3d52806646e89883bd8e5ec3a3e6 - - f91cc051068740f581255a816931de8e f91cc051068740f581255a816931de8e] 10.0.0.187 "DELETE /resource_providers/eceba1e9-de2d-4e20-8fbb-b400c8a2092f" status: 404 len: 246 microversion: 1.1 [pid: 7|app: 0|req: 375/753] 10.0.0.187 () {34 vars in 824 bytes} [Sun May 10 05:19:22 2026] DELETE /resource_providers/eceba1e9-de2d-4e20-8fbb-b400c8a2092f => generated 246 bytes in 14 msecs (HTTP/1.1 404) 6 headers in 231 bytes (1 switches on core 0)
2026-05-10 05:19:22.641 8 INFO placement.requestlog [None req-6a78d128-f880-4666-a47b-85970d8a416c 9502235e5a9d49ab94cb9247434e9d89 f5be3d52806646e89883bd8e5ec3a3e6 - - f91cc051068740f581255a816931de8e f91cc051068740f581255a816931de8e] 10.0.0.187 "GET /resource_providers/d24784ae-97eb-451a-bdcd-bd3cf447fa3e/aggregates" status: 404 len: 235 microversion: 1.1 [pid: 8|app: 0|req: 379/754] 10.0.0.187 () {32 vars in 824 bytes} [Sun May 10 05:19:22 2026] GET /resource_providers/d24784ae-97eb-451a-bdcd-bd3cf447fa3e/aggregates => generated 235 bytes in 11 msecs (HTTP/1.1 404) 5 headers in 202 bytes (1 switches on core 0)
2026-05-10 05:19:22.645 7 INFO placement.requestlog [None req-ea73e76c-9d7b-437c-9fb0-0127401512f0 9502235e5a9d49ab94cb9247434e9d89 f5be3d52806646e89883bd8e5ec3a3e6 - - f91cc051068740f581255a816931de8e f91cc051068740f581255a816931de8e] 10.0.0.187 "GET /resource_providers/d24784ae-97eb-451a-bdcd-bd3cf447fa3e/aggregates" status: 404 len: 235 microversion: 1.1 [pid: 7|app: 0|req: 376/755] 10.0.0.187 () {32 vars in 824 bytes} [Sun May 10 05:19:22 2026] GET /resource_providers/d24784ae-97eb-451a-bdcd-bd3cf447fa3e/aggregates => generated 235 bytes in 12 msecs (HTTP/1.1 404) 5 headers in 202 bytes (1 switches on core 0)
2026-05-10 05:19:22.674 8 INFO placement.requestlog [None req-551e26c4-d236-400e-8f52-f9d6355ebaae 9502235e5a9d49ab94cb9247434e9d89 f5be3d52806646e89883bd8e5ec3a3e6 - - f91cc051068740f581255a816931de8e f91cc051068740f581255a816931de8e] 10.0.0.187 "DELETE /resource_providers/d24784ae-97eb-451a-bdcd-bd3cf447fa3e" status: 404 len: 246 microversion: 1.1 [pid: 8|app: 0|req: 380/756] 10.0.0.187 () {34 vars in 824 bytes} [Sun May 10 05:19:22 2026] DELETE /resource_providers/d24784ae-97eb-451a-bdcd-bd3cf447fa3e => generated 246 bytes in 11 msecs (HTTP/1.1 404) 6 headers in 231 bytes (1 switches on core 0)
2026-05-10 05:19:22.676 7 INFO placement.requestlog [None req-1ad1af23-b93a-44cf-93b6-c353ec7f989c 9502235e5a9d49ab94cb9247434e9d89 f5be3d52806646e89883bd8e5ec3a3e6 - - f91cc051068740f581255a816931de8e f91cc051068740f581255a816931de8e] 10.0.0.187 "DELETE /resource_providers/d24784ae-97eb-451a-bdcd-bd3cf447fa3e" status: 404 len: 246 microversion: 1.1 [pid: 7|app: 0|req: 377/757] 10.0.0.187 () {34 vars in 824 bytes} [Sun May 10 05:19:22 2026] DELETE /resource_providers/d24784ae-97eb-451a-bdcd-bd3cf447fa3e => generated 246 bytes in 10 msecs (HTTP/1.1 404) 6 headers in 231 bytes (1 switches on core 0)
2026-05-10 05:19:22.704 8 INFO placement.requestlog [None req-8faa9461-6b8b-4d55-898c-bcd2c677946b 9502235e5a9d49ab94cb9247434e9d89 f5be3d52806646e89883bd8e5ec3a3e6 - - f91cc051068740f581255a816931de8e f91cc051068740f581255a816931de8e] 10.0.0.187 "GET /resource_providers/466e477c-381a-4ad0-8767-410d9303b1f6/aggregates" status: 404 len: 235 microversion: 1.1 [pid: 8|app: 0|req: 381/758] 10.0.0.187 () {32 vars in 824 bytes} [Sun May 10 05:19:22 2026] GET /resource_providers/466e477c-381a-4ad0-8767-410d9303b1f6/aggregates => generated 235 bytes in 11 msecs (HTTP/1.1 404) 5 headers in 202 bytes (1 switches on core 0)
2026-05-10 05:19:22.704 7 INFO placement.requestlog [None req-eb8c6237-4586-4fe7-a7d7-bcaf72708aae 9502235e5a9d49ab94cb9247434e9d89 f5be3d52806646e89883bd8e5ec3a3e6 - - f91cc051068740f581255a816931de8e f91cc051068740f581255a816931de8e] 10.0.0.187 "GET /resource_providers/466e477c-381a-4ad0-8767-410d9303b1f6/aggregates" status: 404 len: 235 microversion: 1.1 [pid: 7|app: 0|req: 378/759] 10.0.0.187 () {32 vars in 824 bytes} [Sun May 10 05:19:22 2026] GET /resource_providers/466e477c-381a-4ad0-8767-410d9303b1f6/aggregates => generated 235 bytes in 12 msecs (HTTP/1.1 404) 5 headers in 202 bytes (1 switches on core 0)
2026-05-10 05:19:22.730 7 INFO placement.requestlog [None req-55a441ae-783c-42a0-addb-679ea64c96ca 9502235e5a9d49ab94cb9247434e9d89 f5be3d52806646e89883bd8e5ec3a3e6 - - f91cc051068740f581255a816931de8e f91cc051068740f581255a816931de8e] 10.0.0.187 "DELETE /resource_providers/466e477c-381a-4ad0-8767-410d9303b1f6" status: 404 len: 246 microversion: 1.1
2026-05-10 05:19:22.730 8 INFO placement.requestlog [None req-1f944b0a-f6eb-4aa2-8159-3bd42a48ebdc 9502235e5a9d49ab94cb9247434e9d89 f5be3d52806646e89883bd8e5ec3a3e6 - - f91cc051068740f581255a816931de8e f91cc051068740f581255a816931de8e] 10.0.0.187 "DELETE /resource_providers/466e477c-381a-4ad0-8767-410d9303b1f6" status: 404 len: 246 microversion: 1.1 [pid: 8|app: 0|req: 382/760] 10.0.0.187 () {34 vars in 824 bytes} [Sun May 10 05:19:22 2026] DELETE /resource_providers/466e477c-381a-4ad0-8767-410d9303b1f6 => generated 246 bytes in 9 msecs (HTTP/1.1 404) 6 headers in 231 bytes (1 switches on core 0) [pid: 7|app: 0|req: 379/761] 10.0.0.187 () {34 vars in 824 bytes} [Sun May 10 05:19:22 2026] DELETE /resource_providers/466e477c-381a-4ad0-8767-410d9303b1f6 => generated 246 bytes in 9 msecs (HTTP/1.1 404) 6 headers in 231 bytes (1 switches on core 0)
2026-05-10 05:19:23.124 8 INFO placement.requestlog [req-9c764e07-0388-44f8-bfcd-7c09bb8e7012 req-20eba40b-7d29-442c-bc06-aae3dd2e1f2e e5bcab9aead74d98bee8280f0574414a f5be3d52806646e89883bd8e5ec3a3e6 - - f91cc051068740f581255a816931de8e f91cc051068740f581255a816931de8e] 10.0.0.99 "GET /allocation_candidates?limit=1000&resources=DISK_GB%3A1%2CMEMORY_MB%3A512%2CVCPU%3A1&root_required=%21COMPUTE_STATUS_DISABLED" status: 200 len: 2147 microversion: 1.36 [pid: 8|app: 0|req: 383/762] 10.0.0.99 () {34 vars in 1010 bytes} [Sun May 10 05:19:23 2026] GET /allocation_candidates?limit=1000&resources=DISK_GB%3A1%2CMEMORY_MB%3A512%2CVCPU%3A1&root_required=%21COMPUTE_STATUS_DISABLED => generated 2147 bytes in 46 msecs (HTTP/1.1 200) 8 headers in 297 bytes (1 switches on core 0)
2026-05-10 05:19:23.156 7 INFO placement.requestlog [req-9c764e07-0388-44f8-bfcd-7c09bb8e7012 req-315527fa-90f5-41de-8af1-4fb3e2a9a736 e5bcab9aead74d98bee8280f0574414a f5be3d52806646e89883bd8e5ec3a3e6 - - f91cc051068740f581255a816931de8e f91cc051068740f581255a816931de8e] 10.0.0.99 "GET /allocations/5109ee8a-098e-476b-9d8d-7a9d6cd2246d" status: 200 len: 19 microversion: 1.28 [pid: 7|app: 0|req: 380/763] 10.0.0.99 () {34 vars in 859 bytes} [Sun May 10 05:19:23 2026] GET /allocations/5109ee8a-098e-476b-9d8d-7a9d6cd2246d => generated 19 bytes in 13 msecs (HTTP/1.1 200) 8 headers in 295 bytes (1 switches on core 0)
2026-05-10 05:19:23.228 8 INFO placement.requestlog [req-9c764e07-0388-44f8-bfcd-7c09bb8e7012 req-e2764d1c-6973-46f7-8b6c-111c796954e1 e5bcab9aead74d98bee8280f0574414a f5be3d52806646e89883bd8e5ec3a3e6 - - f91cc051068740f581255a816931de8e f91cc051068740f581255a816931de8e] 10.0.0.99 "PUT /allocations/5109ee8a-098e-476b-9d8d-7a9d6cd2246d" status: 204 len: 0 microversion: 1.36 [pid: 8|app: 0|req: 384/764] 10.0.0.99 () {38 vars in 912 bytes} [Sun May 10 05:19:23 2026] PUT /allocations/5109ee8a-098e-476b-9d8d-7a9d6cd2246d => generated 0 bytes in 66 msecs (HTTP/1.1 204) 5 headers in 199 bytes (1 switches on core 0)
2026-05-10 05:19:23.464 7 INFO placement.requestlog [req-9c764e07-0388-44f8-bfcd-7c09bb8e7012 req-e06108fa-e076-4430-8f39-98e6f95211f0 e5bcab9aead74d98bee8280f0574414a f5be3d52806646e89883bd8e5ec3a3e6 - - f91cc051068740f581255a816931de8e f91cc051068740f581255a816931de8e] 199.204.45.77 "GET /allocations/5109ee8a-098e-476b-9d8d-7a9d6cd2246d" status: 200 len: 257 microversion: 1.28 [pid: 7|app: 0|req: 381/765] 199.204.45.77 () {34 vars in 861 bytes} [Sun May 10 05:19:23 2026] GET /allocations/5109ee8a-098e-476b-9d8d-7a9d6cd2246d => generated 257 bytes in 16 msecs (HTTP/1.1 200) 8 headers in 296 bytes (1 switches on core 0)
2026-05-10 05:19:23.588 8 INFO placement.requestlog [req-9c764e07-0388-44f8-bfcd-7c09bb8e7012 req-043d4f39-6fa9-42ad-bdb6-c9f38e9f7f7d e5bcab9aead74d98bee8280f0574414a f5be3d52806646e89883bd8e5ec3a3e6 - - f91cc051068740f581255a816931de8e f91cc051068740f581255a816931de8e] 199.204.45.77 "GET /resource_providers/157328f2-dd49-44aa-8660-fcdf778a2343/allocations" status: 200 len: 152 microversion: 1.0 [pid: 8|app: 0|req: 385/766] 199.204.45.77 () {32 vars in 855 bytes} [Sun May 10 05:19:23 2026] GET /resource_providers/157328f2-dd49-44aa-8660-fcdf778a2343/allocations => generated 152 bytes in 17 msecs (HTTP/1.1 200) 6 headers in 224 bytes (1 switches on core 0)
2026-05-10 05:19:23.611 7 INFO placement.requestlog [req-9c764e07-0388-44f8-bfcd-7c09bb8e7012 req-680e5460-828e-4eac-aa69-dda592697d05 e5bcab9aead74d98bee8280f0574414a f5be3d52806646e89883bd8e5ec3a3e6 - - f91cc051068740f581255a816931de8e f91cc051068740f581255a816931de8e] 199.204.45.77 "GET /allocations/5109ee8a-098e-476b-9d8d-7a9d6cd2246d" status: 200 len: 257 microversion: 1.28 [pid: 7|app: 0|req: 382/767] 199.204.45.77 () {34 vars in 861 bytes} [Sun May 10 05:19:23 2026] GET /allocations/5109ee8a-098e-476b-9d8d-7a9d6cd2246d => generated 257 bytes in 15 msecs (HTTP/1.1 200) 8 headers in 296 bytes (1 switches on core 0)
2026-05-10 05:19:26.469 8 INFO placement.requestlog [req-69cce57f-f961-4e72-914c-3c042d317199 req-f4d7e7fa-ac4b-4d9e-b9be-ada4c5097422 e5bcab9aead74d98bee8280f0574414a f5be3d52806646e89883bd8e5ec3a3e6 - - f91cc051068740f581255a816931de8e f91cc051068740f581255a816931de8e] 10.0.0.99 "GET /allocation_candidates?limit=1000&resources=DISK_GB%3A1%2CMEMORY_MB%3A512%2CVCPU%3A1&root_required=%21COMPUTE_STATUS_DISABLED" status: 200 len: 2149 microversion: 1.36 [pid: 8|app: 0|req: 386/768] 10.0.0.99 () {34 vars in 1010 bytes} [Sun May 10 05:19:26 2026] GET /allocation_candidates?limit=1000&resources=DISK_GB%3A1%2CMEMORY_MB%3A512%2CVCPU%3A1&root_required=%21COMPUTE_STATUS_DISABLED => generated 2149 bytes in 57 msecs (HTTP/1.1 200) 8 headers in 297 bytes (1 switches on core 0)
2026-05-10 05:19:26.504 7 INFO placement.requestlog [req-69cce57f-f961-4e72-914c-3c042d317199 req-cc8c2595-1353-4680-bc58-7af50d620c4d e5bcab9aead74d98bee8280f0574414a f5be3d52806646e89883bd8e5ec3a3e6 - - f91cc051068740f581255a816931de8e f91cc051068740f581255a816931de8e] 10.0.0.99 "GET /allocations/f443a813-d363-4c34-89e0-4eb37cb6ffa7" status: 200 len: 19 microversion: 1.28 [pid: 7|app: 0|req: 383/769] 10.0.0.99 () {34 vars in 859 bytes} [Sun May 10 05:19:26 2026] GET /allocations/f443a813-d363-4c34-89e0-4eb37cb6ffa7 => generated 19 bytes in 11 msecs (HTTP/1.1 200) 8 headers in 295 bytes (1 switches on core 0)
2026-05-10 05:19:26.573 8 INFO placement.requestlog [req-69cce57f-f961-4e72-914c-3c042d317199 req-0e4f45e3-c03a-465b-be84-be10fad378fd e5bcab9aead74d98bee8280f0574414a f5be3d52806646e89883bd8e5ec3a3e6 - - f91cc051068740f581255a816931de8e f91cc051068740f581255a816931de8e] 10.0.0.99 "PUT /allocations/f443a813-d363-4c34-89e0-4eb37cb6ffa7" status: 204 len: 0 microversion: 1.36 [pid: 8|app: 0|req: 387/770] 10.0.0.99 () {38 vars in 912 bytes} [Sun May 10 05:19:26 2026] PUT /allocations/f443a813-d363-4c34-89e0-4eb37cb6ffa7 => generated 0 bytes in 63 msecs (HTTP/1.1 204) 5 headers in 199 bytes (1 switches on core 0)
2026-05-10 05:19:26.825 7 INFO placement.requestlog [req-69cce57f-f961-4e72-914c-3c042d317199 req-01223f09-134d-4fc3-b089-c9478f9ebf1d e5bcab9aead74d98bee8280f0574414a f5be3d52806646e89883bd8e5ec3a3e6 - - f91cc051068740f581255a816931de8e f91cc051068740f581255a816931de8e] 199.204.45.77 "GET /allocations/f443a813-d363-4c34-89e0-4eb37cb6ffa7" status: 200 len: 257 microversion: 1.28 [pid: 7|app: 0|req: 384/771] 199.204.45.77 () {34 vars in 861 bytes} [Sun May 10 05:19:26 2026] GET /allocations/f443a813-d363-4c34-89e0-4eb37cb6ffa7 => generated 257 bytes in 24 msecs (HTTP/1.1 200) 8 headers in 296 bytes (1 switches on core 0)
2026-05-10 05:19:26.835 8 INFO placement.requestlog [None req-87df408a-563e-4b07-b9b3-b6283c224173 9502235e5a9d49ab94cb9247434e9d89 f5be3d52806646e89883bd8e5ec3a3e6 - - f91cc051068740f581255a816931de8e f91cc051068740f581255a816931de8e] 10.0.0.187 "GET /resource_providers/19181ad0-6f78-4be9-88c0-09a8436aae30/aggregates" status: 404 len: 235 microversion: 1.1 [pid: 8|app: 0|req: 388/772] 10.0.0.187 () {32 vars in 824 bytes} [Sun May 10 05:19:26 2026] GET /resource_providers/19181ad0-6f78-4be9-88c0-09a8436aae30/aggregates => generated 235 bytes in 15 msecs (HTTP/1.1 404) 5 headers in 202 bytes (1 switches on core 0)
2026-05-10 05:19:26.839 7 INFO placement.requestlog [None req-1f2a8d4c-0f6c-4f7f-8e74-a634d4cea44b 9502235e5a9d49ab94cb9247434e9d89 f5be3d52806646e89883bd8e5ec3a3e6 - - f91cc051068740f581255a816931de8e f91cc051068740f581255a816931de8e] 10.0.0.187 "GET /resource_providers/19181ad0-6f78-4be9-88c0-09a8436aae30/aggregates" status: 404 len: 235 microversion: 1.1 [pid: 7|app: 0|req: 385/773] 10.0.0.187 () {32 vars in 824 bytes} [Sun May 10 05:19:26 2026] GET /resource_providers/19181ad0-6f78-4be9-88c0-09a8436aae30/aggregates => generated 235 bytes in 13 msecs (HTTP/1.1 404) 5 headers in 202 bytes (1 switches on core 0)
2026-05-10 05:19:26.865 8 INFO placement.requestlog [None req-20c44e84-b5b2-438b-a555-f0224f0e983e 9502235e5a9d49ab94cb9247434e9d89 f5be3d52806646e89883bd8e5ec3a3e6 - - f91cc051068740f581255a816931de8e f91cc051068740f581255a816931de8e] 10.0.0.187 "DELETE /resource_providers/19181ad0-6f78-4be9-88c0-09a8436aae30" status: 404 len: 246 microversion: 1.1 [pid: 8|app: 0|req: 389/774] 10.0.0.187 () {34 vars in 824 bytes} [Sun May 10 05:19:26 2026] DELETE /resource_providers/19181ad0-6f78-4be9-88c0-09a8436aae30 => generated 246 bytes in 23 msecs (HTTP/1.1 404) 6 headers in 231 bytes (1 switches on core 0)
2026-05-10 05:19:26.878 7 INFO placement.requestlog [None req-e20914a1-ba37-4eb6-8807-f16711aec339 9502235e5a9d49ab94cb9247434e9d89 f5be3d52806646e89883bd8e5ec3a3e6 - - f91cc051068740f581255a816931de8e f91cc051068740f581255a816931de8e] 10.0.0.187 "DELETE /resource_providers/19181ad0-6f78-4be9-88c0-09a8436aae30" status: 404 len: 246 microversion: 1.1 [pid: 7|app: 0|req: 386/775] 10.0.0.187 () {34 vars in 824 bytes} [Sun May 10 05:19:26 2026] DELETE /resource_providers/19181ad0-6f78-4be9-88c0-09a8436aae30 => generated 246 bytes in 15 msecs (HTTP/1.1 404) 6 headers in 231 bytes (1 switches on core 0)
2026-05-10 05:19:27.000 8 INFO placement.requestlog [req-69cce57f-f961-4e72-914c-3c042d317199 req-c9426ef1-8109-4a90-bf49-cf0ad2ce6d18 e5bcab9aead74d98bee8280f0574414a f5be3d52806646e89883bd8e5ec3a3e6 - - f91cc051068740f581255a816931de8e f91cc051068740f581255a816931de8e] 199.204.45.77 "GET /resource_providers/157328f2-dd49-44aa-8660-fcdf778a2343/allocations" status: 200 len: 252 microversion: 1.0 [pid: 8|app: 0|req: 390/776] 199.204.45.77 () {32 vars in 855 bytes} [Sun May 10 05:19:26 2026] GET /resource_providers/157328f2-dd49-44aa-8660-fcdf778a2343/allocations => generated 252 bytes in 31 msecs (HTTP/1.1 200) 6 headers in 224 bytes (1 switches on core 0)
2026-05-10 05:19:27.025 7 INFO placement.requestlog [req-69cce57f-f961-4e72-914c-3c042d317199 req-272ceb2a-398c-4ca6-8c6f-8fcf5d04034a e5bcab9aead74d98bee8280f0574414a f5be3d52806646e89883bd8e5ec3a3e6 - - f91cc051068740f581255a816931de8e f91cc051068740f581255a816931de8e] 199.204.45.77 "GET /allocations/5109ee8a-098e-476b-9d8d-7a9d6cd2246d" status: 200 len: 257 microversion: 1.28 [pid: 7|app: 0|req: 387/777] 199.204.45.77 () {34 vars in 861 bytes} [Sun May 10 05:19:27 2026] GET /allocations/5109ee8a-098e-476b-9d8d-7a9d6cd2246d => generated 257 bytes in 16 msecs (HTTP/1.1 200) 8 headers in 296 bytes (1 switches on core 0)
2026-05-10 05:19:27.053 8 INFO placement.requestlog [req-69cce57f-f961-4e72-914c-3c042d317199 req-4d6ede7b-e6a0-4af6-8342-150cdd3a87ff e5bcab9aead74d98bee8280f0574414a f5be3d52806646e89883bd8e5ec3a3e6 - - f91cc051068740f581255a816931de8e f91cc051068740f581255a816931de8e] 199.204.45.77 "GET /allocations/f443a813-d363-4c34-89e0-4eb37cb6ffa7" status: 200 len: 257 microversion: 1.28 [pid: 8|app: 0|req: 391/778] 199.204.45.77 () {34 vars in 861 bytes} [Sun May 10 05:19:27 2026] GET /allocations/f443a813-d363-4c34-89e0-4eb37cb6ffa7 => generated 257 bytes in 17 msecs (HTTP/1.1 200) 8 headers in 296 bytes (1 switches on core 0)
2026-05-10 05:19:27.525 7 INFO placement.requestlog [None req-28ddf3c5-b5c3-43bb-87f1-cff63f899159 9502235e5a9d49ab94cb9247434e9d89 f5be3d52806646e89883bd8e5ec3a3e6 - - f91cc051068740f581255a816931de8e f91cc051068740f581255a816931de8e] 10.0.0.187 "GET /resource_providers/8909c0cb-24ad-4c9b-8db4-89336106d1ae/aggregates" status: 404 len: 235 microversion: 1.1 [pid: 7|app: 0|req: 388/779] 10.0.0.187 () {32 vars in 824 bytes} [Sun May 10 05:19:27 2026] GET /resource_providers/8909c0cb-24ad-4c9b-8db4-89336106d1ae/aggregates => generated 235 bytes in 12 msecs (HTTP/1.1 404) 5 headers in 202 bytes (1 switches on core 0)
2026-05-10 05:19:27.527 8 INFO placement.requestlog [None req-af0c896d-53b9-46bf-b968-a22d9a7d5b9a 9502235e5a9d49ab94cb9247434e9d89 f5be3d52806646e89883bd8e5ec3a3e6 - - f91cc051068740f581255a816931de8e f91cc051068740f581255a816931de8e] 10.0.0.187 "GET /resource_providers/8909c0cb-24ad-4c9b-8db4-89336106d1ae/aggregates" status: 404 len: 235 microversion: 1.1 [pid: 8|app: 0|req: 392/780] 10.0.0.187 () {32 vars in 824 bytes} [Sun May 10 05:19:27 2026] GET /resource_providers/8909c0cb-24ad-4c9b-8db4-89336106d1ae/aggregates => generated 235 bytes in 13 msecs (HTTP/1.1 404) 5 headers in 202 bytes (1 switches on core 0)
2026-05-10 05:19:27.549 7 INFO placement.requestlog [None req-72a5ea36-d634-4ffc-993a-3d5e1a1c1c51 9502235e5a9d49ab94cb9247434e9d89 f5be3d52806646e89883bd8e5ec3a3e6 - - f91cc051068740f581255a816931de8e f91cc051068740f581255a816931de8e] 10.0.0.187 "DELETE /resource_providers/8909c0cb-24ad-4c9b-8db4-89336106d1ae" status: 404 len: 246 microversion: 1.1 [pid: 7|app: 0|req: 389/781] 10.0.0.187 () {34 vars in 824 bytes} [Sun May 10 05:19:27 2026] DELETE /resource_providers/8909c0cb-24ad-4c9b-8db4-89336106d1ae => generated 246 bytes in 10 msecs (HTTP/1.1 404) 6 headers in 231 bytes (1 switches on core 0)
2026-05-10 05:19:27.554 8 INFO placement.requestlog [None req-e075977e-51b7-49ce-b7ee-6698808f9f87 9502235e5a9d49ab94cb9247434e9d89 f5be3d52806646e89883bd8e5ec3a3e6 - - f91cc051068740f581255a816931de8e f91cc051068740f581255a816931de8e] 10.0.0.187 "DELETE /resource_providers/8909c0cb-24ad-4c9b-8db4-89336106d1ae" status: 404 len: 246 microversion: 1.1 [pid: 8|app: 0|req: 393/782] 10.0.0.187 () {34 vars in 824 bytes} [Sun May 10 05:19:27 2026] DELETE /resource_providers/8909c0cb-24ad-4c9b-8db4-89336106d1ae => generated 246 bytes in 10 msecs (HTTP/1.1 404) 6 headers in 231 bytes (1 switches on core 0)
2026-05-10 05:19:29.043 7 INFO placement.requestlog [None req-3dd599ec-4980-455e-8d80-5ebec403b0e3 9502235e5a9d49ab94cb9247434e9d89 f5be3d52806646e89883bd8e5ec3a3e6 - - f91cc051068740f581255a816931de8e f91cc051068740f581255a816931de8e] 10.0.0.187 "GET /resource_providers/eb83851d-4e03-4a4c-8949-8cf68bb010b6/aggregates" status: 404 len: 235 microversion: 1.1 [pid: 7|app: 0|req: 390/783] 10.0.0.187 () {32 vars in 824 bytes} [Sun May 10 05:19:29 2026] GET /resource_providers/eb83851d-4e03-4a4c-8949-8cf68bb010b6/aggregates => generated 235 bytes in 18 msecs (HTTP/1.1 404) 5 headers in 202 bytes (1 switches on core 0)
2026-05-10 05:19:29.044 8 INFO placement.requestlog [None req-429d5aea-c36e-48ee-9c9b-68fc81b68fcd 9502235e5a9d49ab94cb9247434e9d89 f5be3d52806646e89883bd8e5ec3a3e6 - - f91cc051068740f581255a816931de8e f91cc051068740f581255a816931de8e] 10.0.0.187 "GET /resource_providers/eb83851d-4e03-4a4c-8949-8cf68bb010b6/aggregates" status: 404 len: 235 microversion: 1.1 [pid: 8|app: 0|req: 394/784] 10.0.0.187 () {32 vars in 824 bytes} [Sun May 10 05:19:29 2026] GET /resource_providers/eb83851d-4e03-4a4c-8949-8cf68bb010b6/aggregates => generated 235 bytes in 14 msecs (HTTP/1.1 404) 5 headers in 202 bytes (1 switches on core 0)
2026-05-10 05:19:29.083 7 INFO placement.requestlog [None req-05435ebb-5bf3-429f-bd0a-5e33f52787af 9502235e5a9d49ab94cb9247434e9d89 f5be3d52806646e89883bd8e5ec3a3e6 - - f91cc051068740f581255a816931de8e f91cc051068740f581255a816931de8e] 10.0.0.187 "DELETE /resource_providers/eb83851d-4e03-4a4c-8949-8cf68bb010b6" status: 404 len: 246 microversion: 1.1 [pid: 7|app: 0|req: 391/785] 10.0.0.187 () {34 vars in 824 bytes} [Sun May 10 05:19:29 2026] DELETE /resource_providers/eb83851d-4e03-4a4c-8949-8cf68bb010b6 => generated 246 bytes in 15 msecs (HTTP/1.1 404) 6 headers in 231 bytes (1 switches on core 0)
2026-05-10 05:19:29.092 8 INFO placement.requestlog [None req-47148641-cf39-48df-9a68-235b4a5e8781 9502235e5a9d49ab94cb9247434e9d89 f5be3d52806646e89883bd8e5ec3a3e6 - - f91cc051068740f581255a816931de8e f91cc051068740f581255a816931de8e] 10.0.0.187 "DELETE /resource_providers/eb83851d-4e03-4a4c-8949-8cf68bb010b6" status: 404 len: 246 microversion: 1.1 [pid: 8|app: 0|req: 395/786] 10.0.0.187 () {34 vars in 824 bytes} [Sun May 10 05:19:29 2026] DELETE /resource_providers/eb83851d-4e03-4a4c-8949-8cf68bb010b6 => generated 246 bytes in 11 msecs (HTTP/1.1 404) 6 headers in 231 bytes (1 switches on core 0)
2026-05-10 05:19:30.380 7 INFO placement.requestlog [req-62e4f10b-41d7-4f01-a8d1-43333860fa63 req-5c07e573-a093-49f0-8c09-834096630819 e5bcab9aead74d98bee8280f0574414a f5be3d52806646e89883bd8e5ec3a3e6 - - f91cc051068740f581255a816931de8e f91cc051068740f581255a816931de8e] 199.204.45.77 "GET /resource_providers/157328f2-dd49-44aa-8660-fcdf778a2343/allocations" status: 200 len: 252 microversion: 1.0 [pid: 7|app: 0|req: 392/787] 199.204.45.77 () {32 vars in 855 bytes} [Sun May 10 05:19:30 2026] GET /resource_providers/157328f2-dd49-44aa-8660-fcdf778a2343/allocations => generated 252 bytes in 18 msecs (HTTP/1.1 200) 6 headers in 224 bytes (1 switches on core 0)
2026-05-10 05:19:30.405 8 INFO placement.requestlog [req-62e4f10b-41d7-4f01-a8d1-43333860fa63 req-26d9d485-e865-4700-b9c7-d31fdfaa83b3 e5bcab9aead74d98bee8280f0574414a f5be3d52806646e89883bd8e5ec3a3e6 - - f91cc051068740f581255a816931de8e f91cc051068740f581255a816931de8e] 199.204.45.77 "GET /allocations/5109ee8a-098e-476b-9d8d-7a9d6cd2246d" status: 200 len: 257 microversion: 1.28 [pid: 8|app: 0|req: 396/788] 199.204.45.77 () {34 vars in 861 bytes} [Sun May 10 05:19:30 2026] GET /allocations/5109ee8a-098e-476b-9d8d-7a9d6cd2246d => generated 257 bytes in 17 msecs (HTTP/1.1 200) 8 headers in 296 bytes (1 switches on core 0)
2026-05-10 05:19:30.425 7 INFO placement.requestlog [req-62e4f10b-41d7-4f01-a8d1-43333860fa63 req-13d2798f-e4e6-46dd-aa97-cd572f3cfabb e5bcab9aead74d98bee8280f0574414a f5be3d52806646e89883bd8e5ec3a3e6 - - f91cc051068740f581255a816931de8e f91cc051068740f581255a816931de8e] 199.204.45.77 "GET /allocations/f443a813-d363-4c34-89e0-4eb37cb6ffa7" status: 200 len: 257 microversion: 1.28 [pid: 7|app: 0|req: 393/789] 199.204.45.77 () {34 vars in 861 bytes} [Sun May 10 05:19:30 2026] GET /allocations/f443a813-d363-4c34-89e0-4eb37cb6ffa7 => generated 257 bytes in 14 msecs (HTTP/1.1 200) 8 headers in 296 bytes (1 switches on core 0)
2026-05-10 05:19:30.474 8 INFO placement.requestlog [req-62e4f10b-41d7-4f01-a8d1-43333860fa63 req-6631ed96-2d19-4e92-9f5a-bab3ddaead92 e5bcab9aead74d98bee8280f0574414a f5be3d52806646e89883bd8e5ec3a3e6 - - f91cc051068740f581255a816931de8e f91cc051068740f581255a816931de8e] 199.204.45.77 "DELETE /allocations/5109ee8a-098e-476b-9d8d-7a9d6cd2246d" status: 204 len: 0 microversion: 1.0 [pid: 8|app: 0|req: 397/790] 199.204.45.77 () {34 vars in 839 bytes} [Sun May 10 05:19:30 2026] DELETE /allocations/5109ee8a-098e-476b-9d8d-7a9d6cd2246d => generated 0 bytes in 26 msecs (HTTP/1.1 204) 5 headers in 198 bytes (1 switches on core 0)
2026-05-10 05:19:30.593 8 INFO placement.requestlog [None req-2fb8f58e-84dc-43f6-aacd-fad59ad22f86 - - - - - -] 10.0.0.216 "GET /" status: 200 len: 136 microversion: 1.0
2026-05-10 05:19:30.593 7 INFO placement.requestlog [None req-42d7dd75-39e4-49b7-ae33-36423ea9f99a - - - - - -] 10.0.0.216 "GET /" status: 200 len: 136 microversion: 1.0
2026-05-10 05:19:32.987 8 INFO placement.requestlog [req-2b1f47dc-c24e-4e95-9e4b-fa40ad27ae5a req-4fd175d0-027e-400a-b34d-2a77d9c83cec e5bcab9aead74d98bee8280f0574414a f5be3d52806646e89883bd8e5ec3a3e6 - - f91cc051068740f581255a816931de8e f91cc051068740f581255a816931de8e] 199.204.45.77 "GET /resource_providers/157328f2-dd49-44aa-8660-fcdf778a2343/allocations" status: 200 len: 152 microversion: 1.0 [pid: 8|app: 0|req: 399/793] 199.204.45.77 () {32 vars in 855 bytes} [Sun May 10 05:19:32 2026] GET /resource_providers/157328f2-dd49-44aa-8660-fcdf778a2343/allocations => generated 152 bytes in 16 msecs (HTTP/1.1 200) 6 headers in 224 bytes (1 switches on core 0)
2026-05-10 05:19:33.016 7 INFO placement.requestlog [req-2b1f47dc-c24e-4e95-9e4b-fa40ad27ae5a req-346be583-d541-40f5-8bfb-d8acf961f1ea e5bcab9aead74d98bee8280f0574414a f5be3d52806646e89883bd8e5ec3a3e6 - - f91cc051068740f581255a816931de8e f91cc051068740f581255a816931de8e] 199.204.45.77 "GET /allocations/f443a813-d363-4c34-89e0-4eb37cb6ffa7" status: 200 len: 257 microversion: 1.28 [pid: 7|app: 0|req: 395/794] 199.204.45.77 () {34 vars in 861 bytes} [Sun May 10 05:19:33 2026] GET /allocations/f443a813-d363-4c34-89e0-4eb37cb6ffa7 => generated 257 bytes in 12 msecs (HTTP/1.1 200) 8 headers in 296 bytes (1 switches on core 0)
2026-05-10 05:19:33.072 8 INFO placement.requestlog [req-2b1f47dc-c24e-4e95-9e4b-fa40ad27ae5a req-403143be-4829-4608-a046-b8ada87f9b0c e5bcab9aead74d98bee8280f0574414a f5be3d52806646e89883bd8e5ec3a3e6 - - f91cc051068740f581255a816931de8e f91cc051068740f581255a816931de8e] 199.204.45.77 "DELETE /allocations/f443a813-d363-4c34-89e0-4eb37cb6ffa7" status: 204 len: 0 microversion: 1.0 [pid: 8|app: 0|req: 400/795] 199.204.45.77 () {34 vars in 839 bytes} [Sun May 10 05:19:33 2026] DELETE /allocations/f443a813-d363-4c34-89e0-4eb37cb6ffa7 => generated 0 bytes in 28 msecs (HTTP/1.1 204) 5 headers in 198 bytes (1 switches on core 0)
2026-05-10 05:19:35.192 7 INFO placement.requestlog [None req-7a00a594-3252-4882-9da1-56351dfe75da 9502235e5a9d49ab94cb9247434e9d89 f5be3d52806646e89883bd8e5ec3a3e6 - - f91cc051068740f581255a816931de8e f91cc051068740f581255a816931de8e] 10.0.0.187 "GET /resource_providers/6428be29-5457-4f62-b8e3-5efbecb0b810/aggregates" status: 404 len: 235 microversion: 1.1 [pid: 7|app: 0|req: 396/796] 10.0.0.187 () {32 vars in 824 bytes} [Sun May 10 05:19:35 2026] GET /resource_providers/6428be29-5457-4f62-b8e3-5efbecb0b810/aggregates => generated 235 bytes in 9 msecs (HTTP/1.1 404) 5 headers in 202 bytes (1 switches on core 0)
2026-05-10 05:19:35.198 8 INFO placement.requestlog [None req-d08f5fa9-c3a4-4759-96ff-b2e71ba1feff 9502235e5a9d49ab94cb9247434e9d89 f5be3d52806646e89883bd8e5ec3a3e6 - - f91cc051068740f581255a816931de8e f91cc051068740f581255a816931de8e] 10.0.0.187 "GET /resource_providers/6428be29-5457-4f62-b8e3-5efbecb0b810/aggregates" status: 404 len: 235 microversion: 1.1 [pid: 8|app: 0|req: 401/797] 10.0.0.187 () {32 vars in 824 bytes} [Sun May 10 05:19:35 2026] GET /resource_providers/6428be29-5457-4f62-b8e3-5efbecb0b810/aggregates => generated 235 bytes in 14 msecs (HTTP/1.1 404) 5 headers in 202 bytes (1 switches on core 0)
2026-05-10 05:19:35.217 7 INFO placement.requestlog [None req-95565211-dda2-4144-9f7a-e4e634373952 9502235e5a9d49ab94cb9247434e9d89 f5be3d52806646e89883bd8e5ec3a3e6 - - f91cc051068740f581255a816931de8e f91cc051068740f581255a816931de8e] 10.0.0.187 "DELETE /resource_providers/6428be29-5457-4f62-b8e3-5efbecb0b810" status: 404 len: 246 microversion: 1.1 [pid: 7|app: 0|req: 397/798] 10.0.0.187 () {34 vars in 824 bytes} [Sun May 10 05:19:35 2026] DELETE /resource_providers/6428be29-5457-4f62-b8e3-5efbecb0b810 => generated 246 bytes in 12 msecs (HTTP/1.1 404) 6 headers in 231 bytes (1 switches on core 0)
2026-05-10 05:19:35.272 8 INFO placement.requestlog [None req-3acd25c5-75cd-4a9a-abff-5ab27d7579ff 9502235e5a9d49ab94cb9247434e9d89 f5be3d52806646e89883bd8e5ec3a3e6 - - f91cc051068740f581255a816931de8e f91cc051068740f581255a816931de8e] 10.0.0.187 "DELETE /resource_providers/6428be29-5457-4f62-b8e3-5efbecb0b810" status: 404 len: 246 microversion: 1.1 [pid: 8|app: 0|req: 402/799] 10.0.0.187 () {34 vars in 824 bytes} [Sun May 10 05:19:35 2026] DELETE /resource_providers/6428be29-5457-4f62-b8e3-5efbecb0b810 => generated 246 bytes in 65 msecs (HTTP/1.1 404) 6 headers in 231 bytes (1 switches on core 0)
