Mar 31 21:00:15.109988 np0000161979 devstack@neutron-api.service[102232]: DEBUG ovsdbapp.backend.ovs_idl [None req-fc6c1c02-937b-47ea-ab90-103d826752f6 None None] Created schema index Datapath_Binding.tunnel_key {{(pid=102232) autocreate_indices /opt/stack/data/venv/lib/python3.12/site-packages/ovsdbapp/backend/ovs_idl/__init__.py:106}}
Mar 31 21:00:15.113057 np0000161979 devstack@neutron-api.service[102232]: INFO ovsdbapp.backend.ovs_idl.vlog [None req-fc6c1c02-937b-47ea-ab90-103d826752f6 None None] ssl:199.19.213.51:6642: connecting...
Mar 31 21:00:15.114636 np0000161979 devstack@neutron-api.service[102231]: DEBUG neutron.common.ovn.hash_ring_manager [None req-d9178968-0dab-4612-9aec-63d796e397c7 None None] Hash Ring loaded. 4 active nodes. 0 offline nodes {{(pid=102231) _load_hash_ring /opt/stack/neutron/neutron/common/ovn/hash_ring_manager.py:102}}
Mar 31 21:00:15.116987 np0000161979 devstack@neutron-api.service[102231]: INFO neutron.plugins.ml2.drivers.ovn.mech_driver.ovsdb.impl_idl_ovn [None req-d9178968-0dab-4612-9aec-63d796e397c7 None None] Getting OvsdbSbOvnIdl for WorkerService with retry
Mar 31 21:00:15.117882 np0000161979 devstack@neutron-api.service[102232]: INFO ovsdbapp.backend.ovs_idl.vlog [None req-fc6c1c02-937b-47ea-ab90-103d826752f6 None None] ssl:199.19.213.51:6642: connected
Mar 31 21:00:15.131908 np0000161979 devstack@neutron-api.service[102233]: DEBUG neutron.common.ovn.hash_ring_manager [None req-471425ca-625f-443b-a2f4-74f48c77bb3c None None] Allow caching, nodes 4>=4 {{(pid=102233) _wait_startup_before_caching /opt/stack/neutron/neutron/common/ovn/hash_ring_manager.py:65}}
Mar 31 21:00:15.137439 np0000161979 devstack@neutron-api.service[102233]: DEBUG neutron.common.ovn.hash_ring_manager [None req-471425ca-625f-443b-a2f4-74f48c77bb3c None None] Hash Ring loaded. 4 active nodes. 0 offline nodes {{(pid=102233) _load_hash_ring /opt/stack/neutron/neutron/common/ovn/hash_ring_manager.py:102}}
Mar 31 21:00:15.137618 np0000161979 devstack@neutron-api.service[102233]: DEBUG neutron.plugins.ml2.drivers.ovn.mech_driver.ovsdb.ovsdb_monitor [None req-471425ca-625f-443b-a2f4-74f48c77bb3c None None] Hash Ring: Node f2e326ca41ed54f3a1d08c15ccec47d1 (host: np0000161979) handling event "create" for row 410675b0-383a-4844-8180-843ddedaff81 (table: Chassis) {{(pid=102233) notify /opt/stack/neutron/neutron/plugins/ml2/drivers/ovn/mech_driver/ovsdb/ovsdb_monitor.py:912}}
Mar 31 21:00:15.138615 np0000161979 devstack@neutron-api.service[102233]: DEBUG ovsdbapp.backend.ovs_idl.event [None req-471425ca-625f-443b-a2f4-74f48c77bb3c None None] Matched CREATE: ChassisBandwidthConfigEvent(events=('create', 'update'), table='Chassis', conditions=None, old_conditions=None), priority=20 to row=Chassis(uuid=410675b0-383a-4844-8180-843ddedaff81, encaps=[8e05d72a-d085-49d1-ae2b-4cdfccdb10be], external_ids={}, hostname='np0000161979', name='ad1c7f49-8b45-4611-91a0-9125db6434b4', nb_cfg=0, other_config={'ct-commit-nat-v2': 'true', 'ct-commit-to-zone': 'true', 'ct-next-zone': 'true', 'ct-no-masked-label': 'true', 'ct-state-save': 'true', 'datapath-type': 'system', 'fdb-timestamp': 'true', 'iface-types': 'afxdp,afxdp-nonpmd,bareudp,erspan,geneve,gre,gtpu,internal,ip6erspan,ip6gre,lisp,patch,srv6,stt,system,tap,vxlan', 'is-interconn': 'false', 'ls-dpg-column': 'true', 'mac-binding-timestamp': 'true', 'ovn-bridge-mappings': 'public:br-ex', 'ovn-chassis-mac-mappings': '', 'ovn-cms-options': 'enable-chassis-as-gw', 'ovn-ct-lb-related': 'true', 'ovn-enable-lflow-cache': 'true', 'ovn-limit-lflow-cache': '', 'ovn-memlimit-lflow-cache-kb': '', 'ovn-monitor-all': 'false', 'ovn-trim-limit-lflow-cache': '', 'ovn-trim-timeout-ms': '', 'ovn-trim-wmark-perc-lflow-cache': '', 'port-up-notif': 'true'}, transport_zones=[], vtep_logical_switches=[]) old= {{(pid=102233) matches /opt/stack/data/venv/lib/python3.12/site-packages/ovsdbapp/backend/ovs_idl/event.py:55}}
Mar 31 21:00:15.139340 np0000161979 devstack@neutron-api.service[102233]: DEBUG neutron.plugins.ml2.drivers.ovn.mech_driver.ovsdb.ovsdb_monitor [None req-471425ca-625f-443b-a2f4-74f48c77bb3c None None] ChassisAgentWriteEvent : Matched Chassis_Private, create, None None {{(pid=102233) matches /opt/stack/neutron/neutron/plugins/ml2/drivers/ovn/mech_driver/ovsdb/ovsdb_monitor.py:64}}
Mar 31 21:00:15.139541 np0000161979 devstack@neutron-api.service[102233]: DEBUG neutron.plugins.ml2.drivers.ovn.mech_driver.ovsdb.ovsdb_monitor [None req-471425ca-625f-443b-a2f4-74f48c77bb3c None None] ChassisOVNAgentWriteEvent : Matched Chassis_Private, create, None None {{(pid=102233) matches /opt/stack/neutron/neutron/plugins/ml2/drivers/ovn/mech_driver/ovsdb/ovsdb_monitor.py:64}}
Mar 31 21:00:15.139941 np0000161979 devstack@neutron-api.service[102233]: DEBUG neutron.plugins.ml2.drivers.ovn.mech_driver.ovsdb.ovsdb_monitor [None req-471425ca-625f-443b-a2f4-74f48c77bb3c None None] Hash Ring: Node f2e326ca41ed54f3a1d08c15ccec47d1 (host: np0000161979) handling event "create" for row 8e05d72a-d085-49d1-ae2b-4cdfccdb10be (table: Encap) {{(pid=102233) notify /opt/stack/neutron/neutron/plugins/ml2/drivers/ovn/mech_driver/ovsdb/ovsdb_monitor.py:912}}
Mar 31 21:00:15.142664 np0000161979 devstack@neutron-api.service[102233]: INFO neutron.plugins.ml2.drivers.ovn.mech_driver.mech_driver [None req-471425ca-625f-443b-a2f4-74f48c77bb3c None None] WorkerService process has finished the post initialization
Mar 31 21:00:15.142664 np0000161979 devstack@neutron-api.service[102233]: INFO neutron.plugins.ml2.drivers.ovn.mech_driver.ovsdb.extensions.qos [-] Starting OVNClientQosExtension
Mar 31 21:00:15.142938 np0000161979 devstack@neutron-api.service[102233]: INFO neutron.plugins.ml2.drivers.ovn.mech_driver.ovsdb.extensions.placement [-] Starting OVNClientPlacementExtension
Mar 31 21:00:15.145507 np0000161979 devstack@neutron-api.service[102233]: WSGI app 0 (mountpoint='') ready in 8 seconds on interpreter 0x77ec7c8a3668 pid: 102233 (default app)
Mar 31 21:00:15.149655 np0000161979 devstack@neutron-api.service[102231]: DEBUG ovsdbapp.backend.ovs_idl [None req-d9178968-0dab-4612-9aec-63d796e397c7 None None] Created lookup_table index Chassis.name {{(pid=102231) autocreate_indices /opt/stack/data/venv/lib/python3.12/site-packages/ovsdbapp/backend/ovs_idl/__init__.py:87}}
Mar 31 21:00:15.149757 np0000161979 devstack@neutron-api.service[102231]: DEBUG ovsdbapp.backend.ovs_idl [None req-d9178968-0dab-4612-9aec-63d796e397c7 None None] Created lookup_table index Port_Binding.logical_port {{(pid=102231) autocreate_indices /opt/stack/data/venv/lib/python3.12/site-packages/ovsdbapp/backend/ovs_idl/__init__.py:87}}
Mar 31 21:00:15.149864 np0000161979 devstack@neutron-api.service[102231]: DEBUG ovsdbapp.backend.ovs_idl [None req-d9178968-0dab-4612-9aec-63d796e397c7 None None] Created schema index Chassis_Private.name {{(pid=102231) autocreate_indices /opt/stack/data/venv/lib/python3.12/site-packages/ovsdbapp/backend/ovs_idl/__init__.py:106}}
Mar 31 21:00:15.149960 np0000161979 devstack@neutron-api.service[102231]: DEBUG ovsdbapp.backend.ovs_idl [None req-d9178968-0dab-4612-9aec-63d796e397c7 None None] Created schema index Datapath_Binding.tunnel_key {{(pid=102231) autocreate_indices /opt/stack/data/venv/lib/python3.12/site-packages/ovsdbapp/backend/ovs_idl/__init__.py:106}}
Mar 31 21:00:15.152361 np0000161979 devstack@neutron-api.service[102231]: INFO ovsdbapp.backend.ovs_idl.vlog [None req-d9178968-0dab-4612-9aec-63d796e397c7 None None] ssl:199.19.213.51:6642: connecting...
Mar 31 21:00:15.154751 np0000161979 devstack@neutron-api.service[102232]: DEBUG neutron.common.ovn.hash_ring_manager [None req-fc6c1c02-937b-47ea-ab90-103d826752f6 None None] Allow caching, nodes 4>=4 {{(pid=102232) _wait_startup_before_caching /opt/stack/neutron/neutron/common/ovn/hash_ring_manager.py:65}}
Mar 31 21:00:15.158472 np0000161979 devstack@neutron-api.service[102232]: DEBUG neutron.common.ovn.hash_ring_manager [None req-fc6c1c02-937b-47ea-ab90-103d826752f6 None None] Hash Ring loaded. 4 active nodes. 0 offline nodes {{(pid=102232) _load_hash_ring /opt/stack/neutron/neutron/common/ovn/hash_ring_manager.py:102}}
Mar 31 21:00:15.158704 np0000161979 devstack@neutron-api.service[102232]: DEBUG neutron.plugins.ml2.drivers.ovn.mech_driver.ovsdb.ovsdb_monitor [None req-fc6c1c02-937b-47ea-ab90-103d826752f6 None None] ChassisOVNAgentWriteEvent : Matched Chassis_Private, create, None None {{(pid=102232) matches /opt/stack/neutron/neutron/plugins/ml2/drivers/ovn/mech_driver/ovsdb/ovsdb_monitor.py:64}}
Mar 31 21:00:15.158822 np0000161979 devstack@neutron-api.service[102232]: DEBUG neutron.plugins.ml2.drivers.ovn.mech_driver.ovsdb.ovsdb_monitor [None req-fc6c1c02-937b-47ea-ab90-103d826752f6 None None] ChassisAgentWriteEvent : Matched Chassis_Private, create, None None {{(pid=102232) matches /opt/stack/neutron/neutron/plugins/ml2/drivers/ovn/mech_driver/ovsdb/ovsdb_monitor.py:64}}
Mar 31 21:00:15.159234 np0000161979 devstack@neutron-api.service[102231]: INFO ovsdbapp.backend.ovs_idl.vlog [None req-d9178968-0dab-4612-9aec-63d796e397c7 None None] ssl:199.19.213.51:6642: connected
Mar 31 21:00:15.159406 np0000161979 devstack@neutron-api.service[102232]: DEBUG neutron.plugins.ml2.drivers.ovn.mech_driver.ovsdb.ovsdb_monitor [None req-fc6c1c02-937b-47ea-ab90-103d826752f6 None None] Hash Ring: Node 8eadcb52de4c55d9b372d5112cf182ce (host: np0000161979) handling event "create" for row 38793727-1e9b-4a91-9459-4f4d37f0c86f (table: Chassis_Private) {{(pid=102232) notify /opt/stack/neutron/neutron/plugins/ml2/drivers/ovn/mech_driver/ovsdb/ovsdb_monitor.py:912}}
Mar 31 21:00:15.162330 np0000161979 devstack@neutron-api.service[102232]: INFO neutron.plugins.ml2.drivers.ovn.mech_driver.mech_driver [None req-fc6c1c02-937b-47ea-ab90-103d826752f6 None None] WorkerService process has finished the post initialization
Mar 31 21:00:15.163512 np0000161979 devstack@neutron-api.service[102232]: WSGI app 0 (mountpoint='') ready in 8 seconds on interpreter 0x77ec7c8a3668 pid: 102232 (default app)
Mar 31 21:00:15.185138 np0000161979 devstack@neutron-api.service[102231]: DEBUG neutron.common.ovn.hash_ring_manager [None req-d9178968-0dab-4612-9aec-63d796e397c7 None None] Allow caching, nodes 4>=4 {{(pid=102231) _wait_startup_before_caching /opt/stack/neutron/neutron/common/ovn/hash_ring_manager.py:65}}
Mar 31 21:00:15.190014 np0000161979 devstack@neutron-api.service[102231]: DEBUG neutron.common.ovn.hash_ring_manager [None req-d9178968-0dab-4612-9aec-63d796e397c7 None None] Hash Ring loaded. 4 active nodes. 0 offline nodes {{(pid=102231) _load_hash_ring /opt/stack/neutron/neutron/common/ovn/hash_ring_manager.py:102}}
Mar 31 21:00:15.190277 np0000161979 devstack@neutron-api.service[102231]: DEBUG neutron.plugins.ml2.drivers.ovn.mech_driver.ovsdb.ovsdb_monitor [None req-d9178968-0dab-4612-9aec-63d796e397c7 None None] ChassisAgentWriteEvent : Matched Chassis_Private, create, None None {{(pid=102231) matches /opt/stack/neutron/neutron/plugins/ml2/drivers/ovn/mech_driver/ovsdb/ovsdb_monitor.py:64}}
Mar 31 21:00:15.190500 np0000161979 devstack@neutron-api.service[102231]: DEBUG neutron.plugins.ml2.drivers.ovn.mech_driver.ovsdb.ovsdb_monitor [None req-d9178968-0dab-4612-9aec-63d796e397c7 None None] ChassisOVNAgentWriteEvent : Matched Chassis_Private, create, None None {{(pid=102231) matches /opt/stack/neutron/neutron/plugins/ml2/drivers/ovn/mech_driver/ovsdb/ovsdb_monitor.py:64}}
Mar 31 21:00:15.193934 np0000161979 devstack@neutron-api.service[102231]: INFO neutron.plugins.ml2.drivers.ovn.mech_driver.mech_driver [None req-d9178968-0dab-4612-9aec-63d796e397c7 None None] WorkerService process has finished the post initialization
Mar 31 21:00:15.195589 np0000161979 devstack@neutron-api.service[102231]: WSGI app 0 (mountpoint='') ready in 8 seconds on interpreter 0x77ec7c8a3668 pid: 102231 (default app)
Mar 31 21:00:16.582015 np0000161979 devstack@neutron-api.service[102230]: DEBUG neutron.common.ovn.hash_ring_manager [-] Allow caching, nodes 4>=4 {{(pid=102230) _wait_startup_before_caching /opt/stack/neutron/neutron/common/ovn/hash_ring_manager.py:65}}
Mar 31 21:00:16.582521 np0000161979 devstack@neutron-api.service[102230]: DEBUG neutron.plugins.ml2.drivers.ovn.mech_driver.ovsdb.ovsdb_monitor [-] Hash Ring: Node df2f92140dab5f3d827eb2ce1aca22cc (host: np0000161979) handling event "update" for row f5d56fee-57c4-4939-b877-14485fb398fd (table: Connection) {{(pid=102230) notify /opt/stack/neutron/neutron/plugins/ml2/drivers/ovn/mech_driver/ovsdb/ovsdb_monitor.py:912}}
Mar 31 21:00:19.126613 np0000161979 devstack@neutron-api.service[102230]: DEBUG neutron.plugins.ml2.drivers.ovn.mech_driver.ovsdb.ovsdb_monitor [-] Hash Ring: Node df2f92140dab5f3d827eb2ce1aca22cc (host: np0000161979) handling event "update" for row f5d56fee-57c4-4939-b877-14485fb398fd (table: Connection) {{(pid=102230) notify /opt/stack/neutron/neutron/plugins/ml2/drivers/ovn/mech_driver/ovsdb/ovsdb_monitor.py:912}}
Mar 31 21:00:20.774482 np0000161979 devstack@neutron-api.service[102230]: DEBUG neutron.api.wsgi [None req-7c51e3e1-c246-475e-bc2a-21aea2e5e45f admin admin] Missing Content-Type {{(pid=102230) get_content_type /opt/stack/neutron/neutron/api/wsgi.py:85}}
Mar 31 21:00:20.775399 np0000161979 devstack@neutron-api.service[102230]: DEBUG neutron.api.wsgi [None req-7c51e3e1-c246-475e-bc2a-21aea2e5e45f admin admin] https://199.19.213.51/networking/v2.0/extensions returned with HTTP 200 {{(pid=102230) __call__ /opt/stack/neutron/neutron/api/wsgi.py:545}}
Mar 31 21:00:20.775399 np0000161979 devstack@neutron-api.service[102230]: [pid: 102230|app: 0|req: 2/2] 199.19.213.51 () {64 vars in 1316 bytes} [Tue Mar 31 21:00:20 2026] GET /networking/v2.0/extensions => generated 15208 bytes in 281 msecs (HTTP/1.1 200) 4 headers in 159 bytes (1 switches on core 0)
Mar 31 21:00:21.214466 np0000161979 devstack@neutron-api.service[102233]: DEBUG neutron.api.v2.base [None req-a1c22cce-3cdb-4a7d-a0a4-efe3b6269987 admin admin] Request body: {'subnetpool': {'name': 'shared-default-subnetpool-v4', 'prefixes': ['10.1.0.0/20'], 'is_default': True, 'shared': True, 'default_prefixlen': 26}} {{(pid=102233) prepare_request_body /opt/stack/neutron/neutron/api/v2/base.py:729}}
Mar 31 21:00:21.412930 np0000161979 devstack@neutron-api.service[102233]: DEBUG neutron.policy [None req-a1c22cce-3cdb-4a7d-a0a4-efe3b6269987 admin admin] Loaded default policies from ['neutron'] under neutron.policies entry points {{(pid=102233) register_rules /opt/stack/neutron/neutron/policy.py:65}}
Mar 31 21:00:21.566219 np0000161979 devstack@neutron-api.service[102233]: DEBUG neutron_lib.callbacks.manager [None req-a1c22cce-3cdb-4a7d-a0a4-efe3b6269987 admin admin] Publish callbacks ['neutron.objects.securitygroup.RbacNeutronDbObjectMixin.validate_rbac_policy_change-1428842073178', 'neutron.objects.address_group.RbacNeutronDbObjectMixin.validate_rbac_policy_change-1428841834462', 'neutron.objects.network.RbacNeutronDbObjectMixin.validate_rbac_policy_change-1428841704361', 'neutron.objects.qos.policy.RbacNeutronDbObjectMixin.validate_rbac_policy_change-1428841715863', 'neutron.objects.subnetpool.RbacNeutronDbObjectMixin.validate_rbac_policy_change-1428841724882', 'neutron.objects.address_scope.RbacNeutronDbObjectMixin.validate_rbac_policy_change-1428841718064', 'neutron.plugins.ml2.plugin.External_net_db_mixin._process_ext_policy_create-51379', 'neutron.plugins.ml2.plugin.NeutronDbPluginV2.validate_network_rbac_policy_change-59411'] for rbac-policy (None), before_create {{(pid=102233) _notify_loop /opt/stack/data/venv/lib/python3.12/site-packages/neutron_lib/callbacks/manager.py:184}}
Mar 31 21:00:21.616757 np0000161979 devstack@neutron-api.service[102233]: DEBUG neutron_lib.callbacks.manager [None req-a1c22cce-3cdb-4a7d-a0a4-efe3b6269987 admin admin] Publish callbacks [] for subnetpool (None), before_response {{(pid=102233) _notify_loop /opt/stack/data/venv/lib/python3.12/site-packages/neutron_lib/callbacks/manager.py:184}}
Mar 31 21:00:21.617911 np0000161979 devstack@neutron-api.service[102233]: [pid: 102233|app: 0|req: 1/3] 199.19.213.51 () {68 vars in 1360 bytes} [Tue Mar 31 21:00:21 2026] POST /networking/v2.0/subnetpools => generated 533 bytes in 535 msecs (HTTP/1.1 201) 4 headers in 162 bytes (1 switches on core 0)
Mar 31 21:00:21.944060 np0000161979 devstack@neutron-api.service[102232]: DEBUG neutron.api.v2.base [None req-eb724262-f34c-43ed-9565-ba6728907653 admin admin] Request body: {'subnetpool': {'name': 'shared-default-subnetpool-v6', 'prefixes': ['fdab:abb0:45aa::/56'], 'is_default': True, 'shared': True, 'default_prefixlen': 64}} {{(pid=102232) prepare_request_body /opt/stack/neutron/neutron/api/v2/base.py:729}}
Mar 31 21:00:22.134825 np0000161979 devstack@neutron-api.service[102232]: DEBUG neutron.policy [None req-eb724262-f34c-43ed-9565-ba6728907653 admin admin] Loaded default policies from ['neutron'] under neutron.policies entry points {{(pid=102232) register_rules /opt/stack/neutron/neutron/policy.py:65}}
Mar 31 21:00:22.279104 np0000161979 devstack@neutron-api.service[102232]: DEBUG neutron_lib.callbacks.manager [None req-eb724262-f34c-43ed-9565-ba6728907653 admin admin] Publish callbacks ['neutron.objects.securitygroup.RbacNeutronDbObjectMixin.validate_rbac_policy_change-1428842076381', 'neutron.objects.address_group.RbacNeutronDbObjectMixin.validate_rbac_policy_change-1428841839628', 'neutron.objects.network.RbacNeutronDbObjectMixin.validate_rbac_policy_change-1428841704246', 'neutron.objects.qos.policy.RbacNeutronDbObjectMixin.validate_rbac_policy_change-1428841715761', 'neutron.objects.subnetpool.RbacNeutronDbObjectMixin.validate_rbac_policy_change-1428841729800', 'neutron.objects.address_scope.RbacNeutronDbObjectMixin.validate_rbac_policy_change-1428841720260', 'neutron.plugins.ml2.plugin.External_net_db_mixin._process_ext_policy_create-173773', 'neutron.plugins.ml2.plugin.NeutronDbPluginV2.validate_network_rbac_policy_change-166521'] for rbac-policy (None), before_create {{(pid=102232) _notify_loop /opt/stack/data/venv/lib/python3.12/site-packages/neutron_lib/callbacks/manager.py:184}}
Mar 31 21:00:22.321445 np0000161979 devstack@neutron-api.service[102232]: DEBUG neutron_lib.callbacks.manager [None req-eb724262-f34c-43ed-9565-ba6728907653 admin admin] Publish callbacks [] for subnetpool (None), before_response {{(pid=102232) _notify_loop /opt/stack/data/venv/lib/python3.12/site-packages/neutron_lib/callbacks/manager.py:184}}
Mar 31 21:00:22.321952 np0000161979 devstack@neutron-api.service[102232]: [pid: 102232|app: 0|req: 1/4] 199.19.213.51 () {68 vars in 1360 bytes} [Tue Mar 31 21:00:21 2026] POST /networking/v2.0/subnetpools => generated 543 bytes in 487 msecs (HTTP/1.1 201) 4 headers in 162 bytes (1 switches on core 0)
Mar 31 21:00:22.722393 np0000161979 devstack@neutron-api.service[102231]: DEBUG neutron.api.v2.base [None req-12046418-9e1b-45c3-a940-f777b8845d0f admin admin] Request body: {'network': {'name': 'private', 'admin_state_up': True}} {{(pid=102231) prepare_request_body /opt/stack/neutron/neutron/api/v2/base.py:729}}
Mar 31 21:00:22.747994 np0000161979 devstack@neutron-api.service[102231]: DEBUG neutron.pecan_wsgi.hooks.quota_enforcement [None req-12046418-9e1b-45c3-a940-f777b8845d0f admin admin] Made reservation on behalf of b7927e91867b4dcdb2e3cbb333541427 for: {'network': 1} {{(pid=102231) before /opt/stack/neutron/neutron/pecan_wsgi/hooks/quota_enforcement.py:66}}
Mar 31 21:00:22.932236 np0000161979 devstack@neutron-api.service[102231]: DEBUG neutron.policy [None req-12046418-9e1b-45c3-a940-f777b8845d0f admin admin] Loaded default policies from ['neutron'] under neutron.policies entry points {{(pid=102231) register_rules /opt/stack/neutron/neutron/policy.py:65}}
Mar 31 21:00:23.035618 np0000161979 devstack@neutron-api.service[102231]: DEBUG neutron_lib.callbacks.manager [None req-12046418-9e1b-45c3-a940-f777b8845d0f admin admin] Publish callbacks ['neutron.plugins.ml2.plugin.SecurityGroupDbMixin._ensure_default_security_group_handler-1538280'] for network (None), before_create {{(pid=102231) _notify_loop /opt/stack/data/venv/lib/python3.12/site-packages/neutron_lib/callbacks/manager.py:184}}
Mar 31 21:00:23.056527 np0000161979 devstack@neutron-api.service[102231]: DEBUG neutron_lib.callbacks.manager [None req-12046418-9e1b-45c3-a940-f777b8845d0f admin admin] Publish callbacks [] for security_group (None), before_create {{(pid=102231) _notify_loop /opt/stack/data/venv/lib/python3.12/site-packages/neutron_lib/callbacks/manager.py:184}}
Mar 31 21:00:23.159434 np0000161979 devstack@neutron-api.service[102231]: DEBUG neutron_lib.callbacks.manager [None req-12046418-9e1b-45c3-a940-f777b8845d0f admin admin] Publish callbacks ['neutron.plugins.ml2.drivers.ovn.mech_driver.mech_driver.OVNMechanismDriver._create_security_group_precommit-354394'] for security_group (35e19f0e-2573-4b36-b9a2-b82889bdb1d7), precommit_create {{(pid=102231) _notify_loop /opt/stack/data/venv/lib/python3.12/site-packages/neutron_lib/callbacks/manager.py:184}}
Mar 31 21:00:23.159655 np0000161979 devstack@neutron-api.service[102231]: DEBUG neutron.db.ovn_revision_numbers_db [None req-12046418-9e1b-45c3-a940-f777b8845d0f admin admin] create_initial_revision uuid=35e19f0e-2573-4b36-b9a2-b82889bdb1d7, type=security_groups, rev=-1 {{(pid=102231) create_initial_revision /opt/stack/neutron/neutron/db/ovn_revision_numbers_db.py:98}}
Mar 31 21:00:23.161780 np0000161979 devstack@neutron-api.service[102231]: DEBUG neutron.db.ovn_revision_numbers_db [None req-12046418-9e1b-45c3-a940-f777b8845d0f admin admin] create_initial_revision uuid=5a200699-82d5-49c9-bf39-388fdcd46905, type=security_group_rules, rev=-1 {{(pid=102231) create_initial_revision /opt/stack/neutron/neutron/db/ovn_revision_numbers_db.py:98}}
Mar 31 21:00:23.162844 np0000161979 devstack@neutron-api.service[102231]: DEBUG neutron.db.ovn_revision_numbers_db [None req-12046418-9e1b-45c3-a940-f777b8845d0f admin admin] create_initial_revision uuid=6d30f13e-5769-4496-8ada-4b9e90c97ce6, type=security_group_rules, rev=-1 {{(pid=102231) create_initial_revision /opt/stack/neutron/neutron/db/ovn_revision_numbers_db.py:98}}
Mar 31 21:00:23.163813 np0000161979 devstack@neutron-api.service[102231]: DEBUG neutron.db.ovn_revision_numbers_db [None req-12046418-9e1b-45c3-a940-f777b8845d0f admin admin] create_initial_revision uuid=bab08b99-7853-4375-ba77-6b943fa8aa03, type=security_group_rules, rev=-1 {{(pid=102231) create_initial_revision /opt/stack/neutron/neutron/db/ovn_revision_numbers_db.py:98}}
Mar 31 21:00:23.164802 np0000161979 devstack@neutron-api.service[102231]: DEBUG neutron.db.ovn_revision_numbers_db [None req-12046418-9e1b-45c3-a940-f777b8845d0f admin admin] create_initial_revision uuid=c66b4fc0-4f96-465e-9d13-e285f42475da, type=security_group_rules, rev=-1 {{(pid=102231) create_initial_revision /opt/stack/neutron/neutron/db/ovn_revision_numbers_db.py:98}}
Mar 31 21:00:23.171636 np0000161979 devstack@neutron-api.service[102231]: DEBUG neutron_lib.callbacks.manager [None req-12046418-9e1b-45c3-a940-f777b8845d0f admin admin] Publish callbacks ['neutron.plugins.ml2.drivers.ovn.mech_driver.mech_driver.OVNMechanismDriver._create_security_group-354412', 'neutron.plugins.ml2.ovo_rpc._ObjectChangeHandler.handle_event-1221107'] for security_group (35e19f0e-2573-4b36-b9a2-b82889bdb1d7), after_create {{(pid=102231) _notify_loop /opt/stack/data/venv/lib/python3.12/site-packages/neutron_lib/callbacks/manager.py:184}}
Mar 31 21:00:23.171817 np0000161979 devstack@neutron-api.service[102231]: INFO neutron.plugins.ml2.drivers.ovn.mech_driver.ovsdb.extensions.qos [None req-12046418-9e1b-45c3-a940-f777b8845d0f admin admin] Starting OVNClientQosExtension
Mar 31 21:00:23.171911 np0000161979 devstack@neutron-api.service[102231]: INFO neutron.plugins.ml2.drivers.ovn.mech_driver.ovsdb.extensions.placement [None req-12046418-9e1b-45c3-a940-f777b8845d0f admin admin] Starting OVNClientPlacementExtension
Mar 31 21:00:23.173162 np0000161979 devstack@neutron-api.service[102231]: DEBUG ovsdbapp.backend.ovs_idl.transaction [-] Running txn n=1 command(idx=0): PgAddCommand(_result=None, name=pg_35e19f0e_2573_4b36_b9a2_b82889bdb1d7, may_exist=False, columns={'acls': [], 'external_ids': {'neutron:security_group_id': '35e19f0e-2573-4b36-b9a2-b82889bdb1d7'}}) {{(pid=102231) do_commit /opt/stack/data/venv/lib/python3.12/site-packages/ovsdbapp/backend/ovs_idl/transaction.py:89}}
Mar 31 21:00:23.174685 np0000161979 devstack@neutron-api.service[102231]: DEBUG ovsdbapp.backend.ovs_idl.transaction [-] Running txn n=1 command(idx=1): PgAclAddCommand(_result=None, entity=pg_35e19f0e_2573_4b36_b9a2_b82889bdb1d7, direction=to-lport, priority=1002, match=outport == @pg_35e19f0e_2573_4b36_b9a2_b82889bdb1d7 && ip4 && ip4.src == $pg_35e19f0e_2573_4b36_b9a2_b82889bdb1d7_ip4, action=allow-related, log=False, may_exist=True, severity=[], name=[], meter=[], external_ids={'neutron:security_group_rule_id': '5a200699-82d5-49c9-bf39-388fdcd46905'}) {{(pid=102231) do_commit /opt/stack/data/venv/lib/python3.12/site-packages/ovsdbapp/backend/ovs_idl/transaction.py:89}}
Mar 31 21:00:23.175065 np0000161979 devstack@neutron-api.service[102231]: DEBUG ovsdbapp.backend.ovs_idl.transaction [-] Running txn n=1 command(idx=2): PgAclAddCommand(_result=None, entity=pg_35e19f0e_2573_4b36_b9a2_b82889bdb1d7, direction=from-lport, priority=1002, match=inport == @pg_35e19f0e_2573_4b36_b9a2_b82889bdb1d7 && ip4, action=allow-related, log=False, may_exist=True, severity=[], name=[], meter=[], external_ids={'neutron:security_group_rule_id': '6d30f13e-5769-4496-8ada-4b9e90c97ce6'}) {{(pid=102231) do_commit /opt/stack/data/venv/lib/python3.12/site-packages/ovsdbapp/backend/ovs_idl/transaction.py:89}}
Mar 31 21:00:23.175401 np0000161979 devstack@neutron-api.service[102231]: DEBUG ovsdbapp.backend.ovs_idl.transaction [-] Running txn n=1 command(idx=3): PgAclAddCommand(_result=None, entity=pg_35e19f0e_2573_4b36_b9a2_b82889bdb1d7, direction=to-lport, priority=1002, match=outport == @pg_35e19f0e_2573_4b36_b9a2_b82889bdb1d7 && ip6 && ip6.src == $pg_35e19f0e_2573_4b36_b9a2_b82889bdb1d7_ip6, action=allow-related, log=False, may_exist=True, severity=[], name=[], meter=[], external_ids={'neutron:security_group_rule_id': 'bab08b99-7853-4375-ba77-6b943fa8aa03'}) {{(pid=102231) do_commit /opt/stack/data/venv/lib/python3.12/site-packages/ovsdbapp/backend/ovs_idl/transaction.py:89}}
Mar 31 21:00:23.175675 np0000161979 devstack@neutron-api.service[102231]: DEBUG ovsdbapp.backend.ovs_idl.transaction [-] Running txn n=1 command(idx=4): PgAclAddCommand(_result=None, entity=pg_35e19f0e_2573_4b36_b9a2_b82889bdb1d7, direction=from-lport, priority=1002, match=inport == @pg_35e19f0e_2573_4b36_b9a2_b82889bdb1d7 && ip6, action=allow-related, log=False, may_exist=True, severity=[], name=[], meter=[], external_ids={'neutron:security_group_rule_id': 'c66b4fc0-4f96-465e-9d13-e285f42475da'}) {{(pid=102231) do_commit /opt/stack/data/venv/lib/python3.12/site-packages/ovsdbapp/backend/ovs_idl/transaction.py:89}}
Mar 31 21:00:23.183235 np0000161979 devstack@neutron-api.service[102231]: DEBUG neutron.plugins.ml2.drivers.ovn.mech_driver.ovsdb.ovsdb_monitor [-] Hash Ring: Node 8e11446277c95070af20e7ab6cfc15df (host: np0000161979) handling event "create" for row 5c6b0cb1-ab4d-43d9-97bb-3307a5580a1d (table: ACL) {{(pid=102231) notify /opt/stack/neutron/neutron/plugins/ml2/drivers/ovn/mech_driver/ovsdb/ovsdb_monitor.py:912}}
Mar 31 21:00:23.183516 np0000161979 devstack@neutron-api.service[102231]: DEBUG neutron.plugins.ml2.drivers.ovn.mech_driver.ovsdb.ovsdb_monitor [-] Hash Ring: Node 8e11446277c95070af20e7ab6cfc15df (host: np0000161979) handling event "create" for row d4be7d75-a56a-4990-8738-e060ee9ed0f3 (table: ACL) {{(pid=102231) notify /opt/stack/neutron/neutron/plugins/ml2/drivers/ovn/mech_driver/ovsdb/ovsdb_monitor.py:912}}
Mar 31 21:00:23.183697 np0000161979 devstack@neutron-api.service[102231]: DEBUG neutron.plugins.ml2.drivers.ovn.mech_driver.ovsdb.ovsdb_monitor [-] Hash Ring: Node 8e11446277c95070af20e7ab6cfc15df (host: np0000161979) handling event "create" for row c67857d5-c9bb-4ae1-93d6-0559a0c3caf7 (table: Port_Group) {{(pid=102231) notify /opt/stack/neutron/neutron/plugins/ml2/drivers/ovn/mech_driver/ovsdb/ovsdb_monitor.py:912}}
Mar 31 21:00:23.185013 np0000161979 devstack@neutron-api.service[102230]: DEBUG neutron.plugins.ml2.drivers.ovn.mech_driver.ovsdb.ovsdb_monitor [-] Hash Ring: Node df2f92140dab5f3d827eb2ce1aca22cc (host: np0000161979) handling event "create" for row 5c6b0cb1-ab4d-43d9-97bb-3307a5580a1d (table: ACL) {{(pid=102230) notify /opt/stack/neutron/neutron/plugins/ml2/drivers/ovn/mech_driver/ovsdb/ovsdb_monitor.py:912}}
Mar 31 21:00:23.185466 np0000161979 devstack@neutron-api.service[102230]: DEBUG neutron.plugins.ml2.drivers.ovn.mech_driver.ovsdb.ovsdb_monitor [-] Hash Ring: Node df2f92140dab5f3d827eb2ce1aca22cc (host: np0000161979) handling event "create" for row d4be7d75-a56a-4990-8738-e060ee9ed0f3 (table: ACL) {{(pid=102230) notify /opt/stack/neutron/neutron/plugins/ml2/drivers/ovn/mech_driver/ovsdb/ovsdb_monitor.py:912}}
Mar 31 21:00:23.185466 np0000161979 devstack@neutron-api.service[102230]: DEBUG neutron.plugins.ml2.drivers.ovn.mech_driver.ovsdb.ovsdb_monitor [-] Hash Ring: Node df2f92140dab5f3d827eb2ce1aca22cc (host: np0000161979) handling event "create" for row e5a31d10-74f2-4d30-8bfe-b9ee53f6518b (table: ACL) {{(pid=102230) notify /opt/stack/neutron/neutron/plugins/ml2/drivers/ovn/mech_driver/ovsdb/ovsdb_monitor.py:912}}
Mar 31 21:00:23.185466 np0000161979 devstack@neutron-api.service[102230]: DEBUG neutron.plugins.ml2.drivers.ovn.mech_driver.ovsdb.ovsdb_monitor [-] Hash Ring: Node df2f92140dab5f3d827eb2ce1aca22cc (host: np0000161979) handling event "create" for row e722aace-87ae-49c0-bc03-386c964ca434 (table: ACL) {{(pid=102230) notify /opt/stack/neutron/neutron/plugins/ml2/drivers/ovn/mech_driver/ovsdb/ovsdb_monitor.py:912}}
Mar 31 21:00:23.185686 np0000161979 devstack@neutron-api.service[102230]: DEBUG neutron.plugins.ml2.drivers.ovn.mech_driver.ovsdb.ovsdb_monitor [-] Hash Ring: Node df2f92140dab5f3d827eb2ce1aca22cc (host: np0000161979) handling event "create" for row c67857d5-c9bb-4ae1-93d6-0559a0c3caf7 (table: Port_Group) {{(pid=102230) notify /opt/stack/neutron/neutron/plugins/ml2/drivers/ovn/mech_driver/ovsdb/ovsdb_monitor.py:912}}
Mar 31 21:00:23.185939 np0000161979 devstack@neutron-api.service[102232]: DEBUG neutron.plugins.ml2.drivers.ovn.mech_driver.ovsdb.ovsdb_monitor [-] Hash Ring: Node 8eadcb52de4c55d9b372d5112cf182ce (host: np0000161979) handling event "create" for row e5a31d10-74f2-4d30-8bfe-b9ee53f6518b (table: ACL) {{(pid=102232) notify /opt/stack/neutron/neutron/plugins/ml2/drivers/ovn/mech_driver/ovsdb/ovsdb_monitor.py:912}}
Mar 31 21:00:23.216663 np0000161979 devstack@neutron-api.service[102231]: INFO neutron.db.ovn_revision_numbers_db [None req-12046418-9e1b-45c3-a940-f777b8845d0f admin admin] Successfully bumped revision number for resource 35e19f0e-2573-4b36-b9a2-b82889bdb1d7 (type: security_groups) to 1
Mar 31 21:00:23.235507 np0000161979 devstack@neutron-api.service[102231]: INFO neutron.db.ovn_revision_numbers_db [None req-12046418-9e1b-45c3-a940-f777b8845d0f admin admin] Successfully bumped revision number for resource 5a200699-82d5-49c9-bf39-388fdcd46905 (type: security_group_rules) to 0
Mar 31 21:00:23.248926 np0000161979 devstack@neutron-api.service[102231]: INFO neutron.db.ovn_revision_numbers_db [None req-12046418-9e1b-45c3-a940-f777b8845d0f admin admin] Successfully bumped revision number for resource 6d30f13e-5769-4496-8ada-4b9e90c97ce6 (type: security_group_rules) to 0
Mar 31 21:00:23.264901 np0000161979 devstack@neutron-api.service[102231]: INFO neutron.db.ovn_revision_numbers_db [None req-12046418-9e1b-45c3-a940-f777b8845d0f admin admin] Successfully bumped revision number for resource bab08b99-7853-4375-ba77-6b943fa8aa03 (type: security_group_rules) to 0
Mar 31 21:00:23.279535 np0000161979 devstack@neutron-api.service[102231]: INFO neutron.db.ovn_revision_numbers_db [None req-12046418-9e1b-45c3-a940-f777b8845d0f admin admin] Successfully bumped revision number for resource c66b4fc0-4f96-465e-9d13-e285f42475da (type: security_group_rules) to 0
Mar 31 21:00:23.303598 np0000161979 devstack@neutron-api.service[102231]: DEBUG neutron.api.rpc.handlers.resources_rpc [None req-12046418-9e1b-45c3-a940-f777b8845d0f admin admin] Pushing event updated for resources: {'SecurityGroup': ['ID=35e19f0e-2573-4b36-b9a2-b82889bdb1d7,revision_number=1']} {{(pid=102231) push /opt/stack/neutron/neutron/api/rpc/handlers/resources_rpc.py:237}}
Mar 31 21:00:23.311452 np0000161979 devstack@neutron-api.service[102231]: DEBUG ovsdbapp.backend.ovs_idl.transaction [-] Running txn n=1 command(idx=0): CheckLivenessCommand(_result=None) {{(pid=102231) do_commit /opt/stack/data/venv/lib/python3.12/site-packages/ovsdbapp/backend/ovs_idl/transaction.py:89}}
Mar 31 21:00:23.315706 np0000161979 devstack@neutron-api.service[102230]: DEBUG neutron.plugins.ml2.drivers.ovn.mech_driver.ovsdb.ovsdb_monitor [-] Hash Ring: Node df2f92140dab5f3d827eb2ce1aca22cc (host: np0000161979) handling event "update" for row 1ddc621c-f4f9-4ea5-ac9b-9cda8be21248 (table: NB_Global) {{(pid=102230) notify /opt/stack/neutron/neutron/plugins/ml2/drivers/ovn/mech_driver/ovsdb/ovsdb_monitor.py:912}}
Mar 31 21:00:23.318372 np0000161979 devstack@neutron-api.service[102233]: DEBUG neutron.plugins.ml2.drivers.ovn.mech_driver.ovsdb.ovsdb_monitor [-] Hash Ring: Node f2e326ca41ed54f3a1d08c15ccec47d1 (host: np0000161979) handling event "update" for row 1ddc621c-f4f9-4ea5-ac9b-9cda8be21248 (table: NB_Global) {{(pid=102233) notify /opt/stack/neutron/neutron/plugins/ml2/drivers/ovn/mech_driver/ovsdb/ovsdb_monitor.py:912}}
Mar 31 21:00:23.319369 np0000161979 devstack@neutron-api.service[102230]: DEBUG neutron.plugins.ml2.drivers.ovn.mech_driver.ovsdb.ovsdb_monitor [-] Hash Ring: Node df2f92140dab5f3d827eb2ce1aca22cc (host: np0000161979) handling event "update" for row 1ddc621c-f4f9-4ea5-ac9b-9cda8be21248 (table: NB_Global) {{(pid=102230) notify /opt/stack/neutron/neutron/plugins/ml2/drivers/ovn/mech_driver/ovsdb/ovsdb_monitor.py:912}}
Mar 31 21:00:23.319715 np0000161979 devstack@neutron-api.service[102231]: DEBUG neutron.api.rpc.callbacks.version_manager [None req-12046418-9e1b-45c3-a940-f777b8845d0f admin admin] Tracked resource versions report:
Mar 31 21:00:23.319715 np0000161979 devstack@neutron-api.service[102231]: pushed versions:
Mar 31 21:00:23.319715 np0000161979 devstack@neutron-api.service[102231]: { 'AddressGroup': {'1.2'},
Mar 31 21:00:23.319715 np0000161979 devstack@neutron-api.service[102231]: 'Agent': {'1.1'},
Mar 31 21:00:23.319715 np0000161979 devstack@neutron-api.service[102231]: 'ConntrackHelper': {'1.0'},
Mar 31 21:00:23.319715 np0000161979 devstack@neutron-api.service[102231]: 'LocalIPAssociation': {'1.0'},
Mar 31 21:00:23.319715 np0000161979 devstack@neutron-api.service[102231]: 'Log': {'1.0'},
Mar 31 21:00:23.319715 np0000161979 devstack@neutron-api.service[102231]: 'NDPProxy': {'1.0'},
Mar 31 21:00:23.319715 np0000161979 devstack@neutron-api.service[102231]: 'Network': {'1.2'},
Mar 31 21:00:23.319715 np0000161979 devstack@neutron-api.service[102231]: 'Port': {'1.10'},
Mar 31 21:00:23.319715 np0000161979 devstack@neutron-api.service[102231]: 'PortForwarding': {'1.3'},
Mar 31 21:00:23.319715 np0000161979 devstack@neutron-api.service[102231]: 'QosPolicy': {'1.10'},
Mar 31 21:00:23.319715 np0000161979 devstack@neutron-api.service[102231]: 'SecurityGroup': {'1.6'},
Mar 31 21:00:23.319715 np0000161979 devstack@neutron-api.service[102231]: 'SecurityGroupRule': {'1.3'},
Mar 31 21:00:23.319715 np0000161979 devstack@neutron-api.service[102231]: 'SubPort': {'1.0'},
Mar 31 21:00:23.319715 np0000161979 devstack@neutron-api.service[102231]: 'Subnet': {'1.2'},
Mar 31 21:00:23.319715 np0000161979 devstack@neutron-api.service[102231]: 'Trunk': {'1.1'}}
Mar 31 21:00:23.319715 np0000161979 devstack@neutron-api.service[102231]: consumer versions:
Mar 31 21:00:23.319715 np0000161979 devstack@neutron-api.service[102231]: {}
Mar 31 21:00:23.319715 np0000161979 devstack@neutron-api.service[102231]: {{(pid=102231) report /opt/stack/neutron/neutron/api/rpc/callbacks/version_manager.py:183}}
Mar 31 21:00:23.323311 np0000161979 devstack@neutron-api.service[102230]: DEBUG neutron.plugins.ml2.drivers.ovn.mech_driver.ovsdb.ovsdb_monitor [-] Hash Ring: Node df2f92140dab5f3d827eb2ce1aca22cc (host: np0000161979) handling event "update" for row 1ddc621c-f4f9-4ea5-ac9b-9cda8be21248 (table: NB_Global) {{(pid=102230) notify /opt/stack/neutron/neutron/plugins/ml2/drivers/ovn/mech_driver/ovsdb/ovsdb_monitor.py:912}}
Mar 31 21:00:23.323513 np0000161979 devstack@neutron-api.service[102233]: DEBUG neutron.plugins.ml2.drivers.ovn.mech_driver.ovsdb.ovsdb_monitor [-] Hash Ring: Node f2e326ca41ed54f3a1d08c15ccec47d1 (host: np0000161979) handling event "update" for row 1ddc621c-f4f9-4ea5-ac9b-9cda8be21248 (table: NB_Global) {{(pid=102233) notify /opt/stack/neutron/neutron/plugins/ml2/drivers/ovn/mech_driver/ovsdb/ovsdb_monitor.py:912}}
Mar 31 21:00:23.323617 np0000161979 devstack@neutron-api.service[102230]: DEBUG neutron.plugins.ml2.drivers.ovn.mech_driver.ovsdb.ovsdb_monitor [-] ChassisAgentWriteEvent : Matched Chassis_Private, update, None None {{(pid=102230) matches /opt/stack/neutron/neutron/plugins/ml2/drivers/ovn/mech_driver/ovsdb/ovsdb_monitor.py:64}}
Mar 31 21:00:23.323717 np0000161979 devstack@neutron-api.service[102233]: DEBUG neutron.plugins.ml2.drivers.ovn.mech_driver.ovsdb.ovsdb_monitor [-] Hash Ring: Node f2e326ca41ed54f3a1d08c15ccec47d1 (host: np0000161979) handling event "update" for row 1ddc621c-f4f9-4ea5-ac9b-9cda8be21248 (table: NB_Global) {{(pid=102233) notify /opt/stack/neutron/neutron/plugins/ml2/drivers/ovn/mech_driver/ovsdb/ovsdb_monitor.py:912}}
Mar 31 21:00:23.324116 np0000161979 devstack@neutron-api.service[102232]: DEBUG neutron.plugins.ml2.drivers.ovn.mech_driver.ovsdb.ovsdb_monitor [-] ChassisAgentWriteEvent : Matched Chassis_Private, update, None None {{(pid=102232) matches /opt/stack/neutron/neutron/plugins/ml2/drivers/ovn/mech_driver/ovsdb/ovsdb_monitor.py:64}}
Mar 31 21:00:23.324116 np0000161979 devstack@neutron-api.service[102232]: DEBUG neutron.plugins.ml2.drivers.ovn.mech_driver.ovsdb.ovsdb_monitor [-] Hash Ring: Node 8eadcb52de4c55d9b372d5112cf182ce (host: np0000161979) handling event "update" for row 38793727-1e9b-4a91-9459-4f4d37f0c86f (table: Chassis_Private) {{(pid=102232) notify /opt/stack/neutron/neutron/plugins/ml2/drivers/ovn/mech_driver/ovsdb/ovsdb_monitor.py:912}}
Mar 31 21:00:23.324286 np0000161979 devstack@neutron-api.service[102233]: DEBUG neutron.plugins.ml2.drivers.ovn.mech_driver.ovsdb.ovsdb_monitor [-] ChassisAgentWriteEvent : Matched Chassis_Private, update, None None {{(pid=102233) matches /opt/stack/neutron/neutron/plugins/ml2/drivers/ovn/mech_driver/ovsdb/ovsdb_monitor.py:64}}
Mar 31 21:00:23.324623 np0000161979 devstack@neutron-api.service[102233]: DEBUG neutron.plugins.ml2.drivers.ovn.mech_driver.ovsdb.ovsdb_monitor [-] Hash Ring: Node f2e326ca41ed54f3a1d08c15ccec47d1 (host: np0000161979) handling event "update" for row 1ddc621c-f4f9-4ea5-ac9b-9cda8be21248 (table: NB_Global) {{(pid=102233) notify /opt/stack/neutron/neutron/plugins/ml2/drivers/ovn/mech_driver/ovsdb/ovsdb_monitor.py:912}}
Mar 31 21:00:23.324805 np0000161979 devstack@neutron-api.service[102232]: DEBUG neutron.plugins.ml2.drivers.ovn.mech_driver.ovsdb.ovsdb_monitor [-] ChassisOVNAgentWriteEvent : Matched Chassis_Private, update, None None {{(pid=102232) matches /opt/stack/neutron/neutron/plugins/ml2/drivers/ovn/mech_driver/ovsdb/ovsdb_monitor.py:64}}
Mar 31 21:00:23.325133 np0000161979 devstack@neutron-api.service[102232]: DEBUG neutron.plugins.ml2.drivers.ovn.mech_driver.ovsdb.ovsdb_monitor [-] Hash Ring: Node 8eadcb52de4c55d9b372d5112cf182ce (host: np0000161979) handling event "update" for row 38793727-1e9b-4a91-9459-4f4d37f0c86f (table: Chassis_Private) {{(pid=102232) notify /opt/stack/neutron/neutron/plugins/ml2/drivers/ovn/mech_driver/ovsdb/ovsdb_monitor.py:912}}
Mar 31 21:00:23.325332 np0000161979 devstack@neutron-api.service[102230]: DEBUG neutron.plugins.ml2.drivers.ovn.mech_driver.ovsdb.ovsdb_monitor [-] Hash Ring: Node df2f92140dab5f3d827eb2ce1aca22cc (host: np0000161979) handling event "update" for row 1ddc621c-f4f9-4ea5-ac9b-9cda8be21248 (table: NB_Global) {{(pid=102230) notify /opt/stack/neutron/neutron/plugins/ml2/drivers/ovn/mech_driver/ovsdb/ovsdb_monitor.py:912}}
Mar 31 21:00:23.326243 np0000161979 devstack@neutron-api.service[102233]: DEBUG neutron.plugins.ml2.drivers.ovn.mech_driver.ovsdb.ovsdb_monitor [-] ChassisOVNAgentWriteEvent : Matched Chassis_Private, update, None None {{(pid=102233) matches /opt/stack/neutron/neutron/plugins/ml2/drivers/ovn/mech_driver/ovsdb/ovsdb_monitor.py:64}}
Mar 31 21:00:23.326347 np0000161979 devstack@neutron-api.service[102231]: DEBUG neutron.plugins.ml2.drivers.ovn.mech_driver.ovsdb.ovsdb_monitor [-] ChassisAgentWriteEvent : Matched Chassis_Private, update, None None {{(pid=102231) matches /opt/stack/neutron/neutron/plugins/ml2/drivers/ovn/mech_driver/ovsdb/ovsdb_monitor.py:64}}
Mar 31 21:00:23.327066 np0000161979 devstack@neutron-api.service[102230]: DEBUG neutron.common.ovn.hash_ring_manager [-] Allow caching, nodes 4>=4 {{(pid=102230) _wait_startup_before_caching /opt/stack/neutron/neutron/common/ovn/hash_ring_manager.py:65}}
Mar 31 21:00:23.327266 np0000161979 devstack@neutron-api.service[102230]: DEBUG neutron.plugins.ml2.drivers.ovn.mech_driver.ovsdb.ovsdb_monitor [-] Hash Ring: Node df2f92140dab5f3d827eb2ce1aca22cc (host: np0000161979) handling event "update" for row 38793727-1e9b-4a91-9459-4f4d37f0c86f (table: Chassis_Private) {{(pid=102230) notify /opt/stack/neutron/neutron/plugins/ml2/drivers/ovn/mech_driver/ovsdb/ovsdb_monitor.py:912}}
Mar 31 21:00:23.328201 np0000161979 devstack@neutron-api.service[102230]: DEBUG neutron.plugins.ml2.drivers.ovn.mech_driver.ovsdb.ovsdb_monitor [-] ChassisOVNAgentWriteEvent : Matched Chassis_Private, update, None None {{(pid=102230) matches /opt/stack/neutron/neutron/plugins/ml2/drivers/ovn/mech_driver/ovsdb/ovsdb_monitor.py:64}}
Mar 31 21:00:23.328512 np0000161979 devstack@neutron-api.service[102230]: DEBUG neutron.plugins.ml2.drivers.ovn.mech_driver.ovsdb.ovsdb_monitor [-] Hash Ring: Node df2f92140dab5f3d827eb2ce1aca22cc (host: np0000161979) handling event "update" for row 38793727-1e9b-4a91-9459-4f4d37f0c86f (table: Chassis_Private) {{(pid=102230) notify /opt/stack/neutron/neutron/plugins/ml2/drivers/ovn/mech_driver/ovsdb/ovsdb_monitor.py:912}}
Mar 31 21:00:23.329481 np0000161979 devstack@neutron-api.service[102231]: DEBUG neutron.plugins.ml2.drivers.ovn.mech_driver.ovsdb.ovsdb_monitor [-] ChassisOVNAgentWriteEvent : Matched Chassis_Private, update, None None {{(pid=102231) matches /opt/stack/neutron/neutron/plugins/ml2/drivers/ovn/mech_driver/ovsdb/ovsdb_monitor.py:64}}
Mar 31 21:00:23.383405 np0000161979 devstack@neutron-api.service[102231]: DEBUG neutron.plugins.ml2.drivers.helpers [None req-12046418-9e1b-45c3-a940-f777b8845d0f admin admin] geneve segment allocate from pool success with {'geneve_vni': 18150} {{(pid=102231) allocate_partially_specified_segment /opt/stack/neutron/neutron/plugins/ml2/drivers/helpers.py:142}}
Mar 31 21:00:23.395001 np0000161979 devstack@neutron-api.service[102231]: DEBUG neutron_lib.callbacks.manager [None req-12046418-9e1b-45c3-a940-f777b8845d0f admin admin] Publish callbacks ['neutron.services.segments.db._add_segment_host_mapping_for_segment-8241092176846', 'neutron.plugins.ml2.plugin.Ml2Plugin._handle_segment_change-2864510'] for segment (468a09c3-2ea2-45e6-97b2-36cbf7cf21ee), precommit_create {{(pid=102231) _notify_loop /opt/stack/data/venv/lib/python3.12/site-packages/neutron_lib/callbacks/manager.py:184}}
Mar 31 21:00:23.395415 np0000161979 devstack@neutron-api.service[102231]: INFO neutron.db.segments_db [None req-12046418-9e1b-45c3-a940-f777b8845d0f admin admin] Added segment 468a09c3-2ea2-45e6-97b2-36cbf7cf21ee of type geneve for network 587b27b7-7036-4ec2-9c94-4b017f1e82a9
Mar 31 21:00:23.439611 np0000161979 devstack@neutron-api.service[102231]: DEBUG neutron_lib.callbacks.manager [None req-12046418-9e1b-45c3-a940-f777b8845d0f admin admin] Publish callbacks ['neutron.services.auto_allocate.db._ensure_external_network_default_value_callback-8241091020924'] for network (587b27b7-7036-4ec2-9c94-4b017f1e82a9), precommit_create {{(pid=102231) _notify_loop /opt/stack/data/venv/lib/python3.12/site-packages/neutron_lib/callbacks/manager.py:184}}
Mar 31 21:00:23.454892 np0000161979 devstack@neutron-api.service[102231]: DEBUG neutron.plugins.ml2.drivers.ovn.mech_driver.mech_driver [None req-12046418-9e1b-45c3-a940-f777b8845d0f admin admin] Validating network segment with type geneve, segmentation ID 18150, physical network None {{(pid=102231) _validate_network_segments /opt/stack/neutron/neutron/plugins/ml2/drivers/ovn/mech_driver/mech_driver.py:631}}
Mar 31 21:00:23.455016 np0000161979 devstack@neutron-api.service[102231]: DEBUG neutron.db.ovn_revision_numbers_db [None req-12046418-9e1b-45c3-a940-f777b8845d0f admin admin] create_initial_revision uuid=587b27b7-7036-4ec2-9c94-4b017f1e82a9, type=networks, rev=-1 {{(pid=102231) create_initial_revision /opt/stack/neutron/neutron/db/ovn_revision_numbers_db.py:98}}
Mar 31 21:00:23.470403 np0000161979 devstack@neutron-api.service[102231]: DEBUG neutron_lib.callbacks.manager [None req-12046418-9e1b-45c3-a940-f777b8845d0f admin admin] Publish callbacks ['neutron.plugins.ml2.ovo_rpc._ObjectChangeHandler.handle_event-1221102'] for network (587b27b7-7036-4ec2-9c94-4b017f1e82a9), after_create {{(pid=102231) _notify_loop /opt/stack/data/venv/lib/python3.12/site-packages/neutron_lib/callbacks/manager.py:184}}
Mar 31 21:00:23.517879 np0000161979 devstack@neutron-api.service[102231]: DEBUG neutron.api.rpc.handlers.resources_rpc [None req-12046418-9e1b-45c3-a940-f777b8845d0f admin admin] Pushing event updated for resources: {'Network': ['ID=587b27b7-7036-4ec2-9c94-4b017f1e82a9,revision_number=1']} {{(pid=102231) push /opt/stack/neutron/neutron/api/rpc/handlers/resources_rpc.py:237}}
Mar 31 21:00:23.525400 np0000161979 devstack@neutron-api.service[102231]: DEBUG ovsdbapp.backend.ovs_idl.transaction [-] Running txn n=1 command(idx=0): AddNetworkCommand(_result=None, network_uuid=587b27b7-7036-4ec2-9c94-4b017f1e82a9, may_exist=True, columns={'external_ids': {'neutron:network_name': 'private', 'neutron:mtu': '1372', 'neutron:revision_number': '1', 'neutron:availability_zone_hints': '', 'neutron:provnet-network-type': 'geneve'}, 'other_config': {'mcast_snoop': 'false', 'mcast_flood_unregistered': 'false', 'vlan-passthru': 'false'}}) {{(pid=102231) do_commit /opt/stack/data/venv/lib/python3.12/site-packages/ovsdbapp/backend/ovs_idl/transaction.py:89}}
Mar 31 21:00:23.525768 np0000161979 devstack@neutron-api.service[102231]: DEBUG neutron.common.ovn.utils [-] OVS persist_uuid supported=True {{(pid=102231) ovs_persist_uuid_supported /opt/stack/neutron/neutron/common/ovn/utils.py:1535}}
Mar 31 21:00:23.529406 np0000161979 devstack@neutron-api.service[102232]: DEBUG neutron.plugins.ml2.drivers.ovn.mech_driver.ovsdb.ovsdb_monitor [-] Hash Ring: Node 8eadcb52de4c55d9b372d5112cf182ce (host: np0000161979) handling event "create" for row 587b27b7-7036-4ec2-9c94-4b017f1e82a9 (table: Logical_Switch) {{(pid=102232) notify /opt/stack/neutron/neutron/plugins/ml2/drivers/ovn/mech_driver/ovsdb/ovsdb_monitor.py:912}}
Mar 31 21:00:23.529495 np0000161979 devstack@neutron-api.service[102230]: DEBUG neutron.plugins.ml2.drivers.ovn.mech_driver.ovsdb.ovsdb_monitor [-] Hash Ring: Node df2f92140dab5f3d827eb2ce1aca22cc (host: np0000161979) handling event "create" for row 587b27b7-7036-4ec2-9c94-4b017f1e82a9 (table: Logical_Switch) {{(pid=102230) notify /opt/stack/neutron/neutron/plugins/ml2/drivers/ovn/mech_driver/ovsdb/ovsdb_monitor.py:912}}
Mar 31 21:00:23.535474 np0000161979 devstack@neutron-api.service[102233]: DEBUG neutron.plugins.ml2.drivers.ovn.mech_driver.ovsdb.ovsdb_monitor [-] Hash Ring: Node f2e326ca41ed54f3a1d08c15ccec47d1 (host: np0000161979) handling event "create" for row 5a3549d8-ca9b-44d5-b639-4397fd5e4b8a (table: Datapath_Binding) {{(pid=102233) notify /opt/stack/neutron/neutron/plugins/ml2/drivers/ovn/mech_driver/ovsdb/ovsdb_monitor.py:912}}
Mar 31 21:00:23.535768 np0000161979 devstack@neutron-api.service[102230]: DEBUG neutron.plugins.ml2.drivers.ovn.mech_driver.ovsdb.ovsdb_monitor [-] Hash Ring: Node df2f92140dab5f3d827eb2ce1aca22cc (host: np0000161979) handling event "create" for row 5a3549d8-ca9b-44d5-b639-4397fd5e4b8a (table: Datapath_Binding) {{(pid=102230) notify /opt/stack/neutron/neutron/plugins/ml2/drivers/ovn/mech_driver/ovsdb/ovsdb_monitor.py:912}}
Mar 31 21:00:23.565275 np0000161979 devstack@neutron-api.service[102231]: INFO neutron.db.ovn_revision_numbers_db [None req-12046418-9e1b-45c3-a940-f777b8845d0f admin admin] Successfully bumped revision number for resource 587b27b7-7036-4ec2-9c94-4b017f1e82a9 (type: networks) to 1
Mar 31 21:00:23.630154 np0000161979 devstack@neutron-api.service[102231]: DEBUG neutron_lib.callbacks.manager [None req-12046418-9e1b-45c3-a940-f777b8845d0f admin admin] Publish callbacks ['neutron.plugins.ml2.plugin.SecurityGroupDbMixin._ensure_default_security_group_handler-1538280'] for port (None), before_create {{(pid=102231) _notify_loop /opt/stack/data/venv/lib/python3.12/site-packages/neutron_lib/callbacks/manager.py:184}}
