+ COMMAND=start + start + for KEYSTONE_WSGI_SCRIPT in keystone-wsgi-public ++ type -p keystone-wsgi-public + cp -a /var/lib/openstack/bin/keystone-wsgi-public /var/www/cgi-bin/keystone/ + '[' -f /etc/apache2/envvars ']' + source /etc/apache2/envvars ++ unset HOME ++ '[' '' '!=' '' ']' ++ SUFFIX= ++ export APACHE_RUN_USER=www-data ++ APACHE_RUN_USER=www-data ++ export APACHE_RUN_GROUP=www-data ++ APACHE_RUN_GROUP=www-data ++ export APACHE_PID_FILE=/var/run/apache2/apache2.pid ++ APACHE_PID_FILE=/var/run/apache2/apache2.pid ++ export APACHE_RUN_DIR=/var/run/apache2 ++ APACHE_RUN_DIR=/var/run/apache2 ++ export APACHE_LOCK_DIR=/var/lock/apache2 ++ APACHE_LOCK_DIR=/var/lock/apache2 ++ export APACHE_LOG_DIR=/var/log/apache2 ++ APACHE_LOG_DIR=/var/log/apache2 ++ export LANG=C ++ LANG=C ++ export LANG + '[' -f /var/run/apache2/apache2.pid ']' + exec apache2 -DFOREGROUND AH00558: apache2: Could not reliably determine the server's fully qualified domain name, using 10.0.0.160. Set the 'ServerName' directive globally to suppress this message AH00558: apache2: Could not reliably determine the server's fully qualified domain name, using 10.0.0.160. Set the 'ServerName' directive globally to suppress this message
[Tue Jun 09 22:32:07.035114 2026] [mpm_event:notice] [pid 1:tid 140522113447808] AH00489: Apache/2.4.58 (Ubuntu) mod_wsgi/5.0.0 Python/3.12 configured -- resuming normal operations
[Tue Jun 09 22:32:07.035284 2026] [core:notice] [pid 1:tid 140522113447808] AH00094: Command line: 'apache2 -D FOREGROUND'
[Tue Jun 09 22:33:06.505172 2026] [wsgi:error] [pid 11:tid 140521476675264] /var/lib/openstack/lib/python3.12/site-packages/oslo_utils/importutils.py:77: EventletDeprecationWarning:
[Tue Jun 09 22:33:06.505302 2026] [wsgi:error] [pid 11:tid 140521476675264] Eventlet is deprecated. It is currently being maintained in bugfix mode, and
[Tue Jun 09 22:33:06.505316 2026] [wsgi:error] [pid 11:tid 140521476675264] we strongly recommend against using it for new projects.
[Tue Jun 09 22:33:06.505328 2026] [wsgi:error] [pid 11:tid 140521476675264]
[Tue Jun 09 22:33:06.505338 2026] [wsgi:error] [pid 11:tid 140521476675264] If you are already using Eventlet, we recommend migrating to a different
[Tue Jun 09 22:33:06.505347 2026] [wsgi:error] [pid 11:tid 140521476675264] framework. For more detail see
[Tue Jun 09 22:33:06.505357 2026] [wsgi:error] [pid 11:tid 140521476675264] https://eventlet.readthedocs.io/en/latest/asyncio/migration.html
[Tue Jun 09 22:33:06.505373 2026] [wsgi:error] [pid 11:tid 140521476675264]
[Tue Jun 09 22:33:06.505383 2026] [wsgi:error] [pid 11:tid 140521476675264] __import__(import_str)
[Tue Jun 09 22:33:06.523409 2026] [wsgi:error] [pid 10:tid 140521476675264] /var/lib/openstack/lib/python3.12/site-packages/oslo_utils/importutils.py:77: EventletDeprecationWarning:
[Tue Jun 09 22:33:06.523461 2026] [wsgi:error] [pid 10:tid 140521476675264] Eventlet is deprecated. It is currently being maintained in bugfix mode, and
[Tue Jun 09 22:33:06.523463 2026] [wsgi:error] [pid 10:tid 140521476675264] we strongly recommend against using it for new projects.
[Tue Jun 09 22:33:06.523464 2026] [wsgi:error] [pid 10:tid 140521476675264]
[Tue Jun 09 22:33:06.523465 2026] [wsgi:error] [pid 10:tid 140521476675264] If you are already using Eventlet, we recommend migrating to a different
[Tue Jun 09 22:33:06.523467 2026] [wsgi:error] [pid 10:tid 140521476675264] framework. For more detail see
[Tue Jun 09 22:33:06.523468 2026] [wsgi:error] [pid 10:tid 140521476675264] https://eventlet.readthedocs.io/en/latest/asyncio/migration.html
[Tue Jun 09 22:33:06.523469 2026] [wsgi:error] [pid 10:tid 140521476675264]
[Tue Jun 09 22:33:06.523470 2026] [wsgi:error] [pid 10:tid 140521476675264] __import__(import_str) 10.0.0.118 - - [09/Jun/2026:22:33:05 +0000] "GET /v3/ HTTP/1.1" 200 250 10.0.0.118 - - [09/Jun/2026:22:33:05 +0000] "GET /v3/ HTTP/1.1" 200 250
[Tue Jun 09 22:33:12.149201 2026] [wsgi:error] [pid 12:tid 140521476675264] /var/lib/openstack/lib/python3.12/site-packages/oslo_utils/importutils.py:77: EventletDeprecationWarning:
[Tue Jun 09 22:33:12.149249 2026] [wsgi:error] [pid 12:tid 140521476675264] Eventlet is deprecated. It is currently being maintained in bugfix mode, and
[Tue Jun 09 22:33:12.149251 2026] [wsgi:error] [pid 12:tid 140521476675264] we strongly recommend against using it for new projects.
[Tue Jun 09 22:33:12.149252 2026] [wsgi:error] [pid 12:tid 140521476675264]
[Tue Jun 09 22:33:12.149253 2026] [wsgi:error] [pid 12:tid 140521476675264] If you are already using Eventlet, we recommend migrating to a different
[Tue Jun 09 22:33:12.149254 2026] [wsgi:error] [pid 12:tid 140521476675264] framework. For more detail see
[Tue Jun 09 22:33:12.149255 2026] [wsgi:error] [pid 12:tid 140521476675264] https://eventlet.readthedocs.io/en/latest/asyncio/migration.html
[Tue Jun 09 22:33:12.149257 2026] [wsgi:error] [pid 12:tid 140521476675264]
[Tue Jun 09 22:33:12.149258 2026] [wsgi:error] [pid 12:tid 140521476675264] __import__(import_str) 10.0.0.118 - - [09/Jun/2026:22:33:11 +0000] "GET /v3/ HTTP/1.1" 200 250
[Tue Jun 09 22:33:20.166655 2026] [wsgi:error] [pid 9:tid 140521476675264] /var/lib/openstack/lib/python3.12/site-packages/oslo_utils/importutils.py:77: EventletDeprecationWarning:
[Tue Jun 09 22:33:20.166706 2026] [wsgi:error] [pid 9:tid 140521476675264] Eventlet is deprecated. It is currently being maintained in bugfix mode, and
[Tue Jun 09 22:33:20.166709 2026] [wsgi:error] [pid 9:tid 140521476675264] we strongly recommend against using it for new projects.
[Tue Jun 09 22:33:20.166710 2026] [wsgi:error] [pid 9:tid 140521476675264]
[Tue Jun 09 22:33:20.166711 2026] [wsgi:error] [pid 9:tid 140521476675264] If you are already using Eventlet, we recommend migrating to a different
[Tue Jun 09 22:33:20.166713 2026] [wsgi:error] [pid 9:tid 140521476675264] framework. For more detail see
[Tue Jun 09 22:33:20.166714 2026] [wsgi:error] [pid 9:tid 140521476675264] https://eventlet.readthedocs.io/en/latest/asyncio/migration.html
[Tue Jun 09 22:33:20.166715 2026] [wsgi:error] [pid 9:tid 140521476675264]
[Tue Jun 09 22:33:20.166716 2026] [wsgi:error] [pid 9:tid 140521476675264] __import__(import_str) 10.0.0.121 - - [09/Jun/2026:22:33:19 +0000] "GET / HTTP/1.1" 300 295
[Tue Jun 09 22:33:25.168204 2026] [wsgi:error] [pid 11:tid 140521476675264] [remote 10.0.0.121:39968] 2026-06-09 22:33:25.165 11 WARNING keystone.identity.core [None req-a3c8dc29-15e4-47a0-a2e7-07452cb92fed - - - - - -] Invalid domain name (atmosphere) found in config file name: keystone.exception.DomainNotFound: Could not find domain: atmosphere.
[Tue Jun 09 22:33:25.227070 2026] [wsgi:error] [pid 11:tid 140521476675264] [remote 10.0.0.121:39968] 2026-06-09 22:33:25.226 11 WARNING keystone.common.password_hashing [None req-a3c8dc29-15e4-47a0-a2e7-07452cb92fed - - - - - -] Truncating password to algorithm specific maximum length 72 characters.
[Tue Jun 09 22:33:25.522465 2026] [wsgi:error] [pid 11:tid 140521476675264] [remote 10.0.0.121:39968] 2026-06-09 22:33:25.522 11 WARNING keystone.common.fernet_utils [None req-a3c8dc29-15e4-47a0-a2e7-07452cb92fed - - - - - -] key_repository is world readable: /etc/keystone/fernet-keys/ 10.0.0.121 - - [09/Jun/2026:22:33:24 +0000] "POST /v3/auth/tokens HTTP/1.1" 201 1360
[Tue Jun 09 22:33:25.916796 2026] [wsgi:error] [pid 10:tid 140521476675264] [remote 10.0.0.121:39968] 2026-06-09 22:33:25.914 10 WARNING keystone.identity.core [None req-defe03a2-235d-4e2e-a195-2ec922059309 - - - - - -] Invalid domain name (atmosphere) found in config file name: keystone.exception.DomainNotFound: Could not find domain: atmosphere. 10.0.0.121 - - [09/Jun/2026:22:33:25 +0000] "POST /v3/domains HTTP/1.1" 201 261 10.0.0.8 - - [09/Jun/2026:22:33:38 +0000] "GET / HTTP/1.1" 300 295
[Tue Jun 09 22:33:38.782167 2026] [wsgi:error] [pid 9:tid 140521476675264] [remote 10.0.0.8:41332] 2026-06-09 22:33:38.781 9 WARNING keystone.common.password_hashing [None req-3c578d0e-b147-4b46-9669-f9e729a984d0 - - - - - -] Truncating password to algorithm specific maximum length 72 characters.
[Tue Jun 09 22:33:39.060567 2026] [wsgi:error] [pid 9:tid 140521476675264] [remote 10.0.0.8:41332] 2026-06-09 22:33:39.060 9 WARNING keystone.common.fernet_utils [None req-3c578d0e-b147-4b46-9669-f9e729a984d0 - - - - - -] key_repository is world readable: /etc/keystone/fernet-keys/ 10.0.0.8 - - [09/Jun/2026:22:33:38 +0000] "POST /v3/auth/tokens HTTP/1.1" 201 1360 10.0.0.8 - - [09/Jun/2026:22:33:39 +0000] "GET /v3/roles/admin HTTP/1.1" 404 83
[Tue Jun 09 22:33:39.334208 2026] [wsgi:error] [pid 10:tid 140521476675264] [remote 10.0.0.8:41332] 2026-06-09 22:33:39.333 10 WARNING keystone.common.rbac_enforcer.enforcer [None req-77d317f7-e77e-4d7e-be9f-03048a628a56 a165fa122dac467faa6b74399e6225f7 0b7996b139ef44ac92fc2dbfd4c7941d - - default default] Deprecated policy rules found. Use oslopolicy-policy-generator and oslopolicy-policy-upgrade to detect and resolve deprecated policies in your configuration. 10.0.0.8 - - [09/Jun/2026:22:33:39 +0000] "GET /v3/roles?name=admin HTTP/1.1" 200 389
[Tue Jun 09 22:33:39.917410 2026] [wsgi:error] [pid 12:tid 140521476675264] [remote 10.0.0.8:41332] 2026-06-09 22:33:39.917 12 WARNING keystone.common.rbac_enforcer.enforcer [None req-d3072470-0a85-4352-a69f-5db2db27a7f5 a165fa122dac467faa6b74399e6225f7 0b7996b139ef44ac92fc2dbfd4c7941d - - default default] Deprecated policy rules found. Use oslopolicy-policy-generator and oslopolicy-policy-upgrade to detect and resolve deprecated policies in your configuration. 10.0.0.8 - - [09/Jun/2026:22:33:39 +0000] "GET /v3/users/admin-RegionOne HTTP/1.1" 404 93
[Tue Jun 09 22:33:40.114653 2026] [wsgi:error] [pid 9:tid 140521476675264] [remote 10.0.0.8:41332] 2026-06-09 22:33:40.114 9 WARNING keystone.common.rbac_enforcer.enforcer [None req-e9e878e0-61e4-4e36-b40d-c0c2840abceb a165fa122dac467faa6b74399e6225f7 0b7996b139ef44ac92fc2dbfd4c7941d - - default default] Deprecated policy rules found. Use oslopolicy-policy-generator and oslopolicy-policy-upgrade to detect and resolve deprecated policies in your configuration. 10.0.0.8 - - [09/Jun/2026:22:33:39 +0000] "GET /v3/users?name=admin-RegionOne HTTP/1.1" 200 422
[Tue Jun 09 22:33:40.318963 2026] [wsgi:error] [pid 11:tid 140521476675264] [remote 10.0.0.8:41332] 2026-06-09 22:33:40.318 11 WARNING keystone.common.rbac_enforcer.enforcer [None req-9d9fda2e-6b49-4488-97c5-86171c3ef7fc a165fa122dac467faa6b74399e6225f7 0b7996b139ef44ac92fc2dbfd4c7941d - - default default] Deprecated policy rules found. Use oslopolicy-policy-generator and oslopolicy-policy-upgrade to detect and resolve deprecated policies in your configuration. 10.0.0.8 - - [09/Jun/2026:22:33:40 +0000] "GET /v3/domains/default HTTP/1.1" 200 224 10.0.0.8 - - [09/Jun/2026:22:33:40 +0000] "PUT /v3/domains/default/users/a165fa122dac467faa6b74399e6225f7/roles/3f44e613e6c94aa69c4427f6639d34b2 HTTP/1.1" 204 - 10.0.0.118 - - [09/Jun/2026:22:33:50 +0000] "GET / HTTP/1.1" 300 281 10.0.0.118 - - [09/Jun/2026:22:33:52 +0000] "GET /v3 HTTP/1.1" 200 266
[Tue Jun 09 22:33:52.509176 2026] [wsgi:error] [pid 11:tid 140521476675264] [remote 10.0.0.118:60316] 2026-06-09 22:33:52.508 11 WARNING keystone.common.password_hashing [None req-428fcdb9-8bc4-4cc4-823d-2113b2517b9c - - - - - -] Truncating password to algorithm specific maximum length 72 characters.
[Tue Jun 09 22:33:52.780648 2026] [wsgi:error] [pid 11:tid 140521476675264] [remote 10.0.0.118:60316] 2026-06-09 22:33:52.780 11 WARNING keystone.common.fernet_utils [None req-428fcdb9-8bc4-4cc4-823d-2113b2517b9c - - - - - -] key_repository is world readable: /etc/keystone/fernet-keys/ 10.0.0.118 - - [09/Jun/2026:22:33:52 +0000] "POST /v3/auth/tokens HTTP/1.1" 201 1360 10.0.0.118 - - [09/Jun/2026:22:33:52 +0000] "GET / HTTP/1.1" 300 281 10.0.0.118 - - [09/Jun/2026:22:33:52 +0000] "GET /v3/domains/atmosphere HTTP/1.1" 404 90 10.0.0.118 - - [09/Jun/2026:22:33:53 +0000] "GET /v3/domains?name=atmosphere HTTP/1.1" 200 370 10.0.0.118 - - [09/Jun/2026:22:33:53 +0000] "GET /v3/domains/5621eee88ed44d529e9ac73b062f183f HTTP/1.1" 200 247 10.0.0.118 - - [09/Jun/2026:22:33:53 +0000] "GET /v3 HTTP/1.1" 200 266
[Tue Jun 09 22:33:53.966921 2026] [wsgi:error] [pid 12:tid 140521476675264] [remote 10.0.0.118:60316] 2026-06-09 22:33:53.966 12 WARNING keystone.common.password_hashing [None req-cc99af6e-6a59-4fee-9c1e-4a5ab5353ffc - - - - - -] Truncating password to algorithm specific maximum length 72 characters.
[Tue Jun 09 22:33:54.239809 2026] [wsgi:error] [pid 12:tid 140521476675264] [remote 10.0.0.118:60316] 2026-06-09 22:33:54.239 12 WARNING keystone.common.fernet_utils [None req-cc99af6e-6a59-4fee-9c1e-4a5ab5353ffc - - - - - -] key_repository is world readable: /etc/keystone/fernet-keys/ 10.0.0.118 - - [09/Jun/2026:22:33:53 +0000] "POST /v3/auth/tokens HTTP/1.1" 201 1360 10.0.0.118 - - [09/Jun/2026:22:33:54 +0000] "GET / HTTP/1.1" 300 281 10.0.0.118 - - [09/Jun/2026:22:33:54 +0000] "GET /v3/OS-FEDERATION/identity_providers/atmosphere HTTP/1.1" 404 101 10.0.0.118 - - [09/Jun/2026:22:33:54 +0000] "GET /v3/OS-FEDERATION/identity_providers HTTP/1.1" 200 156 10.0.0.118 - - [09/Jun/2026:22:33:54 +0000] "PUT /v3/OS-FEDERATION/identity_providers/atmosphere HTTP/1.1" 201 342 10.0.0.118 - - [09/Jun/2026:22:33:55 +0000] "GET /v3 HTTP/1.1" 200 266
[Tue Jun 09 22:33:55.181434 2026] [wsgi:error] [pid 11:tid 140521476675264] [remote 10.0.0.118:60316] 2026-06-09 22:33:55.181 11 WARNING keystone.common.password_hashing [None req-d0c84a26-ed3f-487a-923d-a9b31e75c435 - - - - - -] Truncating password to algorithm specific maximum length 72 characters.
[Tue Jun 09 22:33:55.480290 2026] [wsgi:error] [pid 11:tid 140521476675264] [remote 10.0.0.118:60316] 2026-06-09 22:33:55.480 11 WARNING keystone.common.fernet_utils [None req-d0c84a26-ed3f-487a-923d-a9b31e75c435 - - - - - -] key_repository is world readable: /etc/keystone/fernet-keys/ 10.0.0.118 - - [09/Jun/2026:22:33:55 +0000] "POST /v3/auth/tokens HTTP/1.1" 201 1360 10.0.0.118 - - [09/Jun/2026:22:33:55 +0000] "GET / HTTP/1.1" 300 281 10.0.0.118 - - [09/Jun/2026:22:33:55 +0000] "GET /v3/OS-FEDERATION/mappings/atmosphere-openid HTTP/1.1" 404 98 10.0.0.118 - - [09/Jun/2026:22:33:55 +0000] "GET /v3/OS-FEDERATION/mappings HTTP/1.1" 200 136 10.0.0.118 - - [09/Jun/2026:22:33:55 +0000] "PUT /v3/OS-FEDERATION/mappings/atmosphere-openid HTTP/1.1" 201 357 10.0.0.118 - - [09/Jun/2026:22:33:56 +0000] "GET /v3 HTTP/1.1" 200 266
[Tue Jun 09 22:33:56.403882 2026] [wsgi:error] [pid 12:tid 140521476675264] [remote 10.0.0.118:60316] 2026-06-09 22:33:56.403 12 WARNING keystone.common.password_hashing [None req-3856c297-c07f-444f-9b5b-ca7a7271a32c - - - - - -] Truncating password to algorithm specific maximum length 72 characters.
[Tue Jun 09 22:33:56.676195 2026] [wsgi:error] [pid 12:tid 140521476675264] [remote 10.0.0.118:60316] 2026-06-09 22:33:56.676 12 WARNING keystone.common.fernet_utils [None req-3856c297-c07f-444f-9b5b-ca7a7271a32c - - - - - -] key_repository is world readable: /etc/keystone/fernet-keys/ 10.0.0.118 - - [09/Jun/2026:22:33:56 +0000] "POST /v3/auth/tokens HTTP/1.1" 201 1360 10.0.0.118 - - [09/Jun/2026:22:33:56 +0000] "GET / HTTP/1.1" 300 281 10.0.0.118 - - [09/Jun/2026:22:33:56 +0000] "GET /v3/OS-FEDERATION/identity_providers/atmosphere/protocols/openid?idp_id=atmosphere HTTP/1.1" 404 131 10.0.0.118 - - [09/Jun/2026:22:33:56 +0000] "GET /v3/OS-FEDERATION/identity_providers/atmosphere/protocols HTTP/1.1" 200 168 10.0.0.118 - - [09/Jun/2026:22:33:56 +0000] "PUT /v3/OS-FEDERATION/identity_providers/atmosphere/protocols/openid HTTP/1.1" 201 224 10.0.0.118 - - [09/Jun/2026:22:34:05 +0000] "GET /v3/ HTTP/1.1" 200 250 10.0.0.118 - - [09/Jun/2026:22:34:05 +0000] "GET /v3/ HTTP/1.1" 200 250 10.0.0.118 - - [09/Jun/2026:22:35:05 +0000] "GET /v3/ HTTP/1.1" 200 250 10.0.0.118 - - [09/Jun/2026:22:35:05 +0000] "GET /v3/ HTTP/1.1" 200 250 10.0.0.218 - - [09/Jun/2026:22:35:20 +0000] "GET / HTTP/1.1" 300 295
[Tue Jun 09 22:35:20.331292 2026] [wsgi:error] [pid 10:tid 140521476675264] [remote 10.0.0.218:48548] 2026-06-09 22:35:20.330 10 WARNING keystone.common.password_hashing [None req-53313587-62eb-40be-9766-65e7bc405884 - - - - - -] Truncating password to algorithm specific maximum length 72 characters.
[Tue Jun 09 22:35:20.607732 2026] [wsgi:error] [pid 10:tid 140521476675264] [remote 10.0.0.218:48548] 2026-06-09 22:35:20.607 10 WARNING keystone.common.fernet_utils [None req-53313587-62eb-40be-9766-65e7bc405884 - - - - - -] key_repository is world readable: /etc/keystone/fernet-keys/ 10.0.0.218 - - [09/Jun/2026:22:35:20 +0000] "POST /v3/auth/tokens HTTP/1.1" 201 1360 10.0.0.218 - - [09/Jun/2026:22:35:20 +0000] "GET /v3/services HTTP/1.1" 200 355 10.0.0.218 - - [09/Jun/2026:22:35:24 +0000] "GET / HTTP/1.1" 300 295
[Tue Jun 09 22:35:24.212168 2026] [wsgi:error] [pid 9:tid 140521476675264] [remote 10.0.0.218:60256] 2026-06-09 22:35:24.211 9 WARNING keystone.common.password_hashing [None req-be91b6ef-7bfb-4b76-bc65-db9deb68ad51 - - - - - -] Truncating password to algorithm specific maximum length 72 characters.
[Tue Jun 09 22:35:24.511023 2026] [wsgi:error] [pid 9:tid 140521476675264] [remote 10.0.0.218:60256] 2026-06-09 22:35:24.510 9 WARNING keystone.common.fernet_utils [None req-be91b6ef-7bfb-4b76-bc65-db9deb68ad51 - - - - - -] key_repository is world readable: /etc/keystone/fernet-keys/ 10.0.0.218 - - [09/Jun/2026:22:35:24 +0000] "POST /v3/auth/tokens HTTP/1.1" 201 1360 10.0.0.218 - - [09/Jun/2026:22:35:24 +0000] "GET /v3/services HTTP/1.1" 200 355 10.0.0.218 - - [09/Jun/2026:22:35:28 +0000] "GET / HTTP/1.1" 300 295
[Tue Jun 09 22:35:28.088955 2026] [wsgi:error] [pid 11:tid 140521476675264] [remote 10.0.0.218:60260] 2026-06-09 22:35:28.088 11 WARNING keystone.common.password_hashing [None req-38334c29-9329-4053-8a25-b0f16014459d - - - - - -] Truncating password to algorithm specific maximum length 72 characters.
[Tue Jun 09 22:35:28.389158 2026] [wsgi:error] [pid 11:tid 140521476675264] [remote 10.0.0.218:60260] 2026-06-09 22:35:28.388 11 WARNING keystone.common.fernet_utils [None req-38334c29-9329-4053-8a25-b0f16014459d - - - - - -] key_repository is world readable: /etc/keystone/fernet-keys/ 10.0.0.218 - - [09/Jun/2026:22:35:28 +0000] "POST /v3/auth/tokens HTTP/1.1" 201 1360 10.0.0.218 - - [09/Jun/2026:22:35:28 +0000] "GET /v3/services HTTP/1.1" 200 355 10.0.0.218 - - [09/Jun/2026:22:35:31 +0000] "GET / HTTP/1.1" 300 295
[Tue Jun 09 22:35:31.908617 2026] [wsgi:error] [pid 12:tid 140521476675264] [remote 10.0.0.218:60274] 2026-06-09 22:35:31.908 12 WARNING keystone.common.password_hashing [None req-33cfab7a-893e-4a04-9f89-dfbd43ccead4 - - - - - -] Truncating password to algorithm specific maximum length 72 characters.
[Tue Jun 09 22:35:32.181474 2026] [wsgi:error] [pid 12:tid 140521476675264] [remote 10.0.0.218:60274] 2026-06-09 22:35:32.181 12 WARNING keystone.common.fernet_utils [None req-33cfab7a-893e-4a04-9f89-dfbd43ccead4 - - - - - -] key_repository is world readable: /etc/keystone/fernet-keys/ 10.0.0.218 - - [09/Jun/2026:22:35:31 +0000] "POST /v3/auth/tokens HTTP/1.1" 201 1360 10.0.0.218 - - [09/Jun/2026:22:35:32 +0000] "POST /v3/services HTTP/1.1" 201 296 10.0.0.43 - - [09/Jun/2026:22:35:43 +0000] "GET / HTTP/1.1" 300 295
[Tue Jun 09 22:35:43.595345 2026] [wsgi:error] [pid 10:tid 140521476675264] [remote 10.0.0.43:56066] 2026-06-09 22:35:43.595 10 WARNING keystone.common.password_hashing [None req-b36b0314-109f-4885-a3a1-750cce0944de - - - - - -] Truncating password to algorithm specific maximum length 72 characters. 10.0.0.43 - - [09/Jun/2026:22:35:43 +0000] "GET / HTTP/1.1" 300 295
[Tue Jun 09 22:35:43.628616 2026] [wsgi:error] [pid 11:tid 140521476675264] [remote 10.0.0.43:56078] 2026-06-09 22:35:43.628 11 WARNING keystone.common.password_hashing [None req-7f52aa63-6893-4f2f-8590-8eedc3e59873 - - - - - -] Truncating password to algorithm specific maximum length 72 characters. 10.0.0.43 - - [09/Jun/2026:22:35:43 +0000] "GET / HTTP/1.1" 300 295
[Tue Jun 09 22:35:43.852520 2026] [wsgi:error] [pid 12:tid 140521476675264] [remote 10.0.0.43:56080] 2026-06-09 22:35:43.852 12 WARNING keystone.common.password_hashing [None req-32cb7ab6-868e-48b4-a8f4-69557201d78f - - - - - -] Truncating password to algorithm specific maximum length 72 characters.
[Tue Jun 09 22:35:43.874383 2026] [wsgi:error] [pid 10:tid 140521476675264] [remote 10.0.0.43:56066] 2026-06-09 22:35:43.874 10 WARNING keystone.common.fernet_utils [None req-b36b0314-109f-4885-a3a1-750cce0944de - - - - - -] key_repository is world readable: /etc/keystone/fernet-keys/ 10.0.0.43 - - [09/Jun/2026:22:35:43 +0000] "POST /v3/auth/tokens HTTP/1.1" 201 1464
[Tue Jun 09 22:35:43.911426 2026] [wsgi:error] [pid 11:tid 140521476675264] [remote 10.0.0.43:56078] 2026-06-09 22:35:43.911 11 WARNING keystone.common.fernet_utils [None req-7f52aa63-6893-4f2f-8590-8eedc3e59873 - - - - - -] key_repository is world readable: /etc/keystone/fernet-keys/ 10.0.0.43 - - [09/Jun/2026:22:35:43 +0000] "POST /v3/auth/tokens HTTP/1.1" 201 1464 10.0.0.43 - - [09/Jun/2026:22:35:43 +0000] "GET /v3/services HTTP/1.1" 200 639 10.0.0.43 - - [09/Jun/2026:22:35:44 +0000] "GET /v3/services HTTP/1.1" 200 639
[Tue Jun 09 22:35:44.134627 2026] [wsgi:error] [pid 12:tid 140521476675264] [remote 10.0.0.43:56080] 2026-06-09 22:35:44.134 12 WARNING keystone.common.fernet_utils [None req-32cb7ab6-868e-48b4-a8f4-69557201d78f - - - - - -] key_repository is world readable: /etc/keystone/fernet-keys/ 10.0.0.43 - - [09/Jun/2026:22:35:43 +0000] "POST /v3/auth/tokens HTTP/1.1" 201 1464 10.0.0.43 - - [09/Jun/2026:22:35:44 +0000] "GET /v3/services HTTP/1.1" 200 639 10.0.0.43 - - [09/Jun/2026:22:35:45 +0000] "GET / HTTP/1.1" 300 295
[Tue Jun 09 22:35:45.416882 2026] [wsgi:error] [pid 10:tid 140521476675264] [remote 10.0.0.43:56090] 2026-06-09 22:35:45.416 10 WARNING keystone.common.password_hashing [None req-d466669a-5add-4a07-bf70-22f575e58e7e - - - - - -] Truncating password to algorithm specific maximum length 72 characters. 10.0.0.43 - - [09/Jun/2026:22:35:45 +0000] "GET / HTTP/1.1" 300 295
[Tue Jun 09 22:35:45.631215 2026] [wsgi:error] [pid 11:tid 140521476675264] [remote 10.0.0.43:56102] 2026-06-09 22:35:45.630 11 WARNING keystone.common.password_hashing [None req-4d8ae516-ea8c-4361-801d-75ad2c6bb9a0 - - - - - -] Truncating password to algorithm specific maximum length 72 characters.
[Tue Jun 09 22:35:45.709300 2026] [wsgi:error] [pid 10:tid 140521476675264] [remote 10.0.0.43:56090] 2026-06-09 22:35:45.709 10 WARNING keystone.common.fernet_utils [None req-d466669a-5add-4a07-bf70-22f575e58e7e - - - - - -] key_repository is world readable: /etc/keystone/fernet-keys/ 10.0.0.43 - - [09/Jun/2026:22:35:45 +0000] "POST /v3/auth/tokens HTTP/1.1" 201 1464 10.0.0.43 - - [09/Jun/2026:22:35:45 +0000] "GET / HTTP/1.1" 300 295
[Tue Jun 09 22:35:45.751644 2026] [wsgi:error] [pid 12:tid 140521476675264] [remote 10.0.0.43:56108] 2026-06-09 22:35:45.751 12 WARNING keystone.common.password_hashing [None req-a0571b8c-db09-4b2b-bde5-aa99ba1ba854 - - - - - -] Truncating password to algorithm specific maximum length 72 characters. 10.0.0.43 - - [09/Jun/2026:22:35:45 +0000] "GET /v3/endpoints HTTP/1.1" 200 1227 10.0.0.43 - - [09/Jun/2026:22:35:45 +0000] "GET /v3/services/0199037168ac4061a143e6023a5a66ad HTTP/1.1" 200 233 10.0.0.43 - - [09/Jun/2026:22:35:45 +0000] "GET /v3/services/0199037168ac4061a143e6023a5a66ad HTTP/1.1" 200 233 10.0.0.43 - - [09/Jun/2026:22:35:45 +0000] "GET /v3/services/0199037168ac4061a143e6023a5a66ad HTTP/1.1" 200 233
[Tue Jun 09 22:35:45.911948 2026] [wsgi:error] [pid 11:tid 140521476675264] [remote 10.0.0.43:56102] 2026-06-09 22:35:45.911 11 WARNING keystone.common.fernet_utils [None req-4d8ae516-ea8c-4361-801d-75ad2c6bb9a0 - - - - - -] key_repository is world readable: /etc/keystone/fernet-keys/ 10.0.0.43 - - [09/Jun/2026:22:35:45 +0000] "POST /v3/auth/tokens HTTP/1.1" 201 1464
[Tue Jun 09 22:35:46.024536 2026] [wsgi:error] [pid 12:tid 140521476675264] [remote 10.0.0.43:56108] 2026-06-09 22:35:46.024 12 WARNING keystone.common.fernet_utils [None req-a0571b8c-db09-4b2b-bde5-aa99ba1ba854 - - - - - -] key_repository is world readable: /etc/keystone/fernet-keys/ 10.0.0.43 - - [09/Jun/2026:22:35:45 +0000] "POST /v3/auth/tokens HTTP/1.1" 201 1464 10.0.0.43 - - [09/Jun/2026:22:35:46 +0000] "GET /v3/endpoints HTTP/1.1" 200 1227 10.0.0.43 - - [09/Jun/2026:22:35:46 +0000] "GET /v3/services/0199037168ac4061a143e6023a5a66ad HTTP/1.1" 200 233 10.0.0.43 - - [09/Jun/2026:22:35:46 +0000] "GET /v3/services/0199037168ac4061a143e6023a5a66ad HTTP/1.1" 200 233 10.0.0.43 - - [09/Jun/2026:22:35:46 +0000] "GET /v3/services/0199037168ac4061a143e6023a5a66ad HTTP/1.1" 200 233 10.0.0.43 - - [09/Jun/2026:22:35:46 +0000] "GET /v3/endpoints HTTP/1.1" 200 1227 10.0.0.43 - - [09/Jun/2026:22:35:46 +0000] "GET /v3/services/0199037168ac4061a143e6023a5a66ad HTTP/1.1" 200 233 10.0.0.43 - - [09/Jun/2026:22:35:46 +0000] "GET /v3/services/0199037168ac4061a143e6023a5a66ad HTTP/1.1" 200 233 10.0.0.43 - - [09/Jun/2026:22:35:46 +0000] "GET /v3/services/0199037168ac4061a143e6023a5a66ad HTTP/1.1" 200 233 10.0.0.43 - - [09/Jun/2026:22:35:47 +0000] "GET / HTTP/1.1" 300 295
[Tue Jun 09 22:35:47.399889 2026] [wsgi:error] [pid 9:tid 140521476675264] [remote 10.0.0.43:56116] 2026-06-09 22:35:47.399 9 WARNING keystone.common.password_hashing [None req-e5588f2e-577e-45a9-8e63-7200e7ee54e0 - - - - - -] Truncating password to algorithm specific maximum length 72 characters. 10.0.0.43 - - [09/Jun/2026:22:35:47 +0000] "GET / HTTP/1.1" 300 295
[Tue Jun 09 22:35:47.518371 2026] [wsgi:error] [pid 11:tid 140521476675264] [remote 10.0.0.43:56130] 2026-06-09 22:35:47.518 11 WARNING keystone.common.password_hashing [None req-877c6109-e664-4970-bf09-ef97238cf0e3 - - - - - -] Truncating password to algorithm specific maximum length 72 characters.
[Tue Jun 09 22:35:47.677244 2026] [wsgi:error] [pid 9:tid 140521476675264] [remote 10.0.0.43:56116] 2026-06-09 22:35:47.677 9 WARNING keystone.common.fernet_utils [None req-e5588f2e-577e-45a9-8e63-7200e7ee54e0 - - - - - -] key_repository is world readable: /etc/keystone/fernet-keys/ 10.0.0.43 - - [09/Jun/2026:22:35:47 +0000] "POST /v3/auth/tokens HTTP/1.1" 201 1464
[Tue Jun 09 22:35:47.801580 2026] [wsgi:error] [pid 11:tid 140521476675264] [remote 10.0.0.43:56130] 2026-06-09 22:35:47.801 11 WARNING keystone.common.fernet_utils [None req-877c6109-e664-4970-bf09-ef97238cf0e3 - - - - - -] key_repository is world readable: /etc/keystone/fernet-keys/ 10.0.0.43 - - [09/Jun/2026:22:35:47 +0000] "GET /v3/services/96c0092bda6343139d613d9ee21d8026 HTTP/1.1" 200 296 10.0.0.43 - - [09/Jun/2026:22:35:47 +0000] "POST /v3/auth/tokens HTTP/1.1" 201 1464 10.0.0.43 - - [09/Jun/2026:22:35:47 +0000] "GET /v3/regions/RegionOne HTTP/1.1" 200 173 10.0.0.43 - - [09/Jun/2026:22:35:47 +0000] "GET / HTTP/1.1" 300 295
[Tue Jun 09 22:35:47.895412 2026] [wsgi:error] [pid 11:tid 140521476675264] [remote 10.0.0.43:56146] 2026-06-09 22:35:47.895 11 WARNING keystone.common.password_hashing [None req-3e1e7f6e-574f-4733-b1d1-f5c3e86e964a - - - - - -] Truncating password to algorithm specific maximum length 72 characters. 10.0.0.43 - - [09/Jun/2026:22:35:47 +0000] "GET /v3/services/96c0092bda6343139d613d9ee21d8026 HTTP/1.1" 200 296 10.0.0.43 - - [09/Jun/2026:22:35:47 +0000] "GET /v3/regions/RegionOne HTTP/1.1" 200 173 10.0.0.43 - - [09/Jun/2026:22:35:47 +0000] "POST /v3/endpoints HTTP/1.1" 201 383 10.0.0.43 - - [09/Jun/2026:22:35:47 +0000] "POST /v3/endpoints HTTP/1.1" 201 380
[Tue Jun 09 22:35:48.170298 2026] [wsgi:error] [pid 11:tid 140521476675264] [remote 10.0.0.43:56146] 2026-06-09 22:35:48.170 11 WARNING keystone.common.fernet_utils [None req-3e1e7f6e-574f-4733-b1d1-f5c3e86e964a - - - - - -] key_repository is world readable: /etc/keystone/fernet-keys/ 10.0.0.43 - - [09/Jun/2026:22:35:47 +0000] "POST /v3/auth/tokens HTTP/1.1" 201 1823 10.0.0.43 - - [09/Jun/2026:22:35:48 +0000] "GET /v3/services/96c0092bda6343139d613d9ee21d8026 HTTP/1.1" 200 296 10.0.0.43 - - [09/Jun/2026:22:35:48 +0000] "GET /v3/regions/RegionOne HTTP/1.1" 200 173 10.0.0.43 - - [09/Jun/2026:22:35:48 +0000] "POST /v3/endpoints HTTP/1.1" 201 370 10.0.0.43 - - [09/Jun/2026:22:35:49 +0000] "GET / HTTP/1.1" 300 295 10.0.0.43 - - [09/Jun/2026:22:35:49 +0000] "GET / HTTP/1.1" 300 295
[Tue Jun 09 22:35:49.483722 2026] [wsgi:error] [pid 10:tid 140521476675264] [remote 10.0.0.43:56154] 2026-06-09 22:35:49.483 10 WARNING keystone.common.password_hashing [None req-9afecc22-004e-4de5-81d6-e553e3b3477b - - - - - -] Truncating password to algorithm specific maximum length 72 characters.
[Tue Jun 09 22:35:49.487168 2026] [wsgi:error] [pid 9:tid 140521476675264] [remote 10.0.0.43:56156] 2026-06-09 22:35:49.486 9 WARNING keystone.common.password_hashing [None req-a2f7698e-b268-4591-a628-d45b3ba6db3e - - - - - -] Truncating password to algorithm specific maximum length 72 characters. 10.0.0.43 - - [09/Jun/2026:22:35:49 +0000] "GET / HTTP/1.1" 300 295
[Tue Jun 09 22:35:49.724428 2026] [wsgi:error] [pid 12:tid 140521476675264] [remote 10.0.0.43:56160] 2026-06-09 22:35:49.724 12 WARNING keystone.common.password_hashing [None req-25d9a5e1-53a4-482c-a416-a6b9b354fcad - - - - - -] Truncating password to algorithm specific maximum length 72 characters.
[Tue Jun 09 22:35:49.774986 2026] [wsgi:error] [pid 10:tid 140521476675264] [remote 10.0.0.43:56154] 2026-06-09 22:35:49.774 10 WARNING keystone.common.fernet_utils [None req-9afecc22-004e-4de5-81d6-e553e3b3477b - - - - - -] key_repository is world readable: /etc/keystone/fernet-keys/
[Tue Jun 09 22:35:49.775501 2026] [wsgi:error] [pid 9:tid 140521476675264] [remote 10.0.0.43:56156] 2026-06-09 22:35:49.775 9 WARNING keystone.common.fernet_utils [None req-a2f7698e-b268-4591-a628-d45b3ba6db3e - - - - - -] key_repository is world readable: /etc/keystone/fernet-keys/ 10.0.0.43 - - [09/Jun/2026:22:35:49 +0000] "POST /v3/auth/tokens HTTP/1.1" 201 1992 10.0.0.43 - - [09/Jun/2026:22:35:49 +0000] "POST /v3/auth/tokens HTTP/1.1" 201 1992 10.0.0.43 - - [09/Jun/2026:22:35:49 +0000] "GET /v3/endpoints/d3e81bc826874997beae5872fd8193ec HTTP/1.1" 200 380 10.0.0.43 - - [09/Jun/2026:22:35:49 +0000] "GET /v3/endpoints/d47a7d20e38e4cf98e3f576c04047151 HTTP/1.1" 200 383 10.0.0.43 - - [09/Jun/2026:22:35:49 +0000] "GET /v3/services/96c0092bda6343139d613d9ee21d8026 HTTP/1.1" 200 296 10.0.0.43 - - [09/Jun/2026:22:35:49 +0000] "GET /v3/services/96c0092bda6343139d613d9ee21d8026 HTTP/1.1" 200 296
[Tue Jun 09 22:35:50.006620 2026] [wsgi:error] [pid 12:tid 140521476675264] [remote 10.0.0.43:56160] 2026-06-09 22:35:50.006 12 WARNING keystone.common.fernet_utils [None req-25d9a5e1-53a4-482c-a416-a6b9b354fcad - - - - - -] key_repository is world readable: /etc/keystone/fernet-keys/ 10.0.0.43 - - [09/Jun/2026:22:35:49 +0000] "POST /v3/auth/tokens HTTP/1.1" 201 1992 10.0.0.43 - - [09/Jun/2026:22:35:50 +0000] "GET /v3/endpoints/a431a8bc84ca48e1a7e30d87996d11e8 HTTP/1.1" 200 370 10.0.0.43 - - [09/Jun/2026:22:35:50 +0000] "GET /v3/services/96c0092bda6343139d613d9ee21d8026 HTTP/1.1" 200 296 10.0.0.198 - - [09/Jun/2026:22:36:02 +0000] "GET / HTTP/1.1" 300 295
[Tue Jun 09 22:36:02.026157 2026] [wsgi:error] [pid 12:tid 140521476675264] [remote 10.0.0.198:33576] 2026-06-09 22:36:02.025 12 WARNING keystone.common.password_hashing [None req-668c3f9f-6d42-4e57-8d2c-14ea8d58e909 - - - - - -] Truncating password to algorithm specific maximum length 72 characters.
[Tue Jun 09 22:36:02.298957 2026] [wsgi:error] [pid 12:tid 140521476675264] [remote 10.0.0.198:33576] 2026-06-09 22:36:02.298 12 WARNING keystone.common.fernet_utils [None req-668c3f9f-6d42-4e57-8d2c-14ea8d58e909 - - - - - -] key_repository is world readable: /etc/keystone/fernet-keys/ 10.0.0.198 - - [09/Jun/2026:22:36:02 +0000] "POST /v3/auth/tokens HTTP/1.1" 201 1992 10.0.0.198 - - [09/Jun/2026:22:36:02 +0000] "POST /v3/domains HTTP/1.1" 201 284 10.0.0.198 - - [09/Jun/2026:22:36:03 +0000] "GET / HTTP/1.1" 300 295
[Tue Jun 09 22:36:04.011791 2026] [wsgi:error] [pid 11:tid 140521476675264] [remote 10.0.0.198:48352] 2026-06-09 22:36:04.011 11 WARNING keystone.common.password_hashing [None req-a5ad13e4-6583-499c-b113-41ed359c0574 - - - - - -] Truncating password to algorithm specific maximum length 72 characters.
[Tue Jun 09 22:36:04.290044 2026] [wsgi:error] [pid 11:tid 140521476675264] [remote 10.0.0.198:48352] 2026-06-09 22:36:04.289 11 WARNING keystone.common.fernet_utils [None req-a5ad13e4-6583-499c-b113-41ed359c0574 - - - - - -] key_repository is world readable: /etc/keystone/fernet-keys/ 10.0.0.198 - - [09/Jun/2026:22:36:03 +0000] "POST /v3/auth/tokens HTTP/1.1" 201 1992
[Tue Jun 09 22:36:04.495988 2026] [wsgi:error] [pid 12:tid 140521476675264] [remote 10.0.0.198:48352] 2026-06-09 22:36:04.476 12 ERROR keystone.server.flask.application [None req-e16eda04-21ae-402c-b1df-a662305d4559 a165fa122dac467faa6b74399e6225f7 0b7996b139ef44ac92fc2dbfd4c7941d - - default default] Conflict occurred attempting to store project - it is not permitted to have two projects acting as domains with the same name: service.: keystone.exception.Conflict: Conflict occurred attempting to store project - it is not permitted to have two projects acting as domains with the same name: service.
[Tue Jun 09 22:36:04.496021 2026] [wsgi:error] [pid 12:tid 140521476675264] [remote 10.0.0.198:48352] 2026-06-09 22:36:04.476 12 ERROR keystone.server.flask.application
Traceback (most recent call last):
[Tue Jun 09 22:36:04.496023 2026] [wsgi:error] [pid 12:tid 140521476675264] [remote 10.0.0.198:48352] 2026-06-09 22:36:04.476 12 ERROR keystone.server.flask.application
File "/var/lib/openstack/lib/python3.12/site-packages/sqlalchemy/engine/base.py", line 1969, in _exec_single_context
[Tue Jun 09 22:36:04.496026 2026] [wsgi:error] [pid 12:tid 140521476675264] [remote 10.0.0.198:48352] 2026-06-09 22:36:04.476 12 ERROR keystone.server.flask.application self.dialect.do_execute(
[Tue Jun 09 22:36:04.496028 2026] [wsgi:error] [pid 12:tid 140521476675264] [remote 10.0.0.198:48352] 2026-06-09 22:36:04.476 12 ERROR keystone.server.flask.application
File "/var/lib/openstack/lib/python3.12/site-packages/sqlalchemy/engine/default.py", line 952, in do_execute
[Tue Jun 09 22:36:04.496030 2026] [wsgi:error] [pid 12:tid 140521476675264] [remote 10.0.0.198:48352] 2026-06-09 22:36:04.476 12 ERROR keystone.server.flask.application cursor.execute(statement, parameters)
[Tue Jun 09 22:36:04.496033 2026] [wsgi:error] [pid 12:tid 140521476675264] [remote 10.0.0.198:48352] 2026-06-09 22:36:04.476 12 ERROR keystone.server.flask.application
File "/var/lib/openstack/lib/python3.12/site-packages/pymysql/cursors.py", line 159, in execute
[Tue Jun 09 22:36:04.496035 2026] [wsgi:error] [pid 12:tid 140521476675264] [remote 10.0.0.198:48352] 2026-06-09 22:36:04.476 12 ERROR keystone.server.flask.application result = self._query(query)
[Tue Jun 09 22:36:04.496037 2026] [wsgi:error] [pid 12:tid 140521476675264] [remote 10.0.0.198:48352] 2026-06-09 22:36:04.476 12 ERROR keystone.server.flask.application ^^^^^^^^^^^^^^^^^^
[Tue Jun 09 22:36:04.496039 2026] [wsgi:error] [pid 12:tid 140521476675264] [remote 10.0.0.198:48352] 2026-06-09 22:36:04.476 12 ERROR keystone.server.flask.application
File "/var/lib/openstack/lib/python3.12/site-packages/pymysql/cursors.py", line 330, in _query
[Tue Jun 09 22:36:04.496041 2026] [wsgi:error] [pid 12:tid 140521476675264] [remote 10.0.0.198:48352] 2026-06-09 22:36:04.476 12 ERROR keystone.server.flask.application conn.query(q)
[Tue Jun 09 22:36:04.496043 2026] [wsgi:error] [pid 12:tid 140521476675264] [remote 10.0.0.198:48352] 2026-06-09 22:36:04.476 12 ERROR keystone.server.flask.application
File "/var/lib/openstack/lib/python3.12/site-packages/pymysql/connections.py", line 582, in query
[Tue Jun 09 22:36:04.496045 2026] [wsgi:error] [pid 12:tid 140521476675264] [remote 10.0.0.198:48352] 2026-06-09 22:36:04.476 12 ERROR keystone.server.flask.application self._affected_rows = self._read_query_result(unbuffered=unbuffered)
[Tue Jun 09 22:36:04.496047 2026] [wsgi:error] [pid 12:tid 140521476675264] [remote 10.0.0.198:48352] 2026-06-09 22:36:04.476 12 ERROR keystone.server.flask.application ^^^^^^^^^^^^^^^^^^^^^^^^^^^^^^^^^^^^^^^^^^^^^^
[Tue Jun 09 22:36:04.496049 2026] [wsgi:error] [pid 12:tid 140521476675264] [remote 10.0.0.198:48352] 2026-06-09 22:36:04.476 12 ERROR keystone.server.flask.application
File "/var/lib/openstack/lib/python3.12/site-packages/pymysql/connections.py", line 847, in _read_query_result
[Tue Jun 09 22:36:04.496052 2026] [wsgi:error] [pid 12:tid 140521476675264] [remote 10.0.0.198:48352] 2026-06-09 22:36:04.476 12 ERROR keystone.server.flask.application result.read()
[Tue Jun 09 22:36:04.496056 2026] [wsgi:error] [pid 12:tid 140521476675264] [remote 10.0.0.198:48352] 2026-06-09 22:36:04.476 12 ERROR keystone.server.flask.application
File "/var/lib/openstack/lib/python3.12/site-packages/pymysql/connections.py", line 1245, in read
[Tue Jun 09 22:36:04.496058 2026] [wsgi:error] [pid 12:tid 140521476675264] [remote 10.0.0.198:48352] 2026-06-09 22:36:04.476 12 ERROR keystone.server.flask.application first_packet = self.connection._read_packet()
[Tue Jun 09 22:36:04.496060 2026] [wsgi:error] [pid 12:tid 140521476675264] [remote 10.0.0.198:48352] 2026-06-09 22:36:04.476 12 ERROR keystone.server.flask.application ^^^^^^^^^^^^^^^^^^^^^^^^^^^^^^
[Tue Jun 09 22:36:04.496063 2026] [wsgi:error] [pid 12:tid 140521476675264] [remote 10.0.0.198:48352] 2026-06-09 22:36:04.476 12 ERROR keystone.server.flask.application
File "/var/lib/openstack/lib/python3.12/site-packages/pymysql/connections.py", line 803, in _read_packet
[Tue Jun 09 22:36:04.496065 2026] [wsgi:error] [pid 12:tid 140521476675264] [remote 10.0.0.198:48352] 2026-06-09 22:36:04.476 12 ERROR keystone.server.flask.application packet.raise_for_error()
[Tue Jun 09 22:36:04.496067 2026] [wsgi:error] [pid 12:tid 140521476675264] [remote 10.0.0.198:48352] 2026-06-09 22:36:04.476 12 ERROR keystone.server.flask.application
File "/var/lib/openstack/lib/python3.12/site-packages/pymysql/protocol.py", line 219, in raise_for_error
[Tue Jun 09 22:36:04.496069 2026] [wsgi:error] [pid 12:tid 140521476675264] [remote 10.0.0.198:48352] 2026-06-09 22:36:04.476 12 ERROR keystone.server.flask.application err.raise_mysql_exception(self._data)
[Tue Jun 09 22:36:04.496071 2026] [wsgi:error] [pid 12:tid 140521476675264] [remote 10.0.0.198:48352] 2026-06-09 22:36:04.476 12 ERROR keystone.server.flask.application
File "/var/lib/openstack/lib/python3.12/site-packages/pymysql/err.py", line 154, in raise_mysql_exception
[Tue Jun 09 22:36:04.496073 2026] [wsgi:error] [pid 12:tid 140521476675264] [remote 10.0.0.198:48352] 2026-06-09 22:36:04.476 12 ERROR keystone.server.flask.application raise errorclass(errno, errval, sqlstate=sqlstate)
[Tue Jun 09 22:36:04.496075 2026] [wsgi:error] [pid 12:tid 140521476675264] [remote 10.0.0.198:48352] 2026-06-09 22:36:04.476 12 ERROR keystone.server.flask.application pymysql.err.IntegrityError: (1062, "Duplicate entry '<>-service' for key 'project.ixu_project_name_domain_id'")
[Tue Jun 09 22:36:04.496078 2026] [wsgi:error] [pid 12:tid 140521476675264] [remote 10.0.0.198:48352] 2026-06-09 22:36:04.476 12 ERROR keystone.server.flask.application
[Tue Jun 09 22:36:04.496080 2026] [wsgi:error] [pid 12:tid 140521476675264] [remote 10.0.0.198:48352] 2026-06-09 22:36:04.476 12 ERROR keystone.server.flask.application The above exception was the direct cause of the following exception:
[Tue Jun 09 22:36:04.496082 2026] [wsgi:error] [pid 12:tid 140521476675264] [remote 10.0.0.198:48352] 2026-06-09 22:36:04.476 12 ERROR keystone.server.flask.application
[Tue Jun 09 22:36:04.496084 2026] [wsgi:error] [pid 12:tid 140521476675264] [remote 10.0.0.198:48352] 2026-06-09 22:36:04.476 12 ERROR keystone.server.flask.application
Traceback (most recent call last):
[Tue Jun 09 22:36:04.496086 2026] [wsgi:error] [pid 12:tid 140521476675264] [remote 10.0.0.198:48352] 2026-06-09 22:36:04.476 12 ERROR keystone.server.flask.application
File "/var/lib/openstack/lib/python3.12/site-packages/keystone/common/sql/core.py", line 575, in wrapper
[Tue Jun 09 22:36:04.496088 2026] [wsgi:error] [pid 12:tid 140521476675264] [remote 10.0.0.198:48352] 2026-06-09 22:36:04.476 12 ERROR keystone.server.flask.application return method(*args, **kwargs)
[Tue Jun 09 22:36:04.496090 2026] [wsgi:error] [pid 12:tid 140521476675264] [remote 10.0.0.198:48352] 2026-06-09 22:36:04.476 12 ERROR keystone.server.flask.application ^^^^^^^^^^^^^^^^^^^^^^^
[Tue Jun 09 22:36:04.496093 2026] [wsgi:error] [pid 12:tid 140521476675264] [remote 10.0.0.198:48352] 2026-06-09 22:36:04.476 12 ERROR keystone.server.flask.application
File "/var/lib/openstack/lib/python3.12/site-packages/keystone/resource/backends/sql.py", line 278, in create_project
[Tue Jun 09 22:36:04.496095 2026] [wsgi:error] [pid 12:tid 140521476675264] [remote 10.0.0.198:48352] 2026-06-09 22:36:04.476 12 ERROR keystone.server.flask.application with sql.session_for_write() as session:
[Tue Jun 09 22:36:04.496124 2026] [wsgi:error] [pid 12:tid 140521476675264] [remote 10.0.0.198:48352] 2026-06-09 22:36:04.476 12 ERROR keystone.server.flask.application
File "/usr/lib/python3.12/contextlib.py", line 144, in __exit__
[Tue Jun 09 22:36:04.496126 2026] [wsgi:error] [pid 12:tid 140521476675264] [remote 10.0.0.198:48352] 2026-06-09 22:36:04.476 12 ERROR keystone.server.flask.application next(self.gen)
[Tue Jun 09 22:36:04.496128 2026] [wsgi:error] [pid 12:tid 140521476675264] [remote 10.0.0.198:48352] 2026-06-09 22:36:04.476 12 ERROR keystone.server.flask.application
File "/var/lib/openstack/lib/python3.12/site-packages/oslo_db/sqlalchemy/enginefacade.py", line 1175, in _transaction_scope
[Tue Jun 09 22:36:04.496131 2026] [wsgi:error] [pid 12:tid 140521476675264] [remote 10.0.0.198:48352] 2026-06-09 22:36:04.476 12 ERROR keystone.server.flask.application with current._produce_block(
[Tue Jun 09 22:36:04.496133 2026] [wsgi:error] [pid 12:tid 140521476675264] [remote 10.0.0.198:48352] 2026-06-09 22:36:04.476 12 ERROR keystone.server.flask.application
File "/usr/lib/python3.12/contextlib.py", line 144, in __exit__
[Tue Jun 09 22:36:04.496135 2026] [wsgi:error] [pid 12:tid 140521476675264] [remote 10.0.0.198:48352] 2026-06-09 22:36:04.476 12 ERROR keystone.server.flask.application next(self.gen)
[Tue Jun 09 22:36:04.496137 2026] [wsgi:error] [pid 12:tid 140521476675264] [remote 10.0.0.198:48352] 2026-06-09 22:36:04.476 12 ERROR keystone.server.flask.application
File "/var/lib/openstack/lib/python3.12/site-packages/oslo_db/sqlalchemy/enginefacade.py", line 837, in _session
[Tue Jun 09 22:36:04.496139 2026] [wsgi:error] [pid 12:tid 140521476675264] [remote 10.0.0.198:48352] 2026-06-09 22:36:04.476 12 ERROR keystone.server.flask.application with excutils.save_and_reraise_exception():
[Tue Jun 09 22:36:04.496140 2026] [wsgi:error] [pid 12:tid 140521476675264] [remote 10.0.0.198:48352] 2026-06-09 22:36:04.476 12 ERROR keystone.server.flask.application
File "/var/lib/openstack/lib/python3.12/site-packages/oslo_utils/excutils.py", line 266, in __exit__
[Tue Jun 09 22:36:04.496142 2026] [wsgi:error] [pid 12:tid 140521476675264] [remote 10.0.0.198:48352] 2026-06-09 22:36:04.476 12 ERROR keystone.server.flask.application self.force_reraise()
[Tue Jun 09 22:36:04.496143 2026] [wsgi:error] [pid 12:tid 140521476675264] [remote 10.0.0.198:48352] 2026-06-09 22:36:04.476 12 ERROR keystone.server.flask.application
File "/var/lib/openstack/lib/python3.12/site-packages/oslo_utils/excutils.py", line 232, in force_reraise
[Tue Jun 09 22:36:04.496146 2026] [wsgi:error] [pid 12:tid 140521476675264] [remote 10.0.0.198:48352] 2026-06-09 22:36:04.476 12 ERROR keystone.server.flask.application raise self.value
[Tue Jun 09 22:36:04.496148 2026] [wsgi:error] [pid 12:tid 140521476675264] [remote 10.0.0.198:48352] 2026-06-09 22:36:04.476 12 ERROR keystone.server.flask.application
File "/var/lib/openstack/lib/python3.12/site-packages/oslo_db/sqlalchemy/enginefacade.py", line 835, in _session
[Tue Jun 09 22:36:04.496150 2026] [wsgi:error] [pid 12:tid 140521476675264] [remote 10.0.0.198:48352] 2026-06-09 22:36:04.476 12 ERROR keystone.server.flask.application self._end_session_transaction(self.session)
[Tue Jun 09 22:36:04.496153 2026] [wsgi:error] [pid 12:tid 140521476675264] [remote 10.0.0.198:48352] 2026-06-09 22:36:04.476 12 ERROR keystone.server.flask.application
File "/var/lib/openstack/lib/python3.12/site-packages/oslo_db/sqlalchemy/enginefacade.py", line 748, in _end_session_transaction
[Tue Jun 09 22:36:04.496155 2026] [wsgi:error] [pid 12:tid 140521476675264] [remote 10.0.0.198:48352] 2026-06-09 22:36:04.476 12 ERROR keystone.server.flask.application session.commit()
[Tue Jun 09 22:36:04.496158 2026] [wsgi:error] [pid 12:tid 140521476675264] [remote 10.0.0.198:48352] 2026-06-09 22:36:04.476 12 ERROR keystone.server.flask.application
File "/var/lib/openstack/lib/python3.12/site-packages/sqlalchemy/orm/session.py", line 2034, in commit
[Tue Jun 09 22:36:04.496160 2026] [wsgi:error] [pid 12:tid 140521476675264] [remote 10.0.0.198:48352] 2026-06-09 22:36:04.476 12 ERROR keystone.server.flask.application trans.commit(_to_root=True)
[Tue Jun 09 22:36:04.496162 2026] [wsgi:error] [pid 12:tid 140521476675264] [remote 10.0.0.198:48352] 2026-06-09 22:36:04.476 12 ERROR keystone.server.flask.application File "", line 2, in commit
[Tue Jun 09 22:36:04.496165 2026] [wsgi:error] [pid 12:tid 140521476675264] [remote 10.0.0.198:48352] 2026-06-09 22:36:04.476 12 ERROR keystone.server.flask.application
File "/var/lib/openstack/lib/python3.12/site-packages/sqlalchemy/orm/state_changes.py", line 137, in _go
[Tue Jun 09 22:36:04.496167 2026] [wsgi:error] [pid 12:tid 140521476675264] [remote 10.0.0.198:48352] 2026-06-09 22:36:04.476 12 ERROR keystone.server.flask.application ret_value = fn(self, *arg, **kw)
[Tue Jun 09 22:36:04.496169 2026] [wsgi:error] [pid 12:tid 140521476675264] [remote 10.0.0.198:48352] 2026-06-09 22:36:04.476 12 ERROR keystone.server.flask.application ^^^^^^^^^^^^^^^^^^^^
[Tue Jun 09 22:36:04.496172 2026] [wsgi:error] [pid 12:tid 140521476675264] [remote 10.0.0.198:48352] 2026-06-09 22:36:04.476 12 ERROR keystone.server.flask.application
File "/var/lib/openstack/lib/python3.12/site-packages/sqlalchemy/orm/session.py", line 1315, in commit
[Tue Jun 09 22:36:04.496175 2026] [wsgi:error] [pid 12:tid 140521476675264] [remote 10.0.0.198:48352] 2026-06-09 22:36:04.476 12 ERROR keystone.server.flask.application self._prepare_impl()
[Tue Jun 09 22:36:04.496178 2026] [wsgi:error] [pid 12:tid 140521476675264] [remote 10.0.0.198:48352] 2026-06-09 22:36:04.476 12 ERROR keystone.server.flask.application File "", line 2, in _prepare_impl
[Tue Jun 09 22:36:04.496181 2026] [wsgi:error] [pid 12:tid 140521476675264] [remote 10.0.0.198:48352] 2026-06-09 22:36:04.476 12 ERROR keystone.server.flask.application
File "/var/lib/openstack/lib/python3.12/site-packages/sqlalchemy/orm/state_changes.py", line 137, in _go
[Tue Jun 09 22:36:04.496184 2026] [wsgi:error] [pid 12:tid 140521476675264] [remote 10.0.0.198:48352] 2026-06-09 22:36:04.476 12 ERROR keystone.server.flask.application ret_value = fn(self, *arg, **kw)
[Tue Jun 09 22:36:04.496187 2026] [wsgi:error] [pid 12:tid 140521476675264] [remote 10.0.0.198:48352] 2026-06-09 22:36:04.476 12 ERROR keystone.server.flask.application ^^^^^^^^^^^^^^^^^^^^
[Tue Jun 09 22:36:04.496190 2026] [wsgi:error] [pid 12:tid 140521476675264] [remote 10.0.0.198:48352] 2026-06-09 22:36:04.476 12 ERROR keystone.server.flask.application
File "/var/lib/openstack/lib/python3.12/site-packages/sqlalchemy/orm/session.py", line 1290, in _prepare_impl
[Tue Jun 09 22:36:04.496192 2026] [wsgi:error] [pid 12:tid 140521476675264] [remote 10.0.0.198:48352] 2026-06-09 22:36:04.476 12 ERROR keystone.server.flask.application self.session.flush()
[Tue Jun 09 22:36:04.496194 2026] [wsgi:error] [pid 12:tid 140521476675264] [remote 10.0.0.198:48352] 2026-06-09 22:36:04.476 12 ERROR keystone.server.flask.application
File "/var/lib/openstack/lib/python3.12/site-packages/sqlalchemy/orm/session.py", line 4352, in flush
[Tue Jun 09 22:36:04.496197 2026] [wsgi:error] [pid 12:tid 140521476675264] [remote 10.0.0.198:48352] 2026-06-09 22:36:04.476 12 ERROR keystone.server.flask.application self._flush(objects)
[Tue Jun 09 22:36:04.496199 2026] [wsgi:error] [pid 12:tid 140521476675264] [remote 10.0.0.198:48352] 2026-06-09 22:36:04.476 12 ERROR keystone.server.flask.application
File "/var/lib/openstack/lib/python3.12/site-packages/sqlalchemy/orm/session.py", line 4487, in _flush
[Tue Jun 09 22:36:04.496202 2026] [wsgi:error] [pid 12:tid 140521476675264] [remote 10.0.0.198:48352] 2026-06-09 22:36:04.476 12 ERROR keystone.server.flask.application with util.safe_reraise():
[Tue Jun 09 22:36:04.496204 2026] [wsgi:error] [pid 12:tid 140521476675264] [remote 10.0.0.198:48352] 2026-06-09 22:36:04.476 12 ERROR keystone.server.flask.application
File "/var/lib/openstack/lib/python3.12/site-packages/sqlalchemy/util/langhelpers.py", line 122, in __exit__
[Tue Jun 09 22:36:04.496207 2026] [wsgi:error] [pid 12:tid 140521476675264] [remote 10.0.0.198:48352] 2026-06-09 22:36:04.476 12 ERROR keystone.server.flask.application raise exc_value.with_traceback(exc_tb)
[Tue Jun 09 22:36:04.496210 2026] [wsgi:error] [pid 12:tid 140521476675264] [remote 10.0.0.198:48352] 2026-06-09 22:36:04.476 12 ERROR keystone.server.flask.application
File "/var/lib/openstack/lib/python3.12/site-packages/sqlalchemy/orm/session.py", line 4448, in _flush
[Tue Jun 09 22:36:04.496213 2026] [wsgi:error] [pid 12:tid 140521476675264] [remote 10.0.0.198:48352] 2026-06-09 22:36:04.476 12 ERROR keystone.server.flask.application flush_context.execute()
[Tue Jun 09 22:36:04.496216 2026] [wsgi:error] [pid 12:tid 140521476675264] [remote 10.0.0.198:48352] 2026-06-09 22:36:04.476 12 ERROR keystone.server.flask.application
