May 06 15:11:57.354920 np0000172277 neutron-periodic-workers[105221]: DEBUG cotyledon.oslo_config_glue [-] network_log.rate_limit = 100 {{(pid=105221) log_opt_values /opt/stack/data/venv/lib/python3.12/site-packages/oslo_config/cfg.py:3006}}
May 06 15:11:57.354980 np0000172277 neutron-periodic-workers[105221]: DEBUG cotyledon.oslo_config_glue [-] database.asyncio_connection = **** {{(pid=105221) log_opt_values /opt/stack/data/venv/lib/python3.12/site-packages/oslo_config/cfg.py:3006}}
May 06 15:11:57.355048 np0000172277 neutron-periodic-workers[105221]: DEBUG cotyledon.oslo_config_glue [-] database.asyncio_slave_connection = **** {{(pid=105221) log_opt_values /opt/stack/data/venv/lib/python3.12/site-packages/oslo_config/cfg.py:3006}}
May 06 15:11:57.355147 np0000172277 neutron-periodic-workers[105221]: DEBUG cotyledon.oslo_config_glue [-] database.backend = sqlalchemy {{(pid=105221) log_opt_values /opt/stack/data/venv/lib/python3.12/site-packages/oslo_config/cfg.py:3006}}
May 06 15:11:57.355199 np0000172277 neutron-periodic-workers[105221]: DEBUG cotyledon.oslo_config_glue [-] database.connection = **** {{(pid=105221) log_opt_values /opt/stack/data/venv/lib/python3.12/site-packages/oslo_config/cfg.py:3006}}
May 06 15:11:57.355247 np0000172277 neutron-periodic-workers[105221]: DEBUG cotyledon.oslo_config_glue [-] database.connection_debug = 0 {{(pid=105221) log_opt_values /opt/stack/data/venv/lib/python3.12/site-packages/oslo_config/cfg.py:3006}}
May 06 15:11:57.355288 np0000172277 neutron-periodic-workers[105221]: DEBUG cotyledon.oslo_config_glue [-] database.connection_parameters = {{(pid=105221) log_opt_values /opt/stack/data/venv/lib/python3.12/site-packages/oslo_config/cfg.py:3006}}
May 06 15:11:57.355326 np0000172277 neutron-periodic-workers[105221]: DEBUG cotyledon.oslo_config_glue [-] database.connection_recycle_time = 3600 {{(pid=105221) log_opt_values /opt/stack/data/venv/lib/python3.12/site-packages/oslo_config/cfg.py:3006}}
May 06 15:11:57.355379 np0000172277 neutron-periodic-workers[105221]: DEBUG cotyledon.oslo_config_glue [-] database.connection_trace = False {{(pid=105221) log_opt_values /opt/stack/data/venv/lib/python3.12/site-packages/oslo_config/cfg.py:3006}}
May 06 15:11:57.355465 np0000172277 neutron-periodic-workers[105221]: DEBUG cotyledon.oslo_config_glue [-] database.db_inc_retry_interval = True {{(pid=105221) log_opt_values /opt/stack/data/venv/lib/python3.12/site-packages/oslo_config/cfg.py:3006}}
May 06 15:11:57.355504 np0000172277 neutron-periodic-workers[105221]: DEBUG cotyledon.oslo_config_glue [-] database.db_max_retries = 20 {{(pid=105221) log_opt_values /opt/stack/data/venv/lib/python3.12/site-packages/oslo_config/cfg.py:3006}}
May 06 15:11:57.355504 np0000172277 neutron-periodic-workers[105221]: DEBUG cotyledon.oslo_config_glue [-] database.db_max_retry_interval = 10 {{(pid=105221) log_opt_values /opt/stack/data/venv/lib/python3.12/site-packages/oslo_config/cfg.py:3006}}
May 06 15:11:57.355577 np0000172277 neutron-periodic-workers[105221]: DEBUG cotyledon.oslo_config_glue [-] database.db_retry_interval = 1 {{(pid=105221) log_opt_values /opt/stack/data/venv/lib/python3.12/site-packages/oslo_config/cfg.py:3006}}
May 06 15:11:57.355610 np0000172277 neutron-periodic-workers[105221]: DEBUG cotyledon.oslo_config_glue [-] database.max_overflow = 50 {{(pid=105221) log_opt_values /opt/stack/data/venv/lib/python3.12/site-packages/oslo_config/cfg.py:3006}}
May 06 15:11:57.355652 np0000172277 neutron-periodic-workers[105221]: DEBUG cotyledon.oslo_config_glue [-] database.max_pool_size = 5 {{(pid=105221) log_opt_values /opt/stack/data/venv/lib/python3.12/site-packages/oslo_config/cfg.py:3006}}
May 06 15:11:57.355685 np0000172277 neutron-periodic-workers[105221]: DEBUG cotyledon.oslo_config_glue [-] database.max_retries = 10 {{(pid=105221) log_opt_values /opt/stack/data/venv/lib/python3.12/site-packages/oslo_config/cfg.py:3006}}
May 06 15:11:57.355727 np0000172277 neutron-periodic-workers[105221]: DEBUG cotyledon.oslo_config_glue [-] database.mysql_sql_mode = TRADITIONAL {{(pid=105221) log_opt_values /opt/stack/data/venv/lib/python3.12/site-packages/oslo_config/cfg.py:3006}}
May 06 15:11:57.355760 np0000172277 neutron-periodic-workers[105221]: DEBUG cotyledon.oslo_config_glue [-] database.mysql_wsrep_sync_wait = None {{(pid=105221) log_opt_values /opt/stack/data/venv/lib/python3.12/site-packages/oslo_config/cfg.py:3006}}
May 06 15:11:57.355793 np0000172277 neutron-periodic-workers[105221]: DEBUG cotyledon.oslo_config_glue [-] database.pool_timeout = None {{(pid=105221) log_opt_values /opt/stack/data/venv/lib/python3.12/site-packages/oslo_config/cfg.py:3006}}
May 06 15:11:57.355828 np0000172277 neutron-periodic-workers[105221]: DEBUG cotyledon.oslo_config_glue [-] database.retry_interval = 10 {{(pid=105221) log_opt_values /opt/stack/data/venv/lib/python3.12/site-packages/oslo_config/cfg.py:3006}}
May 06 15:11:57.355932 np0000172277 neutron-periodic-workers[105221]: DEBUG cotyledon.oslo_config_glue [-] database.slave_connection = **** {{(pid=105221) log_opt_values /opt/stack/data/venv/lib/python3.12/site-packages/oslo_config/cfg.py:3006}}
May 06 15:11:57.355994 np0000172277 neutron-periodic-workers[105221]: DEBUG cotyledon.oslo_config_glue [-] database.sqlite_synchronous = True {{(pid=105221) log_opt_values /opt/stack/data/venv/lib/python3.12/site-packages/oslo_config/cfg.py:3006}}
May 06 15:11:57.356084 np0000172277 neutron-periodic-workers[105221]: DEBUG cotyledon.oslo_config_glue [-] database.synchronous_reader = True {{(pid=105221) log_opt_values /opt/stack/data/venv/lib/python3.12/site-packages/oslo_config/cfg.py:3006}}
May 06 15:11:57.356151 np0000172277 neutron-periodic-workers[105221]: DEBUG cotyledon.oslo_config_glue [-] database.use_db_reconnect = False {{(pid=105221) log_opt_values /opt/stack/data/venv/lib/python3.12/site-packages/oslo_config/cfg.py:3006}}
May 06 15:11:57.356338 np0000172277 neutron-periodic-workers[105221]: DEBUG cotyledon.oslo_config_glue [-] ovn.bfd_min_rx = 1000 {{(pid=105221) log_opt_values /opt/stack/data/venv/lib/python3.12/site-packages/oslo_config/cfg.py:3006}}
May 06 15:11:57.356371 np0000172277 neutron-periodic-workers[105221]: DEBUG cotyledon.oslo_config_glue [-] ovn.bfd_min_tx = 100 {{(pid=105221) log_opt_values /opt/stack/data/venv/lib/python3.12/site-packages/oslo_config/cfg.py:3006}}
May 06 15:11:57.356424 np0000172277 neutron-periodic-workers[105221]: DEBUG cotyledon.oslo_config_glue [-] ovn.bfd_mult = 3 {{(pid=105221) log_opt_values /opt/stack/data/venv/lib/python3.12/site-packages/oslo_config/cfg.py:3006}}
May 06 15:11:57.356490 np0000172277 neutron-periodic-workers[105221]: DEBUG cotyledon.oslo_config_glue [-] ovn.broadcast_arps_to_all_routers = True {{(pid=105221) log_opt_values /opt/stack/data/venv/lib/python3.12/site-packages/oslo_config/cfg.py:3006}}
May 06 15:11:57.356534 np0000172277 neutron-periodic-workers[105221]: DEBUG cotyledon.oslo_config_glue [-] ovn.dhcp_default_lease_time = 43200 {{(pid=105221) log_opt_values /opt/stack/data/venv/lib/python3.12/site-packages/oslo_config/cfg.py:3006}}
May 06 15:11:57.356562 np0000172277 neutron-periodic-workers[105221]: DEBUG cotyledon.oslo_config_glue [-] ovn.disable_ovn_dhcp_for_baremetal_ports = False {{(pid=105221) log_opt_values /opt/stack/data/venv/lib/python3.12/site-packages/oslo_config/cfg.py:3006}}
May 06 15:11:57.356603 np0000172277 neutron-periodic-workers[105221]: DEBUG cotyledon.oslo_config_glue [-] ovn.dns_records_ovn_owned = False {{(pid=105221) log_opt_values /opt/stack/data/venv/lib/python3.12/site-packages/oslo_config/cfg.py:3006}}
May 06 15:11:57.356652 np0000172277 neutron-periodic-workers[105221]: DEBUG cotyledon.oslo_config_glue [-] ovn.dns_servers = [] {{(pid=105221) log_opt_values /opt/stack/data/venv/lib/python3.12/site-packages/oslo_config/cfg.py:3006}}
May 06 15:11:57.356706 np0000172277 neutron-periodic-workers[105221]: DEBUG cotyledon.oslo_config_glue [-] ovn.enable_distributed_floating_ip = False {{(pid=105221) log_opt_values /opt/stack/data/venv/lib/python3.12/site-packages/oslo_config/cfg.py:3006}}
May 06 15:11:57.356737 np0000172277 neutron-periodic-workers[105221]: DEBUG cotyledon.oslo_config_glue [-] ovn.fdb_age_threshold = 300 {{(pid=105221) log_opt_values /opt/stack/data/venv/lib/python3.12/site-packages/oslo_config/cfg.py:3006}}
May 06 15:11:57.356779 np0000172277 neutron-periodic-workers[105221]: DEBUG cotyledon.oslo_config_glue [-] ovn.ha_failover_strategy = normal {{(pid=105221) log_opt_values /opt/stack/data/venv/lib/python3.12/site-packages/oslo_config/cfg.py:3006}}
May 06 15:11:57.356819 np0000172277 neutron-periodic-workers[105221]: DEBUG cotyledon.oslo_config_glue [-] ovn.live_migration_activation_strategy = rarp {{(pid=105221) log_opt_values /opt/stack/data/venv/lib/python3.12/site-packages/oslo_config/cfg.py:3006}}
May 06 15:11:57.356849 np0000172277 neutron-periodic-workers[105221]: DEBUG cotyledon.oslo_config_glue [-] ovn.localnet_learn_fdb = False {{(pid=105221) log_opt_values /opt/stack/data/venv/lib/python3.12/site-packages/oslo_config/cfg.py:3006}}
May 06 15:11:57.356888 np0000172277 neutron-periodic-workers[105221]: DEBUG cotyledon.oslo_config_glue [-] ovn.mac_binding_age_threshold = 300 {{(pid=105221) log_opt_values /opt/stack/data/venv/lib/python3.12/site-packages/oslo_config/cfg.py:3006}}
May 06 15:11:57.356918 np0000172277 neutron-periodic-workers[105221]: DEBUG cotyledon.oslo_config_glue [-] ovn.neutron_sync_mode = log {{(pid=105221) log_opt_values /opt/stack/data/venv/lib/python3.12/site-packages/oslo_config/cfg.py:3006}}
May 06 15:11:57.356962 np0000172277 neutron-periodic-workers[105221]: DEBUG cotyledon.oslo_config_glue [-] ovn.ovn_dhcp4_global_options = {} {{(pid=105221) log_opt_values /opt/stack/data/venv/lib/python3.12/site-packages/oslo_config/cfg.py:3006}}
May 06 15:11:57.357001 np0000172277 neutron-periodic-workers[105221]: DEBUG cotyledon.oslo_config_glue [-] ovn.ovn_dhcp6_global_options = {} {{(pid=105221) log_opt_values /opt/stack/data/venv/lib/python3.12/site-packages/oslo_config/cfg.py:3006}}
May 06 15:11:57.357055 np0000172277 neutron-periodic-workers[105221]: DEBUG cotyledon.oslo_config_glue [-] ovn.ovn_l3_scheduler = leastloaded {{(pid=105221) log_opt_values /opt/stack/data/venv/lib/python3.12/site-packages/oslo_config/cfg.py:3006}}
May 06 15:11:57.357100 np0000172277 neutron-periodic-workers[105221]: DEBUG cotyledon.oslo_config_glue [-] ovn.ovn_metadata_enabled = True {{(pid=105221) log_opt_values /opt/stack/data/venv/lib/python3.12/site-packages/oslo_config/cfg.py:3006}}
May 06 15:11:57.357161 np0000172277 neutron-periodic-workers[105221]: DEBUG cotyledon.oslo_config_glue [-] ovn.ovn_nb_ca_cert = /opt/stack/data/CA/int-ca/ca-chain.pem {{(pid=105221) log_opt_values /opt/stack/data/venv/lib/python3.12/site-packages/oslo_config/cfg.py:3006}}
May 06 15:11:57.357208 np0000172277 neutron-periodic-workers[105221]: DEBUG cotyledon.oslo_config_glue [-] ovn.ovn_nb_certificate = /opt/stack/data/CA/int-ca/devstack-cert.crt {{(pid=105221) log_opt_values /opt/stack/data/venv/lib/python3.12/site-packages/oslo_config/cfg.py:3006}}
May 06 15:11:57.357241 np0000172277 neutron-periodic-workers[105221]: DEBUG cotyledon.oslo_config_glue [-] ovn.ovn_nb_connection = ['ssl:199.204.45.138:6641'] {{(pid=105221) log_opt_values /opt/stack/data/venv/lib/python3.12/site-packages/oslo_config/cfg.py:3006}}
May 06 15:11:57.357280 np0000172277 neutron-periodic-workers[105221]: DEBUG cotyledon.oslo_config_glue [-] ovn.ovn_nb_private_key = /opt/stack/data/CA/int-ca/private/devstack-cert.key {{(pid=105221) log_opt_values /opt/stack/data/venv/lib/python3.12/site-packages/oslo_config/cfg.py:3006}}
May 06 15:11:57.357338 np0000172277 neutron-periodic-workers[105221]: DEBUG cotyledon.oslo_config_glue [-] ovn.ovn_router_indirect_snat = False {{(pid=105221) log_opt_values /opt/stack/data/venv/lib/python3.12/site-packages/oslo_config/cfg.py:3006}}
May 06 15:11:57.357376 np0000172277 neutron-periodic-workers[105221]: DEBUG cotyledon.oslo_config_glue [-] ovn.ovn_sb_ca_cert = /opt/stack/data/CA/int-ca/ca-chain.pem {{(pid=105221) log_opt_values /opt/stack/data/venv/lib/python3.12/site-packages/oslo_config/cfg.py:3006}}
May 06 15:11:57.357426 np0000172277 neutron-periodic-workers[105221]: DEBUG cotyledon.oslo_config_glue [-] ovn.ovn_sb_certificate = /opt/stack/data/CA/int-ca/devstack-cert.crt {{(pid=105221) log_opt_values /opt/stack/data/venv/lib/python3.12/site-packages/oslo_config/cfg.py:3006}}
May 06 15:11:57.357514 np0000172277 neutron-periodic-workers[105221]: DEBUG cotyledon.oslo_config_glue [-] ovn.ovn_sb_connection = ['ssl:199.204.45.138:6642'] {{(pid=105221) log_opt_values /opt/stack/data/venv/lib/python3.12/site-packages/oslo_config/cfg.py:3006}}
May 06 15:11:57.357561 np0000172277 neutron-periodic-workers[105221]: DEBUG cotyledon.oslo_config_glue [-] ovn.ovn_sb_private_key = /opt/stack/data/CA/int-ca/private/devstack-cert.key {{(pid=105221) log_opt_values /opt/stack/data/venv/lib/python3.12/site-packages/oslo_config/cfg.py:3006}}
May 06 15:11:57.357604 np0000172277 neutron-periodic-workers[105221]: DEBUG cotyledon.oslo_config_glue [-] ovn.ovs_create_tap = False {{(pid=105221) log_opt_values /opt/stack/data/venv/lib/python3.12/site-packages/oslo_config/cfg.py:3006}}
May 06 15:11:57.357637 np0000172277 neutron-periodic-workers[105221]: DEBUG cotyledon.oslo_config_glue [-] ovn.ovsdb_connection_timeout = 180 {{(pid=105221) log_opt_values /opt/stack/data/venv/lib/python3.12/site-packages/oslo_config/cfg.py:3006}}
May 06 15:11:57.357756 np0000172277 neutron-periodic-workers[105221]: DEBUG cotyledon.oslo_config_glue [-] ovn.ovsdb_log_level = INFO {{(pid=105221) log_opt_values /opt/stack/data/venv/lib/python3.12/site-packages/oslo_config/cfg.py:3006}}
May 06 15:11:57.357756 np0000172277 neutron-periodic-workers[105221]: DEBUG cotyledon.oslo_config_glue [-] ovn.ovsdb_probe_interval = 60000 {{(pid=105221) log_opt_values /opt/stack/data/venv/lib/python3.12/site-packages/oslo_config/cfg.py:3006}}
May 06 15:11:57.357756 np0000172277 neutron-periodic-workers[105221]: DEBUG cotyledon.oslo_config_glue [-] ovn.ovsdb_retry_max_interval = 180 {{(pid=105221) log_opt_values /opt/stack/data/venv/lib/python3.12/site-packages/oslo_config/cfg.py:3006}}
May 06 15:11:57.357846 np0000172277 neutron-periodic-workers[105221]: DEBUG cotyledon.oslo_config_glue [-] ovn.stateless_nat_enabled = False {{(pid=105221) log_opt_values /opt/stack/data/venv/lib/python3.12/site-packages/oslo_config/cfg.py:3006}}
May 06 15:11:57.357846 np0000172277 neutron-periodic-workers[105221]: DEBUG cotyledon.oslo_config_glue [-] ovn.vhost_sock_dir = /var/run/openvswitch {{(pid=105221) log_opt_values /opt/stack/data/venv/lib/python3.12/site-packages/oslo_config/cfg.py:3006}}
May 06 15:11:57.357899 np0000172277 neutron-periodic-workers[105221]: DEBUG cotyledon.oslo_config_glue [-] OVS.bridge_mac_table_size = 50000 {{(pid=105221) log_opt_values /opt/stack/data/venv/lib/python3.12/site-packages/oslo_config/cfg.py:3006}}
May 06 15:11:57.357939 np0000172277 neutron-periodic-workers[105221]: DEBUG cotyledon.oslo_config_glue [-] OVS.igmp_flood = False {{(pid=105221) log_opt_values /opt/stack/data/venv/lib/python3.12/site-packages/oslo_config/cfg.py:3006}}
May 06 15:11:57.357970 np0000172277 neutron-periodic-workers[105221]: DEBUG cotyledon.oslo_config_glue [-] OVS.igmp_flood_reports = True {{(pid=105221) log_opt_values /opt/stack/data/venv/lib/python3.12/site-packages/oslo_config/cfg.py:3006}}
May 06 15:11:57.358000 np0000172277 neutron-periodic-workers[105221]: DEBUG cotyledon.oslo_config_glue [-] OVS.igmp_flood_unregistered = False {{(pid=105221) log_opt_values /opt/stack/data/venv/lib/python3.12/site-packages/oslo_config/cfg.py:3006}}
May 06 15:11:57.358054 np0000172277 neutron-periodic-workers[105221]: DEBUG cotyledon.oslo_config_glue [-] OVS.igmp_snooping_enable = False {{(pid=105221) log_opt_values /opt/stack/data/venv/lib/python3.12/site-packages/oslo_config/cfg.py:3006}}
May 06 15:11:57.358165 np0000172277 neutron-periodic-workers[105221]: DEBUG cotyledon.oslo_config_glue [-] OVS.ovsdb_timeout = 10 {{(pid=105221) log_opt_values /opt/stack/data/venv/lib/python3.12/site-packages/oslo_config/cfg.py:3006}}
May 06 15:11:57.358251 np0000172277 neutron-periodic-workers[105221]: DEBUG cotyledon.oslo_config_glue [-] ovn_nb_global.fdb_removal_limit = 0 {{(pid=105221) log_opt_values /opt/stack/data/venv/lib/python3.12/site-packages/oslo_config/cfg.py:3006}}
May 06 15:11:57.358320 np0000172277 neutron-periodic-workers[105221]: DEBUG cotyledon.oslo_config_glue [-] ovn_nb_global.ignore_lsp_down = False {{(pid=105221) log_opt_values /opt/stack/data/venv/lib/python3.12/site-packages/oslo_config/cfg.py:3006}}
May 06 15:11:57.358399 np0000172277 neutron-periodic-workers[105221]: DEBUG cotyledon.oslo_config_glue [-] ovn_nb_global.mac_binding_removal_limit = 0 {{(pid=105221) log_opt_values /opt/stack/data/venv/lib/python3.12/site-packages/oslo_config/cfg.py:3006}}
May 06 15:11:57.358475 np0000172277 neutron-periodic-workers[105221]: DEBUG cotyledon.oslo_config_glue [-] ******************************************************************************** {{(pid=105221) log_opt_values /opt/stack/data/venv/lib/python3.12/site-packages/oslo_config/cfg.py:3013}}
May 06 15:11:57.359099 np0000172277 neutron-periodic-workers[105221]: DEBUG cotyledon._service_worker [-] Run service ServiceWrapper(0) [105221] {{(pid=105221) wait_forever /opt/stack/data/venv/lib/python3.12/site-packages/cotyledon/_service_worker.py:218}}
May 06 15:12:00.314971 np0000172277 neutron-periodic-workers[105195]: DEBUG oslo_db.sqlalchemy.engines [None req-64f62709-80c3-483a-9605-4419473147e8 None None] Parent process 104380 forked (105195) with an open database connection, which is being discarded and recreated. {{(pid=105195) checkout /opt/stack/data/venv/lib/python3.12/site-packages/oslo_db/sqlalchemy/engines.py:402}}
May 06 15:12:00.339131 np0000172277 neutron-periodic-workers[105195]: DEBUG dbcounter [-] [105195] Writer thread running {{(pid=105195) stat_writer /opt/stack/data/venv/lib/python3.12/site-packages/dbcounter.py:102}}
May 06 15:12:00.368523 np0000172277 neutron-periodic-workers[105195]: DEBUG oslo.service.backend._threading.loopingcall [None req-64f62709-80c3-483a-9605-4419473147e8 None None] Fixed interval looping call 'neutron.services.ovn_l3.plugin.L3_NAT_dbonly_mixin._clean_garbage' sleeping for 299.94 seconds {{(pid=105195) _run_loop /opt/stack/data/venv/lib/python3.12/site-packages/oslo_service/backend/_threading/loopingcall.py:125}}
May 06 15:12:06.978680 np0000172277 neutron-periodic-workers[104380]: DEBUG dbcounter [-] [104380] Writing DB stats neutron:SELECT=4 {{(pid=104380) stat_writer /opt/stack/data/venv/lib/python3.12/site-packages/dbcounter.py:115}}
May 06 15:12:10.340215 np0000172277 neutron-periodic-workers[105195]: DEBUG dbcounter [-] [105195] Writing DB stats neutron:SELECT=1 {{(pid=105195) stat_writer /opt/stack/data/venv/lib/python3.12/site-packages/dbcounter.py:115}}
May 06 15:12:56.373283 np0000172277 neutron-periodic-workers[105214]: DEBUG dbcounter [-] [105214] Writer thread running {{(pid=105214) stat_writer /opt/stack/data/venv/lib/python3.12/site-packages/dbcounter.py:102}}
May 06 15:12:56.377869 np0000172277 neutron-periodic-workers[105214]: DEBUG neutron.db.agents_db [None req-9fb3838a-1b21-4321-8f7d-a2a555852e6e None None] Agent healthcheck: found 0 active agents {{(pid=105214) agent_health_check /opt/stack/neutron/neutron/db/agents_db.py:322}}
May 06 15:12:56.378037 np0000172277 neutron-periodic-workers[105214]: DEBUG oslo.service.backend._threading.loopingcall [None req-9fb3838a-1b21-4321-8f7d-a2a555852e6e None None] Fixed interval looping call 'neutron.plugins.ml2.plugin.AgentDbMixin.agent_health_check' sleeping for 36.97 seconds {{(pid=105214) _run_loop /opt/stack/data/venv/lib/python3.12/site-packages/oslo_service/backend/_threading/loopingcall.py:125}}
May 06 15:12:59.345700 np0000172277 neutron-periodic-workers[105206]: DEBUG dbcounter [-] [105206] Writer thread running {{(pid=105206) stat_writer /opt/stack/data/venv/lib/python3.12/site-packages/dbcounter.py:102}}
May 06 15:12:59.384037 np0000172277 neutron-periodic-workers[105206]: DEBUG oslo.service.backend._threading.loopingcall [None req-49b73e24-df9e-41c7-a7f6-612c3ed5a595 None None] Fixed interval looping call 'neutron.plugins.ml2.plugin.DhcpAgentSchedulerDbMixin.remove_networks_from_down_agents' sleeping for 36.94 seconds {{(pid=105206) _run_loop /opt/stack/data/venv/lib/python3.12/site-packages/oslo_service/backend/_threading/loopingcall.py:125}}
May 06 15:13:06.373801 np0000172277 neutron-periodic-workers[105214]: DEBUG dbcounter [-] [105214] Writing DB stats neutron:SELECT=1 {{(pid=105214) stat_writer /opt/stack/data/venv/lib/python3.12/site-packages/dbcounter.py:115}}
May 06 15:13:09.382238 np0000172277 neutron-periodic-workers[105206]: DEBUG dbcounter [-] [105206] Writing DB stats neutron:SELECT=3 {{(pid=105206) stat_writer /opt/stack/data/venv/lib/python3.12/site-packages/dbcounter.py:115}}
May 06 15:13:33.362311 np0000172277 neutron-periodic-workers[105214]: DEBUG neutron.db.agents_db [None req-9fb3838a-1b21-4321-8f7d-a2a555852e6e None None] Agent healthcheck: found 0 active agents {{(pid=105214) agent_health_check /opt/stack/neutron/neutron/db/agents_db.py:322}}
May 06 15:13:33.362939 np0000172277 neutron-periodic-workers[105214]: DEBUG oslo.service.backend._threading.loopingcall [None req-9fb3838a-1b21-4321-8f7d-a2a555852e6e None None] Fixed interval looping call 'neutron.plugins.ml2.plugin.AgentDbMixin.agent_health_check' sleeping for 36.99 seconds {{(pid=105214) _run_loop /opt/stack/data/venv/lib/python3.12/site-packages/oslo_service/backend/_threading/loopingcall.py:125}}
May 06 15:13:38.850928 np0000172277 neutron-periodic-workers[105206]: DEBUG oslo.service.backend._threading.loopingcall [None req-49b73e24-df9e-41c7-a7f6-612c3ed5a595 None None] Fixed interval looping call 'neutron.plugins.ml2.plugin.DhcpAgentSchedulerDbMixin.remove_networks_from_down_agents' sleeping for 34.47 seconds {{(pid=105206) _run_loop /opt/stack/data/venv/lib/python3.12/site-packages/oslo_service/backend/_threading/loopingcall.py:125}}
May 06 15:13:43.362543 np0000172277 neutron-periodic-workers[105214]: DEBUG dbcounter [-] [105214] Writing DB stats neutron:SELECT=1 {{(pid=105214) stat_writer /opt/stack/data/venv/lib/python3.12/site-packages/dbcounter.py:115}}
May 06 15:13:48.033699 np0000172277 neutron-periodic-workers[105206]: DEBUG dbcounter [-] [105206] Writing DB stats neutron:SELECT=3 {{(pid=105206) stat_writer /opt/stack/data/venv/lib/python3.12/site-packages/dbcounter.py:115}}
May 06 15:13:57.375945 np0000172277 neutron-periodic-workers[105221]: DEBUG dbcounter [-] [105221] Writer thread running {{(pid=105221) stat_writer /opt/stack/data/venv/lib/python3.12/site-packages/dbcounter.py:102}}
May 06 15:13:57.377531 np0000172277 neutron-periodic-workers[105221]: DEBUG oslo.service.backend._threading.loopingcall [None req-51054ccb-950f-43b1-b0d2-a194cb887f8e None None] Fixed interval looping call 'neutron.db.quota.driver_nolock.DbQuotaNoLockDriver._remove_expired_reservations' sleeping for 119.98 seconds {{(pid=105221) _run_loop /opt/stack/data/venv/lib/python3.12/site-packages/oslo_service/backend/_threading/loopingcall.py:125}}
May 06 15:14:07.376549 np0000172277 neutron-periodic-workers[105221]: DEBUG dbcounter [-] [105221] Writing DB stats neutron:DELETE=1 {{(pid=105221) stat_writer /opt/stack/data/venv/lib/python3.12/site-packages/dbcounter.py:115}}
May 06 15:14:10.358422 np0000172277 neutron-periodic-workers[105214]: DEBUG neutron.db.agents_db [None req-9fb3838a-1b21-4321-8f7d-a2a555852e6e None None] Agent healthcheck: found 0 active agents {{(pid=105214) agent_health_check /opt/stack/neutron/neutron/db/agents_db.py:322}}
May 06 15:14:10.359244 np0000172277 neutron-periodic-workers[105214]: DEBUG oslo.service.backend._threading.loopingcall [None req-9fb3838a-1b21-4321-8f7d-a2a555852e6e None None] Fixed interval looping call 'neutron.plugins.ml2.plugin.AgentDbMixin.agent_health_check' sleeping for 36.99 seconds {{(pid=105214) _run_loop /opt/stack/data/venv/lib/python3.12/site-packages/oslo_service/backend/_threading/loopingcall.py:125}}
May 06 15:14:13.331684 np0000172277 neutron-periodic-workers[105206]: DEBUG oslo.service.backend._threading.loopingcall [None req-49b73e24-df9e-41c7-a7f6-612c3ed5a595 None None] Fixed interval looping call 'neutron.plugins.ml2.plugin.DhcpAgentSchedulerDbMixin.remove_networks_from_down_agents' sleeping for 36.99 seconds {{(pid=105206) _run_loop /opt/stack/data/venv/lib/python3.12/site-packages/oslo_service/backend/_threading/loopingcall.py:125}}
May 06 15:14:20.356452 np0000172277 neutron-periodic-workers[105214]: DEBUG dbcounter [-] [105214] Writing DB stats neutron:SELECT=1 {{(pid=105214) stat_writer /opt/stack/data/venv/lib/python3.12/site-packages/dbcounter.py:115}}
May 06 15:14:23.330104 np0000172277 neutron-periodic-workers[105206]: DEBUG dbcounter [-] [105206] Writing DB stats neutron:SELECT=3 {{(pid=105206) stat_writer /opt/stack/data/venv/lib/python3.12/site-packages/dbcounter.py:115}}
May 06 15:14:47.355635 np0000172277 neutron-periodic-workers[105214]: DEBUG neutron.db.agents_db [None req-9fb3838a-1b21-4321-8f7d-a2a555852e6e None None] Agent healthcheck: found 0 active agents {{(pid=105214) agent_health_check /opt/stack/neutron/neutron/db/agents_db.py:322}}
May 06 15:14:47.355635 np0000172277 neutron-periodic-workers[105214]: DEBUG oslo.service.backend._threading.loopingcall [None req-9fb3838a-1b21-4321-8f7d-a2a555852e6e None None] Fixed interval looping call 'neutron.plugins.ml2.plugin.AgentDbMixin.agent_health_check' sleeping for 36.99 seconds {{(pid=105214) _run_loop /opt/stack/data/venv/lib/python3.12/site-packages/oslo_service/backend/_threading/loopingcall.py:125}}
May 06 15:14:50.333428 np0000172277 neutron-periodic-workers[105206]: DEBUG oslo.service.backend._threading.loopingcall [None req-49b73e24-df9e-41c7-a7f6-612c3ed5a595 None None] Fixed interval looping call 'neutron.plugins.ml2.plugin.DhcpAgentSchedulerDbMixin.remove_networks_from_down_agents' sleeping for 36.99 seconds {{(pid=105206) _run_loop /opt/stack/data/venv/lib/python3.12/site-packages/oslo_service/backend/_threading/loopingcall.py:125}}
May 06 15:14:57.353678 np0000172277 neutron-periodic-workers[105214]: DEBUG dbcounter [-] [105214] Writing DB stats neutron:SELECT=1 {{(pid=105214) stat_writer /opt/stack/data/venv/lib/python3.12/site-packages/dbcounter.py:115}}
May 06 15:15:00.331933 np0000172277 neutron-periodic-workers[105206]: DEBUG dbcounter [-] [105206] Writing DB stats neutron:SELECT=3 {{(pid=105206) stat_writer /opt/stack/data/venv/lib/python3.12/site-packages/dbcounter.py:115}}
May 06 15:15:24.352513 np0000172277 neutron-periodic-workers[105214]: DEBUG neutron.db.agents_db [None req-9fb3838a-1b21-4321-8f7d-a2a555852e6e None None] Agent healthcheck: found 0 active agents {{(pid=105214) agent_health_check /opt/stack/neutron/neutron/db/agents_db.py:322}}
May 06 15:15:24.353450 np0000172277 neutron-periodic-workers[105214]: DEBUG oslo.service.backend._threading.loopingcall [None req-9fb3838a-1b21-4321-8f7d-a2a555852e6e None None] Fixed interval looping call 'neutron.plugins.ml2.plugin.AgentDbMixin.agent_health_check' sleeping for 36.99 seconds {{(pid=105214) _run_loop /opt/stack/data/venv/lib/python3.12/site-packages/oslo_service/backend/_threading/loopingcall.py:125}}
May 06 15:15:27.333653 np0000172277 neutron-periodic-workers[105206]: DEBUG oslo.service.backend._threading.loopingcall [None req-49b73e24-df9e-41c7-a7f6-612c3ed5a595 None None] Fixed interval looping call 'neutron.plugins.ml2.plugin.DhcpAgentSchedulerDbMixin.remove_networks_from_down_agents' sleeping for 36.99 seconds {{(pid=105206) _run_loop /opt/stack/data/venv/lib/python3.12/site-packages/oslo_service/backend/_threading/loopingcall.py:125}}
May 06 15:15:34.349385 np0000172277 neutron-periodic-workers[105214]: DEBUG dbcounter [-] [105214] Writing DB stats neutron:SELECT=1 {{(pid=105214) stat_writer /opt/stack/data/venv/lib/python3.12/site-packages/dbcounter.py:115}}
May 06 15:15:37.332034 np0000172277 neutron-periodic-workers[105206]: DEBUG dbcounter [-] [105206] Writing DB stats neutron:SELECT=3 {{(pid=105206) stat_writer /opt/stack/data/venv/lib/python3.12/site-packages/dbcounter.py:115}}
May 06 15:15:57.362114 np0000172277 neutron-periodic-workers[105221]: DEBUG oslo.service.backend._threading.loopingcall [None req-51054ccb-950f-43b1-b0d2-a194cb887f8e None None] Fixed interval looping call 'neutron.db.quota.driver_nolock.DbQuotaNoLockDriver._remove_expired_reservations' sleeping for 120.00 seconds {{(pid=105221) _run_loop /opt/stack/data/venv/lib/python3.12/site-packages/oslo_service/backend/_threading/loopingcall.py:125}}
May 06 15:16:01.346638 np0000172277 neutron-periodic-workers[105214]: DEBUG neutron.db.agents_db [None req-9fb3838a-1b21-4321-8f7d-a2a555852e6e None None] Agent healthcheck: found 0 active agents {{(pid=105214) agent_health_check /opt/stack/neutron/neutron/db/agents_db.py:322}}
May 06 15:16:01.347153 np0000172277 neutron-periodic-workers[105214]: DEBUG oslo.service.backend._threading.loopingcall [None req-9fb3838a-1b21-4321-8f7d-a2a555852e6e None None] Fixed interval looping call 'neutron.plugins.ml2.plugin.AgentDbMixin.agent_health_check' sleeping for 37.00 seconds {{(pid=105214) _run_loop /opt/stack/data/venv/lib/python3.12/site-packages/oslo_service/backend/_threading/loopingcall.py:125}}
May 06 15:16:04.332490 np0000172277 neutron-periodic-workers[105206]: DEBUG oslo.service.backend._threading.loopingcall [None req-49b73e24-df9e-41c7-a7f6-612c3ed5a595 None None] Fixed interval looping call 'neutron.plugins.ml2.plugin.DhcpAgentSchedulerDbMixin.remove_networks_from_down_agents' sleeping for 36.99 seconds {{(pid=105206) _run_loop /opt/stack/data/venv/lib/python3.12/site-packages/oslo_service/backend/_threading/loopingcall.py:125}}
May 06 15:16:07.361234 np0000172277 neutron-periodic-workers[105221]: DEBUG dbcounter [-] [105221] Writing DB stats neutron:DELETE=1 {{(pid=105221) stat_writer /opt/stack/data/venv/lib/python3.12/site-packages/dbcounter.py:115}}
May 06 15:16:11.345794 np0000172277 neutron-periodic-workers[105214]: DEBUG dbcounter [-] [105214] Writing DB stats neutron:SELECT=1 {{(pid=105214) stat_writer /opt/stack/data/venv/lib/python3.12/site-packages/dbcounter.py:115}}
May 06 15:16:14.331581 np0000172277 neutron-periodic-workers[105206]: DEBUG dbcounter [-] [105206] Writing DB stats neutron:SELECT=3 {{(pid=105206) stat_writer /opt/stack/data/venv/lib/python3.12/site-packages/dbcounter.py:115}}
May 06 15:16:38.352355 np0000172277 neutron-periodic-workers[105214]: DEBUG neutron.db.agents_db [None req-9fb3838a-1b21-4321-8f7d-a2a555852e6e None None] Agent healthcheck: found 0 active agents {{(pid=105214) agent_health_check /opt/stack/neutron/neutron/db/agents_db.py:322}}
May 06 15:16:38.352598 np0000172277 neutron-periodic-workers[105214]: DEBUG oslo.service.backend._threading.loopingcall [None req-9fb3838a-1b21-4321-8f7d-a2a555852e6e None None] Fixed interval looping call 'neutron.plugins.ml2.plugin.AgentDbMixin.agent_health_check' sleeping for 36.99 seconds {{(pid=105214) _run_loop /opt/stack/data/venv/lib/python3.12/site-packages/oslo_service/backend/_threading/loopingcall.py:125}}
May 06 15:16:41.330993 np0000172277 neutron-periodic-workers[105206]: DEBUG oslo.service.backend._threading.loopingcall [None req-49b73e24-df9e-41c7-a7f6-612c3ed5a595 None None] Fixed interval looping call 'neutron.plugins.ml2.plugin.DhcpAgentSchedulerDbMixin.remove_networks_from_down_agents' sleeping for 36.99 seconds {{(pid=105206) _run_loop /opt/stack/data/venv/lib/python3.12/site-packages/oslo_service/backend/_threading/loopingcall.py:125}}
May 06 15:16:48.351139 np0000172277 neutron-periodic-workers[105214]: DEBUG dbcounter [-] [105214] Writing DB stats neutron:SELECT=1 {{(pid=105214) stat_writer /opt/stack/data/venv/lib/python3.12/site-packages/dbcounter.py:115}}
May 06 15:16:51.329985 np0000172277 neutron-periodic-workers[105206]: DEBUG dbcounter [-] [105206] Writing DB stats neutron:SELECT=3 {{(pid=105206) stat_writer /opt/stack/data/venv/lib/python3.12/site-packages/dbcounter.py:115}}
May 06 15:17:00.320322 np0000172277 neutron-periodic-workers[105195]: DEBUG oslo.service.backend._threading.loopingcall [None req-64f62709-80c3-483a-9605-4419473147e8 None None] Fixed interval looping call 'neutron.services.ovn_l3.plugin.L3_NAT_dbonly_mixin._clean_garbage' sleeping for 299.99 seconds {{(pid=105195) _run_loop /opt/stack/data/venv/lib/python3.12/site-packages/oslo_service/backend/_threading/loopingcall.py:125}}
May 06 15:17:10.312334 np0000172277 neutron-periodic-workers[105195]: DEBUG dbcounter [-] [105195] Writing DB stats neutron:SELECT=1 {{(pid=105195) stat_writer /opt/stack/data/venv/lib/python3.12/site-packages/dbcounter.py:115}}
May 06 15:17:15.345535 np0000172277 neutron-periodic-workers[105214]: DEBUG neutron.db.agents_db [None req-9fb3838a-1b21-4321-8f7d-a2a555852e6e None None] Agent healthcheck: found 0 active agents {{(pid=105214) agent_health_check /opt/stack/neutron/neutron/db/agents_db.py:322}}
May 06 15:17:15.346139 np0000172277 neutron-periodic-workers[105214]: DEBUG oslo.service.backend._threading.loopingcall [None req-9fb3838a-1b21-4321-8f7d-a2a555852e6e None None] Fixed interval looping call 'neutron.plugins.ml2.plugin.AgentDbMixin.agent_health_check' sleeping for 37.00 seconds {{(pid=105214) _run_loop /opt/stack/data/venv/lib/python3.12/site-packages/oslo_service/backend/_threading/loopingcall.py:125}}
May 06 15:17:18.331337 np0000172277 neutron-periodic-workers[105206]: DEBUG oslo.service.backend._threading.loopingcall [None req-49b73e24-df9e-41c7-a7f6-612c3ed5a595 None None] Fixed interval looping call 'neutron.plugins.ml2.plugin.DhcpAgentSchedulerDbMixin.remove_networks_from_down_agents' sleeping for 36.99 seconds {{(pid=105206) _run_loop /opt/stack/data/venv/lib/python3.12/site-packages/oslo_service/backend/_threading/loopingcall.py:125}}
May 06 15:17:25.344924 np0000172277 neutron-periodic-workers[105214]: DEBUG dbcounter [-] [105214] Writing DB stats neutron:SELECT=1 {{(pid=105214) stat_writer /opt/stack/data/venv/lib/python3.12/site-packages/dbcounter.py:115}}
May 06 15:17:28.329676 np0000172277 neutron-periodic-workers[105206]: DEBUG dbcounter [-] [105206] Writing DB stats neutron:SELECT=3 {{(pid=105206) stat_writer /opt/stack/data/venv/lib/python3.12/site-packages/dbcounter.py:115}}
May 06 15:17:52.858209 np0000172277 neutron-periodic-workers[105214]: DEBUG neutron.db.agents_db [None req-9fb3838a-1b21-4321-8f7d-a2a555852e6e None None] Agent healthcheck: found 0 active agents {{(pid=105214) agent_health_check /opt/stack/neutron/neutron/db/agents_db.py:322}}
May 06 15:17:52.858989 np0000172277 neutron-periodic-workers[105214]: DEBUG oslo.service.backend._threading.loopingcall [None req-9fb3838a-1b21-4321-8f7d-a2a555852e6e None None] Fixed interval looping call 'neutron.plugins.ml2.plugin.AgentDbMixin.agent_health_check' sleeping for 36.49 seconds {{(pid=105214) _run_loop /opt/stack/data/venv/lib/python3.12/site-packages/oslo_service/backend/_threading/loopingcall.py:125}}
May 06 15:17:55.329106 np0000172277 neutron-periodic-workers[105206]: DEBUG oslo.service.backend._threading.loopingcall [None req-49b73e24-df9e-41c7-a7f6-612c3ed5a595 None None] Fixed interval looping call 'neutron.plugins.ml2.plugin.DhcpAgentSchedulerDbMixin.remove_networks_from_down_agents' sleeping for 36.99 seconds {{(pid=105206) _run_loop /opt/stack/data/venv/lib/python3.12/site-packages/oslo_service/backend/_threading/loopingcall.py:125}}
May 06 15:17:58.200736 np0000172277 neutron-periodic-workers[105221]: DEBUG oslo.service.backend._threading.loopingcall [None req-51054ccb-950f-43b1-b0d2-a194cb887f8e None None] Fixed interval looping call 'neutron.db.quota.driver_nolock.DbQuotaNoLockDriver._remove_expired_reservations' sleeping for 120.00 seconds {{(pid=105221) _run_loop /opt/stack/data/venv/lib/python3.12/site-packages/oslo_service/backend/_threading/loopingcall.py:125}}
May 06 15:18:02.348732 np0000172277 neutron-periodic-workers[105214]: DEBUG dbcounter [-] [105214] Writing DB stats neutron:SELECT=1 {{(pid=105214) stat_writer /opt/stack/data/venv/lib/python3.12/site-packages/dbcounter.py:115}}
May 06 15:18:05.328373 np0000172277 neutron-periodic-workers[105206]: DEBUG dbcounter [-] [105206] Writing DB stats neutron:SELECT=3 {{(pid=105206) stat_writer /opt/stack/data/venv/lib/python3.12/site-packages/dbcounter.py:115}}
May 06 15:18:07.372512 np0000172277 neutron-periodic-workers[105221]: DEBUG dbcounter [-] [105221] Writing DB stats neutron:DELETE=1 {{(pid=105221) stat_writer /opt/stack/data/venv/lib/python3.12/site-packages/dbcounter.py:115}}
May 06 15:18:29.353974 np0000172277 neutron-periodic-workers[105214]: DEBUG neutron.db.agents_db [None req-9fb3838a-1b21-4321-8f7d-a2a555852e6e None None] Agent healthcheck: found 0 active agents {{(pid=105214) agent_health_check /opt/stack/neutron/neutron/db/agents_db.py:322}}
May 06 15:18:29.354795 np0000172277 neutron-periodic-workers[105214]: DEBUG oslo.service.backend._threading.loopingcall [None req-9fb3838a-1b21-4321-8f7d-a2a555852e6e None None] Fixed interval looping call 'neutron.plugins.ml2.plugin.AgentDbMixin.agent_health_check' sleeping for 36.99 seconds {{(pid=105214) _run_loop /opt/stack/data/venv/lib/python3.12/site-packages/oslo_service/backend/_threading/loopingcall.py:125}}
May 06 15:18:32.327029 np0000172277 neutron-periodic-workers[105206]: DEBUG oslo.service.backend._threading.loopingcall [None req-49b73e24-df9e-41c7-a7f6-612c3ed5a595 None None] Fixed interval looping call 'neutron.plugins.ml2.plugin.DhcpAgentSchedulerDbMixin.remove_networks_from_down_agents' sleeping for 36.99 seconds {{(pid=105206) _run_loop /opt/stack/data/venv/lib/python3.12/site-packages/oslo_service/backend/_threading/loopingcall.py:125}}
May 06 15:18:39.351936 np0000172277 neutron-periodic-workers[105214]: DEBUG dbcounter [-] [105214] Writing DB stats neutron:SELECT=1 {{(pid=105214) stat_writer /opt/stack/data/venv/lib/python3.12/site-packages/dbcounter.py:115}}
May 06 15:18:42.326292 np0000172277 neutron-periodic-workers[105206]: DEBUG dbcounter [-] [105206] Writing DB stats neutron:SELECT=3 {{(pid=105206) stat_writer /opt/stack/data/venv/lib/python3.12/site-packages/dbcounter.py:115}}
May 06 15:19:06.349945 np0000172277 neutron-periodic-workers[105214]: DEBUG neutron.db.agents_db [None req-9fb3838a-1b21-4321-8f7d-a2a555852e6e None None] Agent healthcheck: found 0 active agents {{(pid=105214) agent_health_check /opt/stack/neutron/neutron/db/agents_db.py:322}}
May 06 15:19:06.350791 np0000172277 neutron-periodic-workers[105214]: DEBUG oslo.service.backend._threading.loopingcall [None req-9fb3838a-1b21-4321-8f7d-a2a555852e6e None None] Fixed interval looping call 'neutron.plugins.ml2.plugin.AgentDbMixin.agent_health_check' sleeping for 36.99 seconds {{(pid=105214) _run_loop /opt/stack/data/venv/lib/python3.12/site-packages/oslo_service/backend/_threading/loopingcall.py:125}}
May 06 15:19:09.326745 np0000172277 neutron-periodic-workers[105206]: DEBUG oslo.service.backend._threading.loopingcall [None req-49b73e24-df9e-41c7-a7f6-612c3ed5a595 None None] Fixed interval looping call 'neutron.plugins.ml2.plugin.DhcpAgentSchedulerDbMixin.remove_networks_from_down_agents' sleeping for 36.99 seconds {{(pid=105206) _run_loop /opt/stack/data/venv/lib/python3.12/site-packages/oslo_service/backend/_threading/loopingcall.py:125}}
May 06 15:19:16.348378 np0000172277 neutron-periodic-workers[105214]: DEBUG dbcounter [-] [105214] Writing DB stats neutron:SELECT=1 {{(pid=105214) stat_writer /opt/stack/data/venv/lib/python3.12/site-packages/dbcounter.py:115}}
May 06 15:19:19.326303 np0000172277 neutron-periodic-workers[105206]: DEBUG dbcounter [-] [105206] Writing DB stats neutron:SELECT=3 {{(pid=105206) stat_writer /opt/stack/data/venv/lib/python3.12/site-packages/dbcounter.py:115}}
May 06 15:19:43.345390 np0000172277 neutron-periodic-workers[105214]: DEBUG neutron.db.agents_db [None req-9fb3838a-1b21-4321-8f7d-a2a555852e6e None None] Agent healthcheck: found 0 active agents {{(pid=105214) agent_health_check /opt/stack/neutron/neutron/db/agents_db.py:322}}
May 06 15:19:43.345972 np0000172277 neutron-periodic-workers[105214]: DEBUG oslo.service.backend._threading.loopingcall [None req-9fb3838a-1b21-4321-8f7d-a2a555852e6e None None] Fixed interval looping call 'neutron.plugins.ml2.plugin.AgentDbMixin.agent_health_check' sleeping for 36.99 seconds {{(pid=105214) _run_loop /opt/stack/data/venv/lib/python3.12/site-packages/oslo_service/backend/_threading/loopingcall.py:125}}
May 06 15:19:46.325987 np0000172277 neutron-periodic-workers[105206]: DEBUG oslo.service.backend._threading.loopingcall [None req-49b73e24-df9e-41c7-a7f6-612c3ed5a595 None None] Fixed interval looping call 'neutron.plugins.ml2.plugin.DhcpAgentSchedulerDbMixin.remove_networks_from_down_agents' sleeping for 36.99 seconds {{(pid=105206) _run_loop /opt/stack/data/venv/lib/python3.12/site-packages/oslo_service/backend/_threading/loopingcall.py:125}}
May 06 15:19:53.343769 np0000172277 neutron-periodic-workers[105214]: DEBUG dbcounter [-] [105214] Writing DB stats neutron:SELECT=1 {{(pid=105214) stat_writer /opt/stack/data/venv/lib/python3.12/site-packages/dbcounter.py:115}}
May 06 15:19:56.324966 np0000172277 neutron-periodic-workers[105206]: DEBUG dbcounter [-] [105206] Writing DB stats neutron:SELECT=3 {{(pid=105206) stat_writer /opt/stack/data/venv/lib/python3.12/site-packages/dbcounter.py:115}}
May 06 15:19:57.378577 np0000172277 neutron-periodic-workers[105221]: DEBUG oslo.service.backend._threading.loopingcall [None req-51054ccb-950f-43b1-b0d2-a194cb887f8e None None] Fixed interval looping call 'neutron.db.quota.driver_nolock.DbQuotaNoLockDriver._remove_expired_reservations' sleeping for 119.99 seconds {{(pid=105221) _run_loop /opt/stack/data/venv/lib/python3.12/site-packages/oslo_service/backend/_threading/loopingcall.py:125}}
May 06 15:20:07.376957 np0000172277 neutron-periodic-workers[105221]: DEBUG dbcounter [-] [105221] Writing DB stats neutron:DELETE=1 {{(pid=105221) stat_writer /opt/stack/data/venv/lib/python3.12/site-packages/dbcounter.py:115}}
May 06 15:20:20.341756 np0000172277 neutron-periodic-workers[105214]: DEBUG neutron.db.agents_db [None req-9fb3838a-1b21-4321-8f7d-a2a555852e6e None None] Agent healthcheck: found 0 active agents {{(pid=105214) agent_health_check /opt/stack/neutron/neutron/db/agents_db.py:322}}
May 06 15:20:20.341756 np0000172277 neutron-periodic-workers[105214]: DEBUG oslo.service.backend._threading.loopingcall [None req-9fb3838a-1b21-4321-8f7d-a2a555852e6e None None] Fixed interval looping call 'neutron.plugins.ml2.plugin.AgentDbMixin.agent_health_check' sleeping for 36.99 seconds {{(pid=105214) _run_loop /opt/stack/data/venv/lib/python3.12/site-packages/oslo_service/backend/_threading/loopingcall.py:125}}
May 06 15:20:23.324110 np0000172277 neutron-periodic-workers[105206]: DEBUG oslo.service.backend._threading.loopingcall [None req-49b73e24-df9e-41c7-a7f6-612c3ed5a595 None None] Fixed interval looping call 'neutron.plugins.ml2.plugin.DhcpAgentSchedulerDbMixin.remove_networks_from_down_agents' sleeping for 36.99 seconds {{(pid=105206) _run_loop /opt/stack/data/venv/lib/python3.12/site-packages/oslo_service/backend/_threading/loopingcall.py:125}}
May 06 15:20:30.339350 np0000172277 neutron-periodic-workers[105214]: DEBUG dbcounter [-] [105214] Writing DB stats neutron:SELECT=1 {{(pid=105214) stat_writer /opt/stack/data/venv/lib/python3.12/site-packages/dbcounter.py:115}}
May 06 15:20:33.323169 np0000172277 neutron-periodic-workers[105206]: DEBUG dbcounter [-] [105206] Writing DB stats neutron:SELECT=3 {{(pid=105206) stat_writer /opt/stack/data/venv/lib/python3.12/site-packages/dbcounter.py:115}}
May 06 15:20:57.338858 np0000172277 neutron-periodic-workers[105214]: DEBUG neutron.db.agents_db [None req-9fb3838a-1b21-4321-8f7d-a2a555852e6e None None] Agent healthcheck: found 0 active agents {{(pid=105214) agent_health_check /opt/stack/neutron/neutron/db/agents_db.py:322}}
May 06 15:20:57.339522 np0000172277 neutron-periodic-workers[105214]: DEBUG oslo.service.backend._threading.loopingcall [None req-9fb3838a-1b21-4321-8f7d-a2a555852e6e None None] Fixed interval looping call 'neutron.plugins.ml2.plugin.AgentDbMixin.agent_health_check' sleeping for 36.99 seconds {{(pid=105214) _run_loop /opt/stack/data/venv/lib/python3.12/site-packages/oslo_service/backend/_threading/loopingcall.py:125}}
May 06 15:21:00.320031 np0000172277 neutron-periodic-workers[105206]: DEBUG oslo.service.backend._threading.loopingcall [None req-49b73e24-df9e-41c7-a7f6-612c3ed5a595 None None] Fixed interval looping call 'neutron.plugins.ml2.plugin.DhcpAgentSchedulerDbMixin.remove_networks_from_down_agents' sleeping for 36.99 seconds {{(pid=105206) _run_loop /opt/stack/data/venv/lib/python3.12/site-packages/oslo_service/backend/_threading/loopingcall.py:125}}
May 06 15:21:07.336546 np0000172277 neutron-periodic-workers[105214]: DEBUG dbcounter [-] [105214] Writing DB stats neutron:SELECT=1 {{(pid=105214) stat_writer /opt/stack/data/venv/lib/python3.12/site-packages/dbcounter.py:115}}
May 06 15:21:10.319426 np0000172277 neutron-periodic-workers[105206]: DEBUG dbcounter [-] [105206] Writing DB stats neutron:SELECT=3 {{(pid=105206) stat_writer /opt/stack/data/venv/lib/python3.12/site-packages/dbcounter.py:115}}
May 06 15:21:34.334602 np0000172277 neutron-periodic-workers[105214]: DEBUG neutron.db.agents_db [None req-9fb3838a-1b21-4321-8f7d-a2a555852e6e None None] Agent healthcheck: found 0 active agents {{(pid=105214) agent_health_check /opt/stack/neutron/neutron/db/agents_db.py:322}}
May 06 15:21:34.335057 np0000172277 neutron-periodic-workers[105214]: DEBUG oslo.service.backend._threading.loopingcall [None req-9fb3838a-1b21-4321-8f7d-a2a555852e6e None None] Fixed interval looping call 'neutron.plugins.ml2.plugin.AgentDbMixin.agent_health_check' sleeping for 36.99 seconds {{(pid=105214) _run_loop /opt/stack/data/venv/lib/python3.12/site-packages/oslo_service/backend/_threading/loopingcall.py:125}}
May 06 15:21:37.319541 np0000172277 neutron-periodic-workers[105206]: DEBUG oslo.service.backend._threading.loopingcall [None req-49b73e24-df9e-41c7-a7f6-612c3ed5a595 None None] Fixed interval looping call 'neutron.plugins.ml2.plugin.DhcpAgentSchedulerDbMixin.remove_networks_from_down_agents' sleeping for 36.99 seconds {{(pid=105206) _run_loop /opt/stack/data/venv/lib/python3.12/site-packages/oslo_service/backend/_threading/loopingcall.py:125}}
May 06 15:21:44.333990 np0000172277 neutron-periodic-workers[105214]: DEBUG dbcounter [-] [105214] Writing DB stats neutron:SELECT=1 {{(pid=105214) stat_writer /opt/stack/data/venv/lib/python3.12/site-packages/dbcounter.py:115}}
May 06 15:21:47.318711 np0000172277 neutron-periodic-workers[105206]: DEBUG dbcounter [-] [105206] Writing DB stats neutron:SELECT=3 {{(pid=105206) stat_writer /opt/stack/data/venv/lib/python3.12/site-packages/dbcounter.py:115}}
May 06 15:21:57.372105 np0000172277 neutron-periodic-workers[105221]: DEBUG oslo.service.backend._threading.loopingcall [None req-51054ccb-950f-43b1-b0d2-a194cb887f8e None None] Fixed interval looping call 'neutron.db.quota.driver_nolock.DbQuotaNoLockDriver._remove_expired_reservations' sleeping for 120.00 seconds {{(pid=105221) _run_loop /opt/stack/data/venv/lib/python3.12/site-packages/oslo_service/backend/_threading/loopingcall.py:125}}
May 06 15:22:00.319461 np0000172277 neutron-periodic-workers[105195]: DEBUG oslo.service.backend._threading.loopingcall [None req-64f62709-80c3-483a-9605-4419473147e8 None None] Fixed interval looping call 'neutron.services.ovn_l3.plugin.L3_NAT_dbonly_mixin._clean_garbage' sleeping for 299.99 seconds {{(pid=105195) _run_loop /opt/stack/data/venv/lib/python3.12/site-packages/oslo_service/backend/_threading/loopingcall.py:125}}
May 06 15:22:07.371151 np0000172277 neutron-periodic-workers[105221]: DEBUG dbcounter [-] [105221] Writing DB stats neutron:DELETE=1 {{(pid=105221) stat_writer /opt/stack/data/venv/lib/python3.12/site-packages/dbcounter.py:115}}
May 06 15:22:10.313900 np0000172277 neutron-periodic-workers[105195]: DEBUG dbcounter [-] [105195] Writing DB stats neutron:SELECT=1 {{(pid=105195) stat_writer /opt/stack/data/venv/lib/python3.12/site-packages/dbcounter.py:115}}
May 06 15:22:11.591640 np0000172277 neutron-periodic-workers[105214]: DEBUG neutron.db.agents_db [None req-9fb3838a-1b21-4321-8f7d-a2a555852e6e None None] Agent healthcheck: found 0 active agents {{(pid=105214) agent_health_check /opt/stack/neutron/neutron/db/agents_db.py:322}}
May 06 15:22:11.591640 np0000172277 neutron-periodic-workers[105214]: DEBUG oslo.service.backend._threading.loopingcall [None req-9fb3838a-1b21-4321-8f7d-a2a555852e6e None None] Fixed interval looping call 'neutron.plugins.ml2.plugin.AgentDbMixin.agent_health_check' sleeping for 36.74 seconds {{(pid=105214) _run_loop /opt/stack/data/venv/lib/python3.12/site-packages/oslo_service/backend/_threading/loopingcall.py:125}}
May 06 15:22:14.317456 np0000172277 neutron-periodic-workers[105206]: DEBUG oslo.service.backend._threading.loopingcall [None req-49b73e24-df9e-41c7-a7f6-612c3ed5a595 None None] Fixed interval looping call 'neutron.plugins.ml2.plugin.DhcpAgentSchedulerDbMixin.remove_networks_from_down_agents' sleeping for 36.99 seconds {{(pid=105206) _run_loop /opt/stack/data/venv/lib/python3.12/site-packages/oslo_service/backend/_threading/loopingcall.py:125}}
May 06 15:22:21.355702 np0000172277 neutron-periodic-workers[105214]: DEBUG dbcounter [-] [105214] Writing DB stats neutron:SELECT=1 {{(pid=105214) stat_writer /opt/stack/data/venv/lib/python3.12/site-packages/dbcounter.py:115}}
