2026-04-25 10:12:04.085 9 INFO neutron.notifiers.nova [-] Nova event matching ['req-ceb727ad-1fde-486e-9412-78dfb1fee3b8'] response: {'server_uuid': '76addb22-d149-474c-81da-37bb6baf04ed', 'name': 'network-vif-unplugged', 'status': 'completed', 'tag': '949ab49e-771e-48ae-a2a9-c285257ab996', 'code': 200}
2026-04-25 10:12:04.091 8 INFO neutron.db.ovn_revision_numbers_db [None req-c96daf5a-f031-4ef1-9038-038df6e6a7e4 eed2c32cdd6b4456b3c37b091fe9e257 3b90bb50363147bba7eb17e9d2701512 - - default default] Successfully bumped revision number for resource 7e38ef41-ba6a-4175-9f82-314b3b140e20 (type: security_group_rules) to 0
2026-04-25 10:12:04.100 8 INFO neutron.db.ovn_revision_numbers_db [None req-c96daf5a-f031-4ef1-9038-038df6e6a7e4 eed2c32cdd6b4456b3c37b091fe9e257 3b90bb50363147bba7eb17e9d2701512 - - default default] Successfully bumped revision number for resource e715a905-277d-4c59-bcd4-27c86120f5d4 (type: security_group_rules) to 0
2026-04-25 10:12:04.110 8 INFO neutron.db.ovn_revision_numbers_db [None req-c96daf5a-f031-4ef1-9038-038df6e6a7e4 eed2c32cdd6b4456b3c37b091fe9e257 3b90bb50363147bba7eb17e9d2701512 - - default default] Successfully bumped revision number for resource eeaa8e24-4364-4cc2-bf78-516a36b97c2a (type: security_group_rules) to 0 [pid: 9|app: 0|req: 1161/2380] 10.0.0.202 () {34 vars in 990 bytes} [Sat Apr 25 10:12:03 2026] GET /v2.0/ports?device_id=76addb22-d149-474c-81da-37bb6baf04ed => generated 975 bytes in 195 msecs (HTTP/1.1 200) 4 headers in 157 bytes (1 switches on core 0) [pid: 8|app: 0|req: 1220/2381] 10.0.0.121 () {32 vars in 774 bytes} [Sat Apr 25 10:12:03 2026] GET /v2.0/security-groups?tenant_id=53e9ae02cd07495e9b3cd1901a0ea214&name=default => generated 2929 bytes in 260 msecs (HTTP/1.1 200) 4 headers in 158 bytes (1 switches on core 0) [pid: 9|app: 0|req: 1162/2382] 10.0.0.202 () {34 vars in 1040 bytes} [Sat Apr 25 10:12:04 2026] GET /v2.0/security-groups?id=df0ab779-1b3d-4833-859d-914671b5b3a8&fields=id&fields=name => generated 114 bytes in 56 msecs (HTTP/1.1 200) 4 headers in 157 bytes (1 switches on core 0)
2026-04-25 10:12:04.298 9 INFO neutron.db.ovn_revision_numbers_db [None req-6b218fd7-3b46-4b80-bbd0-e979e3c91a79 - - - - - -] Successfully bumped revision number for resource 949ab49e-771e-48ae-a2a9-c285257ab996 (type: ports) to 6 [pid: 8|app: 0|req: 1221/2383] 10.0.0.121 () {32 vars in 740 bytes} [Sat Apr 25 10:12:04 2026] DELETE /v2.0/security-groups/da510520-3f82-4a18-8fd5-0670e3c2bc22 => generated 0 bytes in 196 msecs (HTTP/1.1 204) 2 headers in 112 bytes (1 switches on core 0) /var/lib/openstack/lib/python3.12/site-packages/pycadf/identifier.py:70: UserWarning: Invalid uuid: neutron. To ensure interoperability, identifiers should be a valid uuid. warnings.warn(('Invalid uuid: %s. To ensure interoperability, ' [pid: 9|app: 0|req: 1163/2384] 199.204.45.141 () {34 vars in 994 bytes} [Sat Apr 25 10:12:05 2026] GET /v2.0/ports?device_id=76addb22-d149-474c-81da-37bb6baf04ed => generated 973 bytes in 47 msecs (HTTP/1.1 200) 4 headers in 157 bytes (1 switches on core 0)
2026-04-25 10:12:05.235 8 INFO neutron_taas.services.taas.taas_plugin [req-6336c702-06b7-4511-9b52-4d30a188c594 req-fc63d63e-8d3b-45f7-bf56-ab729dd11cca e19f983767d642ca820d0b05ae725f0d e68a9c23fb66444191ce65267202f940 - - default default] TaaS: Handle Delete Port: 949ab49e-771e-48ae-a2a9-c285257ab996
2026-04-25 10:12:05.239 8 INFO neutron_taas.services.taas.tap_mirror_plugin [req-6336c702-06b7-4511-9b52-4d30a188c594 req-fc63d63e-8d3b-45f7-bf56-ab729dd11cca e19f983767d642ca820d0b05ae725f0d e68a9c23fb66444191ce65267202f940 - - default default] Tap Mirror: Handle Delete Port: 949ab49e-771e-48ae-a2a9-c285257ab996 [pid: 9|app: 0|req: 1164/2385] 10.0.0.202 () {34 vars in 990 bytes} [Sat Apr 25 10:12:05 2026] GET /v2.0/ports?device_id=76addb22-d149-474c-81da-37bb6baf04ed => generated 973 bytes in 42 msecs (HTTP/1.1 200) 4 headers in 157 bytes (1 switches on core 0) [pid: 9|app: 0|req: 1165/2386] 10.0.0.202 () {34 vars in 1040 bytes} [Sat Apr 25 10:12:05 2026] GET /v2.0/security-groups?id=df0ab779-1b3d-4833-859d-914671b5b3a8&fields=id&fields=name => generated 114 bytes in 30 msecs (HTTP/1.1 200) 4 headers in 157 bytes (1 switches on core 0)
2026-04-25 10:12:05.498 8 INFO neutron.db.l3_db [req-6336c702-06b7-4511-9b52-4d30a188c594 req-fc63d63e-8d3b-45f7-bf56-ab729dd11cca e19f983767d642ca820d0b05ae725f0d e68a9c23fb66444191ce65267202f940 - - default default] Floating IP 54083cf3-cbc0-4bc2-878d-5d41e681554f disassociated. External IP: 10.96.250.218, port: 949ab49e-771e-48ae-a2a9-c285257ab996. [pid: 8|app: 0|req: 1222/2387] 199.204.45.141 () {36 vars in 997 bytes} [Sat Apr 25 10:12:05 2026] DELETE /v2.0/ports/949ab49e-771e-48ae-a2a9-c285257ab996 => generated 0 bytes in 558 msecs (HTTP/1.1 204) 3 headers in 131 bytes (1 switches on core 0)
2026-04-25 10:12:05.681 8 INFO neutron.notifiers.nova [-] Nova event matching ['req-7ae88c06-890b-4403-a23f-2d5a335ff74a'] response: {'server_uuid': '76addb22-d149-474c-81da-37bb6baf04ed', 'name': 'network-vif-deleted', 'tag': '949ab49e-771e-48ae-a2a9-c285257ab996', 'status': 'completed', 'code': 200}
2026-04-25 10:12:06.128 9 INFO neutron.notifiers.nova [-] Nova event matching ['req-77c69507-0de5-40e2-b257-10de08eb1eef'] response: {'server_uuid': '76addb22-d149-474c-81da-37bb6baf04ed', 'name': 'network-vif-unplugged', 'status': 'completed', 'tag': '949ab49e-771e-48ae-a2a9-c285257ab996', 'code': 200} /var/lib/openstack/lib/python3.12/site-packages/pycadf/identifier.py:70: UserWarning: Invalid uuid: neutron. To ensure interoperability, identifiers should be a valid uuid. warnings.warn(('Invalid uuid: %s. To ensure interoperability, ' [pid: 9|app: 0|req: 1166/2388] 10.0.0.202 () {34 vars in 990 bytes} [Sat Apr 25 10:12:06 2026] GET /v2.0/ports?device_id=76addb22-d149-474c-81da-37bb6baf04ed => generated 12 bytes in 42 msecs (HTTP/1.1 200) 4 headers in 156 bytes (1 switches on core 0) [pid: 8|app: 0|req: 1223/2389] 10.0.0.202 () {34 vars in 990 bytes} [Sat Apr 25 10:12:07 2026] GET /v2.0/ports?device_id=76addb22-d149-474c-81da-37bb6baf04ed => generated 12 bytes in 24 msecs (HTTP/1.1 200) 4 headers in 156 bytes (1 switches on core 0) [pid: 8|app: 0|req: 1225/2392] 10.0.0.202 () {34 vars in 990 bytes} [Sat Apr 25 10:12:08 2026] GET /v2.0/ports?device_id=76addb22-d149-474c-81da-37bb6baf04ed => generated 12 bytes in 22 msecs (HTTP/1.1 200) 4 headers in 156 bytes (1 switches on core 0)
2026-04-25 10:12:09.450 9 INFO neutron.db.ovn_revision_numbers_db [None req-636bd01e-6def-43c3-932e-06063d2cbffd 61a29ad2ebb840bfa90ac44cdca0b288 5d43380604b1489690a01f3df9474fa6 - - default default] Successfully bumped revision number for resource a1b4789e-ca54-4189-a868-06b6c61c19bd (type: security_groups) to 1
2026-04-25 10:12:09.462 9 INFO neutron.db.ovn_revision_numbers_db [None req-636bd01e-6def-43c3-932e-06063d2cbffd 61a29ad2ebb840bfa90ac44cdca0b288 5d43380604b1489690a01f3df9474fa6 - - default default] Successfully bumped revision number for resource 103a145f-5eef-45ad-82ec-0d00c971e64a (type: security_group_rules) to 0
2026-04-25 10:12:09.474 9 INFO neutron.db.ovn_revision_numbers_db [None req-636bd01e-6def-43c3-932e-06063d2cbffd 61a29ad2ebb840bfa90ac44cdca0b288 5d43380604b1489690a01f3df9474fa6 - - default default] Successfully bumped revision number for resource 1fccf98d-2036-4938-916f-e11f3fb7fe6a (type: security_group_rules) to 0
2026-04-25 10:12:09.485 9 INFO neutron.db.ovn_revision_numbers_db [None req-636bd01e-6def-43c3-932e-06063d2cbffd 61a29ad2ebb840bfa90ac44cdca0b288 5d43380604b1489690a01f3df9474fa6 - - default default] Successfully bumped revision number for resource 4b566be3-1795-498a-a188-950c5cdc6367 (type: security_group_rules) to 0
2026-04-25 10:12:09.500 9 INFO neutron.db.ovn_revision_numbers_db [None req-636bd01e-6def-43c3-932e-06063d2cbffd 61a29ad2ebb840bfa90ac44cdca0b288 5d43380604b1489690a01f3df9474fa6 - - default default] Successfully bumped revision number for resource 5d2e9ba6-3778-4784-a89c-f145aff1c894 (type: security_group_rules) to 0
2026-04-25 10:12:09.577 9 INFO neutron.db.segments_db [None req-636bd01e-6def-43c3-932e-06063d2cbffd 61a29ad2ebb840bfa90ac44cdca0b288 5d43380604b1489690a01f3df9474fa6 - - default default] Added segment e2afba79-a744-43a6-9981-d0e3cd4b624d of type geneve for network 1c5c4938-a163-4322-92d8-731b794818ba
2026-04-25 10:12:09.696 9 INFO neutron.db.ovn_revision_numbers_db [None req-636bd01e-6def-43c3-932e-06063d2cbffd 61a29ad2ebb840bfa90ac44cdca0b288 5d43380604b1489690a01f3df9474fa6 - - default default] Successfully bumped revision number for resource 1c5c4938-a163-4322-92d8-731b794818ba (type: networks) to 1
2026-04-25 10:12:09.868 9 WARNING neutron.scheduler.dhcp_agent_scheduler [None req-636bd01e-6def-43c3-932e-06063d2cbffd 61a29ad2ebb840bfa90ac44cdca0b288 5d43380604b1489690a01f3df9474fa6 - - default default] No more DHCP agents
2026-04-25 10:12:09.870 9 WARNING neutron.api.rpc.agentnotifiers.dhcp_rpc_agent_api [None req-636bd01e-6def-43c3-932e-06063d2cbffd 61a29ad2ebb840bfa90ac44cdca0b288 5d43380604b1489690a01f3df9474fa6 - - default default] Unable to schedule network 1c5c4938-a163-4322-92d8-731b794818ba: no agents available; will retry on subsequent port and subnet creation events.
2026-04-25 10:12:09.973 9 INFO neutron.plugins.ml2.drivers.ovn.mech_driver.mech_driver [None req-c6fe0ffd-104e-4cba-b449-a282943a2002 - - - - - -] OVN reports status down for port: 9d49bcae-85d8-469a-b4e6-1e0025803cc2 [pid: 8|app: 0|req: 1226/2393] 10.0.0.121 () {32 vars in 740 bytes} [Sat Apr 25 10:12:09 2026] DELETE /v2.0/security-groups/df0ab779-1b3d-4833-859d-914671b5b3a8 => generated 0 bytes in 211 msecs (HTTP/1.1 204) 2 headers in 112 bytes (1 switches on core 0)
2026-04-25 10:12:10.036 9 INFO neutron.db.ovn_revision_numbers_db [None req-636bd01e-6def-43c3-932e-06063d2cbffd 61a29ad2ebb840bfa90ac44cdca0b288 5d43380604b1489690a01f3df9474fa6 - - default default] Successfully bumped revision number for resource 9d49bcae-85d8-469a-b4e6-1e0025803cc2 (type: ports) to 1 [pid: 9|app: 0|req: 1168/2394] 10.0.0.121 () {34 vars in 670 bytes} [Sat Apr 25 10:12:09 2026] POST /v2.0/networks => generated 659 bytes in 975 msecs (HTTP/1.1 201) 4 headers in 162 bytes (1 switches on core 0)
2026-04-25 10:12:10.151 8 INFO neutron_taas.services.taas.taas_plugin [None req-ff183268-63e5-4141-bbf1-73e51365eb25 e19f983767d642ca820d0b05ae725f0d e68a9c23fb66444191ce65267202f940 - - default default] TaaS: Handle Delete Port: d6106276-25e0-4c00-9f8e-d8b33c10c29c
2026-04-25 10:12:10.154 8 INFO neutron_taas.services.taas.tap_mirror_plugin [None req-ff183268-63e5-4141-bbf1-73e51365eb25 e19f983767d642ca820d0b05ae725f0d e68a9c23fb66444191ce65267202f940 - - default default] Tap Mirror: Handle Delete Port: d6106276-25e0-4c00-9f8e-d8b33c10c29c
2026-04-25 10:12:10.280 9 WARNING neutron.scheduler.dhcp_agent_scheduler [None req-3a8684e7-918b-4fb4-a014-04e7ee4b61c2 61a29ad2ebb840bfa90ac44cdca0b288 5d43380604b1489690a01f3df9474fa6 - - default default] No more DHCP agents
2026-04-25 10:12:10.281 9 WARNING neutron.api.rpc.agentnotifiers.dhcp_rpc_agent_api [None req-3a8684e7-918b-4fb4-a014-04e7ee4b61c2 61a29ad2ebb840bfa90ac44cdca0b288 5d43380604b1489690a01f3df9474fa6 - - default default] Unable to schedule network 1c5c4938-a163-4322-92d8-731b794818ba: no agents available; will retry on subsequent port and subnet creation events. [pid: 8|app: 0|req: 1227/2395] 10.0.0.121 () {32 vars in 732 bytes} [Sat Apr 25 10:12:10 2026] DELETE /v2.0/floatingips/54083cf3-cbc0-4bc2-878d-5d41e681554f => generated 0 bytes in 299 msecs (HTTP/1.1 204) 2 headers in 112 bytes (1 switches on core 0) [pid: 8|app: 0|req: 1228/2396] 10.0.0.202 () {34 vars in 990 bytes} [Sat Apr 25 10:12:10 2026] GET /v2.0/ports?device_id=d593bf23-2eab-47c1-9c1e-4687f0894c50 => generated 975 bytes in 79 msecs (HTTP/1.1 200) 4 headers in 157 bytes (1 switches on core 0) [pid: 8|app: 0|req: 1229/2397] 10.0.0.202 () {34 vars in 1040 bytes} [Sat Apr 25 10:12:10 2026] GET /v2.0/security-groups?id=f9a619be-b0a4-43b3-9935-29b7f0b1ac99&fields=id&fields=name => generated 113 bytes in 146 msecs (HTTP/1.1 200) 4 headers in 157 bytes (1 switches on core 0)
2026-04-25 10:12:10.778 9 INFO neutron.db.ovn_revision_numbers_db [None req-d479648a-acfb-46d0-9b3d-f1598e90116d - - - - - -] Successfully bumped revision number for resource 9d49bcae-85d8-469a-b4e6-1e0025803cc2 (type: ports) to 2
2026-04-25 10:12:10.838 9 INFO neutron.db.ovn_revision_numbers_db [None req-d479648a-acfb-46d0-9b3d-f1598e90116d - - - - - -] Successfully bumped revision number for resource 7ace05d0-d32f-4f5b-9132-6e7f9a146e46 (type: subnets) to 0 [pid: 9|app: 0|req: 1169/2398] 10.0.0.121 () {34 vars in 669 bytes} [Sat Apr 25 10:12:10 2026] POST /v2.0/subnets => generated 657 bytes in 745 msecs (HTTP/1.1 201) 4 headers in 162 bytes (1 switches on core 0) [pid: 8|app: 0|req: 1230/2399] 10.0.0.121 () {32 vars in 722 bytes} [Sat Apr 25 10:12:10 2026] GET /v2.0/subnetpools?name=shared-default-subnetpool-v6 => generated 19 bytes in 39 msecs (HTTP/1.1 200) 4 headers in 156 bytes (1 switches on core 0)
2026-04-25 10:12:11.097 9 WARNING neutron.scheduler.dhcp_agent_scheduler [None req-f500c985-0781-4f50-b6ec-6af14f9ceb49 61a29ad2ebb840bfa90ac44cdca0b288 5d43380604b1489690a01f3df9474fa6 - - default default] No more DHCP agents
2026-04-25 10:12:11.098 9 WARNING neutron.api.rpc.agentnotifiers.dhcp_rpc_agent_api [None req-f500c985-0781-4f50-b6ec-6af14f9ceb49 61a29ad2ebb840bfa90ac44cdca0b288 5d43380604b1489690a01f3df9474fa6 - - default default] Unable to schedule network 1c5c4938-a163-4322-92d8-731b794818ba: no agents available; will retry on subsequent port and subnet creation events.
2026-04-25 10:12:11.130 9 INFO neutron.db.ovn_revision_numbers_db [None req-f500c985-0781-4f50-b6ec-6af14f9ceb49 61a29ad2ebb840bfa90ac44cdca0b288 5d43380604b1489690a01f3df9474fa6 - - default default] Successfully bumped revision number for resource 0fd9779b-0ba3-4a43-b998-f5a3dec9e374 (type: subnets) to 0 [pid: 9|app: 0|req: 1170/2400] 10.0.0.121 () {34 vars in 669 bytes} [Sat Apr 25 10:12:10 2026] POST /v2.0/subnets => generated 732 bytes in 243 msecs (HTTP/1.1 201) 4 headers in 162 bytes (1 switches on core 0)
2026-04-25 10:12:11.254 8 INFO neutron.db.segments_db [None req-318a6768-2291-4ceb-a0a3-de8f9e4d2fa7 61a29ad2ebb840bfa90ac44cdca0b288 5d43380604b1489690a01f3df9474fa6 - - default default] Added segment 4c70f6d5-d7e3-4909-a5cf-6a40077191ce of type geneve for network 0e47bb16-1eb9-4cbb-9de6-087bf7c79de7
2026-04-25 10:12:11.369 8 INFO neutron.db.ovn_revision_numbers_db [None req-318a6768-2291-4ceb-a0a3-de8f9e4d2fa7 61a29ad2ebb840bfa90ac44cdca0b288 5d43380604b1489690a01f3df9474fa6 - - default default] Successfully bumped revision number for resource 0e47bb16-1eb9-4cbb-9de6-087bf7c79de7 (type: networks) to 1
2026-04-25 10:12:11.565 8 WARNING neutron.scheduler.dhcp_agent_scheduler [None req-318a6768-2291-4ceb-a0a3-de8f9e4d2fa7 61a29ad2ebb840bfa90ac44cdca0b288 5d43380604b1489690a01f3df9474fa6 - - default default] No more DHCP agents
2026-04-25 10:12:11.569 8 WARNING neutron.api.rpc.agentnotifiers.dhcp_rpc_agent_api [None req-318a6768-2291-4ceb-a0a3-de8f9e4d2fa7 61a29ad2ebb840bfa90ac44cdca0b288 5d43380604b1489690a01f3df9474fa6 - - default default] Unable to schedule network 0e47bb16-1eb9-4cbb-9de6-087bf7c79de7: no agents available; will retry on subsequent port and subnet creation events.
2026-04-25 10:12:11.574 8 INFO neutron.plugins.ml2.drivers.ovn.mech_driver.mech_driver [None req-bf957c7f-1851-40f4-858b-3a958a9e4066 - - - - - -] OVN reports status down for port: 7ea09a46-8d9a-4a94-85e1-37a56a5206fb
2026-04-25 10:12:11.668 9 INFO neutron.plugins.ml2.drivers.ovn.mech_driver.mech_driver [None req-c6fe0ffd-104e-4cba-b449-a282943a2002 - - - - - -] OVN reports status down for port: 9e3eff6a-446a-421d-a651-2389fd5bbe22
2026-04-25 10:12:11.705 8 INFO neutron.db.ovn_revision_numbers_db [None req-318a6768-2291-4ceb-a0a3-de8f9e4d2fa7 61a29ad2ebb840bfa90ac44cdca0b288 5d43380604b1489690a01f3df9474fa6 - - default default] Successfully bumped revision number for resource 9e3eff6a-446a-421d-a651-2389fd5bbe22 (type: ports) to 1 [pid: 8|app: 0|req: 1231/2401] 10.0.0.121 () {34 vars in 670 bytes} [Sat Apr 25 10:12:11 2026] POST /v2.0/networks => generated 656 bytes in 619 msecs (HTTP/1.1 201) 4 headers in 162 bytes (1 switches on core 0)
2026-04-25 10:12:11.803 8 INFO neutron.notifiers.nova [-] Nova event matching ['req-0d008914-31a9-44aa-8d7c-4f6e5d7c043d'] response: {'server_uuid': 'd593bf23-2eab-47c1-9c1e-4687f0894c50', 'name': 'network-vif-unplugged', 'status': 'completed', 'tag': '7ea09a46-8d9a-4a94-85e1-37a56a5206fb', 'code': 200} [pid: 8|app: 0|req: 1232/2402] 10.0.0.202 () {34 vars in 990 bytes} [Sat Apr 25 10:12:11 2026] GET /v2.0/ports?device_id=d593bf23-2eab-47c1-9c1e-4687f0894c50 => generated 973 bytes in 93 msecs (HTTP/1.1 200) 4 headers in 157 bytes (1 switches on core 0) [pid: 8|app: 0|req: 1233/2403] 10.0.0.202 () {34 vars in 1040 bytes} [Sat Apr 25 10:12:11 2026] GET /v2.0/security-groups?id=f9a619be-b0a4-43b3-9935-29b7f0b1ac99&fields=id&fields=name => generated 113 bytes in 58 msecs (HTTP/1.1 200) 4 headers in 157 bytes (1 switches on core 0)
2026-04-25 10:12:11.971 8 INFO neutron.db.ovn_revision_numbers_db [None req-bf957c7f-1851-40f4-858b-3a958a9e4066 - - - - - -] Successfully bumped revision number for resource 7ea09a46-8d9a-4a94-85e1-37a56a5206fb (type: ports) to 6
2026-04-25 10:12:11.989 9 WARNING neutron.scheduler.dhcp_agent_scheduler [None req-472ac146-9deb-408e-b5fa-379c4cc2a29e 61a29ad2ebb840bfa90ac44cdca0b288 5d43380604b1489690a01f3df9474fa6 - - default default] No more DHCP agents
2026-04-25 10:12:11.990 9 WARNING neutron.api.rpc.agentnotifiers.dhcp_rpc_agent_api [None req-472ac146-9deb-408e-b5fa-379c4cc2a29e 61a29ad2ebb840bfa90ac44cdca0b288 5d43380604b1489690a01f3df9474fa6 - - default default] Unable to schedule network 0e47bb16-1eb9-4cbb-9de6-087bf7c79de7: no agents available; will retry on subsequent port and subnet creation events.
2026-04-25 10:12:12.456 9 INFO neutron.db.ovn_revision_numbers_db [None req-55f4e363-364f-4cb0-ba40-345f05cf0ac4 - - - - - -] Successfully bumped revision number for resource 9e3eff6a-446a-421d-a651-2389fd5bbe22 (type: ports) to 2
2026-04-25 10:12:12.495 9 INFO neutron.db.ovn_revision_numbers_db [None req-55f4e363-364f-4cb0-ba40-345f05cf0ac4 - - - - - -] Successfully bumped revision number for resource 1dace9e4-90a3-4415-a5d9-c6e7a81ee8e2 (type: subnets) to 0 [pid: 9|app: 0|req: 1171/2404] 10.0.0.121 () {34 vars in 669 bytes} [Sat Apr 25 10:12:11 2026] POST /v2.0/subnets => generated 655 bytes in 735 msecs (HTTP/1.1 201) 4 headers in 162 bytes (1 switches on core 0) /var/lib/openstack/lib/python3.12/site-packages/pycadf/identifier.py:70: UserWarning: Invalid uuid: neutron. To ensure interoperability, identifiers should be a valid uuid. warnings.warn(('Invalid uuid: %s. To ensure interoperability, '
2026-04-25 10:12:12.771 8 WARNING neutron.scheduler.dhcp_agent_scheduler [None req-0da9b625-4d52-40bc-a23c-d790fe881f65 61a29ad2ebb840bfa90ac44cdca0b288 5d43380604b1489690a01f3df9474fa6 - - default default] No more DHCP agents
2026-04-25 10:12:12.773 8 WARNING neutron.api.rpc.agentnotifiers.dhcp_rpc_agent_api [None req-0da9b625-4d52-40bc-a23c-d790fe881f65 61a29ad2ebb840bfa90ac44cdca0b288 5d43380604b1489690a01f3df9474fa6 - - default default] Unable to schedule network 0e47bb16-1eb9-4cbb-9de6-087bf7c79de7: no agents available; will retry on subsequent port and subnet creation events.
2026-04-25 10:12:12.808 8 INFO neutron.db.ovn_revision_numbers_db [None req-0da9b625-4d52-40bc-a23c-d790fe881f65 61a29ad2ebb840bfa90ac44cdca0b288 5d43380604b1489690a01f3df9474fa6 - - default default] Successfully bumped revision number for resource 933fe78f-042d-467f-8fa4-6f09e9144935 (type: subnets) to 0 [pid: 9|app: 0|req: 1172/2405] 199.204.45.141 () {34 vars in 994 bytes} [Sat Apr 25 10:12:12 2026] GET /v2.0/ports?device_id=d593bf23-2eab-47c1-9c1e-4687f0894c50 => generated 973 bytes in 96 msecs (HTTP/1.1 200) 4 headers in 157 bytes (1 switches on core 0) [pid: 8|app: 0|req: 1234/2406] 10.0.0.121 () {34 vars in 669 bytes} [Sat Apr 25 10:12:12 2026] POST /v2.0/subnets => generated 725 bytes in 306 msecs (HTTP/1.1 201) 4 headers in 162 bytes (1 switches on core 0)
2026-04-25 10:12:12.916 8 INFO neutron.db.segments_db [None req-7f9dc19b-89e2-41fe-883e-8ca46966b5e8 61a29ad2ebb840bfa90ac44cdca0b288 5d43380604b1489690a01f3df9474fa6 - - default default] Added segment a9af7f29-c869-4526-af67-40088a3031d7 of type geneve for network 0012b028-74f2-44f5-8f47-dbadcf758abe
2026-04-25 10:12:12.962 9 INFO neutron_taas.services.taas.taas_plugin [req-7dae4eeb-46a5-44ec-a463-c95c62322c28 req-a62b8de0-1079-4651-8dae-297aae408cae e19f983767d642ca820d0b05ae725f0d e68a9c23fb66444191ce65267202f940 - - default default] TaaS: Handle Delete Port: 7ea09a46-8d9a-4a94-85e1-37a56a5206fb
2026-04-25 10:12:12.966 9 INFO neutron_taas.services.taas.tap_mirror_plugin [req-7dae4eeb-46a5-44ec-a463-c95c62322c28 req-a62b8de0-1079-4651-8dae-297aae408cae e19f983767d642ca820d0b05ae725f0d e68a9c23fb66444191ce65267202f940 - - default default] Tap Mirror: Handle Delete Port: 7ea09a46-8d9a-4a94-85e1-37a56a5206fb
2026-04-25 10:12:13.021 8 INFO neutron.db.ovn_revision_numbers_db [None req-7f9dc19b-89e2-41fe-883e-8ca46966b5e8 61a29ad2ebb840bfa90ac44cdca0b288 5d43380604b1489690a01f3df9474fa6 - - default default] Successfully bumped revision number for resource 0012b028-74f2-44f5-8f47-dbadcf758abe (type: networks) to 1 [pid: 9|app: 0|req: 1173/2407] 199.204.45.141 () {36 vars in 997 bytes} [Sat Apr 25 10:12:12 2026] DELETE /v2.0/ports/7ea09a46-8d9a-4a94-85e1-37a56a5206fb => generated 0 bytes in 316 msecs (HTTP/1.1 204) 3 headers in 131 bytes (1 switches on core 0) [pid: 9|app: 0|req: 1174/2408] 10.0.0.202 () {34 vars in 990 bytes} [Sat Apr 25 10:12:13 2026] GET /v2.0/ports?device_id=d593bf23-2eab-47c1-9c1e-4687f0894c50 => generated 12 bytes in 25 msecs (HTTP/1.1 200) 4 headers in 156 bytes (1 switches on core 0)
2026-04-25 10:12:13.179 9 INFO neutron.notifiers.nova [-] Nova event matching ['req-ddf17d63-c208-4940-b176-29f56d677d6e'] response: {'server_uuid': 'd593bf23-2eab-47c1-9c1e-4687f0894c50', 'name': 'network-vif-deleted', 'tag': '7ea09a46-8d9a-4a94-85e1-37a56a5206fb', 'status': 'completed', 'code': 200}
2026-04-25 10:12:13.196 8 WARNING neutron.scheduler.dhcp_agent_scheduler [None req-7f9dc19b-89e2-41fe-883e-8ca46966b5e8 61a29ad2ebb840bfa90ac44cdca0b288 5d43380604b1489690a01f3df9474fa6 - - default default] No more DHCP agents
2026-04-25 10:12:13.197 8 WARNING neutron.api.rpc.agentnotifiers.dhcp_rpc_agent_api [None req-7f9dc19b-89e2-41fe-883e-8ca46966b5e8 61a29ad2ebb840bfa90ac44cdca0b288 5d43380604b1489690a01f3df9474fa6 - - default default] Unable to schedule network 0012b028-74f2-44f5-8f47-dbadcf758abe: no agents available; will retry on subsequent port and subnet creation events.
2026-04-25 10:12:13.259 8 INFO neutron.plugins.ml2.drivers.ovn.mech_driver.mech_driver [None req-7f400e96-4feb-48dc-b8ae-2941b66de740 - - - - - -] OVN reports status down for port: 0b1519c4-e60e-488a-8a7c-df613d14359d
2026-04-25 10:12:13.343 8 INFO neutron.db.ovn_revision_numbers_db [None req-7f9dc19b-89e2-41fe-883e-8ca46966b5e8 61a29ad2ebb840bfa90ac44cdca0b288 5d43380604b1489690a01f3df9474fa6 - - default default] Successfully bumped revision number for resource 0b1519c4-e60e-488a-8a7c-df613d14359d (type: ports) to 1 [pid: 8|app: 0|req: 1235/2409] 10.0.0.121 () {34 vars in 670 bytes} [Sat Apr 25 10:12:12 2026] POST /v2.0/networks => generated 657 bytes in 571 msecs (HTTP/1.1 201) 4 headers in 162 bytes (1 switches on core 0)
2026-04-25 10:12:13.589 9 WARNING neutron.scheduler.dhcp_agent_scheduler [None req-763a0784-ae6b-4b13-acdf-6b64e1994777 61a29ad2ebb840bfa90ac44cdca0b288 5d43380604b1489690a01f3df9474fa6 - - default default] No more DHCP agents
2026-04-25 10:12:13.591 9 WARNING neutron.api.rpc.agentnotifiers.dhcp_rpc_agent_api [None req-763a0784-ae6b-4b13-acdf-6b64e1994777 61a29ad2ebb840bfa90ac44cdca0b288 5d43380604b1489690a01f3df9474fa6 - - default default] Unable to schedule network 0012b028-74f2-44f5-8f47-dbadcf758abe: no agents available; will retry on subsequent port and subnet creation events.
2026-04-25 10:12:13.848 8 INFO neutron.notifiers.nova [-] Nova event matching ['req-b813bf96-07cc-41c3-ba6f-e40800abf5b3'] response: {'server_uuid': 'd593bf23-2eab-47c1-9c1e-4687f0894c50', 'name': 'network-vif-unplugged', 'status': 'completed', 'tag': '7ea09a46-8d9a-4a94-85e1-37a56a5206fb', 'code': 200}
2026-04-25 10:12:14.038 9 INFO neutron.db.ovn_revision_numbers_db [None req-86ef22e1-4a62-49c9-8bee-71529fd6d491 - - - - - -] Successfully bumped revision number for resource 0b1519c4-e60e-488a-8a7c-df613d14359d (type: ports) to 2
2026-04-25 10:12:14.067 9 INFO neutron.db.ovn_revision_numbers_db [None req-86ef22e1-4a62-49c9-8bee-71529fd6d491 - - - - - -] Successfully bumped revision number for resource c92152e6-397d-4159-b17f-16777c6d3595 (type: subnets) to 0 [pid: 9|app: 0|req: 1175/2410] 10.0.0.121 () {34 vars in 669 bytes} [Sat Apr 25 10:12:13 2026] POST /v2.0/subnets => generated 655 bytes in 676 msecs (HTTP/1.1 201) 4 headers in 162 bytes (1 switches on core 0) [pid: 9|app: 0|req: 1176/2411] 10.0.0.202 () {34 vars in 990 bytes} [Sat Apr 25 10:12:14 2026] GET /v2.0/ports?device_id=d593bf23-2eab-47c1-9c1e-4687f0894c50 => generated 12 bytes in 21 msecs (HTTP/1.1 200) 4 headers in 156 bytes (1 switches on core 0)
2026-04-25 10:12:14.342 8 WARNING neutron.scheduler.dhcp_agent_scheduler [None req-b3ee1eaa-7e2f-4226-801b-99951937abf8 61a29ad2ebb840bfa90ac44cdca0b288 5d43380604b1489690a01f3df9474fa6 - - default default] No more DHCP agents
2026-04-25 10:12:14.344 8 WARNING neutron.api.rpc.agentnotifiers.dhcp_rpc_agent_api [None req-b3ee1eaa-7e2f-4226-801b-99951937abf8 61a29ad2ebb840bfa90ac44cdca0b288 5d43380604b1489690a01f3df9474fa6 - - default default] Unable to schedule network 0012b028-74f2-44f5-8f47-dbadcf758abe: no agents available; will retry on subsequent port and subnet creation events.
2026-04-25 10:12:14.372 8 INFO neutron.db.ovn_revision_numbers_db [None req-b3ee1eaa-7e2f-4226-801b-99951937abf8 61a29ad2ebb840bfa90ac44cdca0b288 5d43380604b1489690a01f3df9474fa6 - - default default] Successfully bumped revision number for resource fc737b8f-b51b-4d80-9a22-325fdf927d97 (type: subnets) to 0 [pid: 8|app: 0|req: 1236/2412] 10.0.0.121 () {34 vars in 669 bytes} [Sat Apr 25 10:12:14 2026] POST /v2.0/subnets => generated 730 bytes in 303 msecs (HTTP/1.1 201) 4 headers in 162 bytes (1 switches on core 0)
2026-04-25 10:12:14.799 9 WARNING neutron.scheduler.dhcp_agent_scheduler [None req-f8f99b43-7dcf-4c2b-af25-52a17f8621ed 61a29ad2ebb840bfa90ac44cdca0b288 5d43380604b1489690a01f3df9474fa6 - - default default] No more DHCP agents
2026-04-25 10:12:14.801 9 WARNING neutron.api.rpc.agentnotifiers.dhcp_rpc_agent_api [None req-f8f99b43-7dcf-4c2b-af25-52a17f8621ed 61a29ad2ebb840bfa90ac44cdca0b288 5d43380604b1489690a01f3df9474fa6 - - default default] Unable to schedule network 33d893ab-9056-457c-8bdb-153f084b94c1: no agents available; will retry on subsequent port and subnet creation events.
2026-04-25 10:12:14.911 8 INFO neutron.plugins.ml2.drivers.ovn.mech_driver.mech_driver [None req-7f400e96-4feb-48dc-b8ae-2941b66de740 - - - - - -] OVN reports status down for port: 4a928cef-b613-4bac-8ef5-a4faf57f7c9e
2026-04-25 10:12:14.935 9 INFO neutron.db.ovn_revision_numbers_db [None req-f8f99b43-7dcf-4c2b-af25-52a17f8621ed 61a29ad2ebb840bfa90ac44cdca0b288 5d43380604b1489690a01f3df9474fa6 - - default default] Successfully bumped revision number for resource 4a928cef-b613-4bac-8ef5-a4faf57f7c9e (type: ports) to 1 [pid: 8|app: 0|req: 1237/2413] 10.0.0.202 () {34 vars in 990 bytes} [Sat Apr 25 10:12:15 2026] GET /v2.0/ports?device_id=d593bf23-2eab-47c1-9c1e-4687f0894c50 => generated 12 bytes in 20 msecs (HTTP/1.1 200) 4 headers in 156 bytes (1 switches on core 0)
2026-04-25 10:12:15.535 9 INFO neutron.plugins.ml2.drivers.ovn.mech_driver.ovsdb.commands [None req-c4312ed1-fd2b-40d0-965a-d8e2613afe18 - - - - - -] Schedule LRP lrp-4a928cef-b613-4bac-8ef5-a4faf57f7c9e on gateway cc7766cc-af4c-4ea2-abc9-6a4bb877e74d with priority 1
2026-04-25 10:12:15.601 8 INFO neutron.plugins.ml2.drivers.ovn.mech_driver.ovsdb.ovsdb_monitor [None req-1ba23351-fde2-4c7f-b00c-80edfcb227a5 - - - - - -] Router aba01c5b-367d-4b2c-8fb6-56bb821115ba is bound to host instance
2026-04-25 10:12:15.627 9 INFO neutron.db.ovn_revision_numbers_db [None req-f8f99b43-7dcf-4c2b-af25-52a17f8621ed 61a29ad2ebb840bfa90ac44cdca0b288 5d43380604b1489690a01f3df9474fa6 - - default default] Successfully bumped revision number for resource 4a928cef-b613-4bac-8ef5-a4faf57f7c9e (type: router_ports) to 1
2026-04-25 10:12:15.631 8 INFO neutron.plugins.ml2.drivers.ovn.mech_driver.mech_driver [None req-7f400e96-4feb-48dc-b8ae-2941b66de740 - - - - - -] OVN reports status up for port: 4a928cef-b613-4bac-8ef5-a4faf57f7c9e
2026-04-25 10:12:15.659 8 INFO neutron.plugins.ml2.plugin [None req-7f400e96-4feb-48dc-b8ae-2941b66de740 - - - - - -] Attempt 1 to provision port 4a928cef-b613-4bac-8ef5-a4faf57f7c9e
2026-04-25 10:12:15.700 9 INFO neutron.db.ovn_revision_numbers_db [None req-f8f99b43-7dcf-4c2b-af25-52a17f8621ed 61a29ad2ebb840bfa90ac44cdca0b288 5d43380604b1489690a01f3df9474fa6 - - default default] Successfully bumped revision number for resource aba01c5b-367d-4b2c-8fb6-56bb821115ba (type: routers) to 2 [pid: 9|app: 0|req: 1177/2414] 10.0.0.121 () {34 vars in 669 bytes} [Sat Apr 25 10:12:14 2026] POST /v2.0/routers => generated 945 bytes in 1323 msecs (HTTP/1.1 201) 4 headers in 162 bytes (1 switches on core 0) [pid: 9|app: 0|req: 1178/2415] 10.0.0.121 () {32 vars in 740 bytes} [Sat Apr 25 10:12:16 2026] DELETE /v2.0/security-groups/f9a619be-b0a4-43b3-9935-29b7f0b1ac99 => generated 0 bytes in 210 msecs (HTTP/1.1 204) 2 headers in 112 bytes (1 switches on core 0)
2026-04-25 10:12:16.830 8 WARNING neutron.scheduler.dhcp_agent_scheduler [None req-5846e093-83dd-4dee-a12b-d03535fd4de5 61a29ad2ebb840bfa90ac44cdca0b288 5d43380604b1489690a01f3df9474fa6 - - default default] No more DHCP agents
2026-04-25 10:12:16.839 8 WARNING neutron.api.rpc.agentnotifiers.dhcp_rpc_agent_api [None req-5846e093-83dd-4dee-a12b-d03535fd4de5 61a29ad2ebb840bfa90ac44cdca0b288 5d43380604b1489690a01f3df9474fa6 - - default default] Unable to schedule network 1c5c4938-a163-4322-92d8-731b794818ba: no agents available; will retry on subsequent port and subnet creation events.
2026-04-25 10:12:17.029 9 INFO neutron_taas.services.taas.taas_plugin [None req-45d98c10-f46c-46ba-8247-6219b703365f e19f983767d642ca820d0b05ae725f0d e68a9c23fb66444191ce65267202f940 - - default default] TaaS: Handle Delete Port: 0bbe0c6e-dc91-4d82-b874-36506e039dfa
2026-04-25 10:12:17.033 9 INFO neutron_taas.services.taas.tap_mirror_plugin [None req-45d98c10-f46c-46ba-8247-6219b703365f e19f983767d642ca820d0b05ae725f0d e68a9c23fb66444191ce65267202f940 - - default default] Tap Mirror: Handle Delete Port: 0bbe0c6e-dc91-4d82-b874-36506e039dfa
2026-04-25 10:12:17.105 8 INFO neutron.db.ovn_revision_numbers_db [None req-5846e093-83dd-4dee-a12b-d03535fd4de5 61a29ad2ebb840bfa90ac44cdca0b288 5d43380604b1489690a01f3df9474fa6 - - default default] Successfully bumped revision number for resource f5dd59a9-333c-40f3-85eb-27bb2e72156f (type: ports) to 1 [pid: 9|app: 0|req: 1179/2416] 10.0.0.121 () {34 vars in 789 bytes} [Sat Apr 25 10:12:16 2026] PUT /v2.0/routers/a6f96653-71e5-43d1-bbd4-804773104a6e/remove_router_interface => generated 309 bytes in 866 msecs (HTTP/1.1 200) 4 headers in 157 bytes (1 switches on core 0) /var/lib/openstack/lib/python3.12/site-packages/pycadf/identifier.py:70: UserWarning: Invalid uuid: neutron. To ensure interoperability, identifiers should be a valid uuid. warnings.warn(('Invalid uuid: %s. To ensure interoperability, ' [pid: 9|app: 0|req: 1180/2417] 10.0.0.121 () {32 vars in 724 bytes} [Sat Apr 25 10:12:17 2026] DELETE /v2.0/subnets/99b1e92b-8259-4ae8-820d-85ab0edd2de1 => generated 0 bytes in 180 msecs (HTTP/1.1 204) 3 headers in 131 bytes (1 switches on core 0)
2026-04-25 10:12:18.047 9 INFO neutron_taas.services.taas.taas_plugin [None req-e9108128-ca00-4204-ab09-3bb546375507 e19f983767d642ca820d0b05ae725f0d e68a9c23fb66444191ce65267202f940 - - default default] TaaS: Handle Delete Port: 3e853d10-55da-4be0-99cd-5f85acf66ec9
2026-04-25 10:12:18.051 9 INFO neutron_taas.services.taas.tap_mirror_plugin [None req-e9108128-ca00-4204-ab09-3bb546375507 e19f983767d642ca820d0b05ae725f0d e68a9c23fb66444191ce65267202f940 - - default default] Tap Mirror: Handle Delete Port: 3e853d10-55da-4be0-99cd-5f85acf66ec9 [pid: 9|app: 0|req: 1181/2418] 10.0.0.121 () {32 vars in 724 bytes} [Sat Apr 25 10:12:17 2026] DELETE /v2.0/routers/a6f96653-71e5-43d1-bbd4-804773104a6e => generated 0 bytes in 714 msecs (HTTP/1.1 204) 2 headers in 112 bytes (1 switches on core 0)
2026-04-25 10:12:18.497 8 INFO neutron.db.ovn_revision_numbers_db [None req-b016d3db-12c5-4746-83a9-2229e44fcc6f - - - - - -] Successfully bumped revision number for resource 4a928cef-b613-4bac-8ef5-a4faf57f7c9e (type: ports) to 4
2026-04-25 10:12:18.594 9 INFO neutron_taas.services.taas.taas_plugin [None req-645c829c-e4fb-400f-9bed-ac889677387a e19f983767d642ca820d0b05ae725f0d e68a9c23fb66444191ce65267202f940 - - default default] TaaS: Handle Delete Port: 25b3b96c-b72b-46e6-ae50-0b990d7a05cf
2026-04-25 10:12:18.596 9 INFO neutron_taas.services.taas.tap_mirror_plugin [None req-645c829c-e4fb-400f-9bed-ac889677387a e19f983767d642ca820d0b05ae725f0d e68a9c23fb66444191ce65267202f940 - - default default] Tap Mirror: Handle Delete Port: 25b3b96c-b72b-46e6-ae50-0b990d7a05cf
2026-04-25 10:12:18.766 9 INFO neutron.services.segments.plugin [-] Segment 8b26293f-8f1c-417f-ac7b-494319aa4c8b resource provider aggregate not found
2026-04-25 10:12:18.773 9 INFO neutron.services.segments.plugin [-] Segment 8b26293f-8f1c-417f-ac7b-494319aa4c8b resource provider aggregate not found
2026-04-25 10:12:18.796 9 INFO neutron.services.segments.plugin [-] Segment 8b26293f-8f1c-417f-ac7b-494319aa4c8b resource provider not found; error: Placement Client Error (4xx): {"errors": [{"status": 404, "title": "Not Found", "detail": "The resource could not be found.\n\n No resource provider with uuid 8b26293f-8f1c-417f-ac7b-494319aa4c8b found for delete ", "request_id": "req-d2fc63c6-f602-4358-b807-db2f6c804432"}]}
2026-04-25 10:12:18.800 9 INFO neutron.services.segments.plugin [-] Segment 8b26293f-8f1c-417f-ac7b-494319aa4c8b resource provider not found; error: Placement Client Error (4xx): {"errors": [{"status": 404, "title": "Not Found", "detail": "The resource could not be found.\n\n No resource provider with uuid 8b26293f-8f1c-417f-ac7b-494319aa4c8b found for delete ", "request_id": "req-bf63bf3b-dbca-4894-840a-d2fe6c2e9a18"}]} [pid: 9|app: 0|req: 1182/2419] 10.0.0.121 () {32 vars in 726 bytes} [Sat Apr 25 10:12:18 2026] DELETE /v2.0/networks/91015c7e-04c6-4995-8566-96026eb071fd => generated 0 bytes in 357 msecs (HTTP/1.1 204) 3 headers in 131 bytes (1 switches on core 0)
2026-04-25 10:12:18.884 8 INFO neutron.plugins.ml2.drivers.ovn.mech_driver.mech_driver [None req-7f400e96-4feb-48dc-b8ae-2941b66de740 - - - - - -] OVN reports status down for port: f5dd59a9-333c-40f3-85eb-27bb2e72156f
2026-04-25 10:12:19.421 8 INFO neutron.db.ovn_revision_numbers_db [None req-b016d3db-12c5-4746-83a9-2229e44fcc6f - - - - - -] Successfully bumped revision number for resource 4a928cef-b613-4bac-8ef5-a4faf57f7c9e (type: ports) to 5
2026-04-25 10:12:19.665 8 INFO neutron.plugins.ml2.drivers.ovn.mech_driver.mech_driver [None req-7f400e96-4feb-48dc-b8ae-2941b66de740 - - - - - -] OVN reports status up for port: f5dd59a9-333c-40f3-85eb-27bb2e72156f
2026-04-25 10:12:19.681 9 INFO neutron.db.ovn_revision_numbers_db [None req-0e826269-b2ce-4d3e-acb6-6b95f95eb767 eed2c32cdd6b4456b3c37b091fe9e257 3b90bb50363147bba7eb17e9d2701512 - - default default] Successfully bumped revision number for resource baa229c9-c2e5-4f38-9c25-2d267f64a635 (type: security_groups) to 1
2026-04-25 10:12:19.697 9 INFO neutron.db.ovn_revision_numbers_db [None req-0e826269-b2ce-4d3e-acb6-6b95f95eb767 eed2c32cdd6b4456b3c37b091fe9e257 3b90bb50363147bba7eb17e9d2701512 - - default default] Successfully bumped revision number for resource 0206930e-e78e-43f1-b4e7-5753567c6ba7 (type: security_group_rules) to 0
2026-04-25 10:12:19.707 8 INFO neutron.plugins.ml2.plugin [None req-7f400e96-4feb-48dc-b8ae-2941b66de740 - - - - - -] Attempt 1 to provision port f5dd59a9-333c-40f3-85eb-27bb2e72156f
2026-04-25 10:12:19.710 9 INFO neutron.db.ovn_revision_numbers_db [None req-0e826269-b2ce-4d3e-acb6-6b95f95eb767 eed2c32cdd6b4456b3c37b091fe9e257 3b90bb50363147bba7eb17e9d2701512 - - default default] Successfully bumped revision number for resource 13b05d5c-08c7-4e93-92f7-39b4457dfbb5 (type: security_group_rules) to 0
2026-04-25 10:12:19.722 9 INFO neutron.db.ovn_revision_numbers_db [None req-0e826269-b2ce-4d3e-acb6-6b95f95eb767 eed2c32cdd6b4456b3c37b091fe9e257 3b90bb50363147bba7eb17e9d2701512 - - default default] Successfully bumped revision number for resource ad8d314a-8986-45f1-a0ee-b452e8197de2 (type: security_group_rules) to 0
2026-04-25 10:12:19.734 9 INFO neutron.db.ovn_revision_numbers_db [None req-0e826269-b2ce-4d3e-acb6-6b95f95eb767 eed2c32cdd6b4456b3c37b091fe9e257 3b90bb50363147bba7eb17e9d2701512 - - default default] Successfully bumped revision number for resource f48252d0-e752-4d2f-ac50-12ac190ba30d (type: security_group_rules) to 0 [pid: 9|app: 0|req: 1183/2420] 10.0.0.121 () {32 vars in 774 bytes} [Sat Apr 25 10:12:19 2026] GET /v2.0/security-groups?tenant_id=9787e4b76a7f4679843f9e226ee0fff9&name=default => generated 2929 bytes in 317 msecs (HTTP/1.1 200) 4 headers in 158 bytes (1 switches on core 0)
2026-04-25 10:12:19.824 8 WARNING neutron.scheduler.dhcp_agent_scheduler [None req-5846e093-83dd-4dee-a12b-d03535fd4de5 61a29ad2ebb840bfa90ac44cdca0b288 5d43380604b1489690a01f3df9474fa6 - - default default] No more DHCP agents
2026-04-25 10:12:19.827 8 WARNING neutron.api.rpc.agentnotifiers.dhcp_rpc_agent_api [None req-5846e093-83dd-4dee-a12b-d03535fd4de5 61a29ad2ebb840bfa90ac44cdca0b288 5d43380604b1489690a01f3df9474fa6 - - default default] Unable to schedule network 1c5c4938-a163-4322-92d8-731b794818ba: no agents available; will retry on subsequent port and subnet creation events. [pid: 9|app: 0|req: 1184/2421] 10.0.0.121 () {32 vars in 740 bytes} [Sat Apr 25 10:12:19 2026] DELETE /v2.0/security-groups/baa229c9-c2e5-4f38-9c25-2d267f64a635 => generated 0 bytes in 244 msecs (HTTP/1.1 204) 2 headers in 112 bytes (1 switches on core 0) [pid: 9|app: 0|req: 1185/2422] 10.0.0.121 () {32 vars in 774 bytes} [Sat Apr 25 10:12:20 2026] GET /v2.0/security-groups?tenant_id=e68a9c23fb66444191ce65267202f940&name=default => generated 2925 bytes in 36 msecs (HTTP/1.1 200) 4 headers in 158 bytes (1 switches on core 0) [pid: 9|app: 0|req: 1186/2423] 10.0.0.121 () {32 vars in 740 bytes} [Sat Apr 25 10:12:20 2026] DELETE /v2.0/security-groups/9edeb101-cc25-46bd-95f5-841ccbb6d0af => generated 0 bytes in 279 msecs (HTTP/1.1 204) 2 headers in 112 bytes (1 switches on core 0)
2026-04-25 10:12:20.433 8 INFO neutron.db.ovn_revision_numbers_db [None req-7f400e96-4feb-48dc-b8ae-2941b66de740 - - - - - -] Successfully bumped revision number for resource f5dd59a9-333c-40f3-85eb-27bb2e72156f (type: ports) to 2
2026-04-25 10:12:20.674 8 INFO neutron.db.ovn_revision_numbers_db [None req-5846e093-83dd-4dee-a12b-d03535fd4de5 61a29ad2ebb840bfa90ac44cdca0b288 5d43380604b1489690a01f3df9474fa6 - - default default] Successfully bumped revision number for resource f5dd59a9-333c-40f3-85eb-27bb2e72156f (type: router_ports) to 1 [pid: 8|app: 0|req: 1238/2424] 10.0.0.121 () {34 vars in 783 bytes} [Sat Apr 25 10:12:15 2026] PUT /v2.0/routers/aba01c5b-367d-4b2c-8fb6-56bb821115ba/add_router_interface => generated 309 bytes in 4955 msecs (HTTP/1.1 200) 4 headers in 157 bytes (1 switches on core 0)
2026-04-25 10:12:21.196 9 WARNING neutron.scheduler.dhcp_agent_scheduler [None req-4d76d14a-a8b8-43ae-9aaa-77b590736032 61a29ad2ebb840bfa90ac44cdca0b288 5d43380604b1489690a01f3df9474fa6 - - default default] No more DHCP agents
2026-04-25 10:12:21.197 9 WARNING neutron.api.rpc.agentnotifiers.dhcp_rpc_agent_api [None req-4d76d14a-a8b8-43ae-9aaa-77b590736032 61a29ad2ebb840bfa90ac44cdca0b288 5d43380604b1489690a01f3df9474fa6 - - default default] Unable to schedule network 0e47bb16-1eb9-4cbb-9de6-087bf7c79de7: no agents available; will retry on subsequent port and subnet creation events.
2026-04-25 10:12:21.342 9 INFO neutron.db.ovn_revision_numbers_db [None req-4d76d14a-a8b8-43ae-9aaa-77b590736032 61a29ad2ebb840bfa90ac44cdca0b288 5d43380604b1489690a01f3df9474fa6 - - default default] Successfully bumped revision number for resource 2e16f1a6-cbd8-46a3-be06-76e0654082f1 (type: ports) to 1
2026-04-25 10:12:22.040 9 WARNING neutron.scheduler.dhcp_agent_scheduler [None req-4d76d14a-a8b8-43ae-9aaa-77b590736032 61a29ad2ebb840bfa90ac44cdca0b288 5d43380604b1489690a01f3df9474fa6 - - default default] No more DHCP agents
2026-04-25 10:12:22.041 9 WARNING neutron.api.rpc.agentnotifiers.dhcp_rpc_agent_api [None req-4d76d14a-a8b8-43ae-9aaa-77b590736032 61a29ad2ebb840bfa90ac44cdca0b288 5d43380604b1489690a01f3df9474fa6 - - default default] Unable to schedule network 0e47bb16-1eb9-4cbb-9de6-087bf7c79de7: no agents available; will retry on subsequent port and subnet creation events.
2026-04-25 10:12:22.316 9 INFO neutron.db.ovn_revision_numbers_db [None req-4d76d14a-a8b8-43ae-9aaa-77b590736032 61a29ad2ebb840bfa90ac44cdca0b288 5d43380604b1489690a01f3df9474fa6 - - default default] Successfully bumped revision number for resource 2e16f1a6-cbd8-46a3-be06-76e0654082f1 (type: router_ports) to 1 [pid: 9|app: 0|req: 1187/2425] 10.0.0.121 () {34 vars in 783 bytes} [Sat Apr 25 10:12:20 2026] PUT /v2.0/routers/aba01c5b-367d-4b2c-8fb6-56bb821115ba/add_router_interface => generated 309 bytes in 1637 msecs (HTTP/1.1 200) 4 headers in 157 bytes (1 switches on core 0)
2026-04-25 10:12:22.845 8 WARNING neutron.scheduler.dhcp_agent_scheduler [None req-5cf2d201-b533-4502-9def-a0393564c549 61a29ad2ebb840bfa90ac44cdca0b288 5d43380604b1489690a01f3df9474fa6 - - default default] No more DHCP agents
2026-04-25 10:12:22.846 8 WARNING neutron.api.rpc.agentnotifiers.dhcp_rpc_agent_api [None req-5cf2d201-b533-4502-9def-a0393564c549 61a29ad2ebb840bfa90ac44cdca0b288 5d43380604b1489690a01f3df9474fa6 - - default default] Unable to schedule network 0012b028-74f2-44f5-8f47-dbadcf758abe: no agents available; will retry on subsequent port and subnet creation events.
2026-04-25 10:12:22.991 8 INFO neutron.db.ovn_revision_numbers_db [None req-5cf2d201-b533-4502-9def-a0393564c549 61a29ad2ebb840bfa90ac44cdca0b288 5d43380604b1489690a01f3df9474fa6 - - default default] Successfully bumped revision number for resource b5b0d688-71dc-4033-86df-45ce588cf9ae (type: ports) to 1
2026-04-25 10:12:23.706 8 WARNING neutron.scheduler.dhcp_agent_scheduler [None req-5cf2d201-b533-4502-9def-a0393564c549 61a29ad2ebb840bfa90ac44cdca0b288 5d43380604b1489690a01f3df9474fa6 - - default default] No more DHCP agents
2026-04-25 10:12:23.708 8 WARNING neutron.api.rpc.agentnotifiers.dhcp_rpc_agent_api [None req-5cf2d201-b533-4502-9def-a0393564c549 61a29ad2ebb840bfa90ac44cdca0b288 5d43380604b1489690a01f3df9474fa6 - - default default] Unable to schedule network 0012b028-74f2-44f5-8f47-dbadcf758abe: no agents available; will retry on subsequent port and subnet creation events.
2026-04-25 10:12:24.109 8 INFO neutron.db.ovn_revision_numbers_db [None req-5cf2d201-b533-4502-9def-a0393564c549 61a29ad2ebb840bfa90ac44cdca0b288 5d43380604b1489690a01f3df9474fa6 - - default default] Successfully bumped revision number for resource b5b0d688-71dc-4033-86df-45ce588cf9ae (type: router_ports) to 1 [pid: 8|app: 0|req: 1239/2428] 10.0.0.121 () {34 vars in 783 bytes} [Sat Apr 25 10:12:22 2026] PUT /v2.0/routers/aba01c5b-367d-4b2c-8fb6-56bb821115ba/add_router_interface => generated 309 bytes in 1788 msecs (HTTP/1.1 200) 4 headers in 157 bytes (1 switches on core 0)
2026-04-25 10:12:24.314 9 INFO neutron.db.ovn_revision_numbers_db [None req-96652788-19b6-4c66-aa15-5ada5c9f32b2 61a29ad2ebb840bfa90ac44cdca0b288 5d43380604b1489690a01f3df9474fa6 - - default default] Successfully bumped revision number for resource eab15a2f-1912-4c2d-a85d-5f8998a6d9dc (type: security_groups) to 1
2026-04-25 10:12:24.331 9 INFO neutron.db.ovn_revision_numbers_db [None req-96652788-19b6-4c66-aa15-5ada5c9f32b2 61a29ad2ebb840bfa90ac44cdca0b288 5d43380604b1489690a01f3df9474fa6 - - default default] Successfully bumped revision number for resource 1c693145-6122-47d0-8a35-c67d20eb5718 (type: security_group_rules) to 0
2026-04-25 10:12:24.344 9 INFO neutron.db.ovn_revision_numbers_db [None req-96652788-19b6-4c66-aa15-5ada5c9f32b2 61a29ad2ebb840bfa90ac44cdca0b288 5d43380604b1489690a01f3df9474fa6 - - default default] Successfully bumped revision number for resource 22198a7e-29a0-4678-b827-90bf2349329a (type: security_group_rules) to 0 [pid: 9|app: 0|req: 1190/2429] 10.0.0.121 () {34 vars in 684 bytes} [Sat Apr 25 10:12:24 2026] POST /v2.0/security-groups => generated 1630 bytes in 220 msecs (HTTP/1.1 201) 4 headers in 163 bytes (1 switches on core 0)
2026-04-25 10:12:24.562 8 INFO neutron.db.ovn_revision_numbers_db [None req-c4c596e5-4904-4324-ba8d-408ae2725253 61a29ad2ebb840bfa90ac44cdca0b288 5d43380604b1489690a01f3df9474fa6 - - default default] Successfully bumped revision number for resource f2bff95c-be0e-48c7-a1df-f3c16f813870 (type: security_group_rules) to 0 [pid: 8|app: 0|req: 1240/2430] 10.0.0.121 () {34 vars in 695 bytes} [Sat Apr 25 10:12:24 2026] POST /v2.0/security-group-rules => generated 597 bytes in 202 msecs (HTTP/1.1 201) 4 headers in 162 bytes (1 switches on core 0)
2026-04-25 10:12:24.720 8 INFO neutron.db.ovn_revision_numbers_db [None req-da70f2fc-98ab-4228-b920-72ef88107aa9 61a29ad2ebb840bfa90ac44cdca0b288 5d43380604b1489690a01f3df9474fa6 - - default default] Successfully bumped revision number for resource 8a8f3fc6-0996-449e-bb41-880ac480fab0 (type: security_group_rules) to 0 [pid: 8|app: 0|req: 1241/2431] 10.0.0.121 () {34 vars in 695 bytes} [Sat Apr 25 10:12:24 2026] POST /v2.0/security-group-rules => generated 597 bytes in 154 msecs (HTTP/1.1 201) 4 headers in 162 bytes (1 switches on core 0)
2026-04-25 10:12:24.880 8 INFO neutron.db.ovn_revision_numbers_db [None req-d2b927fe-143a-45f8-a29c-b06c71ee51d2 61a29ad2ebb840bfa90ac44cdca0b288 5d43380604b1489690a01f3df9474fa6 - - default default] Successfully bumped revision number for resource f993c38f-311e-4f0e-af54-d195cf127794 (type: security_group_rules) to 0
2026-04-25 10:12:24.898 9 WARNING neutron.scheduler.dhcp_agent_scheduler [None req-ecde3839-aac6-4705-94b9-2e999150fcd1 e547fd0d124043969323b708ebed1c38 8132e1a12112422b801b09d4e28e9bbc - - default default] No more DHCP agents
2026-04-25 10:12:24.900 9 WARNING neutron.api.rpc.agentnotifiers.dhcp_rpc_agent_api [None req-ecde3839-aac6-4705-94b9-2e999150fcd1 e547fd0d124043969323b708ebed1c38 8132e1a12112422b801b09d4e28e9bbc - - default default] Unable to schedule network 33d893ab-9056-457c-8bdb-153f084b94c1: no agents available; will retry on subsequent port and subnet creation events. [pid: 8|app: 0|req: 1242/2432] 10.0.0.121 () {34 vars in 695 bytes} [Sat Apr 25 10:12:24 2026] POST /v2.0/security-group-rules => generated 599 bytes in 150 msecs (HTTP/1.1 201) 4 headers in 162 bytes (1 switches on core 0)
2026-04-25 10:12:25.037 8 INFO neutron.db.ovn_revision_numbers_db [None req-42413f38-3f6a-4330-86a1-3b466983ec07 61a29ad2ebb840bfa90ac44cdca0b288 5d43380604b1489690a01f3df9474fa6 - - default default] Successfully bumped revision number for resource 3f78b448-8acb-42c4-90ee-f4af4be3612d (type: security_group_rules) to 0 [pid: 8|app: 0|req: 1243/2433] 10.0.0.121 () {34 vars in 695 bytes} [Sat Apr 25 10:12:24 2026] POST /v2.0/security-group-rules => generated 601 bytes in 156 msecs (HTTP/1.1 201) 4 headers in 162 bytes (1 switches on core 0)
2026-04-25 10:12:25.209 8 INFO neutron.db.ovn_revision_numbers_db [None req-d3ed9342-8c39-401a-9bd6-cf55c5e49e35 61a29ad2ebb840bfa90ac44cdca0b288 5d43380604b1489690a01f3df9474fa6 - - default default] Successfully bumped revision number for resource 4874aa5b-b006-4517-9a14-809c995f47fe (type: security_group_rules) to 0 [pid: 9|app: 0|req: 1191/2434] 10.0.0.121 () {34 vars in 676 bytes} [Sat Apr 25 10:12:24 2026] POST /v2.0/floatingips => generated 552 bytes in 735 msecs (HTTP/1.1 201) 4 headers in 162 bytes (1 switches on core 0) [pid: 8|app: 0|req: 1244/2435] 10.0.0.121 () {34 vars in 695 bytes} [Sat Apr 25 10:12:25 2026] POST /v2.0/security-group-rules => generated 601 bytes in 183 msecs (HTTP/1.1 201) 4 headers in 162 bytes (1 switches on core 0)
2026-04-25 10:12:25.420 9 INFO neutron.db.ovn_revision_numbers_db [None req-17f4e796-b0ec-4ce5-a3e4-b2265a412998 61a29ad2ebb840bfa90ac44cdca0b288 5d43380604b1489690a01f3df9474fa6 - - default default] Successfully bumped revision number for resource 965912ac-dda9-4a09-a6e4-4062f1f28b93 (type: security_group_rules) to 0 [pid: 9|app: 0|req: 1192/2436] 10.0.0.121 () {34 vars in 695 bytes} [Sat Apr 25 10:12:25 2026] POST /v2.0/security-group-rules => generated 597 bytes in 191 msecs (HTTP/1.1 201) 4 headers in 162 bytes (1 switches on core 0)
2026-04-25 10:12:25.514 8 WARNING neutron.scheduler.dhcp_agent_scheduler [None req-ec6deb64-1c48-4665-b1eb-316e86ced8c1 e547fd0d124043969323b708ebed1c38 8132e1a12112422b801b09d4e28e9bbc - - default default] No more DHCP agents
2026-04-25 10:12:25.515 8 WARNING neutron.api.rpc.agentnotifiers.dhcp_rpc_agent_api [None req-ec6deb64-1c48-4665-b1eb-316e86ced8c1 e547fd0d124043969323b708ebed1c38 8132e1a12112422b801b09d4e28e9bbc - - default default] Unable to schedule network 33d893ab-9056-457c-8bdb-153f084b94c1: no agents available; will retry on subsequent port and subnet creation events.
