2026-04-25 10:11:44.444 7 INFO placement.requestlog [None req-0d7b9822-893a-4dd7-8536-97f9a3377100 5cffb3d3f6f04c66bf799654e04bcd2d bcc22968bb3f4ef988d887de4be464c7 - - 4113b1e3077f47afa46d937e75df1d48 4113b1e3077f47afa46d937e75df1d48] 10.0.0.67 "DELETE /resource_providers/f69edd89-6a10-4f3a-8247-d19da72672ce" status: 404 len: 246 microversion: 1.1 [pid: 7|app: 0|req: 343/679] 10.0.0.67 () {34 vars in 815 bytes} [Sat Apr 25 10:11:44 2026] DELETE /resource_providers/f69edd89-6a10-4f3a-8247-d19da72672ce => generated 246 bytes in 8 msecs (HTTP/1.1 404) 6 headers in 231 bytes (1 switches on core 0)
2026-04-25 10:11:44.462 6 INFO placement.requestlog [None req-810e6f96-acd2-46fb-b47b-f6262e4525c4 5cffb3d3f6f04c66bf799654e04bcd2d bcc22968bb3f4ef988d887de4be464c7 - - 4113b1e3077f47afa46d937e75df1d48 4113b1e3077f47afa46d937e75df1d48] 10.0.0.67 "DELETE /resource_providers/f69edd89-6a10-4f3a-8247-d19da72672ce" status: 404 len: 246 microversion: 1.1 [pid: 6|app: 0|req: 337/680] 10.0.0.67 () {34 vars in 815 bytes} [Sat Apr 25 10:11:44 2026] DELETE /resource_providers/f69edd89-6a10-4f3a-8247-d19da72672ce => generated 246 bytes in 14 msecs (HTTP/1.1 404) 6 headers in 231 bytes (1 switches on core 0)
2026-04-25 10:11:46.615 7 INFO placement.requestlog [req-0e2860ce-835e-494a-9582-4e3da057f466 req-cbb3a75a-bf6c-467d-b198-50428a43c087 56d9d774929a489c9b83849742c3a73c bcc22968bb3f4ef988d887de4be464c7 - - 4113b1e3077f47afa46d937e75df1d48 4113b1e3077f47afa46d937e75df1d48] 199.204.45.141 "GET /resource_providers/d07aa128-071c-47b7-8470-219ac6d8e8aa/allocations" status: 200 len: 253 microversion: 1.0 [pid: 7|app: 0|req: 344/681] 199.204.45.141 () {32 vars in 857 bytes} [Sat Apr 25 10:11:46 2026] GET /resource_providers/d07aa128-071c-47b7-8470-219ac6d8e8aa/allocations => generated 253 bytes in 193 msecs (HTTP/1.1 200) 6 headers in 224 bytes (1 switches on core 0)
2026-04-25 10:11:46.644 6 INFO placement.requestlog [req-0e2860ce-835e-494a-9582-4e3da057f466 req-56a440c7-4bd4-4e6e-86b7-bb269c52a141 56d9d774929a489c9b83849742c3a73c bcc22968bb3f4ef988d887de4be464c7 - - 4113b1e3077f47afa46d937e75df1d48 4113b1e3077f47afa46d937e75df1d48] 199.204.45.141 "GET /resource_providers?in_tree=d07aa128-071c-47b7-8470-219ac6d8e8aa" status: 200 len: 798 microversion: 1.14 [pid: 6|app: 0|req: 338/682] 199.204.45.141 () {34 vars in 892 bytes} [Sat Apr 25 10:11:46 2026] GET /resource_providers?in_tree=d07aa128-071c-47b7-8470-219ac6d8e8aa => generated 798 bytes in 21 msecs (HTTP/1.1 200) 6 headers in 225 bytes (1 switches on core 0)
2026-04-25 10:11:46.667 7 INFO placement.requestlog [req-0e2860ce-835e-494a-9582-4e3da057f466 req-d23f1061-1848-43ec-b551-27d1c052ffe8 56d9d774929a489c9b83849742c3a73c bcc22968bb3f4ef988d887de4be464c7 - - 4113b1e3077f47afa46d937e75df1d48 4113b1e3077f47afa46d937e75df1d48] 199.204.45.141 "GET /resource_providers/d07aa128-071c-47b7-8470-219ac6d8e8aa/inventories" status: 200 len: 401 microversion: 1.0 [pid: 7|app: 0|req: 345/683] 199.204.45.141 () {32 vars in 857 bytes} [Sat Apr 25 10:11:46 2026] GET /resource_providers/d07aa128-071c-47b7-8470-219ac6d8e8aa/inventories => generated 401 bytes in 17 msecs (HTTP/1.1 200) 6 headers in 224 bytes (1 switches on core 0)
2026-04-25 10:11:46.700 6 INFO placement.requestlog [req-0e2860ce-835e-494a-9582-4e3da057f466 req-65803b76-b25c-4396-bf18-c33f831407f3 56d9d774929a489c9b83849742c3a73c bcc22968bb3f4ef988d887de4be464c7 - - 4113b1e3077f47afa46d937e75df1d48 4113b1e3077f47afa46d937e75df1d48] 199.204.45.141 "GET /resource_providers/d07aa128-071c-47b7-8470-219ac6d8e8aa/aggregates" status: 200 len: 54 microversion: 1.19 [pid: 6|app: 0|req: 339/684] 199.204.45.141 () {34 vars in 899 bytes} [Sat Apr 25 10:11:46 2026] GET /resource_providers/d07aa128-071c-47b7-8470-219ac6d8e8aa/aggregates => generated 54 bytes in 29 msecs (HTTP/1.1 200) 8 headers in 295 bytes (1 switches on core 0)
2026-04-25 10:11:46.730 7 INFO placement.requestlog [req-0e2860ce-835e-494a-9582-4e3da057f466 req-6bf0de66-ec3e-4fd0-b691-19abbcd3c9e2 56d9d774929a489c9b83849742c3a73c bcc22968bb3f4ef988d887de4be464c7 - - 4113b1e3077f47afa46d937e75df1d48 4113b1e3077f47afa46d937e75df1d48] 199.204.45.141 "GET /resource_providers/d07aa128-071c-47b7-8470-219ac6d8e8aa/traits" status: 200 len: 2317 microversion: 1.6 [pid: 7|app: 0|req: 346/685] 199.204.45.141 () {34 vars in 890 bytes} [Sat Apr 25 10:11:46 2026] GET /resource_providers/d07aa128-071c-47b7-8470-219ac6d8e8aa/traits => generated 2317 bytes in 25 msecs (HTTP/1.1 200) 6 headers in 225 bytes (1 switches on core 0)
2026-04-25 10:11:46.754 6 INFO placement.requestlog [req-0e2860ce-835e-494a-9582-4e3da057f466 req-46cb533a-b62f-42a1-822a-95a5cdf08ec4 56d9d774929a489c9b83849742c3a73c bcc22968bb3f4ef988d887de4be464c7 - - 4113b1e3077f47afa46d937e75df1d48 4113b1e3077f47afa46d937e75df1d48] 199.204.45.141 "GET /resource_providers/d07aa128-071c-47b7-8470-219ac6d8e8aa/allocations" status: 200 len: 253 microversion: 1.0 [pid: 6|app: 0|req: 340/686] 199.204.45.141 () {32 vars in 857 bytes} [Sat Apr 25 10:11:46 2026] GET /resource_providers/d07aa128-071c-47b7-8470-219ac6d8e8aa/allocations => generated 253 bytes in 17 msecs (HTTP/1.1 200) 6 headers in 224 bytes (1 switches on core 0)
2026-04-25 10:11:46.771 7 INFO placement.requestlog [req-0e2860ce-835e-494a-9582-4e3da057f466 req-c6f6dc29-7b77-4c16-82e9-81d2a6453eed 56d9d774929a489c9b83849742c3a73c bcc22968bb3f4ef988d887de4be464c7 - - 4113b1e3077f47afa46d937e75df1d48 4113b1e3077f47afa46d937e75df1d48] 199.204.45.141 "GET /allocations/d593bf23-2eab-47c1-9c1e-4687f0894c50" status: 200 len: 258 microversion: 1.28 [pid: 7|app: 0|req: 347/687] 199.204.45.141 () {34 vars in 863 bytes} [Sat Apr 25 10:11:46 2026] GET /allocations/d593bf23-2eab-47c1-9c1e-4687f0894c50 => generated 258 bytes in 13 msecs (HTTP/1.1 200) 8 headers in 296 bytes (1 switches on core 0)
2026-04-25 10:11:46.809 6 INFO placement.requestlog [req-0e2860ce-835e-494a-9582-4e3da057f466 req-5ef48cbd-f5fa-416c-bdb1-9f56d5430dda 56d9d774929a489c9b83849742c3a73c bcc22968bb3f4ef988d887de4be464c7 - - 4113b1e3077f47afa46d937e75df1d48 4113b1e3077f47afa46d937e75df1d48] 199.204.45.141 "GET /allocations/76addb22-d149-474c-81da-37bb6baf04ed" status: 200 len: 258 microversion: 1.28 [pid: 6|app: 0|req: 341/688] 199.204.45.141 () {34 vars in 863 bytes} [Sat Apr 25 10:11:46 2026] GET /allocations/76addb22-d149-474c-81da-37bb6baf04ed => generated 258 bytes in 34 msecs (HTTP/1.1 200) 8 headers in 296 bytes (1 switches on core 0)
2026-04-25 10:11:48.686 7 INFO placement.requestlog [None req-5ed1037e-170d-4c48-ad58-e6c5a1bc4b11 5cffb3d3f6f04c66bf799654e04bcd2d bcc22968bb3f4ef988d887de4be464c7 - - 4113b1e3077f47afa46d937e75df1d48 4113b1e3077f47afa46d937e75df1d48] 10.0.0.67 "GET /resource_providers/9b46e4d7-9843-4b6d-9e45-1804c8504e36/aggregates" status: 404 len: 235 microversion: 1.1 [pid: 7|app: 0|req: 348/689] 10.0.0.67 () {32 vars in 815 bytes} [Sat Apr 25 10:11:48 2026] GET /resource_providers/9b46e4d7-9843-4b6d-9e45-1804c8504e36/aggregates => generated 235 bytes in 10 msecs (HTTP/1.1 404) 5 headers in 202 bytes (1 switches on core 0)
2026-04-25 10:11:48.693 6 INFO placement.requestlog [None req-bf34abf5-a6aa-4248-a225-5e48bb7a70b2 5cffb3d3f6f04c66bf799654e04bcd2d bcc22968bb3f4ef988d887de4be464c7 - - 4113b1e3077f47afa46d937e75df1d48 4113b1e3077f47afa46d937e75df1d48] 10.0.0.67 "GET /resource_providers/9b46e4d7-9843-4b6d-9e45-1804c8504e36/aggregates" status: 404 len: 235 microversion: 1.1 [pid: 6|app: 0|req: 342/690] 10.0.0.67 () {32 vars in 815 bytes} [Sat Apr 25 10:11:48 2026] GET /resource_providers/9b46e4d7-9843-4b6d-9e45-1804c8504e36/aggregates => generated 235 bytes in 12 msecs (HTTP/1.1 404) 5 headers in 202 bytes (1 switches on core 0)
2026-04-25 10:11:48.704 7 INFO placement.requestlog [None req-bfdfa3f9-9447-47e0-aeb0-5a441deca802 5cffb3d3f6f04c66bf799654e04bcd2d bcc22968bb3f4ef988d887de4be464c7 - - 4113b1e3077f47afa46d937e75df1d48 4113b1e3077f47afa46d937e75df1d48] 10.0.0.67 "DELETE /resource_providers/9b46e4d7-9843-4b6d-9e45-1804c8504e36" status: 404 len: 246 microversion: 1.1 [pid: 7|app: 0|req: 349/691] 10.0.0.67 () {34 vars in 815 bytes} [Sat Apr 25 10:11:48 2026] DELETE /resource_providers/9b46e4d7-9843-4b6d-9e45-1804c8504e36 => generated 246 bytes in 6 msecs (HTTP/1.1 404) 6 headers in 231 bytes (1 switches on core 0)
2026-04-25 10:11:48.730 6 INFO placement.requestlog [None req-4462e788-6ba1-4120-a5be-e2810145a965 5cffb3d3f6f04c66bf799654e04bcd2d bcc22968bb3f4ef988d887de4be464c7 - - 4113b1e3077f47afa46d937e75df1d48 4113b1e3077f47afa46d937e75df1d48] 10.0.0.67 "DELETE /resource_providers/9b46e4d7-9843-4b6d-9e45-1804c8504e36" status: 404 len: 246 microversion: 1.1 [pid: 6|app: 0|req: 343/692] 10.0.0.67 () {34 vars in 815 bytes} [Sat Apr 25 10:11:48 2026] DELETE /resource_providers/9b46e4d7-9843-4b6d-9e45-1804c8504e36 => generated 246 bytes in 21 msecs (HTTP/1.1 404) 6 headers in 231 bytes (1 switches on core 0)
2026-04-25 10:11:48.891 7 INFO placement.requestlog [None req-5ee3d43e-5e5f-47cf-850a-53d6bba7c40f - - - - - -] 10.0.0.3 "GET /" status: 200 len: 136 microversion: 1.0
2026-04-25 10:11:48.891 6 INFO placement.requestlog [None req-28bf2e61-9287-439e-9d3c-d28407739bbf - - - - - -] 10.0.0.3 "GET /" status: 200 len: 136 microversion: 1.0
2026-04-25 10:11:53.350 6 INFO placement.requestlog [None req-0e93a333-9632-4f16-bfda-5cd0b0887de6 5cffb3d3f6f04c66bf799654e04bcd2d bcc22968bb3f4ef988d887de4be464c7 - - 4113b1e3077f47afa46d937e75df1d48 4113b1e3077f47afa46d937e75df1d48] 10.0.0.67 "GET /resource_providers/375439b1-8ef2-44ad-a697-853f32d1ed61/aggregates" status: 404 len: 235 microversion: 1.1 [pid: 6|app: 0|req: 345/695] 10.0.0.67 () {32 vars in 815 bytes} [Sat Apr 25 10:11:53 2026] GET /resource_providers/375439b1-8ef2-44ad-a697-853f32d1ed61/aggregates => generated 235 bytes in 12 msecs (HTTP/1.1 404) 5 headers in 202 bytes (1 switches on core 0)
2026-04-25 10:11:53.351 7 INFO placement.requestlog [None req-bee3a8c3-4217-4073-a70a-754966e5e2a5 5cffb3d3f6f04c66bf799654e04bcd2d bcc22968bb3f4ef988d887de4be464c7 - - 4113b1e3077f47afa46d937e75df1d48 4113b1e3077f47afa46d937e75df1d48] 10.0.0.67 "GET /resource_providers/375439b1-8ef2-44ad-a697-853f32d1ed61/aggregates" status: 404 len: 235 microversion: 1.1 [pid: 7|app: 0|req: 351/696] 10.0.0.67 () {32 vars in 815 bytes} [Sat Apr 25 10:11:53 2026] GET /resource_providers/375439b1-8ef2-44ad-a697-853f32d1ed61/aggregates => generated 235 bytes in 17 msecs (HTTP/1.1 404) 5 headers in 202 bytes (1 switches on core 0)
2026-04-25 10:11:53.395 6 INFO placement.requestlog [None req-1d368b2d-da61-4bc9-96e6-f6d049f761cb 5cffb3d3f6f04c66bf799654e04bcd2d bcc22968bb3f4ef988d887de4be464c7 - - 4113b1e3077f47afa46d937e75df1d48 4113b1e3077f47afa46d937e75df1d48] 10.0.0.67 "DELETE /resource_providers/375439b1-8ef2-44ad-a697-853f32d1ed61" status: 404 len: 246 microversion: 1.1
2026-04-25 10:11:53.395 7 INFO placement.requestlog [None req-dbc21986-0eb9-413c-a017-6fb9c53235cd 5cffb3d3f6f04c66bf799654e04bcd2d bcc22968bb3f4ef988d887de4be464c7 - - 4113b1e3077f47afa46d937e75df1d48 4113b1e3077f47afa46d937e75df1d48] 10.0.0.67 "DELETE /resource_providers/375439b1-8ef2-44ad-a697-853f32d1ed61" status: 404 len: 246 microversion: 1.1 [pid: 6|app: 0|req: 346/697] 10.0.0.67 () {34 vars in 815 bytes} [Sat Apr 25 10:11:53 2026] DELETE /resource_providers/375439b1-8ef2-44ad-a697-853f32d1ed61 => generated 246 bytes in 10 msecs (HTTP/1.1 404) 6 headers in 231 bytes (1 switches on core 0) [pid: 7|app: 0|req: 352/698] 10.0.0.67 () {34 vars in 815 bytes} [Sat Apr 25 10:11:53 2026] DELETE /resource_providers/375439b1-8ef2-44ad-a697-853f32d1ed61 => generated 246 bytes in 10 msecs (HTTP/1.1 404) 6 headers in 231 bytes (1 switches on core 0)
2026-04-25 10:11:58.892 6 INFO placement.requestlog [None req-6b734dde-8179-4317-becb-54ef8051c365 - - - - - -] 10.0.0.3 "GET /" status: 200 len: 136 microversion: 1.0
2026-04-25 10:11:58.892 7 INFO placement.requestlog [None req-ebc04b38-b858-4a54-b831-08b3daf786c5 - - - - - -] 10.0.0.3 "GET /" status: 200 len: 136 microversion: 1.0
2026-04-25 10:12:01.954 6 INFO placement.requestlog [None req-142d6e3f-daa5-4727-b940-d983aaec31ba 5cffb3d3f6f04c66bf799654e04bcd2d bcc22968bb3f4ef988d887de4be464c7 - - 4113b1e3077f47afa46d937e75df1d48 4113b1e3077f47afa46d937e75df1d48] 10.0.0.67 "GET /resource_providers/a84743fb-cec2-4967-bbba-ffbe8fe66cd9/aggregates" status: 404 len: 235 microversion: 1.1 [pid: 6|app: 0|req: 348/701] 10.0.0.67 () {32 vars in 815 bytes} [Sat Apr 25 10:12:01 2026] GET /resource_providers/a84743fb-cec2-4967-bbba-ffbe8fe66cd9/aggregates => generated 235 bytes in 13 msecs (HTTP/1.1 404) 5 headers in 202 bytes (1 switches on core 0)
2026-04-25 10:12:01.956 7 INFO placement.requestlog [None req-e7ef304a-35b8-46ed-a384-70bb305fde81 5cffb3d3f6f04c66bf799654e04bcd2d bcc22968bb3f4ef988d887de4be464c7 - - 4113b1e3077f47afa46d937e75df1d48 4113b1e3077f47afa46d937e75df1d48] 10.0.0.67 "GET /resource_providers/a84743fb-cec2-4967-bbba-ffbe8fe66cd9/aggregates" status: 404 len: 235 microversion: 1.1 [pid: 7|app: 0|req: 354/702] 10.0.0.67 () {32 vars in 815 bytes} [Sat Apr 25 10:12:01 2026] GET /resource_providers/a84743fb-cec2-4967-bbba-ffbe8fe66cd9/aggregates => generated 235 bytes in 14 msecs (HTTP/1.1 404) 5 headers in 202 bytes (1 switches on core 0)
2026-04-25 10:12:01.979 6 INFO placement.requestlog [None req-cc4aad93-f7bf-45a3-b411-fe717f5cd585 5cffb3d3f6f04c66bf799654e04bcd2d bcc22968bb3f4ef988d887de4be464c7 - - 4113b1e3077f47afa46d937e75df1d48 4113b1e3077f47afa46d937e75df1d48] 10.0.0.67 "DELETE /resource_providers/a84743fb-cec2-4967-bbba-ffbe8fe66cd9" status: 404 len: 246 microversion: 1.1 [pid: 6|app: 0|req: 349/703] 10.0.0.67 () {34 vars in 815 bytes} [Sat Apr 25 10:12:01 2026] DELETE /resource_providers/a84743fb-cec2-4967-bbba-ffbe8fe66cd9 => generated 246 bytes in 14 msecs (HTTP/1.1 404) 6 headers in 231 bytes (1 switches on core 0)
2026-04-25 10:12:01.982 7 INFO placement.requestlog [None req-fa325385-b63d-484c-9eff-63a6d8194883 5cffb3d3f6f04c66bf799654e04bcd2d bcc22968bb3f4ef988d887de4be464c7 - - 4113b1e3077f47afa46d937e75df1d48 4113b1e3077f47afa46d937e75df1d48] 10.0.0.67 "DELETE /resource_providers/a84743fb-cec2-4967-bbba-ffbe8fe66cd9" status: 404 len: 246 microversion: 1.1 [pid: 7|app: 0|req: 355/704] 10.0.0.67 () {34 vars in 815 bytes} [Sat Apr 25 10:12:01 2026] DELETE /resource_providers/a84743fb-cec2-4967-bbba-ffbe8fe66cd9 => generated 246 bytes in 15 msecs (HTTP/1.1 404) 6 headers in 231 bytes (1 switches on core 0)
2026-04-25 10:12:02.348 6 INFO placement.requestlog [None req-a8bfe5eb-f638-4775-be7e-443cda8f087c 5cffb3d3f6f04c66bf799654e04bcd2d bcc22968bb3f4ef988d887de4be464c7 - - 4113b1e3077f47afa46d937e75df1d48 4113b1e3077f47afa46d937e75df1d48] 10.0.0.67 "GET /resource_providers/bd42470e-7723-45f8-b75b-e3be52d9391f/aggregates" status: 404 len: 235 microversion: 1.1 [pid: 6|app: 0|req: 350/705] 10.0.0.67 () {32 vars in 815 bytes} [Sat Apr 25 10:12:02 2026] GET /resource_providers/bd42470e-7723-45f8-b75b-e3be52d9391f/aggregates => generated 235 bytes in 9 msecs (HTTP/1.1 404) 5 headers in 202 bytes (1 switches on core 0)
2026-04-25 10:12:02.361 6 INFO placement.requestlog [None req-8c647493-3dea-4952-8465-eeb90e64df3b 5cffb3d3f6f04c66bf799654e04bcd2d bcc22968bb3f4ef988d887de4be464c7 - - 4113b1e3077f47afa46d937e75df1d48 4113b1e3077f47afa46d937e75df1d48] 10.0.0.67 "DELETE /resource_providers/bd42470e-7723-45f8-b75b-e3be52d9391f" status: 404 len: 246 microversion: 1.1 [pid: 6|app: 0|req: 351/706] 10.0.0.67 () {34 vars in 815 bytes} [Sat Apr 25 10:12:02 2026] DELETE /resource_providers/bd42470e-7723-45f8-b75b-e3be52d9391f => generated 246 bytes in 5 msecs (HTTP/1.1 404) 6 headers in 231 bytes (1 switches on core 0)
2026-04-25 10:12:02.363 7 INFO placement.requestlog [None req-5d1d45a7-b501-4916-a4c9-85a761333ee0 5cffb3d3f6f04c66bf799654e04bcd2d bcc22968bb3f4ef988d887de4be464c7 - - 4113b1e3077f47afa46d937e75df1d48 4113b1e3077f47afa46d937e75df1d48] 10.0.0.67 "GET /resource_providers/bd42470e-7723-45f8-b75b-e3be52d9391f/aggregates" status: 404 len: 235 microversion: 1.1 [pid: 7|app: 0|req: 356/707] 10.0.0.67 () {32 vars in 815 bytes} [Sat Apr 25 10:12:02 2026] GET /resource_providers/bd42470e-7723-45f8-b75b-e3be52d9391f/aggregates => generated 235 bytes in 10 msecs (HTTP/1.1 404) 5 headers in 202 bytes (1 switches on core 0)
2026-04-25 10:12:02.380 6 INFO placement.requestlog [None req-8dae4f1f-611b-4ed4-bd9d-603c93c72ff5 5cffb3d3f6f04c66bf799654e04bcd2d bcc22968bb3f4ef988d887de4be464c7 - - 4113b1e3077f47afa46d937e75df1d48 4113b1e3077f47afa46d937e75df1d48] 10.0.0.67 "DELETE /resource_providers/bd42470e-7723-45f8-b75b-e3be52d9391f" status: 404 len: 246 microversion: 1.1 [pid: 6|app: 0|req: 352/708] 10.0.0.67 () {34 vars in 815 bytes} [Sat Apr 25 10:12:02 2026] DELETE /resource_providers/bd42470e-7723-45f8-b75b-e3be52d9391f => generated 246 bytes in 8 msecs (HTTP/1.1 404) 6 headers in 231 bytes (1 switches on core 0)
2026-04-25 10:12:04.009 7 INFO placement.requestlog [None req-b945db62-96d4-4284-9f2b-83743e5d3662 5cffb3d3f6f04c66bf799654e04bcd2d bcc22968bb3f4ef988d887de4be464c7 - - 4113b1e3077f47afa46d937e75df1d48 4113b1e3077f47afa46d937e75df1d48] 10.0.0.67 "GET /resource_providers/16f34ab7-7853-4295-a6ac-da87da82dd96/aggregates" status: 404 len: 235 microversion: 1.1 [pid: 7|app: 0|req: 357/709] 10.0.0.67 () {32 vars in 815 bytes} [Sat Apr 25 10:12:03 2026] GET /resource_providers/16f34ab7-7853-4295-a6ac-da87da82dd96/aggregates => generated 235 bytes in 15 msecs (HTTP/1.1 404) 5 headers in 202 bytes (1 switches on core 0)
2026-04-25 10:12:04.018 6 INFO placement.requestlog [None req-d42ed283-0757-4962-9353-66045a26bbab 5cffb3d3f6f04c66bf799654e04bcd2d bcc22968bb3f4ef988d887de4be464c7 - - 4113b1e3077f47afa46d937e75df1d48 4113b1e3077f47afa46d937e75df1d48] 10.0.0.67 "GET /resource_providers/16f34ab7-7853-4295-a6ac-da87da82dd96/aggregates" status: 404 len: 235 microversion: 1.1 [pid: 6|app: 0|req: 353/710] 10.0.0.67 () {32 vars in 815 bytes} [Sat Apr 25 10:12:04 2026] GET /resource_providers/16f34ab7-7853-4295-a6ac-da87da82dd96/aggregates => generated 235 bytes in 14 msecs (HTTP/1.1 404) 5 headers in 202 bytes (1 switches on core 0)
2026-04-25 10:12:04.042 6 INFO placement.requestlog [None req-6fcd8967-594b-4e65-8fe0-8ee519fab554 5cffb3d3f6f04c66bf799654e04bcd2d bcc22968bb3f4ef988d887de4be464c7 - - 4113b1e3077f47afa46d937e75df1d48 4113b1e3077f47afa46d937e75df1d48] 10.0.0.67 "DELETE /resource_providers/16f34ab7-7853-4295-a6ac-da87da82dd96" status: 404 len: 246 microversion: 1.1 [pid: 6|app: 0|req: 354/711] 10.0.0.67 () {34 vars in 815 bytes} [Sat Apr 25 10:12:04 2026] DELETE /resource_providers/16f34ab7-7853-4295-a6ac-da87da82dd96 => generated 246 bytes in 10 msecs (HTTP/1.1 404) 6 headers in 231 bytes (1 switches on core 0)
2026-04-25 10:12:04.044 7 INFO placement.requestlog [None req-a9e6e86a-91ab-42fd-a1f6-99bf7396482b 5cffb3d3f6f04c66bf799654e04bcd2d bcc22968bb3f4ef988d887de4be464c7 - - 4113b1e3077f47afa46d937e75df1d48 4113b1e3077f47afa46d937e75df1d48] 10.0.0.67 "DELETE /resource_providers/16f34ab7-7853-4295-a6ac-da87da82dd96" status: 404 len: 246 microversion: 1.1 [pid: 7|app: 0|req: 358/712] 10.0.0.67 () {34 vars in 815 bytes} [Sat Apr 25 10:12:04 2026] DELETE /resource_providers/16f34ab7-7853-4295-a6ac-da87da82dd96 => generated 246 bytes in 13 msecs (HTTP/1.1 404) 6 headers in 231 bytes (1 switches on core 0)
2026-04-25 10:12:07.186 6 INFO placement.requestlog [req-6336c702-06b7-4511-9b52-4d30a188c594 req-a10bd891-7d6a-4b26-9c08-1bf7fbe4bd8f 56d9d774929a489c9b83849742c3a73c bcc22968bb3f4ef988d887de4be464c7 - - 4113b1e3077f47afa46d937e75df1d48 4113b1e3077f47afa46d937e75df1d48] 199.204.45.141 "GET /resource_providers/d07aa128-071c-47b7-8470-219ac6d8e8aa/allocations" status: 200 len: 253 microversion: 1.0 [pid: 6|app: 0|req: 355/713] 199.204.45.141 () {32 vars in 857 bytes} [Sat Apr 25 10:12:07 2026] GET /resource_providers/d07aa128-071c-47b7-8470-219ac6d8e8aa/allocations => generated 253 bytes in 17 msecs (HTTP/1.1 200) 6 headers in 224 bytes (1 switches on core 0)
2026-04-25 10:12:07.210 7 INFO placement.requestlog [req-6336c702-06b7-4511-9b52-4d30a188c594 req-d6856dc7-4008-47f4-9d6f-0f1ebf0a4ca9 56d9d774929a489c9b83849742c3a73c bcc22968bb3f4ef988d887de4be464c7 - - 4113b1e3077f47afa46d937e75df1d48 4113b1e3077f47afa46d937e75df1d48] 199.204.45.141 "GET /allocations/d593bf23-2eab-47c1-9c1e-4687f0894c50" status: 200 len: 258 microversion: 1.28 [pid: 7|app: 0|req: 359/714] 199.204.45.141 () {34 vars in 863 bytes} [Sat Apr 25 10:12:07 2026] GET /allocations/d593bf23-2eab-47c1-9c1e-4687f0894c50 => generated 258 bytes in 16 msecs (HTTP/1.1 200) 8 headers in 296 bytes (1 switches on core 0)
2026-04-25 10:12:07.228 6 INFO placement.requestlog [req-6336c702-06b7-4511-9b52-4d30a188c594 req-01f212da-6425-4e7f-ad31-e449eb75ae45 56d9d774929a489c9b83849742c3a73c bcc22968bb3f4ef988d887de4be464c7 - - 4113b1e3077f47afa46d937e75df1d48 4113b1e3077f47afa46d937e75df1d48] 199.204.45.141 "GET /allocations/76addb22-d149-474c-81da-37bb6baf04ed" status: 200 len: 258 microversion: 1.28 [pid: 6|app: 0|req: 356/715] 199.204.45.141 () {34 vars in 863 bytes} [Sat Apr 25 10:12:07 2026] GET /allocations/76addb22-d149-474c-81da-37bb6baf04ed => generated 258 bytes in 12 msecs (HTTP/1.1 200) 8 headers in 296 bytes (1 switches on core 0)
2026-04-25 10:12:08.281 7 INFO placement.requestlog [req-6336c702-06b7-4511-9b52-4d30a188c594 req-116a628b-c2f5-4e74-8acd-067e94ac1712 56d9d774929a489c9b83849742c3a73c bcc22968bb3f4ef988d887de4be464c7 - - 4113b1e3077f47afa46d937e75df1d48 4113b1e3077f47afa46d937e75df1d48] 199.204.45.141 "DELETE /allocations/76addb22-d149-474c-81da-37bb6baf04ed" status: 204 len: 0 microversion: 1.0 [pid: 7|app: 0|req: 360/716] 199.204.45.141 () {34 vars in 841 bytes} [Sat Apr 25 10:12:08 2026] DELETE /allocations/76addb22-d149-474c-81da-37bb6baf04ed => generated 0 bytes in 27 msecs (HTTP/1.1 204) 5 headers in 198 bytes (1 switches on core 0)
2026-04-25 10:12:08.892 6 INFO placement.requestlog [None req-76466e09-1f03-4e2f-ba50-1d7c943f1089 - - - - - -] 10.0.0.3 "GET /" status: 200 len: 136 microversion: 1.0
2026-04-25 10:12:08.892 7 INFO placement.requestlog [None req-1857993d-095d-469f-9f49-2bfb725f2c2d - - - - - -] 10.0.0.3 "GET /" status: 200 len: 136 microversion: 1.0
2026-04-25 10:12:14.687 6 INFO placement.requestlog [req-7dae4eeb-46a5-44ec-a463-c95c62322c28 req-cc6cd9fa-bcad-4051-84c1-c349dfe9c396 56d9d774929a489c9b83849742c3a73c bcc22968bb3f4ef988d887de4be464c7 - - 4113b1e3077f47afa46d937e75df1d48 4113b1e3077f47afa46d937e75df1d48] 199.204.45.141 "GET /resource_providers/d07aa128-071c-47b7-8470-219ac6d8e8aa/allocations" status: 200 len: 153 microversion: 1.0 [pid: 6|app: 0|req: 358/719] 199.204.45.141 () {32 vars in 857 bytes} [Sat Apr 25 10:12:14 2026] GET /resource_providers/d07aa128-071c-47b7-8470-219ac6d8e8aa/allocations => generated 153 bytes in 16 msecs (HTTP/1.1 200) 6 headers in 224 bytes (1 switches on core 0)
2026-04-25 10:12:14.705 7 INFO placement.requestlog [req-7dae4eeb-46a5-44ec-a463-c95c62322c28 req-e2246245-2bfb-4fc9-acec-f9a5e38a648b 56d9d774929a489c9b83849742c3a73c bcc22968bb3f4ef988d887de4be464c7 - - 4113b1e3077f47afa46d937e75df1d48 4113b1e3077f47afa46d937e75df1d48] 199.204.45.141 "GET /allocations/d593bf23-2eab-47c1-9c1e-4687f0894c50" status: 200 len: 258 microversion: 1.28 [pid: 7|app: 0|req: 362/720] 199.204.45.141 () {34 vars in 863 bytes} [Sat Apr 25 10:12:14 2026] GET /allocations/d593bf23-2eab-47c1-9c1e-4687f0894c50 => generated 258 bytes in 12 msecs (HTTP/1.1 200) 8 headers in 296 bytes (1 switches on core 0)
2026-04-25 10:12:15.761 6 INFO placement.requestlog [req-7dae4eeb-46a5-44ec-a463-c95c62322c28 req-081bb5fe-e973-4b4e-a681-3b3d835b84d6 56d9d774929a489c9b83849742c3a73c bcc22968bb3f4ef988d887de4be464c7 - - 4113b1e3077f47afa46d937e75df1d48 4113b1e3077f47afa46d937e75df1d48] 199.204.45.141 "DELETE /allocations/d593bf23-2eab-47c1-9c1e-4687f0894c50" status: 204 len: 0 microversion: 1.0 [pid: 6|app: 0|req: 359/721] 199.204.45.141 () {34 vars in 841 bytes} [Sat Apr 25 10:12:15 2026] DELETE /allocations/d593bf23-2eab-47c1-9c1e-4687f0894c50 => generated 0 bytes in 24 msecs (HTTP/1.1 204) 5 headers in 198 bytes (1 switches on core 0)
2026-04-25 10:12:18.763 7 INFO placement.requestlog [None req-0ee9a47c-0e87-493d-9253-9256c75f30c1 5cffb3d3f6f04c66bf799654e04bcd2d bcc22968bb3f4ef988d887de4be464c7 - - 4113b1e3077f47afa46d937e75df1d48 4113b1e3077f47afa46d937e75df1d48] 10.0.0.67 "GET /resource_providers/8b26293f-8f1c-417f-ac7b-494319aa4c8b/aggregates" status: 404 len: 235 microversion: 1.1 [pid: 7|app: 0|req: 363/722] 10.0.0.67 () {32 vars in 815 bytes} [Sat Apr 25 10:12:18 2026] GET /resource_providers/8b26293f-8f1c-417f-ac7b-494319aa4c8b/aggregates => generated 235 bytes in 8 msecs (HTTP/1.1 404) 5 headers in 202 bytes (1 switches on core 0)
2026-04-25 10:12:18.770 6 INFO placement.requestlog [None req-0fb5380b-5ea8-40d8-a505-be322e85dc2b 5cffb3d3f6f04c66bf799654e04bcd2d bcc22968bb3f4ef988d887de4be464c7 - - 4113b1e3077f47afa46d937e75df1d48 4113b1e3077f47afa46d937e75df1d48] 10.0.0.67 "GET /resource_providers/8b26293f-8f1c-417f-ac7b-494319aa4c8b/aggregates" status: 404 len: 235 microversion: 1.1 [pid: 6|app: 0|req: 360/723] 10.0.0.67 () {32 vars in 815 bytes} [Sat Apr 25 10:12:18 2026] GET /resource_providers/8b26293f-8f1c-417f-ac7b-494319aa4c8b/aggregates => generated 235 bytes in 10 msecs (HTTP/1.1 404) 5 headers in 202 bytes (1 switches on core 0)
2026-04-25 10:12:18.794 6 INFO placement.requestlog [None req-d2fc63c6-f602-4358-b807-db2f6c804432 5cffb3d3f6f04c66bf799654e04bcd2d bcc22968bb3f4ef988d887de4be464c7 - - 4113b1e3077f47afa46d937e75df1d48 4113b1e3077f47afa46d937e75df1d48] 10.0.0.67 "DELETE /resource_providers/8b26293f-8f1c-417f-ac7b-494319aa4c8b" status: 404 len: 246 microversion: 1.1 [pid: 6|app: 0|req: 361/724] 10.0.0.67 () {34 vars in 815 bytes} [Sat Apr 25 10:12:18 2026] DELETE /resource_providers/8b26293f-8f1c-417f-ac7b-494319aa4c8b => generated 246 bytes in 8 msecs (HTTP/1.1 404) 6 headers in 231 bytes (1 switches on core 0)
2026-04-25 10:12:18.797 7 INFO placement.requestlog [None req-bf63bf3b-dbca-4894-840a-d2fe6c2e9a18 5cffb3d3f6f04c66bf799654e04bcd2d bcc22968bb3f4ef988d887de4be464c7 - - 4113b1e3077f47afa46d937e75df1d48 4113b1e3077f47afa46d937e75df1d48] 10.0.0.67 "DELETE /resource_providers/8b26293f-8f1c-417f-ac7b-494319aa4c8b" status: 404 len: 246 microversion: 1.1 [pid: 7|app: 0|req: 364/725] 10.0.0.67 () {34 vars in 815 bytes} [Sat Apr 25 10:12:18 2026] DELETE /resource_providers/8b26293f-8f1c-417f-ac7b-494319aa4c8b => generated 246 bytes in 11 msecs (HTTP/1.1 404) 6 headers in 231 bytes (1 switches on core 0)
2026-04-25 10:12:18.891 6 INFO placement.requestlog [None req-b0d9c6ed-653e-4148-b60e-f59390006b3d - - - - - -] 10.0.0.3 "GET /" status: 200 len: 136 microversion: 1.0
2026-04-25 10:12:18.891 7 INFO placement.requestlog [None req-40df4386-1ad6-4b90-8fb9-4ffed8bfe74d - - - - - -] 10.0.0.3 "GET /" status: 200 len: 136 microversion: 1.0
2026-04-25 10:12:27.593 6 INFO placement.requestlog [req-3d25150a-151a-4354-b886-3485ddbbbeaf req-074dc1a0-65b8-4354-96a5-dcfb6d51ecbb 56d9d774929a489c9b83849742c3a73c bcc22968bb3f4ef988d887de4be464c7 - - 4113b1e3077f47afa46d937e75df1d48 4113b1e3077f47afa46d937e75df1d48] 10.0.0.203 "GET /allocation_candidates?limit=1000&resources=DISK_GB%3A1%2CMEMORY_MB%3A512%2CVCPU%3A1&root_required=%21COMPUTE_STATUS_DISABLED" status: 200 len: 2781 microversion: 1.36 [pid: 6|app: 0|req: 363/728] 10.0.0.203 () {34 vars in 1012 bytes} [Sat Apr 25 10:12:27 2026] GET /allocation_candidates?limit=1000&resources=DISK_GB%3A1%2CMEMORY_MB%3A512%2CVCPU%3A1&root_required=%21COMPUTE_STATUS_DISABLED => generated 2781 bytes in 145 msecs (HTTP/1.1 200) 8 headers in 297 bytes (1 switches on core 0)
2026-04-25 10:12:27.627 7 INFO placement.requestlog [req-3d25150a-151a-4354-b886-3485ddbbbeaf req-d7a29ad5-4559-4f6a-8691-ac6a3724a087 56d9d774929a489c9b83849742c3a73c bcc22968bb3f4ef988d887de4be464c7 - - 4113b1e3077f47afa46d937e75df1d48 4113b1e3077f47afa46d937e75df1d48] 10.0.0.203 "GET /allocations/0457fae4-508a-4e63-894a-fc4e3f6cc4a2" status: 200 len: 19 microversion: 1.28 [pid: 7|app: 0|req: 366/729] 10.0.0.203 () {34 vars in 861 bytes} [Sat Apr 25 10:12:27 2026] GET /allocations/0457fae4-508a-4e63-894a-fc4e3f6cc4a2 => generated 19 bytes in 10 msecs (HTTP/1.1 200) 8 headers in 295 bytes (1 switches on core 0)
2026-04-25 10:12:27.689 6 INFO placement.requestlog [req-3d25150a-151a-4354-b886-3485ddbbbeaf req-7f4be841-7905-4e16-889b-0592ddaf80e1 56d9d774929a489c9b83849742c3a73c bcc22968bb3f4ef988d887de4be464c7 - - 4113b1e3077f47afa46d937e75df1d48 4113b1e3077f47afa46d937e75df1d48] 10.0.0.203 "PUT /allocations/0457fae4-508a-4e63-894a-fc4e3f6cc4a2" status: 204 len: 0 microversion: 1.36 [pid: 6|app: 0|req: 364/730] 10.0.0.203 () {38 vars in 914 bytes} [Sat Apr 25 10:12:27 2026] PUT /allocations/0457fae4-508a-4e63-894a-fc4e3f6cc4a2 => generated 0 bytes in 56 msecs (HTTP/1.1 204) 5 headers in 199 bytes (1 switches on core 0)
2026-04-25 10:12:28.891 6 INFO placement.requestlog [None req-a6b47d2c-4613-4546-a83c-de2b94de4f08 - - - - - -] 10.0.0.3 "GET /" status: 200 len: 136 microversion: 1.0
2026-04-25 10:12:28.892 7 INFO placement.requestlog [None req-87d95679-37d2-47ce-abac-95f0dd057fe9 - - - - - -] 10.0.0.3 "GET /" status: 200 len: 136 microversion: 1.0
2026-04-25 10:12:29.108 6 INFO placement.requestlog [req-3d25150a-151a-4354-b886-3485ddbbbeaf req-94634527-d6fb-4e5a-8e8c-26a45c83b44b 56d9d774929a489c9b83849742c3a73c bcc22968bb3f4ef988d887de4be464c7 - - 4113b1e3077f47afa46d937e75df1d48 4113b1e3077f47afa46d937e75df1d48] 199.204.45.141 "GET /allocations/0457fae4-508a-4e63-894a-fc4e3f6cc4a2" status: 200 len: 258 microversion: 1.28 [pid: 6|app: 0|req: 366/733] 199.204.45.141 () {34 vars in 863 bytes} [Sat Apr 25 10:12:29 2026] GET /allocations/0457fae4-508a-4e63-894a-fc4e3f6cc4a2 => generated 258 bytes in 13 msecs (HTTP/1.1 200) 8 headers in 296 bytes (1 switches on core 0)
2026-04-25 10:12:30.150 7 INFO placement.requestlog [req-3d25150a-151a-4354-b886-3485ddbbbeaf req-0b6e70cd-a82a-4a64-bb0b-beaf8b122cba 56d9d774929a489c9b83849742c3a73c bcc22968bb3f4ef988d887de4be464c7 - - 4113b1e3077f47afa46d937e75df1d48 4113b1e3077f47afa46d937e75df1d48] 199.204.45.141 "GET /resource_providers/d07aa128-071c-47b7-8470-219ac6d8e8aa/allocations" status: 200 len: 153 microversion: 1.0 [pid: 7|app: 0|req: 368/734] 199.204.45.141 () {32 vars in 857 bytes} [Sat Apr 25 10:12:30 2026] GET /resource_providers/d07aa128-071c-47b7-8470-219ac6d8e8aa/allocations => generated 153 bytes in 19 msecs (HTTP/1.1 200) 6 headers in 224 bytes (1 switches on core 0)
2026-04-25 10:12:30.167 6 INFO placement.requestlog [req-3d25150a-151a-4354-b886-3485ddbbbeaf req-0bc79716-785b-4bc7-9e98-39786f7f49d4 56d9d774929a489c9b83849742c3a73c bcc22968bb3f4ef988d887de4be464c7 - - 4113b1e3077f47afa46d937e75df1d48 4113b1e3077f47afa46d937e75df1d48] 199.204.45.141 "GET /allocations/0457fae4-508a-4e63-894a-fc4e3f6cc4a2" status: 200 len: 258 microversion: 1.28 [pid: 6|app: 0|req: 367/735] 199.204.45.141 () {34 vars in 863 bytes} [Sat Apr 25 10:12:30 2026] GET /allocations/0457fae4-508a-4e63-894a-fc4e3f6cc4a2 => generated 258 bytes in 10 msecs (HTTP/1.1 200) 8 headers in 296 bytes (1 switches on core 0)
2026-04-25 10:12:38.892 6 INFO placement.requestlog [None req-db58f996-c692-4a1a-b041-9e69b179d491 - - - - - -] 10.0.0.3 "GET /" status: 200 len: 136 microversion: 1.0
2026-04-25 10:12:38.892 7 INFO placement.requestlog [None req-db0ef692-7573-4183-a384-8aa86fd2a6ca - - - - - -] 10.0.0.3 "GET /" status: 200 len: 136 microversion: 1.0
2026-04-25 10:12:45.467 6 INFO placement.requestlog [req-a8d0e3d2-d6ef-440a-9d90-717ddf1f5c8d req-85873026-92c4-4ad6-a226-c2216261e382 56d9d774929a489c9b83849742c3a73c bcc22968bb3f4ef988d887de4be464c7 - - 4113b1e3077f47afa46d937e75df1d48 4113b1e3077f47afa46d937e75df1d48] 10.0.0.203 "GET /allocation_candidates?limit=1000&resources=DISK_GB%3A1%2CMEMORY_MB%3A512%2CVCPU%3A1&root_required=%21COMPUTE_STATUS_DISABLED" status: 200 len: 2783 microversion: 1.36 [pid: 6|app: 0|req: 369/738] 10.0.0.203 () {34 vars in 1012 bytes} [Sat Apr 25 10:12:45 2026] GET /allocation_candidates?limit=1000&resources=DISK_GB%3A1%2CMEMORY_MB%3A512%2CVCPU%3A1&root_required=%21COMPUTE_STATUS_DISABLED => generated 2783 bytes in 43 msecs (HTTP/1.1 200) 8 headers in 297 bytes (1 switches on core 0)
2026-04-25 10:12:45.510 7 INFO placement.requestlog [req-a8d0e3d2-d6ef-440a-9d90-717ddf1f5c8d req-9d2abb9b-548c-47a6-bb1e-bb3a63078dfd 56d9d774929a489c9b83849742c3a73c bcc22968bb3f4ef988d887de4be464c7 - - 4113b1e3077f47afa46d937e75df1d48 4113b1e3077f47afa46d937e75df1d48] 10.0.0.203 "GET /allocations/36032412-03ed-4cff-a35d-d831a61ca88f" status: 200 len: 19 microversion: 1.28 [pid: 7|app: 0|req: 370/739] 10.0.0.203 () {34 vars in 861 bytes} [Sat Apr 25 10:12:45 2026] GET /allocations/36032412-03ed-4cff-a35d-d831a61ca88f => generated 19 bytes in 10 msecs (HTTP/1.1 200) 8 headers in 295 bytes (1 switches on core 0)
2026-04-25 10:12:45.569 6 INFO placement.requestlog [req-a8d0e3d2-d6ef-440a-9d90-717ddf1f5c8d req-24b78310-c796-4e8b-b47c-39ae6367ed47 56d9d774929a489c9b83849742c3a73c bcc22968bb3f4ef988d887de4be464c7 - - 4113b1e3077f47afa46d937e75df1d48 4113b1e3077f47afa46d937e75df1d48] 10.0.0.203 "PUT /allocations/36032412-03ed-4cff-a35d-d831a61ca88f" status: 204 len: 0 microversion: 1.36 [pid: 6|app: 0|req: 370/740] 10.0.0.203 () {38 vars in 914 bytes} [Sat Apr 25 10:12:45 2026] PUT /allocations/36032412-03ed-4cff-a35d-d831a61ca88f => generated 0 bytes in 51 msecs (HTTP/1.1 204) 5 headers in 199 bytes (1 switches on core 0)
2026-04-25 10:12:47.139 7 INFO placement.requestlog [req-a8d0e3d2-d6ef-440a-9d90-717ddf1f5c8d req-4318f3bd-8f89-45b2-ac00-ad5a857cb338 56d9d774929a489c9b83849742c3a73c bcc22968bb3f4ef988d887de4be464c7 - - 4113b1e3077f47afa46d937e75df1d48 4113b1e3077f47afa46d937e75df1d48] 199.204.45.141 "GET /allocations/36032412-03ed-4cff-a35d-d831a61ca88f" status: 200 len: 258 microversion: 1.28 [pid: 7|app: 0|req: 371/741] 199.204.45.141 () {34 vars in 863 bytes} [Sat Apr 25 10:12:47 2026] GET /allocations/36032412-03ed-4cff-a35d-d831a61ca88f => generated 258 bytes in 13 msecs (HTTP/1.1 200) 8 headers in 296 bytes (1 switches on core 0)
2026-04-25 10:12:47.434 6 INFO placement.requestlog [req-a0df6306-3b0c-4c0f-86b2-2e4b3532c1b9 req-57c620c9-d3c8-4462-b9ac-8ae45d47ffd7 56d9d774929a489c9b83849742c3a73c bcc22968bb3f4ef988d887de4be464c7 - - 4113b1e3077f47afa46d937e75df1d48 4113b1e3077f47afa46d937e75df1d48] 199.204.45.141 "GET /resource_providers/d07aa128-071c-47b7-8470-219ac6d8e8aa/allocations" status: 200 len: 253 microversion: 1.0 [pid: 6|app: 0|req: 371/742] 199.204.45.141 () {32 vars in 857 bytes} [Sat Apr 25 10:12:47 2026] GET /resource_providers/d07aa128-071c-47b7-8470-219ac6d8e8aa/allocations => generated 253 bytes in 14 msecs (HTTP/1.1 200) 6 headers in 224 bytes (1 switches on core 0)
2026-04-25 10:12:47.962 7 INFO placement.requestlog [req-a0df6306-3b0c-4c0f-86b2-2e4b3532c1b9 req-4dbcb75b-618c-49a1-901c-e663b7f8b595 56d9d774929a489c9b83849742c3a73c bcc22968bb3f4ef988d887de4be464c7 - - 4113b1e3077f47afa46d937e75df1d48 4113b1e3077f47afa46d937e75df1d48] 199.204.45.141 "GET /resource_providers/d07aa128-071c-47b7-8470-219ac6d8e8aa/allocations" status: 200 len: 253 microversion: 1.0 [pid: 7|app: 0|req: 372/743] 199.204.45.141 () {32 vars in 857 bytes} [Sat Apr 25 10:12:47 2026] GET /resource_providers/d07aa128-071c-47b7-8470-219ac6d8e8aa/allocations => generated 253 bytes in 16 msecs (HTTP/1.1 200) 6 headers in 224 bytes (1 switches on core 0)
2026-04-25 10:12:47.981 6 INFO placement.requestlog [req-a0df6306-3b0c-4c0f-86b2-2e4b3532c1b9 req-d5195a3b-702e-4f18-b236-d980e9570e35 56d9d774929a489c9b83849742c3a73c bcc22968bb3f4ef988d887de4be464c7 - - 4113b1e3077f47afa46d937e75df1d48 4113b1e3077f47afa46d937e75df1d48] 199.204.45.141 "GET /allocations/36032412-03ed-4cff-a35d-d831a61ca88f" status: 200 len: 258 microversion: 1.28 [pid: 6|app: 0|req: 372/744] 199.204.45.141 () {34 vars in 863 bytes} [Sat Apr 25 10:12:47 2026] GET /allocations/36032412-03ed-4cff-a35d-d831a61ca88f => generated 258 bytes in 11 msecs (HTTP/1.1 200) 8 headers in 296 bytes (1 switches on core 0)
2026-04-25 10:12:48.001 7 INFO placement.requestlog [req-a0df6306-3b0c-4c0f-86b2-2e4b3532c1b9 req-2e4e79b3-0d09-4c79-9357-f6b6aba24c23 56d9d774929a489c9b83849742c3a73c bcc22968bb3f4ef988d887de4be464c7 - - 4113b1e3077f47afa46d937e75df1d48 4113b1e3077f47afa46d937e75df1d48] 199.204.45.141 "GET /allocations/0457fae4-508a-4e63-894a-fc4e3f6cc4a2" status: 200 len: 258 microversion: 1.28 [pid: 7|app: 0|req: 373/745] 199.204.45.141 () {34 vars in 863 bytes} [Sat Apr 25 10:12:47 2026] GET /allocations/0457fae4-508a-4e63-894a-fc4e3f6cc4a2 => generated 258 bytes in 15 msecs (HTTP/1.1 200) 8 headers in 296 bytes (1 switches on core 0)
2026-04-25 10:12:48.891 6 INFO placement.requestlog [None req-d39b526c-b647-4fdd-9eaa-2a83064d4e0f - - - - - -] 10.0.0.3 "GET /" status: 200 len: 136 microversion: 1.0
2026-04-25 10:12:48.892 7 INFO placement.requestlog [None req-e2fc43ec-c832-404f-bd39-51998bb0c4b7 - - - - - -] 10.0.0.3 "GET /" status: 200 len: 136 microversion: 1.0
2026-04-25 10:12:50.070 6 INFO placement.requestlog [req-a8d0e3d2-d6ef-440a-9d90-717ddf1f5c8d req-33db5e7a-b225-47c9-a2f5-78315cf39786 56d9d774929a489c9b83849742c3a73c bcc22968bb3f4ef988d887de4be464c7 - - 4113b1e3077f47afa46d937e75df1d48 4113b1e3077f47afa46d937e75df1d48] 199.204.45.141 "GET /resource_providers/d07aa128-071c-47b7-8470-219ac6d8e8aa/allocations" status: 200 len: 253 microversion: 1.0 [pid: 6|app: 0|req: 374/748] 199.204.45.141 () {32 vars in 857 bytes} [Sat Apr 25 10:12:50 2026] GET /resource_providers/d07aa128-071c-47b7-8470-219ac6d8e8aa/allocations => generated 253 bytes in 12 msecs (HTTP/1.1 200) 6 headers in 224 bytes (1 switches on core 0)
2026-04-25 10:12:50.092 7 INFO placement.requestlog [req-a8d0e3d2-d6ef-440a-9d90-717ddf1f5c8d req-82c8d862-e3d1-4a21-82f2-7915fb8970d8 56d9d774929a489c9b83849742c3a73c bcc22968bb3f4ef988d887de4be464c7 - - 4113b1e3077f47afa46d937e75df1d48 4113b1e3077f47afa46d937e75df1d48] 199.204.45.141 "GET /allocations/36032412-03ed-4cff-a35d-d831a61ca88f" status: 200 len: 258 microversion: 1.28 [pid: 7|app: 0|req: 375/749] 199.204.45.141 () {34 vars in 863 bytes} [Sat Apr 25 10:12:50 2026] GET /allocations/36032412-03ed-4cff-a35d-d831a61ca88f => generated 258 bytes in 16 msecs (HTTP/1.1 200) 8 headers in 296 bytes (1 switches on core 0)
2026-04-25 10:12:50.109 6 INFO placement.requestlog [req-a8d0e3d2-d6ef-440a-9d90-717ddf1f5c8d req-f7977336-6557-45d5-b663-35918f0fb332 56d9d774929a489c9b83849742c3a73c bcc22968bb3f4ef988d887de4be464c7 - - 4113b1e3077f47afa46d937e75df1d48 4113b1e3077f47afa46d937e75df1d48] 199.204.45.141 "GET /allocations/0457fae4-508a-4e63-894a-fc4e3f6cc4a2" status: 200 len: 258 microversion: 1.28 [pid: 6|app: 0|req: 375/750] 199.204.45.141 () {34 vars in 863 bytes} [Sat Apr 25 10:12:50 2026] GET /allocations/0457fae4-508a-4e63-894a-fc4e3f6cc4a2 => generated 258 bytes in 9 msecs (HTTP/1.1 200) 8 headers in 296 bytes (1 switches on core 0)
2026-04-25 10:12:55.663 6 INFO placement.requestlog [None req-55110ea5-d9e0-439f-aece-653c254d6002 5cffb3d3f6f04c66bf799654e04bcd2d bcc22968bb3f4ef988d887de4be464c7 - - 4113b1e3077f47afa46d937e75df1d48 4113b1e3077f47afa46d937e75df1d48] 10.0.0.67 "GET /resource_providers/8d98494e-a96c-4ca7-9989-b21a688820f9/aggregates" status: 404 len: 235 microversion: 1.1 [pid: 6|app: 0|req: 376/751] 10.0.0.67 () {32 vars in 815 bytes} [Sat Apr 25 10:12:55 2026] GET /resource_providers/8d98494e-a96c-4ca7-9989-b21a688820f9/aggregates => generated 235 bytes in 129 msecs (HTTP/1.1 404) 5 headers in 202 bytes (1 switches on core 0)
2026-04-25 10:12:55.687 7 INFO placement.requestlog [None req-c34ddc58-106c-4ee2-bfdb-f0a63429a7ef 5cffb3d3f6f04c66bf799654e04bcd2d bcc22968bb3f4ef988d887de4be464c7 - - 4113b1e3077f47afa46d937e75df1d48 4113b1e3077f47afa46d937e75df1d48] 10.0.0.67 "GET /resource_providers/8d98494e-a96c-4ca7-9989-b21a688820f9/aggregates" status: 404 len: 235 microversion: 1.1 [pid: 7|app: 0|req: 376/752] 10.0.0.67 () {32 vars in 815 bytes} [Sat Apr 25 10:12:55 2026] GET /resource_providers/8d98494e-a96c-4ca7-9989-b21a688820f9/aggregates => generated 235 bytes in 155 msecs (HTTP/1.1 404) 5 headers in 202 bytes (1 switches on core 0)
2026-04-25 10:12:55.692 6 INFO placement.requestlog [None req-b0a2e380-3321-4774-98e3-eec65f88a314 5cffb3d3f6f04c66bf799654e04bcd2d bcc22968bb3f4ef988d887de4be464c7 - - 4113b1e3077f47afa46d937e75df1d48 4113b1e3077f47afa46d937e75df1d48] 10.0.0.67 "DELETE /resource_providers/8d98494e-a96c-4ca7-9989-b21a688820f9" status: 404 len: 246 microversion: 1.1 [pid: 6|app: 0|req: 377/753] 10.0.0.67 () {34 vars in 815 bytes} [Sat Apr 25 10:12:55 2026] DELETE /resource_providers/8d98494e-a96c-4ca7-9989-b21a688820f9 => generated 246 bytes in 9 msecs (HTTP/1.1 404) 6 headers in 231 bytes (1 switches on core 0)
2026-04-25 10:12:55.703 7 INFO placement.requestlog [None req-e2848873-185f-4cf7-9f2e-745c38fd56b6 5cffb3d3f6f04c66bf799654e04bcd2d bcc22968bb3f4ef988d887de4be464c7 - - 4113b1e3077f47afa46d937e75df1d48 4113b1e3077f47afa46d937e75df1d48] 10.0.0.67 "DELETE /resource_providers/8d98494e-a96c-4ca7-9989-b21a688820f9" status: 404 len: 246 microversion: 1.1 [pid: 7|app: 0|req: 377/754] 10.0.0.67 () {34 vars in 815 bytes} [Sat Apr 25 10:12:55 2026] DELETE /resource_providers/8d98494e-a96c-4ca7-9989-b21a688820f9 => generated 246 bytes in 6 msecs (HTTP/1.1 404) 6 headers in 231 bytes (1 switches on core 0)
2026-04-25 10:12:55.960 6 INFO placement.requestlog [None req-8c8f7441-f0f4-4c3c-9f18-ac093e5307e2 5cffb3d3f6f04c66bf799654e04bcd2d bcc22968bb3f4ef988d887de4be464c7 - - 4113b1e3077f47afa46d937e75df1d48 4113b1e3077f47afa46d937e75df1d48] 10.0.0.67 "GET /resource_providers/5417d915-db32-4729-af5b-41c22dfc7816/aggregates" status: 404 len: 235 microversion: 1.1 [pid: 6|app: 0|req: 378/755] 10.0.0.67 () {32 vars in 815 bytes} [Sat Apr 25 10:12:55 2026] GET /resource_providers/5417d915-db32-4729-af5b-41c22dfc7816/aggregates => generated 235 bytes in 57 msecs (HTTP/1.1 404) 5 headers in 202 bytes (1 switches on core 0)
2026-04-25 10:12:55.976 6 INFO placement.requestlog [None req-8fcd4ff7-a58d-4e82-9078-83d83ed520e3 5cffb3d3f6f04c66bf799654e04bcd2d bcc22968bb3f4ef988d887de4be464c7 - - 4113b1e3077f47afa46d937e75df1d48 4113b1e3077f47afa46d937e75df1d48] 10.0.0.67 "DELETE /resource_providers/5417d915-db32-4729-af5b-41c22dfc7816" status: 404 len: 246 microversion: 1.1 [pid: 6|app: 0|req: 379/756] 10.0.0.67 () {34 vars in 815 bytes} [Sat Apr 25 10:12:55 2026] DELETE /resource_providers/5417d915-db32-4729-af5b-41c22dfc7816 => generated 246 bytes in 7 msecs (HTTP/1.1 404) 6 headers in 231 bytes (1 switches on core 0)
2026-04-25 10:12:55.984 7 INFO placement.requestlog [None req-06fea5a1-d2ab-4a23-8324-6113226ea6b7 5cffb3d3f6f04c66bf799654e04bcd2d bcc22968bb3f4ef988d887de4be464c7 - - 4113b1e3077f47afa46d937e75df1d48 4113b1e3077f47afa46d937e75df1d48] 10.0.0.67 "GET /resource_providers/5417d915-db32-4729-af5b-41c22dfc7816/aggregates" status: 404 len: 235 microversion: 1.1 [pid: 7|app: 0|req: 378/757] 10.0.0.67 () {32 vars in 815 bytes} [Sat Apr 25 10:12:55 2026] GET /resource_providers/5417d915-db32-4729-af5b-41c22dfc7816/aggregates => generated 235 bytes in 81 msecs (HTTP/1.1 404) 5 headers in 202 bytes (1 switches on core 0)
2026-04-25 10:12:56.000 6 INFO placement.requestlog [None req-40c56d31-d490-4f98-8619-c680c1b3c6e8 5cffb3d3f6f04c66bf799654e04bcd2d bcc22968bb3f4ef988d887de4be464c7 - - 4113b1e3077f47afa46d937e75df1d48 4113b1e3077f47afa46d937e75df1d48] 10.0.0.67 "DELETE /resource_providers/5417d915-db32-4729-af5b-41c22dfc7816" status: 404 len: 246 microversion: 1.1 [pid: 6|app: 0|req: 380/758] 10.0.0.67 () {34 vars in 815 bytes} [Sat Apr 25 10:12:55 2026] DELETE /resource_providers/5417d915-db32-4729-af5b-41c22dfc7816 => generated 246 bytes in 8 msecs (HTTP/1.1 404) 6 headers in 231 bytes (1 switches on core 0)
2026-04-25 10:12:57.721 7 INFO placement.requestlog [None req-e10f6485-4019-45d4-a6ca-259f0f555ba4 5cffb3d3f6f04c66bf799654e04bcd2d bcc22968bb3f4ef988d887de4be464c7 - - 4113b1e3077f47afa46d937e75df1d48 4113b1e3077f47afa46d937e75df1d48] 10.0.0.67 "GET /resource_providers/01416afa-df19-4a5d-a474-356b15d4f8c3/aggregates" status: 404 len: 235 microversion: 1.1 [pid: 7|app: 0|req: 379/759] 10.0.0.67 () {32 vars in 815 bytes} [Sat Apr 25 10:12:57 2026] GET /resource_providers/01416afa-df19-4a5d-a474-356b15d4f8c3/aggregates => generated 235 bytes in 10 msecs (HTTP/1.1 404) 5 headers in 202 bytes (1 switches on core 0)
2026-04-25 10:12:57.724 6 INFO placement.requestlog [None req-3b236bb0-18d9-4b79-b827-af61810cb003 5cffb3d3f6f04c66bf799654e04bcd2d bcc22968bb3f4ef988d887de4be464c7 - - 4113b1e3077f47afa46d937e75df1d48 4113b1e3077f47afa46d937e75df1d48] 10.0.0.67 "GET /resource_providers/01416afa-df19-4a5d-a474-356b15d4f8c3/aggregates" status: 404 len: 235 microversion: 1.1 [pid: 6|app: 0|req: 381/760] 10.0.0.67 () {32 vars in 815 bytes} [Sat Apr 25 10:12:57 2026] GET /resource_providers/01416afa-df19-4a5d-a474-356b15d4f8c3/aggregates => generated 235 bytes in 11 msecs (HTTP/1.1 404) 5 headers in 202 bytes (1 switches on core 0)
2026-04-25 10:12:57.738 7 INFO placement.requestlog [None req-bd2482f4-7611-4624-9fe2-9d0d83dcdc24 5cffb3d3f6f04c66bf799654e04bcd2d bcc22968bb3f4ef988d887de4be464c7 - - 4113b1e3077f47afa46d937e75df1d48 4113b1e3077f47afa46d937e75df1d48] 10.0.0.67 "DELETE /resource_providers/01416afa-df19-4a5d-a474-356b15d4f8c3" status: 404 len: 246 microversion: 1.1 [pid: 7|app: 0|req: 380/761] 10.0.0.67 () {34 vars in 815 bytes} [Sat Apr 25 10:12:57 2026] DELETE /resource_providers/01416afa-df19-4a5d-a474-356b15d4f8c3 => generated 246 bytes in 6 msecs (HTTP/1.1 404) 6 headers in 231 bytes (1 switches on core 0)
2026-04-25 10:12:57.739 6 INFO placement.requestlog [None req-fa4ddfb2-a54a-4ec1-b977-c0bd43603514 5cffb3d3f6f04c66bf799654e04bcd2d bcc22968bb3f4ef988d887de4be464c7 - - 4113b1e3077f47afa46d937e75df1d48 4113b1e3077f47afa46d937e75df1d48] 10.0.0.67 "DELETE /resource_providers/01416afa-df19-4a5d-a474-356b15d4f8c3" status: 404 len: 246 microversion: 1.1 [pid: 6|app: 0|req: 382/762] 10.0.0.67 () {34 vars in 815 bytes} [Sat Apr 25 10:12:57 2026] DELETE /resource_providers/01416afa-df19-4a5d-a474-356b15d4f8c3 => generated 246 bytes in 6 msecs (HTTP/1.1 404) 6 headers in 231 bytes (1 switches on core 0)
2026-04-25 10:12:57.757 6 INFO placement.requestlog [None req-c43bff50-fbe3-4661-98a2-603ef8abd2c0 5cffb3d3f6f04c66bf799654e04bcd2d bcc22968bb3f4ef988d887de4be464c7 - - 4113b1e3077f47afa46d937e75df1d48 4113b1e3077f47afa46d937e75df1d48] 10.0.0.67 "GET /resource_providers/2f9593ba-7559-451d-ab41-066f9923be1f/aggregates" status: 404 len: 235 microversion: 1.1 [pid: 6|app: 0|req: 383/763] 10.0.0.67 () {32 vars in 815 bytes} [Sat Apr 25 10:12:57 2026] GET /resource_providers/2f9593ba-7559-451d-ab41-066f9923be1f/aggregates => generated 235 bytes in 5 msecs (HTTP/1.1 404) 5 headers in 202 bytes (1 switches on core 0)
2026-04-25 10:12:57.786 6 INFO placement.requestlog [None req-6c2aaf68-31e2-4793-9677-69d3a0639289 5cffb3d3f6f04c66bf799654e04bcd2d bcc22968bb3f4ef988d887de4be464c7 - - 4113b1e3077f47afa46d937e75df1d48 4113b1e3077f47afa46d937e75df1d48] 10.0.0.67 "DELETE /resource_providers/2f9593ba-7559-451d-ab41-066f9923be1f" status: 404 len: 246 microversion: 1.1 [pid: 6|app: 0|req: 384/764] 10.0.0.67 () {34 vars in 815 bytes} [Sat Apr 25 10:12:57 2026] DELETE /resource_providers/2f9593ba-7559-451d-ab41-066f9923be1f => generated 246 bytes in 24 msecs (HTTP/1.1 404) 6 headers in 231 bytes (1 switches on core 0)
2026-04-25 10:12:57.788 7 INFO placement.requestlog [None req-999db117-eb1d-437e-a886-642a86583032 5cffb3d3f6f04c66bf799654e04bcd2d bcc22968bb3f4ef988d887de4be464c7 - - 4113b1e3077f47afa46d937e75df1d48 4113b1e3077f47afa46d937e75df1d48] 10.0.0.67 "GET /resource_providers/2f9593ba-7559-451d-ab41-066f9923be1f/aggregates" status: 404 len: 235 microversion: 1.1 [pid: 7|app: 0|req: 381/765] 10.0.0.67 () {32 vars in 815 bytes} [Sat Apr 25 10:12:57 2026] GET /resource_providers/2f9593ba-7559-451d-ab41-066f9923be1f/aggregates => generated 235 bytes in 40 msecs (HTTP/1.1 404) 5 headers in 202 bytes (1 switches on core 0)
2026-04-25 10:12:57.806 6 INFO placement.requestlog [None req-f5595d75-bb57-4ff8-a526-8a04e0ec0bf6 5cffb3d3f6f04c66bf799654e04bcd2d bcc22968bb3f4ef988d887de4be464c7 - - 4113b1e3077f47afa46d937e75df1d48 4113b1e3077f47afa46d937e75df1d48] 10.0.0.67 "DELETE /resource_providers/2f9593ba-7559-451d-ab41-066f9923be1f" status: 404 len: 246 microversion: 1.1 [pid: 6|app: 0|req: 385/766] 10.0.0.67 () {34 vars in 815 bytes} [Sat Apr 25 10:12:57 2026] DELETE /resource_providers/2f9593ba-7559-451d-ab41-066f9923be1f => generated 246 bytes in 10 msecs (HTTP/1.1 404) 6 headers in 231 bytes (1 switches on core 0)
2026-04-25 10:12:57.996 7 INFO placement.requestlog [None req-f4d2b61e-28b6-4dce-8ce8-4c6487c4ae18 5cffb3d3f6f04c66bf799654e04bcd2d bcc22968bb3f4ef988d887de4be464c7 - - 4113b1e3077f47afa46d937e75df1d48 4113b1e3077f47afa46d937e75df1d48] 10.0.0.67 "GET /resource_providers/8a1a2a8f-1f3d-4636-afe1-88823bf2f677/aggregates" status: 404 len: 235 microversion: 1.1 [pid: 7|app: 0|req: 382/767] 10.0.0.67 () {32 vars in 815 bytes} [Sat Apr 25 10:12:57 2026] GET /resource_providers/8a1a2a8f-1f3d-4636-afe1-88823bf2f677/aggregates => generated 235 bytes in 10 msecs (HTTP/1.1 404) 5 headers in 202 bytes (1 switches on core 0)
