2026-05-12 12:39:55.879 8 INFO neutron.db.ovn_revision_numbers_db [None req-20f81063-7516-4a1c-9b4c-b4b4f8d88627 e8da1d1f7b5b4719b6da46c74784d71d 27e4d7e76a7d4f6bae2a3afc0d075080 - - default default] Successfully bumped revision number for resource ae16cd62-a0ac-4695-916b-7815ec45939a (type: security_groups) to 1
2026-05-12 12:39:55.890 8 INFO neutron.db.ovn_revision_numbers_db [None req-20f81063-7516-4a1c-9b4c-b4b4f8d88627 e8da1d1f7b5b4719b6da46c74784d71d 27e4d7e76a7d4f6bae2a3afc0d075080 - - default default] Successfully bumped revision number for resource 6664d666-1539-4e53-b122-189e5df284ef (type: security_group_rules) to 0
2026-05-12 12:39:55.895 7 INFO neutron.db.ovn_revision_numbers_db [None req-46a7cc25-d163-4446-977d-0281901bb0a4 e8da1d1f7b5b4719b6da46c74784d71d 27e4d7e76a7d4f6bae2a3afc0d075080 - - default default] Successfully bumped revision number for resource 6f0eaa90-b860-4a5f-91a5-0a53b5d3f4b7 (type: security_groups) to 1
2026-05-12 12:39:55.901 8 INFO neutron.db.ovn_revision_numbers_db [None req-20f81063-7516-4a1c-9b4c-b4b4f8d88627 e8da1d1f7b5b4719b6da46c74784d71d 27e4d7e76a7d4f6bae2a3afc0d075080 - - default default] Successfully bumped revision number for resource 9a73f0e2-7434-4e23-9d18-34e542142996 (type: security_group_rules) to 0
2026-05-12 12:39:55.904 7 INFO neutron.db.ovn_revision_numbers_db [None req-46a7cc25-d163-4446-977d-0281901bb0a4 e8da1d1f7b5b4719b6da46c74784d71d 27e4d7e76a7d4f6bae2a3afc0d075080 - - default default] Successfully bumped revision number for resource 03b082c8-4416-4d7a-9d48-c723356a2791 (type: security_group_rules) to 0
2026-05-12 12:39:55.915 8 INFO neutron.db.ovn_revision_numbers_db [None req-20f81063-7516-4a1c-9b4c-b4b4f8d88627 e8da1d1f7b5b4719b6da46c74784d71d 27e4d7e76a7d4f6bae2a3afc0d075080 - - default default] Successfully bumped revision number for resource b3aab83b-9881-4c3e-b538-92d792cb73be (type: security_group_rules) to 0
2026-05-12 12:39:55.917 7 INFO neutron.db.ovn_revision_numbers_db [None req-46a7cc25-d163-4446-977d-0281901bb0a4 e8da1d1f7b5b4719b6da46c74784d71d 27e4d7e76a7d4f6bae2a3afc0d075080 - - default default] Successfully bumped revision number for resource 720fb682-30a1-436e-968a-346e1d7fcdbe (type: security_group_rules) to 0
2026-05-12 12:39:55.925 8 INFO neutron.db.ovn_revision_numbers_db [None req-20f81063-7516-4a1c-9b4c-b4b4f8d88627 e8da1d1f7b5b4719b6da46c74784d71d 27e4d7e76a7d4f6bae2a3afc0d075080 - - default default] Successfully bumped revision number for resource db274b78-a3a4-4413-a3b6-29b7b60afef3 (type: security_group_rules) to 0
2026-05-12 12:39:55.929 7 INFO neutron.db.ovn_revision_numbers_db [None req-46a7cc25-d163-4446-977d-0281901bb0a4 e8da1d1f7b5b4719b6da46c74784d71d 27e4d7e76a7d4f6bae2a3afc0d075080 - - default default] Successfully bumped revision number for resource ac427bab-1e89-4182-bf81-e016bbfc3220 (type: security_group_rules) to 0
2026-05-12 12:39:55.943 7 INFO neutron.db.ovn_revision_numbers_db [None req-46a7cc25-d163-4446-977d-0281901bb0a4 e8da1d1f7b5b4719b6da46c74784d71d 27e4d7e76a7d4f6bae2a3afc0d075080 - - default default] Successfully bumped revision number for resource b60c312f-eac7-4f6f-bde7-0ddde31debb4 (type: security_group_rules) to 0 [pid: 8|app: 0|req: 752/1499] 10.0.0.76 () {32 vars in 772 bytes} [Tue May 12 12:39:55 2026] GET /v2.0/security-groups?tenant_id=c13faba47d914a5ea22fab3f7709ed27&name=default => generated 2925 bytes in 229 msecs (HTTP/1.1 200) 4 headers in 158 bytes (1 switches on core 0) [pid: 7|app: 0|req: 748/1500] 10.0.0.76 () {32 vars in 772 bytes} [Tue May 12 12:39:55 2026] GET /v2.0/security-groups?tenant_id=8ad0bce6050448678387e7b811c8bc6c&name=default => generated 2925 bytes in 238 msecs (HTTP/1.1 200) 4 headers in 158 bytes (1 switches on core 0) [pid: 8|app: 0|req: 753/1501] 10.0.0.76 () {32 vars in 738 bytes} [Tue May 12 12:39:55 2026] DELETE /v2.0/security-groups/ae16cd62-a0ac-4695-916b-7815ec45939a => generated 0 bytes in 194 msecs (HTTP/1.1 204) 2 headers in 112 bytes (1 switches on core 0) [pid: 7|app: 0|req: 749/1502] 10.0.0.76 () {32 vars in 738 bytes} [Tue May 12 12:39:55 2026] DELETE /v2.0/security-groups/6f0eaa90-b860-4a5f-91a5-0a53b5d3f4b7 => generated 0 bytes in 200 msecs (HTTP/1.1 204) 2 headers in 112 bytes (1 switches on core 0) [pid: 8|app: 0|req: 754/1503] 10.0.0.138 () {34 vars in 989 bytes} [Tue May 12 12:39:56 2026] GET /v2.0/ports?device_id=11498adf-ba43-43e1-b9ae-36cfcc6f33ee => generated 1014 bytes in 34 msecs (HTTP/1.1 200) 4 headers in 158 bytes (1 switches on core 0) [pid: 7|app: 0|req: 750/1504] 10.0.0.138 () {34 vars in 1119 bytes} [Tue May 12 12:39:56 2026] GET /v2.0/security-groups?id=a0916f06-bf9c-4332-adf5-2d771f6c4e54&id=95d7061e-356f-49c7-b8bc-0faead674b9e&fields=id&fields=name => generated 207 bytes in 35 msecs (HTTP/1.1 200) 4 headers in 157 bytes (1 switches on core 0) [pid: 8|app: 0|req: 755/1505] 10.0.0.138 () {34 vars in 989 bytes} [Tue May 12 12:39:56 2026] GET /v2.0/ports?device_id=11498adf-ba43-43e1-b9ae-36cfcc6f33ee => generated 1014 bytes in 37 msecs (HTTP/1.1 200) 4 headers in 158 bytes (1 switches on core 0) [pid: 8|app: 0|req: 756/1506] 10.0.0.76 () {32 vars in 738 bytes} [Tue May 12 12:39:56 2026] DELETE /v2.0/security-groups/4d30282c-fcc3-4881-ac72-a98044e61670 => generated 0 bytes in 157 msecs (HTTP/1.1 204) 2 headers in 112 bytes (1 switches on core 0)
2026-05-12 12:39:56.720 8 INFO neutron.api.v2.resource [None req-9cc30cc6-5621-4f70-a24b-f32fb43422ea cdcaeb9276234b4a9660a42f6f73beec f66c2ba1177342b480ca3c2d3566f7b2 - - default default] show failed (client error): The resource could not be found. [pid: 8|app: 0|req: 757/1507] 10.0.0.76 () {32 vars in 735 bytes} [Tue May 12 12:39:56 2026] GET /v2.0/security-groups/4d30282c-fcc3-4881-ac72-a98044e61670 => generated 146 bytes in 12 msecs (HTTP/1.1 404) 4 headers in 164 bytes (1 switches on core 0)
2026-05-12 12:39:56.802 7 INFO neutron.db.ovn_revision_numbers_db [None req-4003a214-ac45-46eb-bb4a-b864ec506cb3 dcce0039916c434cb1bee68cfb2d24e2 f43c4b4383f34becb12dc2d093fab30b - - default default] Successfully bumped revision number for resource 2dcfafff-3d99-4bb7-aca9-08b9f9affb9f (type: floatingips) to 1
2026-05-12 12:39:56.869 8 INFO neutron_taas.services.taas.taas_plugin [None req-2f5cb84a-d0fa-4593-9c44-42d911ce7213 cdcaeb9276234b4a9660a42f6f73beec f66c2ba1177342b480ca3c2d3566f7b2 - - default default] TaaS: Handle Delete Port: e4923ada-830c-41d0-863f-d71048bcf2ee
2026-05-12 12:39:56.871 8 INFO neutron_taas.services.taas.tap_mirror_plugin [None req-2f5cb84a-d0fa-4593-9c44-42d911ce7213 cdcaeb9276234b4a9660a42f6f73beec f66c2ba1177342b480ca3c2d3566f7b2 - - default default] Tap Mirror: Handle Delete Port: e4923ada-830c-41d0-863f-d71048bcf2ee
2026-05-12 12:39:56.920 7 INFO neutron.db.ovn_revision_numbers_db [None req-4003a214-ac45-46eb-bb4a-b864ec506cb3 dcce0039916c434cb1bee68cfb2d24e2 f43c4b4383f34becb12dc2d093fab30b - - default default] Successfully bumped revision number for resource 2dcfafff-3d99-4bb7-aca9-08b9f9affb9f (type: floatingips) to 2
2026-05-12 12:39:56.921 7 INFO neutron.db.l3_db [None req-4003a214-ac45-46eb-bb4a-b864ec506cb3 dcce0039916c434cb1bee68cfb2d24e2 f43c4b4383f34becb12dc2d093fab30b - - default default] Floating IP 2dcfafff-3d99-4bb7-aca9-08b9f9affb9f associated. External IP: 10.96.250.206, port: 2c9b6722-da59-4a40-8dc6-f974103d8af9. [pid: 7|app: 0|req: 751/1508] 10.0.0.76 () {34 vars in 747 bytes} [Tue May 12 12:39:56 2026] PUT /v2.0/floatingips/2dcfafff-3d99-4bb7-aca9-08b9f9affb9f => generated 856 bytes in 585 msecs (HTTP/1.1 200) 4 headers in 157 bytes (1 switches on core 0)
2026-05-12 12:39:57.007 7 INFO neutron.notifiers.nova [-] Nova event matching ['req-88893dfe-3ada-4a35-96cf-beb5be359e5f'] response: {'name': 'network-changed', 'server_uuid': '11498adf-ba43-43e1-b9ae-36cfcc6f33ee', 'tag': '2c9b6722-da59-4a40-8dc6-f974103d8af9', 'status': 'completed', 'code': 200} [pid: 8|app: 0|req: 758/1509] 10.0.0.76 () {32 vars in 730 bytes} [Tue May 12 12:39:56 2026] DELETE /v2.0/floatingips/b9bbe192-de65-43ee-bf0a-5c17b1f521a7 => generated 0 bytes in 297 msecs (HTTP/1.1 204) 2 headers in 112 bytes (1 switches on core 0) /var/lib/openstack/lib/python3.12/site-packages/pycadf/identifier.py:70: UserWarning: Invalid uuid: neutron. To ensure interoperability, identifiers should be a valid uuid. warnings.warn(('Invalid uuid: %s. To ensure interoperability, '
2026-05-12 12:39:57.354 7 INFO neutron_taas.services.taas.taas_plugin [None req-747b3716-c7f4-427f-a512-309f2b95fb23 e8da1d1f7b5b4719b6da46c74784d71d 27e4d7e76a7d4f6bae2a3afc0d075080 - - default default] TaaS: Handle Delete Port: 1094ee5d-9179-47a8-b499-4f03e265f657
2026-05-12 12:39:57.356 7 INFO neutron_taas.services.taas.tap_mirror_plugin [None req-747b3716-c7f4-427f-a512-309f2b95fb23 e8da1d1f7b5b4719b6da46c74784d71d 27e4d7e76a7d4f6bae2a3afc0d075080 - - default default] Tap Mirror: Handle Delete Port: 1094ee5d-9179-47a8-b499-4f03e265f657 [pid: 8|app: 0|req: 761/1512] 199.19.213.17 () {34 vars in 1078 bytes} [Tue May 12 12:39:57 2026] GET /v2.0/ports?tenant_id=f43c4b4383f34becb12dc2d093fab30b&device_id=11498adf-ba43-43e1-b9ae-36cfcc6f33ee => generated 1275 bytes in 32 msecs (HTTP/1.1 200) 4 headers in 158 bytes (1 switches on core 0) [pid: 8|app: 0|req: 762/1513] 199.19.213.17 () {34 vars in 984 bytes} [Tue May 12 12:39:57 2026] GET /v2.0/networks?id=0e1d33d0-b567-40ed-939b-d5afb7c75e30 => generated 810 bytes in 43 msecs (HTTP/1.1 200) 4 headers in 157 bytes (1 switches on core 0) [pid: 8|app: 0|req: 763/1514] 199.19.213.17 () {34 vars in 1058 bytes} [Tue May 12 12:39:57 2026] GET /v2.0/floatingips?fixed_ip_address=10.100.0.10&port_id=2c9b6722-da59-4a40-8dc6-f974103d8af9 => generated 861 bytes in 35 msecs (HTTP/1.1 200) 4 headers in 157 bytes (1 switches on core 0) [pid: 8|app: 0|req: 764/1515] 199.19.213.17 () {34 vars in 982 bytes} [Tue May 12 12:39:57 2026] GET /v2.0/subnets?id=93b7856c-d7f0-495d-8e34-efb72de21580 => generated 691 bytes in 27 msecs (HTTP/1.1 200) 4 headers in 157 bytes (1 switches on core 0) [pid: 8|app: 0|req: 765/1516] 199.19.213.17 () {34 vars in 1050 bytes} [Tue May 12 12:39:57 2026] GET /v2.0/ports?network_id=0e1d33d0-b567-40ed-939b-d5afb7c75e30&device_owner=network%3Adhcp => generated 12 bytes in 15 msecs (HTTP/1.1 200) 4 headers in 156 bytes (1 switches on core 0) [pid: 8|app: 0|req: 766/1517] 199.19.213.17 () {34 vars in 1010 bytes} [Tue May 12 12:39:57 2026] GET /v2.0/networks/0e1d33d0-b567-40ed-939b-d5afb7c75e30?fields=segments => generated 14 bytes in 38 msecs (HTTP/1.1 200) 4 headers in 156 bytes (1 switches on core 0) [pid: 8|app: 0|req: 767/1518] 199.19.213.17 () {34 vars in 1110 bytes} [Tue May 12 12:39:57 2026] GET /v2.0/networks/0e1d33d0-b567-40ed-939b-d5afb7c75e30?fields=provider%3Aphysical_network&fields=provider%3Anetwork_type => generated 79 bytes in 44 msecs (HTTP/1.1 200) 4 headers in 156 bytes (1 switches on core 0) [pid: 7|app: 0|req: 752/1519] 10.0.0.76 () {34 vars in 787 bytes} [Tue May 12 12:39:57 2026] PUT /v2.0/routers/74d6c65e-1bb9-40ae-990a-913abd55ec4f/remove_router_interface => generated 310 bytes in 975 msecs (HTTP/1.1 200) 4 headers in 157 bytes (1 switches on core 0)
2026-05-12 12:39:58.305 8 INFO neutron_taas.services.taas.taas_plugin [None req-7fd8d389-b427-4bed-9dd5-b825e8f765c4 e8da1d1f7b5b4719b6da46c74784d71d 27e4d7e76a7d4f6bae2a3afc0d075080 - - default default] TaaS: Handle Delete Port: 450cdeaa-ac5e-4b53-a5f1-a27f2c1ed8d9
2026-05-12 12:39:58.307 8 INFO neutron_taas.services.taas.tap_mirror_plugin [None req-7fd8d389-b427-4bed-9dd5-b825e8f765c4 e8da1d1f7b5b4719b6da46c74784d71d 27e4d7e76a7d4f6bae2a3afc0d075080 - - default default] Tap Mirror: Handle Delete Port: 450cdeaa-ac5e-4b53-a5f1-a27f2c1ed8d9 /var/lib/openstack/lib/python3.12/site-packages/pycadf/identifier.py:70: UserWarning: Invalid uuid: neutron. To ensure interoperability, identifiers should be a valid uuid. warnings.warn(('Invalid uuid: %s. To ensure interoperability, '
2026-05-12 12:39:58.626 7 WARNING neutron.db.securitygroups_db [None req-9db12f84-f225-4036-8db0-fe586928fca4 e8da1d1f7b5b4719b6da46c74784d71d 27e4d7e76a7d4f6bae2a3afc0d075080 - - default default] project_id key not found in filters, using tenant_id instead. This support has been deprecated and will be removed in a future release. [pid: 8|app: 0|req: 768/1520] 10.0.0.76 () {32 vars in 722 bytes} [Tue May 12 12:39:58 2026] DELETE /v2.0/routers/74d6c65e-1bb9-40ae-990a-913abd55ec4f => generated 0 bytes in 684 msecs (HTTP/1.1 204) 2 headers in 112 bytes (1 switches on core 0)
2026-05-12 12:39:58.829 7 INFO neutron.db.ovn_revision_numbers_db [None req-9db12f84-f225-4036-8db0-fe586928fca4 e8da1d1f7b5b4719b6da46c74784d71d 27e4d7e76a7d4f6bae2a3afc0d075080 - - default default] Successfully bumped revision number for resource 21564ae6-15bf-44c0-8e74-ac44795a82e9 (type: security_groups) to 1
2026-05-12 12:39:58.850 7 INFO neutron.db.ovn_revision_numbers_db [None req-9db12f84-f225-4036-8db0-fe586928fca4 e8da1d1f7b5b4719b6da46c74784d71d 27e4d7e76a7d4f6bae2a3afc0d075080 - - default default] Successfully bumped revision number for resource 1af19daf-e6c6-4686-a2ff-81a341a8cf50 (type: security_group_rules) to 0
2026-05-12 12:39:58.868 7 INFO neutron.db.ovn_revision_numbers_db [None req-9db12f84-f225-4036-8db0-fe586928fca4 e8da1d1f7b5b4719b6da46c74784d71d 27e4d7e76a7d4f6bae2a3afc0d075080 - - default default] Successfully bumped revision number for resource 2051a645-4726-4e4c-ad9c-4ede1f975d28 (type: security_group_rules) to 0
2026-05-12 12:39:58.883 7 INFO neutron.db.ovn_revision_numbers_db [None req-9db12f84-f225-4036-8db0-fe586928fca4 e8da1d1f7b5b4719b6da46c74784d71d 27e4d7e76a7d4f6bae2a3afc0d075080 - - default default] Successfully bumped revision number for resource 3ef09726-77de-475b-bc17-e9b5921033b2 (type: security_group_rules) to 0
2026-05-12 12:39:58.899 7 INFO neutron.db.ovn_revision_numbers_db [None req-9db12f84-f225-4036-8db0-fe586928fca4 e8da1d1f7b5b4719b6da46c74784d71d 27e4d7e76a7d4f6bae2a3afc0d075080 - - default default] Successfully bumped revision number for resource 671bf7f8-0a05-47a8-882e-573ec41f28f7 (type: security_group_rules) to 0 [pid: 8|app: 0|req: 769/1521] 10.0.0.76 () {32 vars in 722 bytes} [Tue May 12 12:39:58 2026] DELETE /v2.0/subnets/173e04aa-c170-4c98-9c8f-7131badc7b5d => generated 0 bytes in 199 msecs (HTTP/1.1 204) 3 headers in 131 bytes (1 switches on core 0) [pid: 7|app: 0|req: 753/1522] 10.0.0.76 () {32 vars in 772 bytes} [Tue May 12 12:39:58 2026] GET /v2.0/security-groups?tenant_id=caccd0b3651e44af981b417fe54850e3&name=default => generated 2925 bytes in 467 msecs (HTTP/1.1 200) 4 headers in 158 bytes (1 switches on core 0)
2026-05-12 12:39:59.057 8 INFO neutron_taas.services.taas.taas_plugin [None req-63d17c77-71d2-4107-be50-c35764f9a4d7 e8da1d1f7b5b4719b6da46c74784d71d 27e4d7e76a7d4f6bae2a3afc0d075080 - - default default] TaaS: Handle Delete Port: 1a343fca-6ffa-4f1f-9894-d387620f3f51
2026-05-12 12:39:59.062 8 INFO neutron_taas.services.taas.tap_mirror_plugin [None req-63d17c77-71d2-4107-be50-c35764f9a4d7 e8da1d1f7b5b4719b6da46c74784d71d 27e4d7e76a7d4f6bae2a3afc0d075080 - - default default] Tap Mirror: Handle Delete Port: 1a343fca-6ffa-4f1f-9894-d387620f3f51 [pid: 7|app: 0|req: 754/1523] 10.0.0.76 () {32 vars in 738 bytes} [Tue May 12 12:39:58 2026] DELETE /v2.0/security-groups/21564ae6-15bf-44c0-8e74-ac44795a82e9 => generated 0 bytes in 177 msecs (HTTP/1.1 204) 2 headers in 112 bytes (1 switches on core 0)
2026-05-12 12:39:59.237 8 INFO neutron.services.segments.plugin [-] Segment 47c004b7-8895-46da-9afa-d22436bb5f16 resource provider aggregate not found
2026-05-12 12:39:59.253 8 INFO neutron.services.segments.plugin [-] Segment 47c004b7-8895-46da-9afa-d22436bb5f16 resource provider aggregate not found
2026-05-12 12:39:59.263 8 INFO neutron.services.segments.plugin [-] Segment 47c004b7-8895-46da-9afa-d22436bb5f16 resource provider not found; error: Placement Client Error (4xx): {"errors": [{"status": 404, "title": "Not Found", "detail": "The resource could not be found.\n\n No resource provider with uuid 47c004b7-8895-46da-9afa-d22436bb5f16 found for delete ", "request_id": "req-7ee9b7d1-189b-413d-a938-1727ecb969e4"}]}
2026-05-12 12:39:59.269 8 INFO neutron.services.segments.plugin [-] Segment 47c004b7-8895-46da-9afa-d22436bb5f16 resource provider not found; error: Placement Client Error (4xx): {"errors": [{"status": 404, "title": "Not Found", "detail": "The resource could not be found.\n\n No resource provider with uuid 47c004b7-8895-46da-9afa-d22436bb5f16 found for delete ", "request_id": "req-40112b04-cfad-48fc-a7eb-334eeab53c11"}]} [pid: 8|app: 0|req: 770/1524] 10.0.0.76 () {32 vars in 724 bytes} [Tue May 12 12:39:58 2026] DELETE /v2.0/networks/59091edf-2b4b-4fc1-abbf-d2edd7ee2f8c => generated 0 bytes in 359 msecs (HTTP/1.1 204) 3 headers in 131 bytes (1 switches on core 0)
2026-05-12 12:39:59.467 7 WARNING neutron.db.securitygroups_db [None req-b63e4598-0756-4ab1-8609-abce20f1e6b3 e8da1d1f7b5b4719b6da46c74784d71d 27e4d7e76a7d4f6bae2a3afc0d075080 - - default default] project_id key not found in filters, using tenant_id instead. This support has been deprecated and will be removed in a future release. [pid: 7|app: 0|req: 755/1525] 10.0.0.76 () {32 vars in 772 bytes} [Tue May 12 12:39:59 2026] GET /v2.0/security-groups?tenant_id=f66c2ba1177342b480ca3c2d3566f7b2&name=default => generated 2925 bytes in 28 msecs (HTTP/1.1 200) 4 headers in 158 bytes (1 switches on core 0) [pid: 8|app: 0|req: 771/1526] 10.0.0.76 () {32 vars in 738 bytes} [Tue May 12 12:39:59 2026] DELETE /v2.0/security-groups/a90e9c0d-5151-4c79-ad2e-a96e0846feba => generated 0 bytes in 174 msecs (HTTP/1.1 204) 2 headers in 112 bytes (1 switches on core 0)
2026-05-12 12:40:01.538 7 WARNING neutron.db.securitygroups_db [None req-e0f6dec3-5a65-4ad3-a00d-37a6d4fa32f4 e8da1d1f7b5b4719b6da46c74784d71d 27e4d7e76a7d4f6bae2a3afc0d075080 - - default default] project_id key not found in filters, using tenant_id instead. This support has been deprecated and will be removed in a future release.
2026-05-12 12:40:01.674 7 INFO neutron.db.ovn_revision_numbers_db [None req-e0f6dec3-5a65-4ad3-a00d-37a6d4fa32f4 e8da1d1f7b5b4719b6da46c74784d71d 27e4d7e76a7d4f6bae2a3afc0d075080 - - default default] Successfully bumped revision number for resource 5da6f3e8-fb96-495c-81dd-b512b1c8907f (type: security_groups) to 1
2026-05-12 12:40:01.690 7 INFO neutron.db.ovn_revision_numbers_db [None req-e0f6dec3-5a65-4ad3-a00d-37a6d4fa32f4 e8da1d1f7b5b4719b6da46c74784d71d 27e4d7e76a7d4f6bae2a3afc0d075080 - - default default] Successfully bumped revision number for resource 17f6998e-0f18-48a2-a641-46299e740337 (type: security_group_rules) to 0
2026-05-12 12:40:01.707 7 INFO neutron.db.ovn_revision_numbers_db [None req-e0f6dec3-5a65-4ad3-a00d-37a6d4fa32f4 e8da1d1f7b5b4719b6da46c74784d71d 27e4d7e76a7d4f6bae2a3afc0d075080 - - default default] Successfully bumped revision number for resource 66dba0d4-7f90-413a-af1f-9314cba05b51 (type: security_group_rules) to 0
2026-05-12 12:40:01.713 8 INFO neutron.db.ovn_revision_numbers_db [None req-6d4efc2e-729c-40ed-88f8-ffd768dc040f e8da1d1f7b5b4719b6da46c74784d71d 27e4d7e76a7d4f6bae2a3afc0d075080 - - default default] Successfully bumped revision number for resource 35e1eb23-9b07-42db-8b55-2069bb4568d4 (type: security_groups) to 1
2026-05-12 12:40:01.720 7 INFO neutron.db.ovn_revision_numbers_db [None req-e0f6dec3-5a65-4ad3-a00d-37a6d4fa32f4 e8da1d1f7b5b4719b6da46c74784d71d 27e4d7e76a7d4f6bae2a3afc0d075080 - - default default] Successfully bumped revision number for resource 888a2c35-f9e2-40d5-832f-5c1de43d5494 (type: security_group_rules) to 0
2026-05-12 12:40:01.724 8 INFO neutron.db.ovn_revision_numbers_db [None req-6d4efc2e-729c-40ed-88f8-ffd768dc040f e8da1d1f7b5b4719b6da46c74784d71d 27e4d7e76a7d4f6bae2a3afc0d075080 - - default default] Successfully bumped revision number for resource 642114a2-23c7-4996-8e22-d5ad6229bbc5 (type: security_group_rules) to 0
2026-05-12 12:40:01.734 7 INFO neutron.db.ovn_revision_numbers_db [None req-e0f6dec3-5a65-4ad3-a00d-37a6d4fa32f4 e8da1d1f7b5b4719b6da46c74784d71d 27e4d7e76a7d4f6bae2a3afc0d075080 - - default default] Successfully bumped revision number for resource dd1993de-3d68-41b0-b836-1dfecb7929cc (type: security_group_rules) to 0
2026-05-12 12:40:01.737 8 INFO neutron.db.ovn_revision_numbers_db [None req-6d4efc2e-729c-40ed-88f8-ffd768dc040f e8da1d1f7b5b4719b6da46c74784d71d 27e4d7e76a7d4f6bae2a3afc0d075080 - - default default] Successfully bumped revision number for resource 9ce4c797-7704-4f68-a0a2-4e611a1cf284 (type: security_group_rules) to 0
2026-05-12 12:40:01.748 8 INFO neutron.db.ovn_revision_numbers_db [None req-6d4efc2e-729c-40ed-88f8-ffd768dc040f e8da1d1f7b5b4719b6da46c74784d71d 27e4d7e76a7d4f6bae2a3afc0d075080 - - default default] Successfully bumped revision number for resource 9de0369a-c0c2-4df5-9696-3996fe0d1eb1 (type: security_group_rules) to 0
2026-05-12 12:40:01.759 8 INFO neutron.db.ovn_revision_numbers_db [None req-6d4efc2e-729c-40ed-88f8-ffd768dc040f e8da1d1f7b5b4719b6da46c74784d71d 27e4d7e76a7d4f6bae2a3afc0d075080 - - default default] Successfully bumped revision number for resource ae0c3dd8-e505-4b34-89e1-e5356dd6c952 (type: security_group_rules) to 0 [pid: 7|app: 0|req: 756/1527] 10.0.0.76 () {32 vars in 772 bytes} [Tue May 12 12:40:01 2026] GET /v2.0/security-groups?tenant_id=4e146b5c137a415990617ef0fb868155&name=default => generated 2925 bytes in 309 msecs (HTTP/1.1 200) 4 headers in 158 bytes (1 switches on core 0)
2026-05-12 12:40:01.836 8 INFO neutron.db.segments_db [None req-6d4efc2e-729c-40ed-88f8-ffd768dc040f e8da1d1f7b5b4719b6da46c74784d71d 27e4d7e76a7d4f6bae2a3afc0d075080 - - default default] Added segment b38d5a3b-b177-4883-bb85-3f7dc088a0c4 of type geneve for network 864b7a54-a6b0-4764-ada4-5c6fa8a635db [pid: 7|app: 0|req: 757/1528] 10.0.0.76 () {32 vars in 738 bytes} [Tue May 12 12:40:01 2026] DELETE /v2.0/security-groups/5da6f3e8-fb96-495c-81dd-b512b1c8907f => generated 0 bytes in 186 msecs (HTTP/1.1 204) 2 headers in 112 bytes (1 switches on core 0)
2026-05-12 12:40:01.964 8 INFO neutron.db.ovn_revision_numbers_db [None req-6d4efc2e-729c-40ed-88f8-ffd768dc040f e8da1d1f7b5b4719b6da46c74784d71d 27e4d7e76a7d4f6bae2a3afc0d075080 - - default default] Successfully bumped revision number for resource 864b7a54-a6b0-4764-ada4-5c6fa8a635db (type: networks) to 1
2026-05-12 12:40:02.097 7 WARNING neutron.db.securitygroups_db [None req-122ef4d8-f60b-48bc-a987-dd56ec42e3da e8da1d1f7b5b4719b6da46c74784d71d 27e4d7e76a7d4f6bae2a3afc0d075080 - - default default] project_id key not found in filters, using tenant_id instead. This support has been deprecated and will be removed in a future release.
2026-05-12 12:40:02.120 8 WARNING neutron.scheduler.dhcp_agent_scheduler [None req-6d4efc2e-729c-40ed-88f8-ffd768dc040f e8da1d1f7b5b4719b6da46c74784d71d 27e4d7e76a7d4f6bae2a3afc0d075080 - - default default] No more DHCP agents
2026-05-12 12:40:02.121 8 WARNING neutron.api.rpc.agentnotifiers.dhcp_rpc_agent_api [None req-6d4efc2e-729c-40ed-88f8-ffd768dc040f e8da1d1f7b5b4719b6da46c74784d71d 27e4d7e76a7d4f6bae2a3afc0d075080 - - default default] Unable to schedule network 864b7a54-a6b0-4764-ada4-5c6fa8a635db: no agents available; will retry on subsequent port and subnet creation events.
2026-05-12 12:40:02.187 8 INFO neutron.db.ovn_revision_numbers_db [None req-6d4efc2e-729c-40ed-88f8-ffd768dc040f e8da1d1f7b5b4719b6da46c74784d71d 27e4d7e76a7d4f6bae2a3afc0d075080 - - default default] Successfully bumped revision number for resource 7837fd50-32ce-4a88-9275-ccb982db8a8f (type: ports) to 1
2026-05-12 12:40:02.187 7 INFO neutron.plugins.ml2.drivers.ovn.mech_driver.mech_driver [None req-6f6dcbc4-76c5-4de0-b10b-af79b164b17a - - - - - -] OVN reports status down for port: 7837fd50-32ce-4a88-9275-ccb982db8a8f [pid: 8|app: 0|req: 772/1529] 10.0.0.76 () {34 vars in 669 bytes} [Tue May 12 12:40:01 2026] POST /v2.0/networks => generated 784 bytes in 685 msecs (HTTP/1.1 201) 4 headers in 162 bytes (1 switches on core 0)
2026-05-12 12:40:02.271 7 INFO neutron.db.ovn_revision_numbers_db [None req-122ef4d8-f60b-48bc-a987-dd56ec42e3da e8da1d1f7b5b4719b6da46c74784d71d 27e4d7e76a7d4f6bae2a3afc0d075080 - - default default] Successfully bumped revision number for resource f5dc1b3d-8371-46f2-a45c-15c6f5a6b21e (type: security_groups) to 1
2026-05-12 12:40:02.288 7 INFO neutron.db.ovn_revision_numbers_db [None req-122ef4d8-f60b-48bc-a987-dd56ec42e3da e8da1d1f7b5b4719b6da46c74784d71d 27e4d7e76a7d4f6bae2a3afc0d075080 - - default default] Successfully bumped revision number for resource 1a0e62ec-0845-43f7-bf4f-32f902b50768 (type: security_group_rules) to 0
2026-05-12 12:40:02.301 7 INFO neutron.db.ovn_revision_numbers_db [None req-122ef4d8-f60b-48bc-a987-dd56ec42e3da e8da1d1f7b5b4719b6da46c74784d71d 27e4d7e76a7d4f6bae2a3afc0d075080 - - default default] Successfully bumped revision number for resource 1d08c145-468b-4942-8d36-516a8b826e80 (type: security_group_rules) to 0
2026-05-12 12:40:02.313 7 INFO neutron.db.ovn_revision_numbers_db [None req-122ef4d8-f60b-48bc-a987-dd56ec42e3da e8da1d1f7b5b4719b6da46c74784d71d 27e4d7e76a7d4f6bae2a3afc0d075080 - - default default] Successfully bumped revision number for resource 578a8614-afc4-42c3-91d7-9ea3ab08bfdd (type: security_group_rules) to 0
2026-05-12 12:40:02.326 7 INFO neutron.db.ovn_revision_numbers_db [None req-122ef4d8-f60b-48bc-a987-dd56ec42e3da e8da1d1f7b5b4719b6da46c74784d71d 27e4d7e76a7d4f6bae2a3afc0d075080 - - default default] Successfully bumped revision number for resource dfc032f3-e890-4e59-8f64-03121850cf8b (type: security_group_rules) to 0 [pid: 7|app: 0|req: 758/1530] 10.0.0.76 () {32 vars in 772 bytes} [Tue May 12 12:40:02 2026] GET /v2.0/security-groups?tenant_id=c32f6b350d184b4a8eef0c7b06436fe8&name=default => generated 2925 bytes in 278 msecs (HTTP/1.1 200) 4 headers in 158 bytes (1 switches on core 0)
2026-05-12 12:40:02.406 8 WARNING neutron.scheduler.dhcp_agent_scheduler [None req-5c3e094c-0a5b-4a00-8649-e3d13abc7ac6 e8da1d1f7b5b4719b6da46c74784d71d 27e4d7e76a7d4f6bae2a3afc0d075080 - - default default] No more DHCP agents
2026-05-12 12:40:02.408 8 WARNING neutron.api.rpc.agentnotifiers.dhcp_rpc_agent_api [None req-5c3e094c-0a5b-4a00-8649-e3d13abc7ac6 e8da1d1f7b5b4719b6da46c74784d71d 27e4d7e76a7d4f6bae2a3afc0d075080 - - default default] Unable to schedule network 864b7a54-a6b0-4764-ada4-5c6fa8a635db: no agents available; will retry on subsequent port and subnet creation events. [pid: 7|app: 0|req: 759/1531] 10.0.0.76 () {32 vars in 738 bytes} [Tue May 12 12:40:02 2026] DELETE /v2.0/security-groups/f5dc1b3d-8371-46f2-a45c-15c6f5a6b21e => generated 0 bytes in 193 msecs (HTTP/1.1 204) 2 headers in 112 bytes (1 switches on core 0)
2026-05-12 12:40:02.852 8 INFO neutron.db.ovn_revision_numbers_db [None req-5c3e094c-0a5b-4a00-8649-e3d13abc7ac6 e8da1d1f7b5b4719b6da46c74784d71d 27e4d7e76a7d4f6bae2a3afc0d075080 - - default default] Successfully bumped revision number for resource 7837fd50-32ce-4a88-9275-ccb982db8a8f (type: ports) to 2
2026-05-12 12:40:02.886 8 INFO neutron.db.ovn_revision_numbers_db [None req-5c3e094c-0a5b-4a00-8649-e3d13abc7ac6 e8da1d1f7b5b4719b6da46c74784d71d 27e4d7e76a7d4f6bae2a3afc0d075080 - - default default] Successfully bumped revision number for resource e94a09ae-d02e-4e4b-8121-8a17931c4cec (type: subnets) to 0 [pid: 8|app: 0|req: 773/1532] 10.0.0.76 () {34 vars in 667 bytes} [Tue May 12 12:40:02 2026] POST /v2.0/subnets => generated 690 bytes in 690 msecs (HTTP/1.1 201) 4 headers in 162 bytes (1 switches on core 0)
2026-05-12 12:40:03.335 7 WARNING neutron.scheduler.dhcp_agent_scheduler [None req-632a787d-2a99-42bb-9e1e-201df7822fe9 e8da1d1f7b5b4719b6da46c74784d71d 27e4d7e76a7d4f6bae2a3afc0d075080 - - default default] No more DHCP agents
2026-05-12 12:40:03.336 7 WARNING neutron.api.rpc.agentnotifiers.dhcp_rpc_agent_api [None req-632a787d-2a99-42bb-9e1e-201df7822fe9 e8da1d1f7b5b4719b6da46c74784d71d 27e4d7e76a7d4f6bae2a3afc0d075080 - - default default] Unable to schedule network 927b3ff3-df79-41db-a448-9da9169ba59d: no agents available; will retry on subsequent port and subnet creation events.
2026-05-12 12:40:03.469 8 INFO neutron.plugins.ml2.drivers.ovn.mech_driver.mech_driver [None req-91912e39-b428-4ea5-9312-58f6b328a211 - - - - - -] OVN reports status down for port: d12072dc-2d3f-40c7-83f2-dc36b7d928cf
2026-05-12 12:40:03.498 7 INFO neutron.db.ovn_revision_numbers_db [None req-632a787d-2a99-42bb-9e1e-201df7822fe9 e8da1d1f7b5b4719b6da46c74784d71d 27e4d7e76a7d4f6bae2a3afc0d075080 - - default default] Successfully bumped revision number for resource d12072dc-2d3f-40c7-83f2-dc36b7d928cf (type: ports) to 1
2026-05-12 12:40:03.826 8 INFO neutron.db.ovn_revision_numbers_db [None req-33c92387-9c8a-421f-9d6f-6f3f59acbd0b 9b808067ac924cf0bc51c99a9dd96de4 44bde22782b9437ebd45128cfab171ae - - default default] Successfully bumped revision number for resource 15789275-0d0b-4a3b-831e-d9a9b8cead73 (type: security_groups) to 1
2026-05-12 12:40:03.839 8 INFO neutron.db.ovn_revision_numbers_db [None req-33c92387-9c8a-421f-9d6f-6f3f59acbd0b 9b808067ac924cf0bc51c99a9dd96de4 44bde22782b9437ebd45128cfab171ae - - default default] Successfully bumped revision number for resource 08715303-b7e4-48c3-8c3d-333780c006cd (type: security_group_rules) to 0
2026-05-12 12:40:03.852 8 INFO neutron.db.ovn_revision_numbers_db [None req-33c92387-9c8a-421f-9d6f-6f3f59acbd0b 9b808067ac924cf0bc51c99a9dd96de4 44bde22782b9437ebd45128cfab171ae - - default default] Successfully bumped revision number for resource 232b207d-9995-4e25-8f3c-2ebf322605d2 (type: security_group_rules) to 0
2026-05-12 12:40:03.869 8 INFO neutron.db.ovn_revision_numbers_db [None req-33c92387-9c8a-421f-9d6f-6f3f59acbd0b 9b808067ac924cf0bc51c99a9dd96de4 44bde22782b9437ebd45128cfab171ae - - default default] Successfully bumped revision number for resource 4130487c-0d8c-4c29-9c1e-f4625b7793f2 (type: security_group_rules) to 0
2026-05-12 12:40:03.900 8 INFO neutron.db.ovn_revision_numbers_db [None req-33c92387-9c8a-421f-9d6f-6f3f59acbd0b 9b808067ac924cf0bc51c99a9dd96de4 44bde22782b9437ebd45128cfab171ae - - default default] Successfully bumped revision number for resource 7faddebb-e232-45d3-8951-fdcc39c7a2f4 (type: security_group_rules) to 0
2026-05-12 12:40:03.979 8 INFO neutron.db.segments_db [None req-33c92387-9c8a-421f-9d6f-6f3f59acbd0b 9b808067ac924cf0bc51c99a9dd96de4 44bde22782b9437ebd45128cfab171ae - - default default] Added segment aecbcc3b-cda7-4df3-bb92-e335808bfbbf of type geneve for network 6e146747-6856-475c-b0d5-06a3db504ae3
2026-05-12 12:40:04.133 8 INFO neutron.db.ovn_revision_numbers_db [None req-33c92387-9c8a-421f-9d6f-6f3f59acbd0b 9b808067ac924cf0bc51c99a9dd96de4 44bde22782b9437ebd45128cfab171ae - - default default] Successfully bumped revision number for resource 6e146747-6856-475c-b0d5-06a3db504ae3 (type: networks) to 1
2026-05-12 12:40:04.214 7 INFO neutron.db.ovn_revision_numbers_db [None req-632a787d-2a99-42bb-9e1e-201df7822fe9 e8da1d1f7b5b4719b6da46c74784d71d 27e4d7e76a7d4f6bae2a3afc0d075080 - - default default] Successfully bumped revision number for resource d12072dc-2d3f-40c7-83f2-dc36b7d928cf (type: router_ports) to 1
2026-05-12 12:40:04.265 8 INFO neutron.plugins.ml2.drivers.ovn.mech_driver.ovsdb.ovsdb_monitor [None req-a33e2528-ebd4-4a07-a392-c763f123ae69 - - - - - -] Router e99c3d25-3a8f-4b23-a246-701fad46014e is bound to host instance
2026-05-12 12:40:04.279 7 INFO neutron.db.ovn_revision_numbers_db [None req-632a787d-2a99-42bb-9e1e-201df7822fe9 e8da1d1f7b5b4719b6da46c74784d71d 27e4d7e76a7d4f6bae2a3afc0d075080 - - default default] Successfully bumped revision number for resource e99c3d25-3a8f-4b23-a246-701fad46014e (type: routers) to 2 [pid: 7|app: 0|req: 760/1533] 10.0.0.76 () {34 vars in 667 bytes} [Tue May 12 12:40:02 2026] POST /v2.0/routers => generated 989 bytes in 1386 msecs (HTTP/1.1 201) 4 headers in 162 bytes (1 switches on core 0)
2026-05-12 12:40:04.359 8 INFO neutron.plugins.ml2.drivers.ovn.mech_driver.mech_driver [None req-91912e39-b428-4ea5-9312-58f6b328a211 - - - - - -] OVN reports status up for port: d12072dc-2d3f-40c7-83f2-dc36b7d928cf
2026-05-12 12:40:04.412 8 INFO neutron.plugins.ml2.plugin [None req-91912e39-b428-4ea5-9312-58f6b328a211 - - - - - -] Attempt 1 to provision port d12072dc-2d3f-40c7-83f2-dc36b7d928cf
2026-05-12 12:40:04.589 8 WARNING neutron.scheduler.dhcp_agent_scheduler [None req-33c92387-9c8a-421f-9d6f-6f3f59acbd0b 9b808067ac924cf0bc51c99a9dd96de4 44bde22782b9437ebd45128cfab171ae - - default default] No more DHCP agents
2026-05-12 12:40:04.593 8 WARNING neutron.api.rpc.agentnotifiers.dhcp_rpc_agent_api [None req-33c92387-9c8a-421f-9d6f-6f3f59acbd0b 9b808067ac924cf0bc51c99a9dd96de4 44bde22782b9437ebd45128cfab171ae - - default default] Unable to schedule network 6e146747-6856-475c-b0d5-06a3db504ae3: no agents available; will retry on subsequent port and subnet creation events.
2026-05-12 12:40:04.769 7 WARNING neutron.scheduler.dhcp_agent_scheduler [None req-d444bd1c-205a-443b-8efe-6c8ad791dd7e e8da1d1f7b5b4719b6da46c74784d71d 27e4d7e76a7d4f6bae2a3afc0d075080 - - default default] No more DHCP agents
2026-05-12 12:40:04.771 7 WARNING neutron.api.rpc.agentnotifiers.dhcp_rpc_agent_api [None req-d444bd1c-205a-443b-8efe-6c8ad791dd7e e8da1d1f7b5b4719b6da46c74784d71d 27e4d7e76a7d4f6bae2a3afc0d075080 - - default default] Unable to schedule network 864b7a54-a6b0-4764-ada4-5c6fa8a635db: no agents available; will retry on subsequent port and subnet creation events.
2026-05-12 12:40:05.168 8 INFO neutron.db.ovn_revision_numbers_db [None req-33c92387-9c8a-421f-9d6f-6f3f59acbd0b 9b808067ac924cf0bc51c99a9dd96de4 44bde22782b9437ebd45128cfab171ae - - default default] Successfully bumped revision number for resource 013dce24-2ef9-4809-afc9-ff5d70469440 (type: ports) to 1 [pid: 8|app: 0|req: 774/1534] 10.0.0.76 () {34 vars in 668 bytes} [Tue May 12 12:40:03 2026] POST /v2.0/networks => generated 765 bytes in 1687 msecs (HTTP/1.1 201) 4 headers in 162 bytes (1 switches on core 0)
2026-05-12 12:40:05.421 7 INFO neutron.db.ovn_revision_numbers_db [None req-d444bd1c-205a-443b-8efe-6c8ad791dd7e e8da1d1f7b5b4719b6da46c74784d71d 27e4d7e76a7d4f6bae2a3afc0d075080 - - default default] Successfully bumped revision number for resource aeed5a5c-af61-48bd-8606-1f6b2dd9ae01 (type: ports) to 1
2026-05-12 12:40:05.484 8 WARNING neutron.scheduler.dhcp_agent_scheduler [None req-f562c66f-9027-4307-a6cb-9821ec0bab01 9b808067ac924cf0bc51c99a9dd96de4 44bde22782b9437ebd45128cfab171ae - - default default] No more DHCP agents
2026-05-12 12:40:05.486 8 WARNING neutron.api.rpc.agentnotifiers.dhcp_rpc_agent_api [None req-f562c66f-9027-4307-a6cb-9821ec0bab01 9b808067ac924cf0bc51c99a9dd96de4 44bde22782b9437ebd45128cfab171ae - - default default] Unable to schedule network 6e146747-6856-475c-b0d5-06a3db504ae3: no agents available; will retry on subsequent port and subnet creation events.
2026-05-12 12:40:06.079 7 WARNING neutron.scheduler.dhcp_agent_scheduler [None req-d444bd1c-205a-443b-8efe-6c8ad791dd7e e8da1d1f7b5b4719b6da46c74784d71d 27e4d7e76a7d4f6bae2a3afc0d075080 - - default default] No more DHCP agents
2026-05-12 12:40:06.080 7 WARNING neutron.api.rpc.agentnotifiers.dhcp_rpc_agent_api [None req-d444bd1c-205a-443b-8efe-6c8ad791dd7e e8da1d1f7b5b4719b6da46c74784d71d 27e4d7e76a7d4f6bae2a3afc0d075080 - - default default] Unable to schedule network 864b7a54-a6b0-4764-ada4-5c6fa8a635db: no agents available; will retry on subsequent port and subnet creation events.
2026-05-12 12:40:06.216 8 INFO neutron.db.ovn_revision_numbers_db [None req-1e58b466-bad1-4c20-991f-83506a19dfed - - - - - -] Successfully bumped revision number for resource d12072dc-2d3f-40c7-83f2-dc36b7d928cf (type: ports) to 4
2026-05-12 12:40:06.246 8 INFO neutron.db.ovn_revision_numbers_db [None req-f562c66f-9027-4307-a6cb-9821ec0bab01 9b808067ac924cf0bc51c99a9dd96de4 44bde22782b9437ebd45128cfab171ae - - default default] Successfully bumped revision number for resource 013dce24-2ef9-4809-afc9-ff5d70469440 (type: ports) to 2
2026-05-12 12:40:06.289 8 INFO neutron.db.ovn_revision_numbers_db [None req-f562c66f-9027-4307-a6cb-9821ec0bab01 9b808067ac924cf0bc51c99a9dd96de4 44bde22782b9437ebd45128cfab171ae - - default default] Successfully bumped revision number for resource fd8e3934-2846-49ec-a2e9-33790ee31b6e (type: subnets) to 0 [pid: 8|app: 0|req: 775/1535] 10.0.0.76 () {34 vars in 667 bytes} [Tue May 12 12:40:05 2026] POST /v2.0/subnets => generated 644 bytes in 1104 msecs (HTTP/1.1 201) 4 headers in 162 bytes (1 switches on core 0)
2026-05-12 12:40:06.578 7 INFO neutron.db.ovn_revision_numbers_db [None req-d444bd1c-205a-443b-8efe-6c8ad791dd7e e8da1d1f7b5b4719b6da46c74784d71d 27e4d7e76a7d4f6bae2a3afc0d075080 - - default default] Successfully bumped revision number for resource aeed5a5c-af61-48bd-8606-1f6b2dd9ae01 (type: router_ports) to 1 [pid: 7|app: 0|req: 761/1536] 10.0.0.76 () {34 vars in 781 bytes} [Tue May 12 12:40:04 2026] PUT /v2.0/routers/e99c3d25-3a8f-4b23-a246-701fad46014e/add_router_interface => generated 310 bytes in 2296 msecs (HTTP/1.1 200) 4 headers in 157 bytes (1 switches on core 0)
2026-05-12 12:40:06.604 7 INFO neutron.common.ovn.utils [None req-6f6dcbc4-76c5-4de0-b10b-af79b164b17a - - - - - -] HA Chassis Group neutron-864b7a54-a6b0-4764-ada4-5c6fa8a635db synchronized; highest priority chassis 6bbd602b-ded0-4285-8d00-75c0c44fe995
2026-05-12 12:40:06.610 7 WARNING neutron.api.v2.base [None req-3db53bdb-0936-40e6-b866-2e219967c443 9b808067ac924cf0bc51c99a9dd96de4 44bde22782b9437ebd45128cfab171ae - - default default] An exception happened while processing the request body. The exception message is [Invalid input for target_tenant. Reason: 'None' is not a valid string.].: webob.exc.HTTPBadRequest: Invalid input for target_tenant. Reason: 'None' is not a valid string.
2026-05-12 12:40:06.611 7 INFO neutron.api.v2.resource [None req-3db53bdb-0936-40e6-b866-2e219967c443 9b808067ac924cf0bc51c99a9dd96de4 44bde22782b9437ebd45128cfab171ae - - default default] create failed (client error): Invalid input for target_tenant. Reason: 'None' is not a valid string. [pid: 7|app: 0|req: 762/1537] 10.0.0.76 () {34 vars in 679 bytes} [Tue May 12 12:40:06 2026] POST /v2.0/rbac-policies => generated 143 bytes in 18 msecs (HTTP/1.1 400) 4 headers in 166 bytes (1 switches on core 0) [pid: 8|app: 0|req: 776/1538] 10.0.0.40 () {28 vars in 583 bytes} [Tue May 12 12:40:06 2026] GET /v2.0/networks => generated 5456 bytes in 421 msecs (HTTP/1.1 200) 4 headers in 158 bytes (1 switches on core 0)
2026-05-12 12:40:06.784 7 INFO neutron_taas.services.taas.taas_plugin [None req-0ce53040-4140-4c05-8931-ea8f62ea5b58 9b808067ac924cf0bc51c99a9dd96de4 44bde22782b9437ebd45128cfab171ae - - default default] TaaS: Handle Delete Port: 013dce24-2ef9-4809-afc9-ff5d70469440
2026-05-12 12:40:06.786 7 INFO neutron_taas.services.taas.tap_mirror_plugin [None req-0ce53040-4140-4c05-8931-ea8f62ea5b58 9b808067ac924cf0bc51c99a9dd96de4 44bde22782b9437ebd45128cfab171ae - - default default] Tap Mirror: Handle Delete Port: 013dce24-2ef9-4809-afc9-ff5d70469440
2026-05-12 12:40:06.820 8 INFO neutron.db.ovn_revision_numbers_db [None req-1e58b466-bad1-4c20-991f-83506a19dfed - - - - - -] Successfully bumped revision number for resource d12072dc-2d3f-40c7-83f2-dc36b7d928cf (type: ports) to 5 [pid: 8|app: 0|req: 777/1539] 10.0.0.40 () {28 vars in 577 bytes} [Tue May 12 12:40:06 2026] GET /v2.0/ports => generated 18272 bytes in 185 msecs (HTTP/1.1 200) 4 headers in 159 bytes (1 switches on core 0)
2026-05-12 12:40:07.061 8 WARNING neutron.db.securitygroups_db [None req-ba264e4e-4a4a-4b07-a34c-fd81edb27b22 e8da1d1f7b5b4719b6da46c74784d71d 27e4d7e76a7d4f6bae2a3afc0d075080 - - default default] project_id key not found in filters, using tenant_id instead. This support has been deprecated and will be removed in a future release.
2026-05-12 12:40:07.112 7 INFO neutron.services.segments.plugin [-] Segment aecbcc3b-cda7-4df3-bb92-e335808bfbbf resource provider aggregate not found
2026-05-12 12:40:07.113 7 INFO neutron.services.segments.plugin [-] Segment aecbcc3b-cda7-4df3-bb92-e335808bfbbf resource provider aggregate not found
2026-05-12 12:40:07.132 7 INFO neutron.services.segments.plugin [-] Segment aecbcc3b-cda7-4df3-bb92-e335808bfbbf resource provider not found; error: Placement Client Error (4xx): {"errors": [{"status": 404, "title": "Not Found", "detail": "The resource could not be found.\n\n No resource provider with uuid aecbcc3b-cda7-4df3-bb92-e335808bfbbf found for delete ", "request_id": "req-d68a7256-9087-4307-bb20-26a490d2890b"}]}
2026-05-12 12:40:07.134 7 INFO neutron.services.segments.plugin [-] Segment aecbcc3b-cda7-4df3-bb92-e335808bfbbf resource provider not found; error: Placement Client Error (4xx): {"errors": [{"status": 404, "title": "Not Found", "detail": "The resource could not be found.\n\n No resource provider with uuid aecbcc3b-cda7-4df3-bb92-e335808bfbbf found for delete ", "request_id": "req-ca2af3a5-8585-4bc6-a61f-7e403c294d2b"}]} [pid: 7|app: 0|req: 763/1540] 10.0.0.76 () {32 vars in 724 bytes} [Tue May 12 12:40:06 2026] DELETE /v2.0/networks/6e146747-6856-475c-b0d5-06a3db504ae3 => generated 0 bytes in 546 msecs (HTTP/1.1 204) 3 headers in 131 bytes (1 switches on core 0) [pid: 7|app: 0|req: 764/1541] 10.0.0.40 () {28 vars in 617 bytes} [Tue May 12 12:40:07 2026] GET /v2.0/network-ip-availabilities => generated 4193 bytes in 19 msecs (HTTP/1.1 200) 4 headers in 158 bytes (1 switches on core 0)
2026-05-12 12:40:07.228 8 INFO neutron.db.ovn_revision_numbers_db [None req-ba264e4e-4a4a-4b07-a34c-fd81edb27b22 e8da1d1f7b5b4719b6da46c74784d71d 27e4d7e76a7d4f6bae2a3afc0d075080 - - default default] Successfully bumped revision number for resource 4bd55f70-8b45-4ad3-a92c-65869ef87837 (type: security_groups) to 1
2026-05-12 12:40:07.241 8 INFO neutron.db.ovn_revision_numbers_db [None req-ba264e4e-4a4a-4b07-a34c-fd81edb27b22 e8da1d1f7b5b4719b6da46c74784d71d 27e4d7e76a7d4f6bae2a3afc0d075080 - - default default] Successfully bumped revision number for resource 1a1982c7-567f-4310-bc5b-6d0e19cb9367 (type: security_group_rules) to 0
2026-05-12 12:40:07.257 8 INFO neutron.db.ovn_revision_numbers_db [None req-ba264e4e-4a4a-4b07-a34c-fd81edb27b22 e8da1d1f7b5b4719b6da46c74784d71d 27e4d7e76a7d4f6bae2a3afc0d075080 - - default default] Successfully bumped revision number for resource 431a562c-2999-4cb1-8765-0a2aa620587d (type: security_group_rules) to 0
2026-05-12 12:40:07.273 7 INFO neutron.db.segments_db [None req-f157eba4-c13f-4bd9-b560-55ffe5864a09 9b808067ac924cf0bc51c99a9dd96de4 44bde22782b9437ebd45128cfab171ae - - default default] Added segment f0d57d97-6720-4609-9038-c3267949767c of type geneve for network 3d43578a-5404-4bec-9523-a0ddee8c265f
2026-05-12 12:40:07.274 8 INFO neutron.db.ovn_revision_numbers_db [None req-ba264e4e-4a4a-4b07-a34c-fd81edb27b22 e8da1d1f7b5b4719b6da46c74784d71d 27e4d7e76a7d4f6bae2a3afc0d075080 - - default default] Successfully bumped revision number for resource 4de6f0a2-0e27-4a81-a4b0-cce412706434 (type: security_group_rules) to 0
2026-05-12 12:40:07.291 8 INFO neutron.db.ovn_revision_numbers_db [None req-ba264e4e-4a4a-4b07-a34c-fd81edb27b22 e8da1d1f7b5b4719b6da46c74784d71d 27e4d7e76a7d4f6bae2a3afc0d075080 - - default default] Successfully bumped revision number for resource d39e0fab-38fd-4e49-aaa0-df7c31391bc8 (type: security_group_rules) to 0
2026-05-12 12:40:07.295 8 INFO neutron.plugins.ml2.drivers.ovn.mech_driver.mech_driver [None req-91912e39-b428-4ea5-9312-58f6b328a211 - - - - - -] OVN reports status down for port: 013dce24-2ef9-4809-afc9-ff5d70469440
2026-05-12 12:40:07.312 8 INFO neutron.plugins.ml2.drivers.ovn.mech_driver.mech_driver [None req-91912e39-b428-4ea5-9312-58f6b328a211 - - - - - -] OVN reports status down for port: aeed5a5c-af61-48bd-8606-1f6b2dd9ae01 [pid: 8|app: 0|req: 778/1542] 10.0.0.76 () {32 vars in 772 bytes} [Tue May 12 12:40:06 2026] GET /v2.0/security-groups?tenant_id=0303efa1875d44149b5248dd247aab9d&name=default => generated 2925 bytes in 443 msecs (HTTP/1.1 200) 4 headers in 158 bytes (1 switches on core 0)
2026-05-12 12:40:07.378 7 INFO neutron.db.ovn_revision_numbers_db [None req-f157eba4-c13f-4bd9-b560-55ffe5864a09 9b808067ac924cf0bc51c99a9dd96de4 44bde22782b9437ebd45128cfab171ae - - default default] Successfully bumped revision number for resource 3d43578a-5404-4bec-9523-a0ddee8c265f (type: networks) to 1 [pid: 8|app: 0|req: 779/1543] 10.0.0.40 () {28 vars in 579 bytes} [Tue May 12 12:40:07 2026] GET /v2.0/agents => generated 1214 bytes in 18 msecs (HTTP/1.1 200) 4 headers in 158 bytes (1 switches on core 0)
2026-05-12 12:40:07.428 8 WARNING neutron.plugins.ml2.drivers.ovn.mech_driver.ovsdb.ovn_client [None req-91912e39-b428-4ea5-9312-58f6b328a211 - - - - - -] Logical_Switch_Port aeed5a5c-af61-48bd-8606-1f6b2dd9ae01 host information not removed, the port state is up
2026-05-12 12:40:07.428 8 INFO neutron.plugins.ml2.drivers.ovn.mech_driver.mech_driver [None req-91912e39-b428-4ea5-9312-58f6b328a211 - - - - - -] OVN reports status up for port: aeed5a5c-af61-48bd-8606-1f6b2dd9ae01
2026-05-12 12:40:07.458 8 INFO neutron.plugins.ml2.plugin [None req-91912e39-b428-4ea5-9312-58f6b328a211 - - - - - -] Attempt 1 to provision port aeed5a5c-af61-48bd-8606-1f6b2dd9ae01
2026-05-12 12:40:07.553 7 WARNING neutron.scheduler.dhcp_agent_scheduler [None req-f157eba4-c13f-4bd9-b560-55ffe5864a09 9b808067ac924cf0bc51c99a9dd96de4 44bde22782b9437ebd45128cfab171ae - - default default] No more DHCP agents
2026-05-12 12:40:07.554 7 WARNING neutron.api.rpc.agentnotifiers.dhcp_rpc_agent_api [None req-f157eba4-c13f-4bd9-b560-55ffe5864a09 9b808067ac924cf0bc51c99a9dd96de4 44bde22782b9437ebd45128cfab171ae - - default default] Unable to schedule network 3d43578a-5404-4bec-9523-a0ddee8c265f: no agents available; will retry on subsequent port and subnet creation events.
2026-05-12 12:40:07.652 7 INFO neutron.db.ovn_revision_numbers_db [None req-f157eba4-c13f-4bd9-b560-55ffe5864a09 9b808067ac924cf0bc51c99a9dd96de4 44bde22782b9437ebd45128cfab171ae - - default default] Successfully bumped revision number for resource 1129f5ea-1f43-4ec4-85f0-205c2ad61008 (type: ports) to 1
2026-05-12 12:40:07.654 8 INFO neutron.db.ovn_revision_numbers_db [None req-41496d5c-7b94-4f4e-8e4e-a17bf1e40fc0 82ed66966748412d844981f05d2fc8f6 aca069aa6c47480d828dddd901ef47d7 - - default default] Successfully bumped revision number for resource 2af5d753-90d7-496b-8eab-7dfd8c0a6c1e (type: security_groups) to 1 [pid: 7|app: 0|req: 765/1544] 10.0.0.76 () {34 vars in 668 bytes} [Tue May 12 12:40:07 2026] POST /v2.0/networks => generated 768 bytes in 479 msecs (HTTP/1.1 201) 4 headers in 162 bytes (1 switches on core 0)
2026-05-12 12:40:07.681 8 INFO neutron.db.ovn_revision_numbers_db [None req-41496d5c-7b94-4f4e-8e4e-a17bf1e40fc0 82ed66966748412d844981f05d2fc8f6 aca069aa6c47480d828dddd901ef47d7 - - default default] Successfully bumped revision number for resource 25a81838-e39b-4ee3-8e9c-70a6ae1ec5a6 (type: security_group_rules) to 0
2026-05-12 12:40:07.708 8 INFO neutron.db.ovn_revision_numbers_db [None req-41496d5c-7b94-4f4e-8e4e-a17bf1e40fc0 82ed66966748412d844981f05d2fc8f6 aca069aa6c47480d828dddd901ef47d7 - - default default] Successfully bumped revision number for resource 3695c768-9a84-4e24-9fc3-dbc8273db3c3 (type: security_group_rules) to 0 [pid: 8|app: 0|req: 780/1545] 10.0.0.76 () {34 vars in 683 bytes} [Tue May 12 12:40:07 2026] POST /v2.0/security-groups => generated 1661 bytes in 395 msecs (HTTP/1.1 201) 4 headers in 163 bytes (1 switches on core 0) [pid: 7|app: 0|req: 766/1546] 10.0.0.76 () {32 vars in 738 bytes} [Tue May 12 12:40:07 2026] DELETE /v2.0/security-groups/4bd55f70-8b45-4ad3-a92c-65869ef87837 => generated 0 bytes in 146 msecs (HTTP/1.1 204) 2 headers in 112 bytes (1 switches on core 0) [pid: 8|app: 0|req: 781/1547] 10.0.0.40 () {28 vars in 581 bytes} [Tue May 12 12:40:07 2026] GET /v2.0/subnets => generated 3344 bytes in 72 msecs (HTTP/1.1 200) 4 headers in 158 bytes (1 switches on core 0)
2026-05-12 12:40:07.954 7 WARNING neutron.scheduler.dhcp_agent_scheduler [None req-ff8c3f77-d54b-400c-a990-3e22d2f61147 9b808067ac924cf0bc51c99a9dd96de4 44bde22782b9437ebd45128cfab171ae - - default default] No more DHCP agents
2026-05-12 12:40:07.955 7 WARNING neutron.api.rpc.agentnotifiers.dhcp_rpc_agent_api [None req-ff8c3f77-d54b-400c-a990-3e22d2f61147 9b808067ac924cf0bc51c99a9dd96de4 44bde22782b9437ebd45128cfab171ae - - default default] Unable to schedule network 3d43578a-5404-4bec-9523-a0ddee8c265f: no agents available; will retry on subsequent port and subnet creation events.
2026-05-12 12:40:08.106 8 INFO neutron.db.ovn_revision_numbers_db [None req-e6ea0a25-7b5d-4307-9d7e-8637116c0bc4 82ed66966748412d844981f05d2fc8f6 aca069aa6c47480d828dddd901ef47d7 - - default default] Successfully bumped revision number for resource 976b97cb-8548-41b0-9f70-102658a2579c (type: security_group_rules) to 0
2026-05-12 12:40:08.133 8 INFO neutron.db.ovn_revision_numbers_db [None req-91912e39-b428-4ea5-9312-58f6b328a211 - - - - - -] Successfully bumped revision number for resource aeed5a5c-af61-48bd-8606-1f6b2dd9ae01 (type: ports) to 2 [pid: 8|app: 0|req: 782/1548] 10.0.0.76 () {34 vars in 693 bytes} [Tue May 12 12:40:07 2026] POST /v2.0/security-group-rules => generated 597 bytes in 312 msecs (HTTP/1.1 201) 4 headers in 162 bytes (1 switches on core 0) [pid: 8|app: 0|req: 783/1549] 10.0.0.40 () {28 vars in 589 bytes} [Tue May 12 12:40:08 2026] GET /v2.0/subnetpools => generated 19 bytes in 18 msecs (HTTP/1.1 200) 4 headers in 156 bytes (1 switches on core 0)
2026-05-12 12:40:08.199 8 WARNING neutron.db.securitygroups_db [None req-0014ac29-1b6c-4e54-9866-2b45630383f7 e8da1d1f7b5b4719b6da46c74784d71d 27e4d7e76a7d4f6bae2a3afc0d075080 - - default default] project_id key not found in filters, using tenant_id instead. This support has been deprecated and will be removed in a future release.
