2026-05-12 12:41:38.340 8 INFO neutron.db.ovn_revision_numbers_db [None req-baad96a7-536c-4d27-8ba8-4d880a57b2be d1fe73ac033e40988b4e4a941315bac0 c81bb8ee8e2e4bb29c69f5246608a3a1 - - default default] Successfully bumped revision number for resource f6a33c46-9d8a-4649-9b1d-fd152b89db82 (type: ports) to 1
2026-05-12 12:41:38.350 7 INFO neutron.db.ovn_revision_numbers_db [None req-7b821a51-e1a4-47ac-a8f2-150595247c95 5b908dd35a37485686d776b6bf79cfc8 abb3c8770f6c40cd9e13c67d9766ea0c - - default default] Successfully bumped revision number for resource 323f486d-4eaa-465e-ae6e-07d78918db90 (type: security_group_rules) to 0
2026-05-12 12:41:38.362 7 INFO neutron.db.ovn_revision_numbers_db [None req-7b821a51-e1a4-47ac-a8f2-150595247c95 5b908dd35a37485686d776b6bf79cfc8 abb3c8770f6c40cd9e13c67d9766ea0c - - default default] Successfully bumped revision number for resource 5d02ed82-09c3-4e82-83e3-dd824b75d9f4 (type: security_group_rules) to 0
2026-05-12 12:41:38.374 7 INFO neutron.db.ovn_revision_numbers_db [None req-7b821a51-e1a4-47ac-a8f2-150595247c95 5b908dd35a37485686d776b6bf79cfc8 abb3c8770f6c40cd9e13c67d9766ea0c - - default default] Successfully bumped revision number for resource ada30dc0-b954-4a76-b233-f67c866eae13 (type: security_group_rules) to 0
2026-05-12 12:41:38.384 7 INFO neutron.db.ovn_revision_numbers_db [None req-7b821a51-e1a4-47ac-a8f2-150595247c95 5b908dd35a37485686d776b6bf79cfc8 abb3c8770f6c40cd9e13c67d9766ea0c - - default default] Successfully bumped revision number for resource cbfad14b-2aad-43f3-95d3-3ce0cb00e1c4 (type: security_group_rules) to 0
2026-05-12 12:41:38.482 7 INFO neutron.db.ovn_revision_numbers_db [None req-7b821a51-e1a4-47ac-a8f2-150595247c95 5b908dd35a37485686d776b6bf79cfc8 abb3c8770f6c40cd9e13c67d9766ea0c - - default default] Successfully bumped revision number for resource 6891b9e0-5631-47a9-96fb-c02fbbf2de64 (type: security_groups) to 1
2026-05-12 12:41:38.493 7 INFO neutron.db.ovn_revision_numbers_db [None req-7b821a51-e1a4-47ac-a8f2-150595247c95 5b908dd35a37485686d776b6bf79cfc8 abb3c8770f6c40cd9e13c67d9766ea0c - - default default] Successfully bumped revision number for resource 592a429b-1067-47fa-9539-cdce1def3c06 (type: security_group_rules) to 0
2026-05-12 12:41:38.504 7 INFO neutron.db.ovn_revision_numbers_db [None req-7b821a51-e1a4-47ac-a8f2-150595247c95 5b908dd35a37485686d776b6bf79cfc8 abb3c8770f6c40cd9e13c67d9766ea0c - - default default] Successfully bumped revision number for resource ddeb1b4b-44b4-41d7-8c1f-be354e83f9f8 (type: security_group_rules) to 0 [pid: 7|app: 0|req: 1083/2357] 10.0.0.76 () {34 vars in 682 bytes} [Tue May 12 12:41:38 2026] POST /v2.0/security-groups => generated 1603 bytes in 392 msecs (HTTP/1.1 201) 4 headers in 163 bytes (1 switches on core 0)
2026-05-12 12:41:38.659 7 WARNING neutron.scheduler.dhcp_agent_scheduler [None req-72796965-fa1f-4ee9-bdcf-69e859398dff e8da1d1f7b5b4719b6da46c74784d71d 27e4d7e76a7d4f6bae2a3afc0d075080 - - default default] No more DHCP agents
2026-05-12 12:41:38.660 7 WARNING neutron.api.rpc.agentnotifiers.dhcp_rpc_agent_api [None req-72796965-fa1f-4ee9-bdcf-69e859398dff e8da1d1f7b5b4719b6da46c74784d71d 27e4d7e76a7d4f6bae2a3afc0d075080 - - default default] Unable to schedule network da54e6f2-8337-40ce-bb13-7b0a4e08d4fc: no agents available; will retry on subsequent port and subnet creation events.
2026-05-12 12:41:39.006 7 INFO neutron.plugins.ml2.drivers.ovn.mech_driver.ovsdb.ovsdb_monitor [None req-640a3651-03d0-4cba-985b-1ed431a4e943 - - - - - -] Router a212ebfb-3dd4-4517-9536-e8c4f023e1d5 is bound to host instance
2026-05-12 12:41:39.007 8 INFO neutron.plugins.ml2.drivers.ovn.mech_driver.mech_driver [None req-5b317462-5598-4806-bfb1-8ab2cf329b57 - - - - - -] OVN reports status up for port: f6a33c46-9d8a-4649-9b1d-fd152b89db82
2026-05-12 12:41:39.039 8 INFO neutron.plugins.ml2.plugin [None req-5b317462-5598-4806-bfb1-8ab2cf329b57 - - - - - -] Attempt 1 to provision port f6a33c46-9d8a-4649-9b1d-fd152b89db82
2026-05-12 12:41:39.100 7 INFO neutron.db.ovn_revision_numbers_db [None req-72796965-fa1f-4ee9-bdcf-69e859398dff e8da1d1f7b5b4719b6da46c74784d71d 27e4d7e76a7d4f6bae2a3afc0d075080 - - default default] Successfully bumped revision number for resource 450ea177-9461-4951-9fb0-6e8900728f8b (type: ports) to 2
2026-05-12 12:41:39.109 8 INFO neutron.db.ovn_revision_numbers_db [None req-baad96a7-536c-4d27-8ba8-4d880a57b2be d1fe73ac033e40988b4e4a941315bac0 c81bb8ee8e2e4bb29c69f5246608a3a1 - - default default] Successfully bumped revision number for resource f6a33c46-9d8a-4649-9b1d-fd152b89db82 (type: router_ports) to 1
2026-05-12 12:41:39.180 7 INFO neutron.db.ovn_revision_numbers_db [None req-72796965-fa1f-4ee9-bdcf-69e859398dff e8da1d1f7b5b4719b6da46c74784d71d 27e4d7e76a7d4f6bae2a3afc0d075080 - - default default] Successfully bumped revision number for resource a1fcaacd-9f8a-4226-95b6-04b90738ec50 (type: subnets) to 0 [pid: 7|app: 0|req: 1084/2358] 10.0.0.76 () {34 vars in 667 bytes} [Tue May 12 12:41:38 2026] POST /v2.0/subnets => generated 688 bytes in 668 msecs (HTTP/1.1 201) 4 headers in 162 bytes (1 switches on core 0)
2026-05-12 12:41:39.228 8 INFO neutron.db.ovn_revision_numbers_db [None req-baad96a7-536c-4d27-8ba8-4d880a57b2be d1fe73ac033e40988b4e4a941315bac0 c81bb8ee8e2e4bb29c69f5246608a3a1 - - default default] Successfully bumped revision number for resource a212ebfb-3dd4-4517-9536-e8c4f023e1d5 (type: routers) to 2 [pid: 8|app: 0|req: 1275/2359] 10.0.0.76 () {34 vars in 667 bytes} [Tue May 12 12:41:37 2026] POST /v2.0/routers => generated 965 bytes in 1545 msecs (HTTP/1.1 201) 4 headers in 162 bytes (1 switches on core 0)
2026-05-12 12:41:39.255 7 WARNING tagging [None req-03f4a074-e5ff-4e1e-a6fb-7a7cbb14f6b7 5b908dd35a37485686d776b6bf79cfc8 abb3c8770f6c40cd9e13c67d9766ea0c - - default default] project_id key not found in request, using tenant_id instead. This support has been deprecated and will be removed in a future release. [pid: 7|app: 0|req: 1085/2360] 10.0.0.76 () {34 vars in 765 bytes} [Tue May 12 12:41:39 2026] PUT /v2.0/security-groups/6891b9e0-5631-47a9-96fb-c02fbbf2de64/tags => generated 25 bytes in 89 msecs (HTTP/1.1 200) 4 headers in 156 bytes (1 switches on core 0)
2026-05-12 12:41:39.623 8 WARNING neutron.scheduler.dhcp_agent_scheduler [None req-468d268e-8ebd-4469-a947-64d50fc087b8 e8da1d1f7b5b4719b6da46c74784d71d 27e4d7e76a7d4f6bae2a3afc0d075080 - - default default] No more DHCP agents
2026-05-12 12:41:39.624 8 WARNING neutron.api.rpc.agentnotifiers.dhcp_rpc_agent_api [None req-468d268e-8ebd-4469-a947-64d50fc087b8 e8da1d1f7b5b4719b6da46c74784d71d 27e4d7e76a7d4f6bae2a3afc0d075080 - - default default] Unable to schedule network 927b3ff3-df79-41db-a448-9da9169ba59d: no agents available; will retry on subsequent port and subnet creation events.
2026-05-12 12:41:39.777 8 INFO neutron.db.ovn_revision_numbers_db [None req-468d268e-8ebd-4469-a947-64d50fc087b8 e8da1d1f7b5b4719b6da46c74784d71d 27e4d7e76a7d4f6bae2a3afc0d075080 - - default default] Successfully bumped revision number for resource 9cfbc443-e63e-4ef2-8e48-f16ceecab492 (type: ports) to 1
2026-05-12 12:41:40.284 7 WARNING neutron.scheduler.dhcp_agent_scheduler [None req-d3a0eebf-e2e7-4773-8bca-e96c43126f28 d1fe73ac033e40988b4e4a941315bac0 c81bb8ee8e2e4bb29c69f5246608a3a1 - - default default] No more DHCP agents
2026-05-12 12:41:40.286 7 WARNING neutron.api.rpc.agentnotifiers.dhcp_rpc_agent_api [None req-d3a0eebf-e2e7-4773-8bca-e96c43126f28 d1fe73ac033e40988b4e4a941315bac0 c81bb8ee8e2e4bb29c69f5246608a3a1 - - default default] Unable to schedule network 2f224c2a-0cc8-4303-814c-9782ea044991: no agents available; will retry on subsequent port and subnet creation events.
2026-05-12 12:41:40.404 8 INFO neutron.plugins.ml2.drivers.ovn.mech_driver.ovsdb.ovsdb_monitor [None req-1e58b466-bad1-4c20-991f-83506a19dfed - - - - - -] Router 5acb2e24-2c44-4621-a673-759652733ab5 is bound to host instance
2026-05-12 12:41:40.491 8 INFO neutron.db.ovn_revision_numbers_db [None req-468d268e-8ebd-4469-a947-64d50fc087b8 e8da1d1f7b5b4719b6da46c74784d71d 27e4d7e76a7d4f6bae2a3afc0d075080 - - default default] Successfully bumped revision number for resource 9cfbc443-e63e-4ef2-8e48-f16ceecab492 (type: router_ports) to 1
2026-05-12 12:41:40.591 7 INFO neutron.db.ovn_revision_numbers_db [None req-50841e66-9e71-4904-aa61-1dff6d7eca77 - - - - - -] Successfully bumped revision number for resource f6a33c46-9d8a-4649-9b1d-fd152b89db82 (type: ports) to 4
2026-05-12 12:41:40.629 7 INFO neutron.db.ovn_revision_numbers_db [None req-d3a0eebf-e2e7-4773-8bca-e96c43126f28 d1fe73ac033e40988b4e4a941315bac0 c81bb8ee8e2e4bb29c69f5246608a3a1 - - default default] Successfully bumped revision number for resource bbda977d-792b-47f9-a2f1-8085636f5f69 (type: ports) to 1
2026-05-12 12:41:40.683 8 INFO neutron.db.ovn_revision_numbers_db [None req-468d268e-8ebd-4469-a947-64d50fc087b8 e8da1d1f7b5b4719b6da46c74784d71d 27e4d7e76a7d4f6bae2a3afc0d075080 - - default default] Successfully bumped revision number for resource 5acb2e24-2c44-4621-a673-759652733ab5 (type: routers) to 2 [pid: 8|app: 0|req: 1276/2361] 10.0.0.76 () {34 vars in 667 bytes} [Tue May 12 12:41:39 2026] POST /v2.0/routers => generated 987 bytes in 1467 msecs (HTTP/1.1 201) 4 headers in 162 bytes (1 switches on core 0)
2026-05-12 12:41:40.758 8 WARNING tagging [None req-9f19393c-a01a-494d-a542-a331ab90370a 5b908dd35a37485686d776b6bf79cfc8 abb3c8770f6c40cd9e13c67d9766ea0c - - default default] project_id key not found in request, using tenant_id instead. This support has been deprecated and will be removed in a future release. [pid: 8|app: 0|req: 1277/2362] 10.0.0.76 () {32 vars in 745 bytes} [Tue May 12 12:41:40 2026] GET /v2.0/security-groups/6891b9e0-5631-47a9-96fb-c02fbbf2de64/tags => generated 25 bytes in 64 msecs (HTTP/1.1 200) 4 headers in 156 bytes (1 switches on core 0)
2026-05-12 12:41:41.226 7 INFO neutron.db.ovn_revision_numbers_db [None req-50841e66-9e71-4904-aa61-1dff6d7eca77 - - - - - -] Successfully bumped revision number for resource f6a33c46-9d8a-4649-9b1d-fd152b89db82 (type: ports) to 5
2026-05-12 12:41:41.719 8 WARNING neutron.scheduler.dhcp_agent_scheduler [None req-d5641c61-e16b-4cec-9ce9-87e4cfdc59e4 e8da1d1f7b5b4719b6da46c74784d71d 27e4d7e76a7d4f6bae2a3afc0d075080 - - default default] No more DHCP agents
2026-05-12 12:41:41.721 8 WARNING neutron.api.rpc.agentnotifiers.dhcp_rpc_agent_api [None req-d5641c61-e16b-4cec-9ce9-87e4cfdc59e4 e8da1d1f7b5b4719b6da46c74784d71d 27e4d7e76a7d4f6bae2a3afc0d075080 - - default default] Unable to schedule network da54e6f2-8337-40ce-bb13-7b0a4e08d4fc: no agents available; will retry on subsequent port and subnet creation events.
2026-05-12 12:41:41.742 7 WARNING neutron.scheduler.dhcp_agent_scheduler [None req-d3a0eebf-e2e7-4773-8bca-e96c43126f28 d1fe73ac033e40988b4e4a941315bac0 c81bb8ee8e2e4bb29c69f5246608a3a1 - - default default] No more DHCP agents
2026-05-12 12:41:41.744 7 WARNING neutron.api.rpc.agentnotifiers.dhcp_rpc_agent_api [None req-d3a0eebf-e2e7-4773-8bca-e96c43126f28 d1fe73ac033e40988b4e4a941315bac0 c81bb8ee8e2e4bb29c69f5246608a3a1 - - default default] Unable to schedule network 2f224c2a-0cc8-4303-814c-9782ea044991: no agents available; will retry on subsequent port and subnet creation events.
2026-05-12 12:41:41.952 7 INFO neutron.plugins.ml2.drivers.ovn.mech_driver.mech_driver [None req-3886e2b7-3cb2-4dba-be7d-7237443baa60 - - - - - -] OVN reports status down for port: 2e9aebfe-df3a-41e0-a085-5f202e10c08f
2026-05-12 12:41:41.995 8 INFO neutron.db.ovn_revision_numbers_db [None req-d5641c61-e16b-4cec-9ce9-87e4cfdc59e4 e8da1d1f7b5b4719b6da46c74784d71d 27e4d7e76a7d4f6bae2a3afc0d075080 - - default default] Successfully bumped revision number for resource 2e9aebfe-df3a-41e0-a085-5f202e10c08f (type: ports) to 1
2026-05-12 12:41:42.043 8 INFO neutron.db.ovn_revision_numbers_db [None req-b2cc9091-a090-4a90-b7a6-b492b2e2a370 - - - - - -] Successfully bumped revision number for resource 9cfbc443-e63e-4ef2-8e48-f16ceecab492 (type: ports) to 4
2026-05-12 12:41:42.141 7 INFO neutron.db.ovn_revision_numbers_db [None req-d3a0eebf-e2e7-4773-8bca-e96c43126f28 d1fe73ac033e40988b4e4a941315bac0 c81bb8ee8e2e4bb29c69f5246608a3a1 - - default default] Successfully bumped revision number for resource bbda977d-792b-47f9-a2f1-8085636f5f69 (type: router_ports) to 1 [pid: 7|app: 0|req: 1086/2363] 10.0.0.76 () {34 vars in 781 bytes} [Tue May 12 12:41:39 2026] PUT /v2.0/routers/a212ebfb-3dd4-4517-9536-e8c4f023e1d5/add_router_interface => generated 310 bytes in 2845 msecs (HTTP/1.1 200) 4 headers in 157 bytes (1 switches on core 0)
2026-05-12 12:41:42.165 7 WARNING tagging [None req-015fa98b-1a83-4294-9215-165423191e97 5b908dd35a37485686d776b6bf79cfc8 abb3c8770f6c40cd9e13c67d9766ea0c - - default default] project_id key not found in request, using tenant_id instead. This support has been deprecated and will be removed in a future release. [pid: 7|app: 0|req: 1087/2364] 10.0.0.76 () {34 vars in 776 bytes} [Tue May 12 12:41:42 2026] PUT /v2.0/security-groups/6891b9e0-5631-47a9-96fb-c02fbbf2de64/tags/green => generated 4 bytes in 49 msecs (HTTP/1.1 201) 4 headers in 160 bytes (1 switches on core 0)
2026-05-12 12:41:42.294 8 INFO neutron.plugins.ml2.drivers.ovn.mech_driver.mech_driver [None req-5b317462-5598-4806-bfb1-8ab2cf329b57 - - - - - -] OVN reports status down for port: 9cfbc443-e63e-4ef2-8e48-f16ceecab492
2026-05-12 12:41:42.459 8 WARNING neutron.plugins.ml2.drivers.ovn.mech_driver.ovsdb.ovn_client [None req-5b317462-5598-4806-bfb1-8ab2cf329b57 - - - - - -] Logical_Switch_Port 9cfbc443-e63e-4ef2-8e48-f16ceecab492 host information not removed, the port state is up
2026-05-12 12:41:42.460 8 INFO neutron.plugins.ml2.drivers.ovn.mech_driver.mech_driver [None req-5b317462-5598-4806-bfb1-8ab2cf329b57 - - - - - -] OVN reports status up for port: 9cfbc443-e63e-4ef2-8e48-f16ceecab492
2026-05-12 12:41:42.563 8 INFO neutron.plugins.ml2.plugin [None req-5b317462-5598-4806-bfb1-8ab2cf329b57 - - - - - -] Attempt 1 to provision port 9cfbc443-e63e-4ef2-8e48-f16ceecab492
2026-05-12 12:41:42.651 7 WARNING neutron.scheduler.dhcp_agent_scheduler [None req-db5e1585-0a40-4c08-92de-0322c313a4fb d1fe73ac033e40988b4e4a941315bac0 c81bb8ee8e2e4bb29c69f5246608a3a1 - - default default] No more DHCP agents
2026-05-12 12:41:42.652 7 WARNING neutron.api.rpc.agentnotifiers.dhcp_rpc_agent_api [None req-db5e1585-0a40-4c08-92de-0322c313a4fb d1fe73ac033e40988b4e4a941315bac0 c81bb8ee8e2e4bb29c69f5246608a3a1 - - default default] Unable to schedule network 70aac6e0-08a8-4bec-95e9-65a1679ed35a: no agents available; will retry on subsequent port and subnet creation events.
2026-05-12 12:41:42.796 7 INFO neutron.db.ovn_revision_numbers_db [None req-db5e1585-0a40-4c08-92de-0322c313a4fb d1fe73ac033e40988b4e4a941315bac0 c81bb8ee8e2e4bb29c69f5246608a3a1 - - default default] Successfully bumped revision number for resource 9aca83f8-b78d-4284-b795-2187046175b3 (type: ports) to 1
2026-05-12 12:41:42.890 8 INFO neutron.plugins.ml2.drivers.ovn.mech_driver.mech_driver [None req-5b317462-5598-4806-bfb1-8ab2cf329b57 - - - - - -] OVN reports status down for port: bbda977d-792b-47f9-a2f1-8085636f5f69
2026-05-12 12:41:43.099 8 WARNING neutron.plugins.ml2.drivers.ovn.mech_driver.ovsdb.ovn_client [None req-5b317462-5598-4806-bfb1-8ab2cf329b57 - - - - - -] Logical_Switch_Port bbda977d-792b-47f9-a2f1-8085636f5f69 host information not removed, the port state is up
2026-05-12 12:41:43.099 8 INFO neutron.plugins.ml2.drivers.ovn.mech_driver.mech_driver [None req-5b317462-5598-4806-bfb1-8ab2cf329b57 - - - - - -] OVN reports status up for port: bbda977d-792b-47f9-a2f1-8085636f5f69
2026-05-12 12:41:43.159 8 INFO neutron.plugins.ml2.plugin [None req-5b317462-5598-4806-bfb1-8ab2cf329b57 - - - - - -] Attempt 1 to provision port bbda977d-792b-47f9-a2f1-8085636f5f69
2026-05-12 12:41:43.251 8 INFO neutron.db.ovn_revision_numbers_db [None req-b2cc9091-a090-4a90-b7a6-b492b2e2a370 - - - - - -] Successfully bumped revision number for resource 9cfbc443-e63e-4ef2-8e48-f16ceecab492 (type: ports) to 5
2026-05-12 12:41:43.480 7 INFO neutron.plugins.ml2.drivers.ovn.mech_driver.mech_driver [None req-3886e2b7-3cb2-4dba-be7d-7237443baa60 - - - - - -] OVN reports status up for port: 2e9aebfe-df3a-41e0-a085-5f202e10c08f
2026-05-12 12:41:43.505 7 INFO neutron.plugins.ml2.plugin [None req-3886e2b7-3cb2-4dba-be7d-7237443baa60 - - - - - -] Attempt 1 to provision port 2e9aebfe-df3a-41e0-a085-5f202e10c08f
2026-05-12 12:41:43.659 8 WARNING neutron.scheduler.dhcp_agent_scheduler [None req-d5641c61-e16b-4cec-9ce9-87e4cfdc59e4 e8da1d1f7b5b4719b6da46c74784d71d 27e4d7e76a7d4f6bae2a3afc0d075080 - - default default] No more DHCP agents
2026-05-12 12:41:43.662 8 WARNING neutron.api.rpc.agentnotifiers.dhcp_rpc_agent_api [None req-d5641c61-e16b-4cec-9ce9-87e4cfdc59e4 e8da1d1f7b5b4719b6da46c74784d71d 27e4d7e76a7d4f6bae2a3afc0d075080 - - default default] Unable to schedule network da54e6f2-8337-40ce-bb13-7b0a4e08d4fc: no agents available; will retry on subsequent port and subnet creation events.
2026-05-12 12:41:43.667 7 WARNING neutron.scheduler.dhcp_agent_scheduler [None req-db5e1585-0a40-4c08-92de-0322c313a4fb d1fe73ac033e40988b4e4a941315bac0 c81bb8ee8e2e4bb29c69f5246608a3a1 - - default default] No more DHCP agents
2026-05-12 12:41:43.670 7 WARNING neutron.api.rpc.agentnotifiers.dhcp_rpc_agent_api [None req-db5e1585-0a40-4c08-92de-0322c313a4fb d1fe73ac033e40988b4e4a941315bac0 c81bb8ee8e2e4bb29c69f5246608a3a1 - - default default] Unable to schedule network 70aac6e0-08a8-4bec-95e9-65a1679ed35a: no agents available; will retry on subsequent port and subnet creation events.
2026-05-12 12:41:44.079 8 INFO neutron.db.ovn_revision_numbers_db [None req-5b317462-5598-4806-bfb1-8ab2cf329b57 - - - - - -] Successfully bumped revision number for resource bbda977d-792b-47f9-a2f1-8085636f5f69 (type: ports) to 2
2026-05-12 12:41:44.196 7 INFO neutron.db.ovn_revision_numbers_db [None req-3886e2b7-3cb2-4dba-be7d-7237443baa60 - - - - - -] Successfully bumped revision number for resource 2e9aebfe-df3a-41e0-a085-5f202e10c08f (type: ports) to 2
2026-05-12 12:41:44.262 7 INFO neutron.db.ovn_revision_numbers_db [None req-db5e1585-0a40-4c08-92de-0322c313a4fb d1fe73ac033e40988b4e4a941315bac0 c81bb8ee8e2e4bb29c69f5246608a3a1 - - default default] Successfully bumped revision number for resource 9aca83f8-b78d-4284-b795-2187046175b3 (type: router_ports) to 1 [pid: 7|app: 0|req: 1088/2365] 10.0.0.76 () {34 vars in 781 bytes} [Tue May 12 12:41:42 2026] PUT /v2.0/routers/a212ebfb-3dd4-4517-9536-e8c4f023e1d5/add_router_interface => generated 310 bytes in 2078 msecs (HTTP/1.1 200) 4 headers in 157 bytes (1 switches on core 0)
2026-05-12 12:41:44.310 7 WARNING tagging [None req-308c5b54-8e40-44f1-9ccd-08161eaba6f3 5b908dd35a37485686d776b6bf79cfc8 abb3c8770f6c40cd9e13c67d9766ea0c - - default default] project_id key not found in request, using tenant_id instead. This support has been deprecated and will be removed in a future release. [pid: 7|app: 0|req: 1089/2366] 10.0.0.76 () {32 vars in 745 bytes} [Tue May 12 12:41:44 2026] GET /v2.0/security-groups/6891b9e0-5631-47a9-96fb-c02fbbf2de64/tags => generated 34 bytes in 59 msecs (HTTP/1.1 200) 4 headers in 156 bytes (1 switches on core 0)
2026-05-12 12:41:44.505 8 INFO neutron.db.ovn_revision_numbers_db [None req-d5641c61-e16b-4cec-9ce9-87e4cfdc59e4 e8da1d1f7b5b4719b6da46c74784d71d 27e4d7e76a7d4f6bae2a3afc0d075080 - - default default] Successfully bumped revision number for resource 2e9aebfe-df3a-41e0-a085-5f202e10c08f (type: router_ports) to 1 [pid: 8|app: 0|req: 1278/2369] 10.0.0.76 () {34 vars in 781 bytes} [Tue May 12 12:41:40 2026] PUT /v2.0/routers/5acb2e24-2c44-4621-a673-759652733ab5/add_router_interface => generated 310 bytes in 3732 msecs (HTTP/1.1 200) 4 headers in 157 bytes (1 switches on core 0)
2026-05-12 12:41:44.528 8 WARNING tagging [None req-c46a3c7a-e138-4367-89f4-3da740d1cb43 5b908dd35a37485686d776b6bf79cfc8 abb3c8770f6c40cd9e13c67d9766ea0c - - default default] project_id key not found in request, using tenant_id instead. This support has been deprecated and will be removed in a future release. [pid: 8|app: 0|req: 1279/2370] 10.0.0.76 () {34 vars in 772 bytes} [Tue May 12 12:41:44 2026] PUT /v2.0/security-groups/6891b9e0-5631-47a9-96fb-c02fbbf2de64/tags/red => generated 4 bytes in 43 msecs (HTTP/1.1 201) 4 headers in 160 bytes (1 switches on core 0)
2026-05-12 12:41:44.577 8 WARNING tagging [None req-53fa699d-3508-4fe8-b6ac-3a8523d77e84 5b908dd35a37485686d776b6bf79cfc8 abb3c8770f6c40cd9e13c67d9766ea0c - - default default] project_id key not found in request, using tenant_id instead. This support has been deprecated and will be removed in a future release. [pid: 8|app: 0|req: 1280/2371] 10.0.0.76 () {32 vars in 745 bytes} [Tue May 12 12:41:44 2026] GET /v2.0/security-groups/6891b9e0-5631-47a9-96fb-c02fbbf2de64/tags => generated 34 bytes in 27 msecs (HTTP/1.1 200) 4 headers in 156 bytes (1 switches on core 0)
2026-05-12 12:41:44.615 8 WARNING tagging [None req-b69384f8-5732-414f-a447-5445e8558cd0 5b908dd35a37485686d776b6bf79cfc8 abb3c8770f6c40cd9e13c67d9766ea0c - - default default] project_id key not found in request, using tenant_id instead. This support has been deprecated and will be removed in a future release. [pid: 8|app: 0|req: 1281/2372] 10.0.0.76 () {34 vars in 794 bytes} [Tue May 12 12:41:44 2026] PUT /v2.0/security-groups/6891b9e0-5631-47a9-96fb-c02fbbf2de64/tags/black.or.white => generated 4 bytes in 57 msecs (HTTP/1.1 201) 4 headers in 160 bytes (1 switches on core 0)
2026-05-12 12:41:44.673 8 WARNING tagging [None req-d7259e27-9e20-4196-b65a-0cf1dbb0d019 5b908dd35a37485686d776b6bf79cfc8 abb3c8770f6c40cd9e13c67d9766ea0c - - default default] project_id key not found in request, using tenant_id instead. This support has been deprecated and will be removed in a future release. [pid: 8|app: 0|req: 1282/2373] 10.0.0.76 () {32 vars in 745 bytes} [Tue May 12 12:41:44 2026] GET /v2.0/security-groups/6891b9e0-5631-47a9-96fb-c02fbbf2de64/tags => generated 52 bytes in 29 msecs (HTTP/1.1 200) 4 headers in 156 bytes (1 switches on core 0)
2026-05-12 12:41:44.705 8 WARNING tagging [None req-1913c9a8-1b33-4f97-ac0a-a38558ef4e5b 5b908dd35a37485686d776b6bf79cfc8 abb3c8770f6c40cd9e13c67d9766ea0c - - default default] project_id key not found in request, using tenant_id instead. This support has been deprecated and will be removed in a future release. [pid: 8|app: 0|req: 1283/2374] 10.0.0.76 () {34 vars in 765 bytes} [Tue May 12 12:41:44 2026] PUT /v2.0/security-groups/6891b9e0-5631-47a9-96fb-c02fbbf2de64/tags => generated 37 bytes in 39 msecs (HTTP/1.1 200) 4 headers in 156 bytes (1 switches on core 0)
2026-05-12 12:41:44.749 8 WARNING tagging [None req-457dec0f-43ec-42c9-b7a5-11ceb692dcf0 5b908dd35a37485686d776b6bf79cfc8 abb3c8770f6c40cd9e13c67d9766ea0c - - default default] project_id key not found in request, using tenant_id instead. This support has been deprecated and will be removed in a future release. [pid: 8|app: 0|req: 1284/2375] 10.0.0.76 () {32 vars in 745 bytes} [Tue May 12 12:41:44 2026] GET /v2.0/security-groups/6891b9e0-5631-47a9-96fb-c02fbbf2de64/tags => generated 37 bytes in 27 msecs (HTTP/1.1 200) 4 headers in 156 bytes (1 switches on core 0)
2026-05-12 12:41:44.780 8 WARNING tagging [None req-64d558e4-8b4b-4108-ada2-8ef8584f4147 5b908dd35a37485686d776b6bf79cfc8 abb3c8770f6c40cd9e13c67d9766ea0c - - default default] project_id key not found in request, using tenant_id instead. This support has been deprecated and will be removed in a future release. [pid: 8|app: 0|req: 1285/2376] 10.0.0.76 () {32 vars in 753 bytes} [Tue May 12 12:41:44 2026] GET /v2.0/security-groups/6891b9e0-5631-47a9-96fb-c02fbbf2de64/tags/red => generated 0 bytes in 31 msecs (HTTP/1.1 204) 2 headers in 112 bytes (1 switches on core 0)
2026-05-12 12:41:44.813 8 WARNING tagging [None req-f820119f-d109-4560-8ab3-04f3e503e96b 5b908dd35a37485686d776b6bf79cfc8 abb3c8770f6c40cd9e13c67d9766ea0c - - default default] project_id key not found in request, using tenant_id instead. This support has been deprecated and will be removed in a future release.
2026-05-12 12:41:44.820 8 INFO neutron.api.v2.resource [None req-f820119f-d109-4560-8ab3-04f3e503e96b 5b908dd35a37485686d776b6bf79cfc8 abb3c8770f6c40cd9e13c67d9766ea0c - - default default] show failed (client error): The resource could not be found. [pid: 8|app: 0|req: 1286/2377] 10.0.0.76 () {32 vars in 757 bytes} [Tue May 12 12:41:44 2026] GET /v2.0/security-groups/6891b9e0-5631-47a9-96fb-c02fbbf2de64/tags/green => generated 99 bytes in 26 msecs (HTTP/1.1 404) 4 headers in 163 bytes (1 switches on core 0)
2026-05-12 12:41:44.844 8 WARNING tagging [None req-1f59365b-61e4-4747-88ed-3d2b8e46d3bf 5b908dd35a37485686d776b6bf79cfc8 abb3c8770f6c40cd9e13c67d9766ea0c - - default default] project_id key not found in request, using tenant_id instead. This support has been deprecated and will be removed in a future release. [pid: 8|app: 0|req: 1287/2378] 10.0.0.76 () {32 vars in 756 bytes} [Tue May 12 12:41:44 2026] DELETE /v2.0/security-groups/6891b9e0-5631-47a9-96fb-c02fbbf2de64/tags/red => generated 0 bytes in 44 msecs (HTTP/1.1 204) 2 headers in 112 bytes (1 switches on core 0)
2026-05-12 12:41:44.892 8 WARNING tagging [None req-01d08675-5893-46bd-bc4c-ec8832890ed4 5b908dd35a37485686d776b6bf79cfc8 abb3c8770f6c40cd9e13c67d9766ea0c - - default default] project_id key not found in request, using tenant_id instead. This support has been deprecated and will be removed in a future release. [pid: 8|app: 0|req: 1288/2379] 10.0.0.76 () {32 vars in 745 bytes} [Tue May 12 12:41:44 2026] GET /v2.0/security-groups/6891b9e0-5631-47a9-96fb-c02fbbf2de64/tags => generated 30 bytes in 29 msecs (HTTP/1.1 200) 4 headers in 156 bytes (1 switches on core 0)
2026-05-12 12:41:44.928 8 WARNING tagging [None req-9a23f19b-8e5c-4762-a3ae-08f54cfcc8f2 5b908dd35a37485686d776b6bf79cfc8 abb3c8770f6c40cd9e13c67d9766ea0c - - default default] project_id key not found in request, using tenant_id instead. This support has been deprecated and will be removed in a future release.
2026-05-12 12:41:44.938 8 INFO neutron.api.v2.resource [None req-9a23f19b-8e5c-4762-a3ae-08f54cfcc8f2 5b908dd35a37485686d776b6bf79cfc8 abb3c8770f6c40cd9e13c67d9766ea0c - - default default] delete failed (client error): The resource could not be found. [pid: 8|app: 0|req: 1289/2380] 10.0.0.76 () {32 vars in 760 bytes} [Tue May 12 12:41:44 2026] DELETE /v2.0/security-groups/6891b9e0-5631-47a9-96fb-c02fbbf2de64/tags/green => generated 99 bytes in 32 msecs (HTTP/1.1 404) 4 headers in 163 bytes (1 switches on core 0)
2026-05-12 12:41:44.962 8 WARNING tagging [None req-d8b8cfdf-be47-4ce2-841e-790c153f7c65 5b908dd35a37485686d776b6bf79cfc8 abb3c8770f6c40cd9e13c67d9766ea0c - - default default] project_id key not found in request, using tenant_id instead. This support has been deprecated and will be removed in a future release. [pid: 8|app: 0|req: 1290/2381] 10.0.0.76 () {32 vars in 748 bytes} [Tue May 12 12:41:44 2026] DELETE /v2.0/security-groups/6891b9e0-5631-47a9-96fb-c02fbbf2de64/tags => generated 0 bytes in 37 msecs (HTTP/1.1 204) 2 headers in 112 bytes (1 switches on core 0)
2026-05-12 12:41:44.987 7 WARNING neutron.scheduler.dhcp_agent_scheduler [None req-81b1c67d-a256-45e4-b694-28ca3de6a4fe d1fe73ac033e40988b4e4a941315bac0 c81bb8ee8e2e4bb29c69f5246608a3a1 - - default default] No more DHCP agents
2026-05-12 12:41:44.989 7 WARNING neutron.api.rpc.agentnotifiers.dhcp_rpc_agent_api [None req-81b1c67d-a256-45e4-b694-28ca3de6a4fe d1fe73ac033e40988b4e4a941315bac0 c81bb8ee8e2e4bb29c69f5246608a3a1 - - default default] Unable to schedule network 96fd5fa6-3557-4c4d-9b55-2615234bd32e: no agents available; will retry on subsequent port and subnet creation events.
2026-05-12 12:41:45.003 8 WARNING tagging [None req-f5113d18-02eb-48a0-bb14-f0127ac7c825 5b908dd35a37485686d776b6bf79cfc8 abb3c8770f6c40cd9e13c67d9766ea0c - - default default] project_id key not found in request, using tenant_id instead. This support has been deprecated and will be removed in a future release. [pid: 8|app: 0|req: 1291/2382] 10.0.0.76 () {32 vars in 745 bytes} [Tue May 12 12:41:44 2026] GET /v2.0/security-groups/6891b9e0-5631-47a9-96fb-c02fbbf2de64/tags => generated 12 bytes in 26 msecs (HTTP/1.1 200) 4 headers in 156 bytes (1 switches on core 0)
2026-05-12 12:41:45.132 7 INFO neutron.db.ovn_revision_numbers_db [None req-81b1c67d-a256-45e4-b694-28ca3de6a4fe d1fe73ac033e40988b4e4a941315bac0 c81bb8ee8e2e4bb29c69f5246608a3a1 - - default default] Successfully bumped revision number for resource 1b54f6e7-9670-4225-bbbf-15fa370d7eeb (type: ports) to 1 [pid: 8|app: 0|req: 1292/2383] 10.0.0.76 () {32 vars in 738 bytes} [Tue May 12 12:41:45 2026] DELETE /v2.0/security-groups/6891b9e0-5631-47a9-96fb-c02fbbf2de64 => generated 0 bytes in 138 msecs (HTTP/1.1 204) 2 headers in 112 bytes (1 switches on core 0)
2026-05-12 12:41:45.789 8 WARNING neutron.db.securitygroups_db [None req-94e1403f-471a-4458-9bb8-86ac3b2b6f85 e8da1d1f7b5b4719b6da46c74784d71d 27e4d7e76a7d4f6bae2a3afc0d075080 - - default default] project_id key not found in filters, using tenant_id instead. This support has been deprecated and will be removed in a future release. [pid: 8|app: 0|req: 1293/2384] 10.0.0.76 () {32 vars in 772 bytes} [Tue May 12 12:41:45 2026] GET /v2.0/security-groups?tenant_id=abb3c8770f6c40cd9e13c67d9766ea0c&name=default => generated 2925 bytes in 104 msecs (HTTP/1.1 200) 4 headers in 158 bytes (1 switches on core 0)
2026-05-12 12:41:45.848 7 WARNING neutron.scheduler.dhcp_agent_scheduler [None req-81b1c67d-a256-45e4-b694-28ca3de6a4fe d1fe73ac033e40988b4e4a941315bac0 c81bb8ee8e2e4bb29c69f5246608a3a1 - - default default] No more DHCP agents
2026-05-12 12:41:45.849 7 WARNING neutron.api.rpc.agentnotifiers.dhcp_rpc_agent_api [None req-81b1c67d-a256-45e4-b694-28ca3de6a4fe d1fe73ac033e40988b4e4a941315bac0 c81bb8ee8e2e4bb29c69f5246608a3a1 - - default default] Unable to schedule network 96fd5fa6-3557-4c4d-9b55-2615234bd32e: no agents available; will retry on subsequent port and subnet creation events. [pid: 8|app: 0|req: 1294/2385] 10.0.0.76 () {32 vars in 738 bytes} [Tue May 12 12:41:45 2026] DELETE /v2.0/security-groups/a4ec9491-d870-48a3-b562-4ae7c6f367b0 => generated 0 bytes in 156 msecs (HTTP/1.1 204) 2 headers in 112 bytes (1 switches on core 0)
2026-05-12 12:41:46.052 8 WARNING neutron.db.securitygroups_db [None req-c7c40435-1707-4605-8a58-54c8dedc42be e8da1d1f7b5b4719b6da46c74784d71d 27e4d7e76a7d4f6bae2a3afc0d075080 - - default default] project_id key not found in filters, using tenant_id instead. This support has been deprecated and will be removed in a future release.
2026-05-12 12:41:46.216 8 INFO neutron.db.ovn_revision_numbers_db [None req-c7c40435-1707-4605-8a58-54c8dedc42be e8da1d1f7b5b4719b6da46c74784d71d 27e4d7e76a7d4f6bae2a3afc0d075080 - - default default] Successfully bumped revision number for resource 8c7461f0-c9b5-4723-8591-5ecfe79be3ac (type: security_groups) to 1
2026-05-12 12:41:46.229 8 INFO neutron.db.ovn_revision_numbers_db [None req-c7c40435-1707-4605-8a58-54c8dedc42be e8da1d1f7b5b4719b6da46c74784d71d 27e4d7e76a7d4f6bae2a3afc0d075080 - - default default] Successfully bumped revision number for resource 4df1208a-e555-41af-86a3-4f6cf69ca560 (type: security_group_rules) to 0
2026-05-12 12:41:46.245 8 INFO neutron.db.ovn_revision_numbers_db [None req-c7c40435-1707-4605-8a58-54c8dedc42be e8da1d1f7b5b4719b6da46c74784d71d 27e4d7e76a7d4f6bae2a3afc0d075080 - - default default] Successfully bumped revision number for resource 532d4420-3b70-4c5e-bb8d-38f04e3606f2 (type: security_group_rules) to 0
2026-05-12 12:41:46.255 7 INFO neutron.db.ovn_revision_numbers_db [None req-81b1c67d-a256-45e4-b694-28ca3de6a4fe d1fe73ac033e40988b4e4a941315bac0 c81bb8ee8e2e4bb29c69f5246608a3a1 - - default default] Successfully bumped revision number for resource 1b54f6e7-9670-4225-bbbf-15fa370d7eeb (type: router_ports) to 1
2026-05-12 12:41:46.256 8 INFO neutron.db.ovn_revision_numbers_db [None req-c7c40435-1707-4605-8a58-54c8dedc42be e8da1d1f7b5b4719b6da46c74784d71d 27e4d7e76a7d4f6bae2a3afc0d075080 - - default default] Successfully bumped revision number for resource 74e55b17-eac9-4cd1-829c-55361e52af99 (type: security_group_rules) to 0 [pid: 7|app: 0|req: 1092/2386] 10.0.0.76 () {34 vars in 781 bytes} [Tue May 12 12:41:44 2026] PUT /v2.0/routers/a212ebfb-3dd4-4517-9536-e8c4f023e1d5/add_router_interface => generated 310 bytes in 1920 msecs (HTTP/1.1 200) 4 headers in 157 bytes (1 switches on core 0)
2026-05-12 12:41:46.269 8 INFO neutron.db.ovn_revision_numbers_db [None req-c7c40435-1707-4605-8a58-54c8dedc42be e8da1d1f7b5b4719b6da46c74784d71d 27e4d7e76a7d4f6bae2a3afc0d075080 - - default default] Successfully bumped revision number for resource 7d90a6b8-28f0-4b59-a0d1-af4b4a3eb083 (type: security_group_rules) to 0 [pid: 8|app: 0|req: 1295/2387] 10.0.0.76 () {32 vars in 772 bytes} [Tue May 12 12:41:46 2026] GET /v2.0/security-groups?tenant_id=011e366350564f1896d6abc70451633a&name=default => generated 2929 bytes in 266 msecs (HTTP/1.1 200) 4 headers in 158 bytes (1 switches on core 0)
2026-05-12 12:41:46.457 7 INFO neutron.db.ovn_revision_numbers_db [None req-1d4de0cc-07a5-4d1b-8ad2-624c7b203238 d1fe73ac033e40988b4e4a941315bac0 c81bb8ee8e2e4bb29c69f5246608a3a1 - - default default] Successfully bumped revision number for resource 6afb4e99-fe2d-498d-8ce1-aef1deb3fc26 (type: security_groups) to 1
2026-05-12 12:41:46.477 7 INFO neutron.db.ovn_revision_numbers_db [None req-1d4de0cc-07a5-4d1b-8ad2-624c7b203238 d1fe73ac033e40988b4e4a941315bac0 c81bb8ee8e2e4bb29c69f5246608a3a1 - - default default] Successfully bumped revision number for resource 08003954-0070-4dff-84fe-04189a6da4e4 (type: security_group_rules) to 0
2026-05-12 12:41:46.493 7 INFO neutron.db.ovn_revision_numbers_db [None req-1d4de0cc-07a5-4d1b-8ad2-624c7b203238 d1fe73ac033e40988b4e4a941315bac0 c81bb8ee8e2e4bb29c69f5246608a3a1 - - default default] Successfully bumped revision number for resource 09a41f7e-a40e-446d-a61d-2ca17cfb0867 (type: security_group_rules) to 0 [pid: 8|app: 0|req: 1296/2388] 10.0.0.76 () {32 vars in 738 bytes} [Tue May 12 12:41:46 2026] DELETE /v2.0/security-groups/8c7461f0-c9b5-4723-8591-5ecfe79be3ac => generated 0 bytes in 228 msecs (HTTP/1.1 204) 2 headers in 112 bytes (1 switches on core 0) [pid: 7|app: 0|req: 1093/2389] 10.0.0.76 () {34 vars in 682 bytes} [Tue May 12 12:41:46 2026] POST /v2.0/security-groups => generated 1630 bytes in 298 msecs (HTTP/1.1 201) 4 headers in 163 bytes (1 switches on core 0) [pid: 7|app: 0|req: 1094/2390] 10.0.0.138 () {34 vars in 981 bytes} [Tue May 12 12:41:46 2026] GET /v2.0/networks?id=da54e6f2-8337-40ce-bb13-7b0a4e08d4fc => generated 711 bytes in 34 msecs (HTTP/1.1 200) 4 headers in 157 bytes (1 switches on core 0) [pid: 7|app: 0|req: 1095/2391] 10.0.0.138 () {34 vars in 964 bytes} [Tue May 12 12:41:46 2026] GET /v2.0/quotas/ff3a20457da94eeda16e1d9a5cb7e6ce => generated 292 bytes in 7 msecs (HTTP/1.1 200) 4 headers in 157 bytes (1 switches on core 0)
2026-05-12 12:41:46.724 8 INFO neutron.db.ovn_revision_numbers_db [None req-9b93935c-c8cb-405a-8d44-1b78e97c5ac9 d1fe73ac033e40988b4e4a941315bac0 c81bb8ee8e2e4bb29c69f5246608a3a1 - - default default] Successfully bumped revision number for resource 98d3a211-fa2b-4a81-93d0-ae8c5e10baee (type: security_group_rules) to 0 [pid: 8|app: 0|req: 1297/2392] 10.0.0.76 () {34 vars in 693 bytes} [Tue May 12 12:41:46 2026] POST /v2.0/security-group-rules => generated 597 bytes in 153 msecs (HTTP/1.1 201) 4 headers in 162 bytes (1 switches on core 0) [pid: 7|app: 0|req: 1096/2393] 10.0.0.138 () {34 vars in 1001 bytes} [Tue May 12 12:41:46 2026] GET /v2.0/ports?tenant_id=ff3a20457da94eeda16e1d9a5cb7e6ce&fields=id => generated 103 bytes in 84 msecs (HTTP/1.1 200) 4 headers in 157 bytes (1 switches on core 0) [pid: 7|app: 0|req: 1097/2394] 10.0.0.138 () {34 vars in 1007 bytes} [Tue May 12 12:41:46 2026] GET /v2.0/networks/da54e6f2-8337-40ce-bb13-7b0a4e08d4fc?fields=segments => generated 14 bytes in 32 msecs (HTTP/1.1 200) 4 headers in 156 bytes (1 switches on core 0) [pid: 7|app: 0|req: 1098/2395] 10.0.0.138 () {34 vars in 1107 bytes} [Tue May 12 12:41:46 2026] GET /v2.0/networks/da54e6f2-8337-40ce-bb13-7b0a4e08d4fc?fields=provider%3Aphysical_network&fields=provider%3Anetwork_type => generated 79 bytes in 40 msecs (HTTP/1.1 200) 4 headers in 156 bytes (1 switches on core 0)
2026-05-12 12:41:46.904 8 INFO neutron.db.ovn_revision_numbers_db [None req-e1377c9b-673f-4e8d-b0ee-4a176f224386 d1fe73ac033e40988b4e4a941315bac0 c81bb8ee8e2e4bb29c69f5246608a3a1 - - default default] Successfully bumped revision number for resource 0e2a4d2d-c0e8-46af-80f5-9856be7c75f0 (type: security_group_rules) to 0 [pid: 8|app: 0|req: 1298/2396] 10.0.0.76 () {34 vars in 693 bytes} [Tue May 12 12:41:46 2026] POST /v2.0/security-group-rules => generated 597 bytes in 170 msecs (HTTP/1.1 201) 4 headers in 162 bytes (1 switches on core 0) [pid: 8|app: 0|req: 1299/2397] 10.0.0.138 () {34 vars in 989 bytes} [Tue May 12 12:41:46 2026] GET /v2.0/ports?device_id=c66902d6-9a21-44b6-ae5e-7e7773ee2e2b => generated 12 bytes in 24 msecs (HTTP/1.1 200) 4 headers in 156 bytes (1 switches on core 0)
2026-05-12 12:41:47.065 7 INFO neutron.db.ovn_revision_numbers_db [None req-0504c843-096b-4a13-83e8-3823c810e6ca d1fe73ac033e40988b4e4a941315bac0 c81bb8ee8e2e4bb29c69f5246608a3a1 - - default default] Successfully bumped revision number for resource 33f7d644-d122-4965-a0ce-01f599e58606 (type: security_group_rules) to 0 [pid: 7|app: 0|req: 1099/2398] 10.0.0.76 () {34 vars in 693 bytes} [Tue May 12 12:41:46 2026] POST /v2.0/security-group-rules => generated 599 bytes in 166 msecs (HTTP/1.1 201) 4 headers in 162 bytes (1 switches on core 0)
2026-05-12 12:41:47.224 8 INFO neutron.db.ovn_revision_numbers_db [None req-f934786c-4b42-4202-9c93-9a8032e87868 d1fe73ac033e40988b4e4a941315bac0 c81bb8ee8e2e4bb29c69f5246608a3a1 - - default default] Successfully bumped revision number for resource f1566470-07fe-4aa2-a4df-199a39620656 (type: security_group_rules) to 0 [pid: 8|app: 0|req: 1300/2399] 10.0.0.76 () {34 vars in 693 bytes} [Tue May 12 12:41:47 2026] POST /v2.0/security-group-rules => generated 601 bytes in 172 msecs (HTTP/1.1 201) 4 headers in 162 bytes (1 switches on core 0)
2026-05-12 12:41:47.423 7 INFO neutron.db.ovn_revision_numbers_db [None req-7baa3a3f-c459-4b47-8da5-b860f0139ac4 d1fe73ac033e40988b4e4a941315bac0 c81bb8ee8e2e4bb29c69f5246608a3a1 - - default default] Successfully bumped revision number for resource ec9096ce-acb0-4b43-b34f-f6b49aafc92a (type: security_group_rules) to 0 [pid: 7|app: 0|req: 1100/2400] 10.0.0.76 () {34 vars in 693 bytes} [Tue May 12 12:41:47 2026] POST /v2.0/security-group-rules => generated 601 bytes in 173 msecs (HTTP/1.1 201) 4 headers in 162 bytes (1 switches on core 0)
2026-05-12 12:41:47.590 8 INFO neutron.db.ovn_revision_numbers_db [None req-6be00a38-fe8d-47bd-aaef-9a6ea3afed22 d1fe73ac033e40988b4e4a941315bac0 c81bb8ee8e2e4bb29c69f5246608a3a1 - - default default] Successfully bumped revision number for resource 127777f1-1848-4226-8dae-1c85707f17e8 (type: security_group_rules) to 0 [pid: 8|app: 0|req: 1301/2401] 10.0.0.76 () {34 vars in 693 bytes} [Tue May 12 12:41:47 2026] POST /v2.0/security-group-rules => generated 597 bytes in 153 msecs (HTTP/1.1 201) 4 headers in 162 bytes (1 switches on core 0)
2026-05-12 12:41:47.744 7 INFO neutron.db.ovn_revision_numbers_db [None req-d5401610-66a7-4559-9f88-0dcba288b688 d1fe73ac033e40988b4e4a941315bac0 c81bb8ee8e2e4bb29c69f5246608a3a1 - - default default] Successfully bumped revision number for resource a22cce7d-4b84-4ac7-9901-6acfd32b58c5 (type: security_group_rules) to 0 [pid: 7|app: 0|req: 1101/2402] 10.0.0.76 () {34 vars in 693 bytes} [Tue May 12 12:41:47 2026] POST /v2.0/security-group-rules => generated 597 bytes in 150 msecs (HTTP/1.1 201) 4 headers in 162 bytes (1 switches on core 0)
2026-05-12 12:41:47.911 8 INFO neutron.db.ovn_revision_numbers_db [None req-fa2f1de3-35f6-4574-bedb-0e5889011acf d1fe73ac033e40988b4e4a941315bac0 c81bb8ee8e2e4bb29c69f5246608a3a1 - - default default] Successfully bumped revision number for resource 053e076e-1237-477b-9dce-a57ccbee2c9e (type: security_group_rules) to 0 [pid: 8|app: 0|req: 1302/2403] 10.0.0.76 () {34 vars in 693 bytes} [Tue May 12 12:41:47 2026] POST /v2.0/security-group-rules => generated 597 bytes in 162 msecs (HTTP/1.1 201) 4 headers in 162 bytes (1 switches on core 0)
2026-05-12 12:41:48.080 7 INFO neutron.db.ovn_revision_numbers_db [None req-4f952657-0b8e-41dc-8797-edb898aa8472 d1fe73ac033e40988b4e4a941315bac0 c81bb8ee8e2e4bb29c69f5246608a3a1 - - default default] Successfully bumped revision number for resource cec7813a-f095-4711-85b2-06954e42f8d5 (type: security_group_rules) to 0 [pid: 8|app: 0|req: 1303/2404] 10.0.0.138 () {34 vars in 989 bytes} [Tue May 12 12:41:48 2026] GET /v2.0/ports?device_id=c66902d6-9a21-44b6-ae5e-7e7773ee2e2b => generated 12 bytes in 17 msecs (HTTP/1.1 200) 4 headers in 156 bytes (1 switches on core 0) [pid: 7|app: 0|req: 1102/2405] 10.0.0.76 () {34 vars in 693 bytes} [Tue May 12 12:41:47 2026] POST /v2.0/security-group-rules => generated 599 bytes in 163 msecs (HTTP/1.1 201) 4 headers in 162 bytes (1 switches on core 0)
2026-05-12 12:41:48.239 8 INFO neutron.db.ovn_revision_numbers_db [None req-394ce512-279e-4a24-9c6c-817e71da1b25 d1fe73ac033e40988b4e4a941315bac0 c81bb8ee8e2e4bb29c69f5246608a3a1 - - default default] Successfully bumped revision number for resource cfc0ee3c-fcc8-45bb-ae99-2c40b626acba (type: security_group_rules) to 0 [pid: 8|app: 0|req: 1304/2406] 10.0.0.76 () {34 vars in 693 bytes} [Tue May 12 12:41:48 2026] POST /v2.0/security-group-rules => generated 601 bytes in 155 msecs (HTTP/1.1 201) 4 headers in 162 bytes (1 switches on core 0)
2026-05-12 12:41:48.396 7 INFO neutron.db.ovn_revision_numbers_db [None req-2cbceac0-bc4e-4ea6-8570-13c44140a35a d1fe73ac033e40988b4e4a941315bac0 c81bb8ee8e2e4bb29c69f5246608a3a1 - - default default] Successfully bumped revision number for resource 6a9f81ab-306f-4e9b-9ef6-03439565fa35 (type: security_group_rules) to 0 [pid: 7|app: 0|req: 1103/2407] 10.0.0.76 () {34 vars in 693 bytes} [Tue May 12 12:41:48 2026] POST /v2.0/security-group-rules => generated 597 bytes in 150 msecs (HTTP/1.1 201) 4 headers in 162 bytes (1 switches on core 0)
2026-05-12 12:41:48.692 7 WARNING neutron.plugins.ml2.drivers.ovn.mech_driver.ovsdb.ovn_client [None req-51226570-328e-4696-93b2-02ab80b36014 - - - - - -] No hosting information found for port 2e9aebfe-df3a-41e0-a085-5f202e10c08f: RuntimeError: No hosting information found for port 2e9aebfe-df3a-41e0-a085-5f202e10c08f
2026-05-12 12:41:48.707 8 WARNING neutron.db.securitygroups_db [req-7ece33e7-57cc-4dfb-bc9c-372d0fa98115 req-8bc8544d-2234-4183-ae30-4b1475154b0d d1fe73ac033e40988b4e4a941315bac0 c81bb8ee8e2e4bb29c69f5246608a3a1 - - default default] project_id key not found in filters, using tenant_id instead. This support has been deprecated and will be removed in a future release.
2026-05-12 12:41:48.731 7 INFO neutron.common.ovn.utils [None req-51226570-328e-4696-93b2-02ab80b36014 - - - - - -] HA Chassis Group neutron-70aac6e0-08a8-4bec-95e9-65a1679ed35a synchronized; highest priority chassis 6bbd602b-ded0-4285-8d00-75c0c44fe995 [pid: 8|app: 0|req: 1305/2408] 10.0.0.138 () {34 vars in 1095 bytes} [Tue May 12 12:41:48 2026] GET /v2.0/security-groups?name=tempest-lb_member_SG-1272718588&fields=id&tenant_id=c81bb8ee8e2e4bb29c69f5246608a3a1 => generated 69 bytes in 42 msecs (HTTP/1.1 200) 4 headers in 156 bytes (1 switches on core 0)
2026-05-12 12:41:48.798 7 INFO neutron.common.ovn.utils [None req-51226570-328e-4696-93b2-02ab80b36014 - - - - - -] HA Chassis Group neutron-da54e6f2-8337-40ce-bb13-7b0a4e08d4fc synchronized; highest priority chassis 6bbd602b-ded0-4285-8d00-75c0c44fe995 [pid: 7|app: 0|req: 1104/2409] 10.0.0.138 () {34 vars in 981 bytes} [Tue May 12 12:41:48 2026] GET /v2.0/networks?id=70aac6e0-08a8-4bec-95e9-65a1679ed35a => generated 743 bytes in 89 msecs (HTTP/1.1 200) 4 headers in 157 bytes (1 switches on core 0) [pid: 8|app: 0|req: 1306/2410] 10.0.0.138 () {34 vars in 964 bytes} [Tue May 12 12:41:48 2026] GET /v2.0/quotas/c81bb8ee8e2e4bb29c69f5246608a3a1 => generated 292 bytes in 11 msecs (HTTP/1.1 200) 4 headers in 157 bytes (1 switches on core 0)
2026-05-12 12:41:48.937 7 INFO neutron.db.ovn_revision_numbers_db [None req-51226570-328e-4696-93b2-02ab80b36014 - - - - - -] Successfully bumped revision number for resource 2e9aebfe-df3a-41e0-a085-5f202e10c08f (type: router_ports) to 2
2026-05-12 12:41:48.938 7 INFO neutron.plugins.ml2.drivers.ovn.mech_driver.mech_driver [None req-51226570-328e-4696-93b2-02ab80b36014 - - - - - -] OVN reports status down for port: 1b54f6e7-9670-4225-bbbf-15fa370d7eeb
2026-05-12 12:41:48.957 8 WARNING neutron.plugins.ml2.drivers.ovn.mech_driver.ovsdb.ovn_client [None req-dfeb3a3d-4639-4858-baf8-fd481df7526f - - - - - -] No hosting information found for port bbda977d-792b-47f9-a2f1-8085636f5f69: RuntimeError: No hosting information found for port bbda977d-792b-47f9-a2f1-8085636f5f69
2026-05-12 12:41:48.988 8 INFO neutron.common.ovn.utils [None req-dfeb3a3d-4639-4858-baf8-fd481df7526f - - - - - -] HA Chassis Group neutron-2f224c2a-0cc8-4303-814c-9782ea044991 synchronized; highest priority chassis 6bbd602b-ded0-4285-8d00-75c0c44fe995
2026-05-12 12:41:49.051 7 WARNING neutron.plugins.ml2.drivers.ovn.mech_driver.ovsdb.ovn_client [None req-51226570-328e-4696-93b2-02ab80b36014 - - - - - -] Logical_Switch_Port 1b54f6e7-9670-4225-bbbf-15fa370d7eeb host information not removed, the port state is up
2026-05-12 12:41:49.051 7 INFO neutron.plugins.ml2.drivers.ovn.mech_driver.mech_driver [None req-51226570-328e-4696-93b2-02ab80b36014 - - - - - -] OVN reports status up for port: 1b54f6e7-9670-4225-bbbf-15fa370d7eeb
2026-05-12 12:41:49.073 7 INFO neutron.plugins.ml2.plugin [None req-51226570-328e-4696-93b2-02ab80b36014 - - - - - -] Attempt 1 to provision port 1b54f6e7-9670-4225-bbbf-15fa370d7eeb
2026-05-12 12:41:49.075 8 INFO neutron.db.ovn_revision_numbers_db [None req-dfeb3a3d-4639-4858-baf8-fd481df7526f - - - - - -] Successfully bumped revision number for resource bbda977d-792b-47f9-a2f1-8085636f5f69 (type: router_ports) to 2
2026-05-12 12:41:49.075 8 INFO neutron.plugins.ml2.drivers.ovn.mech_driver.mech_driver [None req-dfeb3a3d-4639-4858-baf8-fd481df7526f - - - - - -] OVN reports status down for port: 9aca83f8-b78d-4284-b795-2187046175b3
2026-05-12 12:41:49.122 8 WARNING neutron.plugins.ml2.drivers.ovn.mech_driver.ovsdb.ovn_client [None req-dfeb3a3d-4639-4858-baf8-fd481df7526f - - - - - -] Logical_Switch_Port 9aca83f8-b78d-4284-b795-2187046175b3 host information not removed, the port state is up
2026-05-12 12:41:49.122 8 INFO neutron.plugins.ml2.drivers.ovn.mech_driver.mech_driver [None req-dfeb3a3d-4639-4858-baf8-fd481df7526f - - - - - -] OVN reports status up for port: 9aca83f8-b78d-4284-b795-2187046175b3
2026-05-12 12:41:49.131 8 INFO neutron.plugins.ml2.plugin [None req-dfeb3a3d-4639-4858-baf8-fd481df7526f - - - - - -] Attempt 1 to provision port 9aca83f8-b78d-4284-b795-2187046175b3 [pid: 7|app: 0|req: 1105/2411] 10.0.0.138 () {34 vars in 1001 bytes} [Tue May 12 12:41:48 2026] GET /v2.0/ports?tenant_id=c81bb8ee8e2e4bb29c69f5246608a3a1&fields=id => generated 287 bytes in 304 msecs (HTTP/1.1 200) 4 headers in 157 bytes (1 switches on core 0) [pid: 7|app: 0|req: 1106/2412] 10.0.0.138 () {34 vars in 989 bytes} [Tue May 12 12:41:49 2026] GET /v2.0/ports?device_id=c66902d6-9a21-44b6-ae5e-7e7773ee2e2b => generated 12 bytes in 33 msecs (HTTP/1.1 200) 4 headers in 156 bytes (1 switches on core 0) [pid: 8|app: 0|req: 1307/2413] 10.0.0.138 () {34 vars in 1007 bytes} [Tue May 12 12:41:49 2026] GET /v2.0/networks/70aac6e0-08a8-4bec-95e9-65a1679ed35a?fields=segments => generated 14 bytes in 64 msecs (HTTP/1.1 200) 4 headers in 156 bytes (1 switches on core 0) [pid: 7|app: 0|req: 1107/2414] 10.0.0.138 () {34 vars in 1107 bytes} [Tue May 12 12:41:49 2026] GET /v2.0/networks/70aac6e0-08a8-4bec-95e9-65a1679ed35a?fields=provider%3Aphysical_network&fields=provider%3Anetwork_type => generated 79 bytes in 83 msecs (HTTP/1.1 200) 4 headers in 156 bytes (1 switches on core 0) [pid: 8|app: 0|req: 1308/2415] 10.0.0.138 () {34 vars in 989 bytes} [Tue May 12 12:41:49 2026] GET /v2.0/ports?device_id=9f74ed85-e843-4c7c-ba24-2caa98cb20aa => generated 12 bytes in 27 msecs (HTTP/1.1 200) 4 headers in 156 bytes (1 switches on core 0)
2026-05-12 12:41:49.614 7 INFO neutron.db.ovn_revision_numbers_db [None req-51226570-328e-4696-93b2-02ab80b36014 - - - - - -] Successfully bumped revision number for resource 1b54f6e7-9670-4225-bbbf-15fa370d7eeb (type: ports) to 2
2026-05-12 12:41:49.620 8 INFO neutron.db.ovn_revision_numbers_db [None req-dfeb3a3d-4639-4858-baf8-fd481df7526f - - - - - -] Successfully bumped revision number for resource 9aca83f8-b78d-4284-b795-2187046175b3 (type: ports) to 2 [pid: 7|app: 0|req: 1108/2416] 10.0.0.138 () {34 vars in 989 bytes} [Tue May 12 12:41:50 2026] GET /v2.0/ports?device_id=c66902d6-9a21-44b6-ae5e-7e7773ee2e2b => generated 12 bytes in 21 msecs (HTTP/1.1 200) 4 headers in 156 bytes (1 switches on core 0) [pid: 8|app: 0|req: 1309/2417] 199.19.213.17 () {34 vars in 984 bytes} [Tue May 12 12:41:51 2026] GET /v2.0/networks?id=da54e6f2-8337-40ce-bb13-7b0a4e08d4fc => generated 711 bytes in 49 msecs (HTTP/1.1 200) 4 headers in 157 bytes (1 switches on core 0) [pid: 8|app: 0|req: 1310/2418] 10.0.0.138 () {34 vars in 989 bytes} [Tue May 12 12:41:51 2026] GET /v2.0/ports?device_id=c66902d6-9a21-44b6-ae5e-7e7773ee2e2b => generated 12 bytes in 21 msecs (HTTP/1.1 200) 4 headers in 156 bytes (1 switches on core 0)
2026-05-12 12:41:51.555 7 WARNING neutron.scheduler.dhcp_agent_scheduler [req-cc3930c3-6bc8-4850-aec4-0e076ab9dff5 req-64fe9e6c-c9d8-4cbe-a61a-12cca3a9f656 ed134fd9ce9d47fab8c57f45b652e8c3 ff3a20457da94eeda16e1d9a5cb7e6ce - - default default] No more DHCP agents
