2026-05-12 12:40:30.315 8 INFO neutron.pecan_wsgi.hooks.translation [None req-f3ddf6ea-4274-4f04-b119-d0b8c408d21c 648e16aab14e40ee852d9e916a8966ac 617b7a32dea740418bb86323fb97f1db - - default default] GET failed (client error): The resource could not be found. [pid: 8|app: 0|req: 973/1827] 10.0.0.76 () {32 vars in 715 bytes} [Tue May 12 12:40:30 2026] GET /v2.0/ports/77dced30-f5c0-42ee-a1f4-5aeb69fcd06a => generated 132 bytes in 16 msecs (HTTP/1.1 404) 4 headers in 164 bytes (1 switches on core 0)
2026-05-12 12:40:30.349 8 WARNING neutron.db.securitygroups_db [None req-0f769d9c-80ea-4951-a206-81fbd2b241af e8da1d1f7b5b4719b6da46c74784d71d 27e4d7e76a7d4f6bae2a3afc0d075080 - - default default] project_id key not found in filters, using tenant_id instead. This support has been deprecated and will be removed in a future release. [pid: 8|app: 0|req: 974/1828] 10.0.0.76 () {32 vars in 772 bytes} [Tue May 12 12:40:30 2026] GET /v2.0/security-groups?tenant_id=f43c4b4383f34becb12dc2d093fab30b&name=default => generated 2925 bytes in 31 msecs (HTTP/1.1 200) 4 headers in 158 bytes (1 switches on core 0) [pid: 7|app: 0|req: 855/1829] 10.0.0.76 () {32 vars in 722 bytes} [Tue May 12 12:40:30 2026] DELETE /v2.0/subnets/6814f334-a22b-4e6e-83c9-5ab0b9adfd9f => generated 0 bytes in 178 msecs (HTTP/1.1 204) 3 headers in 131 bytes (1 switches on core 0) [pid: 8|app: 0|req: 975/1830] 10.0.0.76 () {32 vars in 738 bytes} [Tue May 12 12:40:30 2026] DELETE /v2.0/security-groups/1558d62b-df84-405d-9d5d-b9f3d207dfd7 => generated 0 bytes in 173 msecs (HTTP/1.1 204) 2 headers in 112 bytes (1 switches on core 0)
2026-05-12 12:40:30.618 7 INFO neutron_taas.services.taas.taas_plugin [None req-fe8f094d-a192-45c9-b293-5123a04c3346 648e16aab14e40ee852d9e916a8966ac 617b7a32dea740418bb86323fb97f1db - - default default] TaaS: Handle Delete Port: da236eb1-ac9f-4642-959c-98bbe71fa05a
2026-05-12 12:40:30.621 7 INFO neutron_taas.services.taas.tap_mirror_plugin [None req-fe8f094d-a192-45c9-b293-5123a04c3346 648e16aab14e40ee852d9e916a8966ac 617b7a32dea740418bb86323fb97f1db - - default default] Tap Mirror: Handle Delete Port: da236eb1-ac9f-4642-959c-98bbe71fa05a [pid: 7|app: 0|req: 856/1831] 10.0.0.76 () {32 vars in 724 bytes} [Tue May 12 12:40:30 2026] DELETE /v2.0/networks/27077c0d-f461-404f-8f27-6146153e0fef => generated 0 bytes in 304 msecs (HTTP/1.1 204) 3 headers in 131 bytes (1 switches on core 0) [pid: 8|app: 0|req: 976/1832] 10.0.0.138 () {34 vars in 989 bytes} [Tue May 12 12:40:30 2026] GET /v2.0/ports?device_id=aedc86c3-054c-4f05-8baf-fd33b72cb6f1 => generated 12 bytes in 25 msecs (HTTP/1.1 200) 4 headers in 156 bytes (1 switches on core 0)
2026-05-12 12:40:30.834 7 INFO neutron.services.segments.plugin [-] Segment a5b269a7-cf03-4182-9ff1-f39fb3790e40 resource provider aggregate not found
2026-05-12 12:40:30.853 7 INFO neutron.services.segments.plugin [-] Segment a5b269a7-cf03-4182-9ff1-f39fb3790e40 resource provider aggregate not found
2026-05-12 12:40:30.857 7 INFO neutron.services.segments.plugin [-] Segment a5b269a7-cf03-4182-9ff1-f39fb3790e40 resource provider not found; error: Placement Client Error (4xx): {"errors": [{"status": 404, "title": "Not Found", "detail": "The resource could not be found.\n\n No resource provider with uuid a5b269a7-cf03-4182-9ff1-f39fb3790e40 found for delete ", "request_id": "req-c93d2f19-e6d5-4d91-a4bb-d291cc6efce7"}]}
2026-05-12 12:40:30.867 7 INFO neutron.services.segments.plugin [-] Segment a5b269a7-cf03-4182-9ff1-f39fb3790e40 resource provider not found; error: Placement Client Error (4xx): {"errors": [{"status": 404, "title": "Not Found", "detail": "The resource could not be found.\n\n No resource provider with uuid a5b269a7-cf03-4182-9ff1-f39fb3790e40 found for delete ", "request_id": "req-2e33448e-a10d-4751-a42e-638c0b80ebc9"}]}
2026-05-12 12:40:30.877 7 INFO neutron.services.segments.plugin [-] Segment ecfd1fcb-d935-463b-8294-03f5c018d0f2 resource provider aggregate not found
2026-05-12 12:40:30.894 7 INFO neutron.services.segments.plugin [-] Segment ecfd1fcb-d935-463b-8294-03f5c018d0f2 resource provider aggregate not found
2026-05-12 12:40:30.897 7 INFO neutron.services.segments.plugin [-] Segment ecfd1fcb-d935-463b-8294-03f5c018d0f2 resource provider not found; error: Placement Client Error (4xx): {"errors": [{"status": 404, "title": "Not Found", "detail": "The resource could not be found.\n\n No resource provider with uuid ecfd1fcb-d935-463b-8294-03f5c018d0f2 found for delete ", "request_id": "req-fb451a28-1ee4-46cc-9d22-0cc872c50a72"}]}
2026-05-12 12:40:30.915 7 INFO neutron.services.segments.plugin [-] Segment ecfd1fcb-d935-463b-8294-03f5c018d0f2 resource provider not found; error: Placement Client Error (4xx): {"errors": [{"status": 404, "title": "Not Found", "detail": "The resource could not be found.\n\n No resource provider with uuid ecfd1fcb-d935-463b-8294-03f5c018d0f2 found for delete ", "request_id": "req-b0434d55-2b61-48c3-ad22-e60ea5fd7a4f"}]}
2026-05-12 12:40:31.049 7 WARNING neutron.scheduler.dhcp_agent_scheduler [None req-a8c9b5b7-dfec-476d-997c-817252996420 648e16aab14e40ee852d9e916a8966ac 617b7a32dea740418bb86323fb97f1db - - default default] No more DHCP agents
2026-05-12 12:40:31.050 7 WARNING neutron.api.rpc.agentnotifiers.dhcp_rpc_agent_api [None req-a8c9b5b7-dfec-476d-997c-817252996420 648e16aab14e40ee852d9e916a8966ac 617b7a32dea740418bb86323fb97f1db - - default default] Unable to schedule network 3190592b-fe28-4573-9eec-62abf9c2b63c: no agents available; will retry on subsequent port and subnet creation events.
2026-05-12 12:40:31.114 7 INFO neutron.plugins.ml2.drivers.ovn.mech_driver.mech_driver [None req-c29df197-e66d-4a1b-a858-f9e70bdd4369 - - - - - -] OVN reports status down for port: e9ad9b4d-4c99-41c1-8777-975a17b5dcc1
2026-05-12 12:40:31.169 7 INFO neutron.db.ovn_revision_numbers_db [None req-a8c9b5b7-dfec-476d-997c-817252996420 648e16aab14e40ee852d9e916a8966ac 617b7a32dea740418bb86323fb97f1db - - default default] Successfully bumped revision number for resource e9ad9b4d-4c99-41c1-8777-975a17b5dcc1 (type: ports) to 1 [pid: 7|app: 0|req: 857/1833] 10.0.0.76 () {34 vars in 663 bytes} [Tue May 12 12:40:30 2026] POST /v2.0/ports => generated 774 bytes in 426 msecs (HTTP/1.1 201) 4 headers in 162 bytes (1 switches on core 0) /var/lib/openstack/lib/python3.12/site-packages/pycadf/identifier.py:70: UserWarning: Invalid uuid: neutron. To ensure interoperability, identifiers should be a valid uuid. warnings.warn(('Invalid uuid: %s. To ensure interoperability, ' [pid: 8|app: 0|req: 977/1834] 10.0.0.76 () {34 vars in 676 bytes} [Tue May 12 12:40:31 2026] POST /v2.0/qos/policies => generated 359 bytes in 149 msecs (HTTP/1.1 201) 4 headers in 162 bytes (1 switches on core 0) [pid: 8|app: 0|req: 978/1835] 10.0.0.76 () {34 vars in 676 bytes} [Tue May 12 12:40:31 2026] POST /v2.0/qos/policies => generated 359 bytes in 37 msecs (HTTP/1.1 201) 4 headers in 162 bytes (1 switches on core 0) [pid: 8|app: 0|req: 979/1836] 10.0.0.76 () {34 vars in 676 bytes} [Tue May 12 12:40:31 2026] POST /v2.0/qos/policies => generated 359 bytes in 42 msecs (HTTP/1.1 201) 4 headers in 162 bytes (1 switches on core 0)
2026-05-12 12:40:31.478 7 INFO neutron.plugins.ml2.drivers.ovn.mech_driver.mech_driver [None req-c29df197-e66d-4a1b-a858-f9e70bdd4369 - - - - - -] OVN reports status down for port: e9ad9b4d-4c99-41c1-8777-975a17b5dcc1 [pid: 8|app: 0|req: 980/1837] 10.0.0.76 () {34 vars in 676 bytes} [Tue May 12 12:40:31 2026] POST /v2.0/qos/policies => generated 359 bytes in 45 msecs (HTTP/1.1 201) 4 headers in 162 bytes (1 switches on core 0)
2026-05-12 12:40:31.525 7 INFO neutron.db.ovn_revision_numbers_db [None req-d13e84d0-2ec0-4436-983c-3fb7894d3a9e 648e16aab14e40ee852d9e916a8966ac 617b7a32dea740418bb86323fb97f1db - - default default] Successfully bumped revision number for resource e9ad9b4d-4c99-41c1-8777-975a17b5dcc1 (type: ports) to 2 [pid: 8|app: 0|req: 981/1838] 10.0.0.76 () {34 vars in 676 bytes} [Tue May 12 12:40:31 2026] POST /v2.0/qos/policies => generated 359 bytes in 30 msecs (HTTP/1.1 201) 4 headers in 162 bytes (1 switches on core 0) [pid: 7|app: 0|req: 858/1839] 10.0.0.76 () {34 vars in 735 bytes} [Tue May 12 12:40:31 2026] PUT /v2.0/ports/e9ad9b4d-4c99-41c1-8777-975a17b5dcc1 => generated 752 bytes in 316 msecs (HTTP/1.1 200) 4 headers in 157 bytes (1 switches on core 0)
2026-05-12 12:40:31.562 8 WARNING tagging [None req-efa55419-5380-4f13-a978-3c686f3a1093 be03f1ae887947f9ab4c6800090b5d23 2b482db5962a453f82aa54a2741f8f30 - - default default] project_id key not found in request, using tenant_id instead. This support has been deprecated and will be removed in a future release. /var/lib/openstack/lib/python3.12/site-packages/pycadf/identifier.py:70: UserWarning: Invalid uuid: neutron. To ensure interoperability, identifiers should be a valid uuid. warnings.warn(('Invalid uuid: %s. To ensure interoperability, ' [pid: 8|app: 0|req: 982/1840] 10.0.0.76 () {34 vars in 751 bytes} [Tue May 12 12:40:31 2026] PUT /v2.0/policies/eee1f0ec-a0e9-46f3-8614-9fcc2e7e2f67/tags => generated 17 bytes in 41 msecs (HTTP/1.1 200) 4 headers in 156 bytes (1 switches on core 0)
2026-05-12 12:40:31.607 8 WARNING tagging [None req-30025bcb-5e9a-4345-86de-1206b20653de be03f1ae887947f9ab4c6800090b5d23 2b482db5962a453f82aa54a2741f8f30 - - default default] project_id key not found in request, using tenant_id instead. This support has been deprecated and will be removed in a future release. [pid: 8|app: 0|req: 983/1841] 10.0.0.76 () {34 vars in 751 bytes} [Tue May 12 12:40:31 2026] PUT /v2.0/policies/cc9166e5-eaca-449e-a329-ba7c7bd55035/tags => generated 25 bytes in 34 msecs (HTTP/1.1 200) 4 headers in 156 bytes (1 switches on core 0)
2026-05-12 12:40:31.646 8 WARNING tagging [None req-b4919227-162c-48d3-8e25-eb3b705d49aa be03f1ae887947f9ab4c6800090b5d23 2b482db5962a453f82aa54a2741f8f30 - - default default] project_id key not found in request, using tenant_id instead. This support has been deprecated and will be removed in a future release. [pid: 8|app: 0|req: 984/1842] 10.0.0.76 () {34 vars in 751 bytes} [Tue May 12 12:40:31 2026] PUT /v2.0/policies/32696b1c-1f0d-4804-8e06-35929beb52fb/tags => generated 34 bytes in 38 msecs (HTTP/1.1 200) 4 headers in 156 bytes (1 switches on core 0)
2026-05-12 12:40:31.683 7 INFO neutron_taas.services.taas.taas_plugin [None req-fd9d2618-8645-4977-8e06-82d8f24f0e3c 648e16aab14e40ee852d9e916a8966ac 617b7a32dea740418bb86323fb97f1db - - default default] TaaS: Handle Delete Port: e9ad9b4d-4c99-41c1-8777-975a17b5dcc1
2026-05-12 12:40:31.687 7 INFO neutron_taas.services.taas.tap_mirror_plugin [None req-fd9d2618-8645-4977-8e06-82d8f24f0e3c 648e16aab14e40ee852d9e916a8966ac 617b7a32dea740418bb86323fb97f1db - - default default] Tap Mirror: Handle Delete Port: e9ad9b4d-4c99-41c1-8777-975a17b5dcc1
2026-05-12 12:40:31.689 8 WARNING tagging [None req-eec57749-bf0e-4ddf-98f7-cb27be998d23 be03f1ae887947f9ab4c6800090b5d23 2b482db5962a453f82aa54a2741f8f30 - - default default] project_id key not found in request, using tenant_id instead. This support has been deprecated and will be removed in a future release. [pid: 8|app: 0|req: 985/1843] 10.0.0.76 () {34 vars in 751 bytes} [Tue May 12 12:40:31 2026] PUT /v2.0/policies/e9340975-bc4f-4461-b632-8a1b25207d75/tags => generated 19 bytes in 39 msecs (HTTP/1.1 200) 4 headers in 156 bytes (1 switches on core 0) [pid: 7|app: 0|req: 859/1844] 10.0.0.76 () {32 vars in 718 bytes} [Tue May 12 12:40:31 2026] DELETE /v2.0/ports/e9ad9b4d-4c99-41c1-8777-975a17b5dcc1 => generated 0 bytes in 236 msecs (HTTP/1.1 204) 3 headers in 131 bytes (1 switches on core 0) [pid: 8|app: 0|req: 986/1845] 10.0.0.76 () {32 vars in 641 bytes} [Tue May 12 12:40:31 2026] GET /v2.0/ports => generated 1533 bytes in 85 msecs (HTTP/1.1 200) 4 headers in 158 bytes (1 switches on core 0)
2026-05-12 12:40:31.916 7 INFO neutron.pecan_wsgi.hooks.translation [None req-f21afe07-1f95-4e8b-84d9-83306444e213 648e16aab14e40ee852d9e916a8966ac 617b7a32dea740418bb86323fb97f1db - - default default] GET failed (client error): The resource could not be found. [pid: 7|app: 0|req: 860/1846] 10.0.0.76 () {32 vars in 715 bytes} [Tue May 12 12:40:31 2026] GET /v2.0/ports/e9ad9b4d-4c99-41c1-8777-975a17b5dcc1 => generated 132 bytes in 20 msecs (HTTP/1.1 404) 4 headers in 164 bytes (1 switches on core 0) [pid: 8|app: 0|req: 987/1847] 10.0.0.76 () {32 vars in 641 bytes} [Tue May 12 12:40:31 2026] GET /v2.0/ports => generated 1533 bytes in 38 msecs (HTTP/1.1 200) 4 headers in 158 bytes (1 switches on core 0) [pid: 7|app: 0|req: 861/1848] 10.0.0.138 () {34 vars in 989 bytes} [Tue May 12 12:40:31 2026] GET /v2.0/ports?device_id=aedc86c3-054c-4f05-8baf-fd33b72cb6f1 => generated 12 bytes in 23 msecs (HTTP/1.1 200) 4 headers in 156 bytes (1 switches on core 0) [pid: 8|app: 0|req: 988/1849] 10.0.0.76 () {32 vars in 715 bytes} [Tue May 12 12:40:31 2026] GET /v2.0/ports/71f8eb93-a407-48ef-ba2f-5f9113617d90 => generated 774 bytes in 34 msecs (HTTP/1.1 200) 4 headers in 157 bytes (1 switches on core 0)
2026-05-12 12:40:32.022 7 INFO neutron.pecan_wsgi.hooks.translation [None req-6db2818e-39ad-4998-b9cb-e2f3eaa5f489 648e16aab14e40ee852d9e916a8966ac 617b7a32dea740418bb86323fb97f1db - - default default] DELETE failed (client error): The resource could not be found. [pid: 7|app: 0|req: 862/1850] 10.0.0.76 () {32 vars in 718 bytes} [Tue May 12 12:40:32 2026] DELETE /v2.0/ports/77dced30-f5c0-42ee-a1f4-5aeb69fcd06a => generated 132 bytes in 21 msecs (HTTP/1.1 404) 4 headers in 164 bytes (1 switches on core 0)
2026-05-12 12:40:32.043 8 INFO neutron.pecan_wsgi.hooks.translation [None req-bb1f3cc5-b00c-46f6-b912-fe7b49832668 648e16aab14e40ee852d9e916a8966ac 617b7a32dea740418bb86323fb97f1db - - default default] DELETE failed (client error): The resource could not be found. [pid: 8|app: 0|req: 989/1851] 10.0.0.76 () {32 vars in 722 bytes} [Tue May 12 12:40:32 2026] DELETE /v2.0/subnets/6814f334-a22b-4e6e-83c9-5ab0b9adfd9f => generated 136 bytes in 18 msecs (HTTP/1.1 404) 4 headers in 164 bytes (1 switches on core 0)
2026-05-12 12:40:32.064 7 INFO neutron.pecan_wsgi.hooks.translation [None req-7b74df50-1490-41cb-a93f-549cd8f07ba8 648e16aab14e40ee852d9e916a8966ac 617b7a32dea740418bb86323fb97f1db - - default default] DELETE failed (client error): The resource could not be found. [pid: 7|app: 0|req: 863/1852] 10.0.0.76 () {32 vars in 722 bytes} [Tue May 12 12:40:32 2026] DELETE /v2.0/subnets/8e42dbf8-1c03-48c7-9ed8-cb095b8084c2 => generated 136 bytes in 17 msecs (HTTP/1.1 404) 4 headers in 164 bytes (1 switches on core 0)
2026-05-12 12:40:32.175 7 INFO neutron_taas.services.taas.taas_plugin [None req-d2ef60cc-43ea-4869-b82b-044aa8ad65c7 648e16aab14e40ee852d9e916a8966ac 617b7a32dea740418bb86323fb97f1db - - default default] TaaS: Handle Delete Port: 71f8eb93-a407-48ef-ba2f-5f9113617d90
2026-05-12 12:40:32.178 7 INFO neutron_taas.services.taas.tap_mirror_plugin [None req-d2ef60cc-43ea-4869-b82b-044aa8ad65c7 648e16aab14e40ee852d9e916a8966ac 617b7a32dea740418bb86323fb97f1db - - default default] Tap Mirror: Handle Delete Port: 71f8eb93-a407-48ef-ba2f-5f9113617d90 [pid: 7|app: 0|req: 864/1853] 10.0.0.76 () {32 vars in 718 bytes} [Tue May 12 12:40:32 2026] DELETE /v2.0/ports/71f8eb93-a407-48ef-ba2f-5f9113617d90 => generated 0 bytes in 228 msecs (HTTP/1.1 204) 3 headers in 131 bytes (1 switches on core 0) [pid: 8|app: 0|req: 990/1854] 10.0.0.76 () {32 vars in 672 bytes} [Tue May 12 12:40:32 2026] GET /v2.0/qos/policies?tags=red => generated 1101 bytes in 248 msecs (HTTP/1.1 200) 4 headers in 158 bytes (1 switches on core 0) [pid: 8|app: 0|req: 991/1855] 10.0.0.76 () {32 vars in 686 bytes} [Tue May 12 12:40:32 2026] GET /v2.0/qos/policies?tags=red%2Cblue => generated 747 bytes in 43 msecs (HTTP/1.1 200) 4 headers in 157 bytes (1 switches on core 0)
2026-05-12 12:40:32.395 7 INFO neutron_taas.services.taas.taas_plugin [None req-05a57a2f-9457-429d-a516-920725e32b71 648e16aab14e40ee852d9e916a8966ac 617b7a32dea740418bb86323fb97f1db - - default default] TaaS: Handle Delete Port: 384f1bad-f57d-4069-a9da-b68bf9b02317 [pid: 8|app: 0|req: 992/1856] 10.0.0.76 () {32 vars in 682 bytes} [Tue May 12 12:40:32 2026] GET /v2.0/qos/policies?tags-any=blue => generated 747 bytes in 42 msecs (HTTP/1.1 200) 4 headers in 157 bytes (1 switches on core 0)
2026-05-12 12:40:32.397 7 INFO neutron_taas.services.taas.tap_mirror_plugin [None req-05a57a2f-9457-429d-a516-920725e32b71 648e16aab14e40ee852d9e916a8966ac 617b7a32dea740418bb86323fb97f1db - - default default] Tap Mirror: Handle Delete Port: 384f1bad-f57d-4069-a9da-b68bf9b02317 [pid: 8|app: 0|req: 993/1857] 10.0.0.76 () {32 vars in 694 bytes} [Tue May 12 12:40:32 2026] GET /v2.0/qos/policies?tags-any=red%2Cblue => generated 1101 bytes in 59 msecs (HTTP/1.1 200) 4 headers in 158 bytes (1 switches on core 0) [pid: 8|app: 0|req: 994/1858] 10.0.0.76 () {32 vars in 680 bytes} [Tue May 12 12:40:32 2026] GET /v2.0/qos/policies?not-tags=red => generated 719 bytes in 58 msecs (HTTP/1.1 200) 4 headers in 157 bytes (1 switches on core 0) [pid: 8|app: 0|req: 995/1859] 10.0.0.76 () {32 vars in 694 bytes} [Tue May 12 12:40:32 2026] GET /v2.0/qos/policies?not-tags=red%2Cblue => generated 1073 bytes in 66 msecs (HTTP/1.1 200) 4 headers in 158 bytes (1 switches on core 0) [pid: 7|app: 0|req: 865/1860] 10.0.0.76 () {32 vars in 724 bytes} [Tue May 12 12:40:32 2026] DELETE /v2.0/networks/3190592b-fe28-4573-9eec-62abf9c2b63c => generated 0 bytes in 302 msecs (HTTP/1.1 204) 3 headers in 131 bytes (1 switches on core 0) [pid: 8|app: 0|req: 996/1861] 10.0.0.76 () {32 vars in 690 bytes} [Tue May 12 12:40:32 2026] GET /v2.0/qos/policies?not-tags-any=blue => generated 1073 bytes in 64 msecs (HTTP/1.1 200) 4 headers in 158 bytes (1 switches on core 0) [pid: 7|app: 0|req: 866/1862] 10.0.0.76 () {32 vars in 702 bytes} [Tue May 12 12:40:32 2026] GET /v2.0/qos/policies?not-tags-any=red%2Cblue => generated 719 bytes in 63 msecs (HTTP/1.1 200) 4 headers in 157 bytes (1 switches on core 0) [pid: 8|app: 0|req: 997/1863] 10.0.0.76 () {32 vars in 732 bytes} [Tue May 12 12:40:32 2026] DELETE /v2.0/qos/policies/eee1f0ec-a0e9-46f3-8614-9fcc2e7e2f67 => generated 0 bytes in 55 msecs (HTTP/1.1 204) 2 headers in 112 bytes (1 switches on core 0) [pid: 7|app: 0|req: 867/1864] 10.0.0.76 () {32 vars in 732 bytes} [Tue May 12 12:40:32 2026] DELETE /v2.0/qos/policies/cc9166e5-eaca-449e-a329-ba7c7bd55035 => generated 0 bytes in 89 msecs (HTTP/1.1 204) 2 headers in 112 bytes (1 switches on core 0)
2026-05-12 12:40:32.914 7 INFO neutron.services.segments.plugin [-] Segment 680c7349-d46f-4ded-bb4b-87e4c742ef19 resource provider aggregate not found
2026-05-12 12:40:32.929 7 INFO neutron.services.segments.plugin [-] Segment 680c7349-d46f-4ded-bb4b-87e4c742ef19 resource provider not found; error: Placement Client Error (4xx): {"errors": [{"status": 404, "title": "Not Found", "detail": "The resource could not be found.\n\n No resource provider with uuid 680c7349-d46f-4ded-bb4b-87e4c742ef19 found for delete ", "request_id": "req-b5201d6a-e8ed-43e1-93b9-90b992c05dcd"}]}
2026-05-12 12:40:32.932 7 INFO neutron.services.segments.plugin [-] Segment 680c7349-d46f-4ded-bb4b-87e4c742ef19 resource provider aggregate not found [pid: 8|app: 0|req: 998/1865] 10.0.0.76 () {32 vars in 732 bytes} [Tue May 12 12:40:32 2026] DELETE /v2.0/qos/policies/32696b1c-1f0d-4804-8e06-35929beb52fb => generated 0 bytes in 50 msecs (HTTP/1.1 204) 2 headers in 112 bytes (1 switches on core 0)
2026-05-12 12:40:32.945 7 INFO neutron.services.segments.plugin [-] Segment 680c7349-d46f-4ded-bb4b-87e4c742ef19 resource provider not found; error: Placement Client Error (4xx): {"errors": [{"status": 404, "title": "Not Found", "detail": "The resource could not be found.\n\n No resource provider with uuid 680c7349-d46f-4ded-bb4b-87e4c742ef19 found for delete ", "request_id": "req-41d16801-47cc-40ee-871a-c827f3ece6c2"}]} [pid: 7|app: 0|req: 868/1866] 10.0.0.76 () {32 vars in 732 bytes} [Tue May 12 12:40:32 2026] DELETE /v2.0/qos/policies/e9340975-bc4f-4461-b632-8a1b25207d75 => generated 0 bytes in 54 msecs (HTTP/1.1 204) 2 headers in 112 bytes (1 switches on core 0) [pid: 8|app: 0|req: 999/1867] 10.0.0.76 () {32 vars in 732 bytes} [Tue May 12 12:40:33 2026] DELETE /v2.0/qos/policies/4a0470ce-b97a-4175-8977-ba262183e247 => generated 0 bytes in 59 msecs (HTTP/1.1 204) 2 headers in 112 bytes (1 switches on core 0)
2026-05-12 12:40:33.185 7 WARNING neutron.db.securitygroups_db [None req-ab2918c8-0e01-4e5a-9d73-1b8e3c953998 e8da1d1f7b5b4719b6da46c74784d71d 27e4d7e76a7d4f6bae2a3afc0d075080 - - default default] project_id key not found in filters, using tenant_id instead. This support has been deprecated and will be removed in a future release. [pid: 7|app: 0|req: 869/1868] 10.0.0.76 () {32 vars in 772 bytes} [Tue May 12 12:40:33 2026] GET /v2.0/security-groups?tenant_id=617b7a32dea740418bb86323fb97f1db&name=default => generated 2925 bytes in 185 msecs (HTTP/1.1 200) 4 headers in 158 bytes (1 switches on core 0) [pid: 8|app: 0|req: 1000/1869] 10.0.0.76 () {32 vars in 738 bytes} [Tue May 12 12:40:33 2026] DELETE /v2.0/security-groups/2af5d753-90d7-496b-8eab-7dfd8c0a6c1e => generated 0 bytes in 153 msecs (HTTP/1.1 204) 2 headers in 112 bytes (1 switches on core 0)
2026-05-12 12:40:33.232 8 INFO neutron.api.v2.resource [None req-b825e8fd-dd36-4224-924d-f4017ab37e16 82ed66966748412d844981f05d2fc8f6 aca069aa6c47480d828dddd901ef47d7 - - default default] show failed (client error): The resource could not be found. [pid: 8|app: 0|req: 1001/1870] 10.0.0.76 () {32 vars in 735 bytes} [Tue May 12 12:40:33 2026] GET /v2.0/security-groups/2af5d753-90d7-496b-8eab-7dfd8c0a6c1e => generated 146 bytes in 8 msecs (HTTP/1.1 404) 4 headers in 164 bytes (1 switches on core 0)
2026-05-12 12:40:33.357 8 INFO neutron_taas.services.taas.taas_plugin [None req-1dd1e0f9-47b5-4202-aca2-c955f3df0d3f 82ed66966748412d844981f05d2fc8f6 aca069aa6c47480d828dddd901ef47d7 - - default default] TaaS: Handle Delete Port: 4f358a89-0cfc-49f6-aaf1-93eac4772b9b
2026-05-12 12:40:33.362 8 INFO neutron_taas.services.taas.tap_mirror_plugin [None req-1dd1e0f9-47b5-4202-aca2-c955f3df0d3f 82ed66966748412d844981f05d2fc8f6 aca069aa6c47480d828dddd901ef47d7 - - default default] Tap Mirror: Handle Delete Port: 4f358a89-0cfc-49f6-aaf1-93eac4772b9b [pid: 7|app: 0|req: 870/1871] 10.0.0.76 () {32 vars in 738 bytes} [Tue May 12 12:40:33 2026] DELETE /v2.0/security-groups/8f364c95-15fd-4575-9d37-c480bc373be5 => generated 0 bytes in 165 msecs (HTTP/1.1 204) 2 headers in 112 bytes (1 switches on core 0) [pid: 8|app: 0|req: 1002/1872] 10.0.0.76 () {32 vars in 730 bytes} [Tue May 12 12:40:33 2026] DELETE /v2.0/floatingips/be5c5ef4-41b5-4ab0-9e75-5d999dc68702 => generated 0 bytes in 272 msecs (HTTP/1.1 204) 2 headers in 112 bytes (1 switches on core 0)
2026-05-12 12:40:33.794 7 INFO neutron_taas.services.taas.taas_plugin [None req-de31a1ed-441c-4e8b-80fc-363d4d5b0e47 e8da1d1f7b5b4719b6da46c74784d71d 27e4d7e76a7d4f6bae2a3afc0d075080 - - default default] TaaS: Handle Delete Port: aeed5a5c-af61-48bd-8606-1f6b2dd9ae01
2026-05-12 12:40:33.796 7 INFO neutron_taas.services.taas.tap_mirror_plugin [None req-de31a1ed-441c-4e8b-80fc-363d4d5b0e47 e8da1d1f7b5b4719b6da46c74784d71d 27e4d7e76a7d4f6bae2a3afc0d075080 - - default default] Tap Mirror: Handle Delete Port: aeed5a5c-af61-48bd-8606-1f6b2dd9ae01
2026-05-12 12:40:33.979 8 WARNING neutron.db.securitygroups_db [None req-2b87c690-fefc-4162-aa98-403919337f1e e8da1d1f7b5b4719b6da46c74784d71d 27e4d7e76a7d4f6bae2a3afc0d075080 - - default default] project_id key not found in filters, using tenant_id instead. This support has been deprecated and will be removed in a future release.
2026-05-12 12:40:34.145 8 INFO neutron.db.ovn_revision_numbers_db [None req-2b87c690-fefc-4162-aa98-403919337f1e e8da1d1f7b5b4719b6da46c74784d71d 27e4d7e76a7d4f6bae2a3afc0d075080 - - default default] Successfully bumped revision number for resource 81539ee2-be28-48cc-beae-49b73afde910 (type: security_groups) to 1
2026-05-12 12:40:34.158 8 INFO neutron.db.ovn_revision_numbers_db [None req-2b87c690-fefc-4162-aa98-403919337f1e e8da1d1f7b5b4719b6da46c74784d71d 27e4d7e76a7d4f6bae2a3afc0d075080 - - default default] Successfully bumped revision number for resource 7637c72a-8f6b-4328-ac8c-aefb9b329e01 (type: security_group_rules) to 0
2026-05-12 12:40:34.189 8 INFO neutron.db.ovn_revision_numbers_db [None req-2b87c690-fefc-4162-aa98-403919337f1e e8da1d1f7b5b4719b6da46c74784d71d 27e4d7e76a7d4f6bae2a3afc0d075080 - - default default] Successfully bumped revision number for resource 95a50367-b476-4cdb-b8c0-945960734570 (type: security_group_rules) to 0
2026-05-12 12:40:34.204 8 INFO neutron.db.ovn_revision_numbers_db [None req-2b87c690-fefc-4162-aa98-403919337f1e e8da1d1f7b5b4719b6da46c74784d71d 27e4d7e76a7d4f6bae2a3afc0d075080 - - default default] Successfully bumped revision number for resource c95ad874-2fbf-40e2-a4de-08282eff6274 (type: security_group_rules) to 0
2026-05-12 12:40:34.212 8 INFO neutron.db.ovn_revision_numbers_db [None req-2b87c690-fefc-4162-aa98-403919337f1e e8da1d1f7b5b4719b6da46c74784d71d 27e4d7e76a7d4f6bae2a3afc0d075080 - - default default] Successfully bumped revision number for resource f5670c6a-b4e7-4a46-9623-6ea908f79058 (type: security_group_rules) to 0 [pid: 8|app: 0|req: 1003/1873] 10.0.0.76 () {32 vars in 772 bytes} [Tue May 12 12:40:33 2026] GET /v2.0/security-groups?tenant_id=45848120af44455cb019097146fb847f&name=default => generated 2925 bytes in 498 msecs (HTTP/1.1 200) 4 headers in 158 bytes (1 switches on core 0) [pid: 8|app: 0|req: 1004/1874] 10.0.0.76 () {32 vars in 738 bytes} [Tue May 12 12:40:34 2026] DELETE /v2.0/security-groups/81539ee2-be28-48cc-beae-49b73afde910 => generated 0 bytes in 177 msecs (HTTP/1.1 204) 2 headers in 112 bytes (1 switches on core 0)
2026-05-12 12:40:34.541 8 WARNING neutron.db.securitygroups_db [None req-d87b5bb7-184a-443a-bc67-e2700668f559 e8da1d1f7b5b4719b6da46c74784d71d 27e4d7e76a7d4f6bae2a3afc0d075080 - - default default] project_id key not found in filters, using tenant_id instead. This support has been deprecated and will be removed in a future release. [pid: 7|app: 0|req: 871/1875] 10.0.0.76 () {34 vars in 787 bytes} [Tue May 12 12:40:33 2026] PUT /v2.0/routers/e99c3d25-3a8f-4b23-a246-701fad46014e/remove_router_interface => generated 310 bytes in 1039 msecs (HTTP/1.1 200) 4 headers in 157 bytes (1 switches on core 0) /var/lib/openstack/lib/python3.12/site-packages/pycadf/identifier.py:70: UserWarning: Invalid uuid: neutron. To ensure interoperability, identifiers should be a valid uuid. warnings.warn(('Invalid uuid: %s. To ensure interoperability, '
2026-05-12 12:40:34.655 8 INFO neutron.db.ovn_revision_numbers_db [None req-d87b5bb7-184a-443a-bc67-e2700668f559 e8da1d1f7b5b4719b6da46c74784d71d 27e4d7e76a7d4f6bae2a3afc0d075080 - - default default] Successfully bumped revision number for resource a267ea29-4129-44a0-97ac-b98ca6b2257e (type: security_groups) to 1
2026-05-12 12:40:34.666 8 INFO neutron.db.ovn_revision_numbers_db [None req-d87b5bb7-184a-443a-bc67-e2700668f559 e8da1d1f7b5b4719b6da46c74784d71d 27e4d7e76a7d4f6bae2a3afc0d075080 - - default default] Successfully bumped revision number for resource 1e2c7536-4e3f-4050-b587-caa9ace74712 (type: security_group_rules) to 0
2026-05-12 12:40:34.675 8 INFO neutron.db.ovn_revision_numbers_db [None req-d87b5bb7-184a-443a-bc67-e2700668f559 e8da1d1f7b5b4719b6da46c74784d71d 27e4d7e76a7d4f6bae2a3afc0d075080 - - default default] Successfully bumped revision number for resource 5017c679-1b31-48a9-bb74-22ef9f5ddce8 (type: security_group_rules) to 0
2026-05-12 12:40:34.685 8 INFO neutron.db.ovn_revision_numbers_db [None req-d87b5bb7-184a-443a-bc67-e2700668f559 e8da1d1f7b5b4719b6da46c74784d71d 27e4d7e76a7d4f6bae2a3afc0d075080 - - default default] Successfully bumped revision number for resource 6dde6e3d-f962-4a72-8c17-43f4613c7f02 (type: security_group_rules) to 0
2026-05-12 12:40:34.696 8 INFO neutron.db.ovn_revision_numbers_db [None req-d87b5bb7-184a-443a-bc67-e2700668f559 e8da1d1f7b5b4719b6da46c74784d71d 27e4d7e76a7d4f6bae2a3afc0d075080 - - default default] Successfully bumped revision number for resource e94ba77b-176b-488c-a265-d854be0f5913 (type: security_group_rules) to 0 [pid: 8|app: 0|req: 1005/1876] 10.0.0.76 () {32 vars in 772 bytes} [Tue May 12 12:40:34 2026] GET /v2.0/security-groups?tenant_id=2b482db5962a453f82aa54a2741f8f30&name=default => generated 2925 bytes in 189 msecs (HTTP/1.1 200) 4 headers in 158 bytes (1 switches on core 0)
2026-05-12 12:40:34.848 7 INFO neutron_taas.services.taas.taas_plugin [None req-5f9f8348-3414-4daa-a211-5cf26183dd76 e8da1d1f7b5b4719b6da46c74784d71d 27e4d7e76a7d4f6bae2a3afc0d075080 - - default default] TaaS: Handle Delete Port: d12072dc-2d3f-40c7-83f2-dc36b7d928cf
2026-05-12 12:40:34.851 7 INFO neutron_taas.services.taas.tap_mirror_plugin [None req-5f9f8348-3414-4daa-a211-5cf26183dd76 e8da1d1f7b5b4719b6da46c74784d71d 27e4d7e76a7d4f6bae2a3afc0d075080 - - default default] Tap Mirror: Handle Delete Port: d12072dc-2d3f-40c7-83f2-dc36b7d928cf [pid: 8|app: 0|req: 1006/1877] 10.0.0.76 () {32 vars in 738 bytes} [Tue May 12 12:40:34 2026] DELETE /v2.0/security-groups/a267ea29-4129-44a0-97ac-b98ca6b2257e => generated 0 bytes in 156 msecs (HTTP/1.1 204) 2 headers in 112 bytes (1 switches on core 0) [pid: 7|app: 0|req: 872/1878] 10.0.0.76 () {32 vars in 722 bytes} [Tue May 12 12:40:34 2026] DELETE /v2.0/routers/e99c3d25-3a8f-4b23-a246-701fad46014e => generated 0 bytes in 657 msecs (HTTP/1.1 204) 2 headers in 112 bytes (1 switches on core 0)
2026-05-12 12:40:35.227 7 WARNING neutron.db.securitygroups_db [None req-0533af6c-fd20-42de-af45-cce38878e4c4 e8da1d1f7b5b4719b6da46c74784d71d 27e4d7e76a7d4f6bae2a3afc0d075080 - - default default] project_id key not found in filters, using tenant_id instead. This support has been deprecated and will be removed in a future release.
2026-05-12 12:40:35.330 8 INFO neutron.db.ovn_revision_numbers_db [None req-aca15fc5-58f4-4bee-bc9e-b32e14aaea6d 422767827e604b3b9e50ce8630037436 199e71187e9a49de9eb5e2503e719602 - - default default] Successfully bumped revision number for resource f95d840a-c100-48a0-9275-6f0841b0737a (type: security_groups) to 1
2026-05-12 12:40:35.343 8 INFO neutron.db.ovn_revision_numbers_db [None req-aca15fc5-58f4-4bee-bc9e-b32e14aaea6d 422767827e604b3b9e50ce8630037436 199e71187e9a49de9eb5e2503e719602 - - default default] Successfully bumped revision number for resource 04fdfbb4-d796-44eb-a4e3-1382d2cac495 (type: security_group_rules) to 0
2026-05-12 12:40:35.364 8 INFO neutron.db.ovn_revision_numbers_db [None req-aca15fc5-58f4-4bee-bc9e-b32e14aaea6d 422767827e604b3b9e50ce8630037436 199e71187e9a49de9eb5e2503e719602 - - default default] Successfully bumped revision number for resource 5197a811-a8b9-478c-90ea-c5556adbf376 (type: security_group_rules) to 0
2026-05-12 12:40:35.378 8 INFO neutron.db.ovn_revision_numbers_db [None req-aca15fc5-58f4-4bee-bc9e-b32e14aaea6d 422767827e604b3b9e50ce8630037436 199e71187e9a49de9eb5e2503e719602 - - default default] Successfully bumped revision number for resource aabad9e0-d341-4f61-9739-4e4a0d5421e0 (type: security_group_rules) to 0
2026-05-12 12:40:35.385 7 INFO neutron.db.ovn_revision_numbers_db [None req-0533af6c-fd20-42de-af45-cce38878e4c4 e8da1d1f7b5b4719b6da46c74784d71d 27e4d7e76a7d4f6bae2a3afc0d075080 - - default default] Successfully bumped revision number for resource c3f5262e-5e24-42f4-a55d-fb784bb01ca5 (type: security_groups) to 1
2026-05-12 12:40:35.388 8 INFO neutron.db.ovn_revision_numbers_db [None req-aca15fc5-58f4-4bee-bc9e-b32e14aaea6d 422767827e604b3b9e50ce8630037436 199e71187e9a49de9eb5e2503e719602 - - default default] Successfully bumped revision number for resource f63a6f44-8d45-4614-83c0-4641f709e491 (type: security_group_rules) to 0
2026-05-12 12:40:35.396 7 INFO neutron.db.ovn_revision_numbers_db [None req-0533af6c-fd20-42de-af45-cce38878e4c4 e8da1d1f7b5b4719b6da46c74784d71d 27e4d7e76a7d4f6bae2a3afc0d075080 - - default default] Successfully bumped revision number for resource 062e3720-3508-4c03-a7c8-e1e2ba983d3e (type: security_group_rules) to 0
2026-05-12 12:40:35.410 7 INFO neutron.db.ovn_revision_numbers_db [None req-0533af6c-fd20-42de-af45-cce38878e4c4 e8da1d1f7b5b4719b6da46c74784d71d 27e4d7e76a7d4f6bae2a3afc0d075080 - - default default] Successfully bumped revision number for resource 39707b19-3924-4843-88a3-32aa133c6417 (type: security_group_rules) to 0
2026-05-12 12:40:35.423 7 INFO neutron.db.ovn_revision_numbers_db [None req-0533af6c-fd20-42de-af45-cce38878e4c4 e8da1d1f7b5b4719b6da46c74784d71d 27e4d7e76a7d4f6bae2a3afc0d075080 - - default default] Successfully bumped revision number for resource 65c79775-5cdb-46f3-8b98-071b572cfdae (type: security_group_rules) to 0
2026-05-12 12:40:35.435 7 INFO neutron.db.ovn_revision_numbers_db [None req-0533af6c-fd20-42de-af45-cce38878e4c4 e8da1d1f7b5b4719b6da46c74784d71d 27e4d7e76a7d4f6bae2a3afc0d075080 - - default default] Successfully bumped revision number for resource f982d5b4-9573-4efc-b20e-d83eafbc907e (type: security_group_rules) to 0 [pid: 7|app: 0|req: 873/1879] 10.0.0.76 () {32 vars in 772 bytes} [Tue May 12 12:40:35 2026] GET /v2.0/security-groups?tenant_id=4ff0cb8f4a4e48a9b35ae795438824b0&name=default => generated 2925 bytes in 256 msecs (HTTP/1.1 200) 4 headers in 158 bytes (1 switches on core 0)
2026-05-12 12:40:35.505 8 INFO neutron.db.ovn_revision_numbers_db [None req-aca15fc5-58f4-4bee-bc9e-b32e14aaea6d 422767827e604b3b9e50ce8630037436 199e71187e9a49de9eb5e2503e719602 - - default default] Successfully bumped revision number for resource b1831065-6c95-4262-a928-94a730b0b867 (type: security_groups) to 1
2026-05-12 12:40:35.518 8 INFO neutron.db.ovn_revision_numbers_db [None req-aca15fc5-58f4-4bee-bc9e-b32e14aaea6d 422767827e604b3b9e50ce8630037436 199e71187e9a49de9eb5e2503e719602 - - default default] Successfully bumped revision number for resource 1f5b1efc-b217-45f3-8ffa-d96f79c37ed2 (type: security_group_rules) to 0
2026-05-12 12:40:35.529 8 INFO neutron.db.ovn_revision_numbers_db [None req-aca15fc5-58f4-4bee-bc9e-b32e14aaea6d 422767827e604b3b9e50ce8630037436 199e71187e9a49de9eb5e2503e719602 - - default default] Successfully bumped revision number for resource abfb1a1f-c366-423a-9411-31ec68dd9554 (type: security_group_rules) to 0 [pid: 8|app: 0|req: 1007/1880] 10.0.0.76 () {34 vars in 682 bytes} [Tue May 12 12:40:34 2026] POST /v2.0/security-groups => generated 1601 bytes in 674 msecs (HTTP/1.1 201) 4 headers in 163 bytes (1 switches on core 0) [pid: 7|app: 0|req: 874/1881] 10.0.0.76 () {34 vars in 675 bytes} [Tue May 12 12:40:35 2026] POST /v2.0/subnetpools => generated 549 bytes in 156 msecs (HTTP/1.1 201) 4 headers in 162 bytes (1 switches on core 0) [pid: 8|app: 0|req: 1008/1882] 10.0.0.76 () {32 vars in 722 bytes} [Tue May 12 12:40:35 2026] DELETE /v2.0/subnets/e94a09ae-d02e-4e4b-8121-8a17931c4cec => generated 0 bytes in 155 msecs (HTTP/1.1 204) 3 headers in 131 bytes (1 switches on core 0) [pid: 7|app: 0|req: 875/1883] 10.0.0.76 () {32 vars in 738 bytes} [Tue May 12 12:40:35 2026] DELETE /v2.0/security-groups/c3f5262e-5e24-42f4-a55d-fb784bb01ca5 => generated 0 bytes in 170 msecs (HTTP/1.1 204) 2 headers in 112 bytes (1 switches on core 0)
2026-05-12 12:40:35.835 8 INFO neutron.db.ovn_revision_numbers_db [None req-b454d1fb-cfa3-4b34-abc8-d61c9559e2a2 422767827e604b3b9e50ce8630037436 199e71187e9a49de9eb5e2503e719602 - - default default] Successfully bumped revision number for resource 6804cb14-7be0-4d73-8d2f-e665078b29c1 (type: security_groups) to 1 [pid: 7|app: 0|req: 876/1884] 10.0.0.76 () {32 vars in 727 bytes} [Tue May 12 12:40:35 2026] GET /v2.0/subnetpools/fc5417b4-c312-41cc-8181-2df25c4d18e1 => generated 549 bytes in 31 msecs (HTTP/1.1 200) 4 headers in 157 bytes (1 switches on core 0)
2026-05-12 12:40:35.845 8 INFO neutron.db.ovn_revision_numbers_db [None req-b454d1fb-cfa3-4b34-abc8-d61c9559e2a2 422767827e604b3b9e50ce8630037436 199e71187e9a49de9eb5e2503e719602 - - default default] Successfully bumped revision number for resource 705aede5-781f-4e91-bb9b-792dd26e2c61 (type: security_group_rules) to 0
2026-05-12 12:40:35.857 8 INFO neutron.db.ovn_revision_numbers_db [None req-b454d1fb-cfa3-4b34-abc8-d61c9559e2a2 422767827e604b3b9e50ce8630037436 199e71187e9a49de9eb5e2503e719602 - - default default] Successfully bumped revision number for resource f6b0a1d0-d62d-46fb-9c62-9c948c4422b8 (type: security_group_rules) to 0 [pid: 8|app: 0|req: 1009/1885] 10.0.0.76 () {34 vars in 682 bytes} [Tue May 12 12:40:35 2026] POST /v2.0/security-groups => generated 1601 bytes in 187 msecs (HTTP/1.1 201) 4 headers in 163 bytes (1 switches on core 0)
2026-05-12 12:40:35.954 7 INFO neutron_taas.services.taas.taas_plugin [None req-0d977ca4-90b3-4d4e-acd9-cd6448f57300 e8da1d1f7b5b4719b6da46c74784d71d 27e4d7e76a7d4f6bae2a3afc0d075080 - - default default] TaaS: Handle Delete Port: 7837fd50-32ce-4a88-9275-ccb982db8a8f
2026-05-12 12:40:35.957 7 INFO neutron_taas.services.taas.tap_mirror_plugin [None req-0d977ca4-90b3-4d4e-acd9-cd6448f57300 e8da1d1f7b5b4719b6da46c74784d71d 27e4d7e76a7d4f6bae2a3afc0d075080 - - default default] Tap Mirror: Handle Delete Port: 7837fd50-32ce-4a88-9275-ccb982db8a8f [pid: 8|app: 0|req: 1010/1886] 10.0.0.76 () {34 vars in 747 bytes} [Tue May 12 12:40:35 2026] PUT /v2.0/subnetpools/fc5417b4-c312-41cc-8181-2df25c4d18e1 => generated 500 bytes in 62 msecs (HTTP/1.1 200) 4 headers in 157 bytes (1 switches on core 0)
2026-05-12 12:40:36.079 8 INFO neutron.db.ovn_revision_numbers_db [None req-af242567-ca7d-44b0-9c07-4107e244adf6 422767827e604b3b9e50ce8630037436 199e71187e9a49de9eb5e2503e719602 - - default default] Successfully bumped revision number for resource ed510642-d14f-4c22-8e22-273c09bd72d6 (type: security_groups) to 1
2026-05-12 12:40:36.089 8 INFO neutron.db.ovn_revision_numbers_db [None req-af242567-ca7d-44b0-9c07-4107e244adf6 422767827e604b3b9e50ce8630037436 199e71187e9a49de9eb5e2503e719602 - - default default] Successfully bumped revision number for resource d4403056-c6ba-4b7c-a667-5e5073d760cb (type: security_group_rules) to 0
2026-05-12 12:40:36.099 8 INFO neutron.db.ovn_revision_numbers_db [None req-af242567-ca7d-44b0-9c07-4107e244adf6 422767827e604b3b9e50ce8630037436 199e71187e9a49de9eb5e2503e719602 - - default default] Successfully bumped revision number for resource d5a14b6b-ac8a-4397-926e-6498e9e139d3 (type: security_group_rules) to 0 [pid: 8|app: 0|req: 1011/1887] 10.0.0.76 () {34 vars in 682 bytes} [Tue May 12 12:40:35 2026] POST /v2.0/security-groups => generated 1601 bytes in 161 msecs (HTTP/1.1 201) 4 headers in 163 bytes (1 switches on core 0)
2026-05-12 12:40:36.165 7 INFO neutron.services.segments.plugin [-] Segment b38d5a3b-b177-4883-bb85-3f7dc088a0c4 resource provider aggregate not found [pid: 8|app: 0|req: 1012/1888] 10.0.0.76 () {32 vars in 730 bytes} [Tue May 12 12:40:36 2026] DELETE /v2.0/subnetpools/fc5417b4-c312-41cc-8181-2df25c4d18e1 => generated 0 bytes in 38 msecs (HTTP/1.1 204) 2 headers in 112 bytes (1 switches on core 0)
2026-05-12 12:40:36.169 7 INFO neutron.services.segments.plugin [-] Segment b38d5a3b-b177-4883-bb85-3f7dc088a0c4 resource provider aggregate not found
2026-05-12 12:40:36.184 7 INFO neutron.services.segments.plugin [-] Segment b38d5a3b-b177-4883-bb85-3f7dc088a0c4 resource provider not found; error: Placement Client Error (4xx): {"errors": [{"status": 404, "title": "Not Found", "detail": "The resource could not be found.\n\n No resource provider with uuid b38d5a3b-b177-4883-bb85-3f7dc088a0c4 found for delete ", "request_id": "req-dd8a80be-3725-4492-897e-dd45ab824dea"}]}
2026-05-12 12:40:36.188 7 INFO neutron.services.segments.plugin [-] Segment b38d5a3b-b177-4883-bb85-3f7dc088a0c4 resource provider not found; error: Placement Client Error (4xx): {"errors": [{"status": 404, "title": "Not Found", "detail": "The resource could not be found.\n\n No resource provider with uuid b38d5a3b-b177-4883-bb85-3f7dc088a0c4 found for delete ", "request_id": "req-a5fc1c52-73aa-4b5a-9478-264d78e6be0b"}]} [pid: 7|app: 0|req: 877/1889] 10.0.0.76 () {32 vars in 724 bytes} [Tue May 12 12:40:35 2026] DELETE /v2.0/networks/864b7a54-a6b0-4764-ada4-5c6fa8a635db => generated 0 bytes in 386 msecs (HTTP/1.1 204) 3 headers in 131 bytes (1 switches on core 0)
2026-05-12 12:40:36.231 7 INFO neutron.api.v2.resource [None req-25440517-f6a6-4a8e-ab06-c5ad6ed8f50f 53afbe27883c40c7a17ac01b182a0f8d ea33c4c1429f4380b246871f3847c6f0 - - default default] show failed (client error): The resource could not be found. [pid: 7|app: 0|req: 878/1890] 10.0.0.76 () {32 vars in 727 bytes} [Tue May 12 12:40:36 2026] GET /v2.0/subnetpools/fc5417b4-c312-41cc-8181-2df25c4d18e1 => generated 145 bytes in 8 msecs (HTTP/1.1 404) 4 headers in 164 bytes (1 switches on core 0)
2026-05-12 12:40:36.249 7 INFO neutron.api.v2.resource [None req-79a57a6f-a5ea-46f0-bf55-5254e70fcd8b 53afbe27883c40c7a17ac01b182a0f8d ea33c4c1429f4380b246871f3847c6f0 - - default default] delete failed (client error): The resource could not be found. [pid: 7|app: 0|req: 879/1891] 10.0.0.76 () {32 vars in 730 bytes} [Tue May 12 12:40:36 2026] DELETE /v2.0/subnetpools/fc5417b4-c312-41cc-8181-2df25c4d18e1 => generated 145 bytes in 12 msecs (HTTP/1.1 404) 4 headers in 164 bytes (1 switches on core 0)
2026-05-12 12:40:36.290 8 INFO neutron.db.ovn_revision_numbers_db [None req-5a215ddd-7acd-441f-8385-2bf3672c8d21 422767827e604b3b9e50ce8630037436 199e71187e9a49de9eb5e2503e719602 - - default default] Successfully bumped revision number for resource a783f180-ac5e-4aa1-b627-397a97276399 (type: security_groups) to 1
2026-05-12 12:40:36.303 8 INFO neutron.db.ovn_revision_numbers_db [None req-5a215ddd-7acd-441f-8385-2bf3672c8d21 422767827e604b3b9e50ce8630037436 199e71187e9a49de9eb5e2503e719602 - - default default] Successfully bumped revision number for resource 3ed3a6c6-cd71-4d76-afad-c16c0cf46ef9 (type: security_group_rules) to 0
2026-05-12 12:40:36.311 8 INFO neutron.db.ovn_revision_numbers_db [None req-5a215ddd-7acd-441f-8385-2bf3672c8d21 422767827e604b3b9e50ce8630037436 199e71187e9a49de9eb5e2503e719602 - - default default] Successfully bumped revision number for resource 79224533-34d4-4610-a2e6-9ce09338ff1a (type: security_group_rules) to 0 [pid: 8|app: 0|req: 1013/1892] 10.0.0.76 () {34 vars in 682 bytes} [Tue May 12 12:40:36 2026] POST /v2.0/security-groups => generated 1601 bytes in 177 msecs (HTTP/1.1 201) 4 headers in 163 bytes (1 switches on core 0)
2026-05-12 12:40:36.368 8 WARNING neutron.db.securitygroups_db [None req-d2818057-ee5c-40fd-8206-b167e2dd045a e8da1d1f7b5b4719b6da46c74784d71d 27e4d7e76a7d4f6bae2a3afc0d075080 - - default default] project_id key not found in filters, using tenant_id instead. This support has been deprecated and will be removed in a future release. [pid: 8|app: 0|req: 1014/1893] 10.0.0.76 () {32 vars in 772 bytes} [Tue May 12 12:40:36 2026] GET /v2.0/security-groups?tenant_id=aca069aa6c47480d828dddd901ef47d7&name=default => generated 2925 bytes in 27 msecs (HTTP/1.1 200) 4 headers in 158 bytes (1 switches on core 0)
2026-05-12 12:40:36.495 7 INFO neutron.db.ovn_revision_numbers_db [None req-19a9b45b-0eef-4525-91b4-607e1fc9e2f4 422767827e604b3b9e50ce8630037436 199e71187e9a49de9eb5e2503e719602 - - default default] Successfully bumped revision number for resource 5dd8531f-6f72-445d-9159-abb34f670907 (type: security_groups) to 1
2026-05-12 12:40:36.510 7 INFO neutron.db.ovn_revision_numbers_db [None req-19a9b45b-0eef-4525-91b4-607e1fc9e2f4 422767827e604b3b9e50ce8630037436 199e71187e9a49de9eb5e2503e719602 - - default default] Successfully bumped revision number for resource 1d665f8e-e4d9-4f1e-9ca4-acd9d387dfaf (type: security_group_rules) to 0
2026-05-12 12:40:36.520 7 INFO neutron.db.ovn_revision_numbers_db [None req-19a9b45b-0eef-4525-91b4-607e1fc9e2f4 422767827e604b3b9e50ce8630037436 199e71187e9a49de9eb5e2503e719602 - - default default] Successfully bumped revision number for resource 50ced189-b295-4242-830a-84e0f1ac4f68 (type: security_group_rules) to 0 [pid: 8|app: 0|req: 1015/1894] 10.0.0.76 () {32 vars in 738 bytes} [Tue May 12 12:40:36 2026] DELETE /v2.0/security-groups/35e1eb23-9b07-42db-8b55-2069bb4568d4 => generated 0 bytes in 162 msecs (HTTP/1.1 204) 2 headers in 112 bytes (1 switches on core 0) [pid: 7|app: 0|req: 880/1895] 10.0.0.76 () {34 vars in 682 bytes} [Tue May 12 12:40:36 2026] POST /v2.0/security-groups => generated 1601 bytes in 210 msecs (HTTP/1.1 201) 4 headers in 163 bytes (1 switches on core 0)
2026-05-12 12:40:36.586 8 WARNING tagging [None req-d424463f-6a9c-42bb-a776-a316206609d2 422767827e604b3b9e50ce8630037436 199e71187e9a49de9eb5e2503e719602 - - default default] project_id key not found in request, using tenant_id instead. This support has been deprecated and will be removed in a future release. [pid: 8|app: 0|req: 1016/1896] 10.0.0.76 () {34 vars in 765 bytes} [Tue May 12 12:40:36 2026] PUT /v2.0/security-groups/b1831065-6c95-4262-a928-94a730b0b867/tags => generated 17 bytes in 51 msecs (HTTP/1.1 200) 4 headers in 156 bytes (1 switches on core 0)
2026-05-12 12:40:36.659 7 WARNING tagging [None req-accf60a4-19ff-4076-88b8-82185351e8d4 422767827e604b3b9e50ce8630037436 199e71187e9a49de9eb5e2503e719602 - - default default] project_id key not found in request, using tenant_id instead. This support has been deprecated and will be removed in a future release. [pid: 7|app: 0|req: 881/1897] 10.0.0.76 () {34 vars in 765 bytes} [Tue May 12 12:40:36 2026] PUT /v2.0/security-groups/6804cb14-7be0-4d73-8d2f-e665078b29c1/tags => generated 25 bytes in 65 msecs (HTTP/1.1 200) 4 headers in 156 bytes (1 switches on core 0)
2026-05-12 12:40:36.719 8 WARNING tagging [None req-6e1d5cbb-9a93-4cdb-9df7-8f35f507ac6c 422767827e604b3b9e50ce8630037436 199e71187e9a49de9eb5e2503e719602 - - default default] project_id key not found in request, using tenant_id instead. This support has been deprecated and will be removed in a future release. [pid: 8|app: 0|req: 1017/1898] 10.0.0.76 () {34 vars in 765 bytes} [Tue May 12 12:40:36 2026] PUT /v2.0/security-groups/ed510642-d14f-4c22-8e22-273c09bd72d6/tags => generated 34 bytes in 43 msecs (HTTP/1.1 200) 4 headers in 156 bytes (1 switches on core 0)
2026-05-12 12:40:36.762 8 WARNING tagging [None req-7288a66b-3576-43c3-b331-a9db06ad5e7e 422767827e604b3b9e50ce8630037436 199e71187e9a49de9eb5e2503e719602 - - default default] project_id key not found in request, using tenant_id instead. This support has been deprecated and will be removed in a future release. [pid: 8|app: 0|req: 1018/1899] 10.0.0.76 () {34 vars in 765 bytes} [Tue May 12 12:40:36 2026] PUT /v2.0/security-groups/a783f180-ac5e-4aa1-b627-397a97276399/tags => generated 19 bytes in 39 msecs (HTTP/1.1 200) 4 headers in 156 bytes (1 switches on core 0) [pid: 8|app: 0|req: 1019/1900] 10.0.0.76 () {32 vars in 678 bytes} [Tue May 12 12:40:36 2026] GET /v2.0/security-groups?tags=red => generated 4804 bytes in 43 msecs (HTTP/1.1 200) 4 headers in 158 bytes (1 switches on core 0)
2026-05-12 12:40:36.843 7 WARNING neutron.db.securitygroups_db [None req-29648944-53ff-4cf2-9340-8bc93638b72d e8da1d1f7b5b4719b6da46c74784d71d 27e4d7e76a7d4f6bae2a3afc0d075080 - - default default] project_id key not found in filters, using tenant_id instead. This support has been deprecated and will be removed in a future release. [pid: 8|app: 0|req: 1020/1901] 10.0.0.76 () {32 vars in 692 bytes} [Tue May 12 12:40:36 2026] GET /v2.0/security-groups?tags=red%2Cblue => generated 3218 bytes in 40 msecs (HTTP/1.1 200) 4 headers in 158 bytes (1 switches on core 0) [pid: 8|app: 0|req: 1021/1902] 10.0.0.76 () {32 vars in 688 bytes} [Tue May 12 12:40:36 2026] GET /v2.0/security-groups?tags-any=blue => generated 3218 bytes in 34 msecs (HTTP/1.1 200) 4 headers in 158 bytes (1 switches on core 0) [pid: 8|app: 0|req: 1022/1903] 10.0.0.76 () {32 vars in 700 bytes} [Tue May 12 12:40:36 2026] GET /v2.0/security-groups?tags-any=red%2Cblue => generated 4804 bytes in 39 msecs (HTTP/1.1 200) 4 headers in 158 bytes (1 switches on core 0)
2026-05-12 12:40:36.966 7 INFO neutron.db.ovn_revision_numbers_db [None req-29648944-53ff-4cf2-9340-8bc93638b72d e8da1d1f7b5b4719b6da46c74784d71d 27e4d7e76a7d4f6bae2a3afc0d075080 - - default default] Successfully bumped revision number for resource 8ce52e26-5658-4af9-9377-5974bfd76951 (type: security_groups) to 1
2026-05-12 12:40:36.984 7 INFO neutron.db.ovn_revision_numbers_db [None req-29648944-53ff-4cf2-9340-8bc93638b72d e8da1d1f7b5b4719b6da46c74784d71d 27e4d7e76a7d4f6bae2a3afc0d075080 - - default default] Successfully bumped revision number for resource 3920faac-34ef-4afc-9e8f-e4478ab25647 (type: security_group_rules) to 0
2026-05-12 12:40:36.998 7 INFO neutron.db.ovn_revision_numbers_db [None req-29648944-53ff-4cf2-9340-8bc93638b72d e8da1d1f7b5b4719b6da46c74784d71d 27e4d7e76a7d4f6bae2a3afc0d075080 - - default default] Successfully bumped revision number for resource 69b8c01c-adf8-4a44-81e1-e26728ad2516 (type: security_group_rules) to 0
2026-05-12 12:40:37.011 7 INFO neutron.db.ovn_revision_numbers_db [None req-29648944-53ff-4cf2-9340-8bc93638b72d e8da1d1f7b5b4719b6da46c74784d71d 27e4d7e76a7d4f6bae2a3afc0d075080 - - default default] Successfully bumped revision number for resource befb76cd-256a-4b45-a4d8-a0378bd1b6c2 (type: security_group_rules) to 0 [pid: 8|app: 0|req: 1023/1904] 10.0.0.76 () {32 vars in 686 bytes} [Tue May 12 12:40:36 2026] GET /v2.0/security-groups?not-tags=red => generated 6094 bytes in 56 msecs (HTTP/1.1 200) 4 headers in 158 bytes (1 switches on core 0)
