2026-05-12 12:36:31.005 8 INFO placement.requestlog [None req-270f2ff4-b2a5-41b1-a2c2-d90093debe9f - - - - - -] 10.0.0.226 "GET /" status: 200 len: 136 microversion: 1.0
2026-05-12 12:36:41.011 8 INFO placement.requestlog [None req-0a3f5774-28b1-4c8d-9450-9c98eb45fc46 - - - - - -] 10.0.0.226 "GET /" status: 200 len: 136 microversion: 1.0
2026-05-12 12:36:41.011 7 INFO placement.requestlog [None req-0c2d34f0-e8a3-4149-97b5-48374dd4b891 - - - - - -] 10.0.0.226 "GET /" status: 200 len: 136 microversion: 1.0
2026-05-12 12:36:51.005 7 INFO placement.requestlog [None req-a006b166-a3c0-4cae-a070-2a2e6ea30944 - - - - - -] 10.0.0.226 "GET /" status: 200 len: 136 microversion: 1.0
2026-05-12 12:36:51.005 8 INFO placement.requestlog [None req-7aa6fe50-8768-4ae8-9ceb-a45203c53f60 - - - - - -] 10.0.0.226 "GET /" status: 200 len: 136 microversion: 1.0
2026-05-12 12:37:01.005 7 INFO placement.requestlog [None req-04744398-8c7f-4d97-9933-a4de9db66f72 - - - - - -] 10.0.0.226 "GET /" status: 200 len: 136 microversion: 1.0
2026-05-12 12:37:01.005 8 INFO placement.requestlog [None req-c80ba1bd-8dbe-488f-bebc-d852cef43990 - - - - - -] 10.0.0.226 "GET /" status: 200 len: 136 microversion: 1.0
2026-05-12 12:37:11.004 8 INFO placement.requestlog [None req-a3225f22-ee74-465f-bcc6-8812b97848d9 - - - - - -] 10.0.0.226 "GET /" status: 200 len: 136 microversion: 1.0
2026-05-12 12:37:11.004 7 INFO placement.requestlog [None req-1eed1b35-9f6b-4557-afd0-6a522b197164 - - - - - -] 10.0.0.226 "GET /" status: 200 len: 136 microversion: 1.0
2026-05-12 12:37:17.398 8 INFO placement.requestlog [req-791b8cb1-c124-49d3-a0b3-bdba9c4919c4 req-ed2bd787-de31-4046-939d-1138f8f319e3 789d52f8ad704c25a41e6e1839476fac 5f2544f74b814b70967f0b07ed421687 - - a750bd9e57f540bbb2a512ade8c30e4e a750bd9e57f540bbb2a512ade8c30e4e] 199.19.213.17 "GET /resource_providers/c9df73ab-a4cf-483d-ad62-98b0393c5dff/allocations" status: 200 len: 54 microversion: 1.0 [pid: 8|app: 0|req: 299/595] 199.19.213.17 () {32 vars in 856 bytes} [Tue May 12 12:37:17 2026] GET /resource_providers/c9df73ab-a4cf-483d-ad62-98b0393c5dff/allocations => generated 54 bytes in 17 msecs (HTTP/1.1 200) 6 headers in 223 bytes (1 switches on core 0)
2026-05-12 12:37:17.424 7 INFO placement.requestlog [req-791b8cb1-c124-49d3-a0b3-bdba9c4919c4 req-fd4bbd0e-10d5-4ab4-bd3f-39f0ff5f39ff 789d52f8ad704c25a41e6e1839476fac 5f2544f74b814b70967f0b07ed421687 - - a750bd9e57f540bbb2a512ade8c30e4e a750bd9e57f540bbb2a512ade8c30e4e] 199.19.213.17 "GET /resource_providers?in_tree=c9df73ab-a4cf-483d-ad62-98b0393c5dff" status: 200 len: 797 microversion: 1.14 [pid: 7|app: 0|req: 297/596] 199.19.213.17 () {34 vars in 891 bytes} [Tue May 12 12:37:17 2026] GET /resource_providers?in_tree=c9df73ab-a4cf-483d-ad62-98b0393c5dff => generated 797 bytes in 17 msecs (HTTP/1.1 200) 6 headers in 225 bytes (1 switches on core 0)
2026-05-12 12:37:17.445 8 INFO placement.requestlog [req-791b8cb1-c124-49d3-a0b3-bdba9c4919c4 req-70f736a1-8763-4767-a3d6-d5b25878ac4b 789d52f8ad704c25a41e6e1839476fac 5f2544f74b814b70967f0b07ed421687 - - a750bd9e57f540bbb2a512ade8c30e4e a750bd9e57f540bbb2a512ade8c30e4e] 199.19.213.17 "GET /resource_providers/c9df73ab-a4cf-483d-ad62-98b0393c5dff/inventories" status: 200 len: 400 microversion: 1.0 [pid: 8|app: 0|req: 300/597] 199.19.213.17 () {32 vars in 856 bytes} [Tue May 12 12:37:17 2026] GET /resource_providers/c9df73ab-a4cf-483d-ad62-98b0393c5dff/inventories => generated 400 bytes in 14 msecs (HTTP/1.1 200) 6 headers in 224 bytes (1 switches on core 0)
2026-05-12 12:37:17.461 7 INFO placement.requestlog [req-791b8cb1-c124-49d3-a0b3-bdba9c4919c4 req-6e989355-e246-41f3-a079-b7b96a6604c8 789d52f8ad704c25a41e6e1839476fac 5f2544f74b814b70967f0b07ed421687 - - a750bd9e57f540bbb2a512ade8c30e4e a750bd9e57f540bbb2a512ade8c30e4e] 199.19.213.17 "GET /resource_providers/c9df73ab-a4cf-483d-ad62-98b0393c5dff/aggregates" status: 200 len: 53 microversion: 1.19 [pid: 7|app: 0|req: 298/598] 199.19.213.17 () {34 vars in 898 bytes} [Tue May 12 12:37:17 2026] GET /resource_providers/c9df73ab-a4cf-483d-ad62-98b0393c5dff/aggregates => generated 53 bytes in 10 msecs (HTTP/1.1 200) 8 headers in 295 bytes (1 switches on core 0)
2026-05-12 12:37:17.483 8 INFO placement.requestlog [req-791b8cb1-c124-49d3-a0b3-bdba9c4919c4 req-5ae6e80e-9d8e-45ef-9433-faab8fc8b89a 789d52f8ad704c25a41e6e1839476fac 5f2544f74b814b70967f0b07ed421687 - - a750bd9e57f540bbb2a512ade8c30e4e a750bd9e57f540bbb2a512ade8c30e4e] 199.19.213.17 "GET /resource_providers/c9df73ab-a4cf-483d-ad62-98b0393c5dff/traits" status: 200 len: 2316 microversion: 1.6 [pid: 8|app: 0|req: 301/599] 199.19.213.17 () {34 vars in 889 bytes} [Tue May 12 12:37:17 2026] GET /resource_providers/c9df73ab-a4cf-483d-ad62-98b0393c5dff/traits => generated 2316 bytes in 16 msecs (HTTP/1.1 200) 6 headers in 225 bytes (1 switches on core 0)
2026-05-12 12:37:17.501 7 INFO placement.requestlog [req-791b8cb1-c124-49d3-a0b3-bdba9c4919c4 req-8ac2da41-3cff-4b1c-9ece-0f76fc50b6ee 789d52f8ad704c25a41e6e1839476fac 5f2544f74b814b70967f0b07ed421687 - - a750bd9e57f540bbb2a512ade8c30e4e a750bd9e57f540bbb2a512ade8c30e4e] 199.19.213.17 "GET /resource_providers/c9df73ab-a4cf-483d-ad62-98b0393c5dff/allocations" status: 200 len: 54 microversion: 1.0 [pid: 7|app: 0|req: 299/600] 199.19.213.17 () {32 vars in 856 bytes} [Tue May 12 12:37:17 2026] GET /resource_providers/c9df73ab-a4cf-483d-ad62-98b0393c5dff/allocations => generated 54 bytes in 12 msecs (HTTP/1.1 200) 6 headers in 223 bytes (1 switches on core 0)
2026-05-12 12:37:21.005 7 INFO placement.requestlog [None req-ee41b6a6-194e-4ff0-beb3-b7b3d13c9b7b - - - - - -] 10.0.0.226 "GET /" status: 200 len: 136 microversion: 1.0
2026-05-12 12:37:21.005 8 INFO placement.requestlog [None req-8f707e97-9690-45dd-abef-3457d5a1aefa - - - - - -] 10.0.0.226 "GET /" status: 200 len: 136 microversion: 1.0
2026-05-12 12:37:31.005 8 INFO placement.requestlog [None req-b678f4b3-3cc8-40c1-992a-5898366a5d50 - - - - - -] 10.0.0.226 "GET /" status: 200 len: 136 microversion: 1.0
2026-05-12 12:37:31.005 7 INFO placement.requestlog [None req-5df1cc71-0196-48aa-bdea-c8daf959e9c3 - - - - - -] 10.0.0.226 "GET /" status: 200 len: 136 microversion: 1.0
2026-05-12 12:37:41.005 8 INFO placement.requestlog [None req-0a261d2f-b375-427c-a885-000ef6ccfc50 - - - - - -] 10.0.0.226 "GET /" status: 200 len: 136 microversion: 1.0
2026-05-12 12:37:41.006 7 INFO placement.requestlog [None req-c8d4f381-9b13-4a93-8415-8f37208f168f - - - - - -] 10.0.0.226 "GET /" status: 200 len: 136 microversion: 1.0
2026-05-12 12:37:51.004 7 INFO placement.requestlog [None req-9ba35adb-10ea-4fc9-81f3-4eddbb10fde5 - - - - - -] 10.0.0.226 "GET /" status: 200 len: 136 microversion: 1.0
2026-05-12 12:37:51.004 8 INFO placement.requestlog [None req-b8e53ab7-5e66-4c41-9403-0098eb5923e7 - - - - - -] 10.0.0.226 "GET /" status: 200 len: 136 microversion: 1.0
2026-05-12 12:37:56.782 7 INFO placement.requestlog [req-a40272bb-4cf4-40de-b2e0-78e92fe4820e req-4982e782-9bb4-44d0-abbd-948b8d77cefb 789d52f8ad704c25a41e6e1839476fac 5f2544f74b814b70967f0b07ed421687 - - a750bd9e57f540bbb2a512ade8c30e4e a750bd9e57f540bbb2a512ade8c30e4e] 10.0.0.174 "GET /allocation_candidates?limit=1000&resources=DISK_GB%3A1%2CMEMORY_MB%3A512%2CVCPU%3A1&root_required=%21COMPUTE_STATUS_DISABLED" status: 200 len: 2781 microversion: 1.36 [pid: 7|app: 0|req: 304/609] 10.0.0.174 () {34 vars in 1012 bytes} [Tue May 12 12:37:56 2026] GET /allocation_candidates?limit=1000&resources=DISK_GB%3A1%2CMEMORY_MB%3A512%2CVCPU%3A1&root_required=%21COMPUTE_STATUS_DISABLED => generated 2781 bytes in 139 msecs (HTTP/1.1 200) 8 headers in 297 bytes (1 switches on core 0)
2026-05-12 12:37:56.816 8 INFO placement.requestlog [req-a40272bb-4cf4-40de-b2e0-78e92fe4820e req-f6f837c1-cf9d-486c-a5f7-102467a2d025 789d52f8ad704c25a41e6e1839476fac 5f2544f74b814b70967f0b07ed421687 - - a750bd9e57f540bbb2a512ade8c30e4e a750bd9e57f540bbb2a512ade8c30e4e] 10.0.0.174 "GET /allocations/6bb27fee-900c-402f-84af-4b0b0f8f6005" status: 200 len: 19 microversion: 1.28 [pid: 8|app: 0|req: 306/610] 10.0.0.174 () {34 vars in 861 bytes} [Tue May 12 12:37:56 2026] GET /allocations/6bb27fee-900c-402f-84af-4b0b0f8f6005 => generated 19 bytes in 10 msecs (HTTP/1.1 200) 8 headers in 295 bytes (1 switches on core 0)
2026-05-12 12:37:56.883 7 INFO placement.requestlog [req-a40272bb-4cf4-40de-b2e0-78e92fe4820e req-f5182ed6-492e-4f8e-92eb-e252e8733207 789d52f8ad704c25a41e6e1839476fac 5f2544f74b814b70967f0b07ed421687 - - a750bd9e57f540bbb2a512ade8c30e4e a750bd9e57f540bbb2a512ade8c30e4e] 10.0.0.174 "PUT /allocations/6bb27fee-900c-402f-84af-4b0b0f8f6005" status: 204 len: 0 microversion: 1.36 [pid: 7|app: 0|req: 305/611] 10.0.0.174 () {38 vars in 914 bytes} [Tue May 12 12:37:56 2026] PUT /allocations/6bb27fee-900c-402f-84af-4b0b0f8f6005 => generated 0 bytes in 61 msecs (HTTP/1.1 204) 5 headers in 199 bytes (1 switches on core 0)
2026-05-12 12:37:58.428 8 INFO placement.requestlog [req-a40272bb-4cf4-40de-b2e0-78e92fe4820e req-39e85c0f-5362-4cbb-aef6-1bd7b2998d85 789d52f8ad704c25a41e6e1839476fac 5f2544f74b814b70967f0b07ed421687 - - a750bd9e57f540bbb2a512ade8c30e4e a750bd9e57f540bbb2a512ade8c30e4e] 199.19.213.17 "GET /allocations/6bb27fee-900c-402f-84af-4b0b0f8f6005" status: 200 len: 257 microversion: 1.28 [pid: 8|app: 0|req: 307/612] 199.19.213.17 () {34 vars in 862 bytes} [Tue May 12 12:37:58 2026] GET /allocations/6bb27fee-900c-402f-84af-4b0b0f8f6005 => generated 257 bytes in 13 msecs (HTTP/1.1 200) 8 headers in 296 bytes (1 switches on core 0)
2026-05-12 12:37:59.463 7 INFO placement.requestlog [req-a40272bb-4cf4-40de-b2e0-78e92fe4820e req-509f8693-d215-440a-98ed-134c1200b688 789d52f8ad704c25a41e6e1839476fac 5f2544f74b814b70967f0b07ed421687 - - a750bd9e57f540bbb2a512ade8c30e4e a750bd9e57f540bbb2a512ade8c30e4e] 199.19.213.17 "GET /resource_providers/c9df73ab-a4cf-483d-ad62-98b0393c5dff/allocations" status: 200 len: 152 microversion: 1.0 [pid: 7|app: 0|req: 306/613] 199.19.213.17 () {32 vars in 856 bytes} [Tue May 12 12:37:59 2026] GET /resource_providers/c9df73ab-a4cf-483d-ad62-98b0393c5dff/allocations => generated 152 bytes in 14 msecs (HTTP/1.1 200) 6 headers in 224 bytes (1 switches on core 0)
2026-05-12 12:37:59.483 8 INFO placement.requestlog [req-a40272bb-4cf4-40de-b2e0-78e92fe4820e req-fb279d09-cb41-46fa-8c86-ebdba9cb7fbf 789d52f8ad704c25a41e6e1839476fac 5f2544f74b814b70967f0b07ed421687 - - a750bd9e57f540bbb2a512ade8c30e4e a750bd9e57f540bbb2a512ade8c30e4e] 199.19.213.17 "GET /allocations/6bb27fee-900c-402f-84af-4b0b0f8f6005" status: 200 len: 257 microversion: 1.28 [pid: 8|app: 0|req: 308/614] 199.19.213.17 () {34 vars in 862 bytes} [Tue May 12 12:37:59 2026] GET /allocations/6bb27fee-900c-402f-84af-4b0b0f8f6005 => generated 257 bytes in 13 msecs (HTTP/1.1 200) 8 headers in 296 bytes (1 switches on core 0)
2026-05-12 12:38:00.203 7 INFO placement.requestlog [None req-8962defd-7c9b-4d4b-b80c-444a9158c271 f1b28b3ba66c436ba50aadb3f9847a84 5f2544f74b814b70967f0b07ed421687 - - a750bd9e57f540bbb2a512ade8c30e4e a750bd9e57f540bbb2a512ade8c30e4e] 10.0.0.17 "GET /resource_providers/3703f9c2-b7eb-40bc-8efc-b8945cfd9d0c/aggregates" status: 404 len: 235 microversion: 1.1 [pid: 7|app: 0|req: 307/615] 10.0.0.17 () {32 vars in 815 bytes} [Tue May 12 12:37:59 2026] GET /resource_providers/3703f9c2-b7eb-40bc-8efc-b8945cfd9d0c/aggregates => generated 235 bytes in 223 msecs (HTTP/1.1 404) 5 headers in 202 bytes (1 switches on core 0)
2026-05-12 12:38:00.211 8 INFO placement.requestlog [None req-41d6b551-1e8c-41ea-90ef-deaf5666a44b f1b28b3ba66c436ba50aadb3f9847a84 5f2544f74b814b70967f0b07ed421687 - - a750bd9e57f540bbb2a512ade8c30e4e a750bd9e57f540bbb2a512ade8c30e4e] 10.0.0.17 "GET /resource_providers/57afd90b-27df-4406-9f17-4ac8eb7507d4/aggregates" status: 404 len: 235 microversion: 1.1 [pid: 8|app: 0|req: 309/616] 10.0.0.17 () {32 vars in 815 bytes} [Tue May 12 12:37:59 2026] GET /resource_providers/57afd90b-27df-4406-9f17-4ac8eb7507d4/aggregates => generated 235 bytes in 221 msecs (HTTP/1.1 404) 5 headers in 202 bytes (1 switches on core 0)
2026-05-12 12:38:00.359 7 INFO placement.requestlog [None req-489f2b14-cf27-4ea1-b108-337c970fe9dc f1b28b3ba66c436ba50aadb3f9847a84 5f2544f74b814b70967f0b07ed421687 - - a750bd9e57f540bbb2a512ade8c30e4e a750bd9e57f540bbb2a512ade8c30e4e] 10.0.0.17 "GET /resource_providers/3703f9c2-b7eb-40bc-8efc-b8945cfd9d0c/aggregates" status: 404 len: 235 microversion: 1.1 [pid: 7|app: 0|req: 308/617] 10.0.0.17 () {32 vars in 815 bytes} [Tue May 12 12:38:00 2026] GET /resource_providers/3703f9c2-b7eb-40bc-8efc-b8945cfd9d0c/aggregates => generated 235 bytes in 156 msecs (HTTP/1.1 404) 5 headers in 202 bytes (1 switches on core 0)
2026-05-12 12:38:00.365 8 INFO placement.requestlog [None req-f96c4af5-d470-4fe7-b242-b1b91566eca0 f1b28b3ba66c436ba50aadb3f9847a84 5f2544f74b814b70967f0b07ed421687 - - a750bd9e57f540bbb2a512ade8c30e4e a750bd9e57f540bbb2a512ade8c30e4e] 10.0.0.17 "GET /resource_providers/57afd90b-27df-4406-9f17-4ac8eb7507d4/aggregates" status: 404 len: 235 microversion: 1.1 [pid: 8|app: 0|req: 310/618] 10.0.0.17 () {32 vars in 815 bytes} [Tue May 12 12:38:00 2026] GET /resource_providers/57afd90b-27df-4406-9f17-4ac8eb7507d4/aggregates => generated 235 bytes in 154 msecs (HTTP/1.1 404) 5 headers in 202 bytes (1 switches on core 0)
2026-05-12 12:38:00.368 7 INFO placement.requestlog [None req-6faab457-0790-48da-945f-72ec3478c2cd f1b28b3ba66c436ba50aadb3f9847a84 5f2544f74b814b70967f0b07ed421687 - - a750bd9e57f540bbb2a512ade8c30e4e a750bd9e57f540bbb2a512ade8c30e4e] 10.0.0.17 "DELETE /resource_providers/3703f9c2-b7eb-40bc-8efc-b8945cfd9d0c" status: 404 len: 246 microversion: 1.1 [pid: 7|app: 0|req: 309/619] 10.0.0.17 () {34 vars in 815 bytes} [Tue May 12 12:38:00 2026] DELETE /resource_providers/3703f9c2-b7eb-40bc-8efc-b8945cfd9d0c => generated 246 bytes in 9 msecs (HTTP/1.1 404) 6 headers in 231 bytes (1 switches on core 0)
2026-05-12 12:38:00.371 8 INFO placement.requestlog [None req-a0777715-3ded-44ee-a19e-095271645809 f1b28b3ba66c436ba50aadb3f9847a84 5f2544f74b814b70967f0b07ed421687 - - a750bd9e57f540bbb2a512ade8c30e4e a750bd9e57f540bbb2a512ade8c30e4e] 10.0.0.17 "DELETE /resource_providers/57afd90b-27df-4406-9f17-4ac8eb7507d4" status: 404 len: 246 microversion: 1.1 [pid: 8|app: 0|req: 311/620] 10.0.0.17 () {34 vars in 815 bytes} [Tue May 12 12:38:00 2026] DELETE /resource_providers/57afd90b-27df-4406-9f17-4ac8eb7507d4 => generated 246 bytes in 6 msecs (HTTP/1.1 404) 6 headers in 231 bytes (1 switches on core 0)
2026-05-12 12:38:00.378 7 INFO placement.requestlog [None req-4ca337e8-8e09-4c6f-9779-81bfaf6a5355 f1b28b3ba66c436ba50aadb3f9847a84 5f2544f74b814b70967f0b07ed421687 - - a750bd9e57f540bbb2a512ade8c30e4e a750bd9e57f540bbb2a512ade8c30e4e] 10.0.0.17 "DELETE /resource_providers/3703f9c2-b7eb-40bc-8efc-b8945cfd9d0c" status: 404 len: 246 microversion: 1.1 [pid: 7|app: 0|req: 310/621] 10.0.0.17 () {34 vars in 815 bytes} [Tue May 12 12:38:00 2026] DELETE /resource_providers/3703f9c2-b7eb-40bc-8efc-b8945cfd9d0c => generated 246 bytes in 5 msecs (HTTP/1.1 404) 6 headers in 231 bytes (1 switches on core 0)
2026-05-12 12:38:00.382 8 INFO placement.requestlog [None req-296543c4-0fef-4dd4-becb-f0ca96884570 f1b28b3ba66c436ba50aadb3f9847a84 5f2544f74b814b70967f0b07ed421687 - - a750bd9e57f540bbb2a512ade8c30e4e a750bd9e57f540bbb2a512ade8c30e4e] 10.0.0.17 "DELETE /resource_providers/57afd90b-27df-4406-9f17-4ac8eb7507d4" status: 404 len: 246 microversion: 1.1 [pid: 8|app: 0|req: 312/622] 10.0.0.17 () {34 vars in 815 bytes} [Tue May 12 12:38:00 2026] DELETE /resource_providers/57afd90b-27df-4406-9f17-4ac8eb7507d4 => generated 246 bytes in 6 msecs (HTTP/1.1 404) 6 headers in 231 bytes (1 switches on core 0)
2026-05-12 12:38:01.005 7 INFO placement.requestlog [None req-7d0ab98d-1930-4cb7-95f2-673b949de12c - - - - - -] 10.0.0.226 "GET /" status: 200 len: 136 microversion: 1.0
2026-05-12 12:38:01.005 8 INFO placement.requestlog [None req-42a8dc61-a48f-4c13-9c8e-5cec858a4bf3 - - - - - -] 10.0.0.226 "GET /" status: 200 len: 136 microversion: 1.0
2026-05-12 12:38:11.004 7 INFO placement.requestlog [None req-9421b0ba-db29-4241-9cdd-d6f1670bd51b - - - - - -] 10.0.0.226 "GET /" status: 200 len: 136 microversion: 1.0
2026-05-12 12:38:11.004 8 INFO placement.requestlog [None req-01c940c0-ea60-47d5-b30e-336c8ecafc54 - - - - - -] 10.0.0.226 "GET /" status: 200 len: 136 microversion: 1.0
2026-05-12 12:38:13.387 7 INFO placement.requestlog [req-41b4c5a5-98b4-481b-86fe-38eeaf2684ef req-12635dae-d989-4951-8dcc-409d107fb495 789d52f8ad704c25a41e6e1839476fac 5f2544f74b814b70967f0b07ed421687 - - a750bd9e57f540bbb2a512ade8c30e4e a750bd9e57f540bbb2a512ade8c30e4e] 10.0.0.174 "GET /allocation_candidates?limit=1000&resources=DISK_GB%3A1%2CMEMORY_MB%3A512%2CVCPU%3A1&root_required=%21COMPUTE_STATUS_DISABLED" status: 200 len: 2783 microversion: 1.36 [pid: 7|app: 0|req: 313/627] 10.0.0.174 () {34 vars in 1012 bytes} [Tue May 12 12:38:13 2026] GET /allocation_candidates?limit=1000&resources=DISK_GB%3A1%2CMEMORY_MB%3A512%2CVCPU%3A1&root_required=%21COMPUTE_STATUS_DISABLED => generated 2783 bytes in 38 msecs (HTTP/1.1 200) 8 headers in 297 bytes (1 switches on core 0)
2026-05-12 12:38:13.423 8 INFO placement.requestlog [req-41b4c5a5-98b4-481b-86fe-38eeaf2684ef req-ba126b88-e4ff-4355-810d-951022531990 789d52f8ad704c25a41e6e1839476fac 5f2544f74b814b70967f0b07ed421687 - - a750bd9e57f540bbb2a512ade8c30e4e a750bd9e57f540bbb2a512ade8c30e4e] 10.0.0.174 "GET /allocations/da06e289-a9a2-496e-82d4-a5674d54d400" status: 200 len: 19 microversion: 1.28 [pid: 8|app: 0|req: 315/628] 10.0.0.174 () {34 vars in 861 bytes} [Tue May 12 12:38:13 2026] GET /allocations/da06e289-a9a2-496e-82d4-a5674d54d400 => generated 19 bytes in 10 msecs (HTTP/1.1 200) 8 headers in 295 bytes (1 switches on core 0)
2026-05-12 12:38:13.488 7 INFO placement.requestlog [req-41b4c5a5-98b4-481b-86fe-38eeaf2684ef req-2d50bfb5-b5d1-454a-8045-b655e6922a6f 789d52f8ad704c25a41e6e1839476fac 5f2544f74b814b70967f0b07ed421687 - - a750bd9e57f540bbb2a512ade8c30e4e a750bd9e57f540bbb2a512ade8c30e4e] 10.0.0.174 "PUT /allocations/da06e289-a9a2-496e-82d4-a5674d54d400" status: 204 len: 0 microversion: 1.36 [pid: 7|app: 0|req: 314/629] 10.0.0.174 () {38 vars in 914 bytes} [Tue May 12 12:38:13 2026] PUT /allocations/da06e289-a9a2-496e-82d4-a5674d54d400 => generated 0 bytes in 62 msecs (HTTP/1.1 204) 5 headers in 199 bytes (1 switches on core 0)
2026-05-12 12:38:14.075 8 INFO placement.requestlog [req-85777925-1c89-49a2-9c70-18424f04f393 req-500092b2-a8c8-4164-9bb9-9c2b97ec843b 789d52f8ad704c25a41e6e1839476fac 5f2544f74b814b70967f0b07ed421687 - - a750bd9e57f540bbb2a512ade8c30e4e a750bd9e57f540bbb2a512ade8c30e4e] 10.0.0.174 "GET /allocation_candidates?limit=1000&resources=DISK_GB%3A1%2CMEMORY_MB%3A512%2CVCPU%3A1&root_required=%21COMPUTE_STATUS_DISABLED" status: 200 len: 2784 microversion: 1.36 [pid: 8|app: 0|req: 316/630] 10.0.0.174 () {34 vars in 1012 bytes} [Tue May 12 12:38:14 2026] GET /allocation_candidates?limit=1000&resources=DISK_GB%3A1%2CMEMORY_MB%3A512%2CVCPU%3A1&root_required=%21COMPUTE_STATUS_DISABLED => generated 2784 bytes in 44 msecs (HTTP/1.1 200) 8 headers in 297 bytes (1 switches on core 0)
2026-05-12 12:38:14.107 7 INFO placement.requestlog [req-85777925-1c89-49a2-9c70-18424f04f393 req-3f5eed16-2b21-4b15-a221-6d258aee04eb 789d52f8ad704c25a41e6e1839476fac 5f2544f74b814b70967f0b07ed421687 - - a750bd9e57f540bbb2a512ade8c30e4e a750bd9e57f540bbb2a512ade8c30e4e] 10.0.0.174 "GET /allocations/13470537-fc0a-4f05-a08d-54660bfdb626" status: 200 len: 19 microversion: 1.28 [pid: 7|app: 0|req: 315/631] 10.0.0.174 () {34 vars in 861 bytes} [Tue May 12 12:38:14 2026] GET /allocations/13470537-fc0a-4f05-a08d-54660bfdb626 => generated 19 bytes in 13 msecs (HTTP/1.1 200) 8 headers in 295 bytes (1 switches on core 0)
2026-05-12 12:38:14.197 8 INFO placement.requestlog [req-85777925-1c89-49a2-9c70-18424f04f393 req-448b7ca5-47cc-4c26-8b89-f58ebb22f29e 789d52f8ad704c25a41e6e1839476fac 5f2544f74b814b70967f0b07ed421687 - - a750bd9e57f540bbb2a512ade8c30e4e a750bd9e57f540bbb2a512ade8c30e4e] 10.0.0.174 "PUT /allocations/13470537-fc0a-4f05-a08d-54660bfdb626" status: 204 len: 0 microversion: 1.36 [pid: 8|app: 0|req: 317/632] 10.0.0.174 () {38 vars in 914 bytes} [Tue May 12 12:38:14 2026] PUT /allocations/13470537-fc0a-4f05-a08d-54660bfdb626 => generated 0 bytes in 85 msecs (HTTP/1.1 204) 5 headers in 199 bytes (1 switches on core 0)
2026-05-12 12:38:15.214 7 INFO placement.requestlog [req-41b4c5a5-98b4-481b-86fe-38eeaf2684ef req-7ac6fed0-c7aa-46a8-a03a-312e5bec9277 789d52f8ad704c25a41e6e1839476fac 5f2544f74b814b70967f0b07ed421687 - - a750bd9e57f540bbb2a512ade8c30e4e a750bd9e57f540bbb2a512ade8c30e4e] 199.19.213.17 "GET /allocations/da06e289-a9a2-496e-82d4-a5674d54d400" status: 200 len: 257 microversion: 1.28 [pid: 7|app: 0|req: 316/633] 199.19.213.17 () {34 vars in 862 bytes} [Tue May 12 12:38:15 2026] GET /allocations/da06e289-a9a2-496e-82d4-a5674d54d400 => generated 257 bytes in 11 msecs (HTTP/1.1 200) 8 headers in 296 bytes (1 switches on core 0)
2026-05-12 12:38:15.744 8 INFO placement.requestlog [req-85777925-1c89-49a2-9c70-18424f04f393 req-4efcc0cb-cd74-4140-afcf-5829e90a0b26 789d52f8ad704c25a41e6e1839476fac 5f2544f74b814b70967f0b07ed421687 - - a750bd9e57f540bbb2a512ade8c30e4e a750bd9e57f540bbb2a512ade8c30e4e] 199.19.213.17 "GET /allocations/13470537-fc0a-4f05-a08d-54660bfdb626" status: 200 len: 257 microversion: 1.28 [pid: 8|app: 0|req: 318/634] 199.19.213.17 () {34 vars in 862 bytes} [Tue May 12 12:38:15 2026] GET /allocations/13470537-fc0a-4f05-a08d-54660bfdb626 => generated 257 bytes in 17 msecs (HTTP/1.1 200) 8 headers in 296 bytes (1 switches on core 0)
2026-05-12 12:38:16.267 7 INFO placement.requestlog [req-41b4c5a5-98b4-481b-86fe-38eeaf2684ef req-93c04f43-ed81-40d2-8bec-516ffa4852c8 789d52f8ad704c25a41e6e1839476fac 5f2544f74b814b70967f0b07ed421687 - - a750bd9e57f540bbb2a512ade8c30e4e a750bd9e57f540bbb2a512ade8c30e4e] 199.19.213.17 "GET /resource_providers/c9df73ab-a4cf-483d-ad62-98b0393c5dff/allocations" status: 200 len: 352 microversion: 1.0 [pid: 7|app: 0|req: 317/635] 199.19.213.17 () {32 vars in 856 bytes} [Tue May 12 12:38:16 2026] GET /resource_providers/c9df73ab-a4cf-483d-ad62-98b0393c5dff/allocations => generated 352 bytes in 23 msecs (HTTP/1.1 200) 6 headers in 224 bytes (1 switches on core 0)
2026-05-12 12:38:16.295 8 INFO placement.requestlog [req-41b4c5a5-98b4-481b-86fe-38eeaf2684ef req-c7164b9c-9f56-4e54-8e73-1821dc02d479 789d52f8ad704c25a41e6e1839476fac 5f2544f74b814b70967f0b07ed421687 - - a750bd9e57f540bbb2a512ade8c30e4e a750bd9e57f540bbb2a512ade8c30e4e] 199.19.213.17 "GET /allocations/6bb27fee-900c-402f-84af-4b0b0f8f6005" status: 200 len: 257 microversion: 1.28 [pid: 8|app: 0|req: 319/636] 199.19.213.17 () {34 vars in 862 bytes} [Tue May 12 12:38:16 2026] GET /allocations/6bb27fee-900c-402f-84af-4b0b0f8f6005 => generated 257 bytes in 21 msecs (HTTP/1.1 200) 8 headers in 296 bytes (1 switches on core 0)
2026-05-12 12:38:16.316 7 INFO placement.requestlog [req-41b4c5a5-98b4-481b-86fe-38eeaf2684ef req-378fa85d-833b-4d25-bb01-2c7122ace06f 789d52f8ad704c25a41e6e1839476fac 5f2544f74b814b70967f0b07ed421687 - - a750bd9e57f540bbb2a512ade8c30e4e a750bd9e57f540bbb2a512ade8c30e4e] 199.19.213.17 "GET /allocations/13470537-fc0a-4f05-a08d-54660bfdb626" status: 200 len: 257 microversion: 1.28 [pid: 7|app: 0|req: 318/637] 199.19.213.17 () {34 vars in 862 bytes} [Tue May 12 12:38:16 2026] GET /allocations/13470537-fc0a-4f05-a08d-54660bfdb626 => generated 257 bytes in 12 msecs (HTTP/1.1 200) 8 headers in 296 bytes (1 switches on core 0)
2026-05-12 12:38:16.341 8 INFO placement.requestlog [req-41b4c5a5-98b4-481b-86fe-38eeaf2684ef req-3c44bd7c-736e-4bec-a02c-e54246a0e1c5 789d52f8ad704c25a41e6e1839476fac 5f2544f74b814b70967f0b07ed421687 - - a750bd9e57f540bbb2a512ade8c30e4e a750bd9e57f540bbb2a512ade8c30e4e] 199.19.213.17 "GET /allocations/da06e289-a9a2-496e-82d4-a5674d54d400" status: 200 len: 257 microversion: 1.28 [pid: 8|app: 0|req: 320/638] 199.19.213.17 () {34 vars in 862 bytes} [Tue May 12 12:38:16 2026] GET /allocations/da06e289-a9a2-496e-82d4-a5674d54d400 => generated 257 bytes in 21 msecs (HTTP/1.1 200) 8 headers in 296 bytes (1 switches on core 0)
2026-05-12 12:38:18.408 7 INFO placement.requestlog [req-85777925-1c89-49a2-9c70-18424f04f393 req-0e0cdef5-19c0-403b-9eb0-91d2356776e6 789d52f8ad704c25a41e6e1839476fac 5f2544f74b814b70967f0b07ed421687 - - a750bd9e57f540bbb2a512ade8c30e4e a750bd9e57f540bbb2a512ade8c30e4e] 199.19.213.17 "GET /resource_providers/c9df73ab-a4cf-483d-ad62-98b0393c5dff/allocations" status: 200 len: 352 microversion: 1.0 [pid: 7|app: 0|req: 319/639] 199.19.213.17 () {32 vars in 856 bytes} [Tue May 12 12:38:18 2026] GET /resource_providers/c9df73ab-a4cf-483d-ad62-98b0393c5dff/allocations => generated 352 bytes in 17 msecs (HTTP/1.1 200) 6 headers in 224 bytes (1 switches on core 0)
2026-05-12 12:38:18.425 8 INFO placement.requestlog [req-85777925-1c89-49a2-9c70-18424f04f393 req-59be17c6-fcca-4d52-9be7-382340e50fcb 789d52f8ad704c25a41e6e1839476fac 5f2544f74b814b70967f0b07ed421687 - - a750bd9e57f540bbb2a512ade8c30e4e a750bd9e57f540bbb2a512ade8c30e4e] 199.19.213.17 "GET /allocations/6bb27fee-900c-402f-84af-4b0b0f8f6005" status: 200 len: 257 microversion: 1.28 [pid: 8|app: 0|req: 321/640] 199.19.213.17 () {34 vars in 862 bytes} [Tue May 12 12:38:18 2026] GET /allocations/6bb27fee-900c-402f-84af-4b0b0f8f6005 => generated 257 bytes in 12 msecs (HTTP/1.1 200) 8 headers in 296 bytes (1 switches on core 0)
2026-05-12 12:38:18.443 7 INFO placement.requestlog [req-85777925-1c89-49a2-9c70-18424f04f393 req-01977561-3140-4ba6-9ad4-80068f426b7f 789d52f8ad704c25a41e6e1839476fac 5f2544f74b814b70967f0b07ed421687 - - a750bd9e57f540bbb2a512ade8c30e4e a750bd9e57f540bbb2a512ade8c30e4e] 199.19.213.17 "GET /allocations/13470537-fc0a-4f05-a08d-54660bfdb626" status: 200 len: 257 microversion: 1.28 [pid: 7|app: 0|req: 320/641] 199.19.213.17 () {34 vars in 862 bytes} [Tue May 12 12:38:18 2026] GET /allocations/13470537-fc0a-4f05-a08d-54660bfdb626 => generated 257 bytes in 12 msecs (HTTP/1.1 200) 8 headers in 296 bytes (1 switches on core 0)
2026-05-12 12:38:18.459 8 INFO placement.requestlog [req-85777925-1c89-49a2-9c70-18424f04f393 req-d5fbf178-1575-4a03-a2db-e2d7b28693cd 789d52f8ad704c25a41e6e1839476fac 5f2544f74b814b70967f0b07ed421687 - - a750bd9e57f540bbb2a512ade8c30e4e a750bd9e57f540bbb2a512ade8c30e4e] 199.19.213.17 "GET /allocations/da06e289-a9a2-496e-82d4-a5674d54d400" status: 200 len: 257 microversion: 1.28 [pid: 8|app: 0|req: 322/642] 199.19.213.17 () {34 vars in 862 bytes} [Tue May 12 12:38:18 2026] GET /allocations/da06e289-a9a2-496e-82d4-a5674d54d400 => generated 257 bytes in 11 msecs (HTTP/1.1 200) 8 headers in 296 bytes (1 switches on core 0)
2026-05-12 12:38:19.130 8 INFO placement.requestlog [None req-7c1f6504-dacc-450a-a004-0934fddaadf8 f1b28b3ba66c436ba50aadb3f9847a84 5f2544f74b814b70967f0b07ed421687 - - a750bd9e57f540bbb2a512ade8c30e4e a750bd9e57f540bbb2a512ade8c30e4e] 10.0.0.17 "GET /resource_providers/11307db0-13cd-477e-aa89-e4ec295e6683/aggregates" status: 404 len: 235 microversion: 1.1 [pid: 8|app: 0|req: 323/643] 10.0.0.17 () {32 vars in 815 bytes} [Tue May 12 12:38:19 2026] GET /resource_providers/11307db0-13cd-477e-aa89-e4ec295e6683/aggregates => generated 235 bytes in 8 msecs (HTTP/1.1 404) 5 headers in 202 bytes (1 switches on core 0)
2026-05-12 12:38:19.135 7 INFO placement.requestlog [None req-8ccc4255-ef4a-4366-8692-bf17492aa9d6 f1b28b3ba66c436ba50aadb3f9847a84 5f2544f74b814b70967f0b07ed421687 - - a750bd9e57f540bbb2a512ade8c30e4e a750bd9e57f540bbb2a512ade8c30e4e] 10.0.0.17 "GET /resource_providers/11307db0-13cd-477e-aa89-e4ec295e6683/aggregates" status: 404 len: 235 microversion: 1.1 [pid: 7|app: 0|req: 321/644] 10.0.0.17 () {32 vars in 815 bytes} [Tue May 12 12:38:19 2026] GET /resource_providers/11307db0-13cd-477e-aa89-e4ec295e6683/aggregates => generated 235 bytes in 13 msecs (HTTP/1.1 404) 5 headers in 202 bytes (1 switches on core 0)
2026-05-12 12:38:19.151 8 INFO placement.requestlog [None req-87b3a5db-11f8-4dd9-8d79-b8c82101891b f1b28b3ba66c436ba50aadb3f9847a84 5f2544f74b814b70967f0b07ed421687 - - a750bd9e57f540bbb2a512ade8c30e4e a750bd9e57f540bbb2a512ade8c30e4e] 10.0.0.17 "DELETE /resource_providers/11307db0-13cd-477e-aa89-e4ec295e6683" status: 404 len: 246 microversion: 1.1 [pid: 8|app: 0|req: 324/645] 10.0.0.17 () {34 vars in 815 bytes} [Tue May 12 12:38:19 2026] DELETE /resource_providers/11307db0-13cd-477e-aa89-e4ec295e6683 => generated 246 bytes in 8 msecs (HTTP/1.1 404) 6 headers in 231 bytes (1 switches on core 0)
2026-05-12 12:38:19.157 7 INFO placement.requestlog [None req-4d367ca8-7e12-4c39-99d8-a58f29cbf198 f1b28b3ba66c436ba50aadb3f9847a84 5f2544f74b814b70967f0b07ed421687 - - a750bd9e57f540bbb2a512ade8c30e4e a750bd9e57f540bbb2a512ade8c30e4e] 10.0.0.17 "DELETE /resource_providers/11307db0-13cd-477e-aa89-e4ec295e6683" status: 404 len: 246 microversion: 1.1 [pid: 7|app: 0|req: 322/646] 10.0.0.17 () {34 vars in 815 bytes} [Tue May 12 12:38:19 2026] DELETE /resource_providers/11307db0-13cd-477e-aa89-e4ec295e6683 => generated 246 bytes in 8 msecs (HTTP/1.1 404) 6 headers in 231 bytes (1 switches on core 0)
2026-05-12 12:38:21.005 8 INFO placement.requestlog [None req-0fcaab6a-8081-4d49-8941-bf8e37286e9e - - - - - -] 10.0.0.226 "GET /" status: 200 len: 136 microversion: 1.0
2026-05-12 12:38:21.005 7 INFO placement.requestlog [None req-6a343d2c-03b1-48df-b149-53eda02ca8c8 - - - - - -] 10.0.0.226 "GET /" status: 200 len: 136 microversion: 1.0
2026-05-12 12:38:21.671 8 INFO placement.requestlog [req-8faf930d-9efb-481f-acc8-8f5b3eb891d3 req-ee047a08-c2fa-411e-aed1-9179f7c244eb 789d52f8ad704c25a41e6e1839476fac 5f2544f74b814b70967f0b07ed421687 - - a750bd9e57f540bbb2a512ade8c30e4e a750bd9e57f540bbb2a512ade8c30e4e] 199.19.213.17 "GET /resource_providers/c9df73ab-a4cf-483d-ad62-98b0393c5dff/allocations" status: 200 len: 352 microversion: 1.0 [pid: 8|app: 0|req: 326/649] 199.19.213.17 () {32 vars in 856 bytes} [Tue May 12 12:38:21 2026] GET /resource_providers/c9df73ab-a4cf-483d-ad62-98b0393c5dff/allocations => generated 352 bytes in 16 msecs (HTTP/1.1 200) 6 headers in 224 bytes (1 switches on core 0)
2026-05-12 12:38:21.691 7 INFO placement.requestlog [req-8faf930d-9efb-481f-acc8-8f5b3eb891d3 req-0ccc1a9a-eb23-422f-961e-ff242d881838 789d52f8ad704c25a41e6e1839476fac 5f2544f74b814b70967f0b07ed421687 - - a750bd9e57f540bbb2a512ade8c30e4e a750bd9e57f540bbb2a512ade8c30e4e] 199.19.213.17 "GET /resource_providers/c9df73ab-a4cf-483d-ad62-98b0393c5dff/allocations" status: 200 len: 352 microversion: 1.0 [pid: 7|app: 0|req: 324/650] 199.19.213.17 () {32 vars in 856 bytes} [Tue May 12 12:38:21 2026] GET /resource_providers/c9df73ab-a4cf-483d-ad62-98b0393c5dff/allocations => generated 352 bytes in 17 msecs (HTTP/1.1 200) 6 headers in 224 bytes (1 switches on core 0)
2026-05-12 12:38:21.708 8 INFO placement.requestlog [req-8faf930d-9efb-481f-acc8-8f5b3eb891d3 req-bbba3723-1d9f-4c30-9820-097adb794c88 789d52f8ad704c25a41e6e1839476fac 5f2544f74b814b70967f0b07ed421687 - - a750bd9e57f540bbb2a512ade8c30e4e a750bd9e57f540bbb2a512ade8c30e4e] 199.19.213.17 "GET /allocations/6bb27fee-900c-402f-84af-4b0b0f8f6005" status: 200 len: 257 microversion: 1.28 [pid: 8|app: 0|req: 327/651] 199.19.213.17 () {34 vars in 862 bytes} [Tue May 12 12:38:21 2026] GET /allocations/6bb27fee-900c-402f-84af-4b0b0f8f6005 => generated 257 bytes in 10 msecs (HTTP/1.1 200) 8 headers in 296 bytes (1 switches on core 0)
2026-05-12 12:38:21.720 7 INFO placement.requestlog [req-8faf930d-9efb-481f-acc8-8f5b3eb891d3 req-c8a2e7d7-cab7-4ac9-91c2-7f24f8be61df 789d52f8ad704c25a41e6e1839476fac 5f2544f74b814b70967f0b07ed421687 - - a750bd9e57f540bbb2a512ade8c30e4e a750bd9e57f540bbb2a512ade8c30e4e] 199.19.213.17 "GET /allocations/13470537-fc0a-4f05-a08d-54660bfdb626" status: 200 len: 257 microversion: 1.28 [pid: 7|app: 0|req: 325/652] 199.19.213.17 () {34 vars in 862 bytes} [Tue May 12 12:38:21 2026] GET /allocations/13470537-fc0a-4f05-a08d-54660bfdb626 => generated 257 bytes in 8 msecs (HTTP/1.1 200) 8 headers in 296 bytes (1 switches on core 0)
2026-05-12 12:38:21.739 8 INFO placement.requestlog [req-8faf930d-9efb-481f-acc8-8f5b3eb891d3 req-27eaf91e-ab66-4658-a7de-9a52fc12b10a 789d52f8ad704c25a41e6e1839476fac 5f2544f74b814b70967f0b07ed421687 - - a750bd9e57f540bbb2a512ade8c30e4e a750bd9e57f540bbb2a512ade8c30e4e] 199.19.213.17 "GET /allocations/da06e289-a9a2-496e-82d4-a5674d54d400" status: 200 len: 257 microversion: 1.28 [pid: 8|app: 0|req: 328/653] 199.19.213.17 () {34 vars in 862 bytes} [Tue May 12 12:38:21 2026] GET /allocations/da06e289-a9a2-496e-82d4-a5674d54d400 => generated 257 bytes in 10 msecs (HTTP/1.1 200) 8 headers in 296 bytes (1 switches on core 0)
2026-05-12 12:38:23.070 7 INFO placement.requestlog [None req-4e7cab07-b1c9-4cc7-8a65-c2c1f0659f3a f1b28b3ba66c436ba50aadb3f9847a84 5f2544f74b814b70967f0b07ed421687 - - a750bd9e57f540bbb2a512ade8c30e4e a750bd9e57f540bbb2a512ade8c30e4e] 10.0.0.17 "GET /resource_providers/77191283-8036-447d-834d-18685d5f8658/aggregates" status: 404 len: 235 microversion: 1.1 [pid: 7|app: 0|req: 326/654] 10.0.0.17 () {32 vars in 815 bytes} [Tue May 12 12:38:23 2026] GET /resource_providers/77191283-8036-447d-834d-18685d5f8658/aggregates => generated 235 bytes in 8 msecs (HTTP/1.1 404) 5 headers in 202 bytes (1 switches on core 0)
2026-05-12 12:38:23.072 8 INFO placement.requestlog [None req-6cfdcf12-6ee1-42a8-bf78-cabdd5885c76 f1b28b3ba66c436ba50aadb3f9847a84 5f2544f74b814b70967f0b07ed421687 - - a750bd9e57f540bbb2a512ade8c30e4e a750bd9e57f540bbb2a512ade8c30e4e] 10.0.0.17 "GET /resource_providers/77191283-8036-447d-834d-18685d5f8658/aggregates" status: 404 len: 235 microversion: 1.1 [pid: 8|app: 0|req: 329/655] 10.0.0.17 () {32 vars in 815 bytes} [Tue May 12 12:38:23 2026] GET /resource_providers/77191283-8036-447d-834d-18685d5f8658/aggregates => generated 235 bytes in 9 msecs (HTTP/1.1 404) 5 headers in 202 bytes (1 switches on core 0)
2026-05-12 12:38:23.093 7 INFO placement.requestlog [None req-047097a7-0c5d-47c4-ba8e-2605e561563f f1b28b3ba66c436ba50aadb3f9847a84 5f2544f74b814b70967f0b07ed421687 - - a750bd9e57f540bbb2a512ade8c30e4e a750bd9e57f540bbb2a512ade8c30e4e] 10.0.0.17 "DELETE /resource_providers/77191283-8036-447d-834d-18685d5f8658" status: 404 len: 246 microversion: 1.1 [pid: 7|app: 0|req: 327/656] 10.0.0.17 () {34 vars in 815 bytes} [Tue May 12 12:38:23 2026] DELETE /resource_providers/77191283-8036-447d-834d-18685d5f8658 => generated 246 bytes in 11 msecs (HTTP/1.1 404) 6 headers in 231 bytes (1 switches on core 0)
2026-05-12 12:38:23.100 8 INFO placement.requestlog [None req-519de39e-8d8a-4443-a61c-8aea511ff156 f1b28b3ba66c436ba50aadb3f9847a84 5f2544f74b814b70967f0b07ed421687 - - a750bd9e57f540bbb2a512ade8c30e4e a750bd9e57f540bbb2a512ade8c30e4e] 10.0.0.17 "DELETE /resource_providers/77191283-8036-447d-834d-18685d5f8658" status: 404 len: 246 microversion: 1.1 [pid: 8|app: 0|req: 330/657] 10.0.0.17 () {34 vars in 815 bytes} [Tue May 12 12:38:23 2026] DELETE /resource_providers/77191283-8036-447d-834d-18685d5f8658 => generated 246 bytes in 13 msecs (HTTP/1.1 404) 6 headers in 231 bytes (1 switches on core 0)
2026-05-12 12:38:23.501 8 INFO placement.requestlog [None req-80b9afd6-c08a-4cfb-ad5f-7aaa78618e2c f1b28b3ba66c436ba50aadb3f9847a84 5f2544f74b814b70967f0b07ed421687 - - a750bd9e57f540bbb2a512ade8c30e4e a750bd9e57f540bbb2a512ade8c30e4e] 10.0.0.17 "GET /resource_providers/290710d0-0ca9-4781-90e1-331bc9a2bff1/aggregates" status: 404 len: 235 microversion: 1.1 [pid: 8|app: 0|req: 331/658] 10.0.0.17 () {32 vars in 815 bytes} [Tue May 12 12:38:23 2026] GET /resource_providers/290710d0-0ca9-4781-90e1-331bc9a2bff1/aggregates => generated 235 bytes in 13 msecs (HTTP/1.1 404) 5 headers in 202 bytes (1 switches on core 0)
2026-05-12 12:38:23.502 7 INFO placement.requestlog [None req-fed91974-d2f5-4587-9822-9368aee47b15 f1b28b3ba66c436ba50aadb3f9847a84 5f2544f74b814b70967f0b07ed421687 - - a750bd9e57f540bbb2a512ade8c30e4e a750bd9e57f540bbb2a512ade8c30e4e] 10.0.0.17 "GET /resource_providers/290710d0-0ca9-4781-90e1-331bc9a2bff1/aggregates" status: 404 len: 235 microversion: 1.1 [pid: 7|app: 0|req: 328/659] 10.0.0.17 () {32 vars in 815 bytes} [Tue May 12 12:38:23 2026] GET /resource_providers/290710d0-0ca9-4781-90e1-331bc9a2bff1/aggregates => generated 235 bytes in 15 msecs (HTTP/1.1 404) 5 headers in 202 bytes (1 switches on core 0)
2026-05-12 12:38:23.523 7 INFO placement.requestlog [None req-7454f489-263f-4508-8625-1d4504f751a7 f1b28b3ba66c436ba50aadb3f9847a84 5f2544f74b814b70967f0b07ed421687 - - a750bd9e57f540bbb2a512ade8c30e4e a750bd9e57f540bbb2a512ade8c30e4e] 10.0.0.17 "DELETE /resource_providers/290710d0-0ca9-4781-90e1-331bc9a2bff1" status: 404 len: 246 microversion: 1.1 [pid: 7|app: 0|req: 329/660] 10.0.0.17 () {34 vars in 815 bytes} [Tue May 12 12:38:23 2026] DELETE /resource_providers/290710d0-0ca9-4781-90e1-331bc9a2bff1 => generated 246 bytes in 7 msecs (HTTP/1.1 404) 6 headers in 231 bytes (1 switches on core 0)
2026-05-12 12:38:23.538 8 INFO placement.requestlog [None req-d391c663-c1cb-4130-b702-33b600d44b0b f1b28b3ba66c436ba50aadb3f9847a84 5f2544f74b814b70967f0b07ed421687 - - a750bd9e57f540bbb2a512ade8c30e4e a750bd9e57f540bbb2a512ade8c30e4e] 10.0.0.17 "DELETE /resource_providers/290710d0-0ca9-4781-90e1-331bc9a2bff1" status: 404 len: 246 microversion: 1.1 [pid: 8|app: 0|req: 332/661] 10.0.0.17 () {34 vars in 815 bytes} [Tue May 12 12:38:23 2026] DELETE /resource_providers/290710d0-0ca9-4781-90e1-331bc9a2bff1 => generated 246 bytes in 26 msecs (HTTP/1.1 404) 6 headers in 231 bytes (1 switches on core 0)
2026-05-12 12:38:29.680 7 INFO placement.requestlog [req-8884dad3-91c1-483b-a363-e71ba950b68b req-4753bcc0-6f3e-4452-85b5-5e7b1eaa0e82 789d52f8ad704c25a41e6e1839476fac 5f2544f74b814b70967f0b07ed421687 - - a750bd9e57f540bbb2a512ade8c30e4e a750bd9e57f540bbb2a512ade8c30e4e] 199.19.213.17 "GET /resource_providers/c9df73ab-a4cf-483d-ad62-98b0393c5dff/allocations" status: 200 len: 352 microversion: 1.0 [pid: 7|app: 0|req: 330/662] 199.19.213.17 () {32 vars in 856 bytes} [Tue May 12 12:38:29 2026] GET /resource_providers/c9df73ab-a4cf-483d-ad62-98b0393c5dff/allocations => generated 352 bytes in 27 msecs (HTTP/1.1 200) 6 headers in 224 bytes (1 switches on core 0)
2026-05-12 12:38:29.715 8 INFO placement.requestlog [req-8884dad3-91c1-483b-a363-e71ba950b68b req-c6083fc1-e0ae-4cbe-ab52-aee2a63acc94 789d52f8ad704c25a41e6e1839476fac 5f2544f74b814b70967f0b07ed421687 - - a750bd9e57f540bbb2a512ade8c30e4e a750bd9e57f540bbb2a512ade8c30e4e] 199.19.213.17 "GET /allocations/6bb27fee-900c-402f-84af-4b0b0f8f6005" status: 200 len: 257 microversion: 1.28 [pid: 8|app: 0|req: 333/663] 199.19.213.17 () {34 vars in 862 bytes} [Tue May 12 12:38:29 2026] GET /allocations/6bb27fee-900c-402f-84af-4b0b0f8f6005 => generated 257 bytes in 11 msecs (HTTP/1.1 200) 8 headers in 296 bytes (1 switches on core 0)
2026-05-12 12:38:29.736 7 INFO placement.requestlog [req-8884dad3-91c1-483b-a363-e71ba950b68b req-0cd122e0-0d4e-42e7-affd-2348acba92a3 789d52f8ad704c25a41e6e1839476fac 5f2544f74b814b70967f0b07ed421687 - - a750bd9e57f540bbb2a512ade8c30e4e a750bd9e57f540bbb2a512ade8c30e4e] 199.19.213.17 "GET /allocations/13470537-fc0a-4f05-a08d-54660bfdb626" status: 200 len: 257 microversion: 1.28 [pid: 7|app: 0|req: 331/664] 199.19.213.17 () {34 vars in 862 bytes} [Tue May 12 12:38:29 2026] GET /allocations/13470537-fc0a-4f05-a08d-54660bfdb626 => generated 257 bytes in 15 msecs (HTTP/1.1 200) 8 headers in 296 bytes (1 switches on core 0)
2026-05-12 12:38:29.753 8 INFO placement.requestlog [req-8884dad3-91c1-483b-a363-e71ba950b68b req-b073be88-6821-4ac6-bfa5-ca58bed28a49 789d52f8ad704c25a41e6e1839476fac 5f2544f74b814b70967f0b07ed421687 - - a750bd9e57f540bbb2a512ade8c30e4e a750bd9e57f540bbb2a512ade8c30e4e] 199.19.213.17 "GET /allocations/da06e289-a9a2-496e-82d4-a5674d54d400" status: 200 len: 257 microversion: 1.28 [pid: 8|app: 0|req: 334/665] 199.19.213.17 () {34 vars in 862 bytes} [Tue May 12 12:38:29 2026] GET /allocations/da06e289-a9a2-496e-82d4-a5674d54d400 => generated 257 bytes in 12 msecs (HTTP/1.1 200) 8 headers in 296 bytes (1 switches on core 0)
2026-05-12 12:38:30.125 8 INFO placement.requestlog [None req-1926567f-4eb1-47fa-8548-4127fedf7e2b f1b28b3ba66c436ba50aadb3f9847a84 5f2544f74b814b70967f0b07ed421687 - - a750bd9e57f540bbb2a512ade8c30e4e a750bd9e57f540bbb2a512ade8c30e4e] 10.0.0.17 "GET /resource_providers/fc380268-7a4c-4645-9e87-84c5c41a0b19/aggregates" status: 404 len: 235 microversion: 1.1 [pid: 8|app: 0|req: 335/666] 10.0.0.17 () {32 vars in 815 bytes} [Tue May 12 12:38:30 2026] GET /resource_providers/fc380268-7a4c-4645-9e87-84c5c41a0b19/aggregates => generated 235 bytes in 8 msecs (HTTP/1.1 404) 5 headers in 202 bytes (1 switches on core 0)
2026-05-12 12:38:30.128 7 INFO placement.requestlog [None req-97ff49d4-c1f8-4752-8995-7a104b14afbe f1b28b3ba66c436ba50aadb3f9847a84 5f2544f74b814b70967f0b07ed421687 - - a750bd9e57f540bbb2a512ade8c30e4e a750bd9e57f540bbb2a512ade8c30e4e] 10.0.0.17 "GET /resource_providers/fc380268-7a4c-4645-9e87-84c5c41a0b19/aggregates" status: 404 len: 235 microversion: 1.1 [pid: 7|app: 0|req: 332/667] 10.0.0.17 () {32 vars in 815 bytes} [Tue May 12 12:38:30 2026] GET /resource_providers/fc380268-7a4c-4645-9e87-84c5c41a0b19/aggregates => generated 235 bytes in 14 msecs (HTTP/1.1 404) 5 headers in 202 bytes (1 switches on core 0)
2026-05-12 12:38:30.147 8 INFO placement.requestlog [None req-deec95a4-d3ed-4630-9eb0-8420d5d2fa03 f1b28b3ba66c436ba50aadb3f9847a84 5f2544f74b814b70967f0b07ed421687 - - a750bd9e57f540bbb2a512ade8c30e4e a750bd9e57f540bbb2a512ade8c30e4e] 10.0.0.17 "DELETE /resource_providers/fc380268-7a4c-4645-9e87-84c5c41a0b19" status: 404 len: 246 microversion: 1.1 [pid: 8|app: 0|req: 336/668] 10.0.0.17 () {34 vars in 815 bytes} [Tue May 12 12:38:30 2026] DELETE /resource_providers/fc380268-7a4c-4645-9e87-84c5c41a0b19 => generated 246 bytes in 7 msecs (HTTP/1.1 404) 6 headers in 231 bytes (1 switches on core 0)
2026-05-12 12:38:30.153 7 INFO placement.requestlog [None req-28b73ced-7771-49dd-b280-26133b0606a4 f1b28b3ba66c436ba50aadb3f9847a84 5f2544f74b814b70967f0b07ed421687 - - a750bd9e57f540bbb2a512ade8c30e4e a750bd9e57f540bbb2a512ade8c30e4e] 10.0.0.17 "DELETE /resource_providers/fc380268-7a4c-4645-9e87-84c5c41a0b19" status: 404 len: 246 microversion: 1.1 [pid: 7|app: 0|req: 333/669] 10.0.0.17 () {34 vars in 815 bytes} [Tue May 12 12:38:30 2026] DELETE /resource_providers/fc380268-7a4c-4645-9e87-84c5c41a0b19 => generated 246 bytes in 10 msecs (HTTP/1.1 404) 6 headers in 231 bytes (1 switches on core 0)
2026-05-12 12:38:30.476 8 INFO placement.requestlog [None req-feabf21b-3043-48c4-8e86-2616d5aa5306 f1b28b3ba66c436ba50aadb3f9847a84 5f2544f74b814b70967f0b07ed421687 - - a750bd9e57f540bbb2a512ade8c30e4e a750bd9e57f540bbb2a512ade8c30e4e] 10.0.0.17 "GET /resource_providers/b8ff6f7f-92a1-4e84-8eb0-665c492d5f26/aggregates" status: 404 len: 235 microversion: 1.1 [pid: 8|app: 0|req: 337/670] 10.0.0.17 () {32 vars in 815 bytes} [Tue May 12 12:38:30 2026] GET /resource_providers/b8ff6f7f-92a1-4e84-8eb0-665c492d5f26/aggregates => generated 235 bytes in 12 msecs (HTTP/1.1 404) 5 headers in 202 bytes (1 switches on core 0)
2026-05-12 12:38:30.477 7 INFO placement.requestlog [None req-6e22ab04-43e8-4244-996e-0bac67a065de f1b28b3ba66c436ba50aadb3f9847a84 5f2544f74b814b70967f0b07ed421687 - - a750bd9e57f540bbb2a512ade8c30e4e a750bd9e57f540bbb2a512ade8c30e4e] 10.0.0.17 "GET /resource_providers/b8ff6f7f-92a1-4e84-8eb0-665c492d5f26/aggregates" status: 404 len: 235 microversion: 1.1 [pid: 7|app: 0|req: 334/671] 10.0.0.17 () {32 vars in 815 bytes} [Tue May 12 12:38:30 2026] GET /resource_providers/b8ff6f7f-92a1-4e84-8eb0-665c492d5f26/aggregates => generated 235 bytes in 9 msecs (HTTP/1.1 404) 5 headers in 202 bytes (1 switches on core 0)
2026-05-12 12:38:30.503 7 INFO placement.requestlog [None req-f6e11578-c453-4acd-b570-cf6244ce1e6a f1b28b3ba66c436ba50aadb3f9847a84 5f2544f74b814b70967f0b07ed421687 - - a750bd9e57f540bbb2a512ade8c30e4e a750bd9e57f540bbb2a512ade8c30e4e] 10.0.0.17 "DELETE /resource_providers/b8ff6f7f-92a1-4e84-8eb0-665c492d5f26" status: 404 len: 246 microversion: 1.1 [pid: 7|app: 0|req: 335/672] 10.0.0.17 () {34 vars in 815 bytes} [Tue May 12 12:38:30 2026] DELETE /resource_providers/b8ff6f7f-92a1-4e84-8eb0-665c492d5f26 => generated 246 bytes in 9 msecs (HTTP/1.1 404) 6 headers in 231 bytes (1 switches on core 0)
2026-05-12 12:38:30.509 8 INFO placement.requestlog [None req-14868af2-3868-4fcf-b392-68dfd826c019 f1b28b3ba66c436ba50aadb3f9847a84 5f2544f74b814b70967f0b07ed421687 - - a750bd9e57f540bbb2a512ade8c30e4e a750bd9e57f540bbb2a512ade8c30e4e] 10.0.0.17 "DELETE /resource_providers/b8ff6f7f-92a1-4e84-8eb0-665c492d5f26" status: 404 len: 246 microversion: 1.1 [pid: 8|app: 0|req: 338/673] 10.0.0.17 () {34 vars in 815 bytes} [Tue May 12 12:38:30 2026] DELETE /resource_providers/b8ff6f7f-92a1-4e84-8eb0-665c492d5f26 => generated 246 bytes in 18 msecs (HTTP/1.1 404) 6 headers in 231 bytes (1 switches on core 0)
2026-05-12 12:38:30.821 7 INFO placement.requestlog [req-8884dad3-91c1-483b-a363-e71ba950b68b req-4a9f1755-16d5-42f2-878f-b7c3f9ce81bf 789d52f8ad704c25a41e6e1839476fac 5f2544f74b814b70967f0b07ed421687 - - a750bd9e57f540bbb2a512ade8c30e4e a750bd9e57f540bbb2a512ade8c30e4e] 199.19.213.17 "DELETE /allocations/6bb27fee-900c-402f-84af-4b0b0f8f6005" status: 204 len: 0 microversion: 1.0 [pid: 7|app: 0|req: 336/674] 199.19.213.17 () {34 vars in 840 bytes} [Tue May 12 12:38:30 2026] DELETE /allocations/6bb27fee-900c-402f-84af-4b0b0f8f6005 => generated 0 bytes in 54 msecs (HTTP/1.1 204) 5 headers in 198 bytes (1 switches on core 0)
2026-05-12 12:38:31.005 8 INFO placement.requestlog [None req-4730cfaf-71d5-4b62-88cd-d74a9ea44e76 - - - - - -] 10.0.0.226 "GET /" status: 200 len: 136 microversion: 1.0
2026-05-12 12:38:31.005 7 INFO placement.requestlog [None req-a3d61ff4-027b-4e27-ba43-d416c4709173 - - - - - -] 10.0.0.226 "GET /" status: 200 len: 136 microversion: 1.0
2026-05-12 12:38:32.167 8 INFO placement.requestlog [None req-97e5efd6-ba5e-4b05-8065-8f5f89108bea f1b28b3ba66c436ba50aadb3f9847a84 5f2544f74b814b70967f0b07ed421687 - - a750bd9e57f540bbb2a512ade8c30e4e a750bd9e57f540bbb2a512ade8c30e4e] 10.0.0.17 "GET /resource_providers/54031d7f-db73-48e3-83b4-34f878bd84a3/aggregates" status: 404 len: 235 microversion: 1.1 [pid: 8|app: 0|req: 340/677] 10.0.0.17 () {32 vars in 815 bytes} [Tue May 12 12:38:32 2026] GET /resource_providers/54031d7f-db73-48e3-83b4-34f878bd84a3/aggregates => generated 235 bytes in 13 msecs (HTTP/1.1 404) 5 headers in 202 bytes (1 switches on core 0)
2026-05-12 12:38:32.173 7 INFO placement.requestlog [None req-1dff8b4d-38b2-4a77-ba40-325d72d923f3 f1b28b3ba66c436ba50aadb3f9847a84 5f2544f74b814b70967f0b07ed421687 - - a750bd9e57f540bbb2a512ade8c30e4e a750bd9e57f540bbb2a512ade8c30e4e] 10.0.0.17 "GET /resource_providers/54031d7f-db73-48e3-83b4-34f878bd84a3/aggregates" status: 404 len: 235 microversion: 1.1 [pid: 7|app: 0|req: 338/678] 10.0.0.17 () {32 vars in 815 bytes} [Tue May 12 12:38:32 2026] GET /resource_providers/54031d7f-db73-48e3-83b4-34f878bd84a3/aggregates => generated 235 bytes in 8 msecs (HTTP/1.1 404) 5 headers in 202 bytes (1 switches on core 0)
2026-05-12 12:38:32.181 8 INFO placement.requestlog [None req-5fcee2a5-512b-4d1e-af3c-7f0a3cf8563c f1b28b3ba66c436ba50aadb3f9847a84 5f2544f74b814b70967f0b07ed421687 - - a750bd9e57f540bbb2a512ade8c30e4e a750bd9e57f540bbb2a512ade8c30e4e] 10.0.0.17 "DELETE /resource_providers/54031d7f-db73-48e3-83b4-34f878bd84a3" status: 404 len: 246 microversion: 1.1 [pid: 8|app: 0|req: 341/679] 10.0.0.17 () {34 vars in 815 bytes} [Tue May 12 12:38:32 2026] DELETE /resource_providers/54031d7f-db73-48e3-83b4-34f878bd84a3 => generated 246 bytes in 8 msecs (HTTP/1.1 404) 6 headers in 231 bytes (1 switches on core 0)
2026-05-12 12:38:32.184 7 INFO placement.requestlog [None req-ebb8e28b-ffa6-4eda-856f-bb3465d6b4f0 f1b28b3ba66c436ba50aadb3f9847a84 5f2544f74b814b70967f0b07ed421687 - - a750bd9e57f540bbb2a512ade8c30e4e a750bd9e57f540bbb2a512ade8c30e4e] 10.0.0.17 "DELETE /resource_providers/54031d7f-db73-48e3-83b4-34f878bd84a3" status: 404 len: 246 microversion: 1.1 [pid: 7|app: 0|req: 339/680] 10.0.0.17 () {34 vars in 815 bytes} [Tue May 12 12:38:32 2026] DELETE /resource_providers/54031d7f-db73-48e3-83b4-34f878bd84a3 => generated 246 bytes in 7 msecs (HTTP/1.1 404) 6 headers in 231 bytes (1 switches on core 0)
2026-05-12 12:38:32.199 8 INFO placement.requestlog [None req-2c6b267e-4185-4810-aa72-476db2718a34 f1b28b3ba66c436ba50aadb3f9847a84 5f2544f74b814b70967f0b07ed421687 - - a750bd9e57f540bbb2a512ade8c30e4e a750bd9e57f540bbb2a512ade8c30e4e] 10.0.0.17 "GET /resource_providers/2c7f9f4b-a487-44d2-8b3e-a96689a4c2ac/aggregates" status: 404 len: 235 microversion: 1.1 [pid: 8|app: 0|req: 342/681] 10.0.0.17 () {32 vars in 815 bytes} [Tue May 12 12:38:32 2026] GET /resource_providers/2c7f9f4b-a487-44d2-8b3e-a96689a4c2ac/aggregates => generated 235 bytes in 9 msecs (HTTP/1.1 404) 5 headers in 202 bytes (1 switches on core 0)
2026-05-12 12:38:32.203 7 INFO placement.requestlog [None req-3c595e33-a610-4052-a794-1b9af4f087fd f1b28b3ba66c436ba50aadb3f9847a84 5f2544f74b814b70967f0b07ed421687 - - a750bd9e57f540bbb2a512ade8c30e4e a750bd9e57f540bbb2a512ade8c30e4e] 10.0.0.17 "GET /resource_providers/2c7f9f4b-a487-44d2-8b3e-a96689a4c2ac/aggregates" status: 404 len: 235 microversion: 1.1 [pid: 7|app: 0|req: 340/682] 10.0.0.17 () {32 vars in 815 bytes} [Tue May 12 12:38:32 2026] GET /resource_providers/2c7f9f4b-a487-44d2-8b3e-a96689a4c2ac/aggregates => generated 235 bytes in 9 msecs (HTTP/1.1 404) 5 headers in 202 bytes (1 switches on core 0)
