2026-07-30 21:57:40.215 8 INFO neutron.pecan_wsgi.hooks.translation [None req-238e5556-471f-421a-94b5-5d662ad3c142 240a1d428ec747c395162fc9081da9df 8a5a65ee0bf8444689e018a18315a671 - - default default] GET failed (client error): The resource could not be found. [pid: 8|app: 0|req: 38/73] 199.19.213.179 () {44 vars in 928 bytes} [Thu Jul 30 21:57:40 2026] GET /v2.0/networks/public => generated 108 bytes in 37 msecs (HTTP/1.1 404) 4 headers in 164 bytes (1 switches on core 0) [pid: 7|app: 0|req: 36/74] 199.19.213.179 () {44 vars in 950 bytes} [Thu Jul 30 21:57:40 2026] GET /v2.0/networks?name=public => generated 791 bytes in 36 msecs (HTTP/1.1 200) 4 headers in 157 bytes (1 switches on core 0)
2026-07-30 21:57:40.279 8 INFO neutron.pecan_wsgi.hooks.translation [None req-a518dbd2-9e76-405d-a6bb-d91cca7c322b 240a1d428ec747c395162fc9081da9df 8a5a65ee0bf8444689e018a18315a671 - - default default] GET failed (client error): The resource could not be found. [pid: 8|app: 0|req: 39/75] 199.19.213.179 () {44 vars in 1035 bytes} [Thu Jul 30 21:57:40 2026] GET /v2.0/subnets/public-subnet?network_id=7772b128-453a-4114-b5f3-0605f982e242 => generated 113 bytes in 14 msecs (HTTP/1.1 404) 4 headers in 164 bytes (1 switches on core 0) [pid: 7|app: 0|req: 37/76] 199.19.213.179 () {44 vars in 1058 bytes} [Thu Jul 30 21:57:40 2026] GET /v2.0/subnets?name=public-subnet&network_id=7772b128-453a-4114-b5f3-0605f982e242 => generated 667 bytes in 31 msecs (HTTP/1.1 200) 4 headers in 157 bytes (1 switches on core 0) [pid: 8|app: 0|req: 42/81] 199.19.213.179 () {44 vars in 950 bytes} [Thu Jul 30 21:58:02 2026] GET /v2.0/networks?name=public => generated 791 bytes in 66 msecs (HTTP/1.1 200) 4 headers in 157 bytes (1 switches on core 0) /var/lib/openstack/lib/python3.12/site-packages/pycadf/identifier.py:70: UserWarning: Invalid uuid: neutron. To ensure interoperability, identifiers should be a valid uuid. warnings.warn(('Invalid uuid: %s. To ensure interoperability, ' [pid: 8|app: 0|req: 46/88] 10.0.0.59 () {32 vars in 648 bytes} [Thu Jul 30 21:58:42 2026] GET /v2.0/networks => generated 791 bytes in 140 msecs (HTTP/1.1 200) 4 headers in 157 bytes (1 switches on core 0) /var/lib/openstack/lib/python3.12/site-packages/pycadf/identifier.py:70: UserWarning: Invalid uuid: neutron. To ensure interoperability, identifiers should be a valid uuid. warnings.warn(('Invalid uuid: %s. To ensure interoperability, ' [pid: 7|app: 0|req: 43/89] 10.0.0.59 () {32 vars in 654 bytes} [Thu Jul 30 21:58:43 2026] GET /v2.0/floatingips => generated 19 bytes in 49 msecs (HTTP/1.1 200) 4 headers in 156 bytes (1 switches on core 0) [pid: 8|app: 0|req: 47/90] 10.0.0.59 () {32 vars in 646 bytes} [Thu Jul 30 21:58:43 2026] GET /v2.0/routers => generated 15 bytes in 46 msecs (HTTP/1.1 200) 4 headers in 156 bytes (1 switches on core 0) [pid: 7|app: 0|req: 44/91] 10.0.0.59 () {32 vars in 642 bytes} [Thu Jul 30 21:58:43 2026] GET /v2.0/ports => generated 1074 bytes in 66 msecs (HTTP/1.1 200) 4 headers in 158 bytes (1 switches on core 0) [pid: 8|app: 0|req: 48/92] 10.0.0.59 () {32 vars in 646 bytes} [Thu Jul 30 21:58:43 2026] GET /v2.0/subnets => generated 667 bytes in 35 msecs (HTTP/1.1 200) 4 headers in 157 bytes (1 switches on core 0) [pid: 7|app: 0|req: 45/93] 10.0.0.59 () {32 vars in 648 bytes} [Thu Jul 30 21:58:43 2026] GET /v2.0/networks => generated 791 bytes in 52 msecs (HTTP/1.1 200) 4 headers in 157 bytes (1 switches on core 0) [pid: 8|app: 0|req: 49/94] 10.0.0.59 () {32 vars in 662 bytes} [Thu Jul 30 21:58:43 2026] GET /v2.0/security-groups => generated 2917 bytes in 31 msecs (HTTP/1.1 200) 4 headers in 158 bytes (1 switches on core 0) [pid: 7|app: 0|req: 46/95] 10.0.0.59 () {32 vars in 654 bytes} [Thu Jul 30 21:58:43 2026] GET /v2.0/subnetpools => generated 19 bytes in 15 msecs (HTTP/1.1 200) 4 headers in 156 bytes (1 switches on core 0)
2026-07-30 21:58:55.511 7 INFO neutron.db.ovn_revision_numbers_db [None req-aceaf9f6-abea-499c-9371-0016f601360e 992d7cf2f06e417091298aebc44a3e85 dc38b243525e4b3ab5e805b18be96f87 - - default default] Successfully bumped revision number for resource 6b532c7c-68e4-4d0f-bb93-c26eb3e14133 (type: security_groups) to 1
2026-07-30 21:58:55.541 8 INFO neutron.db.ovn_revision_numbers_db [None req-ecb6753a-cb89-4d2f-bb54-a33fd5f6b745 ca5a534a420e4d8e89f2038d4fd75c2d 905f4f5c71af4e359eac6d114e0582f6 - - default default] Successfully bumped revision number for resource f96edc2d-bb08-49df-97d1-e2f561433d63 (type: security_groups) to 1
2026-07-30 21:58:55.573 7 INFO neutron.db.ovn_revision_numbers_db [None req-aceaf9f6-abea-499c-9371-0016f601360e 992d7cf2f06e417091298aebc44a3e85 dc38b243525e4b3ab5e805b18be96f87 - - default default] Successfully bumped revision number for resource 0c6c610e-0eb9-49d9-ab4b-e72e35c4d0ee (type: security_group_rules) to 0
2026-07-30 21:58:55.680 8 INFO neutron.db.ovn_revision_numbers_db [None req-ecb6753a-cb89-4d2f-bb54-a33fd5f6b745 ca5a534a420e4d8e89f2038d4fd75c2d 905f4f5c71af4e359eac6d114e0582f6 - - default default] Successfully bumped revision number for resource 316de150-1b91-4179-9c70-1f1a904b7aad (type: security_group_rules) to 0
2026-07-30 21:58:55.725 7 INFO neutron.db.ovn_revision_numbers_db [None req-aceaf9f6-abea-499c-9371-0016f601360e 992d7cf2f06e417091298aebc44a3e85 dc38b243525e4b3ab5e805b18be96f87 - - default default] Successfully bumped revision number for resource 135843b4-0fee-494c-9393-1ca0488e41bc (type: security_group_rules) to 0
2026-07-30 21:58:55.755 8 INFO neutron.db.ovn_revision_numbers_db [None req-ecb6753a-cb89-4d2f-bb54-a33fd5f6b745 ca5a534a420e4d8e89f2038d4fd75c2d 905f4f5c71af4e359eac6d114e0582f6 - - default default] Successfully bumped revision number for resource 857bc368-d1d6-4d42-992c-9775e8411de6 (type: security_group_rules) to 0
2026-07-30 21:58:55.782 7 INFO neutron.db.ovn_revision_numbers_db [None req-aceaf9f6-abea-499c-9371-0016f601360e 992d7cf2f06e417091298aebc44a3e85 dc38b243525e4b3ab5e805b18be96f87 - - default default] Successfully bumped revision number for resource 63e73f3b-30c0-4ef1-ba42-635063c5c62d (type: security_group_rules) to 0
2026-07-30 21:58:55.811 8 INFO neutron.db.ovn_revision_numbers_db [None req-ecb6753a-cb89-4d2f-bb54-a33fd5f6b745 ca5a534a420e4d8e89f2038d4fd75c2d 905f4f5c71af4e359eac6d114e0582f6 - - default default] Successfully bumped revision number for resource cfbe6e0d-265a-4239-b197-654f9f0cb2e4 (type: security_group_rules) to 0
2026-07-30 21:58:55.869 7 INFO neutron.db.ovn_revision_numbers_db [None req-aceaf9f6-abea-499c-9371-0016f601360e 992d7cf2f06e417091298aebc44a3e85 dc38b243525e4b3ab5e805b18be96f87 - - default default] Successfully bumped revision number for resource 9ec7b0ef-7c7c-4ae4-8880-59e73602eb00 (type: security_group_rules) to 0
2026-07-30 21:58:55.876 8 INFO neutron.db.ovn_revision_numbers_db [None req-ecb6753a-cb89-4d2f-bb54-a33fd5f6b745 ca5a534a420e4d8e89f2038d4fd75c2d 905f4f5c71af4e359eac6d114e0582f6 - - default default] Successfully bumped revision number for resource dd644f0c-ba70-437d-ac7f-b70b8c6cde0c (type: security_group_rules) to 0
2026-07-30 21:58:56.002 7 INFO neutron.db.segments_db [None req-aceaf9f6-abea-499c-9371-0016f601360e 992d7cf2f06e417091298aebc44a3e85 dc38b243525e4b3ab5e805b18be96f87 - - default default] Added segment bc8d0cb9-9790-471a-bb2b-27f0fe890645 of type geneve for network c667832c-677e-4715-9d65-85fb59a8560f
2026-07-30 21:58:56.029 8 INFO neutron.db.segments_db [None req-ecb6753a-cb89-4d2f-bb54-a33fd5f6b745 ca5a534a420e4d8e89f2038d4fd75c2d 905f4f5c71af4e359eac6d114e0582f6 - - default default] Added segment ec0b021a-b2c9-4561-bbed-9e7ae4590d32 of type geneve for network 004f9169-9a3e-4383-baa1-4b55e6fcdaa5
2026-07-30 21:58:56.152 8 INFO neutron.db.segments_db [None req-ecb6753a-cb89-4d2f-bb54-a33fd5f6b745 ca5a534a420e4d8e89f2038d4fd75c2d 905f4f5c71af4e359eac6d114e0582f6 - - default default] Added segment da9b7d3b-e3d3-4090-98e0-50e235f50b2d of type geneve for network 3badb2fa-cb49-458f-aae6-3044e6a2775c
2026-07-30 21:58:56.240 7 INFO neutron.db.ovn_revision_numbers_db [None req-aceaf9f6-abea-499c-9371-0016f601360e 992d7cf2f06e417091298aebc44a3e85 dc38b243525e4b3ab5e805b18be96f87 - - default default] Successfully bumped revision number for resource c667832c-677e-4715-9d65-85fb59a8560f (type: networks) to 1
2026-07-30 21:58:56.363 8 INFO neutron.db.ovn_revision_numbers_db [None req-ecb6753a-cb89-4d2f-bb54-a33fd5f6b745 ca5a534a420e4d8e89f2038d4fd75c2d 905f4f5c71af4e359eac6d114e0582f6 - - default default] Successfully bumped revision number for resource 004f9169-9a3e-4383-baa1-4b55e6fcdaa5 (type: networks) to 1
2026-07-30 21:58:56.653 7 WARNING neutron.scheduler.dhcp_agent_scheduler [None req-aceaf9f6-abea-499c-9371-0016f601360e 992d7cf2f06e417091298aebc44a3e85 dc38b243525e4b3ab5e805b18be96f87 - - default default] No more DHCP agents
2026-07-30 21:58:56.655 7 WARNING neutron.api.rpc.agentnotifiers.dhcp_rpc_agent_api [None req-aceaf9f6-abea-499c-9371-0016f601360e 992d7cf2f06e417091298aebc44a3e85 dc38b243525e4b3ab5e805b18be96f87 - - default default] Unable to schedule network c667832c-677e-4715-9d65-85fb59a8560f: no agents available; will retry on subsequent port and subnet creation events.
2026-07-30 21:58:56.700 8 WARNING neutron.scheduler.dhcp_agent_scheduler [None req-ecb6753a-cb89-4d2f-bb54-a33fd5f6b745 ca5a534a420e4d8e89f2038d4fd75c2d 905f4f5c71af4e359eac6d114e0582f6 - - default default] No more DHCP agents
2026-07-30 21:58:56.701 8 WARNING neutron.api.rpc.agentnotifiers.dhcp_rpc_agent_api [None req-ecb6753a-cb89-4d2f-bb54-a33fd5f6b745 ca5a534a420e4d8e89f2038d4fd75c2d 905f4f5c71af4e359eac6d114e0582f6 - - default default] Unable to schedule network 004f9169-9a3e-4383-baa1-4b55e6fcdaa5: no agents available; will retry on subsequent port and subnet creation events.
2026-07-30 21:58:56.729 8 INFO neutron.plugins.ml2.drivers.ovn.mech_driver.mech_driver [None req-022ef26f-81ba-402e-b5db-e4155ec677b6 - - - - - -] OVN reports status down for port: 29c02bd4-ca47-4991-ab3c-d5b939b76c56
2026-07-30 21:58:56.808 7 INFO neutron.db.ovn_revision_numbers_db [None req-aceaf9f6-abea-499c-9371-0016f601360e 992d7cf2f06e417091298aebc44a3e85 dc38b243525e4b3ab5e805b18be96f87 - - default default] Successfully bumped revision number for resource 29c02bd4-ca47-4991-ab3c-d5b939b76c56 (type: ports) to 1 [pid: 7|app: 0|req: 47/96] 10.0.0.59 () {34 vars in 669 bytes} [Thu Jul 30 21:58:55 2026] POST /v2.0/networks => generated 667 bytes in 1708 msecs (HTTP/1.1 201) 4 headers in 162 bytes (1 switches on core 0)
2026-07-30 21:58:56.868 8 INFO neutron.plugins.ml2.drivers.ovn.mech_driver.mech_driver [None req-022ef26f-81ba-402e-b5db-e4155ec677b6 - - - - - -] OVN reports status down for port: 9d846205-383b-4622-8852-52e86c7e6ae8
2026-07-30 21:58:56.870 8 INFO neutron.db.ovn_revision_numbers_db [None req-ecb6753a-cb89-4d2f-bb54-a33fd5f6b745 ca5a534a420e4d8e89f2038d4fd75c2d 905f4f5c71af4e359eac6d114e0582f6 - - default default] Successfully bumped revision number for resource 9d846205-383b-4622-8852-52e86c7e6ae8 (type: ports) to 1
2026-07-30 21:58:56.985 8 INFO neutron.db.ovn_revision_numbers_db [None req-ecb6753a-cb89-4d2f-bb54-a33fd5f6b745 ca5a534a420e4d8e89f2038d4fd75c2d 905f4f5c71af4e359eac6d114e0582f6 - - default default] Successfully bumped revision number for resource 3badb2fa-cb49-458f-aae6-3044e6a2775c (type: networks) to 1
2026-07-30 21:58:57.185 7 INFO neutron.db.ovn_revision_numbers_db [None req-bbf305c7-3e39-4bca-8790-9fa2d645eecb 324a444c8dc94296b74629c9dbcb02ea 1c9c9f0f7fee4279a3944c11d7825b7d - - default default] Successfully bumped revision number for resource 2f2f8623-9d94-42e5-b232-bbd10971dc2f (type: security_groups) to 1
2026-07-30 21:58:57.226 8 WARNING neutron.scheduler.dhcp_agent_scheduler [None req-ecb6753a-cb89-4d2f-bb54-a33fd5f6b745 ca5a534a420e4d8e89f2038d4fd75c2d 905f4f5c71af4e359eac6d114e0582f6 - - default default] No more DHCP agents
2026-07-30 21:58:57.227 8 WARNING neutron.api.rpc.agentnotifiers.dhcp_rpc_agent_api [None req-ecb6753a-cb89-4d2f-bb54-a33fd5f6b745 ca5a534a420e4d8e89f2038d4fd75c2d 905f4f5c71af4e359eac6d114e0582f6 - - default default] Unable to schedule network 3badb2fa-cb49-458f-aae6-3044e6a2775c: no agents available; will retry on subsequent port and subnet creation events.
2026-07-30 21:58:57.229 7 INFO neutron.db.ovn_revision_numbers_db [None req-bbf305c7-3e39-4bca-8790-9fa2d645eecb 324a444c8dc94296b74629c9dbcb02ea 1c9c9f0f7fee4279a3944c11d7825b7d - - default default] Successfully bumped revision number for resource 0b4313fe-a96c-48c6-b300-6489ab5da907 (type: security_group_rules) to 0
2026-07-30 21:58:57.272 7 INFO neutron.plugins.ml2.drivers.ovn.mech_driver.mech_driver [None req-63f6f3b7-bd12-4930-97cd-f1d6aecc5706 - - - - - -] OVN reports status down for port: b0555936-26c7-4030-9f4f-a2b4dbc6a285
2026-07-30 21:58:57.310 7 INFO neutron.db.ovn_revision_numbers_db [None req-bbf305c7-3e39-4bca-8790-9fa2d645eecb 324a444c8dc94296b74629c9dbcb02ea 1c9c9f0f7fee4279a3944c11d7825b7d - - default default] Successfully bumped revision number for resource 605250c3-c256-4ed0-984f-e1663f160f36 (type: security_group_rules) to 0
2026-07-30 21:58:57.334 8 INFO neutron.db.ovn_revision_numbers_db [None req-ecb6753a-cb89-4d2f-bb54-a33fd5f6b745 ca5a534a420e4d8e89f2038d4fd75c2d 905f4f5c71af4e359eac6d114e0582f6 - - default default] Successfully bumped revision number for resource b0555936-26c7-4030-9f4f-a2b4dbc6a285 (type: ports) to 1
2026-07-30 21:58:57.368 7 INFO neutron.db.ovn_revision_numbers_db [None req-bbf305c7-3e39-4bca-8790-9fa2d645eecb 324a444c8dc94296b74629c9dbcb02ea 1c9c9f0f7fee4279a3944c11d7825b7d - - default default] Successfully bumped revision number for resource 9d3f2bdb-dfba-452e-b86e-e62a2966050b (type: security_group_rules) to 0 [pid: 8|app: 0|req: 50/97] 10.0.0.59 () {34 vars in 669 bytes} [Thu Jul 30 21:58:55 2026] POST /v2.0/networks => generated 1283 bytes in 2340 msecs (HTTP/1.1 201) 4 headers in 163 bytes (1 switches on core 0)
2026-07-30 21:58:57.458 7 INFO neutron.db.ovn_revision_numbers_db [None req-bbf305c7-3e39-4bca-8790-9fa2d645eecb 324a444c8dc94296b74629c9dbcb02ea 1c9c9f0f7fee4279a3944c11d7825b7d - - default default] Successfully bumped revision number for resource d8d92b14-6433-4d1c-bde6-696e741dc6ec (type: security_group_rules) to 0 [pid: 8|app: 0|req: 51/98] 10.0.0.59 () {32 vars in 652 bytes} [Thu Jul 30 21:58:57 2026] GET /v2.0/extensions => generated 20541 bytes in 24 msecs (HTTP/1.1 200) 4 headers in 159 bytes (1 switches on core 0)
2026-07-30 21:58:57.541 7 INFO neutron.db.segments_db [None req-bbf305c7-3e39-4bca-8790-9fa2d645eecb 324a444c8dc94296b74629c9dbcb02ea 1c9c9f0f7fee4279a3944c11d7825b7d - - default default] Added segment c422a98c-c0f6-4bc6-a2da-e8db946bc175 of type geneve for network cc3ca3a1-0cd4-49a1-ba37-cbc833f64777
2026-07-30 21:58:57.819 7 INFO neutron.db.ovn_revision_numbers_db [None req-bbf305c7-3e39-4bca-8790-9fa2d645eecb 324a444c8dc94296b74629c9dbcb02ea 1c9c9f0f7fee4279a3944c11d7825b7d - - default default] Successfully bumped revision number for resource cc3ca3a1-0cd4-49a1-ba37-cbc833f64777 (type: networks) to 1
2026-07-30 21:58:57.858 8 WARNING neutron.scheduler.dhcp_agent_scheduler [None req-dc42fe1e-18e4-449c-9f11-a1cab7b52b8c 992d7cf2f06e417091298aebc44a3e85 dc38b243525e4b3ab5e805b18be96f87 - - default default] No more DHCP agents
2026-07-30 21:58:57.859 8 WARNING neutron.api.rpc.agentnotifiers.dhcp_rpc_agent_api [None req-dc42fe1e-18e4-449c-9f11-a1cab7b52b8c 992d7cf2f06e417091298aebc44a3e85 dc38b243525e4b3ab5e805b18be96f87 - - default default] Unable to schedule network c667832c-677e-4715-9d65-85fb59a8560f: no agents available; will retry on subsequent port and subnet creation events.
2026-07-30 21:58:57.905 8 INFO neutron.plugins.ml2.drivers.ovn.mech_driver.mech_driver [None req-022ef26f-81ba-402e-b5db-e4155ec677b6 - - - - - -] OVN reports status down for port: 384a3d1e-cfbb-485f-850d-9a198dc896db
2026-07-30 21:58:57.990 8 INFO neutron.db.ovn_revision_numbers_db [None req-dc42fe1e-18e4-449c-9f11-a1cab7b52b8c 992d7cf2f06e417091298aebc44a3e85 dc38b243525e4b3ab5e805b18be96f87 - - default default] Successfully bumped revision number for resource 384a3d1e-cfbb-485f-850d-9a198dc896db (type: ports) to 1
2026-07-30 21:58:58.022 7 WARNING neutron.scheduler.dhcp_agent_scheduler [None req-bbf305c7-3e39-4bca-8790-9fa2d645eecb 324a444c8dc94296b74629c9dbcb02ea 1c9c9f0f7fee4279a3944c11d7825b7d - - default default] No more DHCP agents
2026-07-30 21:58:58.023 7 WARNING neutron.api.rpc.agentnotifiers.dhcp_rpc_agent_api [None req-bbf305c7-3e39-4bca-8790-9fa2d645eecb 324a444c8dc94296b74629c9dbcb02ea 1c9c9f0f7fee4279a3944c11d7825b7d - - default default] Unable to schedule network cc3ca3a1-0cd4-49a1-ba37-cbc833f64777: no agents available; will retry on subsequent port and subnet creation events.
2026-07-30 21:58:58.060 7 INFO neutron.plugins.ml2.drivers.ovn.mech_driver.mech_driver [None req-63f6f3b7-bd12-4930-97cd-f1d6aecc5706 - - - - - -] OVN reports status down for port: 37de207f-148f-4942-a61e-87a0a0f8440c [pid: 8|app: 0|req: 54/101] 10.0.0.59 () {34 vars in 664 bytes} [Thu Jul 30 21:58:57 2026] POST /v2.0/ports => generated 778 bytes in 644 msecs (HTTP/1.1 201) 4 headers in 162 bytes (1 switches on core 0) /var/lib/openstack/lib/python3.12/site-packages/pycadf/identifier.py:70: UserWarning: Invalid uuid: neutron. To ensure interoperability, identifiers should be a valid uuid. warnings.warn(('Invalid uuid: %s. To ensure interoperability, '
2026-07-30 21:58:58.159 7 INFO neutron.db.ovn_revision_numbers_db [None req-bbf305c7-3e39-4bca-8790-9fa2d645eecb 324a444c8dc94296b74629c9dbcb02ea 1c9c9f0f7fee4279a3944c11d7825b7d - - default default] Successfully bumped revision number for resource 37de207f-148f-4942-a61e-87a0a0f8440c (type: ports) to 1 [pid: 8|app: 0|req: 55/102] 10.0.0.59 () {32 vars in 648 bytes} [Thu Jul 30 21:58:58 2026] GET /v2.0/networks => generated 1970 bytes in 63 msecs (HTTP/1.1 200) 4 headers in 158 bytes (1 switches on core 0) [pid: 8|app: 0|req: 56/103] 10.0.0.59 () {32 vars in 680 bytes} [Thu Jul 30 21:58:58 2026] GET /v2.0/extensions/address-group => generated 159 bytes in 3 msecs (HTTP/1.1 200) 4 headers in 157 bytes (1 switches on core 0) [pid: 7|app: 0|req: 48/104] 10.0.0.59 () {34 vars in 669 bytes} [Thu Jul 30 21:58:56 2026] POST /v2.0/networks => generated 662 bytes in 1374 msecs (HTTP/1.1 201) 4 headers in 162 bytes (1 switches on core 0)
2026-07-30 21:58:58.303 8 INFO neutron.db.segments_db [None req-66166b64-5263-4ec5-aeaf-bc0d319c0eeb 992d7cf2f06e417091298aebc44a3e85 dc38b243525e4b3ab5e805b18be96f87 - - default default] Added segment 4922d4ef-dd02-408f-ae57-69c5069cbc93 of type geneve for network a467db20-bf45-4e7f-b78d-318c43ca1613
2026-07-30 21:58:58.377 7 INFO neutron_taas.services.taas.taas_plugin [None req-2ec8fcc3-cfdd-40d8-9529-373f5ba0b7c1 ca5a534a420e4d8e89f2038d4fd75c2d 905f4f5c71af4e359eac6d114e0582f6 - - default default] TaaS: Handle Delete Port: 9d846205-383b-4622-8852-52e86c7e6ae8
2026-07-30 21:58:58.384 7 INFO neutron_taas.services.taas.tap_mirror_plugin [None req-2ec8fcc3-cfdd-40d8-9529-373f5ba0b7c1 ca5a534a420e4d8e89f2038d4fd75c2d 905f4f5c71af4e359eac6d114e0582f6 - - default default] Tap Mirror: Handle Delete Port: 9d846205-383b-4622-8852-52e86c7e6ae8
2026-07-30 21:58:58.478 8 INFO neutron.db.ovn_revision_numbers_db [None req-66166b64-5263-4ec5-aeaf-bc0d319c0eeb 992d7cf2f06e417091298aebc44a3e85 dc38b243525e4b3ab5e805b18be96f87 - - default default] Successfully bumped revision number for resource a467db20-bf45-4e7f-b78d-318c43ca1613 (type: networks) to 1
2026-07-30 21:58:58.884 8 WARNING neutron.scheduler.dhcp_agent_scheduler [None req-66166b64-5263-4ec5-aeaf-bc0d319c0eeb 992d7cf2f06e417091298aebc44a3e85 dc38b243525e4b3ab5e805b18be96f87 - - default default] No more DHCP agents
2026-07-30 21:58:58.885 8 WARNING neutron.api.rpc.agentnotifiers.dhcp_rpc_agent_api [None req-66166b64-5263-4ec5-aeaf-bc0d319c0eeb 992d7cf2f06e417091298aebc44a3e85 dc38b243525e4b3ab5e805b18be96f87 - - default default] Unable to schedule network a467db20-bf45-4e7f-b78d-318c43ca1613: no agents available; will retry on subsequent port and subnet creation events.
2026-07-30 21:58:58.925 8 INFO neutron.plugins.ml2.drivers.ovn.mech_driver.mech_driver [None req-022ef26f-81ba-402e-b5db-e4155ec677b6 - - - - - -] OVN reports status down for port: 6212f0d0-e12b-48dc-9ffe-0b15f180d2c5
2026-07-30 21:58:59.018 8 INFO neutron.db.ovn_revision_numbers_db [None req-66166b64-5263-4ec5-aeaf-bc0d319c0eeb 992d7cf2f06e417091298aebc44a3e85 dc38b243525e4b3ab5e805b18be96f87 - - default default] Successfully bumped revision number for resource 6212f0d0-e12b-48dc-9ffe-0b15f180d2c5 (type: ports) to 1 [pid: 7|app: 0|req: 49/105] 10.0.0.59 () {32 vars in 725 bytes} [Thu Jul 30 21:58:58 2026] DELETE /v2.0/networks/004f9169-9a3e-4383-baa1-4b55e6fcdaa5 => generated 0 bytes in 829 msecs (HTTP/1.1 204) 3 headers in 131 bytes (1 switches on core 0) [pid: 7|app: 0|req: 50/106] 10.0.0.59 () {32 vars in 680 bytes} [Thu Jul 30 21:58:59 2026] GET /v2.0/extensions/address-scope => generated 163 bytes in 5 msecs (HTTP/1.1 200) 4 headers in 157 bytes (1 switches on core 0) [pid: 8|app: 0|req: 57/107] 10.0.0.59 () {34 vars in 669 bytes} [Thu Jul 30 21:58:58 2026] POST /v2.0/networks => generated 654 bytes in 934 msecs (HTTP/1.1 201) 4 headers in 162 bytes (1 switches on core 0)
2026-07-30 21:58:59.252 8 INFO neutron_taas.services.taas.taas_plugin [None req-79744b80-27d5-43be-8049-ddcd747991ba ca5a534a420e4d8e89f2038d4fd75c2d 905f4f5c71af4e359eac6d114e0582f6 - - default default] TaaS: Handle Delete Port: b0555936-26c7-4030-9f4f-a2b4dbc6a285
2026-07-30 21:58:59.263 8 INFO neutron_taas.services.taas.tap_mirror_plugin [None req-79744b80-27d5-43be-8049-ddcd747991ba ca5a534a420e4d8e89f2038d4fd75c2d 905f4f5c71af4e359eac6d114e0582f6 - - default default] Tap Mirror: Handle Delete Port: b0555936-26c7-4030-9f4f-a2b4dbc6a285
2026-07-30 21:58:59.335 7 INFO neutron.services.segments.plugin [-] Segment ec0b021a-b2c9-4561-bbed-9e7ae4590d32 resource provider aggregate not found
2026-07-30 21:58:59.340 7 INFO neutron.services.segments.plugin [-] Segment ec0b021a-b2c9-4561-bbed-9e7ae4590d32 resource provider aggregate not found
2026-07-30 21:58:59.353 7 INFO neutron.services.segments.plugin [-] Segment ec0b021a-b2c9-4561-bbed-9e7ae4590d32 resource provider not found; error: Placement Client Error (4xx): {"errors": [{"status": 404, "title": "Not Found", "detail": "The resource could not be found.\n\n No resource provider with uuid ec0b021a-b2c9-4561-bbed-9e7ae4590d32 found for delete ", "request_id": "req-7a475f28-26d9-4c4a-8ec9-7ebdc752acbc"}]}
2026-07-30 21:58:59.356 7 INFO neutron.services.segments.plugin [-] Segment ec0b021a-b2c9-4561-bbed-9e7ae4590d32 resource provider not found; error: Placement Client Error (4xx): {"errors": [{"status": 404, "title": "Not Found", "detail": "The resource could not be found.\n\n No resource provider with uuid ec0b021a-b2c9-4561-bbed-9e7ae4590d32 found for delete ", "request_id": "req-76441adb-af69-441c-9984-417683d27f6f"}]}
2026-07-30 21:58:59.382 7 WARNING neutron.scheduler.dhcp_agent_scheduler [None req-dc89c062-fcff-4c80-bbfe-2c915f4461cc 324a444c8dc94296b74629c9dbcb02ea 1c9c9f0f7fee4279a3944c11d7825b7d - - default default] No more DHCP agents
2026-07-30 21:58:59.384 7 WARNING neutron.api.rpc.agentnotifiers.dhcp_rpc_agent_api [None req-dc89c062-fcff-4c80-bbfe-2c915f4461cc 324a444c8dc94296b74629c9dbcb02ea 1c9c9f0f7fee4279a3944c11d7825b7d - - default default] Unable to schedule network cc3ca3a1-0cd4-49a1-ba37-cbc833f64777: no agents available; will retry on subsequent port and subnet creation events. [pid: 8|app: 0|req: 58/108] 10.0.0.59 () {32 vars in 725 bytes} [Thu Jul 30 21:58:59 2026] DELETE /v2.0/networks/3badb2fa-cb49-458f-aae6-3044e6a2775c => generated 0 bytes in 690 msecs (HTTP/1.1 204) 3 headers in 131 bytes (1 switches on core 0) [pid: 8|app: 0|req: 59/109] 10.0.0.59 () {32 vars in 664 bytes} [Thu Jul 30 21:58:59 2026] GET /v2.0/extensions/agent => generated 153 bytes in 4 msecs (HTTP/1.1 200) 4 headers in 157 bytes (1 switches on core 0)
2026-07-30 21:58:59.985 8 INFO neutron.services.segments.plugin [-] Segment da9b7d3b-e3d3-4090-98e0-50e235f50b2d resource provider aggregate not found
2026-07-30 21:59:00.006 8 INFO neutron.services.segments.plugin [-] Segment da9b7d3b-e3d3-4090-98e0-50e235f50b2d resource provider aggregate not found
2026-07-30 21:59:00.006 7 INFO neutron.db.ovn_revision_numbers_db [None req-0df2be6f-b269-427c-b010-c93816744267 - - - - - -] Successfully bumped revision number for resource 37de207f-148f-4942-a61e-87a0a0f8440c (type: ports) to 2
2026-07-30 21:59:00.008 8 INFO neutron.services.segments.plugin [-] Segment da9b7d3b-e3d3-4090-98e0-50e235f50b2d resource provider not found; error: Placement Client Error (4xx): {"errors": [{"status": 404, "title": "Not Found", "detail": "The resource could not be found.\n\n No resource provider with uuid da9b7d3b-e3d3-4090-98e0-50e235f50b2d found for delete ", "request_id": "req-4b2d7d17-97bb-4d0f-b753-5b0343623975"}]}
2026-07-30 21:59:00.023 8 INFO neutron.services.segments.plugin [-] Segment da9b7d3b-e3d3-4090-98e0-50e235f50b2d resource provider not found; error: Placement Client Error (4xx): {"errors": [{"status": 404, "title": "Not Found", "detail": "The resource could not be found.\n\n No resource provider with uuid da9b7d3b-e3d3-4090-98e0-50e235f50b2d found for delete ", "request_id": "req-03829ce8-de1d-4481-ba5d-f145bfb2168a"}]}
2026-07-30 21:59:00.110 7 INFO neutron.db.ovn_revision_numbers_db [None req-0df2be6f-b269-427c-b010-c93816744267 - - - - - -] Successfully bumped revision number for resource 5f2aeee3-9efa-4a71-b5e3-6d8ccea4682a (type: subnets) to 0 [pid: 7|app: 0|req: 51/110] 10.0.0.59 () {34 vars in 668 bytes} [Thu Jul 30 21:58:59 2026] POST /v2.0/subnets => generated 641 bytes in 1087 msecs (HTTP/1.1 201) 4 headers in 162 bytes (1 switches on core 0)
2026-07-30 21:59:00.169 8 WARNING neutron.scheduler.dhcp_agent_scheduler [None req-4a3c382d-baa6-4cc1-8ff7-01a2a67c1c58 992d7cf2f06e417091298aebc44a3e85 dc38b243525e4b3ab5e805b18be96f87 - - default default] No more DHCP agents
2026-07-30 21:59:00.171 8 WARNING neutron.api.rpc.agentnotifiers.dhcp_rpc_agent_api [None req-4a3c382d-baa6-4cc1-8ff7-01a2a67c1c58 992d7cf2f06e417091298aebc44a3e85 dc38b243525e4b3ab5e805b18be96f87 - - default default] Unable to schedule network a467db20-bf45-4e7f-b78d-318c43ca1613: no agents available; will retry on subsequent port and subnet creation events.
2026-07-30 21:59:00.248 8 INFO neutron.db.ovn_revision_numbers_db [None req-4a3c382d-baa6-4cc1-8ff7-01a2a67c1c58 992d7cf2f06e417091298aebc44a3e85 dc38b243525e4b3ab5e805b18be96f87 - - default default] Successfully bumped revision number for resource 7e922557-97d7-4aea-9fa2-7069d5286fe8 (type: subnets) to 0 [pid: 8|app: 0|req: 60/111] 10.0.0.59 () {34 vars in 668 bytes} [Thu Jul 30 21:58:59 2026] POST /v2.0/subnets => generated 646 bytes in 488 msecs (HTTP/1.1 201) 4 headers in 162 bytes (1 switches on core 0) [pid: 8|app: 0|req: 61/112] 10.0.0.59 () {32 vars in 696 bytes} [Thu Jul 30 21:59:00 2026] GET /v2.0/extensions/allowed-address-pairs => generated 184 bytes in 6 msecs (HTTP/1.1 200) 4 headers in 157 bytes (1 switches on core 0) [pid: 7|app: 0|req: 52/113] 10.0.0.59 () {32 vars in 648 bytes} [Thu Jul 30 21:59:00 2026] GET /v2.0/networks => generated 689 bytes in 301 msecs (HTTP/1.1 200) 4 headers in 157 bytes (1 switches on core 0)
2026-07-30 21:59:00.472 8 INFO neutron.db.segments_db [None req-eb1528c0-d6aa-4443-97ef-643118604f65 324a444c8dc94296b74629c9dbcb02ea 1c9c9f0f7fee4279a3944c11d7825b7d - - default default] Added segment 6c393c63-2d7c-4d20-b10e-c00c75e108cd of type geneve for network eea867bf-9837-420b-831a-2dcf9f26ebfe
2026-07-30 21:59:00.754 8 INFO neutron.db.ovn_revision_numbers_db [None req-eb1528c0-d6aa-4443-97ef-643118604f65 324a444c8dc94296b74629c9dbcb02ea 1c9c9f0f7fee4279a3944c11d7825b7d - - default default] Successfully bumped revision number for resource eea867bf-9837-420b-831a-2dcf9f26ebfe (type: networks) to 1
2026-07-30 21:59:00.939 7 WARNING neutron.scheduler.dhcp_agent_scheduler [None req-e762bfc8-a9f1-4c79-b586-2a3e58ce5788 992d7cf2f06e417091298aebc44a3e85 dc38b243525e4b3ab5e805b18be96f87 - - default default] No more DHCP agents
2026-07-30 21:59:00.940 7 WARNING neutron.api.rpc.agentnotifiers.dhcp_rpc_agent_api [None req-e762bfc8-a9f1-4c79-b586-2a3e58ce5788 992d7cf2f06e417091298aebc44a3e85 dc38b243525e4b3ab5e805b18be96f87 - - default default] Unable to schedule network a467db20-bf45-4e7f-b78d-318c43ca1613: no agents available; will retry on subsequent port and subnet creation events.
2026-07-30 21:59:01.096 7 INFO neutron.db.ovn_revision_numbers_db [None req-e762bfc8-a9f1-4c79-b586-2a3e58ce5788 992d7cf2f06e417091298aebc44a3e85 dc38b243525e4b3ab5e805b18be96f87 - - default default] Successfully bumped revision number for resource 7664a6f2-2e77-458a-8b95-7fb93fe349e6 (type: ports) to 1
2026-07-30 21:59:01.123 8 INFO neutron.plugins.ml2.drivers.ovn.mech_driver.mech_driver [None req-022ef26f-81ba-402e-b5db-e4155ec677b6 - - - - - -] OVN reports status down for port: 7664a6f2-2e77-458a-8b95-7fb93fe349e6 [pid: 7|app: 0|req: 53/114] 10.0.0.59 () {34 vars in 664 bytes} [Thu Jul 30 21:59:00 2026] POST /v2.0/ports => generated 965 bytes in 734 msecs (HTTP/1.1 201) 4 headers in 162 bytes (1 switches on core 0) /var/lib/openstack/lib/python3.12/site-packages/pycadf/identifier.py:70: UserWarning: Invalid uuid: neutron. To ensure interoperability, identifiers should be a valid uuid. warnings.warn(('Invalid uuid: %s. To ensure interoperability, ' [pid: 7|app: 0|req: 54/115] 10.0.0.59 () {32 vars in 700 bytes} [Thu Jul 30 21:59:01 2026] GET /v2.0/extensions/auto-allocated-topology => generated 200 bytes in 8 msecs (HTTP/1.1 200) 4 headers in 157 bytes (1 switches on core 0)
2026-07-30 21:59:01.305 8 WARNING neutron.scheduler.dhcp_agent_scheduler [None req-eb1528c0-d6aa-4443-97ef-643118604f65 324a444c8dc94296b74629c9dbcb02ea 1c9c9f0f7fee4279a3944c11d7825b7d - - default default] No more DHCP agents
2026-07-30 21:59:01.306 8 WARNING neutron.api.rpc.agentnotifiers.dhcp_rpc_agent_api [None req-eb1528c0-d6aa-4443-97ef-643118604f65 324a444c8dc94296b74629c9dbcb02ea 1c9c9f0f7fee4279a3944c11d7825b7d - - default default] Unable to schedule network eea867bf-9837-420b-831a-2dcf9f26ebfe: no agents available; will retry on subsequent port and subnet creation events.
2026-07-30 21:59:01.353 8 INFO neutron.plugins.ml2.drivers.ovn.mech_driver.mech_driver [None req-022ef26f-81ba-402e-b5db-e4155ec677b6 - - - - - -] OVN reports status down for port: 6105891c-e607-481d-98ba-f34dbf54ca31
2026-07-30 21:59:01.358 7 INFO neutron.db.segments_db [None req-62472c33-6cca-4123-9da4-a6c02512ec07 ca5a534a420e4d8e89f2038d4fd75c2d 905f4f5c71af4e359eac6d114e0582f6 - - default default] Added segment b4af237f-49e1-4fc0-b12e-2be25280e1ae of type geneve for network 491ba6bb-8db6-4df1-8c64-eadb2ae4a73b
2026-07-30 21:59:01.478 8 INFO neutron.db.ovn_revision_numbers_db [None req-eb1528c0-d6aa-4443-97ef-643118604f65 324a444c8dc94296b74629c9dbcb02ea 1c9c9f0f7fee4279a3944c11d7825b7d - - default default] Successfully bumped revision number for resource 6105891c-e607-481d-98ba-f34dbf54ca31 (type: ports) to 1
2026-07-30 21:59:01.571 7 INFO neutron.db.ovn_revision_numbers_db [None req-62472c33-6cca-4123-9da4-a6c02512ec07 ca5a534a420e4d8e89f2038d4fd75c2d 905f4f5c71af4e359eac6d114e0582f6 - - default default] Successfully bumped revision number for resource 491ba6bb-8db6-4df1-8c64-eadb2ae4a73b (type: networks) to 1 [pid: 8|app: 0|req: 62/116] 10.0.0.59 () {34 vars in 669 bytes} [Thu Jul 30 21:59:00 2026] POST /v2.0/networks => generated 663 bytes in 1327 msecs (HTTP/1.1 201) 4 headers in 162 bytes (1 switches on core 0)
2026-07-30 21:59:01.778 7 WARNING neutron.scheduler.dhcp_agent_scheduler [None req-62472c33-6cca-4123-9da4-a6c02512ec07 ca5a534a420e4d8e89f2038d4fd75c2d 905f4f5c71af4e359eac6d114e0582f6 - - default default] No more DHCP agents
2026-07-30 21:59:01.779 7 WARNING neutron.api.rpc.agentnotifiers.dhcp_rpc_agent_api [None req-62472c33-6cca-4123-9da4-a6c02512ec07 ca5a534a420e4d8e89f2038d4fd75c2d 905f4f5c71af4e359eac6d114e0582f6 - - default default] Unable to schedule network 491ba6bb-8db6-4df1-8c64-eadb2ae4a73b: no agents available; will retry on subsequent port and subnet creation events.
2026-07-30 21:59:01.808 8 INFO neutron_taas.services.taas.taas_plugin [None req-91002404-e585-4573-80e3-94e42482db99 992d7cf2f06e417091298aebc44a3e85 dc38b243525e4b3ab5e805b18be96f87 - - default default] TaaS: Handle Delete Port: 7664a6f2-2e77-458a-8b95-7fb93fe349e6
2026-07-30 21:59:01.824 8 INFO neutron.plugins.ml2.drivers.ovn.mech_driver.mech_driver [None req-022ef26f-81ba-402e-b5db-e4155ec677b6 - - - - - -] OVN reports status down for port: a6837034-5a17-45f9-9d52-f935e1afe4be
2026-07-30 21:59:01.825 8 INFO neutron_taas.services.taas.tap_mirror_plugin [None req-91002404-e585-4573-80e3-94e42482db99 992d7cf2f06e417091298aebc44a3e85 dc38b243525e4b3ab5e805b18be96f87 - - default default] Tap Mirror: Handle Delete Port: 7664a6f2-2e77-458a-8b95-7fb93fe349e6
2026-07-30 21:59:01.935 7 INFO neutron.db.ovn_revision_numbers_db [None req-62472c33-6cca-4123-9da4-a6c02512ec07 ca5a534a420e4d8e89f2038d4fd75c2d 905f4f5c71af4e359eac6d114e0582f6 - - default default] Successfully bumped revision number for resource a6837034-5a17-45f9-9d52-f935e1afe4be (type: ports) to 1 [pid: 7|app: 0|req: 55/117] 10.0.0.59 () {34 vars in 669 bytes} [Thu Jul 30 21:59:01 2026] POST /v2.0/networks => generated 668 bytes in 786 msecs (HTTP/1.1 201) 4 headers in 162 bytes (1 switches on core 0) [pid: 7|app: 0|req: 56/118] 10.0.0.59 () {32 vars in 688 bytes} [Thu Jul 30 21:59:01 2026] GET /v2.0/extensions/availability_zone => generated 178 bytes in 7 msecs (HTTP/1.1 200) 4 headers in 157 bytes (1 switches on core 0) [pid: 8|app: 0|req: 63/119] 10.0.0.59 () {32 vars in 719 bytes} [Thu Jul 30 21:59:01 2026] DELETE /v2.0/ports/7664a6f2-2e77-458a-8b95-7fb93fe349e6 => generated 0 bytes in 445 msecs (HTTP/1.1 204) 3 headers in 131 bytes (1 switches on core 0)
2026-07-30 21:59:02.204 7 INFO neutron.db.ovn_revision_numbers_db [None req-2f0507d1-2da2-48e8-8165-0829aec7c124 324a444c8dc94296b74629c9dbcb02ea 1c9c9f0f7fee4279a3944c11d7825b7d - - default default] Successfully bumped revision number for resource eea867bf-9837-420b-831a-2dcf9f26ebfe (type: networks) to 2 [pid: 7|app: 0|req: 57/120] 10.0.0.59 () {34 vars in 742 bytes} [Thu Jul 30 21:59:02 2026] PUT /v2.0/networks/eea867bf-9837-420b-831a-2dcf9f26ebfe => generated 636 bytes in 205 msecs (HTTP/1.1 200) 4 headers in 157 bytes (1 switches on core 0) [pid: 7|app: 0|req: 58/121] 10.0.0.59 () {32 vars in 692 bytes} [Thu Jul 30 21:59:02 2026] GET /v2.0/extensions/default-subnetpools => generated 211 bytes in 4 msecs (HTTP/1.1 200) 4 headers in 157 bytes (1 switches on core 0)
2026-07-30 21:59:02.241 7 INFO neutron.pecan_wsgi.hooks.translation [None req-7063a5cd-99a5-4281-a94a-03c54c4e5e32 992d7cf2f06e417091298aebc44a3e85 dc38b243525e4b3ab5e805b18be96f87 - - default default] DELETE failed (client error): The resource could not be found. [pid: 7|app: 0|req: 59/122] 10.0.0.59 () {32 vars in 719 bytes} [Thu Jul 30 21:59:02 2026] DELETE /v2.0/ports/7664a6f2-2e77-458a-8b95-7fb93fe349e6 => generated 132 bytes in 27 msecs (HTTP/1.1 404) 4 headers in 164 bytes (1 switches on core 0)
2026-07-30 21:59:02.244 8 INFO neutron.db.segments_db [None req-b2971ffa-3ace-4602-9224-a3a1017345c4 ca5a534a420e4d8e89f2038d4fd75c2d 905f4f5c71af4e359eac6d114e0582f6 - - default default] Added segment 54235567-1d5f-4887-a4db-230b454dc459 of type geneve for network 6b6b1b53-88ab-4fb1-9d2c-e285aeeb8674
2026-07-30 21:59:02.418 8 INFO neutron.db.ovn_revision_numbers_db [None req-b2971ffa-3ace-4602-9224-a3a1017345c4 ca5a534a420e4d8e89f2038d4fd75c2d 905f4f5c71af4e359eac6d114e0582f6 - - default default] Successfully bumped revision number for resource 6b6b1b53-88ab-4fb1-9d2c-e285aeeb8674 (type: networks) to 1
2026-07-30 21:59:02.473 7 WARNING neutron.scheduler.dhcp_agent_scheduler [None req-f5b31124-3073-4acd-b749-bf7fd42363d5 324a444c8dc94296b74629c9dbcb02ea 1c9c9f0f7fee4279a3944c11d7825b7d - - default default] No more DHCP agents
2026-07-30 21:59:02.474 7 WARNING neutron.api.rpc.agentnotifiers.dhcp_rpc_agent_api [None req-f5b31124-3073-4acd-b749-bf7fd42363d5 324a444c8dc94296b74629c9dbcb02ea 1c9c9f0f7fee4279a3944c11d7825b7d - - default default] Unable to schedule network eea867bf-9837-420b-831a-2dcf9f26ebfe: no agents available; will retry on subsequent port and subnet creation events.
2026-07-30 21:59:02.657 8 WARNING neutron.scheduler.dhcp_agent_scheduler [None req-b2971ffa-3ace-4602-9224-a3a1017345c4 ca5a534a420e4d8e89f2038d4fd75c2d 905f4f5c71af4e359eac6d114e0582f6 - - default default] No more DHCP agents
2026-07-30 21:59:02.658 8 WARNING neutron.api.rpc.agentnotifiers.dhcp_rpc_agent_api [None req-b2971ffa-3ace-4602-9224-a3a1017345c4 ca5a534a420e4d8e89f2038d4fd75c2d 905f4f5c71af4e359eac6d114e0582f6 - - default default] Unable to schedule network 6b6b1b53-88ab-4fb1-9d2c-e285aeeb8674: no agents available; will retry on subsequent port and subnet creation events.
2026-07-30 21:59:02.710 8 INFO neutron.plugins.ml2.drivers.ovn.mech_driver.mech_driver [None req-022ef26f-81ba-402e-b5db-e4155ec677b6 - - - - - -] OVN reports status down for port: c751a605-9908-4a1b-9f7c-284d559058cb
2026-07-30 21:59:02.821 8 INFO neutron.db.ovn_revision_numbers_db [None req-b2971ffa-3ace-4602-9224-a3a1017345c4 ca5a534a420e4d8e89f2038d4fd75c2d 905f4f5c71af4e359eac6d114e0582f6 - - default default] Successfully bumped revision number for resource c751a605-9908-4a1b-9f7c-284d559058cb (type: ports) to 1 [pid: 8|app: 0|req: 64/123] 10.0.0.59 () {34 vars in 669 bytes} [Thu Jul 30 21:59:02 2026] POST /v2.0/networks => generated 669 bytes in 860 msecs (HTTP/1.1 201) 4 headers in 162 bytes (1 switches on core 0) [pid: 8|app: 0|req: 65/124] 10.0.0.59 () {32 vars in 694 bytes} [Thu Jul 30 21:59:02 2026] GET /v2.0/extensions/dhcp_agent_scheduler => generated 187 bytes in 4 msecs (HTTP/1.1 200) 4 headers in 157 bytes (1 switches on core 0)
2026-07-30 21:59:02.952 8 INFO neutron.pecan_wsgi.hooks.translation [None req-8998ca5e-2f2f-4885-be29-7db6f739d16f 992d7cf2f06e417091298aebc44a3e85 dc38b243525e4b3ab5e805b18be96f87 - - default default] GET failed (client error): The resource could not be found. [pid: 8|app: 0|req: 66/125] 10.0.0.59 () {32 vars in 716 bytes} [Thu Jul 30 21:59:02 2026] GET /v2.0/ports/7664a6f2-2e77-458a-8b95-7fb93fe349e6 => generated 132 bytes in 13 msecs (HTTP/1.1 404) 4 headers in 164 bytes (1 switches on core 0)
2026-07-30 21:59:03.036 7 INFO neutron.db.ovn_revision_numbers_db [None req-ba6ac2c1-312e-4ab3-8d9f-986c09ee3a1b - - - - - -] Successfully bumped revision number for resource 6105891c-e607-481d-98ba-f34dbf54ca31 (type: ports) to 2
2026-07-30 21:59:03.143 7 INFO neutron.db.ovn_revision_numbers_db [None req-ba6ac2c1-312e-4ab3-8d9f-986c09ee3a1b - - - - - -] Successfully bumped revision number for resource 1e1f9882-e9f4-47b3-b933-4a078ea823f8 (type: subnets) to 0 [pid: 7|app: 0|req: 60/126] 10.0.0.59 () {34 vars in 668 bytes} [Thu Jul 30 21:59:02 2026] POST /v2.0/subnets => generated 626 bytes in 938 msecs (HTTP/1.1 201) 4 headers in 162 bytes (1 switches on core 0) [pid: 7|app: 0|req: 61/127] 10.0.0.59 () {32 vars in 684 bytes} [Thu Jul 30 21:59:03 2026] GET /v2.0/extensions/dns-integration => generated 172 bytes in 4 msecs (HTTP/1.1 200) 4 headers in 157 bytes (1 switches on core 0) [pid: 7|app: 0|req: 62/128] 10.0.0.59 () {32 vars in 723 bytes} [Thu Jul 30 21:59:03 2026] DELETE /v2.0/subnets/7e922557-97d7-4aea-9fa2-7069d5286fe8 => generated 0 bytes in 237 msecs (HTTP/1.1 204) 3 headers in 131 bytes (1 switches on core 0)
2026-07-30 21:59:03.436 8 WARNING neutron.scheduler.dhcp_agent_scheduler [None req-c05ee82b-f0e7-4740-9751-6b7a8c54ff8a ca5a534a420e4d8e89f2038d4fd75c2d 905f4f5c71af4e359eac6d114e0582f6 - - default default] No more DHCP agents
2026-07-30 21:59:03.437 8 WARNING neutron.api.rpc.agentnotifiers.dhcp_rpc_agent_api [None req-c05ee82b-f0e7-4740-9751-6b7a8c54ff8a ca5a534a420e4d8e89f2038d4fd75c2d 905f4f5c71af4e359eac6d114e0582f6 - - default default] Unable to schedule network 491ba6bb-8db6-4df1-8c64-eadb2ae4a73b: no agents available; will retry on subsequent port and subnet creation events.
2026-07-30 21:59:03.484 7 INFO neutron.plugins.ml2.drivers.ovn.mech_driver.mech_driver [None req-63f6f3b7-bd12-4930-97cd-f1d6aecc5706 - - - - - -] OVN reports status down for port: 3f294443-21fd-4105-9082-59167526d38a
2026-07-30 21:59:03.537 8 INFO neutron.db.ovn_revision_numbers_db [None req-c05ee82b-f0e7-4740-9751-6b7a8c54ff8a ca5a534a420e4d8e89f2038d4fd75c2d 905f4f5c71af4e359eac6d114e0582f6 - - default default] Successfully bumped revision number for resource 3f294443-21fd-4105-9082-59167526d38a (type: ports) to 1
2026-07-30 21:59:03.578 8 WARNING neutron.scheduler.dhcp_agent_scheduler [None req-c05ee82b-f0e7-4740-9751-6b7a8c54ff8a ca5a534a420e4d8e89f2038d4fd75c2d 905f4f5c71af4e359eac6d114e0582f6 - - default default] No more DHCP agents
2026-07-30 21:59:03.579 8 WARNING neutron.api.rpc.agentnotifiers.dhcp_rpc_agent_api [None req-c05ee82b-f0e7-4740-9751-6b7a8c54ff8a ca5a534a420e4d8e89f2038d4fd75c2d 905f4f5c71af4e359eac6d114e0582f6 - - default default] Unable to schedule network 6b6b1b53-88ab-4fb1-9d2c-e285aeeb8674: no agents available; will retry on subsequent port and subnet creation events.
2026-07-30 21:59:03.687 7 INFO neutron.plugins.ml2.drivers.ovn.mech_driver.mech_driver [None req-63f6f3b7-bd12-4930-97cd-f1d6aecc5706 - - - - - -] OVN reports status down for port: 17524e93-9ea0-4a91-9938-9d5450ac3f13
2026-07-30 21:59:03.731 8 INFO neutron.db.ovn_revision_numbers_db [None req-c05ee82b-f0e7-4740-9751-6b7a8c54ff8a ca5a534a420e4d8e89f2038d4fd75c2d 905f4f5c71af4e359eac6d114e0582f6 - - default default] Successfully bumped revision number for resource 17524e93-9ea0-4a91-9938-9d5450ac3f13 (type: ports) to 1 [pid: 8|app: 0|req: 67/129] 10.0.0.59 () {34 vars in 664 bytes} [Thu Jul 30 21:59:02 2026] POST /v2.0/ports => generated 1506 bytes in 880 msecs (HTTP/1.1 201) 4 headers in 163 bytes (1 switches on core 0) /var/lib/openstack/lib/python3.12/site-packages/pycadf/identifier.py:70: UserWarning: Invalid uuid: neutron. To ensure interoperability, identifiers should be a valid uuid. warnings.warn(('Invalid uuid: %s. To ensure interoperability, ' [pid: 8|app: 0|req: 68/130] 10.0.0.59 () {32 vars in 686 bytes} [Thu Jul 30 21:59:03 2026] GET /v2.0/extensions/dns-domain-ports => generated 205 bytes in 7 msecs (HTTP/1.1 200) 4 headers in 157 bytes (1 switches on core 0)
2026-07-30 21:59:03.879 7 INFO neutron.db.ovn_revision_numbers_db [None req-bba692ba-10e2-43eb-9fd4-c65d06a90275 324a444c8dc94296b74629c9dbcb02ea 1c9c9f0f7fee4279a3944c11d7825b7d - - default default] Successfully bumped revision number for resource 1e1f9882-e9f4-47b3-b933-4a078ea823f8 (type: subnets) to 1 [pid: 7|app: 0|req: 63/131] 10.0.0.59 () {34 vars in 740 bytes} [Thu Jul 30 21:59:03 2026] PUT /v2.0/subnets/1e1f9882-e9f4-47b3-b933-4a078ea823f8 => generated 636 bytes in 462 msecs (HTTP/1.1 200) 4 headers in 157 bytes (1 switches on core 0)
2026-07-30 21:59:03.955 8 INFO neutron_taas.services.taas.taas_plugin [None req-f8b1de98-a7a8-4996-a492-54f5a4b21841 992d7cf2f06e417091298aebc44a3e85 dc38b243525e4b3ab5e805b18be96f87 - - default default] TaaS: Handle Delete Port: 6212f0d0-e12b-48dc-9ffe-0b15f180d2c5
2026-07-30 21:59:03.958 8 INFO neutron_taas.services.taas.tap_mirror_plugin [None req-f8b1de98-a7a8-4996-a492-54f5a4b21841 992d7cf2f06e417091298aebc44a3e85 dc38b243525e4b3ab5e805b18be96f87 - - default default] Tap Mirror: Handle Delete Port: 6212f0d0-e12b-48dc-9ffe-0b15f180d2c5 [pid: 7|app: 0|req: 64/132] 10.0.0.59 () {32 vars in 642 bytes} [Thu Jul 30 21:59:03 2026] GET /v2.0/ports => generated 3018 bytes in 113 msecs (HTTP/1.1 200) 4 headers in 158 bytes (1 switches on core 0) [pid: 7|app: 0|req: 65/133] 10.0.0.59 () {32 vars in 716 bytes} [Thu Jul 30 21:59:04 2026] GET /v2.0/extensions/dns-integration-domain-keywords => generated 283 bytes in 3 msecs (HTTP/1.1 200) 4 headers in 157 bytes (1 switches on core 0)
2026-07-30 21:59:04.146 7 INFO neutron_taas.services.taas.taas_plugin [None req-d1bf3065-6d87-4041-9df6-cd781fac1561 324a444c8dc94296b74629c9dbcb02ea 1c9c9f0f7fee4279a3944c11d7825b7d - - default default] TaaS: Handle Delete Port: 6105891c-e607-481d-98ba-f34dbf54ca31
2026-07-30 21:59:04.149 7 INFO neutron_taas.services.taas.tap_mirror_plugin [None req-d1bf3065-6d87-4041-9df6-cd781fac1561 324a444c8dc94296b74629c9dbcb02ea 1c9c9f0f7fee4279a3944c11d7825b7d - - default default] Tap Mirror: Handle Delete Port: 6105891c-e607-481d-98ba-f34dbf54ca31
2026-07-30 21:59:04.250 8 INFO neutron.services.segments.plugin [-] Segment 4922d4ef-dd02-408f-ae57-69c5069cbc93 resource provider aggregate not found
2026-07-30 21:59:04.252 8 INFO neutron.services.segments.plugin [-] Segment 4922d4ef-dd02-408f-ae57-69c5069cbc93 resource provider aggregate not found
2026-07-30 21:59:04.269 8 INFO neutron.services.segments.plugin [-] Segment 4922d4ef-dd02-408f-ae57-69c5069cbc93 resource provider not found; error: Placement Client Error (4xx): {"errors": [{"status": 404, "title": "Not Found", "detail": "The resource could not be found.\n\n No resource provider with uuid 4922d4ef-dd02-408f-ae57-69c5069cbc93 found for delete ", "request_id": "req-051db9cb-fbaa-4835-903f-e3d9e7bfaf9b"}]}
2026-07-30 21:59:04.269 8 INFO neutron.services.segments.plugin [-] Segment 4922d4ef-dd02-408f-ae57-69c5069cbc93 resource provider not found; error: Placement Client Error (4xx): {"errors": [{"status": 404, "title": "Not Found", "detail": "The resource could not be found.\n\n No resource provider with uuid 4922d4ef-dd02-408f-ae57-69c5069cbc93 found for delete ", "request_id": "req-b07014ed-e624-48f6-884d-1c586c6adb75"}]} [pid: 8|app: 0|req: 69/134] 10.0.0.59 () {32 vars in 725 bytes} [Thu Jul 30 21:59:03 2026] DELETE /v2.0/networks/a467db20-bf45-4e7f-b78d-318c43ca1613 => generated 0 bytes in 587 msecs (HTTP/1.1 204) 3 headers in 131 bytes (1 switches on core 0)
2026-07-30 21:59:04.524 8 INFO neutron_taas.services.taas.taas_plugin [None req-cfaa531d-f55a-4c00-bdb6-d4662703a5a2 ca5a534a420e4d8e89f2038d4fd75c2d 905f4f5c71af4e359eac6d114e0582f6 - - default default] TaaS: Handle Delete Port: 3f294443-21fd-4105-9082-59167526d38a
2026-07-30 21:59:04.526 8 INFO neutron_taas.services.taas.tap_mirror_plugin [None req-cfaa531d-f55a-4c00-bdb6-d4662703a5a2 ca5a534a420e4d8e89f2038d4fd75c2d 905f4f5c71af4e359eac6d114e0582f6 - - default default] Tap Mirror: Handle Delete Port: 3f294443-21fd-4105-9082-59167526d38a
2026-07-30 21:59:04.920 7 INFO neutron.services.segments.plugin [-] Segment 6c393c63-2d7c-4d20-b10e-c00c75e108cd resource provider aggregate not found [pid: 8|app: 0|req: 70/135] 10.0.0.59 () {32 vars in 719 bytes} [Thu Jul 30 21:59:04 2026] DELETE /v2.0/ports/3f294443-21fd-4105-9082-59167526d38a => generated 0 bytes in 494 msecs (HTTP/1.1 204) 3 headers in 131 bytes (1 switches on core 0)
2026-07-30 21:59:04.924 7 INFO neutron.services.segments.plugin [-] Segment 6c393c63-2d7c-4d20-b10e-c00c75e108cd resource provider aggregate not found [pid: 8|app: 0|req: 71/136] 10.0.0.59 () {32 vars in 698 bytes} [Thu Jul 30 21:59:04 2026] GET /v2.0/extensions/empty-string-filtering => generated 219 bytes in 5 msecs (HTTP/1.1 200) 4 headers in 157 bytes (1 switches on core 0)
2026-07-30 21:59:04.942 7 INFO neutron.services.segments.plugin [-] Segment 6c393c63-2d7c-4d20-b10e-c00c75e108cd resource provider not found; error: Placement Client Error (4xx): {"errors": [{"status": 404, "title": "Not Found", "detail": "The resource could not be found.\n\n No resource provider with uuid 6c393c63-2d7c-4d20-b10e-c00c75e108cd found for delete ", "request_id": "req-fe019658-5528-4146-baf4-2091ffb1742b"}]}
2026-07-30 21:59:04.943 7 INFO neutron.services.segments.plugin [-] Segment 6c393c63-2d7c-4d20-b10e-c00c75e108cd resource provider not found; error: Placement Client Error (4xx): {"errors": [{"status": 404, "title": "Not Found", "detail": "The resource could not be found.\n\n No resource provider with uuid 6c393c63-2d7c-4d20-b10e-c00c75e108cd found for delete ", "request_id": "req-c9accf7a-9840-4aa3-97d2-535d9c6b58ca"}]}
2026-07-30 21:59:05.040 8 INFO neutron.db.segments_db [None req-592cd64b-36fb-46ec-90a7-a0b5804b7376 992d7cf2f06e417091298aebc44a3e85 dc38b243525e4b3ab5e805b18be96f87 - - default default] Added segment bcfadb7b-f0d4-4532-af5d-bf4d983c1605 of type geneve for network ced36d28-4b76-4f24-a72f-b3db517b8fc9 [pid: 7|app: 0|req: 66/137] 10.0.0.59 () {32 vars in 725 bytes} [Thu Jul 30 21:59:04 2026] DELETE /v2.0/networks/eea867bf-9837-420b-831a-2dcf9f26ebfe => generated 0 bytes in 1070 msecs (HTTP/1.1 204) 3 headers in 131 bytes (1 switches on core 0)
2026-07-30 21:59:05.215 7 INFO neutron_taas.services.taas.taas_plugin [None req-68ebdfce-7ac0-49e1-a86d-672647717b63 ca5a534a420e4d8e89f2038d4fd75c2d 905f4f5c71af4e359eac6d114e0582f6 - - default default] TaaS: Handle Delete Port: 17524e93-9ea0-4a91-9938-9d5450ac3f13
2026-07-30 21:59:05.222 7 INFO neutron_taas.services.taas.tap_mirror_plugin [None req-68ebdfce-7ac0-49e1-a86d-672647717b63 ca5a534a420e4d8e89f2038d4fd75c2d 905f4f5c71af4e359eac6d114e0582f6 - - default default] Tap Mirror: Handle Delete Port: 17524e93-9ea0-4a91-9938-9d5450ac3f13
