2026-07-30 21:59:34.918 7 INFO neutron.db.ovn_revision_numbers_db [None req-055aff3e-87d0-4d63-9a30-e3e3e7907eb8 fafb5bcb51124b10a16cddd90fa256fe a8f186fe4739474aa1de5871b4e2288f - - default default] Successfully bumped revision number for resource c2283896-ff72-403e-acb5-fa668642442b (type: security_group_rules) to 0 [pid: 8|app: 0|req: 170/382] 10.0.0.59 () {32 vars in 723 bytes} [Thu Jul 30 21:59:34 2026] DELETE /v2.0/subnets/66d91bc5-844e-42d1-8283-6b36ab944512 => generated 0 bytes in 156 msecs (HTTP/1.1 204) 3 headers in 131 bytes (1 switches on core 0)
2026-07-30 21:59:35.002 7 INFO neutron.db.segments_db [None req-055aff3e-87d0-4d63-9a30-e3e3e7907eb8 fafb5bcb51124b10a16cddd90fa256fe a8f186fe4739474aa1de5871b4e2288f - - default default] Added segment c9d56f6e-044e-4e11-bf27-3110611f87d8 of type geneve for network d30ae460-9a97-4d90-87f0-92ae481ffce3 [pid: 8|app: 0|req: 171/383] 10.0.0.161 () {34 vars in 1008 bytes} [Thu Jul 30 21:59:34 2026] GET /v2.0/networks/0656fae0-9d61-445f-b31e-8f3155c15de9?fields=segments => generated 14 bytes in 31 msecs (HTTP/1.1 200) 4 headers in 156 bytes (1 switches on core 0)
2026-07-30 21:59:35.153 8 INFO neutron_taas.services.taas.taas_plugin [None req-b2e48260-2834-43d2-b526-72e8b716ed9c 29061296bf9b4fe7b34495cdfa97c253 1a87b35647fe405883058027a0bb41a4 - - default default] TaaS: Handle Delete Port: 3edac105-8f96-4fad-bbd0-c84da22a7f10
2026-07-30 21:59:35.156 8 INFO neutron_taas.services.taas.tap_mirror_plugin [None req-b2e48260-2834-43d2-b526-72e8b716ed9c 29061296bf9b4fe7b34495cdfa97c253 1a87b35647fe405883058027a0bb41a4 - - default default] Tap Mirror: Handle Delete Port: 3edac105-8f96-4fad-bbd0-c84da22a7f10
2026-07-30 21:59:35.168 7 INFO neutron.db.ovn_revision_numbers_db [None req-055aff3e-87d0-4d63-9a30-e3e3e7907eb8 fafb5bcb51124b10a16cddd90fa256fe a8f186fe4739474aa1de5871b4e2288f - - default default] Successfully bumped revision number for resource d30ae460-9a97-4d90-87f0-92ae481ffce3 (type: networks) to 1
2026-07-30 21:59:35.390 7 WARNING neutron.scheduler.dhcp_agent_scheduler [None req-055aff3e-87d0-4d63-9a30-e3e3e7907eb8 fafb5bcb51124b10a16cddd90fa256fe a8f186fe4739474aa1de5871b4e2288f - - default default] No more DHCP agents
2026-07-30 21:59:35.392 7 WARNING neutron.api.rpc.agentnotifiers.dhcp_rpc_agent_api [None req-055aff3e-87d0-4d63-9a30-e3e3e7907eb8 fafb5bcb51124b10a16cddd90fa256fe a8f186fe4739474aa1de5871b4e2288f - - default default] Unable to schedule network d30ae460-9a97-4d90-87f0-92ae481ffce3: no agents available; will retry on subsequent port and subnet creation events.
2026-07-30 21:59:35.393 8 INFO neutron.services.segments.plugin [-] Segment ac514538-3c0a-4304-9377-463487545eb1 resource provider aggregate not found
2026-07-30 21:59:35.397 8 INFO neutron.services.segments.plugin [-] Segment ac514538-3c0a-4304-9377-463487545eb1 resource provider aggregate not found
2026-07-30 21:59:35.411 8 INFO neutron.services.segments.plugin [-] Segment ac514538-3c0a-4304-9377-463487545eb1 resource provider not found; error: Placement Client Error (4xx): {"errors": [{"status": 404, "title": "Not Found", "detail": "The resource could not be found.\n\n No resource provider with uuid ac514538-3c0a-4304-9377-463487545eb1 found for delete ", "request_id": "req-9033cd33-7508-4f52-940c-5191343fb886"}]}
2026-07-30 21:59:35.414 8 INFO neutron.services.segments.plugin [-] Segment ac514538-3c0a-4304-9377-463487545eb1 resource provider not found; error: Placement Client Error (4xx): {"errors": [{"status": 404, "title": "Not Found", "detail": "The resource could not be found.\n\n No resource provider with uuid ac514538-3c0a-4304-9377-463487545eb1 found for delete ", "request_id": "req-fcea2fdf-6dbe-41ae-8417-d2d1a410c6a4"}]}
2026-07-30 21:59:35.456 7 INFO neutron.plugins.ml2.drivers.ovn.mech_driver.mech_driver [None req-8d125212-f583-4c68-9352-9cf7ec2862d4 - - - - - -] OVN reports status down for port: 36d48bfe-76e4-46da-a3cd-e73ce7eb95ca [pid: 8|app: 0|req: 172/384] 10.0.0.59 () {32 vars in 725 bytes} [Thu Jul 30 21:59:35 2026] DELETE /v2.0/networks/f04199b9-22d6-42ad-8d56-c2a8f97d24b3 => generated 0 bytes in 478 msecs (HTTP/1.1 204) 3 headers in 131 bytes (1 switches on core 0)
2026-07-30 21:59:35.542 7 INFO neutron.db.ovn_revision_numbers_db [None req-055aff3e-87d0-4d63-9a30-e3e3e7907eb8 fafb5bcb51124b10a16cddd90fa256fe a8f186fe4739474aa1de5871b4e2288f - - default default] Successfully bumped revision number for resource 36d48bfe-76e4-46da-a3cd-e73ce7eb95ca (type: ports) to 1 [pid: 8|app: 0|req: 173/385] 10.0.0.161 () {34 vars in 1108 bytes} [Thu Jul 30 21:59:35 2026] GET /v2.0/networks/0656fae0-9d61-445f-b31e-8f3155c15de9?fields=provider%3Aphysical_network&fields=provider%3Anetwork_type => generated 79 bytes in 52 msecs (HTTP/1.1 200) 4 headers in 156 bytes (1 switches on core 0) [pid: 7|app: 0|req: 213/386] 10.0.0.59 () {34 vars in 669 bytes} [Thu Jul 30 21:59:34 2026] POST /v2.0/networks => generated 664 bytes in 1232 msecs (HTTP/1.1 201) 4 headers in 162 bytes (1 switches on core 0)
2026-07-30 21:59:35.926 8 WARNING neutron.scheduler.dhcp_agent_scheduler [None req-4ac1c07d-84f5-4736-9b21-16d66bbdcced fafb5bcb51124b10a16cddd90fa256fe a8f186fe4739474aa1de5871b4e2288f - - default default] No more DHCP agents
2026-07-30 21:59:35.930 8 WARNING neutron.api.rpc.agentnotifiers.dhcp_rpc_agent_api [None req-4ac1c07d-84f5-4736-9b21-16d66bbdcced fafb5bcb51124b10a16cddd90fa256fe a8f186fe4739474aa1de5871b4e2288f - - default default] Unable to schedule network d30ae460-9a97-4d90-87f0-92ae481ffce3: no agents available; will retry on subsequent port and subnet creation events.
2026-07-30 21:59:36.061 7 INFO neutron.plugins.ml2.drivers.ovn.mech_driver.mech_driver [None req-8d125212-f583-4c68-9352-9cf7ec2862d4 - - - - - -] OVN reports status down for port: e3029c9a-1807-4c76-ba41-4a8e40b1081f [pid: 7|app: 0|req: 214/387] 10.0.0.59 () {32 vars in 773 bytes} [Thu Jul 30 21:59:36 2026] GET /v2.0/security-groups?tenant_id=1a87b35647fe405883058027a0bb41a4&name=default => generated 2924 bytes in 103 msecs (HTTP/1.1 200) 4 headers in 158 bytes (1 switches on core 0) [pid: 7|app: 0|req: 215/388] 10.0.0.161 () {34 vars in 990 bytes} [Thu Jul 30 21:59:36 2026] GET /v2.0/ports?device_id=998e69e5-9acc-419a-bd64-5c3c1c10ea2f => generated 12 bytes in 60 msecs (HTTP/1.1 200) 4 headers in 156 bytes (1 switches on core 0)
2026-07-30 21:59:36.256 8 INFO neutron.db.ovn_revision_numbers_db [None req-4ac1c07d-84f5-4736-9b21-16d66bbdcced fafb5bcb51124b10a16cddd90fa256fe a8f186fe4739474aa1de5871b4e2288f - - default default] Successfully bumped revision number for resource e3029c9a-1807-4c76-ba41-4a8e40b1081f (type: ports) to 1 [pid: 8|app: 0|req: 174/389] 10.0.0.59 () {34 vars in 664 bytes} [Thu Jul 30 21:59:35 2026] POST /v2.0/ports => generated 774 bytes in 710 msecs (HTTP/1.1 201) 4 headers in 162 bytes (1 switches on core 0) /var/lib/openstack/lib/python3.12/site-packages/pycadf/identifier.py:70: UserWarning: Invalid uuid: neutron. To ensure interoperability, identifiers should be a valid uuid. warnings.warn(('Invalid uuid: %s. To ensure interoperability, '
2026-07-30 21:59:36.447 8 INFO neutron.db.segments_db [None req-a269b459-7f71-472a-8489-c2f0e11ca8b2 fafb5bcb51124b10a16cddd90fa256fe a8f186fe4739474aa1de5871b4e2288f - - default default] Added segment a87f7cae-85d6-4edc-8a9f-1ae52babd432 of type geneve for network fb08f477-b92f-40c3-981d-4442ad5c2d7d [pid: 7|app: 0|req: 216/390] 10.0.0.59 () {32 vars in 739 bytes} [Thu Jul 30 21:59:36 2026] DELETE /v2.0/security-groups/a4dfa954-f7ec-4100-b05d-aee7239c9199 => generated 0 bytes in 474 msecs (HTTP/1.1 204) 2 headers in 112 bytes (1 switches on core 0)
2026-07-30 21:59:36.715 8 INFO neutron.db.ovn_revision_numbers_db [None req-a269b459-7f71-472a-8489-c2f0e11ca8b2 fafb5bcb51124b10a16cddd90fa256fe a8f186fe4739474aa1de5871b4e2288f - - default default] Successfully bumped revision number for resource fb08f477-b92f-40c3-981d-4442ad5c2d7d (type: networks) to 1
2026-07-30 21:59:36.929 8 WARNING neutron.scheduler.dhcp_agent_scheduler [None req-a269b459-7f71-472a-8489-c2f0e11ca8b2 fafb5bcb51124b10a16cddd90fa256fe a8f186fe4739474aa1de5871b4e2288f - - default default] No more DHCP agents
2026-07-30 21:59:36.930 8 WARNING neutron.api.rpc.agentnotifiers.dhcp_rpc_agent_api [None req-a269b459-7f71-472a-8489-c2f0e11ca8b2 fafb5bcb51124b10a16cddd90fa256fe a8f186fe4739474aa1de5871b4e2288f - - default default] Unable to schedule network fb08f477-b92f-40c3-981d-4442ad5c2d7d: no agents available; will retry on subsequent port and subnet creation events.
2026-07-30 21:59:36.975 7 INFO neutron.plugins.ml2.drivers.ovn.mech_driver.mech_driver [None req-8d125212-f583-4c68-9352-9cf7ec2862d4 - - - - - -] OVN reports status down for port: 7c0ae6d1-5c54-4a46-ba54-a560840e7e2b
2026-07-30 21:59:37.031 8 INFO neutron.db.ovn_revision_numbers_db [None req-a269b459-7f71-472a-8489-c2f0e11ca8b2 fafb5bcb51124b10a16cddd90fa256fe a8f186fe4739474aa1de5871b4e2288f - - default default] Successfully bumped revision number for resource 7c0ae6d1-5c54-4a46-ba54-a560840e7e2b (type: ports) to 1 [pid: 8|app: 0|req: 175/391] 10.0.0.59 () {34 vars in 669 bytes} [Thu Jul 30 21:59:36 2026] POST /v2.0/networks => generated 650 bytes in 750 msecs (HTTP/1.1 201) 4 headers in 162 bytes (1 switches on core 0)
2026-07-30 21:59:37.330 7 WARNING neutron.scheduler.dhcp_agent_scheduler [None req-5f7ea98d-6aa0-4563-bb7e-522892f1d0ee fafb5bcb51124b10a16cddd90fa256fe a8f186fe4739474aa1de5871b4e2288f - - default default] No more DHCP agents
2026-07-30 21:59:37.331 7 WARNING neutron.api.rpc.agentnotifiers.dhcp_rpc_agent_api [None req-5f7ea98d-6aa0-4563-bb7e-522892f1d0ee fafb5bcb51124b10a16cddd90fa256fe a8f186fe4739474aa1de5871b4e2288f - - default default] Unable to schedule network fb08f477-b92f-40c3-981d-4442ad5c2d7d: no agents available; will retry on subsequent port and subnet creation events.
2026-07-30 21:59:37.714 8 WARNING neutron.scheduler.dhcp_agent_scheduler [None req-4bb1a090-c1ab-4674-9e41-90ea206780de d8c8ca10fae0427cb706ea4befc0a1b7 0a35182e451c483ca4921696f9184aa3 - - default default] No more DHCP agents
2026-07-30 21:59:37.715 8 WARNING neutron.api.rpc.agentnotifiers.dhcp_rpc_agent_api [None req-4bb1a090-c1ab-4674-9e41-90ea206780de d8c8ca10fae0427cb706ea4befc0a1b7 0a35182e451c483ca4921696f9184aa3 - - default default] Unable to schedule network 7772b128-453a-4114-b5f3-0605f982e242: no agents available; will retry on subsequent port and subnet creation events.
2026-07-30 21:59:37.924 7 INFO neutron.db.ovn_revision_numbers_db [None req-b71432d6-e858-4dea-b5db-0e0af2c44300 - - - - - -] Successfully bumped revision number for resource 7c0ae6d1-5c54-4a46-ba54-a560840e7e2b (type: ports) to 2
2026-07-30 21:59:37.980 7 INFO neutron.db.ovn_revision_numbers_db [None req-b71432d6-e858-4dea-b5db-0e0af2c44300 - - - - - -] Successfully bumped revision number for resource e007080b-2a2a-4d67-a0aa-379e5ad8cdb7 (type: subnets) to 0 [pid: 7|app: 0|req: 217/392] 10.0.0.59 () {34 vars in 668 bytes} [Thu Jul 30 21:59:37 2026] POST /v2.0/subnets => generated 626 bytes in 934 msecs (HTTP/1.1 201) 4 headers in 162 bytes (1 switches on core 0) [pid: 7|app: 0|req: 218/393] 10.0.0.161 () {34 vars in 990 bytes} [Thu Jul 30 21:59:38 2026] GET /v2.0/ports?device_id=998e69e5-9acc-419a-bd64-5c3c1c10ea2f => generated 12 bytes in 20 msecs (HTTP/1.1 200) 4 headers in 156 bytes (1 switches on core 0) [pid: 8|app: 0|req: 176/394] 10.0.0.59 () {34 vars in 675 bytes} [Thu Jul 30 21:59:37 2026] POST /v2.0/floatingips => generated 552 bytes in 853 msecs (HTTP/1.1 201) 4 headers in 162 bytes (1 switches on core 0)
2026-07-30 21:59:38.361 7 WARNING neutron.scheduler.dhcp_agent_scheduler [None req-8358752b-b5cc-4401-9bde-b91b230584d7 fafb5bcb51124b10a16cddd90fa256fe a8f186fe4739474aa1de5871b4e2288f - - default default] No more DHCP agents
2026-07-30 21:59:38.363 7 WARNING neutron.api.rpc.agentnotifiers.dhcp_rpc_agent_api [None req-8358752b-b5cc-4401-9bde-b91b230584d7 fafb5bcb51124b10a16cddd90fa256fe a8f186fe4739474aa1de5871b4e2288f - - default default] Unable to schedule network fb08f477-b92f-40c3-981d-4442ad5c2d7d: no agents available; will retry on subsequent port and subnet creation events.
2026-07-30 21:59:38.434 8 WARNING neutron.scheduler.dhcp_agent_scheduler [None req-dffd5977-caba-4c6f-8959-172f69e1cbcc d8c8ca10fae0427cb706ea4befc0a1b7 0a35182e451c483ca4921696f9184aa3 - - default default] No more DHCP agents
2026-07-30 21:59:38.436 8 WARNING neutron.api.rpc.agentnotifiers.dhcp_rpc_agent_api [None req-dffd5977-caba-4c6f-8959-172f69e1cbcc d8c8ca10fae0427cb706ea4befc0a1b7 0a35182e451c483ca4921696f9184aa3 - - default default] Unable to schedule network 7772b128-453a-4114-b5f3-0605f982e242: no agents available; will retry on subsequent port and subnet creation events.
2026-07-30 21:59:38.470 7 INFO neutron.plugins.ml2.drivers.ovn.mech_driver.mech_driver [None req-8d125212-f583-4c68-9352-9cf7ec2862d4 - - - - - -] OVN reports status down for port: aa16224f-0b16-4acd-b8bd-27b230bd4771
2026-07-30 21:59:38.561 7 INFO neutron.db.ovn_revision_numbers_db [None req-8358752b-b5cc-4401-9bde-b91b230584d7 fafb5bcb51124b10a16cddd90fa256fe a8f186fe4739474aa1de5871b4e2288f - - default default] Successfully bumped revision number for resource aa16224f-0b16-4acd-b8bd-27b230bd4771 (type: ports) to 1 [pid: 7|app: 0|req: 219/395] 10.0.0.59 () {34 vars in 664 bytes} [Thu Jul 30 21:59:38 2026] POST /v2.0/ports => generated 949 bytes in 618 msecs (HTTP/1.1 201) 4 headers in 162 bytes (1 switches on core 0) /var/lib/openstack/lib/python3.12/site-packages/pycadf/identifier.py:70: UserWarning: Invalid uuid: neutron. To ensure interoperability, identifiers should be a valid uuid. warnings.warn(('Invalid uuid: %s. To ensure interoperability, '
2026-07-30 21:59:38.833 7 INFO neutron_taas.services.taas.taas_plugin [None req-0f4120a7-54a9-45ac-a56b-7736d5658505 fafb5bcb51124b10a16cddd90fa256fe a8f186fe4739474aa1de5871b4e2288f - - default default] TaaS: Handle Delete Port: aa16224f-0b16-4acd-b8bd-27b230bd4771
2026-07-30 21:59:38.836 7 INFO neutron_taas.services.taas.tap_mirror_plugin [None req-0f4120a7-54a9-45ac-a56b-7736d5658505 fafb5bcb51124b10a16cddd90fa256fe a8f186fe4739474aa1de5871b4e2288f - - default default] Tap Mirror: Handle Delete Port: aa16224f-0b16-4acd-b8bd-27b230bd4771 [pid: 8|app: 0|req: 177/396] 10.0.0.59 () {34 vars in 675 bytes} [Thu Jul 30 21:59:38 2026] POST /v2.0/floatingips => generated 552 bytes in 782 msecs (HTTP/1.1 201) 4 headers in 162 bytes (1 switches on core 0) [pid: 7|app: 0|req: 220/397] 10.0.0.59 () {32 vars in 719 bytes} [Thu Jul 30 21:59:38 2026] DELETE /v2.0/ports/aa16224f-0b16-4acd-b8bd-27b230bd4771 => generated 0 bytes in 424 msecs (HTTP/1.1 204) 3 headers in 131 bytes (1 switches on core 0)
2026-07-30 21:59:39.285 8 INFO neutron.db.ovn_revision_numbers_db [None req-2814fc58-0659-4002-977a-4590abc70364 48951791964c4329b03cc8d59f571da7 3ebe2031f2a940659168a7eebb330c91 - - default default] Successfully bumped revision number for resource e90dc74b-9683-4778-917f-345826748827 (type: security_groups) to 1
2026-07-30 21:59:39.318 8 INFO neutron.db.ovn_revision_numbers_db [None req-2814fc58-0659-4002-977a-4590abc70364 48951791964c4329b03cc8d59f571da7 3ebe2031f2a940659168a7eebb330c91 - - default default] Successfully bumped revision number for resource 75c7f85a-0bb0-4200-b199-007101a9d2e4 (type: security_group_rules) to 0
2026-07-30 21:59:39.360 8 INFO neutron.db.ovn_revision_numbers_db [None req-2814fc58-0659-4002-977a-4590abc70364 48951791964c4329b03cc8d59f571da7 3ebe2031f2a940659168a7eebb330c91 - - default default] Successfully bumped revision number for resource 855114c4-17e0-4669-a55a-803e7e5f5271 (type: security_group_rules) to 0
2026-07-30 21:59:39.393 7 WARNING neutron.scheduler.dhcp_agent_scheduler [None req-e8420c5e-b328-4d0c-9eff-863024ef0a42 d8c8ca10fae0427cb706ea4befc0a1b7 0a35182e451c483ca4921696f9184aa3 - - default default] No more DHCP agents
2026-07-30 21:59:39.395 7 WARNING neutron.api.rpc.agentnotifiers.dhcp_rpc_agent_api [None req-e8420c5e-b328-4d0c-9eff-863024ef0a42 d8c8ca10fae0427cb706ea4befc0a1b7 0a35182e451c483ca4921696f9184aa3 - - default default] Unable to schedule network 7772b128-453a-4114-b5f3-0605f982e242: no agents available; will retry on subsequent port and subnet creation events.
2026-07-30 21:59:39.403 8 INFO neutron.db.ovn_revision_numbers_db [None req-2814fc58-0659-4002-977a-4590abc70364 48951791964c4329b03cc8d59f571da7 3ebe2031f2a940659168a7eebb330c91 - - default default] Successfully bumped revision number for resource cc6ff588-a556-43e7-8711-cbca65d0f013 (type: security_group_rules) to 0
2026-07-30 21:59:39.444 8 INFO neutron.db.ovn_revision_numbers_db [None req-2814fc58-0659-4002-977a-4590abc70364 48951791964c4329b03cc8d59f571da7 3ebe2031f2a940659168a7eebb330c91 - - default default] Successfully bumped revision number for resource e8caf42e-ca11-4c0e-b3ac-477b1b9f03fa (type: security_group_rules) to 0
2026-07-30 21:59:39.529 8 INFO neutron.db.segments_db [None req-2814fc58-0659-4002-977a-4590abc70364 48951791964c4329b03cc8d59f571da7 3ebe2031f2a940659168a7eebb330c91 - - default default] Added segment e7ca928b-6600-4427-bf2e-ee584d1afdd2 of type geneve for network 244ef52f-9d75-4c5d-bf5a-fd59b13d8576
2026-07-30 21:59:39.621 8 INFO neutron.db.segments_db [None req-2814fc58-0659-4002-977a-4590abc70364 48951791964c4329b03cc8d59f571da7 3ebe2031f2a940659168a7eebb330c91 - - default default] Added segment 1f045d4c-fccc-499c-b975-4a2c6dec46eb of type geneve for network 13bff46f-f70c-4e65-b57f-aff449cacc64 [pid: 7|app: 0|req: 221/398] 10.0.0.59 () {34 vars in 675 bytes} [Thu Jul 30 21:59:39 2026] POST /v2.0/floatingips => generated 552 bytes in 675 msecs (HTTP/1.1 201) 4 headers in 162 bytes (1 switches on core 0)
2026-07-30 21:59:39.783 7 INFO neutron.pecan_wsgi.hooks.translation [None req-de57786d-3ed0-4fd3-80b9-9cd24c420a8d fafb5bcb51124b10a16cddd90fa256fe a8f186fe4739474aa1de5871b4e2288f - - default default] DELETE failed (client error): The resource could not be found. [pid: 7|app: 0|req: 222/399] 10.0.0.59 () {32 vars in 719 bytes} [Thu Jul 30 21:59:39 2026] DELETE /v2.0/ports/aa16224f-0b16-4acd-b8bd-27b230bd4771 => generated 132 bytes in 16 msecs (HTTP/1.1 404) 4 headers in 164 bytes (1 switches on core 0) [pid: 7|app: 0|req: 223/400] 10.0.0.161 () {34 vars in 990 bytes} [Thu Jul 30 21:59:39 2026] GET /v2.0/ports?device_id=998e69e5-9acc-419a-bd64-5c3c1c10ea2f => generated 12 bytes in 13 msecs (HTTP/1.1 200) 4 headers in 156 bytes (1 switches on core 0)
2026-07-30 21:59:39.865 8 INFO neutron.db.ovn_revision_numbers_db [None req-2814fc58-0659-4002-977a-4590abc70364 48951791964c4329b03cc8d59f571da7 3ebe2031f2a940659168a7eebb330c91 - - default default] Successfully bumped revision number for resource 244ef52f-9d75-4c5d-bf5a-fd59b13d8576 (type: networks) to 1
2026-07-30 21:59:40.050 8 WARNING neutron.scheduler.dhcp_agent_scheduler [None req-2814fc58-0659-4002-977a-4590abc70364 48951791964c4329b03cc8d59f571da7 3ebe2031f2a940659168a7eebb330c91 - - default default] No more DHCP agents
2026-07-30 21:59:40.052 8 WARNING neutron.api.rpc.agentnotifiers.dhcp_rpc_agent_api [None req-2814fc58-0659-4002-977a-4590abc70364 48951791964c4329b03cc8d59f571da7 3ebe2031f2a940659168a7eebb330c91 - - default default] Unable to schedule network 244ef52f-9d75-4c5d-bf5a-fd59b13d8576: no agents available; will retry on subsequent port and subnet creation events.
2026-07-30 21:59:40.087 7 WARNING neutron.scheduler.dhcp_agent_scheduler [None req-51aec49b-2357-4bb9-9652-414992c6e653 d8c8ca10fae0427cb706ea4befc0a1b7 0a35182e451c483ca4921696f9184aa3 - - default default] No more DHCP agents
2026-07-30 21:59:40.088 7 WARNING neutron.api.rpc.agentnotifiers.dhcp_rpc_agent_api [None req-51aec49b-2357-4bb9-9652-414992c6e653 d8c8ca10fae0427cb706ea4befc0a1b7 0a35182e451c483ca4921696f9184aa3 - - default default] Unable to schedule network 7772b128-453a-4114-b5f3-0605f982e242: no agents available; will retry on subsequent port and subnet creation events.
2026-07-30 21:59:40.112 8 INFO neutron.plugins.ml2.drivers.ovn.mech_driver.mech_driver [None req-76b22a38-847b-498d-b9ce-3a02320ad76b - - - - - -] OVN reports status down for port: 6194f2f0-d25d-4911-a3f9-c51deffa5472
2026-07-30 21:59:40.184 8 INFO neutron.db.ovn_revision_numbers_db [None req-2814fc58-0659-4002-977a-4590abc70364 48951791964c4329b03cc8d59f571da7 3ebe2031f2a940659168a7eebb330c91 - - default default] Successfully bumped revision number for resource 6194f2f0-d25d-4911-a3f9-c51deffa5472 (type: ports) to 1
2026-07-30 21:59:40.309 8 INFO neutron.db.ovn_revision_numbers_db [None req-2814fc58-0659-4002-977a-4590abc70364 48951791964c4329b03cc8d59f571da7 3ebe2031f2a940659168a7eebb330c91 - - default default] Successfully bumped revision number for resource 13bff46f-f70c-4e65-b57f-aff449cacc64 (type: networks) to 1 [pid: 7|app: 0|req: 224/401] 10.0.0.59 () {34 vars in 675 bytes} [Thu Jul 30 21:59:39 2026] POST /v2.0/floatingips => generated 552 bytes in 672 msecs (HTTP/1.1 201) 4 headers in 162 bytes (1 switches on core 0)
2026-07-30 21:59:40.486 7 INFO neutron.pecan_wsgi.hooks.translation [None req-1c7b5832-720e-4223-b27c-8e4c551d7174 fafb5bcb51124b10a16cddd90fa256fe a8f186fe4739474aa1de5871b4e2288f - - default default] GET failed (client error): The resource could not be found. [pid: 7|app: 0|req: 225/402] 10.0.0.59 () {32 vars in 716 bytes} [Thu Jul 30 21:59:40 2026] GET /v2.0/ports/aa16224f-0b16-4acd-b8bd-27b230bd4771 => generated 132 bytes in 15 msecs (HTTP/1.1 404) 4 headers in 164 bytes (1 switches on core 0)
2026-07-30 21:59:40.495 8 WARNING neutron.scheduler.dhcp_agent_scheduler [None req-2814fc58-0659-4002-977a-4590abc70364 48951791964c4329b03cc8d59f571da7 3ebe2031f2a940659168a7eebb330c91 - - default default] No more DHCP agents
2026-07-30 21:59:40.496 8 WARNING neutron.api.rpc.agentnotifiers.dhcp_rpc_agent_api [None req-2814fc58-0659-4002-977a-4590abc70364 48951791964c4329b03cc8d59f571da7 3ebe2031f2a940659168a7eebb330c91 - - default default] Unable to schedule network 13bff46f-f70c-4e65-b57f-aff449cacc64: no agents available; will retry on subsequent port and subnet creation events.
2026-07-30 21:59:40.634 7 INFO neutron.plugins.ml2.drivers.ovn.mech_driver.mech_driver [None req-8d125212-f583-4c68-9352-9cf7ec2862d4 - - - - - -] OVN reports status down for port: 0e1f259b-9129-4bba-ba78-a47908150147
2026-07-30 21:59:40.675 8 INFO neutron.db.ovn_revision_numbers_db [None req-2814fc58-0659-4002-977a-4590abc70364 48951791964c4329b03cc8d59f571da7 3ebe2031f2a940659168a7eebb330c91 - - default default] Successfully bumped revision number for resource 0e1f259b-9129-4bba-ba78-a47908150147 (type: ports) to 1 [pid: 8|app: 0|req: 178/403] 10.0.0.59 () {34 vars in 669 bytes} [Thu Jul 30 21:59:38 2026] POST /v2.0/networks => generated 1283 bytes in 1801 msecs (HTTP/1.1 201) 4 headers in 163 bytes (1 switches on core 0)
2026-07-30 21:59:40.842 7 WARNING neutron.scheduler.dhcp_agent_scheduler [None req-47ca471d-06dd-4044-bc15-9995f212ec21 d8c8ca10fae0427cb706ea4befc0a1b7 0a35182e451c483ca4921696f9184aa3 - - default default] No more DHCP agents
2026-07-30 21:59:40.844 7 WARNING neutron.api.rpc.agentnotifiers.dhcp_rpc_agent_api [None req-47ca471d-06dd-4044-bc15-9995f212ec21 d8c8ca10fae0427cb706ea4befc0a1b7 0a35182e451c483ca4921696f9184aa3 - - default default] Unable to schedule network 7772b128-453a-4114-b5f3-0605f982e242: no agents available; will retry on subsequent port and subnet creation events. [pid: 8|app: 0|req: 179/404] 10.0.0.59 () {32 vars in 723 bytes} [Thu Jul 30 21:59:40 2026] DELETE /v2.0/subnets/e007080b-2a2a-4d67-a0aa-379e5ad8cdb7 => generated 0 bytes in 232 msecs (HTTP/1.1 204) 3 headers in 131 bytes (1 switches on core 0) [pid: 8|app: 0|req: 180/405] 10.0.0.59 () {32 vars in 648 bytes} [Thu Jul 30 21:59:40 2026] GET /v2.0/networks => generated 1970 bytes in 58 msecs (HTTP/1.1 200) 4 headers in 158 bytes (1 switches on core 0) [pid: 8|app: 0|req: 181/406] 10.0.0.161 () {34 vars in 990 bytes} [Thu Jul 30 21:59:41 2026] GET /v2.0/ports?device_id=998e69e5-9acc-419a-bd64-5c3c1c10ea2f => generated 12 bytes in 15 msecs (HTTP/1.1 200) 4 headers in 156 bytes (1 switches on core 0)
2026-07-30 21:59:41.149 8 INFO neutron_taas.services.taas.taas_plugin [None req-48d1314d-b885-4676-90f2-1c3942a8dadb fafb5bcb51124b10a16cddd90fa256fe a8f186fe4739474aa1de5871b4e2288f - - default default] TaaS: Handle Delete Port: 7c0ae6d1-5c54-4a46-ba54-a560840e7e2b
2026-07-30 21:59:41.152 8 INFO neutron_taas.services.taas.tap_mirror_plugin [None req-48d1314d-b885-4676-90f2-1c3942a8dadb fafb5bcb51124b10a16cddd90fa256fe a8f186fe4739474aa1de5871b4e2288f - - default default] Tap Mirror: Handle Delete Port: 7c0ae6d1-5c54-4a46-ba54-a560840e7e2b [pid: 7|app: 0|req: 226/407] 10.0.0.59 () {34 vars in 675 bytes} [Thu Jul 30 21:59:40 2026] POST /v2.0/floatingips => generated 552 bytes in 702 msecs (HTTP/1.1 201) 4 headers in 162 bytes (1 switches on core 0)
2026-07-30 21:59:41.321 7 INFO neutron_taas.services.taas.taas_plugin [None req-a3a7b7f7-a5f7-4975-bc71-3ef50884c7c1 48951791964c4329b03cc8d59f571da7 3ebe2031f2a940659168a7eebb330c91 - - default default] TaaS: Handle Delete Port: 6194f2f0-d25d-4911-a3f9-c51deffa5472
2026-07-30 21:59:41.323 7 INFO neutron_taas.services.taas.tap_mirror_plugin [None req-a3a7b7f7-a5f7-4975-bc71-3ef50884c7c1 48951791964c4329b03cc8d59f571da7 3ebe2031f2a940659168a7eebb330c91 - - default default] Tap Mirror: Handle Delete Port: 6194f2f0-d25d-4911-a3f9-c51deffa5472
2026-07-30 21:59:41.381 8 INFO neutron.services.segments.plugin [-] Segment a87f7cae-85d6-4edc-8a9f-1ae52babd432 resource provider aggregate not found
2026-07-30 21:59:41.386 8 INFO neutron.services.segments.plugin [-] Segment a87f7cae-85d6-4edc-8a9f-1ae52babd432 resource provider aggregate not found
2026-07-30 21:59:41.397 8 INFO neutron.services.segments.plugin [-] Segment a87f7cae-85d6-4edc-8a9f-1ae52babd432 resource provider not found; error: Placement Client Error (4xx): {"errors": [{"status": 404, "title": "Not Found", "detail": "The resource could not be found.\n\n No resource provider with uuid a87f7cae-85d6-4edc-8a9f-1ae52babd432 found for delete ", "request_id": "req-7f44b1cc-55e3-4561-a831-ae1adc1e2587"}]}
2026-07-30 21:59:41.403 8 INFO neutron.services.segments.plugin [-] Segment a87f7cae-85d6-4edc-8a9f-1ae52babd432 resource provider not found; error: Placement Client Error (4xx): {"errors": [{"status": 404, "title": "Not Found", "detail": "The resource could not be found.\n\n No resource provider with uuid a87f7cae-85d6-4edc-8a9f-1ae52babd432 found for delete ", "request_id": "req-ba69959a-2c82-4d28-8b91-194e42043b8d"}]} [pid: 8|app: 0|req: 182/410] 10.0.0.59 () {32 vars in 725 bytes} [Thu Jul 30 21:59:41 2026] DELETE /v2.0/networks/fb08f477-b92f-40c3-981d-4442ad5c2d7d => generated 0 bytes in 474 msecs (HTTP/1.1 204) 3 headers in 131 bytes (1 switches on core 0)
2026-07-30 21:59:41.558 7 INFO neutron.services.segments.plugin [-] Segment e7ca928b-6600-4427-bf2e-ee584d1afdd2 resource provider aggregate not found
2026-07-30 21:59:41.562 7 INFO neutron.services.segments.plugin [-] Segment e7ca928b-6600-4427-bf2e-ee584d1afdd2 resource provider aggregate not found
2026-07-30 21:59:41.577 7 INFO neutron.services.segments.plugin [-] Segment e7ca928b-6600-4427-bf2e-ee584d1afdd2 resource provider not found; error: Placement Client Error (4xx): {"errors": [{"status": 404, "title": "Not Found", "detail": "The resource could not be found.\n\n No resource provider with uuid e7ca928b-6600-4427-bf2e-ee584d1afdd2 found for delete ", "request_id": "req-696540a0-ba45-48eb-bc29-9fd5f7439032"}]}
2026-07-30 21:59:41.582 7 INFO neutron.services.segments.plugin [-] Segment e7ca928b-6600-4427-bf2e-ee584d1afdd2 resource provider not found; error: Placement Client Error (4xx): {"errors": [{"status": 404, "title": "Not Found", "detail": "The resource could not be found.\n\n No resource provider with uuid e7ca928b-6600-4427-bf2e-ee584d1afdd2 found for delete ", "request_id": "req-96477604-ce8b-4be1-95a4-56b8474f9c60"}]} [pid: 8|app: 0|req: 183/411] 10.0.0.59 () {34 vars in 758 bytes} [Thu Jul 30 21:59:41 2026] PUT /v2.0/floatingips/57a8098b-e313-41f8-b8d6-cf772852448b/tags => generated 17 bytes in 199 msecs (HTTP/1.1 200) 4 headers in 156 bytes (1 switches on core 0) [pid: 7|app: 0|req: 229/412] 10.0.0.59 () {32 vars in 725 bytes} [Thu Jul 30 21:59:41 2026] DELETE /v2.0/networks/244ef52f-9d75-4c5d-bf5a-fd59b13d8576 => generated 0 bytes in 552 msecs (HTTP/1.1 204) 3 headers in 131 bytes (1 switches on core 0) [pid: 8|app: 0|req: 184/413] 199.19.213.179 () {34 vars in 986 bytes} [Thu Jul 30 21:59:41 2026] GET /v2.0/networks?id=0656fae0-9d61-445f-b31e-8f3155c15de9 => generated 699 bytes in 76 msecs (HTTP/1.1 200) 4 headers in 157 bytes (1 switches on core 0)
2026-07-30 21:59:41.852 7 INFO neutron.db.segments_db [None req-214d4031-0e44-4c5f-a39f-b0fb195dbe3f fafb5bcb51124b10a16cddd90fa256fe a8f186fe4739474aa1de5871b4e2288f - - default default] Added segment 9c931c07-c4d0-4ef2-ac45-cca64e139f81 of type geneve for network f0fd022d-e681-4297-a7c1-ea46815951b2 [pid: 8|app: 0|req: 185/414] 10.0.0.59 () {34 vars in 758 bytes} [Thu Jul 30 21:59:41 2026] PUT /v2.0/floatingips/1be51702-8bc2-4764-8d81-7172e91ba8ab/tags => generated 25 bytes in 66 msecs (HTTP/1.1 200) 4 headers in 156 bytes (1 switches on core 0)
2026-07-30 21:59:41.967 8 INFO neutron_taas.services.taas.taas_plugin [None req-72def165-855d-4ff7-bfb0-176b7fcdb616 48951791964c4329b03cc8d59f571da7 3ebe2031f2a940659168a7eebb330c91 - - default default] TaaS: Handle Delete Port: 0e1f259b-9129-4bba-ba78-a47908150147
2026-07-30 21:59:41.969 8 INFO neutron_taas.services.taas.tap_mirror_plugin [None req-72def165-855d-4ff7-bfb0-176b7fcdb616 48951791964c4329b03cc8d59f571da7 3ebe2031f2a940659168a7eebb330c91 - - default default] Tap Mirror: Handle Delete Port: 0e1f259b-9129-4bba-ba78-a47908150147
2026-07-30 21:59:42.032 7 INFO neutron.db.ovn_revision_numbers_db [None req-214d4031-0e44-4c5f-a39f-b0fb195dbe3f fafb5bcb51124b10a16cddd90fa256fe a8f186fe4739474aa1de5871b4e2288f - - default default] Successfully bumped revision number for resource f0fd022d-e681-4297-a7c1-ea46815951b2 (type: networks) to 1
2026-07-30 21:59:42.250 7 WARNING neutron.scheduler.dhcp_agent_scheduler [None req-214d4031-0e44-4c5f-a39f-b0fb195dbe3f fafb5bcb51124b10a16cddd90fa256fe a8f186fe4739474aa1de5871b4e2288f - - default default] No more DHCP agents
2026-07-30 21:59:42.252 7 WARNING neutron.api.rpc.agentnotifiers.dhcp_rpc_agent_api [None req-214d4031-0e44-4c5f-a39f-b0fb195dbe3f fafb5bcb51124b10a16cddd90fa256fe a8f186fe4739474aa1de5871b4e2288f - - default default] Unable to schedule network f0fd022d-e681-4297-a7c1-ea46815951b2: no agents available; will retry on subsequent port and subnet creation events.
2026-07-30 21:59:42.308 7 INFO neutron.plugins.ml2.drivers.ovn.mech_driver.mech_driver [None req-8d125212-f583-4c68-9352-9cf7ec2862d4 - - - - - -] OVN reports status down for port: ed493e49-8929-4871-a282-211d689b103c [pid: 8|app: 0|req: 186/415] 10.0.0.59 () {32 vars in 725 bytes} [Thu Jul 30 21:59:41 2026] DELETE /v2.0/networks/13bff46f-f70c-4e65-b57f-aff449cacc64 => generated 0 bytes in 457 msecs (HTTP/1.1 204) 3 headers in 131 bytes (1 switches on core 0) [pid: 8|app: 0|req: 187/416] 199.19.213.179 () {34 vars in 911 bytes} [Thu Jul 30 21:59:42 2026] GET /v2.0/extensions => generated 20541 bytes in 5 msecs (HTTP/1.1 200) 4 headers in 159 bytes (1 switches on core 0) [pid: 8|app: 0|req: 188/417] 10.0.0.59 () {34 vars in 758 bytes} [Thu Jul 30 21:59:42 2026] PUT /v2.0/floatingips/d0e8a0b4-0576-4c26-9f64-71f2f87a6969/tags => generated 34 bytes in 67 msecs (HTTP/1.1 200) 4 headers in 156 bytes (1 switches on core 0)
2026-07-30 21:59:42.401 7 INFO neutron.db.ovn_revision_numbers_db [None req-214d4031-0e44-4c5f-a39f-b0fb195dbe3f fafb5bcb51124b10a16cddd90fa256fe a8f186fe4739474aa1de5871b4e2288f - - default default] Successfully bumped revision number for resource ed493e49-8929-4871-a282-211d689b103c (type: ports) to 1 [pid: 8|app: 0|req: 189/418] 10.0.0.161 () {34 vars in 990 bytes} [Thu Jul 30 21:59:42 2026] GET /v2.0/ports?device_id=998e69e5-9acc-419a-bd64-5c3c1c10ea2f => generated 12 bytes in 17 msecs (HTTP/1.1 200) 4 headers in 156 bytes (1 switches on core 0) [pid: 8|app: 0|req: 190/419] 10.0.0.59 () {32 vars in 648 bytes} [Thu Jul 30 21:59:42 2026] GET /v2.0/networks => generated 689 bytes in 35 msecs (HTTP/1.1 200) 4 headers in 157 bytes (1 switches on core 0) [pid: 8|app: 0|req: 191/420] 199.19.213.179 () {34 vars in 1050 bytes} [Thu Jul 30 21:59:42 2026] GET /v2.0/security-groups?fields=id&fields=name&tenant_id=27a1cbca9bc84e6396d50de4b7423ee4 => generated 180 bytes in 48 msecs (HTTP/1.1 200) 4 headers in 157 bytes (1 switches on core 0) [pid: 7|app: 0|req: 230/421] 10.0.0.59 () {34 vars in 669 bytes} [Thu Jul 30 21:59:41 2026] POST /v2.0/networks => generated 651 bytes in 742 msecs (HTTP/1.1 201) 4 headers in 162 bytes (1 switches on core 0) [pid: 8|app: 0|req: 192/422] 10.0.0.59 () {34 vars in 758 bytes} [Thu Jul 30 21:59:42 2026] PUT /v2.0/floatingips/119363dd-f070-497e-8d84-21d152b6d90c/tags => generated 19 bytes in 105 msecs (HTTP/1.1 200) 4 headers in 156 bytes (1 switches on core 0)
2026-07-30 21:59:42.619 7 INFO neutron.db.segments_db [None req-de36a022-61e0-4164-a316-4e0fc61df92d 48951791964c4329b03cc8d59f571da7 3ebe2031f2a940659168a7eebb330c91 - - default default] Added segment cceb9adb-4336-4d30-861e-d5f2d94ebecc of type geneve for network c6e9e964-60bd-4c12-8039-b2c738d86a0f
2026-07-30 21:59:42.822 7 INFO neutron.db.ovn_revision_numbers_db [None req-de36a022-61e0-4164-a316-4e0fc61df92d 48951791964c4329b03cc8d59f571da7 3ebe2031f2a940659168a7eebb330c91 - - default default] Successfully bumped revision number for resource c6e9e964-60bd-4c12-8039-b2c738d86a0f (type: networks) to 1
2026-07-30 21:59:42.975 8 WARNING neutron.scheduler.dhcp_agent_scheduler [req-10899dd3-e049-4c58-bd98-0a82a0e33659 req-7ad80b64-3d3d-42b3-a5d5-8ee74ad9d78b 868f9d6f3b7a4817b21b2005f673de26 27a1cbca9bc84e6396d50de4b7423ee4 - - default default] No more DHCP agents
2026-07-30 21:59:42.977 8 WARNING neutron.api.rpc.agentnotifiers.dhcp_rpc_agent_api [req-10899dd3-e049-4c58-bd98-0a82a0e33659 req-7ad80b64-3d3d-42b3-a5d5-8ee74ad9d78b 868f9d6f3b7a4817b21b2005f673de26 27a1cbca9bc84e6396d50de4b7423ee4 - - default default] Unable to schedule network 0656fae0-9d61-445f-b31e-8f3155c15de9: no agents available; will retry on subsequent port and subnet creation events.
2026-07-30 21:59:43.074 7 WARNING neutron.scheduler.dhcp_agent_scheduler [None req-de36a022-61e0-4164-a316-4e0fc61df92d 48951791964c4329b03cc8d59f571da7 3ebe2031f2a940659168a7eebb330c91 - - default default] No more DHCP agents
2026-07-30 21:59:43.075 7 WARNING neutron.api.rpc.agentnotifiers.dhcp_rpc_agent_api [None req-de36a022-61e0-4164-a316-4e0fc61df92d 48951791964c4329b03cc8d59f571da7 3ebe2031f2a940659168a7eebb330c91 - - default default] Unable to schedule network c6e9e964-60bd-4c12-8039-b2c738d86a0f: no agents available; will retry on subsequent port and subnet creation events.
2026-07-30 21:59:43.156 7 INFO neutron.plugins.ml2.drivers.ovn.mech_driver.mech_driver [None req-8d125212-f583-4c68-9352-9cf7ec2862d4 - - - - - -] OVN reports status down for port: cba848a9-eb96-4a2e-b0c2-b7acab77b6c2
2026-07-30 21:59:43.157 8 INFO neutron.db.ovn_revision_numbers_db [req-10899dd3-e049-4c58-bd98-0a82a0e33659 req-7ad80b64-3d3d-42b3-a5d5-8ee74ad9d78b 868f9d6f3b7a4817b21b2005f673de26 27a1cbca9bc84e6396d50de4b7423ee4 - - default default] Successfully bumped revision number for resource cba848a9-eb96-4a2e-b0c2-b7acab77b6c2 (type: ports) to 1
2026-07-30 21:59:43.238 8 INFO neutron.plugins.ml2.drivers.ovn.mech_driver.mech_driver [None req-76b22a38-847b-498d-b9ce-3a02320ad76b - - - - - -] OVN reports status down for port: 78e9919a-90f9-4930-b7b6-78d8094027bd
2026-07-30 21:59:43.271 7 INFO neutron.db.ovn_revision_numbers_db [None req-de36a022-61e0-4164-a316-4e0fc61df92d 48951791964c4329b03cc8d59f571da7 3ebe2031f2a940659168a7eebb330c91 - - default default] Successfully bumped revision number for resource 78e9919a-90f9-4930-b7b6-78d8094027bd (type: ports) to 1 [pid: 8|app: 0|req: 193/423] 199.19.213.179 () {38 vars in 955 bytes} [Thu Jul 30 21:59:42 2026] POST /v2.0/ports => generated 958 bytes in 723 msecs (HTTP/1.1 201) 4 headers in 162 bytes (1 switches on core 0) /var/lib/openstack/lib/python3.12/site-packages/pycadf/identifier.py:70: UserWarning: Invalid uuid: neutron. To ensure interoperability, identifiers should be a valid uuid. warnings.warn(('Invalid uuid: %s. To ensure interoperability, ' [pid: 7|app: 0|req: 231/424] 10.0.0.59 () {34 vars in 669 bytes} [Thu Jul 30 21:59:42 2026] POST /v2.0/networks => generated 672 bytes in 857 msecs (HTTP/1.1 201) 4 headers in 162 bytes (1 switches on core 0) [pid: 7|app: 0|req: 232/425] 10.0.0.59 () {32 vars in 671 bytes} [Thu Jul 30 21:59:43 2026] GET /v2.0/floatingips?tags=red => generated 1671 bytes in 63 msecs (HTTP/1.1 200) 4 headers in 158 bytes (1 switches on core 0)
2026-07-30 21:59:43.425 8 INFO neutron.services.segments.plugin [-] Segment 1f045d4c-fccc-499c-b975-4a2c6dec46eb resource provider aggregate not found
2026-07-30 21:59:43.433 8 INFO neutron.services.segments.plugin [-] Segment 1f045d4c-fccc-499c-b975-4a2c6dec46eb resource provider aggregate not found
2026-07-30 21:59:43.456 8 INFO neutron.services.segments.plugin [-] Segment 1f045d4c-fccc-499c-b975-4a2c6dec46eb resource provider not found; error: Placement Client Error (4xx): {"errors": [{"status": 404, "title": "Not Found", "detail": "The resource could not be found.\n\n No resource provider with uuid 1f045d4c-fccc-499c-b975-4a2c6dec46eb found for delete ", "request_id": "req-3889e60c-c959-4dce-8bbe-c429e7ea81d0"}]}
2026-07-30 21:59:43.458 8 INFO neutron.services.segments.plugin [-] Segment 1f045d4c-fccc-499c-b975-4a2c6dec46eb resource provider not found; error: Placement Client Error (4xx): {"errors": [{"status": 404, "title": "Not Found", "detail": "The resource could not be found.\n\n No resource provider with uuid 1f045d4c-fccc-499c-b975-4a2c6dec46eb found for delete ", "request_id": "req-2330f93e-2369-4415-95c5-6b7d2bdc705d"}]}
2026-07-30 21:59:43.526 7 INFO neutron.db.segments_db [None req-52822191-53fc-4ae1-a635-adc45dce3414 48951791964c4329b03cc8d59f571da7 3ebe2031f2a940659168a7eebb330c91 - - default default] Added segment 5d511dad-32cf-43e5-8f0b-f70f2ffb1107 of type geneve for network 63626a14-3222-45ae-aac8-94c924170f9f
2026-07-30 21:59:43.573 8 WARNING neutron.scheduler.dhcp_agent_scheduler [None req-16c37d63-4571-4529-9d5d-77d6dc025e53 fafb5bcb51124b10a16cddd90fa256fe a8f186fe4739474aa1de5871b4e2288f - - default default] No more DHCP agents
2026-07-30 21:59:43.575 8 WARNING neutron.api.rpc.agentnotifiers.dhcp_rpc_agent_api [None req-16c37d63-4571-4529-9d5d-77d6dc025e53 fafb5bcb51124b10a16cddd90fa256fe a8f186fe4739474aa1de5871b4e2288f - - default default] Unable to schedule network f0fd022d-e681-4297-a7c1-ea46815951b2: no agents available; will retry on subsequent port and subnet creation events.
2026-07-30 21:59:43.794 7 INFO neutron.db.ovn_revision_numbers_db [None req-52822191-53fc-4ae1-a635-adc45dce3414 48951791964c4329b03cc8d59f571da7 3ebe2031f2a940659168a7eebb330c91 - - default default] Successfully bumped revision number for resource 63626a14-3222-45ae-aac8-94c924170f9f (type: networks) to 1
2026-07-30 21:59:43.968 7 WARNING neutron.scheduler.dhcp_agent_scheduler [None req-52822191-53fc-4ae1-a635-adc45dce3414 48951791964c4329b03cc8d59f571da7 3ebe2031f2a940659168a7eebb330c91 - - default default] No more DHCP agents
2026-07-30 21:59:43.970 7 WARNING neutron.api.rpc.agentnotifiers.dhcp_rpc_agent_api [None req-52822191-53fc-4ae1-a635-adc45dce3414 48951791964c4329b03cc8d59f571da7 3ebe2031f2a940659168a7eebb330c91 - - default default] Unable to schedule network 63626a14-3222-45ae-aac8-94c924170f9f: no agents available; will retry on subsequent port and subnet creation events.
2026-07-30 21:59:44.024 7 INFO neutron.plugins.ml2.drivers.ovn.mech_driver.mech_driver [None req-8d125212-f583-4c68-9352-9cf7ec2862d4 - - - - - -] OVN reports status down for port: 936647d5-5c67-4bff-be3a-b64120e8e9dc
2026-07-30 21:59:44.135 8 INFO neutron.db.ovn_revision_numbers_db [None req-dec902bc-752b-40fe-a40e-f36b845e3c24 - - - - - -] Successfully bumped revision number for resource ed493e49-8929-4871-a282-211d689b103c (type: ports) to 2
2026-07-30 21:59:44.161 7 INFO neutron.db.ovn_revision_numbers_db [None req-52822191-53fc-4ae1-a635-adc45dce3414 48951791964c4329b03cc8d59f571da7 3ebe2031f2a940659168a7eebb330c91 - - default default] Successfully bumped revision number for resource 936647d5-5c67-4bff-be3a-b64120e8e9dc (type: ports) to 1
2026-07-30 21:59:44.216 8 INFO neutron.db.ovn_revision_numbers_db [None req-dec902bc-752b-40fe-a40e-f36b845e3c24 - - - - - -] Successfully bumped revision number for resource dbef238d-c869-42d0-9f75-0ae5af001fe5 (type: subnets) to 0 [pid: 7|app: 0|req: 233/426] 10.0.0.59 () {34 vars in 669 bytes} [Thu Jul 30 21:59:43 2026] POST /v2.0/networks => generated 673 bytes in 811 msecs (HTTP/1.1 201) 4 headers in 162 bytes (1 switches on core 0) [pid: 8|app: 0|req: 194/427] 10.0.0.59 () {34 vars in 668 bytes} [Thu Jul 30 21:59:43 2026] POST /v2.0/subnets => generated 626 bytes in 949 msecs (HTTP/1.1 201) 4 headers in 162 bytes (1 switches on core 0) [pid: 7|app: 0|req: 234/428] 10.0.0.59 () {32 vars in 685 bytes} [Thu Jul 30 21:59:44 2026] GET /v2.0/floatingips?tags=red%2Cblue => generated 1128 bytes in 57 msecs (HTTP/1.1 200) 4 headers in 158 bytes (1 switches on core 0) [pid: 8|app: 0|req: 195/429] 10.0.0.161 () {34 vars in 990 bytes} [Thu Jul 30 21:59:44 2026] GET /v2.0/ports?device_id=998e69e5-9acc-419a-bd64-5c3c1c10ea2f => generated 961 bytes in 37 msecs (HTTP/1.1 200) 4 headers in 157 bytes (1 switches on core 0)
2026-07-30 21:59:44.804 8 WARNING neutron.scheduler.dhcp_agent_scheduler [None req-776577b4-6172-4d49-98bf-b3f8eaa6ce54 48951791964c4329b03cc8d59f571da7 3ebe2031f2a940659168a7eebb330c91 - - default default] No more DHCP agents
2026-07-30 21:59:44.806 8 WARNING neutron.api.rpc.agentnotifiers.dhcp_rpc_agent_api [None req-776577b4-6172-4d49-98bf-b3f8eaa6ce54 48951791964c4329b03cc8d59f571da7 3ebe2031f2a940659168a7eebb330c91 - - default default] Unable to schedule network c6e9e964-60bd-4c12-8039-b2c738d86a0f: no agents available; will retry on subsequent port and subnet creation events.
2026-07-30 21:59:44.899 8 INFO neutron.plugins.ml2.drivers.ovn.mech_driver.mech_driver [None req-76b22a38-847b-498d-b9ce-3a02320ad76b - - - - - -] OVN reports status down for port: be12c7fe-d72e-4066-bd6b-7e1af94f0ab2
2026-07-30 21:59:44.960 7 INFO neutron.db.ovn_revision_numbers_db [req-10899dd3-e049-4c58-bd98-0a82a0e33659 req-0081e10f-a366-4ccd-8ce1-e7221dd84491 b89048a3439e4d989f5ff83a4e2acfbc 0c1d918e4d6d466b981bc01d1604009b - - 0576c8155f5742c2912d88b402875de0 0576c8155f5742c2912d88b402875de0] Successfully bumped revision number for resource cba848a9-eb96-4a2e-b0c2-b7acab77b6c2 (type: ports) to 2
2026-07-30 21:59:44.990 8 INFO neutron.db.ovn_revision_numbers_db [None req-776577b4-6172-4d49-98bf-b3f8eaa6ce54 48951791964c4329b03cc8d59f571da7 3ebe2031f2a940659168a7eebb330c91 - - default default] Successfully bumped revision number for resource be12c7fe-d72e-4066-bd6b-7e1af94f0ab2 (type: ports) to 1
2026-07-30 21:59:45.064 8 WARNING neutron.scheduler.dhcp_agent_scheduler [None req-776577b4-6172-4d49-98bf-b3f8eaa6ce54 48951791964c4329b03cc8d59f571da7 3ebe2031f2a940659168a7eebb330c91 - - default default] No more DHCP agents
2026-07-30 21:59:45.066 8 WARNING neutron.api.rpc.agentnotifiers.dhcp_rpc_agent_api [None req-776577b4-6172-4d49-98bf-b3f8eaa6ce54 48951791964c4329b03cc8d59f571da7 3ebe2031f2a940659168a7eebb330c91 - - default default] Unable to schedule network 63626a14-3222-45ae-aac8-94c924170f9f: no agents available; will retry on subsequent port and subnet creation events.
2026-07-30 21:59:45.142 7 INFO neutron.plugins.ml2.drivers.ovn.mech_driver.mech_driver [None req-8d125212-f583-4c68-9352-9cf7ec2862d4 - - - - - -] OVN reports status down for port: f5420e8c-81d2-46e3-be47-f172873317ca
2026-07-30 21:59:45.179 8 INFO neutron.db.ovn_revision_numbers_db [None req-776577b4-6172-4d49-98bf-b3f8eaa6ce54 48951791964c4329b03cc8d59f571da7 3ebe2031f2a940659168a7eebb330c91 - - default default] Successfully bumped revision number for resource f5420e8c-81d2-46e3-be47-f172873317ca (type: ports) to 1
2026-07-30 21:59:45.296 7 INFO neutron.db.ovn_revision_numbers_db [req-10899dd3-e049-4c58-bd98-0a82a0e33659 req-0081e10f-a366-4ccd-8ce1-e7221dd84491 b89048a3439e4d989f5ff83a4e2acfbc 0c1d918e4d6d466b981bc01d1604009b - - 0576c8155f5742c2912d88b402875de0 0576c8155f5742c2912d88b402875de0] Successfully bumped revision number for resource cba848a9-eb96-4a2e-b0c2-b7acab77b6c2 (type: ports) to 4 [pid: 8|app: 0|req: 196/430] 10.0.0.59 () {34 vars in 664 bytes} [Thu Jul 30 21:59:44 2026] POST /v2.0/ports => generated 1505 bytes in 1006 msecs (HTTP/1.1 201) 4 headers in 163 bytes (1 switches on core 0) /var/lib/openstack/lib/python3.12/site-packages/pycadf/identifier.py:70: UserWarning: Invalid uuid: neutron. To ensure interoperability, identifiers should be a valid uuid. warnings.warn(('Invalid uuid: %s. To ensure interoperability, ' [pid: 7|app: 0|req: 235/431] 199.19.213.179 () {38 vars in 1028 bytes} [Thu Jul 30 21:59:44 2026] PUT /v2.0/ports/cba848a9-eb96-4a2e-b0c2-b7acab77b6c2 => generated 1208 bytes in 1039 msecs (HTTP/1.1 200) 4 headers in 158 bytes (1 switches on core 0) /var/lib/openstack/lib/python3.12/site-packages/pycadf/identifier.py:70: UserWarning: Invalid uuid: neutron. To ensure interoperability, identifiers should be a valid uuid. warnings.warn(('Invalid uuid: %s. To ensure interoperability, ' [pid: 7|app: 0|req: 236/432] 10.0.0.59 () {32 vars in 681 bytes} [Thu Jul 30 21:59:45 2026] GET /v2.0/floatingips?tags-any=blue => generated 1128 bytes in 59 msecs (HTTP/1.1 200) 4 headers in 158 bytes (1 switches on core 0) [pid: 7|app: 0|req: 237/433] 10.0.0.161 () {34 vars in 1040 bytes} [Thu Jul 30 21:59:45 2026] GET /v2.0/security-groups?id=10ee53dd-5432-4dda-be6c-54b786be3f90&fields=id&fields=name => generated 113 bytes in 40 msecs (HTTP/1.1 200) 4 headers in 157 bytes (1 switches on core 0) [pid: 7|app: 0|req: 238/434] 10.0.0.59 () {32 vars in 642 bytes} [Thu Jul 30 21:59:45 2026] GET /v2.0/ports => generated 3017 bytes in 90 msecs (HTTP/1.1 200) 4 headers in 158 bytes (1 switches on core 0) [pid: 7|app: 0|req: 239/435] 10.0.0.59 () {32 vars in 693 bytes} [Thu Jul 30 21:59:45 2026] GET /v2.0/floatingips?tags-any=red%2Cblue => generated 1671 bytes in 28 msecs (HTTP/1.1 200) 4 headers in 158 bytes (1 switches on core 0)
2026-07-30 21:59:45.642 8 WARNING neutron.scheduler.dhcp_agent_scheduler [None req-3839bebf-4317-483f-b74f-bb6b839e1660 fafb5bcb51124b10a16cddd90fa256fe a8f186fe4739474aa1de5871b4e2288f - - default default] No more DHCP agents
2026-07-30 21:59:45.644 8 WARNING neutron.api.rpc.agentnotifiers.dhcp_rpc_agent_api [None req-3839bebf-4317-483f-b74f-bb6b839e1660 fafb5bcb51124b10a16cddd90fa256fe a8f186fe4739474aa1de5871b4e2288f - - default default] Unable to schedule network f0fd022d-e681-4297-a7c1-ea46815951b2: no agents available; will retry on subsequent port and subnet creation events.
2026-07-30 21:59:45.648 7 INFO neutron_taas.services.taas.taas_plugin [None req-585fc115-fed7-4bf9-9df5-1c444ae1de42 48951791964c4329b03cc8d59f571da7 3ebe2031f2a940659168a7eebb330c91 - - default default] TaaS: Handle Delete Port: be12c7fe-d72e-4066-bd6b-7e1af94f0ab2
2026-07-30 21:59:45.652 7 INFO neutron_taas.services.taas.tap_mirror_plugin [None req-585fc115-fed7-4bf9-9df5-1c444ae1de42 48951791964c4329b03cc8d59f571da7 3ebe2031f2a940659168a7eebb330c91 - - default default] Tap Mirror: Handle Delete Port: be12c7fe-d72e-4066-bd6b-7e1af94f0ab2
2026-07-30 21:59:45.782 7 INFO neutron.notifiers.nova [-] Nova event matching ['req-3a3a3f79-7d33-4682-83a0-098661778f0f'] response: {'name': 'network-changed', 'server_uuid': '998e69e5-9acc-419a-bd64-5c3c1c10ea2f', 'tag': 'cba848a9-eb96-4a2e-b0c2-b7acab77b6c2', 'status': 'completed', 'code': 200}
2026-07-30 21:59:45.801 7 INFO neutron.plugins.ml2.drivers.ovn.mech_driver.mech_driver [None req-8d125212-f583-4c68-9352-9cf7ec2862d4 - - - - - -] OVN reports status down for port: 69ae2574-d32f-45d5-ada1-47970a3cb8bb
2026-07-30 21:59:45.819 8 INFO neutron.db.ovn_revision_numbers_db [None req-3839bebf-4317-483f-b74f-bb6b839e1660 fafb5bcb51124b10a16cddd90fa256fe a8f186fe4739474aa1de5871b4e2288f - - default default] Successfully bumped revision number for resource 69ae2574-d32f-45d5-ada1-47970a3cb8bb (type: ports) to 1 [pid: 7|app: 0|req: 240/436] 10.0.0.59 () {32 vars in 719 bytes} [Thu Jul 30 21:59:45 2026] DELETE /v2.0/ports/be12c7fe-d72e-4066-bd6b-7e1af94f0ab2 => generated 0 bytes in 330 msecs (HTTP/1.1 204) 3 headers in 131 bytes (1 switches on core 0) [pid: 8|app: 0|req: 197/437] 10.0.0.59 () {34 vars in 664 bytes} [Thu Jul 30 21:59:45 2026] POST /v2.0/ports => generated 912 bytes in 580 msecs (HTTP/1.1 201) 4 headers in 162 bytes (1 switches on core 0) [pid: 7|app: 0|req: 241/438] 10.0.0.59 () {32 vars in 679 bytes} [Thu Jul 30 21:59:45 2026] GET /v2.0/floatingips?not-tags=red => generated 1100 bytes in 43 msecs (HTTP/1.1 200) 4 headers in 158 bytes (1 switches on core 0)
2026-07-30 21:59:46.005 8 INFO neutron_taas.services.taas.taas_plugin [None req-1ebbae0b-cc2c-48e8-885d-5ebba66dc922 48951791964c4329b03cc8d59f571da7 3ebe2031f2a940659168a7eebb330c91 - - default default] TaaS: Handle Delete Port: f5420e8c-81d2-46e3-be47-f172873317ca
2026-07-30 21:59:46.008 8 INFO neutron_taas.services.taas.tap_mirror_plugin [None req-1ebbae0b-cc2c-48e8-885d-5ebba66dc922 48951791964c4329b03cc8d59f571da7 3ebe2031f2a940659168a7eebb330c91 - - default default] Tap Mirror: Handle Delete Port: f5420e8c-81d2-46e3-be47-f172873317ca
