2026-07-30 22:00:21.562 8 INFO neutron.db.ovn_revision_numbers_db [None req-54072c56-d191-4a1f-9447-9b1aed7a2f89 240a1d428ec747c395162fc9081da9df 8a5a65ee0bf8444689e018a18315a671 - - default default] Successfully bumped revision number for resource 644d9432-aaa2-4be4-a5c4-63113eb21166 (type: security_groups) to 1 [pid: 7|app: 0|req: 336/632] 10.0.0.59 () {32 vars in 725 bytes} [Thu Jul 30 22:00:21 2026] DELETE /v2.0/networks/77f7ea75-d52c-4208-b73a-510aeb23b4ca => generated 0 bytes in 444 msecs (HTTP/1.1 204) 3 headers in 131 bytes (1 switches on core 0)
2026-07-30 22:00:21.658 8 INFO neutron.db.ovn_revision_numbers_db [None req-54072c56-d191-4a1f-9447-9b1aed7a2f89 240a1d428ec747c395162fc9081da9df 8a5a65ee0bf8444689e018a18315a671 - - default default] Successfully bumped revision number for resource 2860081e-a910-42c0-8044-46b13320c1a5 (type: security_group_rules) to 0
2026-07-30 22:00:21.691 7 INFO neutron_taas.services.taas.taas_plugin [None req-52dd0c1f-94d8-4c18-898c-5635f87c96b3 dcb410e58f1944b5a0bf2840b80bc7be 42cd358aff4c4759a487eaaf61c620dd - - default default] TaaS: Handle Delete Port: ff328179-04a4-46f2-a127-6547a95b8647
2026-07-30 22:00:21.694 7 INFO neutron_taas.services.taas.tap_mirror_plugin [None req-52dd0c1f-94d8-4c18-898c-5635f87c96b3 dcb410e58f1944b5a0bf2840b80bc7be 42cd358aff4c4759a487eaaf61c620dd - - default default] Tap Mirror: Handle Delete Port: ff328179-04a4-46f2-a127-6547a95b8647
2026-07-30 22:00:21.706 8 INFO neutron.db.ovn_revision_numbers_db [None req-54072c56-d191-4a1f-9447-9b1aed7a2f89 240a1d428ec747c395162fc9081da9df 8a5a65ee0bf8444689e018a18315a671 - - default default] Successfully bumped revision number for resource 49c625d4-380b-4f7a-a68e-1d9339fa85c4 (type: security_group_rules) to 0
2026-07-30 22:00:21.743 8 INFO neutron.db.ovn_revision_numbers_db [None req-54072c56-d191-4a1f-9447-9b1aed7a2f89 240a1d428ec747c395162fc9081da9df 8a5a65ee0bf8444689e018a18315a671 - - default default] Successfully bumped revision number for resource 4ea161f4-3082-46a0-b6f8-8e4f9666c4db (type: security_group_rules) to 0
2026-07-30 22:00:21.810 8 INFO neutron.db.ovn_revision_numbers_db [None req-54072c56-d191-4a1f-9447-9b1aed7a2f89 240a1d428ec747c395162fc9081da9df 8a5a65ee0bf8444689e018a18315a671 - - default default] Successfully bumped revision number for resource 58aa0f27-5115-4e42-a50f-837c53c1c935 (type: security_group_rules) to 0 [pid: 8|app: 0|req: 297/633] 10.0.0.59 () {32 vars in 773 bytes} [Thu Jul 30 22:00:21 2026] GET /v2.0/security-groups?tenant_id=063dd3f9315b41efb3c6407975438893&name=default => generated 2925 bytes in 651 msecs (HTTP/1.1 200) 4 headers in 158 bytes (1 switches on core 0)
2026-07-30 22:00:21.914 8 INFO neutron.db.securitygroups_db [None req-442d17b1-bb77-46c1-9b73-5f9b885a611e 868f9d6f3b7a4817b21b2005f673de26 27a1cbca9bc84e6396d50de4b7423ee4 - - default default] Project 27a1cbca9bc84e6396d50de4b7423ee4 added a security group rule with legacy IPv6 ICMP protocol name icmp, ipv6-icmp should be used instead. It was automatically converted. [pid: 7|app: 0|req: 337/634] 10.0.0.59 () {32 vars in 725 bytes} [Thu Jul 30 22:00:21 2026] DELETE /v2.0/networks/b818c248-1588-4dfc-8113-c40934792377 => generated 0 bytes in 416 msecs (HTTP/1.1 204) 3 headers in 131 bytes (1 switches on core 0)
2026-07-30 22:00:22.016 7 WARNING neutron.plugins.ml2.drivers.ovn.mech_driver.ovsdb.ovn_client [None req-7b6dac31-2fe2-49c0-8f63-e1789a8b7e22 - - - - - -] No port found with ID 3b3769b4-dda8-446c-9552-d8ef8730893b: RuntimeError: No port found with ID 3b3769b4-dda8-446c-9552-d8ef8730893b
2026-07-30 22:00:22.090 7 INFO neutron.services.segments.plugin [-] Segment c6a9dcbd-6b78-4612-80c3-11a9b5c18c4d resource provider aggregate not found
2026-07-30 22:00:22.113 7 INFO neutron.services.segments.plugin [-] Segment c6a9dcbd-6b78-4612-80c3-11a9b5c18c4d resource provider not found; error: Placement Client Error (4xx): {"errors": [{"status": 404, "title": "Not Found", "detail": "The resource could not be found.\n\n No resource provider with uuid c6a9dcbd-6b78-4612-80c3-11a9b5c18c4d found for delete ", "request_id": "req-2e290bd0-b62d-4312-80a8-f9558cb868de"}]}
2026-07-30 22:00:22.119 7 INFO neutron.services.segments.plugin [-] Segment c6a9dcbd-6b78-4612-80c3-11a9b5c18c4d resource provider aggregate not found
2026-07-30 22:00:22.120 8 INFO neutron.db.ovn_revision_numbers_db [None req-442d17b1-bb77-46c1-9b73-5f9b885a611e 868f9d6f3b7a4817b21b2005f673de26 27a1cbca9bc84e6396d50de4b7423ee4 - - default default] Successfully bumped revision number for resource 33cd874b-4f10-45f9-9ef3-e4b3c81ede39 (type: security_group_rules) to 0
2026-07-30 22:00:22.129 7 INFO neutron.services.segments.plugin [-] Segment 88dff244-de1e-4bbf-a7c5-2d923df00227 resource provider aggregate not found
2026-07-30 22:00:22.135 7 INFO neutron.db.segments_db [None req-ad95d8b1-dc6f-4f2a-80b4-928143cfa83c 82b2244dc9034da2b0f555dcf7508ca8 672e7cea0301493e9c0a3a694235d0d1 - - default default] Added segment f0411ecd-ff02-463e-bc7d-a4ef1366e77d of type geneve for network 9c3a6537-8820-4d09-8432-555bc7e035d8
2026-07-30 22:00:22.142 7 INFO neutron.services.segments.plugin [-] Segment c6a9dcbd-6b78-4612-80c3-11a9b5c18c4d resource provider not found; error: Placement Client Error (4xx): {"errors": [{"status": 404, "title": "Not Found", "detail": "The resource could not be found.\n\n No resource provider with uuid c6a9dcbd-6b78-4612-80c3-11a9b5c18c4d found for delete ", "request_id": "req-f47fe9d3-d995-4421-8080-e7d3f34a1956"}]}
2026-07-30 22:00:22.146 7 INFO neutron.services.segments.plugin [-] Segment 88dff244-de1e-4bbf-a7c5-2d923df00227 resource provider not found; error: Placement Client Error (4xx): {"errors": [{"status": 404, "title": "Not Found", "detail": "The resource could not be found.\n\n No resource provider with uuid 88dff244-de1e-4bbf-a7c5-2d923df00227 found for delete ", "request_id": "req-382cfe81-4124-4062-9e2b-c40c6f0e5c4a"}]}
2026-07-30 22:00:22.162 7 INFO neutron.services.segments.plugin [-] Segment 88dff244-de1e-4bbf-a7c5-2d923df00227 resource provider aggregate not found
2026-07-30 22:00:22.170 7 INFO neutron.services.segments.plugin [-] Segment f07c1313-e15a-4cde-bce1-858fe9550d73 resource provider aggregate not found [pid: 8|app: 0|req: 298/635] 10.0.0.59 () {34 vars in 694 bytes} [Thu Jul 30 22:00:21 2026] POST /v2.0/security-group-rules => generated 607 bytes in 326 msecs (HTTP/1.1 201) 4 headers in 162 bytes (1 switches on core 0)
2026-07-30 22:00:22.184 7 INFO neutron.services.segments.plugin [-] Segment 88dff244-de1e-4bbf-a7c5-2d923df00227 resource provider not found; error: Placement Client Error (4xx): {"errors": [{"status": 404, "title": "Not Found", "detail": "The resource could not be found.\n\n No resource provider with uuid 88dff244-de1e-4bbf-a7c5-2d923df00227 found for delete ", "request_id": "req-b3376378-f6d5-4298-89b2-3c3bd1fe0488"}]}
2026-07-30 22:00:22.189 7 INFO neutron.services.segments.plugin [-] Segment f07c1313-e15a-4cde-bce1-858fe9550d73 resource provider not found; error: Placement Client Error (4xx): {"errors": [{"status": 404, "title": "Not Found", "detail": "The resource could not be found.\n\n No resource provider with uuid f07c1313-e15a-4cde-bce1-858fe9550d73 found for delete ", "request_id": "req-a4269065-3be1-4125-a93b-41b65c2790ad"}]}
2026-07-30 22:00:22.203 7 INFO neutron.services.segments.plugin [-] Segment f07c1313-e15a-4cde-bce1-858fe9550d73 resource provider aggregate not found
2026-07-30 22:00:22.219 7 INFO neutron.services.segments.plugin [-] Segment f07c1313-e15a-4cde-bce1-858fe9550d73 resource provider not found; error: Placement Client Error (4xx): {"errors": [{"status": 404, "title": "Not Found", "detail": "The resource could not be found.\n\n No resource provider with uuid f07c1313-e15a-4cde-bce1-858fe9550d73 found for delete ", "request_id": "req-e634d22c-eebb-4c1c-aec2-61af4dc88a72"}]}
2026-07-30 22:00:22.347 7 INFO neutron.db.ovn_revision_numbers_db [None req-ad95d8b1-dc6f-4f2a-80b4-928143cfa83c 82b2244dc9034da2b0f555dcf7508ca8 672e7cea0301493e9c0a3a694235d0d1 - - default default] Successfully bumped revision number for resource 9c3a6537-8820-4d09-8432-555bc7e035d8 (type: networks) to 1
2026-07-30 22:00:22.565 7 WARNING neutron.scheduler.dhcp_agent_scheduler [None req-ad95d8b1-dc6f-4f2a-80b4-928143cfa83c 82b2244dc9034da2b0f555dcf7508ca8 672e7cea0301493e9c0a3a694235d0d1 - - default default] No more DHCP agents
2026-07-30 22:00:22.568 7 WARNING neutron.api.rpc.agentnotifiers.dhcp_rpc_agent_api [None req-ad95d8b1-dc6f-4f2a-80b4-928143cfa83c 82b2244dc9034da2b0f555dcf7508ca8 672e7cea0301493e9c0a3a694235d0d1 - - default default] Unable to schedule network 9c3a6537-8820-4d09-8432-555bc7e035d8: no agents available; will retry on subsequent port and subnet creation events. [pid: 8|app: 0|req: 299/636] 10.0.0.59 () {32 vars in 739 bytes} [Thu Jul 30 22:00:22 2026] DELETE /v2.0/security-groups/644d9432-aaa2-4be4-a5c4-63113eb21166 => generated 0 bytes in 408 msecs (HTTP/1.1 204) 2 headers in 112 bytes (1 switches on core 0)
2026-07-30 22:00:22.629 7 INFO neutron.plugins.ml2.drivers.ovn.mech_driver.mech_driver [None req-7b6dac31-2fe2-49c0-8f63-e1789a8b7e22 - - - - - -] OVN reports status down for port: 189324f5-1451-4c78-8af4-4aa27722d629
2026-07-30 22:00:22.732 7 INFO neutron.db.ovn_revision_numbers_db [None req-ad95d8b1-dc6f-4f2a-80b4-928143cfa83c 82b2244dc9034da2b0f555dcf7508ca8 672e7cea0301493e9c0a3a694235d0d1 - - default default] Successfully bumped revision number for resource 189324f5-1451-4c78-8af4-4aa27722d629 (type: ports) to 1
2026-07-30 22:00:22.768 8 INFO neutron.db.segments_db [None req-9eb91a47-c0e8-42b5-989b-8c9b802d3fa2 dcb410e58f1944b5a0bf2840b80bc7be 42cd358aff4c4759a487eaaf61c620dd - - default default] Added segment 4f5543c1-1168-44d3-b7e5-518600b88d2e of type geneve for network ef5822ce-5e49-4a75-b04e-60c65852e845 [pid: 7|app: 0|req: 338/637] 10.0.0.59 () {34 vars in 669 bytes} [Thu Jul 30 22:00:21 2026] POST /v2.0/networks => generated 653 bytes in 797 msecs (HTTP/1.1 201) 4 headers in 162 bytes (1 switches on core 0) /var/lib/openstack/lib/python3.12/site-packages/pycadf/identifier.py:70: UserWarning: Invalid uuid: neutron. To ensure interoperability, identifiers should be a valid uuid. warnings.warn(('Invalid uuid: %s. To ensure interoperability, '
2026-07-30 22:00:22.872 7 INFO neutron.db.securitygroups_db [None req-2e1bddad-6fcc-49af-aa26-abdd3379e48c 868f9d6f3b7a4817b21b2005f673de26 27a1cbca9bc84e6396d50de4b7423ee4 - - default default] Project 27a1cbca9bc84e6396d50de4b7423ee4 added a security group rule with legacy IPv6 ICMP protocol name icmp, ipv6-icmp should be used instead. It was automatically converted.
2026-07-30 22:00:22.937 8 INFO neutron.db.ovn_revision_numbers_db [None req-9eb91a47-c0e8-42b5-989b-8c9b802d3fa2 dcb410e58f1944b5a0bf2840b80bc7be 42cd358aff4c4759a487eaaf61c620dd - - default default] Successfully bumped revision number for resource ef5822ce-5e49-4a75-b04e-60c65852e845 (type: networks) to 1
2026-07-30 22:00:23.049 7 INFO neutron.db.ovn_revision_numbers_db [None req-2e1bddad-6fcc-49af-aa26-abdd3379e48c 868f9d6f3b7a4817b21b2005f673de26 27a1cbca9bc84e6396d50de4b7423ee4 - - default default] Successfully bumped revision number for resource 5782936a-af21-41f0-b9d0-89bd57b024d2 (type: security_group_rules) to 0 [pid: 7|app: 0|req: 339/638] 10.0.0.59 () {34 vars in 694 bytes} [Thu Jul 30 22:00:22 2026] POST /v2.0/security-group-rules => generated 606 bytes in 330 msecs (HTTP/1.1 201) 4 headers in 162 bytes (1 switches on core 0)
2026-07-30 22:00:23.143 8 WARNING neutron.scheduler.dhcp_agent_scheduler [None req-9eb91a47-c0e8-42b5-989b-8c9b802d3fa2 dcb410e58f1944b5a0bf2840b80bc7be 42cd358aff4c4759a487eaaf61c620dd - - default default] No more DHCP agents
2026-07-30 22:00:23.144 8 WARNING neutron.api.rpc.agentnotifiers.dhcp_rpc_agent_api [None req-9eb91a47-c0e8-42b5-989b-8c9b802d3fa2 dcb410e58f1944b5a0bf2840b80bc7be 42cd358aff4c4759a487eaaf61c620dd - - default default] Unable to schedule network ef5822ce-5e49-4a75-b04e-60c65852e845: no agents available; will retry on subsequent port and subnet creation events. [pid: 7|app: 0|req: 340/639] 10.0.0.59 () {32 vars in 773 bytes} [Thu Jul 30 22:00:23 2026] GET /v2.0/security-groups?tenant_id=d30afe8734654cccad24d137c5414446&name=default => generated 2925 bytes in 36 msecs (HTTP/1.1 200) 4 headers in 158 bytes (1 switches on core 0)
2026-07-30 22:00:23.213 7 INFO neutron.plugins.ml2.drivers.ovn.mech_driver.mech_driver [None req-7b6dac31-2fe2-49c0-8f63-e1789a8b7e22 - - - - - -] OVN reports status down for port: dc41051e-afb8-4753-9768-4ac0310af2ed
2026-07-30 22:00:23.255 8 INFO neutron.db.ovn_revision_numbers_db [None req-9eb91a47-c0e8-42b5-989b-8c9b802d3fa2 dcb410e58f1944b5a0bf2840b80bc7be 42cd358aff4c4759a487eaaf61c620dd - - default default] Successfully bumped revision number for resource dc41051e-afb8-4753-9768-4ac0310af2ed (type: ports) to 1 [pid: 8|app: 0|req: 300/640] 10.0.0.59 () {34 vars in 669 bytes} [Thu Jul 30 22:00:22 2026] POST /v2.0/networks => generated 648 bytes in 744 msecs (HTTP/1.1 201) 4 headers in 162 bytes (1 switches on core 0)
2026-07-30 22:00:23.473 7 WARNING neutron.scheduler.dhcp_agent_scheduler [None req-9ef16682-0db8-4259-96b8-237020aea344 82b2244dc9034da2b0f555dcf7508ca8 672e7cea0301493e9c0a3a694235d0d1 - - default default] No more DHCP agents
2026-07-30 22:00:23.475 7 WARNING neutron.api.rpc.agentnotifiers.dhcp_rpc_agent_api [None req-9ef16682-0db8-4259-96b8-237020aea344 82b2244dc9034da2b0f555dcf7508ca8 672e7cea0301493e9c0a3a694235d0d1 - - default default] Unable to schedule network 9c3a6537-8820-4d09-8432-555bc7e035d8: no agents available; will retry on subsequent port and subnet creation events.
2026-07-30 22:00:23.531 7 INFO neutron.db.ovn_revision_numbers_db [None req-9ef16682-0db8-4259-96b8-237020aea344 82b2244dc9034da2b0f555dcf7508ca8 672e7cea0301493e9c0a3a694235d0d1 - - default default] Successfully bumped revision number for resource 6f2207ca-c8ef-49d4-9acf-2dba59925c4c (type: subnets) to 0 [pid: 7|app: 0|req: 341/641] 10.0.0.59 () {34 vars in 668 bytes} [Thu Jul 30 22:00:23 2026] POST /v2.0/subnets => generated 646 bytes in 436 msecs (HTTP/1.1 201) 4 headers in 162 bytes (1 switches on core 0) [pid: 8|app: 0|req: 301/642] 10.0.0.59 () {32 vars in 739 bytes} [Thu Jul 30 22:00:23 2026] DELETE /v2.0/security-groups/b8f962b4-44fa-419a-bbc0-c80a2257105b => generated 0 bytes in 431 msecs (HTTP/1.1 204) 2 headers in 112 bytes (1 switches on core 0)
2026-07-30 22:00:23.866 7 WARNING neutron.scheduler.dhcp_agent_scheduler [None req-d18b64d8-6de8-44f2-b45d-0ae57b97c6c7 dcb410e58f1944b5a0bf2840b80bc7be 42cd358aff4c4759a487eaaf61c620dd - - default default] No more DHCP agents
2026-07-30 22:00:23.867 7 WARNING neutron.api.rpc.agentnotifiers.dhcp_rpc_agent_api [None req-d18b64d8-6de8-44f2-b45d-0ae57b97c6c7 dcb410e58f1944b5a0bf2840b80bc7be 42cd358aff4c4759a487eaaf61c620dd - - default default] Unable to schedule network ef5822ce-5e49-4a75-b04e-60c65852e845: no agents available; will retry on subsequent port and subnet creation events. [pid: 8|app: 0|req: 302/643] 10.0.0.59 () {32 vars in 648 bytes} [Thu Jul 30 22:00:23 2026] GET /v2.0/networks => generated 1374 bytes in 128 msecs (HTTP/1.1 200) 4 headers in 158 bytes (1 switches on core 0)
2026-07-30 22:00:24.102 8 INFO neutron.db.ovn_revision_numbers_db [None req-b596e1e8-b2be-48ce-b47f-c03245679fa0 82b2244dc9034da2b0f555dcf7508ca8 672e7cea0301493e9c0a3a694235d0d1 - - default default] Successfully bumped revision number for resource 25168f89-7cff-4aec-9074-159f47e6ce3a (type: routers) to 1 [pid: 8|app: 0|req: 303/644] 10.0.0.59 () {34 vars in 668 bytes} [Thu Jul 30 22:00:23 2026] POST /v2.0/routers => generated 607 bytes in 252 msecs (HTTP/1.1 201) 4 headers in 162 bytes (1 switches on core 0)
2026-07-30 22:00:24.375 8 INFO neutron.db.ovn_revision_numbers_db [None req-ba3406b7-9c98-426f-8f9d-ccc0a0038d9e 240a1d428ec747c395162fc9081da9df 8a5a65ee0bf8444689e018a18315a671 - - default default] Successfully bumped revision number for resource 3136b322-d708-4a24-844a-d2305aac5ee7 (type: security_groups) to 1
2026-07-30 22:00:24.423 8 INFO neutron.db.ovn_revision_numbers_db [None req-ba3406b7-9c98-426f-8f9d-ccc0a0038d9e 240a1d428ec747c395162fc9081da9df 8a5a65ee0bf8444689e018a18315a671 - - default default] Successfully bumped revision number for resource 0fa1115b-f15d-4d84-a0f7-b8f18e0c78ee (type: security_group_rules) to 0
2026-07-30 22:00:24.458 7 INFO neutron.db.ovn_revision_numbers_db [None req-b75e1498-c68f-4088-af7b-c95be3a0b09c - - - - - -] Successfully bumped revision number for resource dc41051e-afb8-4753-9768-4ac0310af2ed (type: ports) to 2
2026-07-30 22:00:24.490 8 INFO neutron.db.ovn_revision_numbers_db [None req-ba3406b7-9c98-426f-8f9d-ccc0a0038d9e 240a1d428ec747c395162fc9081da9df 8a5a65ee0bf8444689e018a18315a671 - - default default] Successfully bumped revision number for resource 1fb22a4f-b069-4924-a322-53685f715e17 (type: security_group_rules) to 0
2026-07-30 22:00:24.529 7 INFO neutron.db.ovn_revision_numbers_db [None req-b75e1498-c68f-4088-af7b-c95be3a0b09c - - - - - -] Successfully bumped revision number for resource c9ff0844-a13c-4f60-9e55-12c8ac0651e2 (type: subnets) to 0
2026-07-30 22:00:24.581 8 INFO neutron.db.ovn_revision_numbers_db [None req-ba3406b7-9c98-426f-8f9d-ccc0a0038d9e 240a1d428ec747c395162fc9081da9df 8a5a65ee0bf8444689e018a18315a671 - - default default] Successfully bumped revision number for resource 31bdcf50-d272-422e-84e9-32bf4ee54262 (type: security_group_rules) to 0 [pid: 7|app: 0|req: 342/645] 10.0.0.59 () {34 vars in 668 bytes} [Thu Jul 30 22:00:23 2026] POST /v2.0/subnets => generated 626 bytes in 1051 msecs (HTTP/1.1 201) 4 headers in 162 bytes (1 switches on core 0)
2026-07-30 22:00:24.672 8 INFO neutron.db.ovn_revision_numbers_db [None req-ba3406b7-9c98-426f-8f9d-ccc0a0038d9e 240a1d428ec747c395162fc9081da9df 8a5a65ee0bf8444689e018a18315a671 - - default default] Successfully bumped revision number for resource 9905a895-23d6-46ec-bd8c-c826ba80da40 (type: security_group_rules) to 0 [pid: 7|app: 0|req: 343/646] 10.0.0.161 () {34 vars in 1098 bytes} [Thu Jul 30 22:00:24 2026] GET /v2.0/security-groups?name=tempest-secgroup-smoke-457486848&fields=id&tenant_id=27a1cbca9bc84e6396d50de4b7423ee4 => generated 69 bytes in 42 msecs (HTTP/1.1 200) 4 headers in 156 bytes (1 switches on core 0) [pid: 8|app: 0|req: 304/647] 10.0.0.59 () {32 vars in 773 bytes} [Thu Jul 30 22:00:24 2026] GET /v2.0/security-groups?tenant_id=2b84593114ab41ab8b27e400cf402d25&name=default => generated 2925 bytes in 579 msecs (HTTP/1.1 200) 4 headers in 158 bytes (1 switches on core 0)
2026-07-30 22:00:24.960 8 INFO neutron.db.ovn_revision_numbers_db [None req-63462fc7-ce55-437a-b5e6-78fb865654b8 dcb410e58f1944b5a0bf2840b80bc7be 42cd358aff4c4759a487eaaf61c620dd - - default default] Successfully bumped revision number for resource f8883e33-743b-4e23-b3f3-ecd90da8c3dc (type: routers) to 1 [pid: 8|app: 0|req: 305/648] 10.0.0.59 () {34 vars in 668 bytes} [Thu Jul 30 22:00:24 2026] POST /v2.0/routers => generated 603 bytes in 275 msecs (HTTP/1.1 201) 4 headers in 162 bytes (1 switches on core 0) [pid: 8|app: 0|req: 306/649] 10.0.0.161 () {34 vars in 982 bytes} [Thu Jul 30 22:00:25 2026] GET /v2.0/networks?id=0656fae0-9d61-445f-b31e-8f3155c15de9 => generated 699 bytes in 49 msecs (HTTP/1.1 200) 4 headers in 157 bytes (1 switches on core 0)
2026-07-30 22:00:25.093 7 WARNING neutron.scheduler.dhcp_agent_scheduler [None req-4a1d8418-7315-4091-9661-7a382fb7f00a 82b2244dc9034da2b0f555dcf7508ca8 672e7cea0301493e9c0a3a694235d0d1 - - default default] No more DHCP agents
2026-07-30 22:00:25.095 7 WARNING neutron.api.rpc.agentnotifiers.dhcp_rpc_agent_api [None req-4a1d8418-7315-4091-9661-7a382fb7f00a 82b2244dc9034da2b0f555dcf7508ca8 672e7cea0301493e9c0a3a694235d0d1 - - default default] Unable to schedule network 9c3a6537-8820-4d09-8432-555bc7e035d8: no agents available; will retry on subsequent port and subnet creation events.
2026-07-30 22:00:25.201 8 INFO neutron.plugins.ml2.drivers.ovn.mech_driver.mech_driver [None req-18780359-d9a8-4cf3-8167-eb9a80c59aa8 - - - - - -] OVN reports status down for port: df54e4e6-9e01-44b5-adcd-a7a6092a097a
2026-07-30 22:00:25.230 7 INFO neutron.db.ovn_revision_numbers_db [None req-4a1d8418-7315-4091-9661-7a382fb7f00a 82b2244dc9034da2b0f555dcf7508ca8 672e7cea0301493e9c0a3a694235d0d1 - - default default] Successfully bumped revision number for resource df54e4e6-9e01-44b5-adcd-a7a6092a097a (type: ports) to 1 [pid: 8|app: 0|req: 307/650] 10.0.0.59 () {32 vars in 739 bytes} [Thu Jul 30 22:00:25 2026] DELETE /v2.0/security-groups/3136b322-d708-4a24-844a-d2305aac5ee7 => generated 0 bytes in 439 msecs (HTTP/1.1 204) 2 headers in 112 bytes (1 switches on core 0)
2026-07-30 22:00:25.889 8 INFO neutron.plugins.ml2.drivers.ovn.mech_driver.mech_driver [None req-18780359-d9a8-4cf3-8167-eb9a80c59aa8 - - - - - -] OVN reports status up for port: df54e4e6-9e01-44b5-adcd-a7a6092a097a
2026-07-30 22:00:25.929 7 WARNING neutron.scheduler.dhcp_agent_scheduler [None req-4a1d8418-7315-4091-9661-7a382fb7f00a 82b2244dc9034da2b0f555dcf7508ca8 672e7cea0301493e9c0a3a694235d0d1 - - default default] No more DHCP agents
2026-07-30 22:00:25.931 7 WARNING neutron.api.rpc.agentnotifiers.dhcp_rpc_agent_api [None req-4a1d8418-7315-4091-9661-7a382fb7f00a 82b2244dc9034da2b0f555dcf7508ca8 672e7cea0301493e9c0a3a694235d0d1 - - default default] Unable to schedule network 9c3a6537-8820-4d09-8432-555bc7e035d8: no agents available; will retry on subsequent port and subnet creation events.
2026-07-30 22:00:25.940 8 INFO neutron.plugins.ml2.plugin [None req-18780359-d9a8-4cf3-8167-eb9a80c59aa8 - - - - - -] Attempt 1 to provision port df54e4e6-9e01-44b5-adcd-a7a6092a097a
2026-07-30 22:00:26.031 8 WARNING neutron.scheduler.dhcp_agent_scheduler [None req-096415f1-d3a8-4087-81d6-d89ecf020dea dcb410e58f1944b5a0bf2840b80bc7be 42cd358aff4c4759a487eaaf61c620dd - - default default] No more DHCP agents
2026-07-30 22:00:26.034 8 WARNING neutron.api.rpc.agentnotifiers.dhcp_rpc_agent_api [None req-096415f1-d3a8-4087-81d6-d89ecf020dea dcb410e58f1944b5a0bf2840b80bc7be 42cd358aff4c4759a487eaaf61c620dd - - default default] Unable to schedule network ef5822ce-5e49-4a75-b04e-60c65852e845: no agents available; will retry on subsequent port and subnet creation events.
2026-07-30 22:00:26.176 7 INFO neutron.db.ovn_revision_numbers_db [None req-4a1d8418-7315-4091-9661-7a382fb7f00a 82b2244dc9034da2b0f555dcf7508ca8 672e7cea0301493e9c0a3a694235d0d1 - - default default] Successfully bumped revision number for resource df54e4e6-9e01-44b5-adcd-a7a6092a097a (type: router_ports) to 1 [pid: 7|app: 0|req: 344/651] 10.0.0.59 () {34 vars in 782 bytes} [Thu Jul 30 22:00:24 2026] PUT /v2.0/routers/25168f89-7cff-4aec-9074-159f47e6ce3a/add_router_interface => generated 309 bytes in 1495 msecs (HTTP/1.1 200) 4 headers in 157 bytes (1 switches on core 0) [pid: 7|app: 0|req: 345/652] 10.0.0.161 () {34 vars in 965 bytes} [Thu Jul 30 22:00:26 2026] GET /v2.0/quotas/27a1cbca9bc84e6396d50de4b7423ee4 => generated 292 bytes in 10 msecs (HTTP/1.1 200) 4 headers in 157 bytes (1 switches on core 0) [pid: 7|app: 0|req: 348/655] 10.0.0.59 () {32 vars in 716 bytes} [Thu Jul 30 22:00:26 2026] GET /v2.0/ports/df54e4e6-9e01-44b5-adcd-a7a6092a097a => generated 945 bytes in 55 msecs (HTTP/1.1 200) 4 headers in 157 bytes (1 switches on core 0) [pid: 7|app: 0|req: 349/656] 10.0.0.161 () {34 vars in 1002 bytes} [Thu Jul 30 22:00:26 2026] GET /v2.0/ports?tenant_id=27a1cbca9bc84e6396d50de4b7423ee4&fields=id => generated 149 bytes in 79 msecs (HTTP/1.1 200) 4 headers in 157 bytes (1 switches on core 0) [pid: 7|app: 0|req: 350/657] 10.0.0.59 () {32 vars in 716 bytes} [Thu Jul 30 22:00:26 2026] GET /v2.0/ports/df54e4e6-9e01-44b5-adcd-a7a6092a097a => generated 947 bytes in 50 msecs (HTTP/1.1 200) 4 headers in 157 bytes (1 switches on core 0) [pid: 7|app: 0|req: 351/658] 10.0.0.161 () {34 vars in 1008 bytes} [Thu Jul 30 22:00:26 2026] GET /v2.0/networks/0656fae0-9d61-445f-b31e-8f3155c15de9?fields=segments => generated 14 bytes in 41 msecs (HTTP/1.1 200) 4 headers in 156 bytes (1 switches on core 0)
2026-07-30 22:00:26.481 8 INFO neutron.db.ovn_revision_numbers_db [None req-096415f1-d3a8-4087-81d6-d89ecf020dea dcb410e58f1944b5a0bf2840b80bc7be 42cd358aff4c4759a487eaaf61c620dd - - default default] Successfully bumped revision number for resource f2cf99f1-f607-4c5e-a79d-3bcfa5d57ac6 (type: ports) to 1 [pid: 8|app: 0|req: 308/659] 10.0.0.59 () {34 vars in 664 bytes} [Thu Jul 30 22:00:25 2026] POST /v2.0/ports => generated 951 bytes in 1215 msecs (HTTP/1.1 201) 4 headers in 162 bytes (1 switches on core 0) /var/lib/openstack/lib/python3.12/site-packages/pycadf/identifier.py:70: UserWarning: Invalid uuid: neutron. To ensure interoperability, identifiers should be a valid uuid. warnings.warn(('Invalid uuid: %s. To ensure interoperability, '
2026-07-30 22:00:26.763 7 INFO neutron_taas.services.taas.taas_plugin [None req-aa340240-d855-479b-beb4-cdcf44793961 82b2244dc9034da2b0f555dcf7508ca8 672e7cea0301493e9c0a3a694235d0d1 - - default default] TaaS: Handle Delete Port: df54e4e6-9e01-44b5-adcd-a7a6092a097a
2026-07-30 22:00:26.768 7 INFO neutron_taas.services.taas.tap_mirror_plugin [None req-aa340240-d855-479b-beb4-cdcf44793961 82b2244dc9034da2b0f555dcf7508ca8 672e7cea0301493e9c0a3a694235d0d1 - - default default] Tap Mirror: Handle Delete Port: df54e4e6-9e01-44b5-adcd-a7a6092a097a [pid: 8|app: 0|req: 309/660] 10.0.0.161 () {34 vars in 1108 bytes} [Thu Jul 30 22:00:26 2026] GET /v2.0/networks/0656fae0-9d61-445f-b31e-8f3155c15de9?fields=provider%3Aphysical_network&fields=provider%3Anetwork_type => generated 79 bytes in 92 msecs (HTTP/1.1 200) 4 headers in 156 bytes (1 switches on core 0)
2026-07-30 22:00:26.831 8 INFO neutron.db.ovn_revision_numbers_db [None req-18780359-d9a8-4cf3-8167-eb9a80c59aa8 - - - - - -] Successfully bumped revision number for resource df54e4e6-9e01-44b5-adcd-a7a6092a097a (type: ports) to 2 [pid: 7|app: 0|req: 352/661] 10.0.0.59 () {34 vars in 788 bytes} [Thu Jul 30 22:00:26 2026] PUT /v2.0/routers/25168f89-7cff-4aec-9074-159f47e6ce3a/remove_router_interface => generated 309 bytes in 805 msecs (HTTP/1.1 200) 4 headers in 157 bytes (1 switches on core 0) /var/lib/openstack/lib/python3.12/site-packages/pycadf/identifier.py:70: UserWarning: Invalid uuid: neutron. To ensure interoperability, identifiers should be a valid uuid. warnings.warn(('Invalid uuid: %s. To ensure interoperability, ' [pid: 7|app: 0|req: 353/662] 10.0.0.161 () {34 vars in 990 bytes} [Thu Jul 30 22:00:27 2026] GET /v2.0/ports?device_id=022c25d3-3f76-444b-97d5-9918f448f06c => generated 12 bytes in 22 msecs (HTTP/1.1 200) 4 headers in 156 bytes (1 switches on core 0) [pid: 7|app: 0|req: 354/663] 10.0.0.59 () {32 vars in 735 bytes} [Thu Jul 30 22:00:27 2026] GET /v2.0/ports?device_id=25168f89-7cff-4aec-9074-159f47e6ce3a => generated 12 bytes in 20 msecs (HTTP/1.1 200) 4 headers in 156 bytes (1 switches on core 0)
2026-07-30 22:00:27.531 8 INFO neutron.db.ovn_revision_numbers_db [None req-e410ac15-bd26-46d8-b322-3126a4a64c82 dcb410e58f1944b5a0bf2840b80bc7be 42cd358aff4c4759a487eaaf61c620dd - - default default] Successfully bumped revision number for resource f2cf99f1-f607-4c5e-a79d-3bcfa5d57ac6 (type: ports) to 2 [pid: 7|app: 0|req: 355/664] 10.0.0.59 () {32 vars in 723 bytes} [Thu Jul 30 22:00:27 2026] DELETE /v2.0/routers/25168f89-7cff-4aec-9074-159f47e6ce3a => generated 0 bytes in 435 msecs (HTTP/1.1 204) 2 headers in 112 bytes (1 switches on core 0) [pid: 7|app: 0|req: 356/665] 10.0.0.59 () {32 vars in 723 bytes} [Thu Jul 30 22:00:27 2026] DELETE /v2.0/subnets/6f2207ca-c8ef-49d4-9acf-2dba59925c4c => generated 0 bytes in 205 msecs (HTTP/1.1 204) 3 headers in 131 bytes (1 switches on core 0)
2026-07-30 22:00:28.055 7 INFO neutron_taas.services.taas.taas_plugin [None req-4df7d76d-10d5-4214-9f57-ea6e396082db 82b2244dc9034da2b0f555dcf7508ca8 672e7cea0301493e9c0a3a694235d0d1 - - default default] TaaS: Handle Delete Port: 189324f5-1451-4c78-8af4-4aa27722d629
2026-07-30 22:00:28.058 7 INFO neutron_taas.services.taas.tap_mirror_plugin [None req-4df7d76d-10d5-4214-9f57-ea6e396082db 82b2244dc9034da2b0f555dcf7508ca8 672e7cea0301493e9c0a3a694235d0d1 - - default default] Tap Mirror: Handle Delete Port: 189324f5-1451-4c78-8af4-4aa27722d629
2026-07-30 22:00:28.251 8 WARNING neutron.scheduler.dhcp_agent_scheduler [None req-e410ac15-bd26-46d8-b322-3126a4a64c82 dcb410e58f1944b5a0bf2840b80bc7be 42cd358aff4c4759a487eaaf61c620dd - - default default] No more DHCP agents
2026-07-30 22:00:28.253 8 WARNING neutron.api.rpc.agentnotifiers.dhcp_rpc_agent_api [None req-e410ac15-bd26-46d8-b322-3126a4a64c82 dcb410e58f1944b5a0bf2840b80bc7be 42cd358aff4c4759a487eaaf61c620dd - - default default] Unable to schedule network ef5822ce-5e49-4a75-b04e-60c65852e845: no agents available; will retry on subsequent port and subnet creation events.
2026-07-30 22:00:28.286 7 INFO neutron.services.segments.plugin [-] Segment f0411ecd-ff02-463e-bc7d-a4ef1366e77d resource provider aggregate not found
2026-07-30 22:00:28.291 7 INFO neutron.services.segments.plugin [-] Segment f0411ecd-ff02-463e-bc7d-a4ef1366e77d resource provider aggregate not found
2026-07-30 22:00:28.308 7 INFO neutron.services.segments.plugin [-] Segment f0411ecd-ff02-463e-bc7d-a4ef1366e77d resource provider not found; error: Placement Client Error (4xx): {"errors": [{"status": 404, "title": "Not Found", "detail": "The resource could not be found.\n\n No resource provider with uuid f0411ecd-ff02-463e-bc7d-a4ef1366e77d found for delete ", "request_id": "req-dca8920f-ca54-48de-bcc2-17d2dd2c344b"}]}
2026-07-30 22:00:28.309 7 INFO neutron.services.segments.plugin [-] Segment f0411ecd-ff02-463e-bc7d-a4ef1366e77d resource provider not found; error: Placement Client Error (4xx): {"errors": [{"status": 404, "title": "Not Found", "detail": "The resource could not be found.\n\n No resource provider with uuid f0411ecd-ff02-463e-bc7d-a4ef1366e77d found for delete ", "request_id": "req-739583fc-7957-4b39-a958-dd220db75f77"}]} [pid: 7|app: 0|req: 357/666] 10.0.0.59 () {32 vars in 725 bytes} [Thu Jul 30 22:00:27 2026] DELETE /v2.0/networks/9c3a6537-8820-4d09-8432-555bc7e035d8 => generated 0 bytes in 452 msecs (HTTP/1.1 204) 3 headers in 131 bytes (1 switches on core 0) [pid: 7|app: 0|req: 358/667] 10.0.0.161 () {34 vars in 990 bytes} [Thu Jul 30 22:00:28 2026] GET /v2.0/ports?device_id=022c25d3-3f76-444b-97d5-9918f448f06c => generated 12 bytes in 16 msecs (HTTP/1.1 200) 4 headers in 156 bytes (1 switches on core 0)
2026-07-30 22:00:28.551 8 INFO neutron.db.ovn_revision_numbers_db [None req-e410ac15-bd26-46d8-b322-3126a4a64c82 dcb410e58f1944b5a0bf2840b80bc7be 42cd358aff4c4759a487eaaf61c620dd - - default default] Successfully bumped revision number for resource f2cf99f1-f607-4c5e-a79d-3bcfa5d57ac6 (type: router_ports) to 2 [pid: 8|app: 0|req: 310/668] 10.0.0.59 () {34 vars in 782 bytes} [Thu Jul 30 22:00:26 2026] PUT /v2.0/routers/f8883e33-743b-4e23-b3f3-ecd90da8c3dc/add_router_interface => generated 309 bytes in 1761 msecs (HTTP/1.1 200) 4 headers in 157 bytes (1 switches on core 0) /var/lib/openstack/lib/python3.12/site-packages/pycadf/identifier.py:70: UserWarning: Invalid uuid: neutron. To ensure interoperability, identifiers should be a valid uuid. warnings.warn(('Invalid uuid: %s. To ensure interoperability, ' [pid: 8|app: 0|req: 311/669] 10.0.0.59 () {32 vars in 716 bytes} [Thu Jul 30 22:00:28 2026] GET /v2.0/ports/f2cf99f1-f607-4c5e-a79d-3bcfa5d57ac6 => generated 1011 bytes in 40 msecs (HTTP/1.1 200) 4 headers in 158 bytes (1 switches on core 0)
2026-07-30 22:00:28.899 8 INFO neutron_taas.services.taas.taas_plugin [None req-2a99303e-b8aa-4641-8a12-1b6e9d23d20c dcb410e58f1944b5a0bf2840b80bc7be 42cd358aff4c4759a487eaaf61c620dd - - default default] TaaS: Handle Delete Port: f2cf99f1-f607-4c5e-a79d-3bcfa5d57ac6
2026-07-30 22:00:28.906 8 INFO neutron_taas.services.taas.tap_mirror_plugin [None req-2a99303e-b8aa-4641-8a12-1b6e9d23d20c dcb410e58f1944b5a0bf2840b80bc7be 42cd358aff4c4759a487eaaf61c620dd - - default default] Tap Mirror: Handle Delete Port: f2cf99f1-f607-4c5e-a79d-3bcfa5d57ac6
2026-07-30 22:00:28.947 7 WARNING neutron.scheduler.dhcp_agent_scheduler [None req-07f65d89-57d1-41bf-a105-a035b909635e 82b2244dc9034da2b0f555dcf7508ca8 672e7cea0301493e9c0a3a694235d0d1 - - default default] No more DHCP agents
2026-07-30 22:00:28.949 7 WARNING neutron.api.rpc.agentnotifiers.dhcp_rpc_agent_api [None req-07f65d89-57d1-41bf-a105-a035b909635e 82b2244dc9034da2b0f555dcf7508ca8 672e7cea0301493e9c0a3a694235d0d1 - - default default] Unable to schedule network 7772b128-453a-4114-b5f3-0605f982e242: no agents available; will retry on subsequent port and subnet creation events.
2026-07-30 22:00:29.102 7 INFO neutron.plugins.ml2.drivers.ovn.mech_driver.mech_driver [None req-7b6dac31-2fe2-49c0-8f63-e1789a8b7e22 - - - - - -] OVN reports status down for port: a207d041-b147-4f81-ad3a-ff6d0fad293b
2026-07-30 22:00:29.204 7 INFO neutron.db.ovn_revision_numbers_db [None req-07f65d89-57d1-41bf-a105-a035b909635e 82b2244dc9034da2b0f555dcf7508ca8 672e7cea0301493e9c0a3a694235d0d1 - - default default] Successfully bumped revision number for resource a207d041-b147-4f81-ad3a-ff6d0fad293b (type: ports) to 1 [pid: 8|app: 0|req: 312/670] 10.0.0.59 () {34 vars in 788 bytes} [Thu Jul 30 22:00:28 2026] PUT /v2.0/routers/f8883e33-743b-4e23-b3f3-ecd90da8c3dc/remove_router_interface => generated 309 bytes in 723 msecs (HTTP/1.1 200) 4 headers in 157 bytes (1 switches on core 0) /var/lib/openstack/lib/python3.12/site-packages/pycadf/identifier.py:70: UserWarning: Invalid uuid: neutron. To ensure interoperability, identifiers should be a valid uuid. warnings.warn(('Invalid uuid: %s. To ensure interoperability, '
2026-07-30 22:00:29.386 8 INFO neutron.api.v2.resource [None req-d284ad07-8f33-42be-b57d-24289e561bbe dcb410e58f1944b5a0bf2840b80bc7be 42cd358aff4c4759a487eaaf61c620dd - - default default] remove_router_interface failed (client error): The resource could not be found. [pid: 8|app: 0|req: 313/671] 10.0.0.59 () {34 vars in 788 bytes} [Thu Jul 30 22:00:29 2026] PUT /v2.0/routers/f8883e33-743b-4e23-b3f3-ecd90da8c3dc/remove_router_interface => generated 197 bytes in 48 msecs (HTTP/1.1 404) 4 headers in 164 bytes (1 switches on core 0) [pid: 8|app: 0|req: 314/672] 10.0.0.59 () {32 vars in 735 bytes} [Thu Jul 30 22:00:29 2026] GET /v2.0/ports?device_id=f8883e33-743b-4e23-b3f3-ecd90da8c3dc => generated 12 bytes in 17 msecs (HTTP/1.1 200) 4 headers in 156 bytes (1 switches on core 0) [pid: 8|app: 0|req: 315/673] 10.0.0.59 () {32 vars in 723 bytes} [Thu Jul 30 22:00:29 2026] DELETE /v2.0/routers/f8883e33-743b-4e23-b3f3-ecd90da8c3dc => generated 0 bytes in 323 msecs (HTTP/1.1 204) 2 headers in 112 bytes (1 switches on core 0) [pid: 8|app: 0|req: 316/674] 10.0.0.161 () {34 vars in 990 bytes} [Thu Jul 30 22:00:29 2026] GET /v2.0/ports?device_id=022c25d3-3f76-444b-97d5-9918f448f06c => generated 12 bytes in 17 msecs (HTTP/1.1 200) 4 headers in 156 bytes (1 switches on core 0)
2026-07-30 22:00:29.894 7 INFO neutron.plugins.ml2.drivers.ovn.mech_driver.ovsdb.commands [None req-284c261c-14b5-430c-a1ee-f98d03b09d43 - - - - - -] Schedule LRP lrp-a207d041-b147-4f81-ad3a-ff6d0fad293b on gateway 06631a6c-b3c1-4f31-a26f-63dffe6b6666 with priority 1
2026-07-30 22:00:29.941 7 INFO neutron.plugins.ml2.drivers.ovn.mech_driver.mech_driver [None req-7b6dac31-2fe2-49c0-8f63-e1789a8b7e22 - - - - - -] OVN reports status up for port: a207d041-b147-4f81-ad3a-ff6d0fad293b [pid: 8|app: 0|req: 317/675] 10.0.0.59 () {32 vars in 723 bytes} [Thu Jul 30 22:00:29 2026] DELETE /v2.0/subnets/c9ff0844-a13c-4f60-9e55-12c8ac0651e2 => generated 0 bytes in 249 msecs (HTTP/1.1 204) 3 headers in 131 bytes (1 switches on core 0)
2026-07-30 22:00:30.011 7 INFO neutron.plugins.ml2.plugin [None req-7b6dac31-2fe2-49c0-8f63-e1789a8b7e22 - - - - - -] Attempt 1 to provision port a207d041-b147-4f81-ad3a-ff6d0fad293b
2026-07-30 22:00:30.047 7 INFO neutron.db.ovn_revision_numbers_db [None req-07f65d89-57d1-41bf-a105-a035b909635e 82b2244dc9034da2b0f555dcf7508ca8 672e7cea0301493e9c0a3a694235d0d1 - - default default] Successfully bumped revision number for resource a207d041-b147-4f81-ad3a-ff6d0fad293b (type: router_ports) to 1
2026-07-30 22:00:30.139 8 INFO neutron_taas.services.taas.taas_plugin [None req-5802d912-cd15-407b-8673-9729036a17fd dcb410e58f1944b5a0bf2840b80bc7be 42cd358aff4c4759a487eaaf61c620dd - - default default] TaaS: Handle Delete Port: dc41051e-afb8-4753-9768-4ac0310af2ed
2026-07-30 22:00:30.149 8 INFO neutron_taas.services.taas.tap_mirror_plugin [None req-5802d912-cd15-407b-8673-9729036a17fd dcb410e58f1944b5a0bf2840b80bc7be 42cd358aff4c4759a487eaaf61c620dd - - default default] Tap Mirror: Handle Delete Port: dc41051e-afb8-4753-9768-4ac0310af2ed
2026-07-30 22:00:30.202 7 INFO neutron.db.ovn_revision_numbers_db [None req-07f65d89-57d1-41bf-a105-a035b909635e 82b2244dc9034da2b0f555dcf7508ca8 672e7cea0301493e9c0a3a694235d0d1 - - default default] Successfully bumped revision number for resource 8c91537b-2e08-4c34-b4cf-64099ddbc4fc (type: routers) to 2 [pid: 7|app: 0|req: 359/676] 10.0.0.59 () {34 vars in 668 bytes} [Thu Jul 30 22:00:28 2026] POST /v2.0/routers => generated 951 bytes in 1869 msecs (HTTP/1.1 201) 4 headers in 162 bytes (1 switches on core 0)
2026-07-30 22:00:30.391 8 INFO neutron.services.segments.plugin [-] Segment 4f5543c1-1168-44d3-b7e5-518600b88d2e resource provider aggregate not found
2026-07-30 22:00:30.393 8 INFO neutron.services.segments.plugin [-] Segment 4f5543c1-1168-44d3-b7e5-518600b88d2e resource provider aggregate not found
2026-07-30 22:00:30.409 8 INFO neutron.services.segments.plugin [-] Segment 4f5543c1-1168-44d3-b7e5-518600b88d2e resource provider not found; error: Placement Client Error (4xx): {"errors": [{"status": 404, "title": "Not Found", "detail": "The resource could not be found.\n\n No resource provider with uuid 4f5543c1-1168-44d3-b7e5-518600b88d2e found for delete ", "request_id": "req-25e9040c-950a-4d84-94ba-f0f7af37a046"}]}
2026-07-30 22:00:30.409 8 INFO neutron.services.segments.plugin [-] Segment 4f5543c1-1168-44d3-b7e5-518600b88d2e resource provider not found; error: Placement Client Error (4xx): {"errors": [{"status": 404, "title": "Not Found", "detail": "The resource could not be found.\n\n No resource provider with uuid 4f5543c1-1168-44d3-b7e5-518600b88d2e found for delete ", "request_id": "req-7a783f6b-13fd-4c2c-bbde-018794d7db1d"}]} [pid: 8|app: 0|req: 318/677] 10.0.0.59 () {32 vars in 725 bytes} [Thu Jul 30 22:00:30 2026] DELETE /v2.0/networks/ef5822ce-5e49-4a75-b04e-60c65852e845 => generated 0 bytes in 505 msecs (HTTP/1.1 204) 3 headers in 131 bytes (1 switches on core 0) [pid: 7|app: 0|req: 360/678] 10.0.0.59 () {34 vars in 675 bytes} [Thu Jul 30 22:00:30 2026] POST /v2.0/subnetpools => generated 516 bytes in 309 msecs (HTTP/1.1 201) 4 headers in 162 bytes (1 switches on core 0) [pid: 8|app: 0|req: 319/679] 10.0.0.59 () {32 vars in 720 bytes} [Thu Jul 30 22:00:30 2026] GET /v2.0/routers/8c91537b-2e08-4c34-b4cf-64099ddbc4fc => generated 957 bytes in 64 msecs (HTTP/1.1 200) 4 headers in 157 bytes (1 switches on core 0)
2026-07-30 22:00:30.737 7 INFO neutron.db.segments_db [None req-84a67062-a352-4306-8fc0-9d14001e13ec dcb410e58f1944b5a0bf2840b80bc7be 42cd358aff4c4759a487eaaf61c620dd - - default default] Added segment 5231bda6-3813-4893-b71a-bff800e85845 of type geneve for network 39d24990-d167-44e3-9da6-b597c500a773 [pid: 8|app: 0|req: 320/680] 10.0.0.59 () {34 vars in 675 bytes} [Thu Jul 30 22:00:30 2026] POST /v2.0/subnetpools => generated 516 bytes in 193 msecs (HTTP/1.1 201) 4 headers in 162 bytes (1 switches on core 0) [pid: 8|app: 0|req: 321/681] 10.0.0.59 () {32 vars in 646 bytes} [Thu Jul 30 22:00:30 2026] GET /v2.0/routers => generated 960 bytes in 116 msecs (HTTP/1.1 200) 4 headers in 157 bytes (1 switches on core 0)
2026-07-30 22:00:30.905 7 INFO neutron.db.ovn_revision_numbers_db [None req-84a67062-a352-4306-8fc0-9d14001e13ec dcb410e58f1944b5a0bf2840b80bc7be 42cd358aff4c4759a487eaaf61c620dd - - default default] Successfully bumped revision number for resource 39d24990-d167-44e3-9da6-b597c500a773 (type: networks) to 1 [pid: 8|app: 0|req: 322/682] 10.0.0.59 () {34 vars in 675 bytes} [Thu Jul 30 22:00:30 2026] POST /v2.0/subnetpools => generated 516 bytes in 159 msecs (HTTP/1.1 201) 4 headers in 162 bytes (1 switches on core 0) [pid: 8|app: 0|req: 323/683] 10.0.0.161 () {34 vars in 990 bytes} [Thu Jul 30 22:00:31 2026] GET /v2.0/ports?device_id=022c25d3-3f76-444b-97d5-9918f448f06c => generated 12 bytes in 16 msecs (HTTP/1.1 200) 4 headers in 156 bytes (1 switches on core 0)
2026-07-30 22:00:31.117 7 WARNING neutron.scheduler.dhcp_agent_scheduler [None req-84a67062-a352-4306-8fc0-9d14001e13ec dcb410e58f1944b5a0bf2840b80bc7be 42cd358aff4c4759a487eaaf61c620dd - - default default] No more DHCP agents
2026-07-30 22:00:31.118 7 WARNING neutron.api.rpc.agentnotifiers.dhcp_rpc_agent_api [None req-84a67062-a352-4306-8fc0-9d14001e13ec dcb410e58f1944b5a0bf2840b80bc7be 42cd358aff4c4759a487eaaf61c620dd - - default default] Unable to schedule network 39d24990-d167-44e3-9da6-b597c500a773: no agents available; will retry on subsequent port and subnet creation events.
2026-07-30 22:00:31.223 7 INFO neutron.db.ovn_revision_numbers_db [None req-84a67062-a352-4306-8fc0-9d14001e13ec dcb410e58f1944b5a0bf2840b80bc7be 42cd358aff4c4759a487eaaf61c620dd - - default default] Successfully bumped revision number for resource e93970d7-7d99-4e7e-934f-519ef6a92e04 (type: ports) to 1 [pid: 7|app: 0|req: 361/684] 10.0.0.59 () {34 vars in 669 bytes} [Thu Jul 30 22:00:30 2026] POST /v2.0/networks => generated 649 bytes in 694 msecs (HTTP/1.1 201) 4 headers in 162 bytes (1 switches on core 0) [pid: 7|app: 0|req: 362/685] 10.0.0.59 () {34 vars in 675 bytes} [Thu Jul 30 22:00:31 2026] POST /v2.0/subnetpools => generated 516 bytes in 147 msecs (HTTP/1.1 201) 4 headers in 162 bytes (1 switches on core 0)
2026-07-30 22:00:31.479 8 WARNING neutron.plugins.ml2.drivers.ovn.mech_driver.ovsdb.ovn_client [None req-287bbcca-6399-4b62-b478-c3c9f98fa7f4 - - - - - -] No port found with ID df54e4e6-9e01-44b5-adcd-a7a6092a097a: RuntimeError: No port found with ID df54e4e6-9e01-44b5-adcd-a7a6092a097a
2026-07-30 22:00:31.499 8 INFO neutron.plugins.ml2.drivers.ovn.mech_driver.mech_driver [None req-287bbcca-6399-4b62-b478-c3c9f98fa7f4 - - - - - -] OVN reports status down for port: f2cf99f1-f607-4c5e-a79d-3bcfa5d57ac6
2026-07-30 22:00:31.538 8 INFO neutron.plugins.ml2.drivers.ovn.mech_driver.mech_driver [None req-287bbcca-6399-4b62-b478-c3c9f98fa7f4 - - - - - -] OVN reports status up for port: f2cf99f1-f607-4c5e-a79d-3bcfa5d57ac6
2026-07-30 22:00:31.575 8 INFO neutron.plugins.ml2.drivers.ovn.mech_driver.mech_driver [None req-287bbcca-6399-4b62-b478-c3c9f98fa7f4 - - - - - -] OVN reports status down for port: e93970d7-7d99-4e7e-934f-519ef6a92e04
2026-07-30 22:00:31.621 8 INFO neutron.db.ovn_revision_numbers_db [None req-602da0b7-e1c9-47e5-b4c6-2ed8b1176ebb 82b2244dc9034da2b0f555dcf7508ca8 672e7cea0301493e9c0a3a694235d0d1 - - default default] Successfully bumped revision number for resource 8c91537b-2e08-4c34-b4cf-64099ddbc4fc (type: routers) to 3 [pid: 8|app: 0|req: 324/686] 10.0.0.59 () {34 vars in 740 bytes} [Thu Jul 30 22:00:31 2026] PUT /v2.0/routers/8c91537b-2e08-4c34-b4cf-64099ddbc4fc => generated 964 bytes in 565 msecs (HTTP/1.1 200) 4 headers in 157 bytes (1 switches on core 0)
2026-07-30 22:00:31.718 7 WARNING neutron.scheduler.dhcp_agent_scheduler [None req-fd41df19-ade1-46a8-9590-32eadb21e47a dcb410e58f1944b5a0bf2840b80bc7be 42cd358aff4c4759a487eaaf61c620dd - - default default] No more DHCP agents
2026-07-30 22:00:31.720 7 WARNING neutron.api.rpc.agentnotifiers.dhcp_rpc_agent_api [None req-fd41df19-ade1-46a8-9590-32eadb21e47a dcb410e58f1944b5a0bf2840b80bc7be 42cd358aff4c4759a487eaaf61c620dd - - default default] Unable to schedule network 39d24990-d167-44e3-9da6-b597c500a773: no agents available; will retry on subsequent port and subnet creation events. [pid: 8|app: 0|req: 325/687] 10.0.0.59 () {34 vars in 675 bytes} [Thu Jul 30 22:00:31 2026] POST /v2.0/subnetpools => generated 516 bytes in 167 msecs (HTTP/1.1 201) 4 headers in 162 bytes (1 switches on core 0) [pid: 8|app: 0|req: 326/688] 199.19.213.179 () {34 vars in 986 bytes} [Thu Jul 30 22:00:31 2026] GET /v2.0/networks?id=0656fae0-9d61-445f-b31e-8f3155c15de9 => generated 699 bytes in 42 msecs (HTTP/1.1 200) 4 headers in 157 bytes (1 switches on core 0) [pid: 8|app: 0|req: 327/689] 10.0.0.59 () {32 vars in 720 bytes} [Thu Jul 30 22:00:31 2026] GET /v2.0/routers/8c91537b-2e08-4c34-b4cf-64099ddbc4fc => generated 964 bytes in 58 msecs (HTTP/1.1 200) 4 headers in 157 bytes (1 switches on core 0) [pid: 8|app: 0|req: 328/690] 10.0.0.59 () {34 vars in 758 bytes} [Thu Jul 30 22:00:31 2026] PUT /v2.0/subnetpools/a333c30d-a54b-4d68-a3dc-6307b854a876/tags => generated 17 bytes in 84 msecs (HTTP/1.1 200) 4 headers in 156 bytes (1 switches on core 0) [pid: 8|app: 0|req: 329/691] 199.19.213.179 () {34 vars in 1050 bytes} [Thu Jul 30 22:00:31 2026] GET /v2.0/security-groups?fields=id&fields=name&tenant_id=27a1cbca9bc84e6396d50de4b7423ee4 => generated 272 bytes in 38 msecs (HTTP/1.1 200) 4 headers in 157 bytes (1 switches on core 0) [pid: 8|app: 0|req: 330/692] 10.0.0.59 () {32 vars in 735 bytes} [Thu Jul 30 22:00:32 2026] GET /v2.0/ports?device_id=8c91537b-2e08-4c34-b4cf-64099ddbc4fc => generated 12 bytes in 16 msecs (HTTP/1.1 200) 4 headers in 156 bytes (1 switches on core 0) [pid: 8|app: 0|req: 331/693] 10.0.0.59 () {34 vars in 758 bytes} [Thu Jul 30 22:00:32 2026] PUT /v2.0/subnetpools/82c2713c-33eb-45de-968a-b1e72700cf26/tags => generated 25 bytes in 60 msecs (HTTP/1.1 200) 4 headers in 156 bytes (1 switches on core 0)
2026-07-30 22:00:32.267 7 INFO neutron.db.ovn_revision_numbers_db [None req-231f5e72-a173-49a8-9df8-f6afe73f4fd0 - - - - - -] Successfully bumped revision number for resource e93970d7-7d99-4e7e-934f-519ef6a92e04 (type: ports) to 2
2026-07-30 22:00:32.326 7 INFO neutron.db.ovn_revision_numbers_db [None req-231f5e72-a173-49a8-9df8-f6afe73f4fd0 - - - - - -] Successfully bumped revision number for resource 47f44c53-67d5-42c6-9e28-4ee53b5afcb2 (type: subnets) to 0 [pid: 7|app: 0|req: 363/694] 10.0.0.59 () {34 vars in 668 bytes} [Thu Jul 30 22:00:31 2026] POST /v2.0/subnets => generated 626 bytes in 952 msecs (HTTP/1.1 201) 4 headers in 162 bytes (1 switches on core 0)
2026-07-30 22:00:32.468 8 WARNING neutron.scheduler.dhcp_agent_scheduler [req-f15c5c8c-ee50-4cda-8b35-7358d6eac83e req-54f565cc-7136-458c-b018-92be85b4e7f0 868f9d6f3b7a4817b21b2005f673de26 27a1cbca9bc84e6396d50de4b7423ee4 - - default default] No more DHCP agents
2026-07-30 22:00:32.470 8 WARNING neutron.api.rpc.agentnotifiers.dhcp_rpc_agent_api [req-f15c5c8c-ee50-4cda-8b35-7358d6eac83e req-54f565cc-7136-458c-b018-92be85b4e7f0 868f9d6f3b7a4817b21b2005f673de26 27a1cbca9bc84e6396d50de4b7423ee4 - - default default] Unable to schedule network 0656fae0-9d61-445f-b31e-8f3155c15de9: no agents available; will retry on subsequent port and subnet creation events.
2026-07-30 22:00:32.750 8 INFO neutron.db.ovn_revision_numbers_db [req-f15c5c8c-ee50-4cda-8b35-7358d6eac83e req-54f565cc-7136-458c-b018-92be85b4e7f0 868f9d6f3b7a4817b21b2005f673de26 27a1cbca9bc84e6396d50de4b7423ee4 - - default default] Successfully bumped revision number for resource 3c2d1879-b83d-40c0-8489-446e31c3a00d (type: ports) to 1 [pid: 8|app: 0|req: 332/695] 199.19.213.179 () {38 vars in 955 bytes} [Thu Jul 30 22:00:32 2026] POST /v2.0/ports => generated 954 bytes in 735 msecs (HTTP/1.1 201) 4 headers in 162 bytes (1 switches on core 0) /var/lib/openstack/lib/python3.12/site-packages/pycadf/identifier.py:70: UserWarning: Invalid uuid: neutron. To ensure interoperability, identifiers should be a valid uuid. warnings.warn(('Invalid uuid: %s. To ensure interoperability, ' [pid: 8|app: 0|req: 333/696] 10.0.0.59 () {34 vars in 758 bytes} [Thu Jul 30 22:00:32 2026] PUT /v2.0/subnetpools/20d254c9-8276-4be4-96a6-e345744cd13f/tags => generated 34 bytes in 68 msecs (HTTP/1.1 200) 4 headers in 156 bytes (1 switches on core 0)
2026-07-30 22:00:32.919 7 INFO neutron_taas.services.taas.taas_plugin [None req-218253ce-ddc7-44bf-ad81-7268bfc7c633 82b2244dc9034da2b0f555dcf7508ca8 672e7cea0301493e9c0a3a694235d0d1 - - default default] TaaS: Handle Delete Port: a207d041-b147-4f81-ad3a-ff6d0fad293b
2026-07-30 22:00:32.924 7 INFO neutron_taas.services.taas.tap_mirror_plugin [None req-218253ce-ddc7-44bf-ad81-7268bfc7c633 82b2244dc9034da2b0f555dcf7508ca8 672e7cea0301493e9c0a3a694235d0d1 - - default default] Tap Mirror: Handle Delete Port: a207d041-b147-4f81-ad3a-ff6d0fad293b [pid: 8|app: 0|req: 334/697] 10.0.0.161 () {34 vars in 990 bytes} [Thu Jul 30 22:00:32 2026] GET /v2.0/ports?device_id=022c25d3-3f76-444b-97d5-9918f448f06c => generated 957 bytes in 39 msecs (HTTP/1.1 200) 4 headers in 157 bytes (1 switches on core 0)
