2026-07-30 21:59:56.340 8 INFO neutron.db.ovn_revision_numbers_db [None req-cdea64e4-c725-4714-a1d2-b17025144a67 82b2244dc9034da2b0f555dcf7508ca8 672e7cea0301493e9c0a3a694235d0d1 - - default default] Successfully bumped revision number for resource 8e394120-4e36-4c5b-8671-99f4cffb7071 (type: security_group_rules) to 0 [pid: 7|app: 0|req: 275/507] 10.0.0.59 () {34 vars in 669 bytes} [Thu Jul 30 21:59:54 2026] POST /v2.0/networks => generated 649 bytes in 1654 msecs (HTTP/1.1 201) 4 headers in 162 bytes (1 switches on core 0) /var/lib/openstack/lib/python3.12/site-packages/pycadf/identifier.py:70: UserWarning: Invalid uuid: neutron. To ensure interoperability, identifiers should be a valid uuid. warnings.warn(('Invalid uuid: %s. To ensure interoperability, '
2026-07-30 21:59:56.401 8 INFO neutron.db.ovn_revision_numbers_db [None req-cdea64e4-c725-4714-a1d2-b17025144a67 82b2244dc9034da2b0f555dcf7508ca8 672e7cea0301493e9c0a3a694235d0d1 - - default default] Successfully bumped revision number for resource f6928023-b4c6-4d3d-b16e-f1c7229a25c5 (type: security_group_rules) to 0
2026-07-30 21:59:56.454 8 INFO neutron.db.ovn_revision_numbers_db [None req-cdea64e4-c725-4714-a1d2-b17025144a67 82b2244dc9034da2b0f555dcf7508ca8 672e7cea0301493e9c0a3a694235d0d1 - - default default] Successfully bumped revision number for resource fd21de68-5480-424e-96e5-ec7d66421cc9 (type: security_group_rules) to 0 [pid: 7|app: 0|req: 278/510] 10.0.0.161 () {34 vars in 990 bytes} [Thu Jul 30 21:59:56 2026] GET /v2.0/ports?device_id=998e69e5-9acc-419a-bd64-5c3c1c10ea2f => generated 975 bytes in 87 msecs (HTTP/1.1 200) 4 headers in 157 bytes (1 switches on core 0)
2026-07-30 21:59:56.547 8 INFO neutron.db.segments_db [None req-cdea64e4-c725-4714-a1d2-b17025144a67 82b2244dc9034da2b0f555dcf7508ca8 672e7cea0301493e9c0a3a694235d0d1 - - default default] Added segment 43d10eba-53f3-4ccb-9868-cffed8adee0c of type geneve for network d021690e-8ff9-456d-b1b6-c921a9e8a6e4
2026-07-30 21:59:56.593 7 INFO neutron.db.segments_db [None req-295dcf46-bc6b-4b3e-a1a2-d033792ec131 dcb410e58f1944b5a0bf2840b80bc7be 42cd358aff4c4759a487eaaf61c620dd - - default default] Added segment c6a9dcbd-6b78-4612-80c3-11a9b5c18c4d of type geneve for network 3845a1c7-4b88-4e09-b134-9f4ef86ffa84
2026-07-30 21:59:56.808 8 INFO neutron.db.ovn_revision_numbers_db [None req-cdea64e4-c725-4714-a1d2-b17025144a67 82b2244dc9034da2b0f555dcf7508ca8 672e7cea0301493e9c0a3a694235d0d1 - - default default] Successfully bumped revision number for resource d021690e-8ff9-456d-b1b6-c921a9e8a6e4 (type: networks) to 1
2026-07-30 21:59:56.900 7 INFO neutron.db.ovn_revision_numbers_db [None req-295dcf46-bc6b-4b3e-a1a2-d033792ec131 dcb410e58f1944b5a0bf2840b80bc7be 42cd358aff4c4759a487eaaf61c620dd - - default default] Successfully bumped revision number for resource 3845a1c7-4b88-4e09-b134-9f4ef86ffa84 (type: networks) to 1
2026-07-30 21:59:57.046 8 WARNING neutron.scheduler.dhcp_agent_scheduler [None req-cdea64e4-c725-4714-a1d2-b17025144a67 82b2244dc9034da2b0f555dcf7508ca8 672e7cea0301493e9c0a3a694235d0d1 - - default default] No more DHCP agents
2026-07-30 21:59:57.050 8 WARNING neutron.api.rpc.agentnotifiers.dhcp_rpc_agent_api [None req-cdea64e4-c725-4714-a1d2-b17025144a67 82b2244dc9034da2b0f555dcf7508ca8 672e7cea0301493e9c0a3a694235d0d1 - - default default] Unable to schedule network d021690e-8ff9-456d-b1b6-c921a9e8a6e4: no agents available; will retry on subsequent port and subnet creation events.
2026-07-30 21:59:57.110 8 INFO neutron.plugins.ml2.drivers.ovn.mech_driver.mech_driver [None req-76b22a38-847b-498d-b9ce-3a02320ad76b - - - - - -] OVN reports status down for port: 31bbe4cc-4e99-40f0-8302-398b2a21758a
2026-07-30 21:59:57.153 7 WARNING neutron.scheduler.dhcp_agent_scheduler [None req-295dcf46-bc6b-4b3e-a1a2-d033792ec131 dcb410e58f1944b5a0bf2840b80bc7be 42cd358aff4c4759a487eaaf61c620dd - - default default] No more DHCP agents
2026-07-30 21:59:57.154 7 WARNING neutron.api.rpc.agentnotifiers.dhcp_rpc_agent_api [None req-295dcf46-bc6b-4b3e-a1a2-d033792ec131 dcb410e58f1944b5a0bf2840b80bc7be 42cd358aff4c4759a487eaaf61c620dd - - default default] Unable to schedule network 3845a1c7-4b88-4e09-b134-9f4ef86ffa84: no agents available; will retry on subsequent port and subnet creation events.
2026-07-30 21:59:57.199 8 INFO neutron.db.ovn_revision_numbers_db [None req-cdea64e4-c725-4714-a1d2-b17025144a67 82b2244dc9034da2b0f555dcf7508ca8 672e7cea0301493e9c0a3a694235d0d1 - - default default] Successfully bumped revision number for resource 31bbe4cc-4e99-40f0-8302-398b2a21758a (type: ports) to 1
2026-07-30 21:59:57.261 8 INFO neutron.plugins.ml2.drivers.ovn.mech_driver.mech_driver [None req-76b22a38-847b-498d-b9ce-3a02320ad76b - - - - - -] OVN reports status down for port: 56b29224-5c9d-4d53-ab56-3145c27344bf
2026-07-30 21:59:57.274 7 INFO neutron.db.ovn_revision_numbers_db [None req-295dcf46-bc6b-4b3e-a1a2-d033792ec131 dcb410e58f1944b5a0bf2840b80bc7be 42cd358aff4c4759a487eaaf61c620dd - - default default] Successfully bumped revision number for resource 56b29224-5c9d-4d53-ab56-3145c27344bf (type: ports) to 1 [pid: 8|app: 0|req: 233/511] 10.0.0.59 () {34 vars in 669 bytes} [Thu Jul 30 21:59:55 2026] POST /v2.0/networks => generated 653 bytes in 1524 msecs (HTTP/1.1 201) 4 headers in 162 bytes (1 switches on core 0) [pid: 7|app: 0|req: 279/512] 10.0.0.59 () {34 vars in 669 bytes} [Thu Jul 30 21:59:56 2026] POST /v2.0/networks => generated 649 bytes in 850 msecs (HTTP/1.1 201) 4 headers in 162 bytes (1 switches on core 0) [pid: 8|app: 0|req: 234/513] 10.0.0.161 () {34 vars in 1040 bytes} [Thu Jul 30 21:59:57 2026] GET /v2.0/security-groups?id=10ee53dd-5432-4dda-be6c-54b786be3f90&fields=id&fields=name => generated 113 bytes in 60 msecs (HTTP/1.1 200) 4 headers in 157 bytes (1 switches on core 0)
2026-07-30 21:59:57.453 7 INFO neutron.db.segments_db [None req-dc019752-300e-484e-b885-edd08660ab9a 82b2244dc9034da2b0f555dcf7508ca8 672e7cea0301493e9c0a3a694235d0d1 - - default default] Added segment 7932abe4-855f-4b7c-99b9-7474cc0b085c of type geneve for network 6cd1941b-9d9a-4b8d-a889-d0d0050434b2
2026-07-30 21:59:57.513 7 INFO neutron.notifiers.nova [-] Nova event matching ['req-5dc723ea-07ed-4b33-bba7-8073b1ff30cc'] response: {'server_uuid': '998e69e5-9acc-419a-bd64-5c3c1c10ea2f', 'name': 'network-vif-plugged', 'status': 'completed', 'tag': 'cba848a9-eb96-4a2e-b0c2-b7acab77b6c2', 'code': 200}
2026-07-30 21:59:57.691 7 INFO neutron.db.ovn_revision_numbers_db [None req-dc019752-300e-484e-b885-edd08660ab9a 82b2244dc9034da2b0f555dcf7508ca8 672e7cea0301493e9c0a3a694235d0d1 - - default default] Successfully bumped revision number for resource 6cd1941b-9d9a-4b8d-a889-d0d0050434b2 (type: networks) to 1
2026-07-30 21:59:57.730 8 WARNING neutron.scheduler.dhcp_agent_scheduler [None req-92e10cbd-d9b6-43aa-a55f-2593b1809a2f dcb410e58f1944b5a0bf2840b80bc7be 42cd358aff4c4759a487eaaf61c620dd - - default default] No more DHCP agents
2026-07-30 21:59:57.731 8 WARNING neutron.api.rpc.agentnotifiers.dhcp_rpc_agent_api [None req-92e10cbd-d9b6-43aa-a55f-2593b1809a2f dcb410e58f1944b5a0bf2840b80bc7be 42cd358aff4c4759a487eaaf61c620dd - - default default] Unable to schedule network b818c248-1588-4dfc-8113-c40934792377: no agents available; will retry on subsequent port and subnet creation events.
2026-07-30 21:59:57.881 7 WARNING neutron.scheduler.dhcp_agent_scheduler [None req-dc019752-300e-484e-b885-edd08660ab9a 82b2244dc9034da2b0f555dcf7508ca8 672e7cea0301493e9c0a3a694235d0d1 - - default default] No more DHCP agents
2026-07-30 21:59:57.882 7 WARNING neutron.api.rpc.agentnotifiers.dhcp_rpc_agent_api [None req-dc019752-300e-484e-b885-edd08660ab9a 82b2244dc9034da2b0f555dcf7508ca8 672e7cea0301493e9c0a3a694235d0d1 - - default default] Unable to schedule network 6cd1941b-9d9a-4b8d-a889-d0d0050434b2: no agents available; will retry on subsequent port and subnet creation events.
2026-07-30 21:59:57.927 7 INFO neutron.plugins.ml2.drivers.ovn.mech_driver.mech_driver [None req-09af55b9-f335-4b5f-b9fd-c1c9e728975a - - - - - -] OVN reports status down for port: d3c9cc84-4149-4828-b3b5-c1fdce65088d
2026-07-30 21:59:58.005 7 INFO neutron.db.ovn_revision_numbers_db [None req-dc019752-300e-484e-b885-edd08660ab9a 82b2244dc9034da2b0f555dcf7508ca8 672e7cea0301493e9c0a3a694235d0d1 - - default default] Successfully bumped revision number for resource d3c9cc84-4149-4828-b3b5-c1fdce65088d (type: ports) to 1 [pid: 7|app: 0|req: 280/514] 10.0.0.59 () {34 vars in 669 bytes} [Thu Jul 30 21:59:57 2026] POST /v2.0/networks => generated 653 bytes in 737 msecs (HTTP/1.1 201) 4 headers in 162 bytes (1 switches on core 0)
2026-07-30 21:59:58.279 8 INFO neutron.db.ovn_revision_numbers_db [None req-5d62a887-8f30-4754-91b9-f558517454f1 - - - - - -] Successfully bumped revision number for resource ff328179-04a4-46f2-a127-6547a95b8647 (type: ports) to 2
2026-07-30 21:59:58.338 7 WARNING neutron.scheduler.dhcp_agent_scheduler [None req-5950b6c9-810d-4125-8ff8-63d9486cf279 82b2244dc9034da2b0f555dcf7508ca8 672e7cea0301493e9c0a3a694235d0d1 - - default default] No more DHCP agents
2026-07-30 21:59:58.339 7 WARNING neutron.api.rpc.agentnotifiers.dhcp_rpc_agent_api [None req-5950b6c9-810d-4125-8ff8-63d9486cf279 82b2244dc9034da2b0f555dcf7508ca8 672e7cea0301493e9c0a3a694235d0d1 - - default default] Unable to schedule network d021690e-8ff9-456d-b1b6-c921a9e8a6e4: no agents available; will retry on subsequent port and subnet creation events.
2026-07-30 21:59:58.352 8 INFO neutron.db.ovn_revision_numbers_db [None req-5d62a887-8f30-4754-91b9-f558517454f1 - - - - - -] Successfully bumped revision number for resource d289383f-677e-400c-a59a-7c15690d3540 (type: subnets) to 0 [pid: 8|app: 0|req: 235/515] 10.0.0.59 () {34 vars in 668 bytes} [Thu Jul 30 21:59:57 2026] POST /v2.0/subnets => generated 626 bytes in 1039 msecs (HTTP/1.1 201) 4 headers in 162 bytes (1 switches on core 0)
2026-07-30 21:59:58.423 7 INFO neutron.db.ovn_revision_numbers_db [None req-5950b6c9-810d-4125-8ff8-63d9486cf279 82b2244dc9034da2b0f555dcf7508ca8 672e7cea0301493e9c0a3a694235d0d1 - - default default] Successfully bumped revision number for resource 244e1e26-b0cb-4f7b-a716-c08139ff5b76 (type: subnets) to 0 [pid: 7|app: 0|req: 281/516] 10.0.0.59 () {34 vars in 668 bytes} [Thu Jul 30 21:59:58 2026] POST /v2.0/subnets => generated 646 bytes in 429 msecs (HTTP/1.1 201) 4 headers in 162 bytes (1 switches on core 0) [pid: 7|app: 0|req: 282/517] 10.0.0.161 () {34 vars in 990 bytes} [Thu Jul 30 21:59:58 2026] GET /v2.0/ports?device_id=998e69e5-9acc-419a-bd64-5c3c1c10ea2f => generated 975 bytes in 35 msecs (HTTP/1.1 200) 4 headers in 157 bytes (1 switches on core 0)
2026-07-30 21:59:58.742 8 WARNING neutron.scheduler.dhcp_agent_scheduler [None req-40b7a796-7302-4547-b605-ed09d3e433ba dcb410e58f1944b5a0bf2840b80bc7be 42cd358aff4c4759a487eaaf61c620dd - - default default] No more DHCP agents
2026-07-30 21:59:58.743 8 WARNING neutron.api.rpc.agentnotifiers.dhcp_rpc_agent_api [None req-40b7a796-7302-4547-b605-ed09d3e433ba dcb410e58f1944b5a0bf2840b80bc7be 42cd358aff4c4759a487eaaf61c620dd - - default default] Unable to schedule network 3845a1c7-4b88-4e09-b134-9f4ef86ffa84: no agents available; will retry on subsequent port and subnet creation events.
2026-07-30 21:59:58.883 7 WARNING neutron.scheduler.dhcp_agent_scheduler [None req-c7eb7b2a-5985-4b46-95ff-299e5a8f4c06 82b2244dc9034da2b0f555dcf7508ca8 672e7cea0301493e9c0a3a694235d0d1 - - default default] No more DHCP agents
2026-07-30 21:59:58.884 7 WARNING neutron.api.rpc.agentnotifiers.dhcp_rpc_agent_api [None req-c7eb7b2a-5985-4b46-95ff-299e5a8f4c06 82b2244dc9034da2b0f555dcf7508ca8 672e7cea0301493e9c0a3a694235d0d1 - - default default] Unable to schedule network 6cd1941b-9d9a-4b8d-a889-d0d0050434b2: no agents available; will retry on subsequent port and subnet creation events.
2026-07-30 21:59:58.943 7 INFO neutron.db.ovn_revision_numbers_db [None req-c7eb7b2a-5985-4b46-95ff-299e5a8f4c06 82b2244dc9034da2b0f555dcf7508ca8 672e7cea0301493e9c0a3a694235d0d1 - - default default] Successfully bumped revision number for resource 9b6426ed-2cf4-48da-a2e0-7e7abb84b641 (type: subnets) to 0 [pid: 7|app: 0|req: 283/518] 10.0.0.59 () {34 vars in 668 bytes} [Thu Jul 30 21:59:58 2026] POST /v2.0/subnets => generated 655 bytes in 454 msecs (HTTP/1.1 201) 4 headers in 162 bytes (1 switches on core 0) [pid: 7|app: 0|req: 284/519] 10.0.0.161 () {34 vars in 1040 bytes} [Thu Jul 30 21:59:58 2026] GET /v2.0/security-groups?id=10ee53dd-5432-4dda-be6c-54b786be3f90&fields=id&fields=name => generated 113 bytes in 32 msecs (HTTP/1.1 200) 4 headers in 157 bytes (1 switches on core 0)
2026-07-30 21:59:59.231 8 INFO neutron.db.ovn_revision_numbers_db [None req-7038b2f8-bec2-4e42-a695-3e10774d14fd - - - - - -] Successfully bumped revision number for resource 56b29224-5c9d-4d53-ab56-3145c27344bf (type: ports) to 2
2026-07-30 21:59:59.240 7 INFO neutron.db.ovn_revision_numbers_db [None req-67109d6e-dde4-40a1-8a0e-d6b60375b573 82b2244dc9034da2b0f555dcf7508ca8 672e7cea0301493e9c0a3a694235d0d1 - - default default] Successfully bumped revision number for resource 6ef7d2e6-6a0c-47ec-8223-b1ff82478be0 (type: routers) to 1 [pid: 7|app: 0|req: 285/520] 10.0.0.59 () {34 vars in 668 bytes} [Thu Jul 30 21:59:59 2026] POST /v2.0/routers => generated 607 bytes in 258 msecs (HTTP/1.1 201) 4 headers in 162 bytes (1 switches on core 0)
2026-07-30 21:59:59.307 8 INFO neutron.db.ovn_revision_numbers_db [None req-7038b2f8-bec2-4e42-a695-3e10774d14fd - - - - - -] Successfully bumped revision number for resource fcaba79f-622a-4757-b60d-a30e28be41f4 (type: subnets) to 0 [pid: 7|app: 0|req: 286/521] 10.0.0.161 () {34 vars in 990 bytes} [Thu Jul 30 21:59:59 2026] GET /v2.0/ports?device_id=998e69e5-9acc-419a-bd64-5c3c1c10ea2f => generated 975 bytes in 28 msecs (HTTP/1.1 200) 4 headers in 157 bytes (1 switches on core 0) [pid: 8|app: 0|req: 236/522] 10.0.0.59 () {34 vars in 668 bytes} [Thu Jul 30 21:59:58 2026] POST /v2.0/subnets => generated 626 bytes in 948 msecs (HTTP/1.1 201) 4 headers in 162 bytes (1 switches on core 0) [pid: 8|app: 0|req: 237/523] 10.0.0.161 () {34 vars in 1040 bytes} [Thu Jul 30 21:59:59 2026] GET /v2.0/security-groups?id=10ee53dd-5432-4dda-be6c-54b786be3f90&fields=id&fields=name => generated 113 bytes in 35 msecs (HTTP/1.1 200) 4 headers in 157 bytes (1 switches on core 0)
2026-07-30 21:59:59.637 8 INFO neutron.db.ovn_revision_numbers_db [None req-feec2752-22f8-45c4-a896-0aa54c6bcb89 dcb410e58f1944b5a0bf2840b80bc7be 42cd358aff4c4759a487eaaf61c620dd - - default default] Successfully bumped revision number for resource 6fce9c0f-0fd6-418f-92c6-8de471850c91 (type: routers) to 1 [pid: 8|app: 0|req: 238/524] 10.0.0.59 () {34 vars in 668 bytes} [Thu Jul 30 21:59:59 2026] POST /v2.0/routers => generated 603 bytes in 304 msecs (HTTP/1.1 201) 4 headers in 162 bytes (1 switches on core 0)
2026-07-30 21:59:59.746 7 WARNING neutron.scheduler.dhcp_agent_scheduler [None req-4f3d364b-640f-4820-99ac-6357600460b6 82b2244dc9034da2b0f555dcf7508ca8 672e7cea0301493e9c0a3a694235d0d1 - - default default] No more DHCP agents
2026-07-30 21:59:59.747 7 WARNING neutron.api.rpc.agentnotifiers.dhcp_rpc_agent_api [None req-4f3d364b-640f-4820-99ac-6357600460b6 82b2244dc9034da2b0f555dcf7508ca8 672e7cea0301493e9c0a3a694235d0d1 - - default default] Unable to schedule network d021690e-8ff9-456d-b1b6-c921a9e8a6e4: no agents available; will retry on subsequent port and subnet creation events. [pid: 8|app: 0|req: 239/525] 10.0.0.59 () {32 vars in 735 bytes} [Thu Jul 30 21:59:59 2026] GET /v2.0/ports?device_id=998e69e5-9acc-419a-bd64-5c3c1c10ea2f => generated 1213 bytes in 54 msecs (HTTP/1.1 200) 4 headers in 158 bytes (1 switches on core 0)
2026-07-30 21:59:59.818 8 INFO neutron.plugins.ml2.drivers.ovn.mech_driver.mech_driver [None req-76b22a38-847b-498d-b9ce-3a02320ad76b - - - - - -] OVN reports status down for port: 413c872a-f327-4513-b449-3a8442ddfba2
2026-07-30 21:59:59.879 7 INFO neutron.db.ovn_revision_numbers_db [None req-4f3d364b-640f-4820-99ac-6357600460b6 82b2244dc9034da2b0f555dcf7508ca8 672e7cea0301493e9c0a3a694235d0d1 - - default default] Successfully bumped revision number for resource 413c872a-f327-4513-b449-3a8442ddfba2 (type: ports) to 1
2026-07-30 22:00:00.713 8 INFO neutron.plugins.ml2.drivers.ovn.mech_driver.mech_driver [None req-76b22a38-847b-498d-b9ce-3a02320ad76b - - - - - -] OVN reports status up for port: 413c872a-f327-4513-b449-3a8442ddfba2
2026-07-30 22:00:00.800 7 WARNING neutron.scheduler.dhcp_agent_scheduler [None req-4f3d364b-640f-4820-99ac-6357600460b6 82b2244dc9034da2b0f555dcf7508ca8 672e7cea0301493e9c0a3a694235d0d1 - - default default] No more DHCP agents
2026-07-30 22:00:00.802 7 WARNING neutron.api.rpc.agentnotifiers.dhcp_rpc_agent_api [None req-4f3d364b-640f-4820-99ac-6357600460b6 82b2244dc9034da2b0f555dcf7508ca8 672e7cea0301493e9c0a3a694235d0d1 - - default default] Unable to schedule network d021690e-8ff9-456d-b1b6-c921a9e8a6e4: no agents available; will retry on subsequent port and subnet creation events.
2026-07-30 22:00:01.041 8 INFO neutron.plugins.ml2.plugin [None req-76b22a38-847b-498d-b9ce-3a02320ad76b - - - - - -] Attempt 1 to provision port 413c872a-f327-4513-b449-3a8442ddfba2
2026-07-30 22:00:01.282 8 INFO neutron.db.ovn_revision_numbers_db [None req-a28ea305-d58b-435e-a039-39f2ff107966 453c39e2a8f24d4da1d5a923a9940525 d30afe8734654cccad24d137c5414446 - - default default] Successfully bumped revision number for resource b8f962b4-44fa-419a-bbc0-c80a2257105b (type: security_groups) to 1
2026-07-30 22:00:01.329 7 INFO neutron.db.ovn_revision_numbers_db [None req-4f3d364b-640f-4820-99ac-6357600460b6 82b2244dc9034da2b0f555dcf7508ca8 672e7cea0301493e9c0a3a694235d0d1 - - default default] Successfully bumped revision number for resource 413c872a-f327-4513-b449-3a8442ddfba2 (type: router_ports) to 1 [pid: 7|app: 0|req: 287/526] 10.0.0.59 () {34 vars in 782 bytes} [Thu Jul 30 21:59:59 2026] PUT /v2.0/routers/6ef7d2e6-6a0c-47ec-8223-b1ff82478be0/add_router_interface => generated 309 bytes in 2023 msecs (HTTP/1.1 200) 4 headers in 157 bytes (1 switches on core 0)
2026-07-30 22:00:01.348 8 INFO neutron.db.ovn_revision_numbers_db [None req-a28ea305-d58b-435e-a039-39f2ff107966 453c39e2a8f24d4da1d5a923a9940525 d30afe8734654cccad24d137c5414446 - - default default] Successfully bumped revision number for resource 10d99011-771b-4a0b-b327-23b659f4ca07 (type: security_group_rules) to 0
2026-07-30 22:00:01.409 8 INFO neutron.db.ovn_revision_numbers_db [None req-a28ea305-d58b-435e-a039-39f2ff107966 453c39e2a8f24d4da1d5a923a9940525 d30afe8734654cccad24d137c5414446 - - default default] Successfully bumped revision number for resource 1d4e6010-f4d0-449c-9edd-e2b5c95c0801 (type: security_group_rules) to 0
2026-07-30 22:00:01.475 8 INFO neutron.db.ovn_revision_numbers_db [None req-a28ea305-d58b-435e-a039-39f2ff107966 453c39e2a8f24d4da1d5a923a9940525 d30afe8734654cccad24d137c5414446 - - default default] Successfully bumped revision number for resource accfb2e7-fade-4093-849b-d88625f2fdcd (type: security_group_rules) to 0
2026-07-30 22:00:01.584 8 INFO neutron.db.ovn_revision_numbers_db [None req-a28ea305-d58b-435e-a039-39f2ff107966 453c39e2a8f24d4da1d5a923a9940525 d30afe8734654cccad24d137c5414446 - - default default] Successfully bumped revision number for resource fafa6541-5782-4f69-9358-5c22b636be7d (type: security_group_rules) to 0
2026-07-30 22:00:01.719 8 INFO neutron.db.segments_db [None req-a28ea305-d58b-435e-a039-39f2ff107966 453c39e2a8f24d4da1d5a923a9940525 d30afe8734654cccad24d137c5414446 - - default default] Added segment 7589ba35-a076-4f84-be2b-174e8c7dfba7 of type geneve for network d133f82b-5602-4350-942f-be5c0c1d7363
2026-07-30 22:00:01.799 8 INFO neutron.db.ovn_revision_numbers_db [None req-76b22a38-847b-498d-b9ce-3a02320ad76b - - - - - -] Successfully bumped revision number for resource 413c872a-f327-4513-b449-3a8442ddfba2 (type: ports) to 2
2026-07-30 22:00:01.896 7 WARNING neutron.scheduler.dhcp_agent_scheduler [None req-85daa0fa-a454-4de7-9aba-6831d3680e3f dcb410e58f1944b5a0bf2840b80bc7be 42cd358aff4c4759a487eaaf61c620dd - - default default] No more DHCP agents
2026-07-30 22:00:01.898 7 WARNING neutron.api.rpc.agentnotifiers.dhcp_rpc_agent_api [None req-85daa0fa-a454-4de7-9aba-6831d3680e3f dcb410e58f1944b5a0bf2840b80bc7be 42cd358aff4c4759a487eaaf61c620dd - - default default] Unable to schedule network b818c248-1588-4dfc-8113-c40934792377: no agents available; will retry on subsequent port and subnet creation events.
2026-07-30 22:00:01.967 8 INFO neutron.db.ovn_revision_numbers_db [None req-a28ea305-d58b-435e-a039-39f2ff107966 453c39e2a8f24d4da1d5a923a9940525 d30afe8734654cccad24d137c5414446 - - default default] Successfully bumped revision number for resource d133f82b-5602-4350-942f-be5c0c1d7363 (type: networks) to 1
2026-07-30 22:00:02.080 7 INFO neutron.db.ovn_revision_numbers_db [None req-85daa0fa-a454-4de7-9aba-6831d3680e3f dcb410e58f1944b5a0bf2840b80bc7be 42cd358aff4c4759a487eaaf61c620dd - - default default] Successfully bumped revision number for resource ec3d650f-6014-4f34-b323-2b0b51ec3a14 (type: ports) to 1
2026-07-30 22:00:02.191 8 WARNING neutron.scheduler.dhcp_agent_scheduler [None req-a28ea305-d58b-435e-a039-39f2ff107966 453c39e2a8f24d4da1d5a923a9940525 d30afe8734654cccad24d137c5414446 - - default default] No more DHCP agents
2026-07-30 22:00:02.193 8 WARNING neutron.api.rpc.agentnotifiers.dhcp_rpc_agent_api [None req-a28ea305-d58b-435e-a039-39f2ff107966 453c39e2a8f24d4da1d5a923a9940525 d30afe8734654cccad24d137c5414446 - - default default] Unable to schedule network d133f82b-5602-4350-942f-be5c0c1d7363: no agents available; will retry on subsequent port and subnet creation events.
2026-07-30 22:00:02.235 7 INFO neutron.plugins.ml2.drivers.ovn.mech_driver.mech_driver [None req-09af55b9-f335-4b5f-b9fd-c1c9e728975a - - - - - -] OVN reports status down for port: 8504d1a8-d4fe-432d-b96b-400b85d263d9
2026-07-30 22:00:02.289 8 INFO neutron.db.ovn_revision_numbers_db [None req-a28ea305-d58b-435e-a039-39f2ff107966 453c39e2a8f24d4da1d5a923a9940525 d30afe8734654cccad24d137c5414446 - - default default] Successfully bumped revision number for resource 8504d1a8-d4fe-432d-b96b-400b85d263d9 (type: ports) to 1 [pid: 8|app: 0|req: 240/527] 10.0.0.59 () {34 vars in 669 bytes} [Thu Jul 30 21:59:59 2026] POST /v2.0/networks => generated 650 bytes in 2619 msecs (HTTP/1.1 201) 4 headers in 162 bytes (1 switches on core 0)
2026-07-30 22:00:02.715 8 WARNING neutron.scheduler.dhcp_agent_scheduler [None req-9251ee40-bcce-4bb6-aa68-5a87fd5f391c 868f9d6f3b7a4817b21b2005f673de26 27a1cbca9bc84e6396d50de4b7423ee4 - - default default] No more DHCP agents
2026-07-30 22:00:02.716 8 WARNING neutron.api.rpc.agentnotifiers.dhcp_rpc_agent_api [None req-9251ee40-bcce-4bb6-aa68-5a87fd5f391c 868f9d6f3b7a4817b21b2005f673de26 27a1cbca9bc84e6396d50de4b7423ee4 - - default default] Unable to schedule network 7772b128-453a-4114-b5f3-0605f982e242: no agents available; will retry on subsequent port and subnet creation events.
2026-07-30 22:00:02.817 7 WARNING neutron.scheduler.dhcp_agent_scheduler [None req-85daa0fa-a454-4de7-9aba-6831d3680e3f dcb410e58f1944b5a0bf2840b80bc7be 42cd358aff4c4759a487eaaf61c620dd - - default default] No more DHCP agents
2026-07-30 22:00:02.819 7 WARNING neutron.api.rpc.agentnotifiers.dhcp_rpc_agent_api [None req-85daa0fa-a454-4de7-9aba-6831d3680e3f dcb410e58f1944b5a0bf2840b80bc7be 42cd358aff4c4759a487eaaf61c620dd - - default default] Unable to schedule network b818c248-1588-4dfc-8113-c40934792377: no agents available; will retry on subsequent port and subnet creation events.
2026-07-30 22:00:03.044 7 INFO neutron.db.ovn_revision_numbers_db [None req-85daa0fa-a454-4de7-9aba-6831d3680e3f dcb410e58f1944b5a0bf2840b80bc7be 42cd358aff4c4759a487eaaf61c620dd - - default default] Successfully bumped revision number for resource ec3d650f-6014-4f34-b323-2b0b51ec3a14 (type: router_ports) to 1 [pid: 7|app: 0|req: 288/528] 10.0.0.59 () {34 vars in 782 bytes} [Thu Jul 30 22:00:01 2026] PUT /v2.0/routers/6fce9c0f-0fd6-418f-92c6-8de471850c91/add_router_interface => generated 309 bytes in 1717 msecs (HTTP/1.1 200) 4 headers in 157 bytes (1 switches on core 0) [pid: 7|app: 0|req: 289/529] 10.0.0.59 () {32 vars in 716 bytes} [Thu Jul 30 22:00:03 2026] GET /v2.0/ports/413c872a-f327-4513-b449-3a8442ddfba2 => generated 947 bytes in 32 msecs (HTTP/1.1 200) 4 headers in 157 bytes (1 switches on core 0)
2026-07-30 22:00:03.330 7 WARNING neutron.scheduler.dhcp_agent_scheduler [None req-d060e431-d53a-4ec0-84da-cda4369e0297 453c39e2a8f24d4da1d5a923a9940525 d30afe8734654cccad24d137c5414446 - - default default] No more DHCP agents
2026-07-30 22:00:03.332 7 WARNING neutron.api.rpc.agentnotifiers.dhcp_rpc_agent_api [None req-d060e431-d53a-4ec0-84da-cda4369e0297 453c39e2a8f24d4da1d5a923a9940525 d30afe8734654cccad24d137c5414446 - - default default] Unable to schedule network d133f82b-5602-4350-942f-be5c0c1d7363: no agents available; will retry on subsequent port and subnet creation events.
2026-07-30 22:00:03.937 8 INFO neutron.db.ovn_revision_numbers_db [None req-9251ee40-bcce-4bb6-aa68-5a87fd5f391c 868f9d6f3b7a4817b21b2005f673de26 27a1cbca9bc84e6396d50de4b7423ee4 - - default default] Successfully bumped revision number for resource 01c790e8-793f-4555-ba06-802a94a95cac (type: floatingips) to 1
2026-07-30 22:00:03.938 8 INFO neutron.db.l3_db [None req-9251ee40-bcce-4bb6-aa68-5a87fd5f391c 868f9d6f3b7a4817b21b2005f673de26 27a1cbca9bc84e6396d50de4b7423ee4 - - default default] Floating IP 01c790e8-793f-4555-ba06-802a94a95cac associated. External IP: 10.96.250.218, port: cba848a9-eb96-4a2e-b0c2-b7acab77b6c2.
2026-07-30 22:00:03.946 7 INFO neutron.db.ovn_revision_numbers_db [None req-d293e2a5-d620-4911-9652-8c92be6000f3 - - - - - -] Successfully bumped revision number for resource 8504d1a8-d4fe-432d-b96b-400b85d263d9 (type: ports) to 2 [pid: 8|app: 0|req: 241/530] 10.0.0.59 () {34 vars in 676 bytes} [Thu Jul 30 22:00:02 2026] POST /v2.0/floatingips => generated 856 bytes in 1666 msecs (HTTP/1.1 201) 4 headers in 162 bytes (1 switches on core 0)
2026-07-30 22:00:04.037 7 INFO neutron.db.ovn_revision_numbers_db [None req-d293e2a5-d620-4911-9652-8c92be6000f3 - - - - - -] Successfully bumped revision number for resource f7d9f367-1393-4cdb-9a15-8c055c9bb04d (type: subnets) to 0 [pid: 7|app: 0|req: 290/531] 10.0.0.59 () {34 vars in 668 bytes} [Thu Jul 30 22:00:03 2026] POST /v2.0/subnets => generated 626 bytes in 997 msecs (HTTP/1.1 201) 4 headers in 162 bytes (1 switches on core 0) /var/lib/openstack/lib/python3.12/site-packages/pycadf/identifier.py:70: UserWarning: Invalid uuid: neutron. To ensure interoperability, identifiers should be a valid uuid. warnings.warn(('Invalid uuid: %s. To ensure interoperability, ' [pid: 8|app: 0|req: 242/532] 10.0.0.59 () {32 vars in 716 bytes} [Thu Jul 30 22:00:04 2026] GET /v2.0/ports/ec3d650f-6014-4f34-b323-2b0b51ec3a14 => generated 941 bytes in 84 msecs (HTTP/1.1 200) 4 headers in 157 bytes (1 switches on core 0) [pid: 8|app: 0|req: 243/533] 10.0.0.59 () {32 vars in 728 bytes} [Thu Jul 30 22:00:04 2026] GET /v2.0/floatingips/01c790e8-793f-4555-ba06-802a94a95cac => generated 858 bytes in 43 msecs (HTTP/1.1 200) 4 headers in 157 bytes (1 switches on core 0)
2026-07-30 22:00:04.280 8 INFO neutron.db.segments_db [None req-0ffe987b-7bf4-44d5-97ba-b762f7256f2b 453c39e2a8f24d4da1d5a923a9940525 d30afe8734654cccad24d137c5414446 - - default default] Added segment 38540858-9009-425f-82c7-e289374f7524 of type geneve for network 70929789-2dd4-4bb9-96b4-3dc4923add00
2026-07-30 22:00:04.482 8 INFO neutron.db.ovn_revision_numbers_db [None req-0ffe987b-7bf4-44d5-97ba-b762f7256f2b 453c39e2a8f24d4da1d5a923a9940525 d30afe8734654cccad24d137c5414446 - - default default] Successfully bumped revision number for resource 70929789-2dd4-4bb9-96b4-3dc4923add00 (type: networks) to 1
2026-07-30 22:00:04.544 8 INFO neutron.notifiers.nova [-] Nova event matching ['req-54d9a6b3-112b-4ccc-8fe5-984618afb9c0'] response: {'name': 'network-changed', 'server_uuid': '998e69e5-9acc-419a-bd64-5c3c1c10ea2f', 'tag': 'cba848a9-eb96-4a2e-b0c2-b7acab77b6c2', 'status': 'completed', 'code': 200}
2026-07-30 22:00:04.603 7 WARNING neutron.scheduler.dhcp_agent_scheduler [None req-de35045a-10c2-4f18-8bee-164f1efcc6fd 82b2244dc9034da2b0f555dcf7508ca8 672e7cea0301493e9c0a3a694235d0d1 - - default default] No more DHCP agents
2026-07-30 22:00:04.604 7 WARNING neutron.api.rpc.agentnotifiers.dhcp_rpc_agent_api [None req-de35045a-10c2-4f18-8bee-164f1efcc6fd 82b2244dc9034da2b0f555dcf7508ca8 672e7cea0301493e9c0a3a694235d0d1 - - default default] Unable to schedule network 6cd1941b-9d9a-4b8d-a889-d0d0050434b2: no agents available; will retry on subsequent port and subnet creation events.
2026-07-30 22:00:04.692 7 INFO neutron.plugins.ml2.drivers.ovn.mech_driver.mech_driver [None req-09af55b9-f335-4b5f-b9fd-c1c9e728975a - - - - - -] OVN reports status down for port: 41adc152-83b4-423d-b0c6-503d82129769
2026-07-30 22:00:04.741 8 WARNING neutron.scheduler.dhcp_agent_scheduler [None req-0ffe987b-7bf4-44d5-97ba-b762f7256f2b 453c39e2a8f24d4da1d5a923a9940525 d30afe8734654cccad24d137c5414446 - - default default] No more DHCP agents
2026-07-30 22:00:04.742 8 WARNING neutron.api.rpc.agentnotifiers.dhcp_rpc_agent_api [None req-0ffe987b-7bf4-44d5-97ba-b762f7256f2b 453c39e2a8f24d4da1d5a923a9940525 d30afe8734654cccad24d137c5414446 - - default default] Unable to schedule network 70929789-2dd4-4bb9-96b4-3dc4923add00: no agents available; will retry on subsequent port and subnet creation events.
2026-07-30 22:00:04.800 7 INFO neutron.db.ovn_revision_numbers_db [None req-de35045a-10c2-4f18-8bee-164f1efcc6fd 82b2244dc9034da2b0f555dcf7508ca8 672e7cea0301493e9c0a3a694235d0d1 - - default default] Successfully bumped revision number for resource 41adc152-83b4-423d-b0c6-503d82129769 (type: ports) to 1
2026-07-30 22:00:04.852 8 INFO neutron.db.ovn_revision_numbers_db [None req-0ffe987b-7bf4-44d5-97ba-b762f7256f2b 453c39e2a8f24d4da1d5a923a9940525 d30afe8734654cccad24d137c5414446 - - default default] Successfully bumped revision number for resource 53b641b1-1a60-416f-a156-aee570a059cd (type: ports) to 1
2026-07-30 22:00:04.856 7 INFO neutron.plugins.ml2.drivers.ovn.mech_driver.mech_driver [None req-09af55b9-f335-4b5f-b9fd-c1c9e728975a - - - - - -] OVN reports status down for port: 53b641b1-1a60-416f-a156-aee570a059cd [pid: 8|app: 0|req: 244/534] 10.0.0.59 () {34 vars in 669 bytes} [Thu Jul 30 22:00:04 2026] POST /v2.0/networks => generated 651 bytes in 758 msecs (HTTP/1.1 201) 4 headers in 162 bytes (1 switches on core 0)
2026-07-30 22:00:05.357 8 WARNING neutron.scheduler.dhcp_agent_scheduler [None req-021a2d70-be80-4179-8a37-6fb7f55927e9 dcb410e58f1944b5a0bf2840b80bc7be 42cd358aff4c4759a487eaaf61c620dd - - default default] No more DHCP agents
2026-07-30 22:00:05.358 8 WARNING neutron.api.rpc.agentnotifiers.dhcp_rpc_agent_api [None req-021a2d70-be80-4179-8a37-6fb7f55927e9 dcb410e58f1944b5a0bf2840b80bc7be 42cd358aff4c4759a487eaaf61c620dd - - default default] Unable to schedule network 3845a1c7-4b88-4e09-b134-9f4ef86ffa84: no agents available; will retry on subsequent port and subnet creation events.
2026-07-30 22:00:05.549 7 INFO neutron.plugins.ml2.drivers.ovn.mech_driver.mech_driver [None req-09af55b9-f335-4b5f-b9fd-c1c9e728975a - - - - - -] OVN reports status up for port: 41adc152-83b4-423d-b0c6-503d82129769
2026-07-30 22:00:05.552 8 INFO neutron.db.ovn_revision_numbers_db [None req-021a2d70-be80-4179-8a37-6fb7f55927e9 dcb410e58f1944b5a0bf2840b80bc7be 42cd358aff4c4759a487eaaf61c620dd - - default default] Successfully bumped revision number for resource 30cfbab5-5708-4182-a528-78fd1990a72f (type: ports) to 1
2026-07-30 22:00:05.672 7 WARNING neutron.scheduler.dhcp_agent_scheduler [None req-de35045a-10c2-4f18-8bee-164f1efcc6fd 82b2244dc9034da2b0f555dcf7508ca8 672e7cea0301493e9c0a3a694235d0d1 - - default default] No more DHCP agents
2026-07-30 22:00:05.674 7 WARNING neutron.api.rpc.agentnotifiers.dhcp_rpc_agent_api [None req-de35045a-10c2-4f18-8bee-164f1efcc6fd 82b2244dc9034da2b0f555dcf7508ca8 672e7cea0301493e9c0a3a694235d0d1 - - default default] Unable to schedule network 6cd1941b-9d9a-4b8d-a889-d0d0050434b2: no agents available; will retry on subsequent port and subnet creation events.
2026-07-30 22:00:05.677 7 INFO neutron.plugins.ml2.plugin [None req-09af55b9-f335-4b5f-b9fd-c1c9e728975a - - - - - -] Attempt 1 to provision port 41adc152-83b4-423d-b0c6-503d82129769
2026-07-30 22:00:06.105 7 INFO neutron.db.ovn_revision_numbers_db [None req-de35045a-10c2-4f18-8bee-164f1efcc6fd 82b2244dc9034da2b0f555dcf7508ca8 672e7cea0301493e9c0a3a694235d0d1 - - default default] Successfully bumped revision number for resource 41adc152-83b4-423d-b0c6-503d82129769 (type: router_ports) to 1 [pid: 7|app: 0|req: 291/535] 10.0.0.59 () {34 vars in 782 bytes} [Thu Jul 30 22:00:04 2026] PUT /v2.0/routers/6ef7d2e6-6a0c-47ec-8223-b1ff82478be0/add_router_interface => generated 309 bytes in 2032 msecs (HTTP/1.1 200) 4 headers in 157 bytes (1 switches on core 0)
2026-07-30 22:00:06.360 8 WARNING neutron.scheduler.dhcp_agent_scheduler [None req-021a2d70-be80-4179-8a37-6fb7f55927e9 dcb410e58f1944b5a0bf2840b80bc7be 42cd358aff4c4759a487eaaf61c620dd - - default default] No more DHCP agents
2026-07-30 22:00:06.361 8 WARNING neutron.api.rpc.agentnotifiers.dhcp_rpc_agent_api [None req-021a2d70-be80-4179-8a37-6fb7f55927e9 dcb410e58f1944b5a0bf2840b80bc7be 42cd358aff4c4759a487eaaf61c620dd - - default default] Unable to schedule network 3845a1c7-4b88-4e09-b134-9f4ef86ffa84: no agents available; will retry on subsequent port and subnet creation events.
2026-07-30 22:00:06.395 7 INFO neutron.db.ovn_revision_numbers_db [None req-09af55b9-f335-4b5f-b9fd-c1c9e728975a - - - - - -] Successfully bumped revision number for resource 41adc152-83b4-423d-b0c6-503d82129769 (type: ports) to 2
2026-07-30 22:00:06.547 7 WARNING neutron.scheduler.dhcp_agent_scheduler [None req-9ba3e584-cebe-42da-862b-10fb6c89fbab 453c39e2a8f24d4da1d5a923a9940525 d30afe8734654cccad24d137c5414446 - - default default] No more DHCP agents
2026-07-30 22:00:06.548 7 WARNING neutron.api.rpc.agentnotifiers.dhcp_rpc_agent_api [None req-9ba3e584-cebe-42da-862b-10fb6c89fbab 453c39e2a8f24d4da1d5a923a9940525 d30afe8734654cccad24d137c5414446 - - default default] Unable to schedule network 70929789-2dd4-4bb9-96b4-3dc4923add00: no agents available; will retry on subsequent port and subnet creation events.
2026-07-30 22:00:06.673 8 INFO neutron.db.ovn_revision_numbers_db [None req-021a2d70-be80-4179-8a37-6fb7f55927e9 dcb410e58f1944b5a0bf2840b80bc7be 42cd358aff4c4759a487eaaf61c620dd - - default default] Successfully bumped revision number for resource 30cfbab5-5708-4182-a528-78fd1990a72f (type: router_ports) to 1 [pid: 8|app: 0|req: 245/536] 10.0.0.59 () {34 vars in 782 bytes} [Thu Jul 30 22:00:04 2026] PUT /v2.0/routers/6fce9c0f-0fd6-418f-92c6-8de471850c91/add_router_interface => generated 309 bytes in 1764 msecs (HTTP/1.1 200) 4 headers in 157 bytes (1 switches on core 0) [pid: 8|app: 0|req: 246/537] 199.19.213.179 () {34 vars in 1080 bytes} [Thu Jul 30 22:00:06 2026] GET /v2.0/ports?tenant_id=27a1cbca9bc84e6396d50de4b7423ee4&device_id=998e69e5-9acc-419a-bd64-5c3c1c10ea2f => generated 1213 bytes in 63 msecs (HTTP/1.1 200) 4 headers in 158 bytes (1 switches on core 0) [pid: 8|app: 0|req: 247/538] 10.0.0.59 () {32 vars in 716 bytes} [Thu Jul 30 22:00:06 2026] GET /v2.0/ports/41adc152-83b4-423d-b0c6-503d82129769 => generated 955 bytes in 97 msecs (HTTP/1.1 200) 4 headers in 157 bytes (1 switches on core 0) [pid: 8|app: 0|req: 248/539] 10.0.0.59 () {32 vars in 716 bytes} [Thu Jul 30 22:00:06 2026] GET /v2.0/ports/30cfbab5-5708-4182-a528-78fd1990a72f => generated 941 bytes in 77 msecs (HTTP/1.1 200) 4 headers in 157 bytes (1 switches on core 0) [pid: 8|app: 0|req: 249/540] 199.19.213.179 () {34 vars in 986 bytes} [Thu Jul 30 22:00:06 2026] GET /v2.0/networks?id=0656fae0-9d61-445f-b31e-8f3155c15de9 => generated 798 bytes in 55 msecs (HTTP/1.1 200) 4 headers in 157 bytes (1 switches on core 0) [pid: 8|app: 0|req: 250/541] 10.0.0.59 () {32 vars in 716 bytes} [Thu Jul 30 22:00:06 2026] GET /v2.0/ports/41adc152-83b4-423d-b0c6-503d82129769 => generated 955 bytes in 55 msecs (HTTP/1.1 200) 4 headers in 157 bytes (1 switches on core 0)
2026-07-30 22:00:07.070 7 INFO neutron.db.ovn_revision_numbers_db [None req-da00d49b-a77f-480d-9ced-b83db2cb7dc5 - - - - - -] Successfully bumped revision number for resource 53b641b1-1a60-416f-a156-aee570a059cd (type: ports) to 2 [pid: 8|app: 0|req: 251/542] 10.0.0.59 () {32 vars in 716 bytes} [Thu Jul 30 22:00:07 2026] GET /v2.0/ports/30cfbab5-5708-4182-a528-78fd1990a72f => generated 941 bytes in 42 msecs (HTTP/1.1 200) 4 headers in 157 bytes (1 switches on core 0) [pid: 8|app: 0|req: 252/543] 199.19.213.179 () {34 vars in 1060 bytes} [Thu Jul 30 22:00:07 2026] GET /v2.0/floatingips?fixed_ip_address=10.100.0.10&port_id=cba848a9-eb96-4a2e-b0c2-b7acab77b6c2 => generated 861 bytes in 40 msecs (HTTP/1.1 200) 4 headers in 157 bytes (1 switches on core 0)
2026-07-30 22:00:07.166 7 INFO neutron.db.ovn_revision_numbers_db [None req-da00d49b-a77f-480d-9ced-b83db2cb7dc5 - - - - - -] Successfully bumped revision number for resource 41684482-7d12-4e32-ac98-87ffa9518422 (type: subnets) to 0 [pid: 7|app: 0|req: 292/544] 10.0.0.59 () {34 vars in 668 bytes} [Thu Jul 30 22:00:06 2026] POST /v2.0/subnets => generated 629 bytes in 1104 msecs (HTTP/1.1 201) 4 headers in 162 bytes (1 switches on core 0) [pid: 7|app: 0|req: 293/545] 199.19.213.179 () {34 vars in 984 bytes} [Thu Jul 30 22:00:07 2026] GET /v2.0/subnets?id=7852fe72-623d-4ab1-9b06-aaa2b82b7c21 => generated 678 bytes in 43 msecs (HTTP/1.1 200) 4 headers in 157 bytes (1 switches on core 0)
2026-07-30 22:00:07.380 7 INFO neutron.db.segments_db [None req-80585e71-e6a6-4e40-a8c3-95a090d9718e 453c39e2a8f24d4da1d5a923a9940525 d30afe8734654cccad24d137c5414446 - - default default] Added segment 5057ae4d-fc24-456b-8cd9-2494dad8b8f9 of type geneve for network ad043e07-b7fc-469e-bb44-822c17af30bb
2026-07-30 22:00:07.553 8 INFO neutron_taas.services.taas.taas_plugin [None req-e6409b48-9367-4098-864b-1822497abf6e 82b2244dc9034da2b0f555dcf7508ca8 672e7cea0301493e9c0a3a694235d0d1 - - default default] TaaS: Handle Delete Port: 41adc152-83b4-423d-b0c6-503d82129769
2026-07-30 22:00:07.557 8 INFO neutron_taas.services.taas.tap_mirror_plugin [None req-e6409b48-9367-4098-864b-1822497abf6e 82b2244dc9034da2b0f555dcf7508ca8 672e7cea0301493e9c0a3a694235d0d1 - - default default] Tap Mirror: Handle Delete Port: 41adc152-83b4-423d-b0c6-503d82129769
2026-07-30 22:00:07.578 7 INFO neutron.db.ovn_revision_numbers_db [None req-80585e71-e6a6-4e40-a8c3-95a090d9718e 453c39e2a8f24d4da1d5a923a9940525 d30afe8734654cccad24d137c5414446 - - default default] Successfully bumped revision number for resource ad043e07-b7fc-469e-bb44-822c17af30bb (type: networks) to 1
2026-07-30 22:00:07.621 8 WARNING neutron.plugins.ml2.drivers.ovn.mech_driver.ovsdb.ovn_client [None req-1044c245-5418-4f31-a44d-d041d4fe1c93 - - - - - -] No hosting information found for port 413c872a-f327-4513-b449-3a8442ddfba2: RuntimeError: No hosting information found for port 413c872a-f327-4513-b449-3a8442ddfba2
2026-07-30 22:00:07.786 8 INFO neutron.db.ovn_revision_numbers_db [None req-1044c245-5418-4f31-a44d-d041d4fe1c93 - - - - - -] Successfully bumped revision number for resource 413c872a-f327-4513-b449-3a8442ddfba2 (type: router_ports) to 2
2026-07-30 22:00:07.790 7 WARNING neutron.scheduler.dhcp_agent_scheduler [None req-80585e71-e6a6-4e40-a8c3-95a090d9718e 453c39e2a8f24d4da1d5a923a9940525 d30afe8734654cccad24d137c5414446 - - default default] No more DHCP agents
2026-07-30 22:00:07.792 7 WARNING neutron.api.rpc.agentnotifiers.dhcp_rpc_agent_api [None req-80585e71-e6a6-4e40-a8c3-95a090d9718e 453c39e2a8f24d4da1d5a923a9940525 d30afe8734654cccad24d137c5414446 - - default default] Unable to schedule network ad043e07-b7fc-469e-bb44-822c17af30bb: no agents available; will retry on subsequent port and subnet creation events.
2026-07-30 22:00:07.874 8 INFO neutron.plugins.ml2.drivers.ovn.mech_driver.mech_driver [None req-1044c245-5418-4f31-a44d-d041d4fe1c93 - - - - - -] OVN reports status down for port: ec3d650f-6014-4f34-b323-2b0b51ec3a14
2026-07-30 22:00:07.898 7 INFO neutron.db.ovn_revision_numbers_db [None req-80585e71-e6a6-4e40-a8c3-95a090d9718e 453c39e2a8f24d4da1d5a923a9940525 d30afe8734654cccad24d137c5414446 - - default default] Successfully bumped revision number for resource e13f2162-ba30-4121-a9d4-eecb13ead41c (type: ports) to 1 [pid: 7|app: 0|req: 294/546] 10.0.0.59 () {34 vars in 669 bytes} [Thu Jul 30 22:00:07 2026] POST /v2.0/networks => generated 651 bytes in 707 msecs (HTTP/1.1 201) 4 headers in 162 bytes (1 switches on core 0) [pid: 7|app: 0|req: 295/547] 199.19.213.179 () {34 vars in 1052 bytes} [Thu Jul 30 22:00:07 2026] GET /v2.0/ports?network_id=0656fae0-9d61-445f-b31e-8f3155c15de9&device_owner=network%3Adhcp => generated 12 bytes in 16 msecs (HTTP/1.1 200) 4 headers in 156 bytes (1 switches on core 0)
2026-07-30 22:00:08.002 8 WARNING neutron.plugins.ml2.drivers.ovn.mech_driver.ovsdb.ovn_client [None req-1044c245-5418-4f31-a44d-d041d4fe1c93 - - - - - -] Logical_Switch_Port %s host information not removed, the port state is up
2026-07-30 22:00:08.002 8 INFO neutron.plugins.ml2.drivers.ovn.mech_driver.mech_driver [None req-1044c245-5418-4f31-a44d-d041d4fe1c93 - - - - - -] OVN reports status up for port: ec3d650f-6014-4f34-b323-2b0b51ec3a14
2026-07-30 22:00:08.055 8 INFO neutron.plugins.ml2.plugin [None req-1044c245-5418-4f31-a44d-d041d4fe1c93 - - - - - -] Attempt 1 to provision port ec3d650f-6014-4f34-b323-2b0b51ec3a14 [pid: 8|app: 0|req: 253/548] 10.0.0.59 () {34 vars in 788 bytes} [Thu Jul 30 22:00:07 2026] PUT /v2.0/routers/6ef7d2e6-6a0c-47ec-8223-b1ff82478be0/remove_router_interface => generated 309 bytes in 1072 msecs (HTTP/1.1 200) 4 headers in 157 bytes (1 switches on core 0) /var/lib/openstack/lib/python3.12/site-packages/pycadf/identifier.py:70: UserWarning: Invalid uuid: neutron. To ensure interoperability, identifiers should be a valid uuid. warnings.warn(('Invalid uuid: %s. To ensure interoperability, '
2026-07-30 22:00:08.255 7 WARNING neutron.scheduler.dhcp_agent_scheduler [None req-c5faa377-0527-4502-8fc7-f4bda42344d4 453c39e2a8f24d4da1d5a923a9940525 d30afe8734654cccad24d137c5414446 - - default default] No more DHCP agents
2026-07-30 22:00:08.256 7 WARNING neutron.api.rpc.agentnotifiers.dhcp_rpc_agent_api [None req-c5faa377-0527-4502-8fc7-f4bda42344d4 453c39e2a8f24d4da1d5a923a9940525 d30afe8734654cccad24d137c5414446 - - default default] Unable to schedule network ad043e07-b7fc-469e-bb44-822c17af30bb: no agents available; will retry on subsequent port and subnet creation events. [pid: 8|app: 0|req: 254/549] 199.19.213.179 () {34 vars in 1012 bytes} [Thu Jul 30 22:00:08 2026] GET /v2.0/networks/0656fae0-9d61-445f-b31e-8f3155c15de9?fields=segments => generated 14 bytes in 105 msecs (HTTP/1.1 200) 4 headers in 156 bytes (1 switches on core 0) [pid: 8|app: 0|req: 255/550] 10.0.0.59 () {32 vars in 716 bytes} [Thu Jul 30 22:00:08 2026] GET /v2.0/ports/30cfbab5-5708-4182-a528-78fd1990a72f => generated 941 bytes in 47 msecs (HTTP/1.1 200) 4 headers in 157 bytes (1 switches on core 0) [pid: 8|app: 0|req: 256/551] 10.0.0.59 () {32 vars in 716 bytes} [Thu Jul 30 22:00:08 2026] GET /v2.0/ports/413c872a-f327-4513-b449-3a8442ddfba2 => generated 947 bytes in 140 msecs (HTTP/1.1 200) 4 headers in 157 bytes (1 switches on core 0) [pid: 8|app: 0|req: 257/552] 199.19.213.179 () {34 vars in 1112 bytes} [Thu Jul 30 22:00:08 2026] GET /v2.0/networks/0656fae0-9d61-445f-b31e-8f3155c15de9?fields=provider%3Aphysical_network&fields=provider%3Anetwork_type => generated 79 bytes in 101 msecs (HTTP/1.1 200) 4 headers in 156 bytes (1 switches on core 0)
2026-07-30 22:00:08.794 7 INFO neutron.db.ovn_revision_numbers_db [None req-8fa25ac7-0c58-4f37-953b-a948d6f05f10 - - - - - -] Successfully bumped revision number for resource e13f2162-ba30-4121-a9d4-eecb13ead41c (type: ports) to 2
2026-07-30 22:00:08.835 8 INFO neutron.db.ovn_revision_numbers_db [None req-1044c245-5418-4f31-a44d-d041d4fe1c93 - - - - - -] Successfully bumped revision number for resource ec3d650f-6014-4f34-b323-2b0b51ec3a14 (type: ports) to 2
2026-07-30 22:00:08.864 7 INFO neutron.db.ovn_revision_numbers_db [None req-8fa25ac7-0c58-4f37-953b-a948d6f05f10 - - - - - -] Successfully bumped revision number for resource 517b9bb8-03c7-402d-a641-33b1e132bef6 (type: subnets) to 0 [pid: 7|app: 0|req: 296/553] 10.0.0.59 () {34 vars in 668 bytes} [Thu Jul 30 22:00:07 2026] POST /v2.0/subnets => generated 629 bytes in 921 msecs (HTTP/1.1 201) 4 headers in 162 bytes (1 switches on core 0)
2026-07-30 22:00:09.039 7 INFO neutron.db.segments_db [None req-9efaafb1-80cc-4aef-96da-9227068917b1 453c39e2a8f24d4da1d5a923a9940525 d30afe8734654cccad24d137c5414446 - - default default] Added segment 27fa9f23-32ca-4124-a096-82957bb3a2e9 of type geneve for network 87ba1805-ca41-4e2f-96f0-1dc7ab9e1915
2026-07-30 22:00:09.076 8 INFO neutron_taas.services.taas.taas_plugin [None req-e55aaa68-7ee3-412f-af1e-23b6127a162e 82b2244dc9034da2b0f555dcf7508ca8 672e7cea0301493e9c0a3a694235d0d1 - - default default] TaaS: Handle Delete Port: 413c872a-f327-4513-b449-3a8442ddfba2
2026-07-30 22:00:09.078 8 INFO neutron_taas.services.taas.tap_mirror_plugin [None req-e55aaa68-7ee3-412f-af1e-23b6127a162e 82b2244dc9034da2b0f555dcf7508ca8 672e7cea0301493e9c0a3a694235d0d1 - - default default] Tap Mirror: Handle Delete Port: 413c872a-f327-4513-b449-3a8442ddfba2
2026-07-30 22:00:09.213 7 INFO neutron.db.ovn_revision_numbers_db [None req-9efaafb1-80cc-4aef-96da-9227068917b1 453c39e2a8f24d4da1d5a923a9940525 d30afe8734654cccad24d137c5414446 - - default default] Successfully bumped revision number for resource 87ba1805-ca41-4e2f-96f0-1dc7ab9e1915 (type: networks) to 1
2026-07-30 22:00:09.405 7 WARNING neutron.scheduler.dhcp_agent_scheduler [None req-9efaafb1-80cc-4aef-96da-9227068917b1 453c39e2a8f24d4da1d5a923a9940525 d30afe8734654cccad24d137c5414446 - - default default] No more DHCP agents
2026-07-30 22:00:09.407 7 WARNING neutron.api.rpc.agentnotifiers.dhcp_rpc_agent_api [None req-9efaafb1-80cc-4aef-96da-9227068917b1 453c39e2a8f24d4da1d5a923a9940525 d30afe8734654cccad24d137c5414446 - - default default] Unable to schedule network 87ba1805-ca41-4e2f-96f0-1dc7ab9e1915: no agents available; will retry on subsequent port and subnet creation events. [pid: 8|app: 0|req: 258/554] 10.0.0.59 () {34 vars in 788 bytes} [Thu Jul 30 22:00:08 2026] PUT /v2.0/routers/6ef7d2e6-6a0c-47ec-8223-b1ff82478be0/remove_router_interface => generated 309 bytes in 844 msecs (HTTP/1.1 200) 4 headers in 157 bytes (1 switches on core 0) /var/lib/openstack/lib/python3.12/site-packages/pycadf/identifier.py:70: UserWarning: Invalid uuid: neutron. To ensure interoperability, identifiers should be a valid uuid. warnings.warn(('Invalid uuid: %s. To ensure interoperability, ' [pid: 8|app: 0|req: 259/555] 10.0.0.59 () {32 vars in 716 bytes} [Thu Jul 30 22:00:09 2026] GET /v2.0/ports/30cfbab5-5708-4182-a528-78fd1990a72f => generated 941 bytes in 50 msecs (HTTP/1.1 200) 4 headers in 157 bytes (1 switches on core 0) [pid: 8|app: 0|req: 260/556] 10.0.0.59 () {32 vars in 735 bytes} [Thu Jul 30 22:00:09 2026] GET /v2.0/ports?device_id=6ef7d2e6-6a0c-47ec-8223-b1ff82478be0 => generated 12 bytes in 18 msecs (HTTP/1.1 200) 4 headers in 156 bytes (1 switches on core 0)
2026-07-30 22:00:09.514 7 INFO neutron.db.ovn_revision_numbers_db [None req-9efaafb1-80cc-4aef-96da-9227068917b1 453c39e2a8f24d4da1d5a923a9940525 d30afe8734654cccad24d137c5414446 - - default default] Successfully bumped revision number for resource 02d84868-260b-4916-9e06-75b2c09f7b5d (type: ports) to 1 [pid: 7|app: 0|req: 297/557] 10.0.0.59 () {34 vars in 669 bytes} [Thu Jul 30 22:00:08 2026] POST /v2.0/networks => generated 650 bytes in 659 msecs (HTTP/1.1 201) 4 headers in 162 bytes (1 switches on core 0) [pid: 8|app: 0|req: 261/558] 10.0.0.59 () {32 vars in 723 bytes} [Thu Jul 30 22:00:09 2026] DELETE /v2.0/routers/6ef7d2e6-6a0c-47ec-8223-b1ff82478be0 => generated 0 bytes in 300 msecs (HTTP/1.1 204) 2 headers in 112 bytes (1 switches on core 0)
2026-07-30 22:00:09.873 7 WARNING neutron.scheduler.dhcp_agent_scheduler [None req-dac09d92-529a-4690-9d74-ae8d0a57cac2 453c39e2a8f24d4da1d5a923a9940525 d30afe8734654cccad24d137c5414446 - - default default] No more DHCP agents
2026-07-30 22:00:09.874 7 WARNING neutron.api.rpc.agentnotifiers.dhcp_rpc_agent_api [None req-dac09d92-529a-4690-9d74-ae8d0a57cac2 453c39e2a8f24d4da1d5a923a9940525 d30afe8734654cccad24d137c5414446 - - default default] Unable to schedule network 87ba1805-ca41-4e2f-96f0-1dc7ab9e1915: no agents available; will retry on subsequent port and subnet creation events. [pid: 8|app: 0|req: 262/559] 10.0.0.237 () {34 vars in 990 bytes} [Thu Jul 30 22:00:09 2026] GET /v2.0/ports?device_id=998e69e5-9acc-419a-bd64-5c3c1c10ea2f => generated 1213 bytes in 103 msecs (HTTP/1.1 200) 4 headers in 158 bytes (1 switches on core 0) [pid: 8|app: 0|req: 263/560] 10.0.0.59 () {32 vars in 723 bytes} [Thu Jul 30 22:00:09 2026] DELETE /v2.0/subnets/9b6426ed-2cf4-48da-a2e0-7e7abb84b641 => generated 0 bytes in 241 msecs (HTTP/1.1 204) 3 headers in 131 bytes (1 switches on core 0)
2026-07-30 22:00:10.377 8 INFO neutron.db.ovn_revision_numbers_db [req-fdd308be-db5d-4972-9d38-3d450859536b req-b998f982-3fc8-4b2b-86e7-76d698d8433d b89048a3439e4d989f5ff83a4e2acfbc 0c1d918e4d6d466b981bc01d1604009b - - 0576c8155f5742c2912d88b402875de0 0576c8155f5742c2912d88b402875de0] Successfully bumped revision number for resource 37241d21-64a2-453e-a948-b910d062e3c6 (type: security_groups) to 1
