2026-07-30 21:49:37.281 8 INFO neutron.api.extensions [None req-92300857-214e-4f26-a99e-6556790226bb - - - - - -] Loaded extension: vpn-flavors
2026-07-30 21:49:37.282 7 INFO neutron.api.extensions [None req-b0f440ed-c077-4b50-9b85-bbac415e8301 - - - - - -] Loaded extension: logging
2026-07-30 21:49:37.283 8 INFO neutron.api.extensions [None req-92300857-214e-4f26-a99e-6556790226bb - - - - - -] Loaded extension: vpnaas
2026-07-30 21:49:37.283 7 INFO neutron.api.extensions [None req-b0f440ed-c077-4b50-9b85-bbac415e8301 - - - - - -] Extension metering not supported by any of loaded plugins
2026-07-30 21:49:37.284 7 INFO neutron.api.extensions [None req-b0f440ed-c077-4b50-9b85-bbac415e8301 - - - - - -] Extension metering_source_and_destination_fields not supported by any of loaded plugins
2026-07-30 21:49:37.284 8 INFO neutron.api.extensions [None req-92300857-214e-4f26-a99e-6556790226bb - - - - - -] Loaded extension: taas
2026-07-30 21:49:37.284 7 INFO neutron.api.extensions [None req-b0f440ed-c077-4b50-9b85-bbac415e8301 - - - - - -] Loaded extension: multi-provider
2026-07-30 21:49:37.285 7 INFO neutron.api.extensions [None req-b0f440ed-c077-4b50-9b85-bbac415e8301 - - - - - -] Loaded extension: net-mtu
2026-07-30 21:49:37.285 8 INFO neutron.api.extensions [None req-92300857-214e-4f26-a99e-6556790226bb - - - - - -] Loaded extension: tap-mirror
2026-07-30 21:49:37.285 7 INFO neutron.api.extensions [None req-b0f440ed-c077-4b50-9b85-bbac415e8301 - - - - - -] Loaded extension: net-mtu-writable
2026-07-30 21:49:37.286 8 INFO neutron.api.extensions [None req-92300857-214e-4f26-a99e-6556790226bb - - - - - -] Loaded extension: taas-vlan-filter
2026-07-30 21:49:37.286 7 INFO neutron.api.extensions [None req-b0f440ed-c077-4b50-9b85-bbac415e8301 - - - - - -] Loaded extension: network_availability_zone
2026-07-30 21:49:37.287 7 INFO neutron.api.extensions [None req-b0f440ed-c077-4b50-9b85-bbac415e8301 - - - - - -] Extension network_ha not supported by any of loaded plugins
2026-07-30 21:49:37.287 7 INFO neutron.api.extensions [None req-b0f440ed-c077-4b50-9b85-bbac415e8301 - - - - - -] Loaded extension: network-ip-availability
2026-07-30 21:49:37.288 8 INFO neutron.quota.resource_registry [None req-92300857-214e-4f26-a99e-6556790226bb - - - - - -] Creating instance of TrackedResource for resource:network
2026-07-30 21:49:37.288 8 INFO neutron.quota.resource_registry [None req-92300857-214e-4f26-a99e-6556790226bb - - - - - -] Creating instance of TrackedResource for resource:subnet
2026-07-30 21:49:37.288 8 INFO neutron.quota.resource_registry [None req-92300857-214e-4f26-a99e-6556790226bb - - - - - -] Creating instance of TrackedResource for resource:subnetpool
2026-07-30 21:49:37.288 8 INFO neutron.quota.resource_registry [None req-92300857-214e-4f26-a99e-6556790226bb - - - - - -] Creating instance of TrackedResource for resource:port
2026-07-30 21:49:37.288 7 INFO neutron.api.extensions [None req-b0f440ed-c077-4b50-9b85-bbac415e8301 - - - - - -] Extension network-segment-range not supported by any of loaded plugins
2026-07-30 21:49:37.289 7 INFO neutron.api.extensions [None req-b0f440ed-c077-4b50-9b85-bbac415e8301 - - - - - -] Loaded extension: pagination
2026-07-30 21:49:37.289 7 INFO neutron.api.extensions [None req-b0f440ed-c077-4b50-9b85-bbac415e8301 - - - - - -] Loaded extension: port-device-profile
2026-07-30 21:49:37.290 7 INFO neutron.api.extensions [None req-b0f440ed-c077-4b50-9b85-bbac415e8301 - - - - - -] Extension port-hardware-offload-type not supported by any of loaded plugins
2026-07-30 21:49:37.290 7 INFO neutron.api.extensions [None req-b0f440ed-c077-4b50-9b85-bbac415e8301 - - - - - -] Extension port-hint-ovs-tx-steering not supported by any of loaded plugins
2026-07-30 21:49:37.291 7 INFO neutron.api.extensions [None req-b0f440ed-c077-4b50-9b85-bbac415e8301 - - - - - -] Extension port-hints not supported by any of loaded plugins
2026-07-30 21:49:37.291 8 INFO neutron.quota.resource_registry [None req-92300857-214e-4f26-a99e-6556790226bb - - - - - -] Creating instance of TrackedResource for resource:router
2026-07-30 21:49:37.291 7 INFO neutron.api.extensions [None req-b0f440ed-c077-4b50-9b85-bbac415e8301 - - - - - -] Extension port-mac-override not supported by any of loaded plugins
2026-07-30 21:49:37.292 8 INFO neutron.quota.resource_registry [None req-92300857-214e-4f26-a99e-6556790226bb - - - - - -] Creating instance of TrackedResource for resource:floatingip
2026-07-30 21:49:37.292 7 INFO neutron.api.extensions [None req-b0f440ed-c077-4b50-9b85-bbac415e8301 - - - - - -] Loaded extension: port-mac-address-regenerate
2026-07-30 21:49:37.292 7 INFO neutron.api.extensions [None req-b0f440ed-c077-4b50-9b85-bbac415e8301 - - - - - -] Loaded extension: port-numa-affinity-policy
2026-07-30 21:49:37.293 7 INFO neutron.api.extensions [None req-b0f440ed-c077-4b50-9b85-bbac415e8301 - - - - - -] Loaded extension: port-numa-affinity-policy-socket
2026-07-30 21:49:37.293 7 INFO neutron.api.extensions [None req-b0f440ed-c077-4b50-9b85-bbac415e8301 - - - - - -] Loaded extension: port-resource-request
2026-07-30 21:49:37.294 7 INFO neutron.api.extensions [None req-b0f440ed-c077-4b50-9b85-bbac415e8301 - - - - - -] Loaded extension: port-resource-request-groups
2026-07-30 21:49:37.294 7 INFO neutron.api.extensions [None req-b0f440ed-c077-4b50-9b85-bbac415e8301 - - - - - -] Extension port-trusted-vif not supported by any of loaded plugins
2026-07-30 21:49:37.295 7 INFO neutron.api.extensions [None req-b0f440ed-c077-4b50-9b85-bbac415e8301 - - - - - -] Loaded extension: binding
2026-07-30 21:49:37.296 7 INFO neutron.api.extensions [None req-b0f440ed-c077-4b50-9b85-bbac415e8301 - - - - - -] Loaded extension: binding-extended
2026-07-30 21:49:37.296 7 INFO neutron.api.extensions [None req-b0f440ed-c077-4b50-9b85-bbac415e8301 - - - - - -] Loaded extension: port-security
2026-07-30 21:49:37.296 8 INFO neutron.quota.resource_registry [None req-92300857-214e-4f26-a99e-6556790226bb - - - - - -] Creating instance of CountableResource for resource:rbac_policy
2026-07-30 21:49:37.297 7 INFO neutron.api.extensions [None req-b0f440ed-c077-4b50-9b85-bbac415e8301 - - - - - -] Loaded extension: project-id
2026-07-30 21:49:37.297 8 INFO neutron.quota.resource_registry [None req-92300857-214e-4f26-a99e-6556790226bb - - - - - -] Creating instance of TrackedResource for resource:security_group
2026-07-30 21:49:37.297 7 INFO neutron.api.extensions [None req-b0f440ed-c077-4b50-9b85-bbac415e8301 - - - - - -] Loaded extension: provider
2026-07-30 21:49:37.298 8 INFO neutron.quota.resource_registry [None req-92300857-214e-4f26-a99e-6556790226bb - - - - - -] Creating instance of TrackedResource for resource:security_group_rule
2026-07-30 21:49:37.298 7 INFO neutron.api.extensions [None req-b0f440ed-c077-4b50-9b85-bbac415e8301 - - - - - -] Loaded extension: qinq
2026-07-30 21:49:37.298 8 INFO neutron.quota.resource_registry [None req-92300857-214e-4f26-a99e-6556790226bb - - - - - -] Creating instance of TrackedResource for resource:subnetpool
2026-07-30 21:49:37.299 8 WARNING neutron.quota.resource_registry [None req-92300857-214e-4f26-a99e-6556790226bb - - - - - -] subnetpool is already registered
2026-07-30 21:49:37.299 8 INFO neutron.quota.resource_registry [None req-92300857-214e-4f26-a99e-6556790226bb - - - - - -] Creating instance of CountableResource for resource:trunk
2026-07-30 21:49:37.299 8 INFO neutron.quota.resource_registry [None req-92300857-214e-4f26-a99e-6556790226bb - - - - - -] Creating instance of CountableResource for resource:ikepolicy
2026-07-30 21:49:37.300 8 INFO neutron.quota.resource_registry [None req-92300857-214e-4f26-a99e-6556790226bb - - - - - -] Creating instance of CountableResource for resource:ipsecpolicy
2026-07-30 21:49:37.300 7 INFO neutron.api.extensions [None req-b0f440ed-c077-4b50-9b85-bbac415e8301 - - - - - -] Loaded extension: qos
2026-07-30 21:49:37.300 8 INFO neutron.quota.resource_registry [None req-92300857-214e-4f26-a99e-6556790226bb - - - - - -] Creating instance of CountableResource for resource:endpoint_group
2026-07-30 21:49:37.300 8 INFO neutron.quota.resource_registry [None req-92300857-214e-4f26-a99e-6556790226bb - - - - - -] Creating instance of CountableResource for resource:vpnservice
2026-07-30 21:49:37.301 7 INFO neutron.api.extensions [None req-b0f440ed-c077-4b50-9b85-bbac415e8301 - - - - - -] Loaded extension: qos-bw-limit-direction
2026-07-30 21:49:37.301 8 INFO neutron.quota.resource_registry [None req-92300857-214e-4f26-a99e-6556790226bb - - - - - -] Creating instance of CountableResource for resource:ipsec_site_connection
2026-07-30 21:49:37.301 7 INFO neutron.api.extensions [None req-b0f440ed-c077-4b50-9b85-bbac415e8301 - - - - - -] Loaded extension: qos-bw-minimum-ingress
2026-07-30 21:49:37.301 8 INFO neutron.quota.resource_registry [None req-92300857-214e-4f26-a99e-6556790226bb - - - - - -] Creating instance of CountableResource for resource:ipsecpolicy
2026-07-30 21:49:37.301 8 WARNING neutron.quota.resource_registry [None req-92300857-214e-4f26-a99e-6556790226bb - - - - - -] ipsecpolicy is already registered
2026-07-30 21:49:37.302 7 INFO neutron.api.extensions [None req-b0f440ed-c077-4b50-9b85-bbac415e8301 - - - - - -] Loaded extension: qos-default
2026-07-30 21:49:37.302 8 INFO neutron.quota.resource_registry [None req-92300857-214e-4f26-a99e-6556790226bb - - - - - -] Creating instance of CountableResource for resource:ikepolicy
2026-07-30 21:49:37.302 8 WARNING neutron.quota.resource_registry [None req-92300857-214e-4f26-a99e-6556790226bb - - - - - -] ikepolicy is already registered
2026-07-30 21:49:37.302 7 INFO neutron.api.extensions [None req-b0f440ed-c077-4b50-9b85-bbac415e8301 - - - - - -] Loaded extension: qos-fip
2026-07-30 21:49:37.303 7 INFO neutron.api.extensions [None req-b0f440ed-c077-4b50-9b85-bbac415e8301 - - - - - -] Extension qos-fip-network-policy not supported by any of loaded plugins
2026-07-30 21:49:37.304 7 INFO neutron.api.extensions [None req-b0f440ed-c077-4b50-9b85-bbac415e8301 - - - - - -] Loaded extension: qos-gateway-ip
2026-07-30 21:49:37.304 7 INFO neutron.api.extensions [None req-b0f440ed-c077-4b50-9b85-bbac415e8301 - - - - - -] Loaded extension: qos-port-network-policy
2026-07-30 21:49:37.305 7 INFO neutron.api.extensions [None req-b0f440ed-c077-4b50-9b85-bbac415e8301 - - - - - -] Loaded extension: qos-pps-minimum
2026-07-30 21:49:37.306 8 INFO neutron.quota.resource_registry [None req-92300857-214e-4f26-a99e-6556790226bb - - - - - -] Creating instance of TrackedResource for resource:router
2026-07-30 21:49:37.306 8 WARNING neutron.quota.resource_registry [None req-92300857-214e-4f26-a99e-6556790226bb - - - - - -] router is already registered
2026-07-30 21:49:37.306 7 INFO neutron.api.extensions [None req-b0f440ed-c077-4b50-9b85-bbac415e8301 - - - - - -] Loaded extension: qos-pps-minimum-rule-alias
2026-07-30 21:49:37.307 8 INFO neutron.quota.resource_registry [None req-92300857-214e-4f26-a99e-6556790226bb - - - - - -] Creating instance of TrackedResource for resource:floatingip
2026-07-30 21:49:37.307 8 WARNING neutron.quota.resource_registry [None req-92300857-214e-4f26-a99e-6556790226bb - - - - - -] floatingip is already registered
2026-07-30 21:49:37.307 7 INFO neutron.api.extensions [None req-b0f440ed-c077-4b50-9b85-bbac415e8301 - - - - - -] Loaded extension: qos-pps
2026-07-30 21:49:37.308 7 INFO neutron.api.extensions [None req-b0f440ed-c077-4b50-9b85-bbac415e8301 - - - - - -] Loaded extension: qos-rule-type-details
2026-07-30 21:49:37.309 7 INFO neutron.api.extensions [None req-b0f440ed-c077-4b50-9b85-bbac415e8301 - - - - - -] Loaded extension: qos-rule-type-filter
2026-07-30 21:49:37.310 7 INFO neutron.api.extensions [None req-b0f440ed-c077-4b50-9b85-bbac415e8301 - - - - - -] Loaded extension: qos-rules-alias
2026-07-30 21:49:37.311 7 INFO neutron.api.extensions [None req-b0f440ed-c077-4b50-9b85-bbac415e8301 - - - - - -] Loaded extension: quota-check-limit
2026-07-30 21:49:37.311 8 INFO neutron.quota.resource_registry [None req-92300857-214e-4f26-a99e-6556790226bb - - - - - -] Creating instance of CountableResource for resource:rbac_policy
2026-07-30 21:49:37.312 8 WARNING neutron.quota.resource_registry [None req-92300857-214e-4f26-a99e-6556790226bb - - - - - -] rbac_policy is already registered
2026-07-30 21:49:37.312 7 INFO neutron.api.extensions [None req-b0f440ed-c077-4b50-9b85-bbac415e8301 - - - - - -] Loaded extension: quota-check-limit-default
2026-07-30 21:49:37.312 8 INFO neutron.quota.resource_registry [None req-92300857-214e-4f26-a99e-6556790226bb - - - - - -] Creating instance of TrackedResource for resource:security_group
2026-07-30 21:49:37.312 8 WARNING neutron.quota.resource_registry [None req-92300857-214e-4f26-a99e-6556790226bb - - - - - -] security_group is already registered
2026-07-30 21:49:37.313 8 INFO neutron.quota.resource_registry [None req-92300857-214e-4f26-a99e-6556790226bb - - - - - -] Creating instance of TrackedResource for resource:security_group_rule
2026-07-30 21:49:37.313 8 WARNING neutron.quota.resource_registry [None req-92300857-214e-4f26-a99e-6556790226bb - - - - - -] security_group_rule is already registered
2026-07-30 21:49:37.314 8 INFO neutron.quota.resource_registry [None req-92300857-214e-4f26-a99e-6556790226bb - - - - - -] Creating instance of TrackedResource for resource:subnetpool
2026-07-30 21:49:37.314 8 WARNING neutron.quota.resource_registry [None req-92300857-214e-4f26-a99e-6556790226bb - - - - - -] subnetpool is already registered
2026-07-30 21:49:37.314 7 INFO neutron.api.extensions [None req-b0f440ed-c077-4b50-9b85-bbac415e8301 - - - - - -] Loaded extension: quotas
2026-07-30 21:49:37.314 8 INFO neutron.quota.resource_registry [None req-92300857-214e-4f26-a99e-6556790226bb - - - - - -] Creating instance of CountableResource for resource:trunk
2026-07-30 21:49:37.314 8 WARNING neutron.quota.resource_registry [None req-92300857-214e-4f26-a99e-6556790226bb - - - - - -] trunk is already registered
2026-07-30 21:49:37.315 8 INFO neutron.quota.resource_registry [None req-92300857-214e-4f26-a99e-6556790226bb - - - - - -] Creating instance of CountableResource for resource:ikepolicy
2026-07-30 21:49:37.315 8 WARNING neutron.quota.resource_registry [None req-92300857-214e-4f26-a99e-6556790226bb - - - - - -] ikepolicy is already registered
2026-07-30 21:49:37.315 7 INFO neutron.api.extensions [None req-b0f440ed-c077-4b50-9b85-bbac415e8301 - - - - - -] Loaded extension: quota_details
2026-07-30 21:49:37.315 8 INFO neutron.quota.resource_registry [None req-92300857-214e-4f26-a99e-6556790226bb - - - - - -] Creating instance of CountableResource for resource:ipsecpolicy
2026-07-30 21:49:37.315 8 WARNING neutron.quota.resource_registry [None req-92300857-214e-4f26-a99e-6556790226bb - - - - - -] ipsecpolicy is already registered
2026-07-30 21:49:37.316 8 INFO neutron.quota.resource_registry [None req-92300857-214e-4f26-a99e-6556790226bb - - - - - -] Creating instance of CountableResource for resource:endpoint_group
2026-07-30 21:49:37.316 8 WARNING neutron.quota.resource_registry [None req-92300857-214e-4f26-a99e-6556790226bb - - - - - -] endpoint_group is already registered
2026-07-30 21:49:37.316 8 INFO neutron.quota.resource_registry [None req-92300857-214e-4f26-a99e-6556790226bb - - - - - -] Creating instance of CountableResource for resource:vpnservice
2026-07-30 21:49:37.316 8 WARNING neutron.quota.resource_registry [None req-92300857-214e-4f26-a99e-6556790226bb - - - - - -] vpnservice is already registered
2026-07-30 21:49:37.317 8 INFO neutron.quota.resource_registry [None req-92300857-214e-4f26-a99e-6556790226bb - - - - - -] Creating instance of CountableResource for resource:ipsec_site_connection
2026-07-30 21:49:37.317 7 INFO neutron.api.extensions [None req-b0f440ed-c077-4b50-9b85-bbac415e8301 - - - - - -] Loaded extension: rbac-policies
2026-07-30 21:49:37.317 8 WARNING neutron.quota.resource_registry [None req-92300857-214e-4f26-a99e-6556790226bb - - - - - -] ipsec_site_connection is already registered
2026-07-30 21:49:37.317 8 INFO neutron.quota.resource_registry [None req-92300857-214e-4f26-a99e-6556790226bb - - - - - -] Creating instance of CountableResource for resource:ipsecpolicy
2026-07-30 21:49:37.317 8 WARNING neutron.quota.resource_registry [None req-92300857-214e-4f26-a99e-6556790226bb - - - - - -] ipsecpolicy is already registered
2026-07-30 21:49:37.317 7 INFO neutron.api.extensions [None req-b0f440ed-c077-4b50-9b85-bbac415e8301 - - - - - -] Extension rbac-address-group not supported by any of loaded plugins
2026-07-30 21:49:37.317 8 INFO neutron.quota.resource_registry [None req-92300857-214e-4f26-a99e-6556790226bb - - - - - -] Creating instance of CountableResource for resource:ikepolicy
2026-07-30 21:49:37.318 8 WARNING neutron.quota.resource_registry [None req-92300857-214e-4f26-a99e-6556790226bb - - - - - -] ikepolicy is already registered
2026-07-30 21:49:37.318 7 INFO neutron.api.extensions [None req-b0f440ed-c077-4b50-9b85-bbac415e8301 - - - - - -] Loaded extension: rbac-address-scope
2026-07-30 21:49:37.319 7 INFO neutron.api.extensions [None req-b0f440ed-c077-4b50-9b85-bbac415e8301 - - - - - -] Loaded extension: rbac-security-groups
2026-07-30 21:49:37.320 7 INFO neutron.api.extensions [None req-b0f440ed-c077-4b50-9b85-bbac415e8301 - - - - - -] Extension rbac-subnetpool not supported by any of loaded plugins
2026-07-30 21:49:37.320 7 INFO neutron.api.extensions [None req-b0f440ed-c077-4b50-9b85-bbac415e8301 - - - - - -] Loaded extension: revision-if-match
2026-07-30 21:49:37.321 7 INFO neutron.api.extensions [None req-b0f440ed-c077-4b50-9b85-bbac415e8301 - - - - - -] Loaded extension: standard-attr-revisions
2026-07-30 21:49:37.321 7 INFO neutron.api.extensions [None req-b0f440ed-c077-4b50-9b85-bbac415e8301 - - - - - -] Loaded extension: router_availability_zone
2026-07-30 21:49:37.322 7 INFO neutron.api.extensions [None req-b0f440ed-c077-4b50-9b85-bbac415e8301 - - - - - -] Extension router-service-type not supported by any of loaded plugins
2026-07-30 21:49:37.324 7 INFO neutron.api.extensions [None req-b0f440ed-c077-4b50-9b85-bbac415e8301 - - - - - -] Loaded extension: security-groups-default-rules
2026-07-30 21:49:37.324 7 INFO neutron.api.extensions [None req-b0f440ed-c077-4b50-9b85-bbac415e8301 - - - - - -] Loaded extension: security-groups-normalized-cidr
2026-07-30 21:49:37.325 7 INFO neutron.api.extensions [None req-b0f440ed-c077-4b50-9b85-bbac415e8301 - - - - - -] Extension port-security-groups-filtering not supported by any of loaded plugins
2026-07-30 21:49:37.326 7 INFO neutron.api.extensions [None req-b0f440ed-c077-4b50-9b85-bbac415e8301 - - - - - -] Loaded extension: security-groups-remote-address-group
2026-07-30 21:49:37.326 7 INFO neutron.api.extensions [None req-b0f440ed-c077-4b50-9b85-bbac415e8301 - - - - - -] Loaded extension: security-groups-rules-belongs-to-default-sg
2026-07-30 21:49:37.327 7 INFO neutron.api.extensions [None req-b0f440ed-c077-4b50-9b85-bbac415e8301 - - - - - -] Loaded extension: security-groups-shared-filtering
2026-07-30 21:49:37.331 7 INFO neutron.api.extensions [None req-b0f440ed-c077-4b50-9b85-bbac415e8301 - - - - - -] Loaded extension: security-group
2026-07-30 21:49:37.332 7 INFO neutron.api.extensions [None req-b0f440ed-c077-4b50-9b85-bbac415e8301 - - - - - -] Loaded extension: segment
2026-07-30 21:49:37.333 7 INFO neutron.api.extensions [None req-b0f440ed-c077-4b50-9b85-bbac415e8301 - - - - - -] Loaded extension: segments-peer-subnet-host-routes
2026-07-30 21:49:37.333 7 INFO neutron.api.extensions [None req-b0f440ed-c077-4b50-9b85-bbac415e8301 - - - - - -] Loaded extension: service-type
2026-07-30 21:49:37.334 7 INFO neutron.api.extensions [None req-b0f440ed-c077-4b50-9b85-bbac415e8301 - - - - - -] Loaded extension: sorting
2026-07-30 21:49:37.334 7 INFO neutron.api.extensions [None req-b0f440ed-c077-4b50-9b85-bbac415e8301 - - - - - -] Loaded extension: standard-attr-segment
2026-07-30 21:49:37.335 7 INFO neutron.api.extensions [None req-b0f440ed-c077-4b50-9b85-bbac415e8301 - - - - - -] Loaded extension: standard-attr-description
2026-07-30 21:49:37.335 7 INFO neutron.api.extensions [None req-b0f440ed-c077-4b50-9b85-bbac415e8301 - - - - - -] Loaded extension: stateful-security-group
2026-07-30 21:49:37.336 7 WARNING neutron.api.extensions [None req-b0f440ed-c077-4b50-9b85-bbac415e8301 - - - - - -] Did not find expected name "Stdattrs_common" in /var/lib/openstack/lib/python3.12/site-packages/neutron/extensions/stdattrs_common.py
2026-07-30 21:49:37.336 7 INFO neutron.api.extensions [None req-b0f440ed-c077-4b50-9b85-bbac415e8301 - - - - - -] Loaded extension: subnet-dns-publish-fixed-ip
2026-07-30 21:49:37.337 7 INFO neutron.api.extensions [None req-b0f440ed-c077-4b50-9b85-bbac415e8301 - - - - - -] Loaded extension: subnet-external-network
2026-07-30 21:49:37.337 7 INFO neutron.api.extensions [None req-b0f440ed-c077-4b50-9b85-bbac415e8301 - - - - - -] Extension subnet_onboard not supported by any of loaded plugins
2026-07-30 21:49:37.338 7 INFO neutron.api.extensions [None req-b0f440ed-c077-4b50-9b85-bbac415e8301 - - - - - -] Loaded extension: subnet-segmentid-writable
2026-07-30 21:49:37.338 7 INFO neutron.api.extensions [None req-b0f440ed-c077-4b50-9b85-bbac415e8301 - - - - - -] Loaded extension: subnet-service-types
2026-07-30 21:49:37.339 7 INFO neutron.api.extensions [None req-b0f440ed-c077-4b50-9b85-bbac415e8301 - - - - - -] Loaded extension: subnet_allocation
2026-07-30 21:49:37.340 7 INFO neutron.api.extensions [None req-b0f440ed-c077-4b50-9b85-bbac415e8301 - - - - - -] Loaded extension: subnetpool-prefix-ops
2026-07-30 21:49:37.340 7 INFO neutron.api.extensions [None req-b0f440ed-c077-4b50-9b85-bbac415e8301 - - - - - -] Loaded extension: tag-creation
2026-07-30 21:49:37.341 7 INFO neutron.api.extensions [None req-b0f440ed-c077-4b50-9b85-bbac415e8301 - - - - - -] Extension tag-ports-during-bulk-creation not supported by any of loaded plugins
2026-07-30 21:49:37.345 7 INFO neutron.api.extensions [None req-b0f440ed-c077-4b50-9b85-bbac415e8301 - - - - - -] Loaded extension: standard-attr-tag
2026-07-30 21:49:37.345 7 INFO neutron.api.extensions [None req-b0f440ed-c077-4b50-9b85-bbac415e8301 - - - - - -] Loaded extension: standard-attr-timestamp
2026-07-30 21:49:37.346 7 INFO neutron.api.extensions [None req-b0f440ed-c077-4b50-9b85-bbac415e8301 - - - - - -] Loaded extension: trunk
2026-07-30 21:49:37.347 7 INFO neutron.api.extensions [None req-b0f440ed-c077-4b50-9b85-bbac415e8301 - - - - - -] Loaded extension: trunk-details
2026-07-30 21:49:37.347 7 INFO neutron.api.extensions [None req-b0f440ed-c077-4b50-9b85-bbac415e8301 - - - - - -] Extension uplink-status-propagation not supported by any of loaded plugins
2026-07-30 21:49:37.348 7 INFO neutron.api.extensions [None req-b0f440ed-c077-4b50-9b85-bbac415e8301 - - - - - -] Extension uplink-status-propagation-updatable not supported by any of loaded plugins
2026-07-30 21:49:37.348 7 INFO neutron.api.extensions [None req-b0f440ed-c077-4b50-9b85-bbac415e8301 - - - - - -] Loaded extension: vlan-transparent
2026-07-30 21:49:37.349 7 INFO neutron.api.extensions [None req-b0f440ed-c077-4b50-9b85-bbac415e8301 - - - - - -] Loaded extension: vpn-aes-ctr
2026-07-30 21:49:37.351 7 INFO neutron.api.extensions [None req-b0f440ed-c077-4b50-9b85-bbac415e8301 - - - - - -] Loaded extension: vpn-agent-scheduler
2026-07-30 21:49:37.352 7 INFO neutron.api.extensions [None req-b0f440ed-c077-4b50-9b85-bbac415e8301 - - - - - -] Loaded extension: vpn-endpoint-groups
2026-07-30 21:49:37.353 7 INFO neutron.api.extensions [None req-b0f440ed-c077-4b50-9b85-bbac415e8301 - - - - - -] Loaded extension: vpn-flavors
2026-07-30 21:49:37.355 7 INFO neutron.api.extensions [None req-b0f440ed-c077-4b50-9b85-bbac415e8301 - - - - - -] Loaded extension: vpnaas
2026-07-30 21:49:37.355 8 WARNING keystonemiddleware._common.config [None req-92300857-214e-4f26-a99e-6556790226bb - - - - - -] The option "audit_map_file" is not known to keystonemiddleware
2026-07-30 21:49:37.356 7 INFO neutron.api.extensions [None req-b0f440ed-c077-4b50-9b85-bbac415e8301 - - - - - -] Loaded extension: taas
2026-07-30 21:49:37.357 7 INFO neutron.api.extensions [None req-b0f440ed-c077-4b50-9b85-bbac415e8301 - - - - - -] Loaded extension: tap-mirror
2026-07-30 21:49:37.358 7 INFO neutron.api.extensions [None req-b0f440ed-c077-4b50-9b85-bbac415e8301 - - - - - -] Loaded extension: taas-vlan-filter
2026-07-30 21:49:37.361 7 INFO neutron.quota.resource_registry [None req-b0f440ed-c077-4b50-9b85-bbac415e8301 - - - - - -] Creating instance of TrackedResource for resource:network
2026-07-30 21:49:37.361 7 INFO neutron.quota.resource_registry [None req-b0f440ed-c077-4b50-9b85-bbac415e8301 - - - - - -] Creating instance of TrackedResource for resource:subnet
2026-07-30 21:49:37.361 7 INFO neutron.quota.resource_registry [None req-b0f440ed-c077-4b50-9b85-bbac415e8301 - - - - - -] Creating instance of TrackedResource for resource:subnetpool
2026-07-30 21:49:37.362 7 INFO neutron.quota.resource_registry [None req-b0f440ed-c077-4b50-9b85-bbac415e8301 - - - - - -] Creating instance of TrackedResource for resource:port
2026-07-30 21:49:37.362 8 WARNING oslo_config.cfg [None req-92300857-214e-4f26-a99e-6556790226bb - - - - - -] Deprecated: Option "auth_uri" from group "keystone_authtoken" is deprecated. Use option "www_authenticate_uri" from group "keystone_authtoken".
2026-07-30 21:49:37.365 7 INFO neutron.quota.resource_registry [None req-b0f440ed-c077-4b50-9b85-bbac415e8301 - - - - - -] Creating instance of TrackedResource for resource:router
2026-07-30 21:49:37.366 7 INFO neutron.quota.resource_registry [None req-b0f440ed-c077-4b50-9b85-bbac415e8301 - - - - - -] Creating instance of TrackedResource for resource:floatingip
2026-07-30 21:49:37.371 7 INFO neutron.quota.resource_registry [None req-b0f440ed-c077-4b50-9b85-bbac415e8301 - - - - - -] Creating instance of CountableResource for resource:rbac_policy
2026-07-30 21:49:37.372 7 INFO neutron.quota.resource_registry [None req-b0f440ed-c077-4b50-9b85-bbac415e8301 - - - - - -] Creating instance of TrackedResource for resource:security_group
2026-07-30 21:49:37.372 7 INFO neutron.quota.resource_registry [None req-b0f440ed-c077-4b50-9b85-bbac415e8301 - - - - - -] Creating instance of TrackedResource for resource:security_group_rule
2026-07-30 21:49:37.373 7 INFO neutron.quota.resource_registry [None req-b0f440ed-c077-4b50-9b85-bbac415e8301 - - - - - -] Creating instance of TrackedResource for resource:subnetpool
2026-07-30 21:49:37.373 7 WARNING neutron.quota.resource_registry [None req-b0f440ed-c077-4b50-9b85-bbac415e8301 - - - - - -] subnetpool is already registered
2026-07-30 21:49:37.374 7 INFO neutron.quota.resource_registry [None req-b0f440ed-c077-4b50-9b85-bbac415e8301 - - - - - -] Creating instance of CountableResource for resource:trunk
2026-07-30 21:49:37.374 7 INFO neutron.quota.resource_registry [None req-b0f440ed-c077-4b50-9b85-bbac415e8301 - - - - - -] Creating instance of CountableResource for resource:ikepolicy
2026-07-30 21:49:37.374 7 INFO neutron.quota.resource_registry [None req-b0f440ed-c077-4b50-9b85-bbac415e8301 - - - - - -] Creating instance of CountableResource for resource:ipsecpolicy
2026-07-30 21:49:37.375 7 INFO neutron.quota.resource_registry [None req-b0f440ed-c077-4b50-9b85-bbac415e8301 - - - - - -] Creating instance of CountableResource for resource:endpoint_group
2026-07-30 21:49:37.375 7 INFO neutron.quota.resource_registry [None req-b0f440ed-c077-4b50-9b85-bbac415e8301 - - - - - -] Creating instance of CountableResource for resource:vpnservice
2026-07-30 21:49:37.376 7 INFO neutron.quota.resource_registry [None req-b0f440ed-c077-4b50-9b85-bbac415e8301 - - - - - -] Creating instance of CountableResource for resource:ipsec_site_connection
2026-07-30 21:49:37.376 7 INFO neutron.quota.resource_registry [None req-b0f440ed-c077-4b50-9b85-bbac415e8301 - - - - - -] Creating instance of CountableResource for resource:ipsecpolicy
2026-07-30 21:49:37.376 7 WARNING neutron.quota.resource_registry [None req-b0f440ed-c077-4b50-9b85-bbac415e8301 - - - - - -] ipsecpolicy is already registered
2026-07-30 21:49:37.377 7 INFO neutron.quota.resource_registry [None req-b0f440ed-c077-4b50-9b85-bbac415e8301 - - - - - -] Creating instance of CountableResource for resource:ikepolicy
2026-07-30 21:49:37.377 7 WARNING neutron.quota.resource_registry [None req-b0f440ed-c077-4b50-9b85-bbac415e8301 - - - - - -] ikepolicy is already registered
2026-07-30 21:49:37.381 8 WARNING neutron.plugins.ml2.drivers.ovn.mech_driver.mech_driver [None req-92300857-214e-4f26-a99e-6556790226bb - - - - - -] uWSGI must provide a start time using the configuration parameter "start-time %t" in the configuration file
2026-07-30 21:49:37.381 7 INFO neutron.quota.resource_registry [None req-b0f440ed-c077-4b50-9b85-bbac415e8301 - - - - - -] Creating instance of TrackedResource for resource:router
2026-07-30 21:49:37.381 7 WARNING neutron.quota.resource_registry [None req-b0f440ed-c077-4b50-9b85-bbac415e8301 - - - - - -] router is already registered
2026-07-30 21:49:37.381 7 INFO neutron.quota.resource_registry [None req-b0f440ed-c077-4b50-9b85-bbac415e8301 - - - - - -] Creating instance of TrackedResource for resource:floatingip
2026-07-30 21:49:37.382 7 WARNING neutron.quota.resource_registry [None req-b0f440ed-c077-4b50-9b85-bbac415e8301 - - - - - -] floatingip is already registered
2026-07-30 21:49:37.386 7 INFO neutron.quota.resource_registry [None req-b0f440ed-c077-4b50-9b85-bbac415e8301 - - - - - -] Creating instance of CountableResource for resource:rbac_policy
2026-07-30 21:49:37.387 7 WARNING neutron.quota.resource_registry [None req-b0f440ed-c077-4b50-9b85-bbac415e8301 - - - - - -] rbac_policy is already registered
2026-07-30 21:49:37.387 7 INFO neutron.quota.resource_registry [None req-b0f440ed-c077-4b50-9b85-bbac415e8301 - - - - - -] Creating instance of TrackedResource for resource:security_group
2026-07-30 21:49:37.387 7 WARNING neutron.quota.resource_registry [None req-b0f440ed-c077-4b50-9b85-bbac415e8301 - - - - - -] security_group is already registered
2026-07-30 21:49:37.388 7 INFO neutron.quota.resource_registry [None req-b0f440ed-c077-4b50-9b85-bbac415e8301 - - - - - -] Creating instance of TrackedResource for resource:security_group_rule
2026-07-30 21:49:37.388 7 WARNING neutron.quota.resource_registry [None req-b0f440ed-c077-4b50-9b85-bbac415e8301 - - - - - -] security_group_rule is already registered
2026-07-30 21:49:37.389 7 INFO neutron.quota.resource_registry [None req-b0f440ed-c077-4b50-9b85-bbac415e8301 - - - - - -] Creating instance of TrackedResource for resource:subnetpool
2026-07-30 21:49:37.389 7 WARNING neutron.quota.resource_registry [None req-b0f440ed-c077-4b50-9b85-bbac415e8301 - - - - - -] subnetpool is already registered
2026-07-30 21:49:37.389 7 INFO neutron.quota.resource_registry [None req-b0f440ed-c077-4b50-9b85-bbac415e8301 - - - - - -] Creating instance of CountableResource for resource:trunk
2026-07-30 21:49:37.389 7 WARNING neutron.quota.resource_registry [None req-b0f440ed-c077-4b50-9b85-bbac415e8301 - - - - - -] trunk is already registered
2026-07-30 21:49:37.390 7 INFO neutron.quota.resource_registry [None req-b0f440ed-c077-4b50-9b85-bbac415e8301 - - - - - -] Creating instance of CountableResource for resource:ikepolicy
2026-07-30 21:49:37.390 7 WARNING neutron.quota.resource_registry [None req-b0f440ed-c077-4b50-9b85-bbac415e8301 - - - - - -] ikepolicy is already registered
2026-07-30 21:49:37.390 7 INFO neutron.quota.resource_registry [None req-b0f440ed-c077-4b50-9b85-bbac415e8301 - - - - - -] Creating instance of CountableResource for resource:ipsecpolicy
2026-07-30 21:49:37.390 7 WARNING neutron.quota.resource_registry [None req-b0f440ed-c077-4b50-9b85-bbac415e8301 - - - - - -] ipsecpolicy is already registered
2026-07-30 21:49:37.391 7 INFO neutron.quota.resource_registry [None req-b0f440ed-c077-4b50-9b85-bbac415e8301 - - - - - -] Creating instance of CountableResource for resource:endpoint_group
2026-07-30 21:49:37.391 7 WARNING neutron.quota.resource_registry [None req-b0f440ed-c077-4b50-9b85-bbac415e8301 - - - - - -] endpoint_group is already registered
2026-07-30 21:49:37.391 7 INFO neutron.quota.resource_registry [None req-b0f440ed-c077-4b50-9b85-bbac415e8301 - - - - - -] Creating instance of CountableResource for resource:vpnservice
2026-07-30 21:49:37.391 8 INFO neutron.db.ovn_hash_ring_db [None req-92300857-214e-4f26-a99e-6556790226bb - - - - - -] Nodes from host "neutron-server-759bf7bf4f-zf6gz" and group "mechanism_driver" removed from the Hash Ring created at
2026-07-30 21:49:37+00:00
2026-07-30 21:49:37.391 7 WARNING neutron.quota.resource_registry [None req-b0f440ed-c077-4b50-9b85-bbac415e8301 - - - - - -] vpnservice is already registered
2026-07-30 21:49:37.392 7 INFO neutron.quota.resource_registry [None req-b0f440ed-c077-4b50-9b85-bbac415e8301 - - - - - -] Creating instance of CountableResource for resource:ipsec_site_connection
2026-07-30 21:49:37.392 7 WARNING neutron.quota.resource_registry [None req-b0f440ed-c077-4b50-9b85-bbac415e8301 - - - - - -] ipsec_site_connection is already registered
2026-07-30 21:49:37.392 7 INFO neutron.quota.resource_registry [None req-b0f440ed-c077-4b50-9b85-bbac415e8301 - - - - - -] Creating instance of CountableResource for resource:ipsecpolicy
2026-07-30 21:49:37.392 7 WARNING neutron.quota.resource_registry [None req-b0f440ed-c077-4b50-9b85-bbac415e8301 - - - - - -] ipsecpolicy is already registered
2026-07-30 21:49:37.393 7 INFO neutron.quota.resource_registry [None req-b0f440ed-c077-4b50-9b85-bbac415e8301 - - - - - -] Creating instance of CountableResource for resource:ikepolicy
2026-07-30 21:49:37.393 7 WARNING neutron.quota.resource_registry [None req-b0f440ed-c077-4b50-9b85-bbac415e8301 - - - - - -] ikepolicy is already registered
2026-07-30 21:49:37.397 8 INFO neutron.db.ovn_hash_ring_db [None req-92300857-214e-4f26-a99e-6556790226bb - - - - - -] Node 7c8dcd8bf07e556b8c1c425208ba3835 from host "neutron-server-759bf7bf4f-zf6gz" and group "mechanism_driver" added to the Hash Ring
2026-07-30 21:49:37.434 7 WARNING keystonemiddleware._common.config [None req-b0f440ed-c077-4b50-9b85-bbac415e8301 - - - - - -] The option "audit_map_file" is not known to keystonemiddleware
2026-07-30 21:49:37.438 8 INFO neutron.plugins.ml2.drivers.ovn.mech_driver.mech_driver [None req-92300857-214e-4f26-a99e-6556790226bb - - - - - -] Hash Ring probing thread for node 7c8dcd8bf07e556b8c1c425208ba3835 has started
2026-07-30 21:49:37.439 8 INFO neutron.plugins.ml2.drivers.ovn.mech_driver.ovsdb.impl_idl_ovn [None req-92300857-214e-4f26-a99e-6556790226bb - - - - - -] Getting OvsdbNbOvnIdl for WorkerService with retry
2026-07-30 21:49:37.440 7 WARNING oslo_config.cfg [None req-b0f440ed-c077-4b50-9b85-bbac415e8301 - - - - - -] Deprecated: Option "auth_uri" from group "keystone_authtoken" is deprecated. Use option "www_authenticate_uri" from group "keystone_authtoken".
2026-07-30 21:49:37.456 7 WARNING neutron.plugins.ml2.drivers.ovn.mech_driver.mech_driver [None req-b0f440ed-c077-4b50-9b85-bbac415e8301 - - - - - -] uWSGI must provide a start time using the configuration parameter "start-time %t" in the configuration file
2026-07-30 21:49:37.469 8 INFO ovsdbapp.backend.ovs_idl.vlog [None req-92300857-214e-4f26-a99e-6556790226bb - - - - - -] tcp:10.99.41.86:6641: connecting...
2026-07-30 21:49:37.469 8 INFO ovsdbapp.backend.ovs_idl.vlog [None req-92300857-214e-4f26-a99e-6556790226bb - - - - - -] tcp:10.99.41.86:6641: connected
2026-07-30 21:49:37.471 7 INFO neutron.db.ovn_hash_ring_db [None req-b0f440ed-c077-4b50-9b85-bbac415e8301 - - - - - -] Nodes from host "neutron-server-759bf7bf4f-zf6gz" and group "mechanism_driver" removed from the Hash Ring created at
2026-07-30 21:49:37+00:00
2026-07-30 21:49:37.475 7 INFO neutron.db.ovn_hash_ring_db [None req-b0f440ed-c077-4b50-9b85-bbac415e8301 - - - - - -] Node 2b6eac08afb45e30836207be259aa2f6 from host "neutron-server-759bf7bf4f-zf6gz" and group "mechanism_driver" added to the Hash Ring
2026-07-30 21:49:37.509 7 INFO neutron.plugins.ml2.drivers.ovn.mech_driver.mech_driver [None req-b0f440ed-c077-4b50-9b85-bbac415e8301 - - - - - -] Hash Ring probing thread for node 2b6eac08afb45e30836207be259aa2f6 has started
2026-07-30 21:49:37.510 7 INFO neutron.plugins.ml2.drivers.ovn.mech_driver.ovsdb.impl_idl_ovn [None req-b0f440ed-c077-4b50-9b85-bbac415e8301 - - - - - -] Getting OvsdbNbOvnIdl for WorkerService with retry
2026-07-30 21:49:37.515 8 INFO neutron.plugins.ml2.drivers.ovn.mech_driver.ovsdb.impl_idl_ovn [None req-92300857-214e-4f26-a99e-6556790226bb - - - - - -] Getting OvsdbSbOvnIdl for WorkerService with retry
2026-07-30 21:49:37.539 7 INFO ovsdbapp.backend.ovs_idl.vlog [None req-b0f440ed-c077-4b50-9b85-bbac415e8301 - - - - - -] tcp:10.99.41.86:6641: connecting...
2026-07-30 21:49:37.540 7 INFO ovsdbapp.backend.ovs_idl.vlog [None req-b0f440ed-c077-4b50-9b85-bbac415e8301 - - - - - -] tcp:10.99.41.86:6641: connected
2026-07-30 21:49:37.544 8 INFO ovsdbapp.backend.ovs_idl.vlog [None req-92300857-214e-4f26-a99e-6556790226bb - - - - - -] tcp:10.96.166.149:6642: connecting...
2026-07-30 21:49:37.544 8 INFO ovsdbapp.backend.ovs_idl.vlog [None req-92300857-214e-4f26-a99e-6556790226bb - - - - - -] tcp:10.96.166.149:6642: connected
2026-07-30 21:49:37.572 7 INFO neutron.plugins.ml2.drivers.ovn.mech_driver.ovsdb.impl_idl_ovn [None req-b0f440ed-c077-4b50-9b85-bbac415e8301 - - - - - -] Getting OvsdbSbOvnIdl for WorkerService with retry
2026-07-30 21:49:37.580 8 INFO neutron.plugins.ml2.drivers.ovn.mech_driver.mech_driver [None req-92300857-214e-4f26-a99e-6556790226bb - - - - - -] WorkerService process has finished the post initialization
2026-07-30 21:49:37.582 8 INFO neutron.plugins.ml2.drivers.ovn.mech_driver.ovsdb.extensions.qos [-] Starting OVNClientQosExtension
2026-07-30 21:49:37.583 8 INFO neutron.plugins.ml2.drivers.ovn.mech_driver.ovsdb.extensions.placement [-] Starting OVNClientPlacementExtension
2026-07-30 21:49:37.591 7 INFO ovsdbapp.backend.ovs_idl.vlog [None req-b0f440ed-c077-4b50-9b85-bbac415e8301 - - - - - -] tcp:10.96.166.149:6642: connecting...
2026-07-30 21:49:37.591 7 INFO ovsdbapp.backend.ovs_idl.vlog [None req-b0f440ed-c077-4b50-9b85-bbac415e8301 - - - - - -] tcp:10.96.166.149:6642: connected
2026-07-30 21:49:37.607 8 INFO ovsdbapp.backend.ovs_idl.vlog [None req-92300857-214e-4f26-a99e-6556790226bb - - - - - -] tcp:10.99.41.86:6641: connecting...
2026-07-30 21:49:37.607 8 INFO ovsdbapp.backend.ovs_idl.vlog [None req-92300857-214e-4f26-a99e-6556790226bb - - - - - -] tcp:10.99.41.86:6641: connected
2026-07-30 21:49:37.620 7 INFO neutron.plugins.ml2.drivers.ovn.mech_driver.mech_driver [None req-b0f440ed-c077-4b50-9b85-bbac415e8301 - - - - - -] WorkerService process has finished the post initialization
2026-07-30 21:49:37.640 7 INFO ovsdbapp.backend.ovs_idl.vlog [None req-b0f440ed-c077-4b50-9b85-bbac415e8301 - - - - - -] tcp:10.99.41.86:6641: connecting...
2026-07-30 21:49:37.640 7 INFO ovsdbapp.backend.ovs_idl.vlog [None req-b0f440ed-c077-4b50-9b85-bbac415e8301 - - - - - -] tcp:10.99.41.86:6641: connected
2026-07-30 21:49:37.644 8 INFO ovsdbapp.backend.ovs_idl.vlog [None req-92300857-214e-4f26-a99e-6556790226bb - - - - - -] tcp:10.99.41.86:6641: connecting...
2026-07-30 21:49:37.645 8 INFO ovsdbapp.backend.ovs_idl.vlog [None req-92300857-214e-4f26-a99e-6556790226bb - - - - - -] tcp:10.99.41.86:6641: connected WSGI app 0 (mountpoint='') ready in 11 seconds on interpreter 0x7fd4c8d86668 pid: 8 (default app)
2026-07-30 21:49:37.680 7 INFO ovsdbapp.backend.ovs_idl.vlog [None req-b0f440ed-c077-4b50-9b85-bbac415e8301 - - - - - -] tcp:10.99.41.86:6641: connecting...
2026-07-30 21:49:37.680 7 INFO ovsdbapp.backend.ovs_idl.vlog [None req-b0f440ed-c077-4b50-9b85-bbac415e8301 - - - - - -] tcp:10.99.41.86:6641: connected WSGI app 0 (mountpoint='') ready in 11 seconds on interpreter 0x7fd4c8d86668 pid: 7 (default app) /var/lib/openstack/lib/python3.12/site-packages/pycadf/identifier.py:70: UserWarning: Invalid uuid: unknown. To ensure interoperability, identifiers should be a valid uuid. warnings.warn(('Invalid uuid: %s. To ensure interoperability, '
2026-07-30 21:49:43.362 7 INFO neutron.pecan_wsgi.hooks.translation [None req-6e679488-ecef-4763-844c-08e5329c780d 240a1d428ec747c395162fc9081da9df 8a5a65ee0bf8444689e018a18315a671 - - default default] GET failed (client error): The resource could not be found. [pid: 7|app: 0|req: 1/4] 199.19.213.179 () {44 vars in 928 bytes} [Thu Jul 30 21:49:42 2026] GET /v2.0/networks/public => generated 108 bytes in 854 msecs (HTTP/1.1 404) 4 headers in 164 bytes (1 switches on core 0) /var/lib/openstack/lib/python3.12/site-packages/pycadf/identifier.py:70: UserWarning: Invalid uuid: unknown. To ensure interoperability, identifiers should be a valid uuid. warnings.warn(('Invalid uuid: %s. To ensure interoperability, ' [pid: 8|app: 0|req: 4/5] 199.19.213.179 () {44 vars in 950 bytes} [Thu Jul 30 21:49:43 2026] GET /v2.0/networks?name=public => generated 15 bytes in 406 msecs (HTTP/1.1 200) 4 headers in 156 bytes (1 switches on core 0)
2026-07-30 21:49:44.200 7 INFO neutron.plugins.ml2.drivers.ovn.mech_driver.ovsdb.extensions.qos [None req-3c8374fc-2040-4a88-bd95-225d2139e537 240a1d428ec747c395162fc9081da9df 8a5a65ee0bf8444689e018a18315a671 - - default default] Starting OVNClientQosExtension
2026-07-30 21:49:44.200 7 INFO neutron.plugins.ml2.drivers.ovn.mech_driver.ovsdb.extensions.placement [None req-3c8374fc-2040-4a88-bd95-225d2139e537 240a1d428ec747c395162fc9081da9df 8a5a65ee0bf8444689e018a18315a671 - - default default] Starting OVNClientPlacementExtension
2026-07-30 21:49:44.269 7 INFO neutron.db.ovn_revision_numbers_db [None req-3c8374fc-2040-4a88-bd95-225d2139e537 240a1d428ec747c395162fc9081da9df 8a5a65ee0bf8444689e018a18315a671 - - default default] Successfully bumped revision number for resource c6935f71-32d9-4a24-8798-3ccd72900d24 (type: security_groups) to 1
2026-07-30 21:49:44.304 7 INFO neutron.db.ovn_revision_numbers_db [None req-3c8374fc-2040-4a88-bd95-225d2139e537 240a1d428ec747c395162fc9081da9df 8a5a65ee0bf8444689e018a18315a671 - - default default] Successfully bumped revision number for resource 1168f928-2ff4-46ba-9d08-3632e8a42838 (type: security_group_rules) to 0
2026-07-30 21:49:44.351 7 INFO neutron.db.ovn_revision_numbers_db [None req-3c8374fc-2040-4a88-bd95-225d2139e537 240a1d428ec747c395162fc9081da9df 8a5a65ee0bf8444689e018a18315a671 - - default default] Successfully bumped revision number for resource 6ffa739c-5aa7-4d04-af33-5b8ac7076710 (type: security_group_rules) to 0
2026-07-30 21:49:44.390 7 INFO neutron.db.ovn_revision_numbers_db [None req-3c8374fc-2040-4a88-bd95-225d2139e537 240a1d428ec747c395162fc9081da9df 8a5a65ee0bf8444689e018a18315a671 - - default default] Successfully bumped revision number for resource 722fbfe7-c0c4-4b38-8ec4-bbef4ce910f6 (type: security_group_rules) to 0
2026-07-30 21:49:44.459 7 INFO neutron.db.ovn_revision_numbers_db [None req-3c8374fc-2040-4a88-bd95-225d2139e537 240a1d428ec747c395162fc9081da9df 8a5a65ee0bf8444689e018a18315a671 - - default default] Successfully bumped revision number for resource 9f31b8f2-26d7-43d4-b774-c48dc7211a0c (type: security_group_rules) to 0
2026-07-30 21:49:44.552 7 WARNING neutron.services.revisions.revision_plugin [None req-3c8374fc-2040-4a88-bd95-225d2139e537 240a1d428ec747c395162fc9081da9df 8a5a65ee0bf8444689e018a18315a671 - - default default] Could not find related network for resource to bump revision.
2026-07-30 21:49:44.579 7 INFO neutron.db.segments_db [None req-3c8374fc-2040-4a88-bd95-225d2139e537 240a1d428ec747c395162fc9081da9df 8a5a65ee0bf8444689e018a18315a671 - - default default] Added segment ee3f2c3d-e7f2-4f45-b18d-a702cbabda57 of type flat for network 7772b128-453a-4114-b5f3-0605f982e242
2026-07-30 21:49:44.768 7 INFO neutron.plugins.ml2.drivers.ovn.mech_driver.mech_driver [-] OVN reports status down for port: provnet-ee3f2c3d-e7f2-4f45-b18d-a702cbabda57
2026-07-30 21:49:44.774 8 INFO neutron.plugins.ml2.drivers.ovn.mech_driver.mech_driver [-] OVN reports status down for port: provnet-ee3f2c3d-e7f2-4f45-b18d-a702cbabda57
2026-07-30 21:49:44.901 7 INFO neutron.db.ovn_revision_numbers_db [None req-3c8374fc-2040-4a88-bd95-225d2139e537 240a1d428ec747c395162fc9081da9df 8a5a65ee0bf8444689e018a18315a671 - - default default] Successfully bumped revision number for resource 7772b128-453a-4114-b5f3-0605f982e242 (type: networks) to 1
2026-07-30 21:49:45.201 7 WARNING neutron.scheduler.dhcp_agent_scheduler [None req-3c8374fc-2040-4a88-bd95-225d2139e537 240a1d428ec747c395162fc9081da9df 8a5a65ee0bf8444689e018a18315a671 - - default default] No more DHCP agents
2026-07-30 21:49:45.202 7 WARNING neutron.api.rpc.agentnotifiers.dhcp_rpc_agent_api [None req-3c8374fc-2040-4a88-bd95-225d2139e537 240a1d428ec747c395162fc9081da9df 8a5a65ee0bf8444689e018a18315a671 - - default default] Unable to schedule network 7772b128-453a-4114-b5f3-0605f982e242: no agents available; will retry on subsequent port and subnet creation events.
2026-07-30 21:49:45.474 8 INFO neutron.plugins.ml2.drivers.ovn.mech_driver.mech_driver [None req-022ef26f-81ba-402e-b5db-e4155ec677b6 - - - - - -] OVN reports status down for port: d1ec1515-b380-4c04-9f7a-9ed88e6568de
2026-07-30 21:49:45.571 7 INFO neutron.db.ovn_revision_numbers_db [None req-3c8374fc-2040-4a88-bd95-225d2139e537 240a1d428ec747c395162fc9081da9df 8a5a65ee0bf8444689e018a18315a671 - - default default] Successfully bumped revision number for resource d1ec1515-b380-4c04-9f7a-9ed88e6568de (type: ports) to 1 [pid: 7|app: 0|req: 2/6] 199.19.213.179 () {48 vars in 968 bytes} [Thu Jul 30 21:49:43 2026] POST /v2.0/networks => generated 744 bytes in 1850 msecs (HTTP/1.1 201) 4 headers in 162 bytes (1 switches on core 0)
2026-07-30 21:49:47.126 8 INFO neutron.pecan_wsgi.hooks.translation [None req-39dfdfb1-a572-4739-9afe-f605a1982408 240a1d428ec747c395162fc9081da9df 8a5a65ee0bf8444689e018a18315a671 - - default default] GET failed (client error): The resource could not be found. [pid: 8|app: 0|req: 5/7] 199.19.213.179 () {44 vars in 928 bytes} [Thu Jul 30 21:49:46 2026] GET /v2.0/networks/public => generated 108 bytes in 385 msecs (HTTP/1.1 404) 4 headers in 164 bytes (1 switches on core 0) [pid: 7|app: 0|req: 3/8] 199.19.213.179 () {44 vars in 950 bytes} [Thu Jul 30 21:49:47 2026] GET /v2.0/networks?name=public => generated 753 bytes in 41 msecs (HTTP/1.1 200) 4 headers in 157 bytes (1 switches on core 0)
2026-07-30 21:49:47.209 8 INFO neutron.pecan_wsgi.hooks.translation [None req-f5cbf126-009e-4e9e-9c17-55ec5e7b67f3 240a1d428ec747c395162fc9081da9df 8a5a65ee0bf8444689e018a18315a671 - - default default] GET failed (client error): The resource could not be found. [pid: 8|app: 0|req: 6/9] 199.19.213.179 () {44 vars in 1035 bytes} [Thu Jul 30 21:49:47 2026] GET /v2.0/subnets/public-subnet?network_id=7772b128-453a-4114-b5f3-0605f982e242 => generated 113 bytes in 26 msecs (HTTP/1.1 404) 4 headers in 164 bytes (1 switches on core 0) [pid: 7|app: 0|req: 4/10] 199.19.213.179 () {44 vars in 1058 bytes} [Thu Jul 30 21:49:47 2026] GET /v2.0/subnets?name=public-subnet&network_id=7772b128-453a-4114-b5f3-0605f982e242 => generated 14 bytes in 24 msecs (HTTP/1.1 200) 4 headers in 156 bytes (1 switches on core 0)
2026-07-30 21:49:47.774 8 WARNING neutron.scheduler.dhcp_agent_scheduler [None req-7ed65d1a-0a70-4be4-8a32-fbf50551ef69 240a1d428ec747c395162fc9081da9df 8a5a65ee0bf8444689e018a18315a671 - - default default] No more DHCP agents
2026-07-30 21:49:47.775 8 WARNING neutron.api.rpc.agentnotifiers.dhcp_rpc_agent_api [None req-7ed65d1a-0a70-4be4-8a32-fbf50551ef69 240a1d428ec747c395162fc9081da9df 8a5a65ee0bf8444689e018a18315a671 - - default default] Unable to schedule network 7772b128-453a-4114-b5f3-0605f982e242: no agents available; will retry on subsequent port and subnet creation events.
2026-07-30 21:49:48.569 8 INFO neutron.db.ovn_revision_numbers_db [None req-f263e7b7-873c-4311-b694-9e20777b79e5 - - - - - -] Successfully bumped revision number for resource d1ec1515-b380-4c04-9f7a-9ed88e6568de (type: ports) to 2
2026-07-30 21:49:48.643 8 INFO neutron.db.ovn_revision_numbers_db [None req-f263e7b7-873c-4311-b694-9e20777b79e5 - - - - - -] Successfully bumped revision number for resource 5715f67b-1ec0-4c32-bddb-e39099a58161 (type: subnets) to 0 [pid: 8|app: 0|req: 7/11] 199.19.213.179 () {48 vars in 966 bytes} [Thu Jul 30 21:49:47 2026] POST /v2.0/subnets => generated 664 bytes in 1445 msecs (HTTP/1.1 201) 4 headers in 162 bytes (1 switches on core 0)
2026-07-30 21:57:39.030 8 INFO neutron.pecan_wsgi.hooks.translation [None req-1ea27d8b-3659-437d-86b2-1cda2e5b4c33 240a1d428ec747c395162fc9081da9df 8a5a65ee0bf8444689e018a18315a671 - - default default] GET failed (client error): The resource could not be found. [pid: 8|app: 0|req: 37/71] 199.19.213.179 () {44 vars in 928 bytes} [Thu Jul 30 21:57:38 2026] GET /v2.0/networks/public => generated 108 bytes in 39 msecs (HTTP/1.1 404) 4 headers in 164 bytes (1 switches on core 0) [pid: 7|app: 0|req: 35/72] 199.19.213.179 () {44 vars in 950 bytes} [Thu Jul 30 21:57:39 2026] GET /v2.0/networks?name=public => generated 791 bytes in 56 msecs (HTTP/1.1 200) 4 headers in 157 bytes (1 switches on core 0)
