May 26 15:05:41.686671 np0000176664 nova-scheduler[108525]: DEBUG cotyledon.oslo_config_glue [-] workarounds.libvirt_disable_apic = False {{(pid=108525) log_opt_values /opt/stack/data/venv/lib/python3.12/site-packages/oslo_config/cfg.py:3256}}
May 26 15:05:41.686671 np0000176664 nova-scheduler[108525]: DEBUG cotyledon.oslo_config_glue [-] workarounds.never_download_image_if_on_rbd = False {{(pid=108525) log_opt_values /opt/stack/data/venv/lib/python3.12/site-packages/oslo_config/cfg.py:3256}}
May 26 15:05:41.686886 np0000176664 nova-scheduler[108525]: DEBUG cotyledon.oslo_config_glue [-] workarounds.qemu_monitor_announce_self_count = 3 {{(pid=108525) log_opt_values /opt/stack/data/venv/lib/python3.12/site-packages/oslo_config/cfg.py:3256}}
May 26 15:05:41.686886 np0000176664 nova-scheduler[108525]: DEBUG cotyledon.oslo_config_glue [-] workarounds.qemu_monitor_announce_self_interval = 1 {{(pid=108525) log_opt_values /opt/stack/data/venv/lib/python3.12/site-packages/oslo_config/cfg.py:3256}}
May 26 15:05:41.686886 np0000176664 nova-scheduler[108525]: DEBUG cotyledon.oslo_config_glue [-] workarounds.reserve_disk_resource_for_image_cache = False {{(pid=108525) log_opt_values /opt/stack/data/venv/lib/python3.12/site-packages/oslo_config/cfg.py:3256}}
May 26 15:05:41.686886 np0000176664 nova-scheduler[108525]: DEBUG cotyledon.oslo_config_glue [-] workarounds.skip_cpu_compare_at_startup = False {{(pid=108525) log_opt_values /opt/stack/data/venv/lib/python3.12/site-packages/oslo_config/cfg.py:3256}}
May 26 15:05:41.686886 np0000176664 nova-scheduler[108525]: DEBUG cotyledon.oslo_config_glue [-] workarounds.skip_cpu_compare_on_dest = False {{(pid=108525) log_opt_values /opt/stack/data/venv/lib/python3.12/site-packages/oslo_config/cfg.py:3256}}
May 26 15:05:41.686886 np0000176664 nova-scheduler[108525]: DEBUG cotyledon.oslo_config_glue [-] workarounds.skip_hypervisor_version_check_on_lm = False {{(pid=108525) log_opt_values /opt/stack/data/venv/lib/python3.12/site-packages/oslo_config/cfg.py:3256}}
May 26 15:05:41.686886 np0000176664 nova-scheduler[108525]: DEBUG cotyledon.oslo_config_glue [-] workarounds.skip_reserve_in_use_ironic_nodes = False {{(pid=108525) log_opt_values /opt/stack/data/venv/lib/python3.12/site-packages/oslo_config/cfg.py:3256}}
May 26 15:05:41.686886 np0000176664 nova-scheduler[108525]: DEBUG cotyledon.oslo_config_glue [-] workarounds.unified_limits_count_pcpu_as_vcpu = False {{(pid=108525) log_opt_values /opt/stack/data/venv/lib/python3.12/site-packages/oslo_config/cfg.py:3256}}
May 26 15:05:41.687059 np0000176664 nova-scheduler[108525]: DEBUG cotyledon.oslo_config_glue [-] workarounds.wait_for_vif_plugged_event_during_hard_reboot = [] {{(pid=108525) log_opt_values /opt/stack/data/venv/lib/python3.12/site-packages/oslo_config/cfg.py:3256}}
May 26 15:05:41.687059 np0000176664 nova-scheduler[108525]: DEBUG cotyledon.oslo_config_glue [-] wsgi.api_paste_config = /etc/nova/api-paste.ini {{(pid=108525) log_opt_values /opt/stack/data/venv/lib/python3.12/site-packages/oslo_config/cfg.py:3256}}
May 26 15:05:41.687059 np0000176664 nova-scheduler[108525]: DEBUG cotyledon.oslo_config_glue [-] wsgi.secure_proxy_ssl_header = None {{(pid=108525) log_opt_values /opt/stack/data/venv/lib/python3.12/site-packages/oslo_config/cfg.py:3256}}
May 26 15:05:41.687059 np0000176664 nova-scheduler[108525]: DEBUG cotyledon.oslo_config_glue [-] zvm.ca_file = None {{(pid=108525) log_opt_values /opt/stack/data/venv/lib/python3.12/site-packages/oslo_config/cfg.py:3256}}
May 26 15:05:41.687059 np0000176664 nova-scheduler[108525]: DEBUG cotyledon.oslo_config_glue [-] zvm.cloud_connector_url = None {{(pid=108525) log_opt_values /opt/stack/data/venv/lib/python3.12/site-packages/oslo_config/cfg.py:3256}}
May 26 15:05:41.687059 np0000176664 nova-scheduler[108525]: DEBUG cotyledon.oslo_config_glue [-] zvm.image_tmp_path = /opt/stack/data/nova/images {{(pid=108525) log_opt_values /opt/stack/data/venv/lib/python3.12/site-packages/oslo_config/cfg.py:3256}}
May 26 15:05:41.687059 np0000176664 nova-scheduler[108525]: DEBUG cotyledon.oslo_config_glue [-] zvm.reachable_timeout = 300 {{(pid=108525) log_opt_values /opt/stack/data/venv/lib/python3.12/site-packages/oslo_config/cfg.py:3256}}
May 26 15:05:41.687059 np0000176664 nova-scheduler[108525]: DEBUG cotyledon.oslo_config_glue [-] oslo_versionedobjects.fatal_exception_format_errors = False {{(pid=108525) log_opt_values /opt/stack/data/venv/lib/python3.12/site-packages/oslo_config/cfg.py:3256}}
May 26 15:05:41.687059 np0000176664 nova-scheduler[108525]: DEBUG cotyledon.oslo_config_glue [-] oslo_middleware.http_basic_auth_user_file = /etc/htpasswd {{(pid=108525) log_opt_values /opt/stack/data/venv/lib/python3.12/site-packages/oslo_config/cfg.py:3256}}
May 26 15:05:41.687243 np0000176664 nova-scheduler[108525]: DEBUG cotyledon.oslo_config_glue [-] oslo_messaging_metrics.metrics_buffer_size = 1000 {{(pid=108525) log_opt_values /opt/stack/data/venv/lib/python3.12/site-packages/oslo_config/cfg.py:3256}}
May 26 15:05:41.687243 np0000176664 nova-scheduler[108525]: DEBUG cotyledon.oslo_config_glue [-] oslo_messaging_metrics.metrics_enabled = False {{(pid=108525) log_opt_values /opt/stack/data/venv/lib/python3.12/site-packages/oslo_config/cfg.py:3256}}
May 26 15:05:41.687243 np0000176664 nova-scheduler[108525]: DEBUG cotyledon.oslo_config_glue [-] oslo_messaging_metrics.metrics_process_name = {{(pid=108525) log_opt_values /opt/stack/data/venv/lib/python3.12/site-packages/oslo_config/cfg.py:3256}}
May 26 15:05:41.687243 np0000176664 nova-scheduler[108525]: DEBUG cotyledon.oslo_config_glue [-] oslo_messaging_metrics.metrics_socket_file = /var/tmp/metrics_collector.sock {{(pid=108525) log_opt_values /opt/stack/data/venv/lib/python3.12/site-packages/oslo_config/cfg.py:3256}}
May 26 15:05:41.687243 np0000176664 nova-scheduler[108525]: DEBUG cotyledon.oslo_config_glue [-] oslo_messaging_metrics.metrics_thread_stop_timeout = 10 {{(pid=108525) log_opt_values /opt/stack/data/venv/lib/python3.12/site-packages/oslo_config/cfg.py:3256}}
May 26 15:05:41.687243 np0000176664 nova-scheduler[108525]: DEBUG cotyledon.oslo_config_glue [-] profiler.connection_string = messaging:// {{(pid=108525) log_opt_values /opt/stack/data/venv/lib/python3.12/site-packages/oslo_config/cfg.py:3256}}
May 26 15:05:41.687243 np0000176664 nova-scheduler[108525]: DEBUG cotyledon.oslo_config_glue [-] profiler.enabled = False {{(pid=108525) log_opt_values /opt/stack/data/venv/lib/python3.12/site-packages/oslo_config/cfg.py:3256}}
May 26 15:05:41.687243 np0000176664 nova-scheduler[108525]: DEBUG cotyledon.oslo_config_glue [-] profiler.es_doc_type = notification {{(pid=108525) log_opt_values /opt/stack/data/venv/lib/python3.12/site-packages/oslo_config/cfg.py:3256}}
May 26 15:05:41.687243 np0000176664 nova-scheduler[108525]: DEBUG cotyledon.oslo_config_glue [-] profiler.es_scroll_size = 10000 {{(pid=108525) log_opt_values /opt/stack/data/venv/lib/python3.12/site-packages/oslo_config/cfg.py:3256}}
May 26 15:05:41.687452 np0000176664 nova-scheduler[108525]: DEBUG cotyledon.oslo_config_glue [-] profiler.es_scroll_time = 2m {{(pid=108525) log_opt_values /opt/stack/data/venv/lib/python3.12/site-packages/oslo_config/cfg.py:3256}}
May 26 15:05:41.687452 np0000176664 nova-scheduler[108525]: DEBUG cotyledon.oslo_config_glue [-] profiler.filter_error_trace = False {{(pid=108525) log_opt_values /opt/stack/data/venv/lib/python3.12/site-packages/oslo_config/cfg.py:3256}}
May 26 15:05:41.687452 np0000176664 nova-scheduler[108525]: DEBUG cotyledon.oslo_config_glue [-] profiler.hmac_keys = **** {{(pid=108525) log_opt_values /opt/stack/data/venv/lib/python3.12/site-packages/oslo_config/cfg.py:3256}}
May 26 15:05:41.687452 np0000176664 nova-scheduler[108525]: DEBUG cotyledon.oslo_config_glue [-] profiler.sentinel_service_name = mymaster {{(pid=108525) log_opt_values /opt/stack/data/venv/lib/python3.12/site-packages/oslo_config/cfg.py:3256}}
May 26 15:05:41.687452 np0000176664 nova-scheduler[108525]: DEBUG cotyledon.oslo_config_glue [-] profiler.socket_timeout = 0.1 {{(pid=108525) log_opt_values /opt/stack/data/venv/lib/python3.12/site-packages/oslo_config/cfg.py:3256}}
May 26 15:05:41.687452 np0000176664 nova-scheduler[108525]: DEBUG cotyledon.oslo_config_glue [-] profiler.trace_requests = False {{(pid=108525) log_opt_values /opt/stack/data/venv/lib/python3.12/site-packages/oslo_config/cfg.py:3256}}
May 26 15:05:41.687452 np0000176664 nova-scheduler[108525]: DEBUG cotyledon.oslo_config_glue [-] profiler.trace_sqlalchemy = False {{(pid=108525) log_opt_values /opt/stack/data/venv/lib/python3.12/site-packages/oslo_config/cfg.py:3256}}
May 26 15:05:41.687452 np0000176664 nova-scheduler[108525]: DEBUG cotyledon.oslo_config_glue [-] profiler_jaeger.process_tags = {} {{(pid=108525) log_opt_values /opt/stack/data/venv/lib/python3.12/site-packages/oslo_config/cfg.py:3256}}
May 26 15:05:41.687452 np0000176664 nova-scheduler[108525]: DEBUG cotyledon.oslo_config_glue [-] profiler_jaeger.service_name_prefix = None {{(pid=108525) log_opt_values /opt/stack/data/venv/lib/python3.12/site-packages/oslo_config/cfg.py:3256}}
May 26 15:05:41.687645 np0000176664 nova-scheduler[108525]: DEBUG cotyledon.oslo_config_glue [-] profiler_otlp.service_name_prefix = None {{(pid=108525) log_opt_values /opt/stack/data/venv/lib/python3.12/site-packages/oslo_config/cfg.py:3256}}
May 26 15:05:41.687645 np0000176664 nova-scheduler[108525]: DEBUG cotyledon.oslo_config_glue [-] oslo_messaging_rabbit.amqp_auto_delete = False {{(pid=108525) log_opt_values /opt/stack/data/venv/lib/python3.12/site-packages/oslo_config/cfg.py:3256}}
May 26 15:05:41.687645 np0000176664 nova-scheduler[108525]: DEBUG cotyledon.oslo_config_glue [-] oslo_messaging_rabbit.amqp_durable_queues = False {{(pid=108525) log_opt_values /opt/stack/data/venv/lib/python3.12/site-packages/oslo_config/cfg.py:3256}}
May 26 15:05:41.687645 np0000176664 nova-scheduler[108525]: DEBUG cotyledon.oslo_config_glue [-] oslo_messaging_rabbit.conn_pool_min_size = 2 {{(pid=108525) log_opt_values /opt/stack/data/venv/lib/python3.12/site-packages/oslo_config/cfg.py:3256}}
May 26 15:05:41.687645 np0000176664 nova-scheduler[108525]: DEBUG cotyledon.oslo_config_glue [-] oslo_messaging_rabbit.conn_pool_ttl = 1200 {{(pid=108525) log_opt_values /opt/stack/data/venv/lib/python3.12/site-packages/oslo_config/cfg.py:3256}}
May 26 15:05:41.687645 np0000176664 nova-scheduler[108525]: DEBUG cotyledon.oslo_config_glue [-] oslo_messaging_rabbit.direct_mandatory_flag = True {{(pid=108525) log_opt_values /opt/stack/data/venv/lib/python3.12/site-packages/oslo_config/cfg.py:3256}}
May 26 15:05:41.687645 np0000176664 nova-scheduler[108525]: DEBUG cotyledon.oslo_config_glue [-] oslo_messaging_rabbit.enable_cancel_on_failover = False {{(pid=108525) log_opt_values /opt/stack/data/venv/lib/python3.12/site-packages/oslo_config/cfg.py:3256}}
May 26 15:05:41.687645 np0000176664 nova-scheduler[108525]: DEBUG cotyledon.oslo_config_glue [-] oslo_messaging_rabbit.heartbeat_rate = 3 {{(pid=108525) log_opt_values /opt/stack/data/venv/lib/python3.12/site-packages/oslo_config/cfg.py:3256}}
May 26 15:05:41.687645 np0000176664 nova-scheduler[108525]: DEBUG cotyledon.oslo_config_glue [-] oslo_messaging_rabbit.heartbeat_timeout_threshold = 60 {{(pid=108525) log_opt_values /opt/stack/data/venv/lib/python3.12/site-packages/oslo_config/cfg.py:3256}}
May 26 15:05:41.687861 np0000176664 nova-scheduler[108525]: DEBUG cotyledon.oslo_config_glue [-] oslo_messaging_rabbit.hostname = np0000176664 {{(pid=108525) log_opt_values /opt/stack/data/venv/lib/python3.12/site-packages/oslo_config/cfg.py:3256}}
May 26 15:05:41.687861 np0000176664 nova-scheduler[108525]: DEBUG cotyledon.oslo_config_glue [-] oslo_messaging_rabbit.kombu_compression = None {{(pid=108525) log_opt_values /opt/stack/data/venv/lib/python3.12/site-packages/oslo_config/cfg.py:3256}}
May 26 15:05:41.687861 np0000176664 nova-scheduler[108525]: DEBUG cotyledon.oslo_config_glue [-] oslo_messaging_rabbit.kombu_failover_strategy = round-robin {{(pid=108525) log_opt_values /opt/stack/data/venv/lib/python3.12/site-packages/oslo_config/cfg.py:3256}}
May 26 15:05:41.687861 np0000176664 nova-scheduler[108525]: DEBUG cotyledon.oslo_config_glue [-] oslo_messaging_rabbit.kombu_missing_consumer_retry_timeout = 60 {{(pid=108525) log_opt_values /opt/stack/data/venv/lib/python3.12/site-packages/oslo_config/cfg.py:3256}}
May 26 15:05:41.687861 np0000176664 nova-scheduler[108525]: DEBUG cotyledon.oslo_config_glue [-] oslo_messaging_rabbit.kombu_reconnect_delay = 1.0 {{(pid=108525) log_opt_values /opt/stack/data/venv/lib/python3.12/site-packages/oslo_config/cfg.py:3256}}
May 26 15:05:41.687861 np0000176664 nova-scheduler[108525]: DEBUG cotyledon.oslo_config_glue [-] oslo_messaging_rabbit.kombu_reconnect_splay = 0.0 {{(pid=108525) log_opt_values /opt/stack/data/venv/lib/python3.12/site-packages/oslo_config/cfg.py:3256}}
May 26 15:05:41.687861 np0000176664 nova-scheduler[108525]: DEBUG cotyledon.oslo_config_glue [-] oslo_messaging_rabbit.processname = nova-scheduler {{(pid=108525) log_opt_values /opt/stack/data/venv/lib/python3.12/site-packages/oslo_config/cfg.py:3256}}
May 26 15:05:41.687861 np0000176664 nova-scheduler[108525]: DEBUG cotyledon.oslo_config_glue [-] oslo_messaging_rabbit.rabbit_ha_queues = False {{(pid=108525) log_opt_values /opt/stack/data/venv/lib/python3.12/site-packages/oslo_config/cfg.py:3256}}
May 26 15:05:41.687861 np0000176664 nova-scheduler[108525]: DEBUG cotyledon.oslo_config_glue [-] oslo_messaging_rabbit.rabbit_interval_max = 30 {{(pid=108525) log_opt_values /opt/stack/data/venv/lib/python3.12/site-packages/oslo_config/cfg.py:3256}}
May 26 15:05:41.688168 np0000176664 nova-scheduler[108525]: DEBUG cotyledon.oslo_config_glue [-] oslo_messaging_rabbit.rabbit_login_method = AMQPLAIN {{(pid=108525) log_opt_values /opt/stack/data/venv/lib/python3.12/site-packages/oslo_config/cfg.py:3256}}
May 26 15:05:41.688168 np0000176664 nova-scheduler[108525]: DEBUG cotyledon.oslo_config_glue [-] oslo_messaging_rabbit.rabbit_qos_prefetch_count = 0 {{(pid=108525) log_opt_values /opt/stack/data/venv/lib/python3.12/site-packages/oslo_config/cfg.py:3256}}
May 26 15:05:41.688168 np0000176664 nova-scheduler[108525]: DEBUG cotyledon.oslo_config_glue [-] oslo_messaging_rabbit.rabbit_quorum_delivery_limit = 0 {{(pid=108525) log_opt_values /opt/stack/data/venv/lib/python3.12/site-packages/oslo_config/cfg.py:3256}}
May 26 15:05:41.688168 np0000176664 nova-scheduler[108525]: DEBUG cotyledon.oslo_config_glue [-] oslo_messaging_rabbit.rabbit_quorum_max_memory_bytes = 0 {{(pid=108525) log_opt_values /opt/stack/data/venv/lib/python3.12/site-packages/oslo_config/cfg.py:3256}}
May 26 15:05:41.688168 np0000176664 nova-scheduler[108525]: DEBUG cotyledon.oslo_config_glue [-] oslo_messaging_rabbit.rabbit_quorum_max_memory_length = 0 {{(pid=108525) log_opt_values /opt/stack/data/venv/lib/python3.12/site-packages/oslo_config/cfg.py:3256}}
May 26 15:05:41.688168 np0000176664 nova-scheduler[108525]: DEBUG cotyledon.oslo_config_glue [-] oslo_messaging_rabbit.rabbit_quorum_queue = False {{(pid=108525) log_opt_values /opt/stack/data/venv/lib/python3.12/site-packages/oslo_config/cfg.py:3256}}
May 26 15:05:41.688168 np0000176664 nova-scheduler[108525]: DEBUG cotyledon.oslo_config_glue [-] oslo_messaging_rabbit.rabbit_retry_backoff = 2 {{(pid=108525) log_opt_values /opt/stack/data/venv/lib/python3.12/site-packages/oslo_config/cfg.py:3256}}
May 26 15:05:41.688168 np0000176664 nova-scheduler[108525]: DEBUG cotyledon.oslo_config_glue [-] oslo_messaging_rabbit.rabbit_retry_interval = 1 {{(pid=108525) log_opt_values /opt/stack/data/venv/lib/python3.12/site-packages/oslo_config/cfg.py:3256}}
May 26 15:05:41.688334 np0000176664 nova-scheduler[108525]: DEBUG cotyledon.oslo_config_glue [-] oslo_messaging_rabbit.rabbit_stream_fanout = False {{(pid=108525) log_opt_values /opt/stack/data/venv/lib/python3.12/site-packages/oslo_config/cfg.py:3256}}
May 26 15:05:41.688334 np0000176664 nova-scheduler[108525]: DEBUG cotyledon.oslo_config_glue [-] oslo_messaging_rabbit.rabbit_transient_queues_ttl = 1800 {{(pid=108525) log_opt_values /opt/stack/data/venv/lib/python3.12/site-packages/oslo_config/cfg.py:3256}}
May 26 15:05:41.688334 np0000176664 nova-scheduler[108525]: DEBUG cotyledon.oslo_config_glue [-] oslo_messaging_rabbit.rabbit_transient_quorum_queue = False {{(pid=108525) log_opt_values /opt/stack/data/venv/lib/python3.12/site-packages/oslo_config/cfg.py:3256}}
May 26 15:05:41.688334 np0000176664 nova-scheduler[108525]: DEBUG cotyledon.oslo_config_glue [-] oslo_messaging_rabbit.rpc_conn_pool_size = 30 {{(pid=108525) log_opt_values /opt/stack/data/venv/lib/python3.12/site-packages/oslo_config/cfg.py:3256}}
May 26 15:05:41.688334 np0000176664 nova-scheduler[108525]: DEBUG cotyledon.oslo_config_glue [-] oslo_messaging_rabbit.ssl = False {{(pid=108525) log_opt_values /opt/stack/data/venv/lib/python3.12/site-packages/oslo_config/cfg.py:3256}}
May 26 15:05:41.688334 np0000176664 nova-scheduler[108525]: DEBUG cotyledon.oslo_config_glue [-] oslo_messaging_rabbit.ssl_ca_file = {{(pid=108525) log_opt_values /opt/stack/data/venv/lib/python3.12/site-packages/oslo_config/cfg.py:3256}}
May 26 15:05:41.688334 np0000176664 nova-scheduler[108525]: DEBUG cotyledon.oslo_config_glue [-] oslo_messaging_rabbit.ssl_cert_file = {{(pid=108525) log_opt_values /opt/stack/data/venv/lib/python3.12/site-packages/oslo_config/cfg.py:3256}}
May 26 15:05:41.688334 np0000176664 nova-scheduler[108525]: DEBUG cotyledon.oslo_config_glue [-] oslo_messaging_rabbit.ssl_enforce_fips_mode = False {{(pid=108525) log_opt_values /opt/stack/data/venv/lib/python3.12/site-packages/oslo_config/cfg.py:3256}}
May 26 15:05:41.688334 np0000176664 nova-scheduler[108525]: DEBUG cotyledon.oslo_config_glue [-] oslo_messaging_rabbit.ssl_enforce_hostname_verification = True {{(pid=108525) log_opt_values /opt/stack/data/venv/lib/python3.12/site-packages/oslo_config/cfg.py:3256}}
May 26 15:05:41.688533 np0000176664 nova-scheduler[108525]: DEBUG cotyledon.oslo_config_glue [-] oslo_messaging_rabbit.ssl_key_file = {{(pid=108525) log_opt_values /opt/stack/data/venv/lib/python3.12/site-packages/oslo_config/cfg.py:3256}}
May 26 15:05:41.688533 np0000176664 nova-scheduler[108525]: DEBUG cotyledon.oslo_config_glue [-] oslo_messaging_rabbit.ssl_version = {{(pid=108525) log_opt_values /opt/stack/data/venv/lib/python3.12/site-packages/oslo_config/cfg.py:3256}}
May 26 15:05:41.688533 np0000176664 nova-scheduler[108525]: DEBUG cotyledon.oslo_config_glue [-] oslo_messaging_rabbit.use_queue_manager = False {{(pid=108525) log_opt_values /opt/stack/data/venv/lib/python3.12/site-packages/oslo_config/cfg.py:3256}}
May 26 15:05:41.688533 np0000176664 nova-scheduler[108525]: DEBUG cotyledon.oslo_config_glue [-] oslo_messaging_notifications.driver = ['messagingv2'] {{(pid=108525) log_opt_values /opt/stack/data/venv/lib/python3.12/site-packages/oslo_config/cfg.py:3256}}
May 26 15:05:41.688533 np0000176664 nova-scheduler[108525]: DEBUG cotyledon.oslo_config_glue [-] oslo_messaging_notifications.retry = -1 {{(pid=108525) log_opt_values /opt/stack/data/venv/lib/python3.12/site-packages/oslo_config/cfg.py:3256}}
May 26 15:05:41.688533 np0000176664 nova-scheduler[108525]: DEBUG cotyledon.oslo_config_glue [-] oslo_messaging_notifications.topics = ['notifications'] {{(pid=108525) log_opt_values /opt/stack/data/venv/lib/python3.12/site-packages/oslo_config/cfg.py:3256}}
May 26 15:05:41.688533 np0000176664 nova-scheduler[108525]: DEBUG cotyledon.oslo_config_glue [-] oslo_messaging_notifications.transport_url = **** {{(pid=108525) log_opt_values /opt/stack/data/venv/lib/python3.12/site-packages/oslo_config/cfg.py:3256}}
May 26 15:05:41.688533 np0000176664 nova-scheduler[108525]: DEBUG cotyledon.oslo_config_glue [-] oslo_limit.auth_section = None {{(pid=108525) log_opt_values /opt/stack/data/venv/lib/python3.12/site-packages/oslo_config/cfg.py:3256}}
May 26 15:05:41.688533 np0000176664 nova-scheduler[108525]: DEBUG cotyledon.oslo_config_glue [-] oslo_limit.auth_type = None {{(pid=108525) log_opt_values /opt/stack/data/venv/lib/python3.12/site-packages/oslo_config/cfg.py:3256}}
May 26 15:05:41.688738 np0000176664 nova-scheduler[108525]: DEBUG cotyledon.oslo_config_glue [-] oslo_limit.cafile = None {{(pid=108525) log_opt_values /opt/stack/data/venv/lib/python3.12/site-packages/oslo_config/cfg.py:3256}}
May 26 15:05:41.688738 np0000176664 nova-scheduler[108525]: DEBUG cotyledon.oslo_config_glue [-] oslo_limit.certfile = None {{(pid=108525) log_opt_values /opt/stack/data/venv/lib/python3.12/site-packages/oslo_config/cfg.py:3256}}
May 26 15:05:41.688738 np0000176664 nova-scheduler[108525]: DEBUG cotyledon.oslo_config_glue [-] oslo_limit.collect_timing = False {{(pid=108525) log_opt_values /opt/stack/data/venv/lib/python3.12/site-packages/oslo_config/cfg.py:3256}}
May 26 15:05:41.688738 np0000176664 nova-scheduler[108525]: DEBUG cotyledon.oslo_config_glue [-] oslo_limit.connect_retries = None {{(pid=108525) log_opt_values /opt/stack/data/venv/lib/python3.12/site-packages/oslo_config/cfg.py:3256}}
May 26 15:05:41.688738 np0000176664 nova-scheduler[108525]: DEBUG cotyledon.oslo_config_glue [-] oslo_limit.connect_retry_delay = None {{(pid=108525) log_opt_values /opt/stack/data/venv/lib/python3.12/site-packages/oslo_config/cfg.py:3256}}
May 26 15:05:41.688738 np0000176664 nova-scheduler[108525]: DEBUG cotyledon.oslo_config_glue [-] oslo_limit.endpoint_id = None {{(pid=108525) log_opt_values /opt/stack/data/venv/lib/python3.12/site-packages/oslo_config/cfg.py:3256}}
May 26 15:05:41.688738 np0000176664 nova-scheduler[108525]: DEBUG cotyledon.oslo_config_glue [-] oslo_limit.endpoint_interface = public {{(pid=108525) log_opt_values /opt/stack/data/venv/lib/python3.12/site-packages/oslo_config/cfg.py:3256}}
May 26 15:05:41.688738 np0000176664 nova-scheduler[108525]: DEBUG cotyledon.oslo_config_glue [-] oslo_limit.endpoint_override = None {{(pid=108525) log_opt_values /opt/stack/data/venv/lib/python3.12/site-packages/oslo_config/cfg.py:3256}}
May 26 15:05:41.688738 np0000176664 nova-scheduler[108525]: DEBUG cotyledon.oslo_config_glue [-] oslo_limit.endpoint_region_name = None {{(pid=108525) log_opt_values /opt/stack/data/venv/lib/python3.12/site-packages/oslo_config/cfg.py:3256}}
May 26 15:05:41.688980 np0000176664 nova-scheduler[108525]: DEBUG cotyledon.oslo_config_glue [-] oslo_limit.endpoint_service_name = None {{(pid=108525) log_opt_values /opt/stack/data/venv/lib/python3.12/site-packages/oslo_config/cfg.py:3256}}
May 26 15:05:41.688980 np0000176664 nova-scheduler[108525]: DEBUG cotyledon.oslo_config_glue [-] oslo_limit.endpoint_service_type = None {{(pid=108525) log_opt_values /opt/stack/data/venv/lib/python3.12/site-packages/oslo_config/cfg.py:3256}}
May 26 15:05:41.688980 np0000176664 nova-scheduler[108525]: DEBUG cotyledon.oslo_config_glue [-] oslo_limit.insecure = False {{(pid=108525) log_opt_values /opt/stack/data/venv/lib/python3.12/site-packages/oslo_config/cfg.py:3256}}
May 26 15:05:41.688980 np0000176664 nova-scheduler[108525]: DEBUG cotyledon.oslo_config_glue [-] oslo_limit.keyfile = None {{(pid=108525) log_opt_values /opt/stack/data/venv/lib/python3.12/site-packages/oslo_config/cfg.py:3256}}
May 26 15:05:41.688980 np0000176664 nova-scheduler[108525]: DEBUG cotyledon.oslo_config_glue [-] oslo_limit.max_version = None {{(pid=108525) log_opt_values /opt/stack/data/venv/lib/python3.12/site-packages/oslo_config/cfg.py:3256}}
May 26 15:05:41.688980 np0000176664 nova-scheduler[108525]: DEBUG cotyledon.oslo_config_glue [-] oslo_limit.min_version = None {{(pid=108525) log_opt_values /opt/stack/data/venv/lib/python3.12/site-packages/oslo_config/cfg.py:3256}}
May 26 15:05:41.688980 np0000176664 nova-scheduler[108525]: DEBUG cotyledon.oslo_config_glue [-] oslo_limit.region_name = None {{(pid=108525) log_opt_values /opt/stack/data/venv/lib/python3.12/site-packages/oslo_config/cfg.py:3256}}
May 26 15:05:41.688980 np0000176664 nova-scheduler[108525]: DEBUG cotyledon.oslo_config_glue [-] oslo_limit.retriable_status_codes = None {{(pid=108525) log_opt_values /opt/stack/data/venv/lib/python3.12/site-packages/oslo_config/cfg.py:3256}}
May 26 15:05:41.688980 np0000176664 nova-scheduler[108525]: DEBUG cotyledon.oslo_config_glue [-] oslo_limit.service_name = None {{(pid=108525) log_opt_values /opt/stack/data/venv/lib/python3.12/site-packages/oslo_config/cfg.py:3256}}
May 26 15:05:41.689180 np0000176664 nova-scheduler[108525]: DEBUG cotyledon.oslo_config_glue [-] oslo_limit.service_type = None {{(pid=108525) log_opt_values /opt/stack/data/venv/lib/python3.12/site-packages/oslo_config/cfg.py:3256}}
May 26 15:05:41.689180 np0000176664 nova-scheduler[108525]: DEBUG cotyledon.oslo_config_glue [-] oslo_limit.split_loggers = False {{(pid=108525) log_opt_values /opt/stack/data/venv/lib/python3.12/site-packages/oslo_config/cfg.py:3256}}
May 26 15:05:41.689180 np0000176664 nova-scheduler[108525]: DEBUG cotyledon.oslo_config_glue [-] oslo_limit.status_code_retries = None {{(pid=108525) log_opt_values /opt/stack/data/venv/lib/python3.12/site-packages/oslo_config/cfg.py:3256}}
May 26 15:05:41.689180 np0000176664 nova-scheduler[108525]: DEBUG cotyledon.oslo_config_glue [-] oslo_limit.status_code_retry_delay = None {{(pid=108525) log_opt_values /opt/stack/data/venv/lib/python3.12/site-packages/oslo_config/cfg.py:3256}}
May 26 15:05:41.689180 np0000176664 nova-scheduler[108525]: DEBUG cotyledon.oslo_config_glue [-] oslo_limit.timeout = None {{(pid=108525) log_opt_values /opt/stack/data/venv/lib/python3.12/site-packages/oslo_config/cfg.py:3256}}
May 26 15:05:41.689180 np0000176664 nova-scheduler[108525]: DEBUG cotyledon.oslo_config_glue [-] oslo_limit.valid_interfaces = None {{(pid=108525) log_opt_values /opt/stack/data/venv/lib/python3.12/site-packages/oslo_config/cfg.py:3256}}
May 26 15:05:41.689180 np0000176664 nova-scheduler[108525]: DEBUG cotyledon.oslo_config_glue [-] oslo_limit.version = None {{(pid=108525) log_opt_values /opt/stack/data/venv/lib/python3.12/site-packages/oslo_config/cfg.py:3256}}
May 26 15:05:41.689180 np0000176664 nova-scheduler[108525]: DEBUG cotyledon.oslo_config_glue [-] oslo_reports.file_event_handler = None {{(pid=108525) log_opt_values /opt/stack/data/venv/lib/python3.12/site-packages/oslo_config/cfg.py:3256}}
May 26 15:05:41.689180 np0000176664 nova-scheduler[108525]: DEBUG cotyledon.oslo_config_glue [-] oslo_reports.file_event_handler_interval = 1 {{(pid=108525) log_opt_values /opt/stack/data/venv/lib/python3.12/site-packages/oslo_config/cfg.py:3256}}
May 26 15:05:41.689392 np0000176664 nova-scheduler[108525]: DEBUG cotyledon.oslo_config_glue [-] oslo_reports.log_dir = None {{(pid=108525) log_opt_values /opt/stack/data/venv/lib/python3.12/site-packages/oslo_config/cfg.py:3256}}
May 26 15:05:41.689392 np0000176664 nova-scheduler[108525]: DEBUG cotyledon.oslo_config_glue [-] ******************************************************************************** {{(pid=108525) log_opt_values /opt/stack/data/venv/lib/python3.12/site-packages/oslo_config/cfg.py:3263}}
May 26 15:05:41.689392 np0000176664 nova-scheduler[108525]: DEBUG cotyledon._service_worker [-] Run service ServiceWrapper(2) [108525] {{(pid=108525) wait_forever /opt/stack/data/venv/lib/python3.12/site-packages/cotyledon/_service_worker.py:218}}
May 26 15:05:41.689392 np0000176664 nova-scheduler[108525]: INFO nova.service [-] Starting scheduler node (version 33.1.0)
May 26 15:05:41.689509 np0000176664 nova-scheduler[108511]: DEBUG oslo_db.sqlalchemy.engines [None req-6ccf61d7-72b6-4c18-8494-0187ab8416e3 None None] MySQL server mode set to STRICT_TRANS_TABLES,STRICT_ALL_TABLES,NO_ZERO_IN_DATE,NO_ZERO_DATE,ERROR_FOR_DIVISION_BY_ZERO,TRADITIONAL,NO_ENGINE_SUBSTITUTION {{(pid=108511) _check_effective_sql_mode /opt/stack/data/venv/lib/python3.12/site-packages/oslo_db/sqlalchemy/engines.py:325}}
May 26 15:05:41.689549 np0000176664 nova-scheduler[108525]: INFO dbcounter [None req-fb44ddb9-fa39-4645-bb89-6cea83347676 None None] Registered counter for database nova_cell0
May 26 15:05:41.689577 np0000176664 nova-scheduler[108530]: INFO dbcounter [None req-fe09f051-065a-4aaf-bf78-abcb32ae7b31 None None] Registered counter for database nova_cell0
May 26 15:05:41.689610 np0000176664 nova-scheduler[108511]: DEBUG dbcounter [-] [108511] Writer thread running {{(pid=108511) stat_writer /opt/stack/data/venv/lib/python3.12/site-packages/dbcounter.py:102}}
May 26 15:05:41.701281 np0000176664 nova-scheduler[108517]: DEBUG oslo_db.sqlalchemy.engines [None req-b9e63338-06ff-4c32-a02f-f5197661d8a8 None None] MySQL server mode set to STRICT_TRANS_TABLES,STRICT_ALL_TABLES,NO_ZERO_IN_DATE,NO_ZERO_DATE,ERROR_FOR_DIVISION_BY_ZERO,TRADITIONAL,NO_ENGINE_SUBSTITUTION {{(pid=108517) _check_effective_sql_mode /opt/stack/data/venv/lib/python3.12/site-packages/oslo_db/sqlalchemy/engines.py:325}}
May 26 15:05:41.711672 np0000176664 nova-scheduler[108511]: DEBUG nova.service [None req-6ccf61d7-72b6-4c18-8494-0187ab8416e3 None None] Creating RPC server for service: nova-scheduler on topic: scheduler {{(pid=108511) start /opt/stack/nova/nova/service.py:195}}
May 26 15:05:41.718942 np0000176664 nova-scheduler[108517]: DEBUG dbcounter [-] [108517] Writer thread running {{(pid=108517) stat_writer /opt/stack/data/venv/lib/python3.12/site-packages/dbcounter.py:102}}
May 26 15:05:41.722394 np0000176664 nova-scheduler[108517]: DEBUG nova.service [None req-b9e63338-06ff-4c32-a02f-f5197661d8a8 None None] Creating RPC server for service: nova-scheduler on topic: scheduler {{(pid=108517) start /opt/stack/nova/nova/service.py:195}}
May 26 15:05:41.746681 np0000176664 nova-scheduler[108511]: DEBUG nova.service [None req-6ccf61d7-72b6-4c18-8494-0187ab8416e3 None None] Join ServiceGroup membership for this service scheduler {{(pid=108511) start /opt/stack/nova/nova/service.py:221}}
May 26 15:05:41.746899 np0000176664 nova-scheduler[108517]: DEBUG nova.service [None req-b9e63338-06ff-4c32-a02f-f5197661d8a8 None None] Join ServiceGroup membership for this service scheduler {{(pid=108517) start /opt/stack/nova/nova/service.py:221}}
May 26 15:05:41.746940 np0000176664 nova-scheduler[108517]: DEBUG nova.servicegroup.drivers.db [None req-b9e63338-06ff-4c32-a02f-f5197661d8a8 None None] DB_Driver: join new ServiceGroup member np0000176664 to the scheduler group, service = {{(pid=108517) join /opt/stack/nova/nova/servicegroup/drivers/db.py:44}}
May 26 15:05:41.747037 np0000176664 nova-scheduler[108525]: DEBUG oslo_db.sqlalchemy.engines [None req-fb44ddb9-fa39-4645-bb89-6cea83347676 None None] MySQL server mode set to STRICT_TRANS_TABLES,STRICT_ALL_TABLES,NO_ZERO_IN_DATE,NO_ZERO_DATE,ERROR_FOR_DIVISION_BY_ZERO,TRADITIONAL,NO_ENGINE_SUBSTITUTION {{(pid=108525) _check_effective_sql_mode /opt/stack/data/venv/lib/python3.12/site-packages/oslo_db/sqlalchemy/engines.py:325}}
May 26 15:05:41.747102 np0000176664 nova-scheduler[108511]: DEBUG nova.servicegroup.drivers.db [None req-6ccf61d7-72b6-4c18-8494-0187ab8416e3 None None] DB_Driver: join new ServiceGroup member np0000176664 to the scheduler group, service = {{(pid=108511) join /opt/stack/nova/nova/servicegroup/drivers/db.py:44}}
May 26 15:05:41.763038 np0000176664 nova-scheduler[108530]: DEBUG oslo_db.sqlalchemy.engines [None req-fe09f051-065a-4aaf-bf78-abcb32ae7b31 None None] MySQL server mode set to STRICT_TRANS_TABLES,STRICT_ALL_TABLES,NO_ZERO_IN_DATE,NO_ZERO_DATE,ERROR_FOR_DIVISION_BY_ZERO,TRADITIONAL,NO_ENGINE_SUBSTITUTION {{(pid=108530) _check_effective_sql_mode /opt/stack/data/venv/lib/python3.12/site-packages/oslo_db/sqlalchemy/engines.py:325}}
May 26 15:05:41.777987 np0000176664 nova-scheduler[108525]: DEBUG dbcounter [-] [108525] Writer thread running {{(pid=108525) stat_writer /opt/stack/data/venv/lib/python3.12/site-packages/dbcounter.py:102}}
May 26 15:05:41.782187 np0000176664 nova-scheduler[108525]: DEBUG nova.service [None req-fb44ddb9-fa39-4645-bb89-6cea83347676 None None] Creating RPC server for service: nova-scheduler on topic: scheduler {{(pid=108525) start /opt/stack/nova/nova/service.py:195}}
May 26 15:05:41.788784 np0000176664 nova-scheduler[108530]: DEBUG dbcounter [-] [108530] Writer thread running {{(pid=108530) stat_writer /opt/stack/data/venv/lib/python3.12/site-packages/dbcounter.py:102}}
May 26 15:05:41.794911 np0000176664 nova-scheduler[108530]: DEBUG nova.service [None req-fe09f051-065a-4aaf-bf78-abcb32ae7b31 None None] Creating RPC server for service: nova-scheduler on topic: scheduler {{(pid=108530) start /opt/stack/nova/nova/service.py:195}}
May 26 15:05:41.811056 np0000176664 nova-scheduler[108525]: DEBUG nova.service [None req-fb44ddb9-fa39-4645-bb89-6cea83347676 None None] Join ServiceGroup membership for this service scheduler {{(pid=108525) start /opt/stack/nova/nova/service.py:221}}
May 26 15:05:41.811056 np0000176664 nova-scheduler[108525]: DEBUG nova.servicegroup.drivers.db [None req-fb44ddb9-fa39-4645-bb89-6cea83347676 None None] DB_Driver: join new ServiceGroup member np0000176664 to the scheduler group, service = {{(pid=108525) join /opt/stack/nova/nova/servicegroup/drivers/db.py:44}}
May 26 15:05:41.825877 np0000176664 nova-scheduler[108530]: DEBUG nova.service [None req-fe09f051-065a-4aaf-bf78-abcb32ae7b31 None None] Join ServiceGroup membership for this service scheduler {{(pid=108530) start /opt/stack/nova/nova/service.py:221}}
May 26 15:05:41.826500 np0000176664 nova-scheduler[108530]: DEBUG nova.servicegroup.drivers.db [None req-fe09f051-065a-4aaf-bf78-abcb32ae7b31 None None] DB_Driver: join new ServiceGroup member np0000176664 to the scheduler group, service = {{(pid=108530) join /opt/stack/nova/nova/servicegroup/drivers/db.py:44}}
May 26 15:05:42.750890 np0000176664 nova-scheduler[108511]: DEBUG oslo.service.backend._threading.loopingcall [None req-14968646-04b5-4e4b-8d93-1a101608e29d None None] Dynamic interval looping call 'nova.service.Service.periodic_tasks' sleeping for 60.00 seconds {{(pid=108511) _run_loop /opt/stack/data/venv/lib/python3.12/site-packages/oslo_service/backend/_threading/loopingcall.py:125}}
May 26 15:05:46.770632 np0000176664 nova-scheduler[108511]: DEBUG oslo.service.backend._threading.loopingcall [-] Fixed interval looping call 'nova.servicegroup.drivers.db.DbDriver._report_state' sleeping for 119.98 seconds {{(pid=108511) _run_loop /opt/stack/data/venv/lib/python3.12/site-packages/oslo_service/backend/_threading/loopingcall.py:125}}
May 26 15:05:46.772027 np0000176664 nova-scheduler[108517]: DEBUG oslo.service.backend._threading.loopingcall [-] Fixed interval looping call 'nova.servicegroup.drivers.db.DbDriver._report_state' sleeping for 119.98 seconds {{(pid=108517) _run_loop /opt/stack/data/venv/lib/python3.12/site-packages/oslo_service/backend/_threading/loopingcall.py:125}}
May 26 15:05:46.829655 np0000176664 nova-scheduler[108525]: DEBUG oslo.service.backend._threading.loopingcall [-] Fixed interval looping call 'nova.servicegroup.drivers.db.DbDriver._report_state' sleeping for 119.98 seconds {{(pid=108525) _run_loop /opt/stack/data/venv/lib/python3.12/site-packages/oslo_service/backend/_threading/loopingcall.py:125}}
May 26 15:05:46.841000 np0000176664 nova-scheduler[108530]: DEBUG oslo.service.backend._threading.loopingcall [-] Fixed interval looping call 'nova.servicegroup.drivers.db.DbDriver._report_state' sleeping for 119.99 seconds {{(pid=108530) _run_loop /opt/stack/data/venv/lib/python3.12/site-packages/oslo_service/backend/_threading/loopingcall.py:125}}
May 26 15:05:50.203284 np0000176664 nova-scheduler[107736]: DEBUG dbcounter [-] [107736] Writing DB stats nova_api:SELECT=3 {{(pid=107736) stat_writer /opt/stack/data/venv/lib/python3.12/site-packages/dbcounter.py:115}}
May 26 15:05:50.384333 np0000176664 nova-scheduler[107736]: DEBUG dbcounter [-] [107736] Writing DB stats nova_cell1:SELECT=1 {{(pid=107736) stat_writer /opt/stack/data/venv/lib/python3.12/site-packages/dbcounter.py:115}}
May 26 15:05:50.389340 np0000176664 nova-scheduler[107736]: DEBUG dbcounter [-] [107736] Writing DB stats nova_cell0:SELECT=1 {{(pid=107736) stat_writer /opt/stack/data/venv/lib/python3.12/site-packages/dbcounter.py:115}}
May 26 15:05:54.750453 np0000176664 nova-scheduler[108517]: DEBUG oslo.service.backend._threading.loopingcall [None req-c92c5be8-84d3-4174-9261-479ac60ebaf0 None None] Dynamic interval looping call 'nova.service.Service.periodic_tasks' sleeping for 60.00 seconds {{(pid=108517) _run_loop /opt/stack/data/venv/lib/python3.12/site-packages/oslo_service/backend/_threading/loopingcall.py:125}}
May 26 15:05:56.763865 np0000176664 nova-scheduler[108511]: DEBUG dbcounter [-] [108511] Writing DB stats nova_cell0:SELECT=4,nova_cell0:INSERT=1,nova_cell0:UPDATE=1 {{(pid=108511) stat_writer /opt/stack/data/venv/lib/python3.12/site-packages/dbcounter.py:115}}
May 26 15:05:56.767182 np0000176664 nova-scheduler[108517]: DEBUG dbcounter [-] [108517] Writing DB stats nova_cell0:SELECT=3,nova_cell0:UPDATE=1 {{(pid=108517) stat_writer /opt/stack/data/venv/lib/python3.12/site-packages/dbcounter.py:115}}
May 26 15:05:56.826626 np0000176664 nova-scheduler[108525]: DEBUG dbcounter [-] [108525] Writing DB stats nova_cell0:SELECT=3 {{(pid=108525) stat_writer /opt/stack/data/venv/lib/python3.12/site-packages/dbcounter.py:115}}
May 26 15:05:56.837150 np0000176664 nova-scheduler[108530]: DEBUG dbcounter [-] [108530] Writing DB stats nova_cell0:SELECT=3 {{(pid=108530) stat_writer /opt/stack/data/venv/lib/python3.12/site-packages/dbcounter.py:115}}
May 26 15:06:13.814779 np0000176664 nova-scheduler[108525]: DEBUG oslo.service.backend._threading.loopingcall [None req-a784ccb7-a280-42c2-b3a8-c744dab6fa63 None None] Dynamic interval looping call 'nova.service.Service.periodic_tasks' sleeping for 60.00 seconds {{(pid=108525) _run_loop /opt/stack/data/venv/lib/python3.12/site-packages/oslo_service/backend/_threading/loopingcall.py:125}}
May 26 15:06:38.830279 np0000176664 nova-scheduler[108530]: DEBUG oslo.service.backend._threading.loopingcall [None req-aec28bd0-b343-4a58-b561-c1c931681cba None None] Dynamic interval looping call 'nova.service.Service.periodic_tasks' sleeping for 60.00 seconds {{(pid=108530) _run_loop /opt/stack/data/venv/lib/python3.12/site-packages/oslo_service/backend/_threading/loopingcall.py:125}}
May 26 15:06:42.751970 np0000176664 nova-scheduler[108511]: DEBUG oslo.service.backend._threading.loopingcall [None req-14968646-04b5-4e4b-8d93-1a101608e29d None None] Dynamic interval looping call 'nova.service.Service.periodic_tasks' sleeping for 60.00 seconds {{(pid=108511) _run_loop /opt/stack/data/venv/lib/python3.12/site-packages/oslo_service/backend/_threading/loopingcall.py:125}}