May 18 18:35:00.913336 np0000174511 devstack@neutron-api.service[103317]: INFO ovsdbapp.backend.ovs_idl.vlog [None req-2b90ca2c-5f0c-4f87-9874-8c5a08244e54 None None] ssl:199.204.45.156:6642: connecting...
May 18 18:35:00.921410 np0000174511 devstack@neutron-api.service[103317]: INFO ovsdbapp.backend.ovs_idl.vlog [None req-2b90ca2c-5f0c-4f87-9874-8c5a08244e54 None None] ssl:199.204.45.156:6642: connected
May 18 18:35:00.928213 np0000174511 devstack@neutron-api.service[103320]: DEBUG ovsdbapp.backend.ovs_idl [None req-65c4f4d8-7922-43ab-99a4-ffd6d4cf3d21 None None] Created lookup_table index Chassis.name {{(pid=103320) autocreate_indices /opt/stack/data/venv/lib/python3.12/site-packages/ovsdbapp/backend/ovs_idl/__init__.py:87}}
May 18 18:35:00.928360 np0000174511 devstack@neutron-api.service[103320]: DEBUG ovsdbapp.backend.ovs_idl [None req-65c4f4d8-7922-43ab-99a4-ffd6d4cf3d21 None None] Created lookup_table index Port_Binding.logical_port {{(pid=103320) autocreate_indices /opt/stack/data/venv/lib/python3.12/site-packages/ovsdbapp/backend/ovs_idl/__init__.py:87}}
May 18 18:35:00.928460 np0000174511 devstack@neutron-api.service[103320]: DEBUG ovsdbapp.backend.ovs_idl [None req-65c4f4d8-7922-43ab-99a4-ffd6d4cf3d21 None None] Created schema index Chassis_Private.name {{(pid=103320) autocreate_indices /opt/stack/data/venv/lib/python3.12/site-packages/ovsdbapp/backend/ovs_idl/__init__.py:106}}
May 18 18:35:00.928554 np0000174511 devstack@neutron-api.service[103320]: DEBUG ovsdbapp.backend.ovs_idl [None req-65c4f4d8-7922-43ab-99a4-ffd6d4cf3d21 None None] Created schema index Datapath_Binding.tunnel_key {{(pid=103320) autocreate_indices /opt/stack/data/venv/lib/python3.12/site-packages/ovsdbapp/backend/ovs_idl/__init__.py:106}}
May 18 18:35:00.931006 np0000174511 devstack@neutron-api.service[103320]: INFO ovsdbapp.backend.ovs_idl.vlog [None req-65c4f4d8-7922-43ab-99a4-ffd6d4cf3d21 None None] ssl:199.204.45.156:6642: connecting...
May 18 18:35:00.935556 np0000174511 devstack@neutron-api.service[103320]: INFO ovsdbapp.backend.ovs_idl.vlog [None req-65c4f4d8-7922-43ab-99a4-ffd6d4cf3d21 None None] ssl:199.204.45.156:6642: connected
May 18 18:35:00.938483 np0000174511 devstack@neutron-api.service[103319]: DEBUG ovsdbapp.backend.ovs_idl [None req-d2e44290-6295-4667-a3e5-ced5a2cf09ae None None] Created lookup_table index Chassis.name {{(pid=103319) autocreate_indices /opt/stack/data/venv/lib/python3.12/site-packages/ovsdbapp/backend/ovs_idl/__init__.py:87}}
May 18 18:35:00.938577 np0000174511 devstack@neutron-api.service[103319]: DEBUG ovsdbapp.backend.ovs_idl [None req-d2e44290-6295-4667-a3e5-ced5a2cf09ae None None] Created lookup_table index Port_Binding.logical_port {{(pid=103319) autocreate_indices /opt/stack/data/venv/lib/python3.12/site-packages/ovsdbapp/backend/ovs_idl/__init__.py:87}}
May 18 18:35:00.938645 np0000174511 devstack@neutron-api.service[103319]: DEBUG ovsdbapp.backend.ovs_idl [None req-d2e44290-6295-4667-a3e5-ced5a2cf09ae None None] Created schema index Chassis_Private.name {{(pid=103319) autocreate_indices /opt/stack/data/venv/lib/python3.12/site-packages/ovsdbapp/backend/ovs_idl/__init__.py:106}}
May 18 18:35:00.938893 np0000174511 devstack@neutron-api.service[103319]: DEBUG ovsdbapp.backend.ovs_idl [None req-d2e44290-6295-4667-a3e5-ced5a2cf09ae None None] Created schema index Datapath_Binding.tunnel_key {{(pid=103319) autocreate_indices /opt/stack/data/venv/lib/python3.12/site-packages/ovsdbapp/backend/ovs_idl/__init__.py:106}}
May 18 18:35:00.940926 np0000174511 devstack@neutron-api.service[103319]: INFO ovsdbapp.backend.ovs_idl.vlog [None req-d2e44290-6295-4667-a3e5-ced5a2cf09ae None None] ssl:199.204.45.156:6642: connecting...
May 18 18:35:00.945209 np0000174511 devstack@neutron-api.service[103319]: INFO ovsdbapp.backend.ovs_idl.vlog [None req-d2e44290-6295-4667-a3e5-ced5a2cf09ae None None] ssl:199.204.45.156:6642: connected
May 18 18:35:00.953164 np0000174511 devstack@neutron-api.service[103317]: DEBUG neutron.common.ovn.hash_ring_manager [None req-2b90ca2c-5f0c-4f87-9874-8c5a08244e54 None None] Allow caching, nodes 4>=4 {{(pid=103317) _wait_startup_before_caching /opt/stack/neutron/neutron/common/ovn/hash_ring_manager.py:65}}
May 18 18:35:00.958087 np0000174511 devstack@neutron-api.service[103317]: DEBUG neutron.common.ovn.hash_ring_manager [None req-2b90ca2c-5f0c-4f87-9874-8c5a08244e54 None None] Hash Ring loaded. 4 active nodes. 0 offline nodes {{(pid=103317) _load_hash_ring /opt/stack/neutron/neutron/common/ovn/hash_ring_manager.py:102}}
May 18 18:35:00.958301 np0000174511 devstack@neutron-api.service[103317]: DEBUG neutron.plugins.ml2.drivers.ovn.mech_driver.ovsdb.ovsdb_monitor [None req-2b90ca2c-5f0c-4f87-9874-8c5a08244e54 None None] Hash Ring: Node 8541c7e1947953db8793259b3018f467 (host: np0000174511) handling event "create" for row fd8fe25f-64d4-4e3e-a574-2ef0e1288a62 (table: Chassis) {{(pid=103317) notify /opt/stack/neutron/neutron/plugins/ml2/drivers/ovn/mech_driver/ovsdb/ovsdb_monitor.py:942}}
May 18 18:35:00.959373 np0000174511 devstack@neutron-api.service[103317]: DEBUG ovsdbapp.backend.ovs_idl.event [None req-2b90ca2c-5f0c-4f87-9874-8c5a08244e54 None None] Matched CREATE: ChassisBandwidthConfigEvent(events=('create', 'update'), table='Chassis', conditions=None, old_conditions=None), priority=20 to row=Chassis(uuid=fd8fe25f-64d4-4e3e-a574-2ef0e1288a62, encaps=[d37f19da-4089-479c-93d9-e6ca9f4f8c3a], external_ids={}, hostname='np0000174511', name='f5572e5a-fcd3-4d1a-abba-b58481cbe1bc', nb_cfg=0, other_config={'ct-commit-nat-v2': 'true', 'ct-commit-to-zone': 'true', 'ct-next-zone': 'true', 'ct-no-masked-label': 'true', 'ct-state-save': 'true', 'datapath-type': 'system', 'fdb-timestamp': 'true', 'iface-types': 'afxdp,afxdp-nonpmd,bareudp,erspan,geneve,gre,gtpu,internal,ip6erspan,ip6gre,lisp,patch,srv6,stt,system,tap,vxlan', 'is-interconn': 'false', 'ls-dpg-column': 'true', 'mac-binding-timestamp': 'true', 'ovn-bridge-mappings': 'public:br-ex', 'ovn-chassis-mac-mappings': '', 'ovn-cms-options': 'enable-chassis-as-gw', 'ovn-ct-lb-related': 'true', 'ovn-enable-lflow-cache': 'true', 'ovn-limit-lflow-cache': '', 'ovn-memlimit-lflow-cache-kb': '', 'ovn-monitor-all': 'false', 'ovn-trim-limit-lflow-cache': '', 'ovn-trim-timeout-ms': '', 'ovn-trim-wmark-perc-lflow-cache': '', 'port-up-notif': 'true'}, transport_zones=[], vtep_logical_switches=[]) old= {{(pid=103317) matches /opt/stack/data/venv/lib/python3.12/site-packages/ovsdbapp/backend/ovs_idl/event.py:55}}
May 18 18:35:00.960025 np0000174511 devstack@neutron-api.service[103317]: DEBUG neutron.plugins.ml2.drivers.ovn.mech_driver.ovsdb.ovsdb_monitor [None req-2b90ca2c-5f0c-4f87-9874-8c5a08244e54 None None] ChassisAgentWriteEvent : Matched Chassis_Private, create, None None {{(pid=103317) matches /opt/stack/neutron/neutron/plugins/ml2/drivers/ovn/mech_driver/ovsdb/ovsdb_monitor.py:64}}
May 18 18:35:00.960247 np0000174511 devstack@neutron-api.service[103317]: DEBUG neutron.plugins.ml2.drivers.ovn.mech_driver.ovsdb.ovsdb_monitor [None req-2b90ca2c-5f0c-4f87-9874-8c5a08244e54 None None] ChassisOVNAgentWriteEvent : Matched Chassis_Private, create, None None {{(pid=103317) matches /opt/stack/neutron/neutron/plugins/ml2/drivers/ovn/mech_driver/ovsdb/ovsdb_monitor.py:64}}
May 18 18:35:00.960666 np0000174511 devstack@neutron-api.service[103317]: DEBUG neutron.plugins.ml2.drivers.ovn.mech_driver.ovsdb.ovsdb_monitor [None req-2b90ca2c-5f0c-4f87-9874-8c5a08244e54 None None] Hash Ring: Node 8541c7e1947953db8793259b3018f467 (host: np0000174511) handling event "create" for row d37f19da-4089-479c-93d9-e6ca9f4f8c3a (table: Encap) {{(pid=103317) notify /opt/stack/neutron/neutron/plugins/ml2/drivers/ovn/mech_driver/ovsdb/ovsdb_monitor.py:942}}
May 18 18:35:00.961776 np0000174511 devstack@neutron-api.service[103320]: DEBUG neutron.common.ovn.hash_ring_manager [None req-65c4f4d8-7922-43ab-99a4-ffd6d4cf3d21 None None] Allow caching, nodes 4>=4 {{(pid=103320) _wait_startup_before_caching /opt/stack/neutron/neutron/common/ovn/hash_ring_manager.py:65}}
May 18 18:35:00.962261 np0000174511 devstack@neutron-api.service[103317]: INFO neutron.plugins.ml2.drivers.ovn.mech_driver.mech_driver [None req-2b90ca2c-5f0c-4f87-9874-8c5a08244e54 None None] WorkerService process has finished the post initialization
May 18 18:35:00.964265 np0000174511 devstack@neutron-api.service[103317]: INFO neutron.plugins.ml2.drivers.ovn.mech_driver.ovsdb.extensions.qos [-] Starting OVNClientQosExtension
May 18 18:35:00.964618 np0000174511 devstack@neutron-api.service[103317]: WSGI app 0 (mountpoint='') ready in 6 seconds on interpreter 0x70e812ca3668 pid: 103317 (default app)
May 18 18:35:00.964841 np0000174511 devstack@neutron-api.service[103317]: INFO neutron.plugins.ml2.drivers.ovn.mech_driver.ovsdb.extensions.placement [-] Starting OVNClientPlacementExtension
May 18 18:35:00.965489 np0000174511 devstack@neutron-api.service[103320]: DEBUG neutron.common.ovn.hash_ring_manager [None req-65c4f4d8-7922-43ab-99a4-ffd6d4cf3d21 None None] Hash Ring loaded. 4 active nodes. 0 offline nodes {{(pid=103320) _load_hash_ring /opt/stack/neutron/neutron/common/ovn/hash_ring_manager.py:102}}
May 18 18:35:00.965644 np0000174511 devstack@neutron-api.service[103320]: DEBUG neutron.plugins.ml2.drivers.ovn.mech_driver.ovsdb.ovsdb_monitor [None req-65c4f4d8-7922-43ab-99a4-ffd6d4cf3d21 None None] ChassisAgentWriteEvent : Matched Chassis_Private, create, None None {{(pid=103320) matches /opt/stack/neutron/neutron/plugins/ml2/drivers/ovn/mech_driver/ovsdb/ovsdb_monitor.py:64}}
May 18 18:35:00.965787 np0000174511 devstack@neutron-api.service[103320]: DEBUG neutron.plugins.ml2.drivers.ovn.mech_driver.ovsdb.ovsdb_monitor [None req-65c4f4d8-7922-43ab-99a4-ffd6d4cf3d21 None None] ChassisOVNAgentWriteEvent : Matched Chassis_Private, create, None None {{(pid=103320) matches /opt/stack/neutron/neutron/plugins/ml2/drivers/ovn/mech_driver/ovsdb/ovsdb_monitor.py:64}}
May 18 18:35:00.966114 np0000174511 devstack@neutron-api.service[103320]: DEBUG neutron.plugins.ml2.drivers.ovn.mech_driver.ovsdb.ovsdb_monitor [None req-65c4f4d8-7922-43ab-99a4-ffd6d4cf3d21 None None] Hash Ring: Node 45ecef85bdd4503eb2222c4d42e1afdd (host: np0000174511) handling event "create" for row 5180237f-9508-40f1-9a07-a008fec9ce1c (table: Chassis_Private) {{(pid=103320) notify /opt/stack/neutron/neutron/plugins/ml2/drivers/ovn/mech_driver/ovsdb/ovsdb_monitor.py:942}}
May 18 18:35:00.967868 np0000174511 devstack@neutron-api.service[103320]: INFO neutron.plugins.ml2.drivers.ovn.mech_driver.mech_driver [None req-65c4f4d8-7922-43ab-99a4-ffd6d4cf3d21 None None] WorkerService process has finished the post initialization
May 18 18:35:00.969068 np0000174511 devstack@neutron-api.service[103320]: WSGI app 0 (mountpoint='') ready in 6 seconds on interpreter 0x70e812ca3668 pid: 103320 (default app)
May 18 18:35:00.971165 np0000174511 devstack@neutron-api.service[103319]: DEBUG neutron.common.ovn.hash_ring_manager [None req-d2e44290-6295-4667-a3e5-ced5a2cf09ae None None] Allow caching, nodes 4>=4 {{(pid=103319) _wait_startup_before_caching /opt/stack/neutron/neutron/common/ovn/hash_ring_manager.py:65}}
May 18 18:35:00.975157 np0000174511 devstack@neutron-api.service[103319]: DEBUG neutron.common.ovn.hash_ring_manager [None req-d2e44290-6295-4667-a3e5-ced5a2cf09ae None None] Hash Ring loaded. 4 active nodes. 0 offline nodes {{(pid=103319) _load_hash_ring /opt/stack/neutron/neutron/common/ovn/hash_ring_manager.py:102}}
May 18 18:35:00.975336 np0000174511 devstack@neutron-api.service[103319]: DEBUG neutron.plugins.ml2.drivers.ovn.mech_driver.ovsdb.ovsdb_monitor [None req-d2e44290-6295-4667-a3e5-ced5a2cf09ae None None] ChassisAgentWriteEvent : Matched Chassis_Private, create, None None {{(pid=103319) matches /opt/stack/neutron/neutron/plugins/ml2/drivers/ovn/mech_driver/ovsdb/ovsdb_monitor.py:64}}
May 18 18:35:00.975478 np0000174511 devstack@neutron-api.service[103319]: DEBUG neutron.plugins.ml2.drivers.ovn.mech_driver.ovsdb.ovsdb_monitor [None req-d2e44290-6295-4667-a3e5-ced5a2cf09ae None None] ChassisOVNAgentWriteEvent : Matched Chassis_Private, create, None None {{(pid=103319) matches /opt/stack/neutron/neutron/plugins/ml2/drivers/ovn/mech_driver/ovsdb/ovsdb_monitor.py:64}}
May 18 18:35:00.978106 np0000174511 devstack@neutron-api.service[103319]: INFO neutron.plugins.ml2.drivers.ovn.mech_driver.mech_driver [None req-d2e44290-6295-4667-a3e5-ced5a2cf09ae None None] WorkerService process has finished the post initialization
May 18 18:35:00.980159 np0000174511 devstack@neutron-api.service[103319]: WSGI app 0 (mountpoint='') ready in 6 seconds on interpreter 0x70e812ca3668 pid: 103319 (default app)
May 18 18:35:03.327988 np0000174511 devstack@neutron-api.service[103318]: DEBUG neutron.plugins.ml2.drivers.ovn.mech_driver.ovsdb.ovsdb_monitor [-] Hash Ring: Node 6485332c456e5f87ae4649374550b707 (host: np0000174511) handling event "update" for row f8091964-65b9-4a5c-99db-8a943390096d (table: Connection) {{(pid=103318) notify /opt/stack/neutron/neutron/plugins/ml2/drivers/ovn/mech_driver/ovsdb/ovsdb_monitor.py:942}}
May 18 18:35:05.829843 np0000174511 devstack@neutron-api.service[103318]: DEBUG neutron.plugins.ml2.drivers.ovn.mech_driver.ovsdb.ovsdb_monitor [-] Hash Ring: Node 6485332c456e5f87ae4649374550b707 (host: np0000174511) handling event "update" for row f8091964-65b9-4a5c-99db-8a943390096d (table: Connection) {{(pid=103318) notify /opt/stack/neutron/neutron/plugins/ml2/drivers/ovn/mech_driver/ovsdb/ovsdb_monitor.py:942}}
May 18 18:35:07.071708 np0000174511 devstack@neutron-api.service[103318]: DEBUG neutron.api.wsgi [None req-1a4f3bd2-b7f4-4828-8718-a54c3c09352d admin admin] Missing Content-Type {{(pid=103318) get_content_type /opt/stack/neutron/neutron/api/wsgi.py:80}}
May 18 18:35:07.072571 np0000174511 devstack@neutron-api.service[103318]: DEBUG neutron.api.wsgi [None req-1a4f3bd2-b7f4-4828-8718-a54c3c09352d admin admin] https://199.204.45.156/networking/v2.0/extensions returned with HTTP 200 {{(pid=103318) __call__ /opt/stack/neutron/neutron/api/wsgi.py:540}}
May 18 18:35:07.072571 np0000174511 devstack@neutron-api.service[103318]: [pid: 103318|app: 0|req: 2/2] 199.204.45.156 () {64 vars in 1323 bytes} [Mon May 18 18:35:06 2026] GET /networking/v2.0/extensions => generated 15209 bytes in 275 msecs (HTTP/1.1 200) 4 headers in 159 bytes (1 switches on core 0)
May 18 18:35:07.463424 np0000174511 devstack@neutron-api.service[103317]: DEBUG neutron.api.v2.base [None req-74443073-e4a3-4b3a-a81d-8ee344ca9375 admin admin] Request body: {'subnetpool': {'default_prefixlen': 26, 'is_default': True, 'prefixes': ['10.1.0.0/20'], 'shared': True, 'name': 'shared-default-subnetpool-v4'}} {{(pid=103317) prepare_request_body /opt/stack/neutron/neutron/api/v2/base.py:727}}
May 18 18:35:07.665061 np0000174511 devstack@neutron-api.service[103317]: DEBUG neutron.policy [None req-74443073-e4a3-4b3a-a81d-8ee344ca9375 admin admin] Loaded default policies from ['neutron'] under neutron.policies entry points {{(pid=103317) register_rules /opt/stack/neutron/neutron/policy.py:65}}
May 18 18:35:07.821222 np0000174511 devstack@neutron-api.service[103317]: DEBUG neutron_lib.callbacks.manager [None req-74443073-e4a3-4b3a-a81d-8ee344ca9375 admin admin] Publish callbacks ['neutron.objects.securitygroup.RbacNeutronDbObjectMixin.validate_rbac_policy_change-2613955441406', 'neutron.objects.address_group.RbacNeutronDbObjectMixin.validate_rbac_policy_change-2613955451599', 'neutron.objects.network.RbacNeutronDbObjectMixin.validate_rbac_policy_change-2613955338646', 'neutron.objects.qos.policy.RbacNeutronDbObjectMixin.validate_rbac_policy_change-2613955337547', 'neutron.objects.subnetpool.RbacNeutronDbObjectMixin.validate_rbac_policy_change-2613955349982', 'neutron.objects.address_scope.RbacNeutronDbObjectMixin.validate_rbac_policy_change-2613955349603', 'neutron.plugins.ml2.plugin.External_net_db_mixin._process_ext_policy_create-8271642', 'neutron.plugins.ml2.plugin.NeutronDbPluginV2.validate_network_rbac_policy_change-8320076'] for rbac-policy (None), before_create {{(pid=103317) _notify_loop /opt/stack/data/venv/lib/python3.12/site-packages/neutron_lib/callbacks/manager.py:184}}
May 18 18:35:07.899036 np0000174511 devstack@neutron-api.service[103317]: DEBUG neutron_lib.callbacks.manager [None req-74443073-e4a3-4b3a-a81d-8ee344ca9375 admin admin] Publish callbacks [] for subnetpool (None), before_response {{(pid=103317) _notify_loop /opt/stack/data/venv/lib/python3.12/site-packages/neutron_lib/callbacks/manager.py:184}}
May 18 18:35:07.900028 np0000174511 devstack@neutron-api.service[103317]: [pid: 103317|app: 0|req: 1/3] 199.204.45.156 () {68 vars in 1367 bytes} [Mon May 18 18:35:07 2026] POST /networking/v2.0/subnetpools => generated 533 bytes in 543 msecs (HTTP/1.1 201) 4 headers in 162 bytes (1 switches on core 0)
May 18 18:35:08.213205 np0000174511 devstack@neutron-api.service[103320]: DEBUG neutron.api.v2.base [None req-e844eee4-104c-472d-b054-13196ecb8b9e admin admin] Request body: {'subnetpool': {'default_prefixlen': 64, 'is_default': True, 'prefixes': ['fd36:39f4:81b8::/56'], 'shared': True, 'name': 'shared-default-subnetpool-v6'}} {{(pid=103320) prepare_request_body /opt/stack/neutron/neutron/api/v2/base.py:727}}
May 18 18:35:08.397160 np0000174511 devstack@neutron-api.service[103320]: DEBUG neutron.policy [None req-e844eee4-104c-472d-b054-13196ecb8b9e admin admin] Loaded default policies from ['neutron'] under neutron.policies entry points {{(pid=103320) register_rules /opt/stack/neutron/neutron/policy.py:65}}
May 18 18:35:08.554319 np0000174511 devstack@neutron-api.service[103320]: DEBUG neutron_lib.callbacks.manager [None req-e844eee4-104c-472d-b054-13196ecb8b9e admin admin] Publish callbacks ['neutron.objects.securitygroup.RbacNeutronDbObjectMixin.validate_rbac_policy_change-2613955631596', 'neutron.objects.address_group.RbacNeutronDbObjectMixin.validate_rbac_policy_change-2613955424527', 'neutron.objects.network.RbacNeutronDbObjectMixin.validate_rbac_policy_change-2613955290129', 'neutron.objects.qos.policy.RbacNeutronDbObjectMixin.validate_rbac_policy_change-2613955314142', 'neutron.objects.subnetpool.RbacNeutronDbObjectMixin.validate_rbac_policy_change-2613955319751', 'neutron.objects.address_scope.RbacNeutronDbObjectMixin.validate_rbac_policy_change-2613955324347', 'neutron.plugins.ml2.plugin.External_net_db_mixin._process_ext_policy_create-7827274', 'neutron.plugins.ml2.plugin.NeutronDbPluginV2.validate_network_rbac_policy_change-7847598'] for rbac-policy (None), before_create {{(pid=103320) _notify_loop /opt/stack/data/venv/lib/python3.12/site-packages/neutron_lib/callbacks/manager.py:184}}
May 18 18:35:08.598819 np0000174511 devstack@neutron-api.service[103320]: DEBUG neutron_lib.callbacks.manager [None req-e844eee4-104c-472d-b054-13196ecb8b9e admin admin] Publish callbacks [] for subnetpool (None), before_response {{(pid=103320) _notify_loop /opt/stack/data/venv/lib/python3.12/site-packages/neutron_lib/callbacks/manager.py:184}}
May 18 18:35:08.599439 np0000174511 devstack@neutron-api.service[103320]: [pid: 103320|app: 0|req: 1/4] 199.204.45.156 () {68 vars in 1367 bytes} [Mon May 18 18:35:08 2026] POST /networking/v2.0/subnetpools => generated 543 bytes in 486 msecs (HTTP/1.1 201) 4 headers in 162 bytes (1 switches on core 0)
May 18 18:35:09.022103 np0000174511 devstack@neutron-api.service[103319]: DEBUG neutron.api.v2.base [None req-5fdce304-3ef1-44a6-b31a-689090b642dc admin admin] Request body: {'network': {'admin_state_up': True, 'name': 'private'}} {{(pid=103319) prepare_request_body /opt/stack/neutron/neutron/api/v2/base.py:727}}
May 18 18:35:09.049065 np0000174511 devstack@neutron-api.service[103319]: DEBUG neutron.pecan_wsgi.hooks.quota_enforcement [None req-5fdce304-3ef1-44a6-b31a-689090b642dc admin admin] Made reservation on behalf of 1ef6afc5aa784a128bf6b8113531424d for: {'network': 1} {{(pid=103319) before /opt/stack/neutron/neutron/pecan_wsgi/hooks/quota_enforcement.py:66}}
May 18 18:35:09.232878 np0000174511 devstack@neutron-api.service[103319]: DEBUG neutron.policy [None req-5fdce304-3ef1-44a6-b31a-689090b642dc admin admin] Loaded default policies from ['neutron'] under neutron.policies entry points {{(pid=103319) register_rules /opt/stack/neutron/neutron/policy.py:65}}
May 18 18:35:09.338952 np0000174511 devstack@neutron-api.service[103319]: DEBUG neutron_lib.callbacks.manager [None req-5fdce304-3ef1-44a6-b31a-689090b642dc admin admin] Publish callbacks ['neutron.plugins.ml2.plugin.SecurityGroupDbMixin._ensure_default_security_group_handler-8335554'] for network (None), before_create {{(pid=103319) _notify_loop /opt/stack/data/venv/lib/python3.12/site-packages/neutron_lib/callbacks/manager.py:184}}
May 18 18:35:09.360660 np0000174511 devstack@neutron-api.service[103319]: DEBUG neutron_lib.callbacks.manager [None req-5fdce304-3ef1-44a6-b31a-689090b642dc admin admin] Publish callbacks [] for security_group (None), before_create {{(pid=103319) _notify_loop /opt/stack/data/venv/lib/python3.12/site-packages/neutron_lib/callbacks/manager.py:184}}
May 18 18:35:09.459453 np0000174511 devstack@neutron-api.service[103319]: DEBUG neutron_lib.callbacks.manager [None req-5fdce304-3ef1-44a6-b31a-689090b642dc admin admin] Publish callbacks ['neutron.plugins.ml2.drivers.ovn.mech_driver.mech_driver.OVNMechanismDriver._create_security_group_precommit-121461'] for security_group (02fd9b76-fb5b-4c2d-b997-f2d54bbafa5a), precommit_create {{(pid=103319) _notify_loop /opt/stack/data/venv/lib/python3.12/site-packages/neutron_lib/callbacks/manager.py:184}}
May 18 18:35:09.459672 np0000174511 devstack@neutron-api.service[103319]: DEBUG neutron.db.ovn_revision_numbers_db [None req-5fdce304-3ef1-44a6-b31a-689090b642dc admin admin] create_initial_revision uuid=02fd9b76-fb5b-4c2d-b997-f2d54bbafa5a, type=security_groups, rev=-1 {{(pid=103319) create_initial_revision /opt/stack/neutron/neutron/db/ovn_revision_numbers_db.py:98}}
May 18 18:35:09.461958 np0000174511 devstack@neutron-api.service[103319]: DEBUG neutron.db.ovn_revision_numbers_db [None req-5fdce304-3ef1-44a6-b31a-689090b642dc admin admin] create_initial_revision uuid=90947753-f57a-4763-81e6-d6e67a344381, type=security_group_rules, rev=-1 {{(pid=103319) create_initial_revision /opt/stack/neutron/neutron/db/ovn_revision_numbers_db.py:98}}
May 18 18:35:09.462963 np0000174511 devstack@neutron-api.service[103319]: DEBUG neutron.db.ovn_revision_numbers_db [None req-5fdce304-3ef1-44a6-b31a-689090b642dc admin admin] create_initial_revision uuid=b7504d6d-98d7-41ae-8ab6-b5e5ffc0d1ac, type=security_group_rules, rev=-1 {{(pid=103319) create_initial_revision /opt/stack/neutron/neutron/db/ovn_revision_numbers_db.py:98}}
May 18 18:35:09.463948 np0000174511 devstack@neutron-api.service[103319]: DEBUG neutron.db.ovn_revision_numbers_db [None req-5fdce304-3ef1-44a6-b31a-689090b642dc admin admin] create_initial_revision uuid=bc8f0dd5-642b-4847-8778-69ad92467c6a, type=security_group_rules, rev=-1 {{(pid=103319) create_initial_revision /opt/stack/neutron/neutron/db/ovn_revision_numbers_db.py:98}}
May 18 18:35:09.464931 np0000174511 devstack@neutron-api.service[103319]: DEBUG neutron.db.ovn_revision_numbers_db [None req-5fdce304-3ef1-44a6-b31a-689090b642dc admin admin] create_initial_revision uuid=c0e46f42-4a86-4e5a-b902-e9670dbcd06a, type=security_group_rules, rev=-1 {{(pid=103319) create_initial_revision /opt/stack/neutron/neutron/db/ovn_revision_numbers_db.py:98}}
May 18 18:35:09.473582 np0000174511 devstack@neutron-api.service[103319]: DEBUG neutron_lib.callbacks.manager [None req-5fdce304-3ef1-44a6-b31a-689090b642dc admin admin] Publish callbacks ['neutron.plugins.ml2.drivers.ovn.mech_driver.mech_driver.OVNMechanismDriver._create_security_group-121455', 'neutron.plugins.ml2.ovo_rpc._ObjectChangeHandler.handle_event-1127975'] for security_group (02fd9b76-fb5b-4c2d-b997-f2d54bbafa5a), after_create {{(pid=103319) _notify_loop /opt/stack/data/venv/lib/python3.12/site-packages/neutron_lib/callbacks/manager.py:184}}
May 18 18:35:09.473792 np0000174511 devstack@neutron-api.service[103319]: INFO neutron.plugins.ml2.drivers.ovn.mech_driver.ovsdb.extensions.qos [None req-5fdce304-3ef1-44a6-b31a-689090b642dc admin admin] Starting OVNClientQosExtension
May 18 18:35:09.473866 np0000174511 devstack@neutron-api.service[103319]: INFO neutron.plugins.ml2.drivers.ovn.mech_driver.ovsdb.extensions.placement [None req-5fdce304-3ef1-44a6-b31a-689090b642dc admin admin] Starting OVNClientPlacementExtension
May 18 18:35:09.475340 np0000174511 devstack@neutron-api.service[103319]: DEBUG ovsdbapp.backend.ovs_idl.transaction [-] Running txn n=1 command(idx=0): PgAddCommand(_result=None, name=pg_02fd9b76_fb5b_4c2d_b997_f2d54bbafa5a, may_exist=False, columns={'acls': [], 'external_ids': {'neutron:security_group_id': '02fd9b76-fb5b-4c2d-b997-f2d54bbafa5a'}}) {{(pid=103319) do_commit /opt/stack/data/venv/lib/python3.12/site-packages/ovsdbapp/backend/ovs_idl/transaction.py:89}}
May 18 18:35:09.477710 np0000174511 devstack@neutron-api.service[103319]: DEBUG ovsdbapp.backend.ovs_idl.transaction [-] Running txn n=1 command(idx=1): PgAclAddCommand(_result=None, entity=pg_02fd9b76_fb5b_4c2d_b997_f2d54bbafa5a, direction=from-lport, priority=1002, match=inport == @pg_02fd9b76_fb5b_4c2d_b997_f2d54bbafa5a && ip4, action=allow-related, log=False, may_exist=True, severity=[], name=[], meter=[], external_ids={'neutron:security_group_rule_id': '90947753-f57a-4763-81e6-d6e67a344381'}) {{(pid=103319) do_commit /opt/stack/data/venv/lib/python3.12/site-packages/ovsdbapp/backend/ovs_idl/transaction.py:89}}
May 18 18:35:09.478372 np0000174511 devstack@neutron-api.service[103319]: DEBUG ovsdbapp.backend.ovs_idl.transaction [-] Running txn n=1 command(idx=2): PgAclAddCommand(_result=None, entity=pg_02fd9b76_fb5b_4c2d_b997_f2d54bbafa5a, direction=to-lport, priority=1002, match=outport == @pg_02fd9b76_fb5b_4c2d_b997_f2d54bbafa5a && ip6 && ip6.src == $pg_02fd9b76_fb5b_4c2d_b997_f2d54bbafa5a_ip6, action=allow-related, log=False, may_exist=True, severity=[], name=[], meter=[], external_ids={'neutron:security_group_rule_id': 'b7504d6d-98d7-41ae-8ab6-b5e5ffc0d1ac'}) {{(pid=103319) do_commit /opt/stack/data/venv/lib/python3.12/site-packages/ovsdbapp/backend/ovs_idl/transaction.py:89}}
May 18 18:35:09.478875 np0000174511 devstack@neutron-api.service[103319]: DEBUG ovsdbapp.backend.ovs_idl.transaction [-] Running txn n=1 command(idx=3): PgAclAddCommand(_result=None, entity=pg_02fd9b76_fb5b_4c2d_b997_f2d54bbafa5a, direction=from-lport, priority=1002, match=inport == @pg_02fd9b76_fb5b_4c2d_b997_f2d54bbafa5a && ip6, action=allow-related, log=False, may_exist=True, severity=[], name=[], meter=[], external_ids={'neutron:security_group_rule_id': 'bc8f0dd5-642b-4847-8778-69ad92467c6a'}) {{(pid=103319) do_commit /opt/stack/data/venv/lib/python3.12/site-packages/ovsdbapp/backend/ovs_idl/transaction.py:89}}
May 18 18:35:09.479366 np0000174511 devstack@neutron-api.service[103319]: DEBUG ovsdbapp.backend.ovs_idl.transaction [-] Running txn n=1 command(idx=4): PgAclAddCommand(_result=None, entity=pg_02fd9b76_fb5b_4c2d_b997_f2d54bbafa5a, direction=to-lport, priority=1002, match=outport == @pg_02fd9b76_fb5b_4c2d_b997_f2d54bbafa5a && ip4 && ip4.src == $pg_02fd9b76_fb5b_4c2d_b997_f2d54bbafa5a_ip4, action=allow-related, log=False, may_exist=True, severity=[], name=[], meter=[], external_ids={'neutron:security_group_rule_id': 'c0e46f42-4a86-4e5a-b902-e9670dbcd06a'}) {{(pid=103319) do_commit /opt/stack/data/venv/lib/python3.12/site-packages/ovsdbapp/backend/ovs_idl/transaction.py:89}}
May 18 18:35:09.487793 np0000174511 devstack@neutron-api.service[103319]: DEBUG neutron.plugins.ml2.drivers.ovn.mech_driver.ovsdb.ovsdb_monitor [-] Hash Ring: Node da4c72f553585b82bd2ea112f5a5bd70 (host: np0000174511) handling event "create" for row ea9c5aac-b981-4927-82d5-f1dd02c71532 (table: ACL) {{(pid=103319) notify /opt/stack/neutron/neutron/plugins/ml2/drivers/ovn/mech_driver/ovsdb/ovsdb_monitor.py:942}}
May 18 18:35:09.489658 np0000174511 devstack@neutron-api.service[103320]: DEBUG neutron.plugins.ml2.drivers.ovn.mech_driver.ovsdb.ovsdb_monitor [-] Hash Ring: Node 45ecef85bdd4503eb2222c4d42e1afdd (host: np0000174511) handling event "create" for row 139b0598-76a2-4455-8f2b-2c0114a58308 (table: ACL) {{(pid=103320) notify /opt/stack/neutron/neutron/plugins/ml2/drivers/ovn/mech_driver/ovsdb/ovsdb_monitor.py:942}}
May 18 18:35:09.489950 np0000174511 devstack@neutron-api.service[103318]: DEBUG neutron.plugins.ml2.drivers.ovn.mech_driver.ovsdb.ovsdb_monitor [-] Hash Ring: Node 6485332c456e5f87ae4649374550b707 (host: np0000174511) handling event "create" for row 02040983-8d41-46b6-a2f5-61c29e50dfe7 (table: ACL) {{(pid=103318) notify /opt/stack/neutron/neutron/plugins/ml2/drivers/ovn/mech_driver/ovsdb/ovsdb_monitor.py:942}}
May 18 18:35:09.489950 np0000174511 devstack@neutron-api.service[103318]: DEBUG neutron.plugins.ml2.drivers.ovn.mech_driver.ovsdb.ovsdb_monitor [-] Hash Ring: Node 6485332c456e5f87ae4649374550b707 (host: np0000174511) handling event "create" for row 139b0598-76a2-4455-8f2b-2c0114a58308 (table: ACL) {{(pid=103318) notify /opt/stack/neutron/neutron/plugins/ml2/drivers/ovn/mech_driver/ovsdb/ovsdb_monitor.py:942}}
May 18 18:35:09.490215 np0000174511 devstack@neutron-api.service[103318]: DEBUG neutron.plugins.ml2.drivers.ovn.mech_driver.ovsdb.ovsdb_monitor [-] Hash Ring: Node 6485332c456e5f87ae4649374550b707 (host: np0000174511) handling event "create" for row 4809b757-3b93-4713-96dc-27848ef6a62f (table: ACL) {{(pid=103318) notify /opt/stack/neutron/neutron/plugins/ml2/drivers/ovn/mech_driver/ovsdb/ovsdb_monitor.py:942}}
May 18 18:35:09.490266 np0000174511 devstack@neutron-api.service[103318]: DEBUG neutron.plugins.ml2.drivers.ovn.mech_driver.ovsdb.ovsdb_monitor [-] Hash Ring: Node 6485332c456e5f87ae4649374550b707 (host: np0000174511) handling event "create" for row ea9c5aac-b981-4927-82d5-f1dd02c71532 (table: ACL) {{(pid=103318) notify /opt/stack/neutron/neutron/plugins/ml2/drivers/ovn/mech_driver/ovsdb/ovsdb_monitor.py:942}}
May 18 18:35:09.490482 np0000174511 devstack@neutron-api.service[103318]: DEBUG neutron.plugins.ml2.drivers.ovn.mech_driver.ovsdb.ovsdb_monitor [-] Hash Ring: Node 6485332c456e5f87ae4649374550b707 (host: np0000174511) handling event "create" for row 37366870-8cf9-4600-9501-f5ac633468da (table: Port_Group) {{(pid=103318) notify /opt/stack/neutron/neutron/plugins/ml2/drivers/ovn/mech_driver/ovsdb/ovsdb_monitor.py:942}}
May 18 18:35:09.491116 np0000174511 devstack@neutron-api.service[103320]: DEBUG neutron.plugins.ml2.drivers.ovn.mech_driver.ovsdb.ovsdb_monitor [-] Hash Ring: Node 45ecef85bdd4503eb2222c4d42e1afdd (host: np0000174511) handling event "create" for row 4809b757-3b93-4713-96dc-27848ef6a62f (table: ACL) {{(pid=103320) notify /opt/stack/neutron/neutron/plugins/ml2/drivers/ovn/mech_driver/ovsdb/ovsdb_monitor.py:942}}
May 18 18:35:09.491116 np0000174511 devstack@neutron-api.service[103320]: DEBUG neutron.plugins.ml2.drivers.ovn.mech_driver.ovsdb.ovsdb_monitor [-] Hash Ring: Node 45ecef85bdd4503eb2222c4d42e1afdd (host: np0000174511) handling event "create" for row 37366870-8cf9-4600-9501-f5ac633468da (table: Port_Group) {{(pid=103320) notify /opt/stack/neutron/neutron/plugins/ml2/drivers/ovn/mech_driver/ovsdb/ovsdb_monitor.py:942}}
May 18 18:35:09.514666 np0000174511 devstack@neutron-api.service[103319]: INFO neutron.db.ovn_revision_numbers_db [None req-5fdce304-3ef1-44a6-b31a-689090b642dc admin admin] Successfully bumped revision number for resource 02fd9b76-fb5b-4c2d-b997-f2d54bbafa5a (type: security_groups) to 1
May 18 18:35:09.531819 np0000174511 devstack@neutron-api.service[103319]: INFO neutron.db.ovn_revision_numbers_db [None req-5fdce304-3ef1-44a6-b31a-689090b642dc admin admin] Successfully bumped revision number for resource 90947753-f57a-4763-81e6-d6e67a344381 (type: security_group_rules) to 0
May 18 18:35:09.544936 np0000174511 devstack@neutron-api.service[103319]: INFO neutron.db.ovn_revision_numbers_db [None req-5fdce304-3ef1-44a6-b31a-689090b642dc admin admin] Successfully bumped revision number for resource b7504d6d-98d7-41ae-8ab6-b5e5ffc0d1ac (type: security_group_rules) to 0
May 18 18:35:09.558080 np0000174511 devstack@neutron-api.service[103319]: INFO neutron.db.ovn_revision_numbers_db [None req-5fdce304-3ef1-44a6-b31a-689090b642dc admin admin] Successfully bumped revision number for resource bc8f0dd5-642b-4847-8778-69ad92467c6a (type: security_group_rules) to 0
May 18 18:35:09.571153 np0000174511 devstack@neutron-api.service[103319]: INFO neutron.db.ovn_revision_numbers_db [None req-5fdce304-3ef1-44a6-b31a-689090b642dc admin admin] Successfully bumped revision number for resource c0e46f42-4a86-4e5a-b902-e9670dbcd06a (type: security_group_rules) to 0
May 18 18:35:09.599910 np0000174511 devstack@neutron-api.service[103319]: DEBUG neutron.api.rpc.handlers.resources_rpc [None req-5fdce304-3ef1-44a6-b31a-689090b642dc admin admin] Pushing event updated for resources: {'SecurityGroup': ['ID=02fd9b76-fb5b-4c2d-b997-f2d54bbafa5a,revision_number=1']} {{(pid=103319) push /opt/stack/neutron/neutron/api/rpc/handlers/resources_rpc.py:237}}
May 18 18:35:09.606195 np0000174511 devstack@neutron-api.service[103319]: DEBUG ovsdbapp.backend.ovs_idl.transaction [-] Running txn n=1 command(idx=0): CheckLivenessCommand(_result=None) {{(pid=103319) do_commit /opt/stack/data/venv/lib/python3.12/site-packages/ovsdbapp/backend/ovs_idl/transaction.py:89}}
May 18 18:35:09.609679 np0000174511 devstack@neutron-api.service[103318]: DEBUG neutron.plugins.ml2.drivers.ovn.mech_driver.ovsdb.ovsdb_monitor [-] Hash Ring: Node 6485332c456e5f87ae4649374550b707 (host: np0000174511) handling event "update" for row 2ae6d7ae-1b73-45a7-bb50-a62b16e4963b (table: NB_Global) {{(pid=103318) notify /opt/stack/neutron/neutron/plugins/ml2/drivers/ovn/mech_driver/ovsdb/ovsdb_monitor.py:942}}
May 18 18:35:09.612187 np0000174511 devstack@neutron-api.service[103318]: DEBUG neutron.plugins.ml2.drivers.ovn.mech_driver.ovsdb.ovsdb_monitor [-] ChassisAgentWriteEvent : Matched Chassis_Private, update, None None {{(pid=103318) matches /opt/stack/neutron/neutron/plugins/ml2/drivers/ovn/mech_driver/ovsdb/ovsdb_monitor.py:64}}
May 18 18:35:09.613097 np0000174511 devstack@neutron-api.service[103317]: DEBUG neutron.plugins.ml2.drivers.ovn.mech_driver.ovsdb.ovsdb_monitor [-] Hash Ring: Node 8541c7e1947953db8793259b3018f467 (host: np0000174511) handling event "update" for row 2ae6d7ae-1b73-45a7-bb50-a62b16e4963b (table: NB_Global) {{(pid=103317) notify /opt/stack/neutron/neutron/plugins/ml2/drivers/ovn/mech_driver/ovsdb/ovsdb_monitor.py:942}}
May 18 18:35:09.616996 np0000174511 devstack@neutron-api.service[103319]: DEBUG neutron.api.rpc.callbacks.version_manager [None req-5fdce304-3ef1-44a6-b31a-689090b642dc admin admin] Tracked resource versions report:
May 18 18:35:09.616996 np0000174511 devstack@neutron-api.service[103319]: pushed versions:
May 18 18:35:09.616996 np0000174511 devstack@neutron-api.service[103319]: { 'AddressGroup': {'1.2'},
May 18 18:35:09.616996 np0000174511 devstack@neutron-api.service[103319]: 'Agent': {'1.1'},
May 18 18:35:09.616996 np0000174511 devstack@neutron-api.service[103319]: 'ConntrackHelper': {'1.0'},
May 18 18:35:09.616996 np0000174511 devstack@neutron-api.service[103319]: 'LocalIPAssociation': {'1.0'},
May 18 18:35:09.616996 np0000174511 devstack@neutron-api.service[103319]: 'Log': {'1.0'},
May 18 18:35:09.616996 np0000174511 devstack@neutron-api.service[103319]: 'NDPProxy': {'1.0'},
May 18 18:35:09.616996 np0000174511 devstack@neutron-api.service[103319]: 'Network': {'1.2'},
May 18 18:35:09.616996 np0000174511 devstack@neutron-api.service[103319]: 'Port': {'1.10'},
May 18 18:35:09.616996 np0000174511 devstack@neutron-api.service[103319]: 'PortForwarding': {'1.3'},
May 18 18:35:09.616996 np0000174511 devstack@neutron-api.service[103319]: 'QosPolicy': {'1.10'},
May 18 18:35:09.616996 np0000174511 devstack@neutron-api.service[103319]: 'SecurityGroup': {'1.6'},
May 18 18:35:09.616996 np0000174511 devstack@neutron-api.service[103319]: 'SecurityGroupRule': {'1.3'},
May 18 18:35:09.616996 np0000174511 devstack@neutron-api.service[103319]: 'SubPort': {'1.0'},
May 18 18:35:09.616996 np0000174511 devstack@neutron-api.service[103319]: 'Subnet': {'1.2'},
May 18 18:35:09.616996 np0000174511 devstack@neutron-api.service[103319]: 'Trunk': {'1.1'}}
May 18 18:35:09.616996 np0000174511 devstack@neutron-api.service[103319]: consumer versions:
May 18 18:35:09.616996 np0000174511 devstack@neutron-api.service[103319]: {}
May 18 18:35:09.616996 np0000174511 devstack@neutron-api.service[103319]: {{(pid=103319) report /opt/stack/neutron/neutron/api/rpc/callbacks/version_manager.py:183}}
May 18 18:35:09.617568 np0000174511 devstack@neutron-api.service[103317]: DEBUG neutron.plugins.ml2.drivers.ovn.mech_driver.ovsdb.ovsdb_monitor [-] ChassisAgentWriteEvent : Matched Chassis_Private, update, None None {{(pid=103317) matches /opt/stack/neutron/neutron/plugins/ml2/drivers/ovn/mech_driver/ovsdb/ovsdb_monitor.py:64}}
May 18 18:35:09.617636 np0000174511 devstack@neutron-api.service[103320]: DEBUG neutron.plugins.ml2.drivers.ovn.mech_driver.ovsdb.ovsdb_monitor [-] ChassisAgentWriteEvent : Matched Chassis_Private, update, None None {{(pid=103320) matches /opt/stack/neutron/neutron/plugins/ml2/drivers/ovn/mech_driver/ovsdb/ovsdb_monitor.py:64}}
May 18 18:35:09.617708 np0000174511 devstack@neutron-api.service[103318]: DEBUG neutron.plugins.ml2.drivers.ovn.mech_driver.ovsdb.ovsdb_monitor [-] Hash Ring: Node 6485332c456e5f87ae4649374550b707 (host: np0000174511) handling event "update" for row 2ae6d7ae-1b73-45a7-bb50-a62b16e4963b (table: NB_Global) {{(pid=103318) notify /opt/stack/neutron/neutron/plugins/ml2/drivers/ovn/mech_driver/ovsdb/ovsdb_monitor.py:942}}
May 18 18:35:09.617772 np0000174511 devstack@neutron-api.service[103317]: DEBUG neutron.plugins.ml2.drivers.ovn.mech_driver.ovsdb.ovsdb_monitor [-] Hash Ring: Node 8541c7e1947953db8793259b3018f467 (host: np0000174511) handling event "update" for row 2ae6d7ae-1b73-45a7-bb50-a62b16e4963b (table: NB_Global) {{(pid=103317) notify /opt/stack/neutron/neutron/plugins/ml2/drivers/ovn/mech_driver/ovsdb/ovsdb_monitor.py:942}}
May 18 18:35:09.617844 np0000174511 devstack@neutron-api.service[103320]: DEBUG neutron.plugins.ml2.drivers.ovn.mech_driver.ovsdb.ovsdb_monitor [-] Hash Ring: Node 45ecef85bdd4503eb2222c4d42e1afdd (host: np0000174511) handling event "update" for row 5180237f-9508-40f1-9a07-a008fec9ce1c (table: Chassis_Private) {{(pid=103320) notify /opt/stack/neutron/neutron/plugins/ml2/drivers/ovn/mech_driver/ovsdb/ovsdb_monitor.py:942}}
May 18 18:35:09.618011 np0000174511 devstack@neutron-api.service[103317]: DEBUG neutron.plugins.ml2.drivers.ovn.mech_driver.ovsdb.ovsdb_monitor [-] Hash Ring: Node 8541c7e1947953db8793259b3018f467 (host: np0000174511) handling event "update" for row 2ae6d7ae-1b73-45a7-bb50-a62b16e4963b (table: NB_Global) {{(pid=103317) notify /opt/stack/neutron/neutron/plugins/ml2/drivers/ovn/mech_driver/ovsdb/ovsdb_monitor.py:942}}
May 18 18:35:09.618011 np0000174511 devstack@neutron-api.service[103317]: DEBUG neutron.plugins.ml2.drivers.ovn.mech_driver.ovsdb.ovsdb_monitor [-] Hash Ring: Node 8541c7e1947953db8793259b3018f467 (host: np0000174511) handling event "update" for row 2ae6d7ae-1b73-45a7-bb50-a62b16e4963b (table: NB_Global) {{(pid=103317) notify /opt/stack/neutron/neutron/plugins/ml2/drivers/ovn/mech_driver/ovsdb/ovsdb_monitor.py:942}}
May 18 18:35:09.618276 np0000174511 devstack@neutron-api.service[103318]: DEBUG neutron.plugins.ml2.drivers.ovn.mech_driver.ovsdb.ovsdb_monitor [-] Hash Ring: Node 6485332c456e5f87ae4649374550b707 (host: np0000174511) handling event "update" for row 2ae6d7ae-1b73-45a7-bb50-a62b16e4963b (table: NB_Global) {{(pid=103318) notify /opt/stack/neutron/neutron/plugins/ml2/drivers/ovn/mech_driver/ovsdb/ovsdb_monitor.py:942}}
May 18 18:35:09.618568 np0000174511 devstack@neutron-api.service[103318]: DEBUG neutron.common.ovn.hash_ring_manager [-] Allow caching, nodes 4>=4 {{(pid=103318) _wait_startup_before_caching /opt/stack/neutron/neutron/common/ovn/hash_ring_manager.py:65}}
May 18 18:35:09.618746 np0000174511 devstack@neutron-api.service[103318]: DEBUG neutron.plugins.ml2.drivers.ovn.mech_driver.ovsdb.ovsdb_monitor [-] Hash Ring: Node 6485332c456e5f87ae4649374550b707 (host: np0000174511) handling event "update" for row 5180237f-9508-40f1-9a07-a008fec9ce1c (table: Chassis_Private) {{(pid=103318) notify /opt/stack/neutron/neutron/plugins/ml2/drivers/ovn/mech_driver/ovsdb/ovsdb_monitor.py:942}}
May 18 18:35:09.620020 np0000174511 devstack@neutron-api.service[103318]: DEBUG neutron.plugins.ml2.drivers.ovn.mech_driver.ovsdb.ovsdb_monitor [-] Hash Ring: Node 6485332c456e5f87ae4649374550b707 (host: np0000174511) handling event "update" for row 2ae6d7ae-1b73-45a7-bb50-a62b16e4963b (table: NB_Global) {{(pid=103318) notify /opt/stack/neutron/neutron/plugins/ml2/drivers/ovn/mech_driver/ovsdb/ovsdb_monitor.py:942}}
May 18 18:35:09.622160 np0000174511 devstack@neutron-api.service[103320]: DEBUG neutron.plugins.ml2.drivers.ovn.mech_driver.ovsdb.ovsdb_monitor [-] ChassisOVNAgentWriteEvent : Matched Chassis_Private, update, None None {{(pid=103320) matches /opt/stack/neutron/neutron/plugins/ml2/drivers/ovn/mech_driver/ovsdb/ovsdb_monitor.py:64}}
May 18 18:35:09.622482 np0000174511 devstack@neutron-api.service[103318]: DEBUG neutron.plugins.ml2.drivers.ovn.mech_driver.ovsdb.ovsdb_monitor [-] ChassisOVNAgentWriteEvent : Matched Chassis_Private, update, None None {{(pid=103318) matches /opt/stack/neutron/neutron/plugins/ml2/drivers/ovn/mech_driver/ovsdb/ovsdb_monitor.py:64}}
May 18 18:35:09.622557 np0000174511 devstack@neutron-api.service[103320]: DEBUG neutron.plugins.ml2.drivers.ovn.mech_driver.ovsdb.ovsdb_monitor [-] Hash Ring: Node 45ecef85bdd4503eb2222c4d42e1afdd (host: np0000174511) handling event "update" for row 5180237f-9508-40f1-9a07-a008fec9ce1c (table: Chassis_Private) {{(pid=103320) notify /opt/stack/neutron/neutron/plugins/ml2/drivers/ovn/mech_driver/ovsdb/ovsdb_monitor.py:942}}
May 18 18:35:09.622629 np0000174511 devstack@neutron-api.service[103319]: DEBUG neutron.plugins.ml2.drivers.ovn.mech_driver.ovsdb.ovsdb_monitor [-] ChassisAgentWriteEvent : Matched Chassis_Private, update, None None {{(pid=103319) matches /opt/stack/neutron/neutron/plugins/ml2/drivers/ovn/mech_driver/ovsdb/ovsdb_monitor.py:64}}
May 18 18:35:09.622987 np0000174511 devstack@neutron-api.service[103318]: DEBUG neutron.plugins.ml2.drivers.ovn.mech_driver.ovsdb.ovsdb_monitor [-] Hash Ring: Node 6485332c456e5f87ae4649374550b707 (host: np0000174511) handling event "update" for row 5180237f-9508-40f1-9a07-a008fec9ce1c (table: Chassis_Private) {{(pid=103318) notify /opt/stack/neutron/neutron/plugins/ml2/drivers/ovn/mech_driver/ovsdb/ovsdb_monitor.py:942}}
May 18 18:35:09.623873 np0000174511 devstack@neutron-api.service[103317]: DEBUG neutron.plugins.ml2.drivers.ovn.mech_driver.ovsdb.ovsdb_monitor [-] ChassisOVNAgentWriteEvent : Matched Chassis_Private, update, None None {{(pid=103317) matches /opt/stack/neutron/neutron/plugins/ml2/drivers/ovn/mech_driver/ovsdb/ovsdb_monitor.py:64}}
May 18 18:35:09.629234 np0000174511 devstack@neutron-api.service[103319]: DEBUG neutron.plugins.ml2.drivers.ovn.mech_driver.ovsdb.ovsdb_monitor [-] ChassisOVNAgentWriteEvent : Matched Chassis_Private, update, None None {{(pid=103319) matches /opt/stack/neutron/neutron/plugins/ml2/drivers/ovn/mech_driver/ovsdb/ovsdb_monitor.py:64}}
May 18 18:35:09.678589 np0000174511 devstack@neutron-api.service[103319]: DEBUG neutron.plugins.ml2.drivers.helpers [None req-5fdce304-3ef1-44a6-b31a-689090b642dc admin admin] geneve segment allocate from pool success with {'geneve_vni': 1722} {{(pid=103319) allocate_partially_specified_segment /opt/stack/neutron/neutron/plugins/ml2/drivers/helpers.py:142}}
May 18 18:35:09.690358 np0000174511 devstack@neutron-api.service[103319]: DEBUG neutron_lib.callbacks.manager [None req-5fdce304-3ef1-44a6-b31a-689090b642dc admin admin] Publish callbacks ['neutron.services.segments.db._add_segment_host_mapping_for_segment-7758871044006', 'neutron.plugins.ml2.plugin.Ml2Plugin._handle_segment_change-335082'] for segment (739b05cb-27e1-45a2-bd07-f4b160d68cbe), precommit_create {{(pid=103319) _notify_loop /opt/stack/data/venv/lib/python3.12/site-packages/neutron_lib/callbacks/manager.py:184}}
May 18 18:35:09.690487 np0000174511 devstack@neutron-api.service[103319]: INFO neutron.db.segments_db [None req-5fdce304-3ef1-44a6-b31a-689090b642dc admin admin] Added segment 739b05cb-27e1-45a2-bd07-f4b160d68cbe of type geneve for network 9dfc436f-1e5b-48f4-b2a0-d6d8472719d3
May 18 18:35:09.736362 np0000174511 devstack@neutron-api.service[103319]: DEBUG neutron_lib.callbacks.manager [None req-5fdce304-3ef1-44a6-b31a-689090b642dc admin admin] Publish callbacks ['neutron.services.auto_allocate.db._ensure_external_network_default_value_callback-7758869682400'] for network (9dfc436f-1e5b-48f4-b2a0-d6d8472719d3), precommit_create {{(pid=103319) _notify_loop /opt/stack/data/venv/lib/python3.12/site-packages/neutron_lib/callbacks/manager.py:184}}
May 18 18:35:09.751850 np0000174511 devstack@neutron-api.service[103319]: DEBUG neutron.plugins.ml2.drivers.ovn.mech_driver.mech_driver [None req-5fdce304-3ef1-44a6-b31a-689090b642dc admin admin] Validating network segment with type geneve, segmentation ID 1722, physical network None {{(pid=103319) _validate_network_segments /opt/stack/neutron/neutron/plugins/ml2/drivers/ovn/mech_driver/mech_driver.py:641}}
May 18 18:35:09.752062 np0000174511 devstack@neutron-api.service[103319]: DEBUG neutron.db.ovn_revision_numbers_db [None req-5fdce304-3ef1-44a6-b31a-689090b642dc admin admin] create_initial_revision uuid=9dfc436f-1e5b-48f4-b2a0-d6d8472719d3, type=networks, rev=-1 {{(pid=103319) create_initial_revision /opt/stack/neutron/neutron/db/ovn_revision_numbers_db.py:98}}
May 18 18:35:09.768306 np0000174511 devstack@neutron-api.service[103319]: DEBUG neutron_lib.callbacks.manager [None req-5fdce304-3ef1-44a6-b31a-689090b642dc admin admin] Publish callbacks ['neutron.plugins.ml2.ovo_rpc._ObjectChangeHandler.handle_event-1127972'] for network (9dfc436f-1e5b-48f4-b2a0-d6d8472719d3), after_create {{(pid=103319) _notify_loop /opt/stack/data/venv/lib/python3.12/site-packages/neutron_lib/callbacks/manager.py:184}}
May 18 18:35:09.813501 np0000174511 devstack@neutron-api.service[103319]: DEBUG neutron.api.rpc.handlers.resources_rpc [None req-5fdce304-3ef1-44a6-b31a-689090b642dc admin admin] Pushing event updated for resources: {'Network': ['ID=9dfc436f-1e5b-48f4-b2a0-d6d8472719d3,revision_number=1']} {{(pid=103319) push /opt/stack/neutron/neutron/api/rpc/handlers/resources_rpc.py:237}}
May 18 18:35:09.823607 np0000174511 devstack@neutron-api.service[103319]: DEBUG ovsdbapp.backend.ovs_idl.transaction [-] Running txn n=1 command(idx=0): AddNetworkCommand(_result=None, network_uuid=9dfc436f-1e5b-48f4-b2a0-d6d8472719d3, may_exist=True, columns={'external_ids': {'neutron:network_name': 'private', 'neutron:mtu': '1372', 'neutron:revision_number': '1', 'neutron:availability_zone_hints': '', 'neutron:provnet-network-type': 'geneve'}, 'other_config': {'mcast_snoop': 'false', 'mcast_flood_unregistered': 'false', 'vlan-passthru': 'false'}}) {{(pid=103319) do_commit /opt/stack/data/venv/lib/python3.12/site-packages/ovsdbapp/backend/ovs_idl/transaction.py:89}}
May 18 18:35:09.824460 np0000174511 devstack@neutron-api.service[103319]: DEBUG neutron.common.ovn.utils [-] OVS persist_uuid supported=True {{(pid=103319) ovs_persist_uuid_supported /opt/stack/neutron/neutron/common/ovn/utils.py:1537}}
May 18 18:35:09.856710 np0000174511 devstack@neutron-api.service[103318]: DEBUG neutron.plugins.ml2.drivers.ovn.mech_driver.ovsdb.ovsdb_monitor [-] Hash Ring: Node 6485332c456e5f87ae4649374550b707 (host: np0000174511) handling event "create" for row 9dfc436f-1e5b-48f4-b2a0-d6d8472719d3 (table: Logical_Switch) {{(pid=103318) notify /opt/stack/neutron/neutron/plugins/ml2/drivers/ovn/mech_driver/ovsdb/ovsdb_monitor.py:942}}
May 18 18:35:09.865920 np0000174511 devstack@neutron-api.service[103318]: DEBUG neutron.plugins.ml2.drivers.ovn.mech_driver.ovsdb.ovsdb_monitor [-] Hash Ring: Node 6485332c456e5f87ae4649374550b707 (host: np0000174511) handling event "create" for row 3da58a64-7185-4878-90c2-3df7858edfc7 (table: Datapath_Binding) {{(pid=103318) notify /opt/stack/neutron/neutron/plugins/ml2/drivers/ovn/mech_driver/ovsdb/ovsdb_monitor.py:942}}
May 18 18:35:09.866516 np0000174511 devstack@neutron-api.service[103317]: DEBUG neutron.plugins.ml2.drivers.ovn.mech_driver.ovsdb.ovsdb_monitor [-] Hash Ring: Node 8541c7e1947953db8793259b3018f467 (host: np0000174511) handling event "create" for row 3da58a64-7185-4878-90c2-3df7858edfc7 (table: Datapath_Binding) {{(pid=103317) notify /opt/stack/neutron/neutron/plugins/ml2/drivers/ovn/mech_driver/ovsdb/ovsdb_monitor.py:942}}
May 18 18:35:09.891670 np0000174511 devstack@neutron-api.service[103319]: INFO neutron.db.ovn_revision_numbers_db [None req-5fdce304-3ef1-44a6-b31a-689090b642dc admin admin] Successfully bumped revision number for resource 9dfc436f-1e5b-48f4-b2a0-d6d8472719d3 (type: networks) to 1
May 18 18:35:09.954132 np0000174511 devstack@neutron-api.service[103319]: DEBUG neutron_lib.callbacks.manager [None req-5fdce304-3ef1-44a6-b31a-689090b642dc admin admin] Publish callbacks ['neutron.plugins.ml2.plugin.SecurityGroupDbMixin._ensure_default_security_group_handler-8335554'] for port (None), before_create {{(pid=103319) _notify_loop /opt/stack/data/venv/lib/python3.12/site-packages/neutron_lib/callbacks/manager.py:184}}
