Aug 25 21:20:54.990885 np0000191068 devstack@n-api.service[98528]: DEBUG oslo_concurrency.lockutils [None req-a6354814-e0cb-4391-bfa5-21810444cc13 admin admin] Lock "00000000-0000-0000-0000-000000000000" "released" by "nova.context.set_target_cell..get_or_set_cached_cell_and_set_connections" :: held 0.000s {{(pid=98528) inner /opt/stack/data/venv/lib/python3.12/site-packages/oslo_concurrency/lockutils.py:544}}
Aug 25 21:20:54.992535 np0000191068 devstack@n-api.service[98528]: DEBUG oslo_concurrency.lockutils [None req-a6354814-e0cb-4391-bfa5-21810444cc13 admin admin] Acquiring lock "835867e0-e8fb-4ab6-b76c-4e1644094a39" by "nova.context.set_target_cell..get_or_set_cached_cell_and_set_connections" {{(pid=98528) inner /opt/stack/data/venv/lib/python3.12/site-packages/oslo_concurrency/lockutils.py:512}}
Aug 25 21:20:54.992795 np0000191068 devstack@n-api.service[98528]: DEBUG oslo_concurrency.lockutils [None req-a6354814-e0cb-4391-bfa5-21810444cc13 admin admin] Lock "835867e0-e8fb-4ab6-b76c-4e1644094a39" acquired by "nova.context.set_target_cell..get_or_set_cached_cell_and_set_connections" :: waited 0.000s {{(pid=98528) inner /opt/stack/data/venv/lib/python3.12/site-packages/oslo_concurrency/lockutils.py:525}}
Aug 25 21:20:54.993053 np0000191068 devstack@n-api.service[98528]: DEBUG oslo_concurrency.lockutils [None req-a6354814-e0cb-4391-bfa5-21810444cc13 admin admin] Lock "835867e0-e8fb-4ab6-b76c-4e1644094a39" "released" by "nova.context.set_target_cell..get_or_set_cached_cell_and_set_connections" :: held 0.000s {{(pid=98528) inner /opt/stack/data/venv/lib/python3.12/site-packages/oslo_concurrency/lockutils.py:544}}
Aug 25 21:20:55.062274 np0000191068 devstack@n-api.service[98528]: INFO nova.api.openstack.requestlog [None req-a6354814-e0cb-4391-bfa5-21810444cc13 admin admin] 162.253.55.54 "GET /compute/v2.1/os-services?binary=nova-compute&host=np0000191068" status: 200 len: 255 microversion: 2.69 time: 0.079219
Aug 25 21:20:55.063069 np0000191068 devstack@n-api.service[98528]: [pid: 98528|app: 0|req: 15/60] 162.253.55.54 () {68 vars in 1468 bytes} [Tue Aug 25 21:20:54 2026] GET /compute/v2.1/os-services?binary=nova-compute&host=np0000191068 => generated 255 bytes in 81 msecs (HTTP/1.1 200) 9 headers in 359 bytes (1 switches on core 0)
Aug 25 21:21:05.005322 np0000191068 devstack@n-api.service[98528]: DEBUG dbcounter [-] [98528] Writing DB stats nova_cell0:SELECT=1 {{(pid=98528) stat_writer /opt/stack/data/venv/lib/python3.12/site-packages/dbcounter.py:115}}
Aug 25 21:21:05.005957 np0000191068 devstack@n-api.service[98528]: DEBUG dbcounter [-] [98528] Writing DB stats nova_cell1:SELECT=1 {{(pid=98528) stat_writer /opt/stack/data/venv/lib/python3.12/site-packages/dbcounter.py:115}}
Aug 25 21:21:05.051670 np0000191068 devstack@n-api.service[98528]: DEBUG dbcounter [-] [98528] Writing DB stats nova_api:SELECT=2 {{(pid=98528) stat_writer /opt/stack/data/venv/lib/python3.12/site-packages/dbcounter.py:115}}
Aug 25 21:21:29.410926 np0000191068 devstack@n-api.service[98530]: DEBUG nova.api.openstack.wsgi [None req-c2e42dbe-e2d2-47c8-adc9-dce6e680c797 admin admin] Calling method '>' {{(pid=98530) _process_stack /opt/stack/nova/nova/api/openstack/wsgi.py:551}}
Aug 25 21:21:29.416730 np0000191068 devstack@n-api.service[98530]: INFO nova.api.openstack.requestlog [None req-c2e42dbe-e2d2-47c8-adc9-dce6e680c797 admin admin] 162.253.55.54 "GET /compute/v2.1" status: 200 len: 392 microversion: 2.1 time: 0.006159
Aug 25 21:21:29.417143 np0000191068 devstack@n-api.service[98530]: [pid: 98530|app: 0|req: 15/61] 162.253.55.54 () {62 vars in 1056 bytes} [Tue Aug 25 21:21:29 2026] GET /compute/v2.1 => generated 392 bytes in 7 msecs (HTTP/1.1 200) 9 headers in 357 bytes (1 switches on core 0)
Aug 25 21:21:29.457841 np0000191068 devstack@n-api.service[98529]: DEBUG nova.api.openstack.wsgi [None req-1aea8ca8-d34b-497b-87e3-5ea512ab8c35 admin admin] Calling method '>' {{(pid=98529) _process_stack /opt/stack/nova/nova/api/openstack/wsgi.py:551}}
Aug 25 21:21:29.464884 np0000191068 devstack@n-api.service[98529]: INFO nova.api.openstack.requestlog [None req-1aea8ca8-d34b-497b-87e3-5ea512ab8c35 admin admin] 162.253.55.54 "GET /compute/v2.1/" status: 200 len: 392 microversion: 2.1 time: 0.007590
Aug 25 21:21:29.465471 np0000191068 devstack@n-api.service[98529]: [pid: 98529|app: 0|req: 17/62] 162.253.55.54 () {62 vars in 1059 bytes} [Tue Aug 25 21:21:29 2026] GET /compute/v2.1/ => generated 392 bytes in 9 msecs (HTTP/1.1 200) 9 headers in 357 bytes (1 switches on core 0)
Aug 25 21:21:29.506706 np0000191068 devstack@n-api.service[98531]: DEBUG nova.api.openstack.wsgi [None req-e3203e22-4c04-4b26-83ea-e9c32e2ee966 demo demo] Calling method '>' {{(pid=98531) _process_stack /opt/stack/nova/nova/api/openstack/wsgi.py:551}}
Aug 25 21:21:29.539764 np0000191068 devstack@n-api.service[98531]: INFO nova.api.openstack.requestlog [None req-e3203e22-4c04-4b26-83ea-e9c32e2ee966 demo demo] 162.253.55.54 "GET /compute/v2.1/flavors/detail?is_public=None" status: 200 len: 5240 microversion: 2.61 time: 0.036759
Aug 25 21:21:29.540381 np0000191068 devstack@n-api.service[98531]: [pid: 98531|app: 0|req: 16/63] 162.253.55.54 () {68 vars in 1417 bytes} [Tue Aug 25 21:21:29 2026] GET /compute/v2.1/flavors/detail?is_public=None => generated 5240 bytes in 38 msecs (HTTP/1.1 200) 9 headers in 360 bytes (1 switches on core 0)
Aug 25 21:21:29.592574 np0000191068 devstack@n-api.service[98528]: DEBUG nova.api.openstack.wsgi [None req-127a2147-85fc-42ca-bd30-2bd9095435c6 demo demo] Calling method '>' {{(pid=98528) _process_stack /opt/stack/nova/nova/api/openstack/wsgi.py:551}}
Aug 25 21:21:29.622102 np0000191068 devstack@n-api.service[98528]: INFO nova.api.openstack.requestlog [None req-127a2147-85fc-42ca-bd30-2bd9095435c6 demo demo] 162.253.55.54 "GET /compute/v2.1/flavors/detail?is_public=None" status: 200 len: 5240 microversion: 2.61 time: 0.031653
Aug 25 21:21:29.622448 np0000191068 devstack@n-api.service[98528]: [pid: 98528|app: 0|req: 16/64] 162.253.55.54 () {68 vars in 1417 bytes} [Tue Aug 25 21:21:29 2026] GET /compute/v2.1/flavors/detail?is_public=None => generated 5240 bytes in 32 msecs (HTTP/1.1 200) 9 headers in 360 bytes (1 switches on core 0)
Aug 25 21:21:29.915686 np0000191068 devstack@n-api.service[98530]: DEBUG nova.api.openstack.wsgi [None req-c2e42dbe-e2d2-47c8-adc9-dce6e680c797 admin admin] Calling method '>' {{(pid=98530) _process_stack /opt/stack/nova/nova/api/openstack/wsgi.py:551}}
Aug 25 21:21:29.920983 np0000191068 devstack@n-api.service[98530]: INFO nova.api.openstack.requestlog [None req-c2e42dbe-e2d2-47c8-adc9-dce6e680c797 admin admin] 162.253.55.54 "GET /compute/v2.1" status: 200 len: 392 microversion: 2.1 time: 0.006013
Aug 25 21:21:29.921275 np0000191068 devstack@n-api.service[98530]: [pid: 98530|app: 0|req: 16/65] 162.253.55.54 () {62 vars in 1056 bytes} [Tue Aug 25 21:21:29 2026] GET /compute/v2.1 => generated 392 bytes in 7 msecs (HTTP/1.1 200) 9 headers in 357 bytes (1 switches on core 0)
Aug 25 21:21:29.963173 np0000191068 devstack@n-api.service[98529]: DEBUG nova.api.openstack.wsgi [None req-1aea8ca8-d34b-497b-87e3-5ea512ab8c35 admin admin] Calling method '>' {{(pid=98529) _process_stack /opt/stack/nova/nova/api/openstack/wsgi.py:551}}
Aug 25 21:21:29.966521 np0000191068 devstack@n-api.service[98529]: INFO nova.api.openstack.requestlog [None req-1aea8ca8-d34b-497b-87e3-5ea512ab8c35 admin admin] 162.253.55.54 "GET /compute/v2.1/" status: 200 len: 392 microversion: 2.1 time: 0.003817
Aug 25 21:21:29.966759 np0000191068 devstack@n-api.service[98529]: [pid: 98529|app: 0|req: 18/66] 162.253.55.54 () {62 vars in 1059 bytes} [Tue Aug 25 21:21:29 2026] GET /compute/v2.1/ => generated 392 bytes in 4 msecs (HTTP/1.1 200) 9 headers in 357 bytes (1 switches on core 0)
Aug 25 21:21:30.005895 np0000191068 devstack@n-api.service[98531]: DEBUG nova.api.openstack.wsgi [None req-0758eb0e-0ea0-4946-8a9d-a714254629af demo demo] Calling method '>' {{(pid=98531) _process_stack /opt/stack/nova/nova/api/openstack/wsgi.py:551}}
Aug 25 21:21:30.029064 np0000191068 devstack@n-api.service[98531]: INFO nova.api.openstack.requestlog [None req-0758eb0e-0ea0-4946-8a9d-a714254629af demo demo] 162.253.55.54 "GET /compute/v2.1/flavors/detail?is_public=None" status: 200 len: 5240 microversion: 2.61 time: 0.025987
Aug 25 21:21:30.029479 np0000191068 devstack@n-api.service[98531]: [pid: 98531|app: 0|req: 17/67] 162.253.55.54 () {68 vars in 1417 bytes} [Tue Aug 25 21:21:30 2026] GET /compute/v2.1/flavors/detail?is_public=None => generated 5240 bytes in 27 msecs (HTTP/1.1 200) 9 headers in 360 bytes (1 switches on core 0)
Aug 25 21:21:30.081532 np0000191068 devstack@n-api.service[98528]: DEBUG nova.api.openstack.wsgi [None req-5543a588-9237-47d7-aab3-876d07242f3a demo demo] Calling method '>' {{(pid=98528) _process_stack /opt/stack/nova/nova/api/openstack/wsgi.py:551}}
Aug 25 21:21:30.105077 np0000191068 devstack@n-api.service[98528]: INFO nova.api.openstack.requestlog [None req-5543a588-9237-47d7-aab3-876d07242f3a demo demo] 162.253.55.54 "GET /compute/v2.1/flavors/detail?is_public=None" status: 200 len: 5240 microversion: 2.61 time: 0.025368
Aug 25 21:21:30.105407 np0000191068 devstack@n-api.service[98528]: [pid: 98528|app: 0|req: 17/68] 162.253.55.54 () {68 vars in 1417 bytes} [Tue Aug 25 21:21:30 2026] GET /compute/v2.1/flavors/detail?is_public=None => generated 5240 bytes in 26 msecs (HTTP/1.1 200) 9 headers in 360 bytes (1 switches on core 0)
Aug 25 21:21:34.106756 np0000191068 devstack@n-api.service[98530]: DEBUG nova.api.openstack.wsgi [None req-c2e42dbe-e2d2-47c8-adc9-dce6e680c797 admin admin] Calling method '>' {{(pid=98530) _process_stack /opt/stack/nova/nova/api/openstack/wsgi.py:551}}
Aug 25 21:21:34.114329 np0000191068 devstack@n-api.service[98530]: INFO nova.api.openstack.requestlog [None req-c2e42dbe-e2d2-47c8-adc9-dce6e680c797 admin admin] 162.253.55.54 "GET /compute/v2.1" status: 200 len: 392 microversion: 2.1 time: 0.007806
Aug 25 21:21:34.115055 np0000191068 devstack@n-api.service[98530]: [pid: 98530|app: 0|req: 17/69] 162.253.55.54 () {62 vars in 1056 bytes} [Tue Aug 25 21:21:34 2026] GET /compute/v2.1 => generated 392 bytes in 9 msecs (HTTP/1.1 200) 9 headers in 357 bytes (1 switches on core 0)
Aug 25 21:21:34.147066 np0000191068 devstack@n-api.service[98529]: DEBUG nova.api.openstack.wsgi [None req-1aea8ca8-d34b-497b-87e3-5ea512ab8c35 admin admin] Calling method '>' {{(pid=98529) _process_stack /opt/stack/nova/nova/api/openstack/wsgi.py:551}}
Aug 25 21:21:34.149390 np0000191068 devstack@n-api.service[98529]: INFO nova.api.openstack.requestlog [None req-1aea8ca8-d34b-497b-87e3-5ea512ab8c35 admin admin] 162.253.55.54 "GET /compute/v2.1/" status: 200 len: 392 microversion: 2.1 time: 0.003181
Aug 25 21:21:34.149551 np0000191068 devstack@n-api.service[98529]: [pid: 98529|app: 0|req: 19/70] 162.253.55.54 () {62 vars in 1059 bytes} [Tue Aug 25 21:21:34 2026] GET /compute/v2.1/ => generated 392 bytes in 3 msecs (HTTP/1.1 200) 9 headers in 357 bytes (1 switches on core 0)
Aug 25 21:21:34.187135 np0000191068 devstack@n-api.service[98531]: DEBUG nova.api.openstack.wsgi [None req-679a612a-e283-4981-8fc0-f83eabaa31f3 demo demo] Calling method '>' {{(pid=98531) _process_stack /opt/stack/nova/nova/api/openstack/wsgi.py:551}}
Aug 25 21:21:34.205892 np0000191068 devstack@n-api.service[98531]: INFO nova.api.openstack.requestlog [None req-679a612a-e283-4981-8fc0-f83eabaa31f3 demo demo] 162.253.55.54 "GET /compute/v2.1/flavors/detail?is_public=None" status: 200 len: 5240 microversion: 2.61 time: 0.022313
Aug 25 21:21:34.206206 np0000191068 devstack@n-api.service[98531]: [pid: 98531|app: 0|req: 18/71] 162.253.55.54 () {68 vars in 1417 bytes} [Tue Aug 25 21:21:34 2026] GET /compute/v2.1/flavors/detail?is_public=None => generated 5240 bytes in 23 msecs (HTTP/1.1 200) 9 headers in 360 bytes (1 switches on core 0)
Aug 25 21:21:34.259906 np0000191068 devstack@n-api.service[98528]: DEBUG nova.api.openstack.wsgi [None req-6ce418fc-eaaa-4afb-9e67-e31147e84a7a demo demo] Calling method '>' {{(pid=98528) _process_stack /opt/stack/nova/nova/api/openstack/wsgi.py:551}}
Aug 25 21:21:34.279926 np0000191068 devstack@n-api.service[98528]: INFO nova.api.openstack.requestlog [None req-6ce418fc-eaaa-4afb-9e67-e31147e84a7a demo demo] 162.253.55.54 "GET /compute/v2.1/flavors/detail?is_public=None" status: 200 len: 5240 microversion: 2.61 time: 0.023418
Aug 25 21:21:34.280085 np0000191068 devstack@n-api.service[98528]: [pid: 98528|app: 0|req: 18/72] 162.253.55.54 () {68 vars in 1417 bytes} [Tue Aug 25 21:21:34 2026] GET /compute/v2.1/flavors/detail?is_public=None => generated 5240 bytes in 24 msecs (HTTP/1.1 200) 9 headers in 360 bytes (1 switches on core 0)
Aug 25 21:21:34.442644 np0000191068 devstack@n-api.service[98530]: DEBUG nova.api.openstack.wsgi [None req-c2e42dbe-e2d2-47c8-adc9-dce6e680c797 admin admin] Calling method '>' {{(pid=98530) _process_stack /opt/stack/nova/nova/api/openstack/wsgi.py:551}}
Aug 25 21:21:34.449105 np0000191068 devstack@n-api.service[98530]: INFO nova.api.openstack.requestlog [None req-c2e42dbe-e2d2-47c8-adc9-dce6e680c797 admin admin] 162.253.55.54 "GET /compute/v2.1" status: 200 len: 392 microversion: 2.1 time: 0.007348
Aug 25 21:21:34.449585 np0000191068 devstack@n-api.service[98530]: [pid: 98530|app: 0|req: 18/73] 162.253.55.54 () {62 vars in 1056 bytes} [Tue Aug 25 21:21:34 2026] GET /compute/v2.1 => generated 392 bytes in 9 msecs (HTTP/1.1 200) 9 headers in 357 bytes (1 switches on core 0)
Aug 25 21:21:34.489552 np0000191068 devstack@n-api.service[98529]: DEBUG nova.api.openstack.wsgi [None req-1aea8ca8-d34b-497b-87e3-5ea512ab8c35 admin admin] Calling method '>' {{(pid=98529) _process_stack /opt/stack/nova/nova/api/openstack/wsgi.py:551}}
Aug 25 21:21:34.495342 np0000191068 devstack@n-api.service[98529]: INFO nova.api.openstack.requestlog [None req-1aea8ca8-d34b-497b-87e3-5ea512ab8c35 admin admin] 162.253.55.54 "GET /compute/v2.1/" status: 200 len: 392 microversion: 2.1 time: 0.006318
Aug 25 21:21:34.495713 np0000191068 devstack@n-api.service[98529]: [pid: 98529|app: 0|req: 20/74] 162.253.55.54 () {62 vars in 1059 bytes} [Tue Aug 25 21:21:34 2026] GET /compute/v2.1/ => generated 392 bytes in 7 msecs (HTTP/1.1 200) 9 headers in 357 bytes (1 switches on core 0)
Aug 25 21:21:34.538517 np0000191068 devstack@n-api.service[98531]: DEBUG nova.api.openstack.wsgi [None req-a5f5ed98-7a15-4942-a927-39e8dd07b8e6 demo demo] Calling method '>' {{(pid=98531) _process_stack /opt/stack/nova/nova/api/openstack/wsgi.py:551}}
Aug 25 21:21:34.560794 np0000191068 devstack@n-api.service[98531]: INFO nova.api.openstack.requestlog [None req-a5f5ed98-7a15-4942-a927-39e8dd07b8e6 demo demo] 162.253.55.54 "GET /compute/v2.1/flavors/detail?is_public=None" status: 200 len: 5240 microversion: 2.61 time: 0.025675
Aug 25 21:21:34.561084 np0000191068 devstack@n-api.service[98531]: [pid: 98531|app: 0|req: 19/75] 162.253.55.54 () {68 vars in 1417 bytes} [Tue Aug 25 21:21:34 2026] GET /compute/v2.1/flavors/detail?is_public=None => generated 5240 bytes in 26 msecs (HTTP/1.1 200) 9 headers in 360 bytes (1 switches on core 0)
Aug 25 21:21:34.614098 np0000191068 devstack@n-api.service[98528]: DEBUG nova.api.openstack.wsgi [None req-172c9376-6875-4bb2-8363-ed96cfa219fc demo demo] Calling method '>' {{(pid=98528) _process_stack /opt/stack/nova/nova/api/openstack/wsgi.py:551}}
Aug 25 21:21:34.634425 np0000191068 devstack@n-api.service[98528]: INFO nova.api.openstack.requestlog [None req-172c9376-6875-4bb2-8363-ed96cfa219fc demo demo] 162.253.55.54 "GET /compute/v2.1/flavors/detail?is_public=None" status: 200 len: 5240 microversion: 2.61 time: 0.023686
Aug 25 21:21:34.634696 np0000191068 devstack@n-api.service[98528]: [pid: 98528|app: 0|req: 19/76] 162.253.55.54 () {68 vars in 1417 bytes} [Tue Aug 25 21:21:34 2026] GET /compute/v2.1/flavors/detail?is_public=None => generated 5240 bytes in 24 msecs (HTTP/1.1 200) 9 headers in 360 bytes (1 switches on core 0)
Aug 25 21:21:39.923562 np0000191068 devstack@n-api.service[98530]: DEBUG nova.api.openstack.wsgi [None req-c2e42dbe-e2d2-47c8-adc9-dce6e680c797 admin admin] Calling method '>' {{(pid=98530) _process_stack /opt/stack/nova/nova/api/openstack/wsgi.py:551}}
Aug 25 21:21:39.930297 np0000191068 devstack@n-api.service[98530]: INFO nova.api.openstack.requestlog [None req-c2e42dbe-e2d2-47c8-adc9-dce6e680c797 admin admin] 162.253.55.54 "GET /compute/v2.1" status: 200 len: 392 microversion: 2.1 time: 0.007026
Aug 25 21:21:39.930813 np0000191068 devstack@n-api.service[98530]: [pid: 98530|app: 0|req: 19/77] 162.253.55.54 () {62 vars in 1067 bytes} [Tue Aug 25 21:21:39 2026] GET /compute/v2.1 => generated 392 bytes in 8 msecs (HTTP/1.1 200) 9 headers in 357 bytes (1 switches on core 0)
Aug 25 21:21:39.973367 np0000191068 devstack@n-api.service[98529]: DEBUG nova.api.openstack.wsgi [None req-1aea8ca8-d34b-497b-87e3-5ea512ab8c35 admin admin] Calling method '>' {{(pid=98529) _process_stack /opt/stack/nova/nova/api/openstack/wsgi.py:551}}
Aug 25 21:21:39.977419 np0000191068 devstack@n-api.service[98529]: INFO nova.api.openstack.requestlog [None req-1aea8ca8-d34b-497b-87e3-5ea512ab8c35 admin admin] 162.253.55.54 "GET /compute/v2.1/" status: 200 len: 392 microversion: 2.1 time: 0.004396
Aug 25 21:21:39.977606 np0000191068 devstack@n-api.service[98529]: [pid: 98529|app: 0|req: 21/78] 162.253.55.54 () {62 vars in 1070 bytes} [Tue Aug 25 21:21:39 2026] GET /compute/v2.1/ => generated 392 bytes in 5 msecs (HTTP/1.1 200) 9 headers in 357 bytes (1 switches on core 0)
Aug 25 21:21:40.017713 np0000191068 devstack@n-api.service[98531]: DEBUG nova.api.openstack.wsgi [None req-4913c3a5-5c7b-448e-a0e0-bdcf9424cb18 demo demo] Calling method '>' {{(pid=98531) _process_stack /opt/stack/nova/nova/api/openstack/wsgi.py:551}}
Aug 25 21:21:40.038994 np0000191068 devstack@n-api.service[98531]: INFO nova.api.openstack.requestlog [None req-4913c3a5-5c7b-448e-a0e0-bdcf9424cb18 demo demo] 162.253.55.54 "GET /compute/v2.1/os-server-groups" status: 200 len: 21 microversion: 2.64 time: 0.025110
Aug 25 21:21:40.039288 np0000191068 devstack@n-api.service[98531]: [pid: 98531|app: 0|req: 20/79] 162.253.55.54 () {68 vars in 1405 bytes} [Tue Aug 25 21:21:40 2026] GET /compute/v2.1/os-server-groups => generated 21 bytes in 26 msecs (HTTP/1.1 200) 9 headers in 358 bytes (1 switches on core 0)
Aug 25 21:21:40.085287 np0000191068 devstack@n-api.service[98528]: DEBUG nova.api.openstack.wsgi [None req-172c9376-6875-4bb2-8363-ed96cfa219fc demo demo] Calling method '>' {{(pid=98528) _process_stack /opt/stack/nova/nova/api/openstack/wsgi.py:551}}
Aug 25 21:21:40.085958 np0000191068 devstack@n-api.service[98528]: INFO nova.api.openstack.requestlog [None req-172c9376-6875-4bb2-8363-ed96cfa219fc demo demo] 162.253.55.54 "GET /compute/v2.1" status: 200 len: 392 microversion: 2.1 time: 0.005452
Aug 25 21:21:40.086035 np0000191068 devstack@n-api.service[98528]: [pid: 98528|app: 0|req: 20/80] 162.253.55.54 () {62 vars in 1067 bytes} [Tue Aug 25 21:21:40 2026] GET /compute/v2.1 => generated 392 bytes in 6 msecs (HTTP/1.1 200) 9 headers in 357 bytes (1 switches on core 0)
Aug 25 21:21:40.122671 np0000191068 devstack@n-api.service[98530]: DEBUG nova.api.openstack.wsgi [None req-c2e42dbe-e2d2-47c8-adc9-dce6e680c797 admin admin] Calling method '>' {{(pid=98530) _process_stack /opt/stack/nova/nova/api/openstack/wsgi.py:551}}
Aug 25 21:21:40.127918 np0000191068 devstack@n-api.service[98530]: INFO nova.api.openstack.requestlog [None req-c2e42dbe-e2d2-47c8-adc9-dce6e680c797 admin admin] 162.253.55.54 "GET /compute/v2.1/" status: 200 len: 392 microversion: 2.1 time: 0.005739
Aug 25 21:21:40.128251 np0000191068 devstack@n-api.service[98530]: [pid: 98530|app: 0|req: 20/81] 162.253.55.54 () {62 vars in 1070 bytes} [Tue Aug 25 21:21:40 2026] GET /compute/v2.1/ => generated 392 bytes in 7 msecs (HTTP/1.1 200) 9 headers in 357 bytes (1 switches on core 0)
Aug 25 21:21:40.188670 np0000191068 devstack@n-api.service[98529]: DEBUG nova.api.openstack.wsgi [None req-3d6aa9ce-cdc2-4802-99c3-ed37efd6c429 demo demo] Action: 'create', calling method: >, body: {"server_group": {"name": "kube-hqsef", "policy": "soft-anti-affinity"}} {{(pid=98529) _process_stack /opt/stack/nova/nova/api/openstack/wsgi.py:549}}
Aug 25 21:21:40.215698 np0000191068 devstack@n-api.service[98529]: DEBUG nova.quota [None req-3d6aa9ce-cdc2-4802-99c3-ed37efd6c429 demo demo] Getting quotas for project 13e83daf328140a19a74fc9957675884. Resources: {'server_groups'} {{(pid=98529) _get_quotas /opt/stack/nova/nova/quota.py:389}}
Aug 25 21:21:40.219736 np0000191068 devstack@n-api.service[98529]: DEBUG nova.quota [None req-3d6aa9ce-cdc2-4802-99c3-ed37efd6c429 demo demo] Getting quotas for user 7d8d9152c1b34df0886a1a0bfa01cbb9 and project 13e83daf328140a19a74fc9957675884. Resources: {'server_groups'} {{(pid=98529) _get_quotas /opt/stack/nova/nova/quota.py:379}}
Aug 25 21:21:40.440247 np0000191068 devstack@n-api.service[98529]: DEBUG nova.quota [None req-3d6aa9ce-cdc2-4802-99c3-ed37efd6c429 demo demo] Getting quotas for project 13e83daf328140a19a74fc9957675884. Resources: {'server_groups'} {{(pid=98529) _get_quotas /opt/stack/nova/nova/quota.py:389}}
Aug 25 21:21:40.442294 np0000191068 devstack@n-api.service[98529]: DEBUG nova.quota [None req-3d6aa9ce-cdc2-4802-99c3-ed37efd6c429 demo demo] Getting quotas for user 7d8d9152c1b34df0886a1a0bfa01cbb9 and project 13e83daf328140a19a74fc9957675884. Resources: {'server_groups'} {{(pid=98529) _get_quotas /opt/stack/nova/nova/quota.py:379}}
Aug 25 21:21:40.450108 np0000191068 devstack@n-api.service[98529]: INFO nova.api.openstack.requestlog [None req-3d6aa9ce-cdc2-4802-99c3-ed37efd6c429 demo demo] 162.253.55.54 "POST /compute/v2.1/os-server-groups" status: 200 len: 243 microversion: 2.64 time: 0.267859
Aug 25 21:21:40.450404 np0000191068 devstack@n-api.service[98529]: [pid: 98529|app: 0|req: 22/82] 162.253.55.54 () {72 vars in 1445 bytes} [Tue Aug 25 21:21:40 2026] POST /compute/v2.1/os-server-groups => generated 243 bytes in 268 msecs (HTTP/1.1 200) 9 headers in 359 bytes (1 switches on core 0)
Aug 25 21:21:40.517061 np0000191068 devstack@n-api.service[98531]: DEBUG nova.api.openstack.wsgi [None req-4913c3a5-5c7b-448e-a0e0-bdcf9424cb18 demo demo] Calling method '>' {{(pid=98531) _process_stack /opt/stack/nova/nova/api/openstack/wsgi.py:551}}
Aug 25 21:21:40.522067 np0000191068 devstack@n-api.service[98531]: INFO nova.api.openstack.requestlog [None req-4913c3a5-5c7b-448e-a0e0-bdcf9424cb18 demo demo] 162.253.55.54 "GET /compute/v2.1" status: 200 len: 392 microversion: 2.1 time: 0.005500
Aug 25 21:21:40.522350 np0000191068 devstack@n-api.service[98531]: [pid: 98531|app: 0|req: 21/83] 162.253.55.54 () {62 vars in 1067 bytes} [Tue Aug 25 21:21:40 2026] GET /compute/v2.1 => generated 392 bytes in 6 msecs (HTTP/1.1 200) 9 headers in 357 bytes (1 switches on core 0)
Aug 25 21:21:40.576530 np0000191068 devstack@n-api.service[98528]: DEBUG nova.api.openstack.wsgi [None req-172c9376-6875-4bb2-8363-ed96cfa219fc demo demo] Calling method '>' {{(pid=98528) _process_stack /opt/stack/nova/nova/api/openstack/wsgi.py:551}}
Aug 25 21:21:40.580741 np0000191068 devstack@n-api.service[98528]: INFO nova.api.openstack.requestlog [None req-172c9376-6875-4bb2-8363-ed96cfa219fc demo demo] 162.253.55.54 "GET /compute/v2.1/" status: 200 len: 392 microversion: 2.1 time: 0.004918
Aug 25 21:21:40.581268 np0000191068 devstack@n-api.service[98528]: [pid: 98528|app: 0|req: 21/84] 162.253.55.54 () {62 vars in 1070 bytes} [Tue Aug 25 21:21:40 2026] GET /compute/v2.1/ => generated 392 bytes in 6 msecs (HTTP/1.1 200) 9 headers in 357 bytes (1 switches on core 0)
Aug 25 21:21:40.650510 np0000191068 devstack@n-api.service[98530]: DEBUG nova.api.openstack.wsgi [None req-4fb4d5a8-da62-4a46-9890-201753ae57e8 demo demo] Calling method '>' {{(pid=98530) _process_stack /opt/stack/nova/nova/api/openstack/wsgi.py:551}}
Aug 25 21:21:40.677916 np0000191068 devstack@n-api.service[98530]: INFO nova.api.openstack.requestlog [None req-4fb4d5a8-da62-4a46-9890-201753ae57e8 demo demo] 162.253.55.54 "GET /compute/v2.1/os-server-groups" status: 200 len: 246 microversion: 2.64 time: 0.032504
Aug 25 21:21:40.678121 np0000191068 devstack@n-api.service[98530]: [pid: 98530|app: 0|req: 21/85] 162.253.55.54 () {68 vars in 1405 bytes} [Tue Aug 25 21:21:40 2026] GET /compute/v2.1/os-server-groups => generated 246 bytes in 34 msecs (HTTP/1.1 200) 9 headers in 359 bytes (1 switches on core 0)
Aug 25 21:21:40.717617 np0000191068 devstack@n-api.service[98529]: DEBUG nova.api.openstack.wsgi [None req-3d6aa9ce-cdc2-4802-99c3-ed37efd6c429 demo demo] Calling method '>' {{(pid=98529) _process_stack /opt/stack/nova/nova/api/openstack/wsgi.py:551}}
Aug 25 21:21:40.720685 np0000191068 devstack@n-api.service[98529]: INFO nova.api.openstack.requestlog [None req-3d6aa9ce-cdc2-4802-99c3-ed37efd6c429 demo demo] 162.253.55.54 "GET /compute/v2.1" status: 200 len: 392 microversion: 2.1 time: 0.002988
Aug 25 21:21:40.720685 np0000191068 devstack@n-api.service[98529]: [pid: 98529|app: 0|req: 23/86] 162.253.55.54 () {62 vars in 1067 bytes} [Tue Aug 25 21:21:40 2026] GET /compute/v2.1 => generated 392 bytes in 3 msecs (HTTP/1.1 200) 9 headers in 357 bytes (1 switches on core 0)
Aug 25 21:21:40.768945 np0000191068 devstack@n-api.service[98531]: DEBUG nova.api.openstack.wsgi [None req-4913c3a5-5c7b-448e-a0e0-bdcf9424cb18 demo demo] Calling method '>' {{(pid=98531) _process_stack /opt/stack/nova/nova/api/openstack/wsgi.py:551}}
Aug 25 21:21:40.775208 np0000191068 devstack@n-api.service[98531]: INFO nova.api.openstack.requestlog [None req-4913c3a5-5c7b-448e-a0e0-bdcf9424cb18 demo demo] 162.253.55.54 "GET /compute/v2.1/" status: 200 len: 392 microversion: 2.1 time: 0.006593
Aug 25 21:21:40.775564 np0000191068 devstack@n-api.service[98531]: [pid: 98531|app: 0|req: 22/87] 162.253.55.54 () {62 vars in 1070 bytes} [Tue Aug 25 21:21:40 2026] GET /compute/v2.1/ => generated 392 bytes in 7 msecs (HTTP/1.1 200) 9 headers in 357 bytes (1 switches on core 0)
Aug 25 21:21:40.851642 np0000191068 devstack@n-api.service[98528]: DEBUG nova.api.openstack.wsgi [None req-b6b2396e-08f6-4c54-a2fc-21303d9b7d65 demo demo] Action: 'create', calling method: >, body: {"server_group": {"name": "kube-hqsef-default-worker", "policy": "soft-anti-affinity"}} {{(pid=98528) _process_stack /opt/stack/nova/nova/api/openstack/wsgi.py:549}}
Aug 25 21:21:40.882212 np0000191068 devstack@n-api.service[98528]: DEBUG nova.quota [None req-b6b2396e-08f6-4c54-a2fc-21303d9b7d65 demo demo] Getting quotas for project 13e83daf328140a19a74fc9957675884. Resources: {'server_groups'} {{(pid=98528) _get_quotas /opt/stack/nova/nova/quota.py:389}}
Aug 25 21:21:40.885552 np0000191068 devstack@n-api.service[98528]: DEBUG nova.quota [None req-b6b2396e-08f6-4c54-a2fc-21303d9b7d65 demo demo] Getting quotas for user 7d8d9152c1b34df0886a1a0bfa01cbb9 and project 13e83daf328140a19a74fc9957675884. Resources: {'server_groups'} {{(pid=98528) _get_quotas /opt/stack/nova/nova/quota.py:379}}
Aug 25 21:21:41.357382 np0000191068 devstack@n-api.service[98528]: DEBUG nova.quota [None req-b6b2396e-08f6-4c54-a2fc-21303d9b7d65 demo demo] Getting quotas for project 13e83daf328140a19a74fc9957675884. Resources: {'server_groups'} {{(pid=98528) _get_quotas /opt/stack/nova/nova/quota.py:389}}
Aug 25 21:21:41.361643 np0000191068 devstack@n-api.service[98528]: DEBUG nova.quota [None req-b6b2396e-08f6-4c54-a2fc-21303d9b7d65 demo demo] Getting quotas for user 7d8d9152c1b34df0886a1a0bfa01cbb9 and project 13e83daf328140a19a74fc9957675884. Resources: {'server_groups'} {{(pid=98528) _get_quotas /opt/stack/nova/nova/quota.py:379}}
Aug 25 21:21:41.372834 np0000191068 devstack@n-api.service[98528]: INFO nova.api.openstack.requestlog [None req-b6b2396e-08f6-4c54-a2fc-21303d9b7d65 demo demo] 162.253.55.54 "POST /compute/v2.1/os-server-groups" status: 200 len: 258 microversion: 2.64 time: 0.523514
Aug 25 21:21:41.373230 np0000191068 devstack@n-api.service[98528]: [pid: 98528|app: 0|req: 22/88] 162.253.55.54 () {72 vars in 1445 bytes} [Tue Aug 25 21:21:40 2026] POST /compute/v2.1/os-server-groups => generated 258 bytes in 524 msecs (HTTP/1.1 200) 9 headers in 359 bytes (1 switches on core 0)
Aug 25 21:21:44.384941 np0000191068 devstack@n-api.service[98530]: DEBUG nova.api.openstack.wsgi [None req-4fb4d5a8-da62-4a46-9890-201753ae57e8 demo demo] Calling method '>' {{(pid=98530) _process_stack /opt/stack/nova/nova/api/openstack/wsgi.py:551}}
Aug 25 21:21:44.390617 np0000191068 devstack@n-api.service[98530]: INFO nova.api.openstack.requestlog [None req-4fb4d5a8-da62-4a46-9890-201753ae57e8 demo demo] 162.253.55.54 "GET /compute/v2.1" status: 200 len: 392 microversion: 2.1 time: 0.006062
Aug 25 21:21:44.391060 np0000191068 devstack@n-api.service[98530]: [pid: 98530|app: 0|req: 22/89] 162.253.55.54 () {62 vars in 1067 bytes} [Tue Aug 25 21:21:44 2026] GET /compute/v2.1 => generated 392 bytes in 7 msecs (HTTP/1.1 200) 9 headers in 357 bytes (1 switches on core 0)
Aug 25 21:21:44.435456 np0000191068 devstack@n-api.service[98529]: DEBUG nova.api.openstack.wsgi [None req-3d6aa9ce-cdc2-4802-99c3-ed37efd6c429 demo demo] Calling method '>' {{(pid=98529) _process_stack /opt/stack/nova/nova/api/openstack/wsgi.py:551}}
Aug 25 21:21:44.439931 np0000191068 devstack@n-api.service[98529]: INFO nova.api.openstack.requestlog [None req-3d6aa9ce-cdc2-4802-99c3-ed37efd6c429 demo demo] 162.253.55.54 "GET /compute/v2.1/" status: 200 len: 392 microversion: 2.1 time: 0.004415
Aug 25 21:21:44.440157 np0000191068 devstack@n-api.service[98529]: [pid: 98529|app: 0|req: 24/90] 162.253.55.54 () {62 vars in 1070 bytes} [Tue Aug 25 21:21:44 2026] GET /compute/v2.1/ => generated 392 bytes in 5 msecs (HTTP/1.1 200) 9 headers in 357 bytes (1 switches on core 0)
Aug 25 21:21:44.483362 np0000191068 devstack@n-api.service[98531]: DEBUG nova.api.openstack.wsgi [None req-6c0231c2-d4ae-4b5e-a2d4-197692259085 demo demo] Calling method '>' {{(pid=98531) _process_stack /opt/stack/nova/nova/api/openstack/wsgi.py:551}}
Aug 25 21:21:44.514582 np0000191068 devstack@n-api.service[98531]: INFO nova.api.openstack.requestlog [None req-6c0231c2-d4ae-4b5e-a2d4-197692259085 demo demo] 162.253.55.54 "GET /compute/v2.1/flavors/detail?is_public=None" status: 200 len: 5240 microversion: 2.61 time: 0.034396
Aug 25 21:21:44.515034 np0000191068 devstack@n-api.service[98531]: [pid: 98531|app: 0|req: 23/91] 162.253.55.54 () {68 vars in 1428 bytes} [Tue Aug 25 21:21:44 2026] GET /compute/v2.1/flavors/detail?is_public=None => generated 5240 bytes in 35 msecs (HTTP/1.1 200) 9 headers in 360 bytes (1 switches on core 0)
Aug 25 21:21:44.565896 np0000191068 devstack@n-api.service[98528]: DEBUG nova.api.openstack.wsgi [None req-924e1f6d-b20b-4862-abbb-96cc0277e596 demo demo] Calling method '>' {{(pid=98528) _process_stack /opt/stack/nova/nova/api/openstack/wsgi.py:551}}
Aug 25 21:21:44.588966 np0000191068 devstack@n-api.service[98528]: INFO nova.api.openstack.requestlog [None req-924e1f6d-b20b-4862-abbb-96cc0277e596 demo demo] 162.253.55.54 "GET /compute/v2.1/flavors/detail?is_public=None" status: 200 len: 5240 microversion: 2.61 time: 0.025252
Aug 25 21:21:44.589275 np0000191068 devstack@n-api.service[98528]: [pid: 98528|app: 0|req: 23/92] 162.253.55.54 () {68 vars in 1428 bytes} [Tue Aug 25 21:21:44 2026] GET /compute/v2.1/flavors/detail?is_public=None => generated 5240 bytes in 26 msecs (HTTP/1.1 200) 9 headers in 360 bytes (1 switches on core 0)
Aug 25 21:21:44.768925 np0000191068 devstack@n-api.service[98530]: DEBUG nova.api.openstack.wsgi [None req-4fb4d5a8-da62-4a46-9890-201753ae57e8 demo demo] Calling method '>' {{(pid=98530) _process_stack /opt/stack/nova/nova/api/openstack/wsgi.py:551}}
Aug 25 21:21:44.775541 np0000191068 devstack@n-api.service[98530]: INFO nova.api.openstack.requestlog [None req-4fb4d5a8-da62-4a46-9890-201753ae57e8 demo demo] 162.253.55.54 "GET /compute/v2.1" status: 200 len: 392 microversion: 2.1 time: 0.007007
Aug 25 21:21:44.775724 np0000191068 devstack@n-api.service[98530]: [pid: 98530|app: 0|req: 23/93] 162.253.55.54 () {62 vars in 1067 bytes} [Tue Aug 25 21:21:44 2026] GET /compute/v2.1 => generated 392 bytes in 8 msecs (HTTP/1.1 200) 9 headers in 357 bytes (1 switches on core 0)
Aug 25 21:21:44.823738 np0000191068 devstack@n-api.service[98529]: DEBUG nova.api.openstack.wsgi [None req-3d6aa9ce-cdc2-4802-99c3-ed37efd6c429 demo demo] Calling method '>' {{(pid=98529) _process_stack /opt/stack/nova/nova/api/openstack/wsgi.py:551}}
Aug 25 21:21:44.829568 np0000191068 devstack@n-api.service[98529]: INFO nova.api.openstack.requestlog [None req-3d6aa9ce-cdc2-4802-99c3-ed37efd6c429 demo demo] 162.253.55.54 "GET /compute/v2.1/" status: 200 len: 392 microversion: 2.1 time: 0.005803
Aug 25 21:21:44.829568 np0000191068 devstack@n-api.service[98529]: [pid: 98529|app: 0|req: 25/94] 162.253.55.54 () {62 vars in 1070 bytes} [Tue Aug 25 21:21:44 2026] GET /compute/v2.1/ => generated 392 bytes in 6 msecs (HTTP/1.1 200) 9 headers in 357 bytes (1 switches on core 0)
Aug 25 21:21:44.881118 np0000191068 devstack@n-api.service[98531]: DEBUG nova.api.openstack.wsgi [None req-f4820106-92a0-448f-afd9-16c35ff0ef89 demo demo] Calling method '>' {{(pid=98531) _process_stack /opt/stack/nova/nova/api/openstack/wsgi.py:551}}
Aug 25 21:21:44.906985 np0000191068 devstack@n-api.service[98531]: INFO nova.api.openstack.requestlog [None req-f4820106-92a0-448f-afd9-16c35ff0ef89 demo demo] 162.253.55.54 "GET /compute/v2.1/flavors/detail?is_public=None" status: 200 len: 5240 microversion: 2.61 time: 0.029383
Aug 25 21:21:44.907263 np0000191068 devstack@n-api.service[98531]: [pid: 98531|app: 0|req: 24/95] 162.253.55.54 () {68 vars in 1428 bytes} [Tue Aug 25 21:21:44 2026] GET /compute/v2.1/flavors/detail?is_public=None => generated 5240 bytes in 30 msecs (HTTP/1.1 200) 9 headers in 360 bytes (1 switches on core 0)
Aug 25 21:21:50.445719 np0000191068 devstack@n-api.service[98529]: DEBUG dbcounter [-] [98529] Writing DB stats nova_cell0:SELECT=4 {{(pid=98529) stat_writer /opt/stack/data/venv/lib/python3.12/site-packages/dbcounter.py:115}}
Aug 25 21:21:50.448085 np0000191068 devstack@n-api.service[98529]: DEBUG dbcounter [-] [98529] Writing DB stats nova_api:SELECT=14,nova_api:INSERT=2 {{(pid=98529) stat_writer /opt/stack/data/venv/lib/python3.12/site-packages/dbcounter.py:115}}
Aug 25 21:21:50.673514 np0000191068 devstack@n-api.service[98530]: DEBUG dbcounter [-] [98530] Writing DB stats nova_api:SELECT=2 {{(pid=98530) stat_writer /opt/stack/data/venv/lib/python3.12/site-packages/dbcounter.py:115}}
Aug 25 21:21:51.367065 np0000191068 devstack@n-api.service[98528]: DEBUG dbcounter [-] [98528] Writing DB stats nova_cell0:SELECT=4 {{(pid=98528) stat_writer /opt/stack/data/venv/lib/python3.12/site-packages/dbcounter.py:115}}
Aug 25 21:21:54.573104 np0000191068 devstack@n-api.service[98528]: DEBUG dbcounter [-] [98528] Writing DB stats nova_api:SELECT=19,nova_api:INSERT=2 {{(pid=98528) stat_writer /opt/stack/data/venv/lib/python3.12/site-packages/dbcounter.py:115}}
Aug 25 21:21:54.887885 np0000191068 devstack@n-api.service[98531]: DEBUG dbcounter [-] [98531] Writing DB stats nova_api:SELECT=8 {{(pid=98531) stat_writer /opt/stack/data/venv/lib/python3.12/site-packages/dbcounter.py:115}}
Aug 25 21:22:07.041160 np0000191068 devstack@n-api.service[98528]: DEBUG nova.api.openstack.wsgi [None req-924e1f6d-b20b-4862-abbb-96cc0277e596 demo demo] Calling method '>' {{(pid=98528) _process_stack /opt/stack/nova/nova/api/openstack/wsgi.py:551}}
Aug 25 21:22:07.047168 np0000191068 devstack@n-api.service[98528]: INFO nova.api.openstack.requestlog [None req-924e1f6d-b20b-4862-abbb-96cc0277e596 demo demo] 172.18.0.2 "GET /compute/v2.1/" status: 200 len: 392 microversion: 2.1 time: 0.006546
Aug 25 21:22:07.047625 np0000191068 devstack@n-api.service[98528]: [pid: 98528|app: 0|req: 24/96] 162.253.55.54 () {64 vars in 1266 bytes} [Tue Aug 25 21:22:07 2026] GET /compute/v2.1/ => generated 392 bytes in 8 msecs (HTTP/1.1 200) 9 headers in 357 bytes (1 switches on core 0)
Aug 25 21:22:07.061014 np0000191068 devstack@n-api.service[98530]: DEBUG nova.api.openstack.wsgi [None req-08ffa0cb-1cf2-484d-831f-be61fddecb73 demo demo] Calling method '>' {{(pid=98530) _process_stack /opt/stack/nova/nova/api/openstack/wsgi.py:551}}
Aug 25 21:22:07.065335 np0000191068 devstack@n-api.service[98530]: DEBUG oslo_concurrency.lockutils [None req-08ffa0cb-1cf2-484d-831f-be61fddecb73 demo demo] Acquiring lock "00000000-0000-0000-0000-000000000000" by "nova.context.set_target_cell..get_or_set_cached_cell_and_set_connections" {{(pid=98530) inner /opt/stack/data/venv/lib/python3.12/site-packages/oslo_concurrency/lockutils.py:512}}
Aug 25 21:22:07.065693 np0000191068 devstack@n-api.service[98530]: DEBUG oslo_concurrency.lockutils [None req-08ffa0cb-1cf2-484d-831f-be61fddecb73 demo demo] Lock "00000000-0000-0000-0000-000000000000" acquired by "nova.context.set_target_cell..get_or_set_cached_cell_and_set_connections" :: waited 0.000s {{(pid=98530) inner /opt/stack/data/venv/lib/python3.12/site-packages/oslo_concurrency/lockutils.py:525}}
Aug 25 21:22:07.066021 np0000191068 devstack@n-api.service[98530]: DEBUG oslo_concurrency.lockutils [None req-08ffa0cb-1cf2-484d-831f-be61fddecb73 demo demo] Lock "00000000-0000-0000-0000-000000000000" "released" by "nova.context.set_target_cell..get_or_set_cached_cell_and_set_connections" :: held 0.000s {{(pid=98530) inner /opt/stack/data/venv/lib/python3.12/site-packages/oslo_concurrency/lockutils.py:544}}
Aug 25 21:22:07.067551 np0000191068 devstack@n-api.service[98530]: DEBUG oslo_concurrency.lockutils [None req-08ffa0cb-1cf2-484d-831f-be61fddecb73 demo demo] Acquiring lock "835867e0-e8fb-4ab6-b76c-4e1644094a39" by "nova.context.set_target_cell..get_or_set_cached_cell_and_set_connections" {{(pid=98530) inner /opt/stack/data/venv/lib/python3.12/site-packages/oslo_concurrency/lockutils.py:512}}
Aug 25 21:22:07.067690 np0000191068 devstack@n-api.service[98530]: DEBUG oslo_concurrency.lockutils [None req-08ffa0cb-1cf2-484d-831f-be61fddecb73 demo demo] Lock "835867e0-e8fb-4ab6-b76c-4e1644094a39" acquired by "nova.context.set_target_cell..get_or_set_cached_cell_and_set_connections" :: waited 0.000s {{(pid=98530) inner /opt/stack/data/venv/lib/python3.12/site-packages/oslo_concurrency/lockutils.py:525}}
Aug 25 21:22:07.067814 np0000191068 devstack@n-api.service[98530]: DEBUG oslo_concurrency.lockutils [None req-08ffa0cb-1cf2-484d-831f-be61fddecb73 demo demo] Lock "835867e0-e8fb-4ab6-b76c-4e1644094a39" "released" by "nova.context.set_target_cell..get_or_set_cached_cell_and_set_connections" :: held 0.000s {{(pid=98530) inner /opt/stack/data/venv/lib/python3.12/site-packages/oslo_concurrency/lockutils.py:544}}
Aug 25 21:22:07.143276 np0000191068 devstack@n-api.service[98530]: INFO nova.api.openstack.requestlog [None req-08ffa0cb-1cf2-484d-831f-be61fddecb73 demo demo] 172.18.0.2 "GET /compute/v2.1/os-availability-zone" status: 200 len: 97 microversion: 2.38 time: 0.087119
Aug 25 21:22:07.143831 np0000191068 devstack@n-api.service[98530]: [pid: 98530|app: 0|req: 24/97] 162.253.55.54 () {68 vars in 1409 bytes} [Tue Aug 25 21:22:07 2026] GET /compute/v2.1/os-availability-zone => generated 97 bytes in 88 msecs (HTTP/1.1 200) 9 headers in 358 bytes (1 switches on core 0)
Aug 25 21:22:08.154413 np0000191068 devstack@n-api.service[98529]: DEBUG nova.api.openstack.wsgi [None req-3d6aa9ce-cdc2-4802-99c3-ed37efd6c429 demo demo] Calling method '>' {{(pid=98529) _process_stack /opt/stack/nova/nova/api/openstack/wsgi.py:551}}
Aug 25 21:22:08.160642 np0000191068 devstack@n-api.service[98529]: INFO nova.api.openstack.requestlog [None req-3d6aa9ce-cdc2-4802-99c3-ed37efd6c429 demo demo] 172.18.0.2 "GET /compute/v2.1/" status: 200 len: 392 microversion: 2.1 time: 0.006573
Aug 25 21:22:08.161050 np0000191068 devstack@n-api.service[98529]: [pid: 98529|app: 0|req: 26/98] 162.253.55.54 () {64 vars in 1266 bytes} [Tue Aug 25 21:22:08 2026] GET /compute/v2.1/ => generated 392 bytes in 7 msecs (HTTP/1.1 200) 9 headers in 357 bytes (1 switches on core 0)
Aug 25 21:22:08.172661 np0000191068 devstack@n-api.service[98531]: DEBUG nova.api.openstack.wsgi [None req-0bdc49c9-c9fe-408c-91f7-046dc4e7b2c0 demo demo] Calling method '>' {{(pid=98531) _process_stack /opt/stack/nova/nova/api/openstack/wsgi.py:551}}
Aug 25 21:22:08.175407 np0000191068 devstack@n-api.service[98531]: DEBUG oslo_concurrency.lockutils [None req-0bdc49c9-c9fe-408c-91f7-046dc4e7b2c0 demo demo] Acquiring lock "00000000-0000-0000-0000-000000000000" by "nova.context.set_target_cell..get_or_set_cached_cell_and_set_connections" {{(pid=98531) inner /opt/stack/data/venv/lib/python3.12/site-packages/oslo_concurrency/lockutils.py:512}}
Aug 25 21:22:08.175755 np0000191068 devstack@n-api.service[98531]: DEBUG oslo_concurrency.lockutils [None req-0bdc49c9-c9fe-408c-91f7-046dc4e7b2c0 demo demo] Lock "00000000-0000-0000-0000-000000000000" acquired by "nova.context.set_target_cell..get_or_set_cached_cell_and_set_connections" :: waited 0.000s {{(pid=98531) inner /opt/stack/data/venv/lib/python3.12/site-packages/oslo_concurrency/lockutils.py:525}}
Aug 25 21:22:08.176068 np0000191068 devstack@n-api.service[98531]: DEBUG oslo_concurrency.lockutils [None req-0bdc49c9-c9fe-408c-91f7-046dc4e7b2c0 demo demo] Lock "00000000-0000-0000-0000-000000000000" "released" by "nova.context.set_target_cell..get_or_set_cached_cell_and_set_connections" :: held 0.000s {{(pid=98531) inner /opt/stack/data/venv/lib/python3.12/site-packages/oslo_concurrency/lockutils.py:544}}
Aug 25 21:22:08.177353 np0000191068 devstack@n-api.service[98531]: DEBUG oslo_concurrency.lockutils [None req-0bdc49c9-c9fe-408c-91f7-046dc4e7b2c0 demo demo] Acquiring lock "835867e0-e8fb-4ab6-b76c-4e1644094a39" by "nova.context.set_target_cell..get_or_set_cached_cell_and_set_connections" {{(pid=98531) inner /opt/stack/data/venv/lib/python3.12/site-packages/oslo_concurrency/lockutils.py:512}}
Aug 25 21:22:08.177561 np0000191068 devstack@n-api.service[98531]: DEBUG oslo_concurrency.lockutils [None req-0bdc49c9-c9fe-408c-91f7-046dc4e7b2c0 demo demo] Lock "835867e0-e8fb-4ab6-b76c-4e1644094a39" acquired by "nova.context.set_target_cell..get_or_set_cached_cell_and_set_connections" :: waited 0.000s {{(pid=98531) inner /opt/stack/data/venv/lib/python3.12/site-packages/oslo_concurrency/lockutils.py:525}}
Aug 25 21:22:08.177767 np0000191068 devstack@n-api.service[98531]: DEBUG oslo_concurrency.lockutils [None req-0bdc49c9-c9fe-408c-91f7-046dc4e7b2c0 demo demo] Lock "835867e0-e8fb-4ab6-b76c-4e1644094a39" "released" by "nova.context.set_target_cell..get_or_set_cached_cell_and_set_connections" :: held 0.000s {{(pid=98531) inner /opt/stack/data/venv/lib/python3.12/site-packages/oslo_concurrency/lockutils.py:544}}
Aug 25 21:22:08.254704 np0000191068 devstack@n-api.service[98531]: INFO nova.api.openstack.requestlog [None req-0bdc49c9-c9fe-408c-91f7-046dc4e7b2c0 demo demo] 172.18.0.2 "GET /compute/v2.1/os-availability-zone" status: 200 len: 97 microversion: 2.38 time: 0.084772
Aug 25 21:22:08.255068 np0000191068 devstack@n-api.service[98531]: [pid: 98531|app: 0|req: 25/99] 162.253.55.54 () {68 vars in 1409 bytes} [Tue Aug 25 21:22:08 2026] GET /compute/v2.1/os-availability-zone => generated 97 bytes in 86 msecs (HTTP/1.1 200) 9 headers in 358 bytes (1 switches on core 0)
Aug 25 21:22:08.893042 np0000191068 devstack@n-api.service[98528]: DEBUG nova.api.openstack.wsgi [None req-924e1f6d-b20b-4862-abbb-96cc0277e596 demo demo] Calling method '>' {{(pid=98528) _process_stack /opt/stack/nova/nova/api/openstack/wsgi.py:551}}
Aug 25 21:22:08.896814 np0000191068 devstack@n-api.service[98528]: INFO nova.api.openstack.requestlog [None req-924e1f6d-b20b-4862-abbb-96cc0277e596 demo demo] 172.18.0.2 "GET /compute/v2.1/" status: 200 len: 392 microversion: 2.1 time: 0.004202
Aug 25 21:22:08.897108 np0000191068 devstack@n-api.service[98528]: [pid: 98528|app: 0|req: 25/100] 162.253.55.54 () {64 vars in 1266 bytes} [Tue Aug 25 21:22:08 2026] GET /compute/v2.1/ => generated 392 bytes in 5 msecs (HTTP/1.1 200) 9 headers in 357 bytes (1 switches on core 0)
Aug 25 21:22:08.906814 np0000191068 devstack@n-api.service[98530]: DEBUG nova.api.openstack.wsgi [None req-fa158f46-95d6-4a2c-8c4f-9483a7f65825 demo demo] Calling method '>' {{(pid=98530) _process_stack /opt/stack/nova/nova/api/openstack/wsgi.py:551}}
Aug 25 21:22:08.908929 np0000191068 devstack@n-api.service[98530]: DEBUG oslo_concurrency.lockutils [None req-fa158f46-95d6-4a2c-8c4f-9483a7f65825 demo demo] Acquiring lock "00000000-0000-0000-0000-000000000000" by "nova.context.set_target_cell..get_or_set_cached_cell_and_set_connections" {{(pid=98530) inner /opt/stack/data/venv/lib/python3.12/site-packages/oslo_concurrency/lockutils.py:512}}
Aug 25 21:22:08.909143 np0000191068 devstack@n-api.service[98530]: DEBUG oslo_concurrency.lockutils [None req-fa158f46-95d6-4a2c-8c4f-9483a7f65825 demo demo] Lock "00000000-0000-0000-0000-000000000000" acquired by "nova.context.set_target_cell..get_or_set_cached_cell_and_set_connections" :: waited 0.000s {{(pid=98530) inner /opt/stack/data/venv/lib/python3.12/site-packages/oslo_concurrency/lockutils.py:525}}
Aug 25 21:22:08.909317 np0000191068 devstack@n-api.service[98530]: DEBUG oslo_concurrency.lockutils [None req-fa158f46-95d6-4a2c-8c4f-9483a7f65825 demo demo] Lock "00000000-0000-0000-0000-000000000000" "released" by "nova.context.set_target_cell..get_or_set_cached_cell_and_set_connections" :: held 0.000s {{(pid=98530) inner /opt/stack/data/venv/lib/python3.12/site-packages/oslo_concurrency/lockutils.py:544}}
Aug 25 21:22:08.910238 np0000191068 devstack@n-api.service[98530]: DEBUG oslo_concurrency.lockutils [None req-fa158f46-95d6-4a2c-8c4f-9483a7f65825 demo demo] Acquiring lock "835867e0-e8fb-4ab6-b76c-4e1644094a39" by "nova.context.set_target_cell..get_or_set_cached_cell_and_set_connections" {{(pid=98530) inner /opt/stack/data/venv/lib/python3.12/site-packages/oslo_concurrency/lockutils.py:512}}
Aug 25 21:22:08.910434 np0000191068 devstack@n-api.service[98530]: DEBUG oslo_concurrency.lockutils [None req-fa158f46-95d6-4a2c-8c4f-9483a7f65825 demo demo] Lock "835867e0-e8fb-4ab6-b76c-4e1644094a39" acquired by "nova.context.set_target_cell..get_or_set_cached_cell_and_set_connections" :: waited 0.000s {{(pid=98530) inner /opt/stack/data/venv/lib/python3.12/site-packages/oslo_concurrency/lockutils.py:525}}
Aug 25 21:22:08.910612 np0000191068 devstack@n-api.service[98530]: DEBUG oslo_concurrency.lockutils [None req-fa158f46-95d6-4a2c-8c4f-9483a7f65825 demo demo] Lock "835867e0-e8fb-4ab6-b76c-4e1644094a39" "released" by "nova.context.set_target_cell..get_or_set_cached_cell_and_set_connections" :: held 0.000s {{(pid=98530) inner /opt/stack/data/venv/lib/python3.12/site-packages/oslo_concurrency/lockutils.py:544}}
Aug 25 21:22:08.933146 np0000191068 devstack@n-api.service[98530]: INFO nova.api.openstack.requestlog [None req-fa158f46-95d6-4a2c-8c4f-9483a7f65825 demo demo] 172.18.0.2 "GET /compute/v2.1/os-availability-zone" status: 200 len: 97 microversion: 2.38 time: 0.028441
Aug 25 21:22:08.933730 np0000191068 devstack@n-api.service[98530]: [pid: 98530|app: 0|req: 25/101] 162.253.55.54 () {68 vars in 1409 bytes} [Tue Aug 25 21:22:08 2026] GET /compute/v2.1/os-availability-zone => generated 97 bytes in 29 msecs (HTTP/1.1 200) 9 headers in 358 bytes (1 switches on core 0)
Aug 25 21:22:09.525023 np0000191068 devstack@n-api.service[98529]: DEBUG nova.api.openstack.wsgi [None req-3d6aa9ce-cdc2-4802-99c3-ed37efd6c429 demo demo] Calling method '>' {{(pid=98529) _process_stack /opt/stack/nova/nova/api/openstack/wsgi.py:551}}
Aug 25 21:22:09.530988 np0000191068 devstack@n-api.service[98529]: INFO nova.api.openstack.requestlog [None req-3d6aa9ce-cdc2-4802-99c3-ed37efd6c429 demo demo] 172.18.0.2 "GET /compute/v2.1/" status: 200 len: 392 microversion: 2.1 time: 0.004412
Aug 25 21:22:09.530988 np0000191068 devstack@n-api.service[98529]: [pid: 98529|app: 0|req: 27/102] 162.253.55.54 () {64 vars in 1266 bytes} [Tue Aug 25 21:22:09 2026] GET /compute/v2.1/ => generated 392 bytes in 5 msecs (HTTP/1.1 200) 9 headers in 357 bytes (2 switches on core 0)
Aug 25 21:22:09.545200 np0000191068 devstack@n-api.service[98531]: DEBUG nova.api.openstack.wsgi [None req-2367833f-2b61-4683-a07d-62c59d5c8da4 demo demo] Calling method '>' {{(pid=98531) _process_stack /opt/stack/nova/nova/api/openstack/wsgi.py:551}}
Aug 25 21:22:09.548417 np0000191068 devstack@n-api.service[98531]: DEBUG oslo_concurrency.lockutils [None req-2367833f-2b61-4683-a07d-62c59d5c8da4 demo demo] Acquiring lock "00000000-0000-0000-0000-000000000000" by "nova.context.set_target_cell..get_or_set_cached_cell_and_set_connections" {{(pid=98531) inner /opt/stack/data/venv/lib/python3.12/site-packages/oslo_concurrency/lockutils.py:512}}
Aug 25 21:22:09.548742 np0000191068 devstack@n-api.service[98531]: DEBUG oslo_concurrency.lockutils [None req-2367833f-2b61-4683-a07d-62c59d5c8da4 demo demo] Lock "00000000-0000-0000-0000-000000000000" acquired by "nova.context.set_target_cell..get_or_set_cached_cell_and_set_connections" :: waited 0.000s {{(pid=98531) inner /opt/stack/data/venv/lib/python3.12/site-packages/oslo_concurrency/lockutils.py:525}}
Aug 25 21:22:09.549029 np0000191068 devstack@n-api.service[98531]: DEBUG oslo_concurrency.lockutils [None req-2367833f-2b61-4683-a07d-62c59d5c8da4 demo demo] Lock "00000000-0000-0000-0000-000000000000" "released" by "nova.context.set_target_cell..get_or_set_cached_cell_and_set_connections" :: held 0.000s {{(pid=98531) inner /opt/stack/data/venv/lib/python3.12/site-packages/oslo_concurrency/lockutils.py:544}}
