+ COMMAND=start + start + for KEYSTONE_WSGI_SCRIPT in keystone-wsgi-public ++ type -p keystone-wsgi-public + cp -a /var/lib/openstack/bin/keystone-wsgi-public /var/www/cgi-bin/keystone/ + '[' -f /etc/apache2/envvars ']' + source /etc/apache2/envvars ++ unset HOME ++ '[' '' '!=' '' ']' ++ SUFFIX= ++ export APACHE_RUN_USER=www-data ++ APACHE_RUN_USER=www-data ++ export APACHE_RUN_GROUP=www-data ++ APACHE_RUN_GROUP=www-data ++ export APACHE_PID_FILE=/var/run/apache2/apache2.pid ++ APACHE_PID_FILE=/var/run/apache2/apache2.pid ++ export APACHE_RUN_DIR=/var/run/apache2 ++ APACHE_RUN_DIR=/var/run/apache2 ++ export APACHE_LOCK_DIR=/var/lock/apache2 ++ APACHE_LOCK_DIR=/var/lock/apache2 ++ export APACHE_LOG_DIR=/var/log/apache2 ++ APACHE_LOG_DIR=/var/log/apache2 ++ export LANG=C ++ LANG=C ++ export LANG + '[' -f /var/run/apache2/apache2.pid ']' + exec apache2 -DFOREGROUND AH00558: apache2: Could not reliably determine the server's fully qualified domain name, using 10.0.0.120. Set the 'ServerName' directive globally to suppress this message AH00558: apache2: Could not reliably determine the server's fully qualified domain name, using 10.0.0.120. Set the 'ServerName' directive globally to suppress this message
[Mon Jul 27 20:13:52.841693 2026] [mpm_event:notice] [pid 1:tid 140153750476672] AH00489: Apache/2.4.58 (Ubuntu) mod_wsgi/5.0.0 Python/3.12 configured -- resuming normal operations
[Mon Jul 27 20:13:52.841793 2026] [core:notice] [pid 1:tid 140153750476672] AH00094: Command line: 'apache2 -D FOREGROUND'
[Mon Jul 27 20:14:55.668097 2026] [wsgi:error] [pid 10:tid 140153112655552] /var/lib/openstack/lib/python3.12/site-packages/oslo_utils/importutils.py:77: EventletDeprecationWarning:
[Mon Jul 27 20:14:55.668143 2026] [wsgi:error] [pid 10:tid 140153112655552] Eventlet is deprecated. It is currently being maintained in bugfix mode, and
[Mon Jul 27 20:14:55.668145 2026] [wsgi:error] [pid 10:tid 140153112655552] we strongly recommend against using it for new projects.
[Mon Jul 27 20:14:55.668146 2026] [wsgi:error] [pid 10:tid 140153112655552]
[Mon Jul 27 20:14:55.668147 2026] [wsgi:error] [pid 10:tid 140153112655552] If you are already using Eventlet, we recommend migrating to a different
[Mon Jul 27 20:14:55.668148 2026] [wsgi:error] [pid 10:tid 140153112655552] framework. For more detail see
[Mon Jul 27 20:14:55.668149 2026] [wsgi:error] [pid 10:tid 140153112655552] https://eventlet.readthedocs.io/en/latest/asyncio/migration.html
[Mon Jul 27 20:14:55.668151 2026] [wsgi:error] [pid 10:tid 140153112655552]
[Mon Jul 27 20:14:55.668152 2026] [wsgi:error] [pid 10:tid 140153112655552] __import__(import_str)
[Mon Jul 27 20:14:55.684943 2026] [wsgi:error] [pid 12:tid 140153112655552] /var/lib/openstack/lib/python3.12/site-packages/oslo_utils/importutils.py:77: EventletDeprecationWarning:
[Mon Jul 27 20:14:55.684991 2026] [wsgi:error] [pid 12:tid 140153112655552] Eventlet is deprecated. It is currently being maintained in bugfix mode, and
[Mon Jul 27 20:14:55.684994 2026] [wsgi:error] [pid 12:tid 140153112655552] we strongly recommend against using it for new projects.
[Mon Jul 27 20:14:55.684995 2026] [wsgi:error] [pid 12:tid 140153112655552]
[Mon Jul 27 20:14:55.684996 2026] [wsgi:error] [pid 12:tid 140153112655552] If you are already using Eventlet, we recommend migrating to a different
[Mon Jul 27 20:14:55.684997 2026] [wsgi:error] [pid 12:tid 140153112655552] framework. For more detail see
[Mon Jul 27 20:14:55.684998 2026] [wsgi:error] [pid 12:tid 140153112655552] https://eventlet.readthedocs.io/en/latest/asyncio/migration.html
[Mon Jul 27 20:14:55.684999 2026] [wsgi:error] [pid 12:tid 140153112655552]
[Mon Jul 27 20:14:55.685000 2026] [wsgi:error] [pid 12:tid 140153112655552] __import__(import_str) 10.0.0.22 - - [27/Jul/2026:20:14:54 +0000] "GET /v3/ HTTP/1.1" 200 250 10.0.0.22 - - [27/Jul/2026:20:14:54 +0000] "GET /v3/ HTTP/1.1" 200 250
[Mon Jul 27 20:15:07.872201 2026] [wsgi:error] [pid 9:tid 140153112655552] /var/lib/openstack/lib/python3.12/site-packages/oslo_utils/importutils.py:77: EventletDeprecationWarning:
[Mon Jul 27 20:15:07.872237 2026] [wsgi:error] [pid 9:tid 140153112655552] Eventlet is deprecated. It is currently being maintained in bugfix mode, and
[Mon Jul 27 20:15:07.872239 2026] [wsgi:error] [pid 9:tid 140153112655552] we strongly recommend against using it for new projects.
[Mon Jul 27 20:15:07.872240 2026] [wsgi:error] [pid 9:tid 140153112655552]
[Mon Jul 27 20:15:07.872241 2026] [wsgi:error] [pid 9:tid 140153112655552] If you are already using Eventlet, we recommend migrating to a different
[Mon Jul 27 20:15:07.872242 2026] [wsgi:error] [pid 9:tid 140153112655552] framework. For more detail see
[Mon Jul 27 20:15:07.872244 2026] [wsgi:error] [pid 9:tid 140153112655552] https://eventlet.readthedocs.io/en/latest/asyncio/migration.html
[Mon Jul 27 20:15:07.872245 2026] [wsgi:error] [pid 9:tid 140153112655552]
[Mon Jul 27 20:15:07.872246 2026] [wsgi:error] [pid 9:tid 140153112655552] __import__(import_str) 10.0.0.199 - - [27/Jul/2026:20:15:07 +0000] "GET / HTTP/1.1" 300 295
[Mon Jul 27 20:15:13.331022 2026] [wsgi:error] [pid 11:tid 140153112655552] /var/lib/openstack/lib/python3.12/site-packages/oslo_utils/importutils.py:77: EventletDeprecationWarning:
[Mon Jul 27 20:15:13.331061 2026] [wsgi:error] [pid 11:tid 140153112655552] Eventlet is deprecated. It is currently being maintained in bugfix mode, and
[Mon Jul 27 20:15:13.331062 2026] [wsgi:error] [pid 11:tid 140153112655552] we strongly recommend against using it for new projects.
[Mon Jul 27 20:15:13.331064 2026] [wsgi:error] [pid 11:tid 140153112655552]
[Mon Jul 27 20:15:13.331065 2026] [wsgi:error] [pid 11:tid 140153112655552] If you are already using Eventlet, we recommend migrating to a different
[Mon Jul 27 20:15:13.331066 2026] [wsgi:error] [pid 11:tid 140153112655552] framework. For more detail see
[Mon Jul 27 20:15:13.331067 2026] [wsgi:error] [pid 11:tid 140153112655552] https://eventlet.readthedocs.io/en/latest/asyncio/migration.html
[Mon Jul 27 20:15:13.331068 2026] [wsgi:error] [pid 11:tid 140153112655552]
[Mon Jul 27 20:15:13.331069 2026] [wsgi:error] [pid 11:tid 140153112655552] __import__(import_str)
[Mon Jul 27 20:15:17.993551 2026] [wsgi:error] [pid 11:tid 140153112655552] [remote 10.0.0.199:46820] 2026-07-27 20:15:17.990 11 WARNING keystone.identity.core [None req-d8fe1208-31e1-425e-aa0c-9cd010d3cee7 - - - - - -] Invalid domain name (atmosphere) found in config file name: keystone.exception.DomainNotFound: Could not find domain: atmosphere.
[Mon Jul 27 20:15:18.065573 2026] [wsgi:error] [pid 11:tid 140153112655552] [remote 10.0.0.199:46820] 2026-07-27 20:15:18.064 11 WARNING keystone.common.password_hashing [None req-d8fe1208-31e1-425e-aa0c-9cd010d3cee7 - - - - - -] Truncating password to algorithm specific maximum length 72 characters.
[Mon Jul 27 20:15:18.370365 2026] [wsgi:error] [pid 11:tid 140153112655552] [remote 10.0.0.199:46820] 2026-07-27 20:15:18.370 11 WARNING keystone.common.fernet_utils [None req-d8fe1208-31e1-425e-aa0c-9cd010d3cee7 - - - - - -] key_repository is world readable: /etc/keystone/fernet-keys/ 10.0.0.199 - - [27/Jul/2026:20:15:12 +0000] "POST /v3/auth/tokens HTTP/1.1" 201 1360
[Mon Jul 27 20:15:18.754587 2026] [wsgi:error] [pid 10:tid 140153112655552] [remote 10.0.0.199:46820] 2026-07-27 20:15:18.752 10 WARNING keystone.identity.core [None req-47916e92-bc92-4ddb-b913-0a9518e23c1c - - - - - -] Invalid domain name (atmosphere) found in config file name: keystone.exception.DomainNotFound: Could not find domain: atmosphere. 10.0.0.199 - - [27/Jul/2026:20:15:18 +0000] "POST /v3/domains HTTP/1.1" 201 261 10.0.0.105 - - [27/Jul/2026:20:15:31 +0000] "GET / HTTP/1.1" 300 295
[Mon Jul 27 20:15:31.717166 2026] [wsgi:error] [pid 9:tid 140153112655552] [remote 10.0.0.105:47502] 2026-07-27 20:15:31.716 9 WARNING keystone.common.password_hashing [None req-24498703-8e6a-419b-8916-97f3fcf212cf - - - - - -] Truncating password to algorithm specific maximum length 72 characters.
[Mon Jul 27 20:15:31.997475 2026] [wsgi:error] [pid 9:tid 140153112655552] [remote 10.0.0.105:47502] 2026-07-27 20:15:31.996 9 WARNING keystone.common.fernet_utils [None req-24498703-8e6a-419b-8916-97f3fcf212cf - - - - - -] key_repository is world readable: /etc/keystone/fernet-keys/ 10.0.0.105 - - [27/Jul/2026:20:15:31 +0000] "POST /v3/auth/tokens HTTP/1.1" 201 1360 10.0.0.105 - - [27/Jul/2026:20:15:32 +0000] "GET /v3/roles/admin HTTP/1.1" 404 83
[Mon Jul 27 20:15:32.279142 2026] [wsgi:error] [pid 10:tid 140153112655552] [remote 10.0.0.105:47502] 2026-07-27 20:15:32.278 10 WARNING keystone.common.rbac_enforcer.enforcer [None req-9ba8562a-f22d-4a66-aa94-cbf041554c95 d8ed84745a79497eba2f4e30feb8a463 f2c8078be0ca4e97b9eacf6f6dcc3f55 - - default default] Deprecated policy rules found. Use oslopolicy-policy-generator and oslopolicy-policy-upgrade to detect and resolve deprecated policies in your configuration. 10.0.0.105 - - [27/Jul/2026:20:15:32 +0000] "GET /v3/roles?name=admin HTTP/1.1" 200 389
[Mon Jul 27 20:15:32.804754 2026] [wsgi:error] [pid 12:tid 140153112655552] [remote 10.0.0.105:47502] 2026-07-27 20:15:32.804 12 WARNING keystone.common.rbac_enforcer.enforcer [None req-4d3eb76d-e737-4439-aeb2-680091afa362 d8ed84745a79497eba2f4e30feb8a463 f2c8078be0ca4e97b9eacf6f6dcc3f55 - - default default] Deprecated policy rules found. Use oslopolicy-policy-generator and oslopolicy-policy-upgrade to detect and resolve deprecated policies in your configuration. 10.0.0.105 - - [27/Jul/2026:20:15:32 +0000] "GET /v3/users/admin-RegionOne HTTP/1.1" 404 93
[Mon Jul 27 20:15:32.971407 2026] [wsgi:error] [pid 9:tid 140153112655552] [remote 10.0.0.105:47502] 2026-07-27 20:15:32.971 9 WARNING keystone.common.rbac_enforcer.enforcer [None req-b0aac5f5-7c2d-4ef0-9d39-77edf2a55c05 d8ed84745a79497eba2f4e30feb8a463 f2c8078be0ca4e97b9eacf6f6dcc3f55 - - default default] Deprecated policy rules found. Use oslopolicy-policy-generator and oslopolicy-policy-upgrade to detect and resolve deprecated policies in your configuration. 10.0.0.105 - - [27/Jul/2026:20:15:32 +0000] "GET /v3/users?name=admin-RegionOne HTTP/1.1" 200 422
[Mon Jul 27 20:15:33.151048 2026] [wsgi:error] [pid 11:tid 140153112655552] [remote 10.0.0.105:47502] 2026-07-27 20:15:33.150 11 WARNING keystone.common.rbac_enforcer.enforcer [None req-21afc9dd-2326-4ccd-a0a0-805badb2a22b d8ed84745a79497eba2f4e30feb8a463 f2c8078be0ca4e97b9eacf6f6dcc3f55 - - default default] Deprecated policy rules found. Use oslopolicy-policy-generator and oslopolicy-policy-upgrade to detect and resolve deprecated policies in your configuration. 10.0.0.105 - - [27/Jul/2026:20:15:33 +0000] "GET /v3/domains/default HTTP/1.1" 200 224 10.0.0.105 - - [27/Jul/2026:20:15:33 +0000] "PUT /v3/domains/default/users/d8ed84745a79497eba2f4e30feb8a463/roles/173e29846c604545896eeb285dacfc10 HTTP/1.1" 204 - 10.0.0.22 - - [27/Jul/2026:20:15:43 +0000] "GET / HTTP/1.1" 300 281 10.0.0.22 - - [27/Jul/2026:20:15:44 +0000] "GET /v3 HTTP/1.1" 200 266
[Mon Jul 27 20:15:44.928277 2026] [wsgi:error] [pid 11:tid 140153112655552] [remote 10.0.0.22:56694] 2026-07-27 20:15:44.928 11 WARNING keystone.common.password_hashing [None req-ff864f41-c632-4490-8720-50d75ab16d34 - - - - - -] Truncating password to algorithm specific maximum length 72 characters.
[Mon Jul 27 20:15:45.216258 2026] [wsgi:error] [pid 11:tid 140153112655552] [remote 10.0.0.22:56694] 2026-07-27 20:15:45.216 11 WARNING keystone.common.fernet_utils [None req-ff864f41-c632-4490-8720-50d75ab16d34 - - - - - -] key_repository is world readable: /etc/keystone/fernet-keys/ 10.0.0.22 - - [27/Jul/2026:20:15:44 +0000] "POST /v3/auth/tokens HTTP/1.1" 201 1360 10.0.0.22 - - [27/Jul/2026:20:15:45 +0000] "GET / HTTP/1.1" 300 281 10.0.0.22 - - [27/Jul/2026:20:15:45 +0000] "GET /v3/domains/atmosphere HTTP/1.1" 404 90 10.0.0.22 - - [27/Jul/2026:20:15:45 +0000] "GET /v3/domains?name=atmosphere HTTP/1.1" 200 370 10.0.0.22 - - [27/Jul/2026:20:15:45 +0000] "GET /v3/domains/3ddb239b739b442994b655da74dc87ff HTTP/1.1" 200 247 10.0.0.22 - - [27/Jul/2026:20:15:46 +0000] "GET /v3 HTTP/1.1" 200 266
[Mon Jul 27 20:15:46.418940 2026] [wsgi:error] [pid 12:tid 140153112655552] [remote 10.0.0.22:56694] 2026-07-27 20:15:46.418 12 WARNING keystone.common.password_hashing [None req-85ae7600-f3b9-481a-8e93-2df8d1902a38 - - - - - -] Truncating password to algorithm specific maximum length 72 characters.
[Mon Jul 27 20:15:46.694444 2026] [wsgi:error] [pid 12:tid 140153112655552] [remote 10.0.0.22:56694] 2026-07-27 20:15:46.694 12 WARNING keystone.common.fernet_utils [None req-85ae7600-f3b9-481a-8e93-2df8d1902a38 - - - - - -] key_repository is world readable: /etc/keystone/fernet-keys/ 10.0.0.22 - - [27/Jul/2026:20:15:46 +0000] "POST /v3/auth/tokens HTTP/1.1" 201 1360 10.0.0.22 - - [27/Jul/2026:20:15:46 +0000] "GET / HTTP/1.1" 300 281 10.0.0.22 - - [27/Jul/2026:20:15:46 +0000] "GET /v3/OS-FEDERATION/identity_providers/atmosphere HTTP/1.1" 404 101 10.0.0.22 - - [27/Jul/2026:20:15:46 +0000] "GET /v3/OS-FEDERATION/identity_providers HTTP/1.1" 200 156 10.0.0.22 - - [27/Jul/2026:20:15:46 +0000] "PUT /v3/OS-FEDERATION/identity_providers/atmosphere HTTP/1.1" 201 342 10.0.0.22 - - [27/Jul/2026:20:15:47 +0000] "GET /v3 HTTP/1.1" 200 266
[Mon Jul 27 20:15:47.627615 2026] [wsgi:error] [pid 11:tid 140153112655552] [remote 10.0.0.22:56694] 2026-07-27 20:15:47.627 11 WARNING keystone.common.password_hashing [None req-9d177205-eef8-4eb2-9abf-d8c0f30d0ee0 - - - - - -] Truncating password to algorithm specific maximum length 72 characters.
[Mon Jul 27 20:15:47.904009 2026] [wsgi:error] [pid 11:tid 140153112655552] [remote 10.0.0.22:56694] 2026-07-27 20:15:47.903 11 WARNING keystone.common.fernet_utils [None req-9d177205-eef8-4eb2-9abf-d8c0f30d0ee0 - - - - - -] key_repository is world readable: /etc/keystone/fernet-keys/ 10.0.0.22 - - [27/Jul/2026:20:15:47 +0000] "POST /v3/auth/tokens HTTP/1.1" 201 1360 10.0.0.22 - - [27/Jul/2026:20:15:47 +0000] "GET / HTTP/1.1" 300 281 10.0.0.22 - - [27/Jul/2026:20:15:47 +0000] "GET /v3/OS-FEDERATION/mappings/atmosphere-openid HTTP/1.1" 404 98 10.0.0.22 - - [27/Jul/2026:20:15:47 +0000] "GET /v3/OS-FEDERATION/mappings HTTP/1.1" 200 136 10.0.0.22 - - [27/Jul/2026:20:15:47 +0000] "PUT /v3/OS-FEDERATION/mappings/atmosphere-openid HTTP/1.1" 201 357 10.0.0.22 - - [27/Jul/2026:20:15:48 +0000] "GET /v3 HTTP/1.1" 200 266
[Mon Jul 27 20:15:48.913274 2026] [wsgi:error] [pid 12:tid 140153112655552] [remote 10.0.0.22:56694] 2026-07-27 20:15:48.912 12 WARNING keystone.common.password_hashing [None req-fc1e2ac9-b1f4-45fb-b6b0-9fa0bb58a40d - - - - - -] Truncating password to algorithm specific maximum length 72 characters.
[Mon Jul 27 20:15:49.204556 2026] [wsgi:error] [pid 12:tid 140153112655552] [remote 10.0.0.22:56694] 2026-07-27 20:15:49.204 12 WARNING keystone.common.fernet_utils [None req-fc1e2ac9-b1f4-45fb-b6b0-9fa0bb58a40d - - - - - -] key_repository is world readable: /etc/keystone/fernet-keys/ 10.0.0.22 - - [27/Jul/2026:20:15:48 +0000] "POST /v3/auth/tokens HTTP/1.1" 201 1360 10.0.0.22 - - [27/Jul/2026:20:15:49 +0000] "GET / HTTP/1.1" 300 281 10.0.0.22 - - [27/Jul/2026:20:15:49 +0000] "GET /v3/OS-FEDERATION/identity_providers/atmosphere/protocols/openid?idp_id=atmosphere HTTP/1.1" 404 131 10.0.0.22 - - [27/Jul/2026:20:15:49 +0000] "GET /v3/OS-FEDERATION/identity_providers/atmosphere/protocols HTTP/1.1" 200 168 10.0.0.22 - - [27/Jul/2026:20:15:49 +0000] "PUT /v3/OS-FEDERATION/identity_providers/atmosphere/protocols/openid HTTP/1.1" 201 224 10.0.0.22 - - [27/Jul/2026:20:15:54 +0000] "GET /v3/ HTTP/1.1" 200 250 10.0.0.22 - - [27/Jul/2026:20:15:54 +0000] "GET /v3/ HTTP/1.1" 200 250 10.0.0.22 - - [27/Jul/2026:20:16:54 +0000] "GET /v3/ HTTP/1.1" 200 250 10.0.0.22 - - [27/Jul/2026:20:16:54 +0000] "GET /v3/ HTTP/1.1" 200 250 10.0.0.1 - - [27/Jul/2026:20:17:14 +0000] "GET / HTTP/1.1" 300 295
[Mon Jul 27 20:17:14.163596 2026] [wsgi:error] [pid 12:tid 140153112655552] [remote 10.0.0.1:42902] 2026-07-27 20:17:14.163 12 WARNING keystone.common.password_hashing [None req-6f7aef11-8756-4d21-a362-209b92324118 - - - - - -] Truncating password to algorithm specific maximum length 72 characters.
[Mon Jul 27 20:17:14.443354 2026] [wsgi:error] [pid 12:tid 140153112655552] [remote 10.0.0.1:42902] 2026-07-27 20:17:14.443 12 WARNING keystone.common.fernet_utils [None req-6f7aef11-8756-4d21-a362-209b92324118 - - - - - -] key_repository is world readable: /etc/keystone/fernet-keys/ 10.0.0.1 - - [27/Jul/2026:20:17:14 +0000] "POST /v3/auth/tokens HTTP/1.1" 201 1360 10.0.0.1 - - [27/Jul/2026:20:17:14 +0000] "GET /v3/services HTTP/1.1" 200 355 10.0.0.1 - - [27/Jul/2026:20:17:18 +0000] "GET / HTTP/1.1" 300 295
[Mon Jul 27 20:17:18.122715 2026] [wsgi:error] [pid 10:tid 140153112655552] [remote 10.0.0.1:42918] 2026-07-27 20:17:18.122 10 WARNING keystone.common.password_hashing [None req-9ec8c436-1952-4d93-a46d-019ca9780106 - - - - - -] Truncating password to algorithm specific maximum length 72 characters.
[Mon Jul 27 20:17:18.430137 2026] [wsgi:error] [pid 10:tid 140153112655552] [remote 10.0.0.1:42918] 2026-07-27 20:17:18.429 10 WARNING keystone.common.fernet_utils [None req-9ec8c436-1952-4d93-a46d-019ca9780106 - - - - - -] key_repository is world readable: /etc/keystone/fernet-keys/ 10.0.0.1 - - [27/Jul/2026:20:17:18 +0000] "POST /v3/auth/tokens HTTP/1.1" 201 1360 10.0.0.1 - - [27/Jul/2026:20:17:18 +0000] "GET /v3/services HTTP/1.1" 200 355 10.0.0.1 - - [27/Jul/2026:20:17:22 +0000] "GET / HTTP/1.1" 300 295
[Mon Jul 27 20:17:22.033279 2026] [wsgi:error] [pid 9:tid 140153112655552] [remote 10.0.0.1:55312] 2026-07-27 20:17:22.033 9 WARNING keystone.common.password_hashing [None req-c566df44-54a6-4f85-ae6d-65b4fe61d292 - - - - - -] Truncating password to algorithm specific maximum length 72 characters.
[Mon Jul 27 20:17:22.324317 2026] [wsgi:error] [pid 9:tid 140153112655552] [remote 10.0.0.1:55312] 2026-07-27 20:17:22.324 9 WARNING keystone.common.fernet_utils [None req-c566df44-54a6-4f85-ae6d-65b4fe61d292 - - - - - -] key_repository is world readable: /etc/keystone/fernet-keys/ 10.0.0.1 - - [27/Jul/2026:20:17:22 +0000] "POST /v3/auth/tokens HTTP/1.1" 201 1360 10.0.0.1 - - [27/Jul/2026:20:17:22 +0000] "GET /v3/services HTTP/1.1" 200 355 10.0.0.1 - - [27/Jul/2026:20:17:25 +0000] "GET / HTTP/1.1" 300 295
[Mon Jul 27 20:17:26.006962 2026] [wsgi:error] [pid 11:tid 140153112655552] [remote 10.0.0.1:55328] 2026-07-27 20:17:26.006 11 WARNING keystone.common.password_hashing [None req-888ff41b-e353-4080-bf99-5628a91e7c3a - - - - - -] Truncating password to algorithm specific maximum length 72 characters.
[Mon Jul 27 20:17:26.305783 2026] [wsgi:error] [pid 11:tid 140153112655552] [remote 10.0.0.1:55328] 2026-07-27 20:17:26.305 11 WARNING keystone.common.fernet_utils [None req-888ff41b-e353-4080-bf99-5628a91e7c3a - - - - - -] key_repository is world readable: /etc/keystone/fernet-keys/ 10.0.0.1 - - [27/Jul/2026:20:17:25 +0000] "POST /v3/auth/tokens HTTP/1.1" 201 1360 10.0.0.1 - - [27/Jul/2026:20:17:26 +0000] "POST /v3/services HTTP/1.1" 201 296 10.0.0.190 - - [27/Jul/2026:20:17:37 +0000] "GET / HTTP/1.1" 300 295
[Mon Jul 27 20:17:37.486287 2026] [wsgi:error] [pid 12:tid 140153112655552] [remote 10.0.0.190:52960] 2026-07-27 20:17:37.486 12 WARNING keystone.common.password_hashing [None req-b982cd84-c1b1-49cb-b1cb-0e648e7c099e - - - - - -] Truncating password to algorithm specific maximum length 72 characters. 10.0.0.190 - - [27/Jul/2026:20:17:37 +0000] "GET / HTTP/1.1" 300 295 10.0.0.190 - - [27/Jul/2026:20:17:37 +0000] "GET / HTTP/1.1" 300 295
[Mon Jul 27 20:17:37.630575 2026] [wsgi:error] [pid 9:tid 140153112655552] [remote 10.0.0.190:52972] 2026-07-27 20:17:37.630 9 WARNING keystone.common.password_hashing [None req-244d342b-0ab2-4f8b-9916-87c148e20ce4 - - - - - -] Truncating password to algorithm specific maximum length 72 characters.
[Mon Jul 27 20:17:37.644711 2026] [wsgi:error] [pid 11:tid 140153112655552] [remote 10.0.0.190:52982] 2026-07-27 20:17:37.644 11 WARNING keystone.common.password_hashing [None req-ed7d3d05-7f1b-4428-8a31-a9026805fcde - - - - - -] Truncating password to algorithm specific maximum length 72 characters.
[Mon Jul 27 20:17:37.761894 2026] [wsgi:error] [pid 12:tid 140153112655552] [remote 10.0.0.190:52960] 2026-07-27 20:17:37.761 12 WARNING keystone.common.fernet_utils [None req-b982cd84-c1b1-49cb-b1cb-0e648e7c099e - - - - - -] key_repository is world readable: /etc/keystone/fernet-keys/ 10.0.0.190 - - [27/Jul/2026:20:17:37 +0000] "POST /v3/auth/tokens HTTP/1.1" 201 1464
[Mon Jul 27 20:17:37.909325 2026] [wsgi:error] [pid 9:tid 140153112655552] [remote 10.0.0.190:52972] 2026-07-27 20:17:37.909 9 WARNING keystone.common.fernet_utils [None req-244d342b-0ab2-4f8b-9916-87c148e20ce4 - - - - - -] key_repository is world readable: /etc/keystone/fernet-keys/
[Mon Jul 27 20:17:37.912678 2026] [wsgi:error] [pid 11:tid 140153112655552] [remote 10.0.0.190:52982] 2026-07-27 20:17:37.912 11 WARNING keystone.common.fernet_utils [None req-ed7d3d05-7f1b-4428-8a31-a9026805fcde - - - - - -] key_repository is world readable: /etc/keystone/fernet-keys/ 10.0.0.190 - - [27/Jul/2026:20:17:37 +0000] "GET /v3/services HTTP/1.1" 200 639 10.0.0.190 - - [27/Jul/2026:20:17:37 +0000] "POST /v3/auth/tokens HTTP/1.1" 201 1464 10.0.0.190 - - [27/Jul/2026:20:17:37 +0000] "POST /v3/auth/tokens HTTP/1.1" 201 1464 10.0.0.190 - - [27/Jul/2026:20:17:38 +0000] "GET /v3/services HTTP/1.1" 200 639 10.0.0.190 - - [27/Jul/2026:20:17:38 +0000] "GET /v3/services HTTP/1.1" 200 639 10.0.0.190 - - [27/Jul/2026:20:17:39 +0000] "GET / HTTP/1.1" 300 295
[Mon Jul 27 20:17:39.413771 2026] [wsgi:error] [pid 9:tid 140153112655552] [remote 10.0.0.190:52992] 2026-07-27 20:17:39.413 9 WARNING keystone.common.password_hashing [None req-e9f1c84c-d9df-4c27-80c4-190efc2586de - - - - - -] Truncating password to algorithm specific maximum length 72 characters. 10.0.0.190 - - [27/Jul/2026:20:17:39 +0000] "GET / HTTP/1.1" 300 295
[Mon Jul 27 20:17:39.564888 2026] [wsgi:error] [pid 10:tid 140153112655552] [remote 10.0.0.190:52996] 2026-07-27 20:17:39.564 10 WARNING keystone.common.password_hashing [None req-0b6c7e4d-ddc9-4f89-a735-95c41e68fc04 - - - - - -] Truncating password to algorithm specific maximum length 72 characters. 10.0.0.190 - - [27/Jul/2026:20:17:39 +0000] "GET / HTTP/1.1" 300 295
[Mon Jul 27 20:17:39.645327 2026] [wsgi:error] [pid 12:tid 140153112655552] [remote 10.0.0.190:52998] 2026-07-27 20:17:39.644 12 WARNING keystone.common.password_hashing [None req-051e71dd-74a0-41f4-890e-2af6d59a4411 - - - - - -] Truncating password to algorithm specific maximum length 72 characters.
[Mon Jul 27 20:17:39.680314 2026] [wsgi:error] [pid 9:tid 140153112655552] [remote 10.0.0.190:52992] 2026-07-27 20:17:39.680 9 WARNING keystone.common.fernet_utils [None req-e9f1c84c-d9df-4c27-80c4-190efc2586de - - - - - -] key_repository is world readable: /etc/keystone/fernet-keys/ 10.0.0.190 - - [27/Jul/2026:20:17:39 +0000] "POST /v3/auth/tokens HTTP/1.1" 201 1464 10.0.0.190 - - [27/Jul/2026:20:17:39 +0000] "GET /v3/endpoints HTTP/1.1" 200 1227
[Mon Jul 27 20:17:39.837779 2026] [wsgi:error] [pid 10:tid 140153112655552] [remote 10.0.0.190:52996] 2026-07-27 20:17:39.837 10 WARNING keystone.common.fernet_utils [None req-0b6c7e4d-ddc9-4f89-a735-95c41e68fc04 - - - - - -] key_repository is world readable: /etc/keystone/fernet-keys/ 10.0.0.190 - - [27/Jul/2026:20:17:39 +0000] "POST /v3/auth/tokens HTTP/1.1" 201 1464 10.0.0.190 - - [27/Jul/2026:20:17:39 +0000] "GET /v3/services/7cb41933bd82483d9c1299f749470cb2 HTTP/1.1" 200 233 10.0.0.190 - - [27/Jul/2026:20:17:39 +0000] "GET /v3/services/7cb41933bd82483d9c1299f749470cb2 HTTP/1.1" 200 233 10.0.0.190 - - [27/Jul/2026:20:17:39 +0000] "GET /v3/services/7cb41933bd82483d9c1299f749470cb2 HTTP/1.1" 200 233
[Mon Jul 27 20:17:39.939022 2026] [wsgi:error] [pid 12:tid 140153112655552] [remote 10.0.0.190:52998] 2026-07-27 20:17:39.938 12 WARNING keystone.common.fernet_utils [None req-051e71dd-74a0-41f4-890e-2af6d59a4411 - - - - - -] key_repository is world readable: /etc/keystone/fernet-keys/ 10.0.0.190 - - [27/Jul/2026:20:17:39 +0000] "POST /v3/auth/tokens HTTP/1.1" 201 1464 10.0.0.190 - - [27/Jul/2026:20:17:39 +0000] "GET /v3/endpoints HTTP/1.1" 200 1227 10.0.0.190 - - [27/Jul/2026:20:17:39 +0000] "GET /v3/services/7cb41933bd82483d9c1299f749470cb2 HTTP/1.1" 200 233 10.0.0.190 - - [27/Jul/2026:20:17:40 +0000] "GET /v3/services/7cb41933bd82483d9c1299f749470cb2 HTTP/1.1" 200 233 10.0.0.190 - - [27/Jul/2026:20:17:40 +0000] "GET /v3/services/7cb41933bd82483d9c1299f749470cb2 HTTP/1.1" 200 233 10.0.0.190 - - [27/Jul/2026:20:17:40 +0000] "GET /v3/endpoints HTTP/1.1" 200 1227 10.0.0.190 - - [27/Jul/2026:20:17:40 +0000] "GET /v3/services/7cb41933bd82483d9c1299f749470cb2 HTTP/1.1" 200 233 10.0.0.190 - - [27/Jul/2026:20:17:40 +0000] "GET /v3/services/7cb41933bd82483d9c1299f749470cb2 HTTP/1.1" 200 233 10.0.0.190 - - [27/Jul/2026:20:17:40 +0000] "GET /v3/services/7cb41933bd82483d9c1299f749470cb2 HTTP/1.1" 200 233 10.0.0.190 - - [27/Jul/2026:20:17:41 +0000] "GET / HTTP/1.1" 300 295
[Mon Jul 27 20:17:41.411367 2026] [wsgi:error] [pid 11:tid 140153112655552] [remote 10.0.0.190:53010] 2026-07-27 20:17:41.411 11 WARNING keystone.common.password_hashing [None req-4b14c198-bb16-429f-9feb-90e7c3b11eb0 - - - - - -] Truncating password to algorithm specific maximum length 72 characters. 10.0.0.190 - - [27/Jul/2026:20:17:41 +0000] "GET / HTTP/1.1" 300 295
[Mon Jul 27 20:17:41.477264 2026] [wsgi:error] [pid 12:tid 140153112655552] [remote 10.0.0.190:55116] 2026-07-27 20:17:41.477 12 WARNING keystone.common.password_hashing [None req-4cc631d7-c317-446d-b31e-7f84a3cf61dc - - - - - -] Truncating password to algorithm specific maximum length 72 characters. 10.0.0.190 - - [27/Jul/2026:20:17:41 +0000] "GET / HTTP/1.1" 300 295
[Mon Jul 27 20:17:41.546619 2026] [wsgi:error] [pid 10:tid 140153112655552] [remote 10.0.0.190:55120] 2026-07-27 20:17:41.546 10 WARNING keystone.common.password_hashing [None req-0c9e1d76-b8ff-4561-9258-fe5aa30e50c2 - - - - - -] Truncating password to algorithm specific maximum length 72 characters.
[Mon Jul 27 20:17:41.705989 2026] [wsgi:error] [pid 11:tid 140153112655552] [remote 10.0.0.190:53010] 2026-07-27 20:17:41.705 11 WARNING keystone.common.fernet_utils [None req-4b14c198-bb16-429f-9feb-90e7c3b11eb0 - - - - - -] key_repository is world readable: /etc/keystone/fernet-keys/ 10.0.0.190 - - [27/Jul/2026:20:17:41 +0000] "POST /v3/auth/tokens HTTP/1.1" 201 1464
[Mon Jul 27 20:17:41.754583 2026] [wsgi:error] [pid 12:tid 140153112655552] [remote 10.0.0.190:55116] 2026-07-27 20:17:41.754 12 WARNING keystone.common.fernet_utils [None req-4cc631d7-c317-446d-b31e-7f84a3cf61dc - - - - - -] key_repository is world readable: /etc/keystone/fernet-keys/ 10.0.0.190 - - [27/Jul/2026:20:17:41 +0000] "POST /v3/auth/tokens HTTP/1.1" 201 1464
[Mon Jul 27 20:17:41.829237 2026] [wsgi:error] [pid 10:tid 140153112655552] [remote 10.0.0.190:55120] 2026-07-27 20:17:41.829 10 WARNING keystone.common.fernet_utils [None req-0c9e1d76-b8ff-4561-9258-fe5aa30e50c2 - - - - - -] key_repository is world readable: /etc/keystone/fernet-keys/ 10.0.0.190 - - [27/Jul/2026:20:17:41 +0000] "GET /v3/services/de09e114822b479a923ffb8fae901a3c HTTP/1.1" 200 296 10.0.0.190 - - [27/Jul/2026:20:17:41 +0000] "POST /v3/auth/tokens HTTP/1.1" 201 1464 10.0.0.190 - - [27/Jul/2026:20:17:41 +0000] "GET /v3/regions/RegionOne HTTP/1.1" 200 173 10.0.0.190 - - [27/Jul/2026:20:17:41 +0000] "GET /v3/services/de09e114822b479a923ffb8fae901a3c HTTP/1.1" 200 296 10.0.0.190 - - [27/Jul/2026:20:17:41 +0000] "GET /v3/regions/RegionOne HTTP/1.1" 200 173 10.0.0.190 - - [27/Jul/2026:20:17:41 +0000] "GET /v3/services/de09e114822b479a923ffb8fae901a3c HTTP/1.1" 200 296 10.0.0.190 - - [27/Jul/2026:20:17:41 +0000] "GET /v3/regions/RegionOne HTTP/1.1" 200 173 10.0.0.190 - - [27/Jul/2026:20:17:41 +0000] "POST /v3/endpoints HTTP/1.1" 201 383 10.0.0.190 - - [27/Jul/2026:20:17:41 +0000] "POST /v3/endpoints HTTP/1.1" 201 380 10.0.0.190 - - [27/Jul/2026:20:17:41 +0000] "POST /v3/endpoints HTTP/1.1" 201 370 10.0.0.190 - - [27/Jul/2026:20:17:43 +0000] "GET / HTTP/1.1" 300 295
[Mon Jul 27 20:17:43.450019 2026] [wsgi:error] [pid 9:tid 140153112655552] [remote 10.0.0.190:55128] 2026-07-27 20:17:43.449 9 WARNING keystone.common.password_hashing [None req-1f806847-4bbd-418b-a4da-9a5d5001ddbf - - - - - -] Truncating password to algorithm specific maximum length 72 characters. 10.0.0.190 - - [27/Jul/2026:20:17:43 +0000] "GET / HTTP/1.1" 300 295
[Mon Jul 27 20:17:43.495229 2026] [wsgi:error] [pid 11:tid 140153112655552] [remote 10.0.0.190:55138] 2026-07-27 20:17:43.494 11 WARNING keystone.common.password_hashing [None req-e2c1ea07-b057-4057-968b-39c9222ee133 - - - - - -] Truncating password to algorithm specific maximum length 72 characters. 10.0.0.190 - - [27/Jul/2026:20:17:43 +0000] "GET / HTTP/1.1" 300 295
[Mon Jul 27 20:17:43.529437 2026] [wsgi:error] [pid 12:tid 140153112655552] [remote 10.0.0.190:55142] 2026-07-27 20:17:43.529 12 WARNING keystone.common.password_hashing [None req-ec3b4fc1-20cc-4c26-86b8-e8177b944454 - - - - - -] Truncating password to algorithm specific maximum length 72 characters.
[Mon Jul 27 20:17:43.722995 2026] [wsgi:error] [pid 9:tid 140153112655552] [remote 10.0.0.190:55128] 2026-07-27 20:17:43.722 9 WARNING keystone.common.fernet_utils [None req-1f806847-4bbd-418b-a4da-9a5d5001ddbf - - - - - -] key_repository is world readable: /etc/keystone/fernet-keys/ 10.0.0.190 - - [27/Jul/2026:20:17:43 +0000] "POST /v3/auth/tokens HTTP/1.1" 201 1992
[Mon Jul 27 20:17:43.769062 2026] [wsgi:error] [pid 11:tid 140153112655552] [remote 10.0.0.190:55138] 2026-07-27 20:17:43.768 11 WARNING keystone.common.fernet_utils [None req-e2c1ea07-b057-4057-968b-39c9222ee133 - - - - - -] key_repository is world readable: /etc/keystone/fernet-keys/ 10.0.0.190 - - [27/Jul/2026:20:17:43 +0000] "POST /v3/auth/tokens HTTP/1.1" 201 1992
[Mon Jul 27 20:17:43.801096 2026] [wsgi:error] [pid 12:tid 140153112655552] [remote 10.0.0.190:55142] 2026-07-27 20:17:43.800 12 WARNING keystone.common.fernet_utils [None req-ec3b4fc1-20cc-4c26-86b8-e8177b944454 - - - - - -] key_repository is world readable: /etc/keystone/fernet-keys/ 10.0.0.190 - - [27/Jul/2026:20:17:43 +0000] "POST /v3/auth/tokens HTTP/1.1" 201 1992 10.0.0.190 - - [27/Jul/2026:20:17:43 +0000] "GET /v3/endpoints/375d06c05ba047538404bca38a2b19dc HTTP/1.1" 200 383 10.0.0.190 - - [27/Jul/2026:20:17:43 +0000] "GET /v3/services/de09e114822b479a923ffb8fae901a3c HTTP/1.1" 200 296 10.0.0.190 - - [27/Jul/2026:20:17:43 +0000] "GET /v3/endpoints/1b52a6a2494c4dbaa4c84640d2d4ae9c HTTP/1.1" 200 380 10.0.0.190 - - [27/Jul/2026:20:17:43 +0000] "GET /v3/endpoints/d36b1d655ccc4d86a7bceae1df36e666 HTTP/1.1" 200 370 10.0.0.190 - - [27/Jul/2026:20:17:43 +0000] "GET /v3/services/de09e114822b479a923ffb8fae901a3c HTTP/1.1" 200 296 10.0.0.190 - - [27/Jul/2026:20:17:43 +0000] "GET /v3/services/de09e114822b479a923ffb8fae901a3c HTTP/1.1" 200 296 10.0.0.219 - - [27/Jul/2026:20:17:54 +0000] "GET / HTTP/1.1" 300 295
[Mon Jul 27 20:17:54.614317 2026] [wsgi:error] [pid 12:tid 140153112655552] [remote 10.0.0.219:52544] 2026-07-27 20:17:54.614 12 WARNING keystone.common.password_hashing [None req-5469f2dd-23d8-48ac-b5dc-033cfaac6dc2 - - - - - -] Truncating password to algorithm specific maximum length 72 characters. 10.0.0.22 - - [27/Jul/2026:20:17:54 +0000] "GET /v3/ HTTP/1.1" 200 250 10.0.0.22 - - [27/Jul/2026:20:17:54 +0000] "GET /v3/ HTTP/1.1" 200 250
[Mon Jul 27 20:17:54.892575 2026] [wsgi:error] [pid 12:tid 140153112655552] [remote 10.0.0.219:52544] 2026-07-27 20:17:54.892 12 WARNING keystone.common.fernet_utils [None req-5469f2dd-23d8-48ac-b5dc-033cfaac6dc2 - - - - - -] key_repository is world readable: /etc/keystone/fernet-keys/ 10.0.0.219 - - [27/Jul/2026:20:17:54 +0000] "POST /v3/auth/tokens HTTP/1.1" 201 1992 10.0.0.219 - - [27/Jul/2026:20:17:55 +0000] "POST /v3/domains HTTP/1.1" 201 284 10.0.0.219 - - [27/Jul/2026:20:17:56 +0000] "GET / HTTP/1.1" 300 295
[Mon Jul 27 20:17:56.608572 2026] [wsgi:error] [pid 10:tid 140153112655552] [remote 10.0.0.219:52556] 2026-07-27 20:17:56.608 10 WARNING keystone.common.password_hashing [None req-3cb3bca1-40f8-4780-9d97-d476e4330737 - - - - - -] Truncating password to algorithm specific maximum length 72 characters.
[Mon Jul 27 20:17:56.888230 2026] [wsgi:error] [pid 10:tid 140153112655552] [remote 10.0.0.219:52556] 2026-07-27 20:17:56.888 10 WARNING keystone.common.fernet_utils [None req-3cb3bca1-40f8-4780-9d97-d476e4330737 - - - - - -] key_repository is world readable: /etc/keystone/fernet-keys/ 10.0.0.219 - - [27/Jul/2026:20:17:56 +0000] "POST /v3/auth/tokens HTTP/1.1" 201 1992
[Mon Jul 27 20:17:57.058287 2026] [wsgi:error] [pid 12:tid 140153112655552] [remote 10.0.0.219:52556] 2026-07-27 20:17:57.044 12 ERROR keystone.server.flask.application [None req-e2f3bc6c-5587-424a-9ea0-187cd85d227d d8ed84745a79497eba2f4e30feb8a463 f2c8078be0ca4e97b9eacf6f6dcc3f55 - - default default] Conflict occurred attempting to store project - it is not permitted to have two projects acting as domains with the same name: service.: keystone.exception.Conflict: Conflict occurred attempting to store project - it is not permitted to have two projects acting as domains with the same name: service.
[Mon Jul 27 20:17:57.058315 2026] [wsgi:error] [pid 12:tid 140153112655552] [remote 10.0.0.219:52556] 2026-07-27 20:17:57.044 12 ERROR keystone.server.flask.application
Traceback (most recent call last):
[Mon Jul 27 20:17:57.058317 2026] [wsgi:error] [pid 12:tid 140153112655552] [remote 10.0.0.219:52556] 2026-07-27 20:17:57.044 12 ERROR keystone.server.flask.application
File "/var/lib/openstack/lib/python3.12/site-packages/sqlalchemy/engine/base.py", line 1969, in _exec_single_context
[Mon Jul 27 20:17:57.058319 2026] [wsgi:error] [pid 12:tid 140153112655552] [remote 10.0.0.219:52556] 2026-07-27 20:17:57.044 12 ERROR keystone.server.flask.application self.dialect.do_execute(
[Mon Jul 27 20:17:57.058321 2026] [wsgi:error] [pid 12:tid 140153112655552] [remote 10.0.0.219:52556] 2026-07-27 20:17:57.044 12 ERROR keystone.server.flask.application
File "/var/lib/openstack/lib/python3.12/site-packages/sqlalchemy/engine/default.py", line 952, in do_execute
[Mon Jul 27 20:17:57.058322 2026] [wsgi:error] [pid 12:tid 140153112655552] [remote 10.0.0.219:52556] 2026-07-27 20:17:57.044 12 ERROR keystone.server.flask.application cursor.execute(statement, parameters)
[Mon Jul 27 20:17:57.058324 2026] [wsgi:error] [pid 12:tid 140153112655552] [remote 10.0.0.219:52556] 2026-07-27 20:17:57.044 12 ERROR keystone.server.flask.application
File "/var/lib/openstack/lib/python3.12/site-packages/pymysql/cursors.py", line 159, in execute
[Mon Jul 27 20:17:57.058325 2026] [wsgi:error] [pid 12:tid 140153112655552] [remote 10.0.0.219:52556] 2026-07-27 20:17:57.044 12 ERROR keystone.server.flask.application result = self._query(query)
[Mon Jul 27 20:17:57.058326 2026] [wsgi:error] [pid 12:tid 140153112655552] [remote 10.0.0.219:52556] 2026-07-27 20:17:57.044 12 ERROR keystone.server.flask.application ^^^^^^^^^^^^^^^^^^
[Mon Jul 27 20:17:57.058328 2026] [wsgi:error] [pid 12:tid 140153112655552] [remote 10.0.0.219:52556] 2026-07-27 20:17:57.044 12 ERROR keystone.server.flask.application
File "/var/lib/openstack/lib/python3.12/site-packages/pymysql/cursors.py", line 330, in _query
[Mon Jul 27 20:17:57.058329 2026] [wsgi:error] [pid 12:tid 140153112655552] [remote 10.0.0.219:52556] 2026-07-27 20:17:57.044 12 ERROR keystone.server.flask.application conn.query(q)
[Mon Jul 27 20:17:57.058331 2026] [wsgi:error] [pid 12:tid 140153112655552] [remote 10.0.0.219:52556] 2026-07-27 20:17:57.044 12 ERROR keystone.server.flask.application
File "/var/lib/openstack/lib/python3.12/site-packages/pymysql/connections.py", line 582, in query
[Mon Jul 27 20:17:57.058332 2026] [wsgi:error] [pid 12:tid 140153112655552] [remote 10.0.0.219:52556] 2026-07-27 20:17:57.044 12 ERROR keystone.server.flask.application self._affected_rows = self._read_query_result(unbuffered=unbuffered)
[Mon Jul 27 20:17:57.058334 2026] [wsgi:error] [pid 12:tid 140153112655552] [remote 10.0.0.219:52556] 2026-07-27 20:17:57.044 12 ERROR keystone.server.flask.application ^^^^^^^^^^^^^^^^^^^^^^^^^^^^^^^^^^^^^^^^^^^^^^
[Mon Jul 27 20:17:57.058335 2026] [wsgi:error] [pid 12:tid 140153112655552] [remote 10.0.0.219:52556] 2026-07-27 20:17:57.044 12 ERROR keystone.server.flask.application
File "/var/lib/openstack/lib/python3.12/site-packages/pymysql/connections.py", line 847, in _read_query_result
[Mon Jul 27 20:17:57.058337 2026] [wsgi:error] [pid 12:tid 140153112655552] [remote 10.0.0.219:52556] 2026-07-27 20:17:57.044 12 ERROR keystone.server.flask.application result.read()
[Mon Jul 27 20:17:57.058340 2026] [wsgi:error] [pid 12:tid 140153112655552] [remote 10.0.0.219:52556] 2026-07-27 20:17:57.044 12 ERROR keystone.server.flask.application
File "/var/lib/openstack/lib/python3.12/site-packages/pymysql/connections.py", line 1245, in read
[Mon Jul 27 20:17:57.058341 2026] [wsgi:error] [pid 12:tid 140153112655552] [remote 10.0.0.219:52556] 2026-07-27 20:17:57.044 12 ERROR keystone.server.flask.application first_packet = self.connection._read_packet()
[Mon Jul 27 20:17:57.058343 2026] [wsgi:error] [pid 12:tid 140153112655552] [remote 10.0.0.219:52556] 2026-07-27 20:17:57.044 12 ERROR keystone.server.flask.application ^^^^^^^^^^^^^^^^^^^^^^^^^^^^^^
[Mon Jul 27 20:17:57.058344 2026] [wsgi:error] [pid 12:tid 140153112655552] [remote 10.0.0.219:52556] 2026-07-27 20:17:57.044 12 ERROR keystone.server.flask.application
File "/var/lib/openstack/lib/python3.12/site-packages/pymysql/connections.py", line 803, in _read_packet
[Mon Jul 27 20:17:57.058345 2026] [wsgi:error] [pid 12:tid 140153112655552] [remote 10.0.0.219:52556] 2026-07-27 20:17:57.044 12 ERROR keystone.server.flask.application packet.raise_for_error()
[Mon Jul 27 20:17:57.058347 2026] [wsgi:error] [pid 12:tid 140153112655552] [remote 10.0.0.219:52556] 2026-07-27 20:17:57.044 12 ERROR keystone.server.flask.application
File "/var/lib/openstack/lib/python3.12/site-packages/pymysql/protocol.py", line 219, in raise_for_error
[Mon Jul 27 20:17:57.058348 2026] [wsgi:error] [pid 12:tid 140153112655552] [remote 10.0.0.219:52556] 2026-07-27 20:17:57.044 12 ERROR keystone.server.flask.application err.raise_mysql_exception(self._data)
[Mon Jul 27 20:17:57.058350 2026] [wsgi:error] [pid 12:tid 140153112655552] [remote 10.0.0.219:52556] 2026-07-27 20:17:57.044 12 ERROR keystone.server.flask.application
File "/var/lib/openstack/lib/python3.12/site-packages/pymysql/err.py", line 154, in raise_mysql_exception
[Mon Jul 27 20:17:57.058351 2026] [wsgi:error] [pid 12:tid 140153112655552] [remote 10.0.0.219:52556] 2026-07-27 20:17:57.044 12 ERROR keystone.server.flask.application raise errorclass(errno, errval, sqlstate=sqlstate)
[Mon Jul 27 20:17:57.058353 2026] [wsgi:error] [pid 12:tid 140153112655552] [remote 10.0.0.219:52556] 2026-07-27 20:17:57.044 12 ERROR keystone.server.flask.application pymysql.err.IntegrityError: (1062, "Duplicate entry '<>-service' for key 'project.ixu_project_name_domain_id'")
[Mon Jul 27 20:17:57.058354 2026] [wsgi:error] [pid 12:tid 140153112655552] [remote 10.0.0.219:52556] 2026-07-27 20:17:57.044 12 ERROR keystone.server.flask.application
[Mon Jul 27 20:17:57.058356 2026] [wsgi:error] [pid 12:tid 140153112655552] [remote 10.0.0.219:52556] 2026-07-27 20:17:57.044 12 ERROR keystone.server.flask.application The above exception was the direct cause of the following exception:
[Mon Jul 27 20:17:57.058357 2026] [wsgi:error] [pid 12:tid 140153112655552] [remote 10.0.0.219:52556] 2026-07-27 20:17:57.044 12 ERROR keystone.server.flask.application
[Mon Jul 27 20:17:57.058358 2026] [wsgi:error] [pid 12:tid 140153112655552] [remote 10.0.0.219:52556] 2026-07-27 20:17:57.044 12 ERROR keystone.server.flask.application
Traceback (most recent call last):
[Mon Jul 27 20:17:57.058360 2026] [wsgi:error] [pid 12:tid 140153112655552] [remote 10.0.0.219:52556] 2026-07-27 20:17:57.044 12 ERROR keystone.server.flask.application
File "/var/lib/openstack/lib/python3.12/site-packages/keystone/common/sql/core.py", line 575, in wrapper
[Mon Jul 27 20:17:57.058361 2026] [wsgi:error] [pid 12:tid 140153112655552] [remote 10.0.0.219:52556] 2026-07-27 20:17:57.044 12 ERROR keystone.server.flask.application return method(*args, **kwargs)
[Mon Jul 27 20:17:57.058362 2026] [wsgi:error] [pid 12:tid 140153112655552] [remote 10.0.0.219:52556] 2026-07-27 20:17:57.044 12 ERROR keystone.server.flask.application ^^^^^^^^^^^^^^^^^^^^^^^
[Mon Jul 27 20:17:57.058365 2026] [wsgi:error] [pid 12:tid 140153112655552] [remote 10.0.0.219:52556] 2026-07-27 20:17:57.044 12 ERROR keystone.server.flask.application
File "/var/lib/openstack/lib/python3.12/site-packages/keystone/resource/backends/sql.py", line 278, in create_project
[Mon Jul 27 20:17:57.058366 2026] [wsgi:error] [pid 12:tid 140153112655552] [remote 10.0.0.219:52556] 2026-07-27 20:17:57.044 12 ERROR keystone.server.flask.application with sql.session_for_write() as session:
[Mon Jul 27 20:17:57.058367 2026] [wsgi:error] [pid 12:tid 140153112655552] [remote 10.0.0.219:52556] 2026-07-27 20:17:57.044 12 ERROR keystone.server.flask.application
File "/usr/lib/python3.12/contextlib.py", line 144, in __exit__
[Mon Jul 27 20:17:57.058369 2026] [wsgi:error] [pid 12:tid 140153112655552] [remote 10.0.0.219:52556] 2026-07-27 20:17:57.044 12 ERROR keystone.server.flask.application next(self.gen)
[Mon Jul 27 20:17:57.058370 2026] [wsgi:error] [pid 12:tid 140153112655552] [remote 10.0.0.219:52556] 2026-07-27 20:17:57.044 12 ERROR keystone.server.flask.application
File "/var/lib/openstack/lib/python3.12/site-packages/oslo_db/sqlalchemy/enginefacade.py", line 1175, in _transaction_scope
[Mon Jul 27 20:17:57.058372 2026] [wsgi:error] [pid 12:tid 140153112655552] [remote 10.0.0.219:52556] 2026-07-27 20:17:57.044 12 ERROR keystone.server.flask.application with current._produce_block(
[Mon Jul 27 20:17:57.058373 2026] [wsgi:error] [pid 12:tid 140153112655552] [remote 10.0.0.219:52556] 2026-07-27 20:17:57.044 12 ERROR keystone.server.flask.application
File "/usr/lib/python3.12/contextlib.py", line 144, in __exit__
[Mon Jul 27 20:17:57.058374 2026] [wsgi:error] [pid 12:tid 140153112655552] [remote 10.0.0.219:52556] 2026-07-27 20:17:57.044 12 ERROR keystone.server.flask.application next(self.gen)
[Mon Jul 27 20:17:57.058376 2026] [wsgi:error] [pid 12:tid 140153112655552] [remote 10.0.0.219:52556] 2026-07-27 20:17:57.044 12 ERROR keystone.server.flask.application
File "/var/lib/openstack/lib/python3.12/site-packages/oslo_db/sqlalchemy/enginefacade.py", line 837, in _session
[Mon Jul 27 20:17:57.058377 2026] [wsgi:error] [pid 12:tid 140153112655552] [remote 10.0.0.219:52556] 2026-07-27 20:17:57.044 12 ERROR keystone.server.flask.application with excutils.save_and_reraise_exception():
[Mon Jul 27 20:17:57.058379 2026] [wsgi:error] [pid 12:tid 140153112655552] [remote 10.0.0.219:52556] 2026-07-27 20:17:57.044 12 ERROR keystone.server.flask.application
File "/var/lib/openstack/lib/python3.12/site-packages/oslo_utils/excutils.py", line 266, in __exit__
[Mon Jul 27 20:17:57.058381 2026] [wsgi:error] [pid 12:tid 140153112655552] [remote 10.0.0.219:52556] 2026-07-27 20:17:57.044 12 ERROR keystone.server.flask.application self.force_reraise()
[Mon Jul 27 20:17:57.058383 2026] [wsgi:error] [pid 12:tid 140153112655552] [remote 10.0.0.219:52556] 2026-07-27 20:17:57.044 12 ERROR keystone.server.flask.application
File "/var/lib/openstack/lib/python3.12/site-packages/oslo_utils/excutils.py", line 232, in force_reraise
[Mon Jul 27 20:17:57.058384 2026] [wsgi:error] [pid 12:tid 140153112655552] [remote 10.0.0.219:52556] 2026-07-27 20:17:57.044 12 ERROR keystone.server.flask.application raise self.value
[Mon Jul 27 20:17:57.058386 2026] [wsgi:error] [pid 12:tid 140153112655552] [remote 10.0.0.219:52556] 2026-07-27 20:17:57.044 12 ERROR keystone.server.flask.application
File "/var/lib/openstack/lib/python3.12/site-packages/oslo_db/sqlalchemy/enginefacade.py", line 835, in _session
[Mon Jul 27 20:17:57.058387 2026] [wsgi:error] [pid 12:tid 140153112655552] [remote 10.0.0.219:52556] 2026-07-27 20:17:57.044 12 ERROR keystone.server.flask.application self._end_session_transaction(self.session)
[Mon Jul 27 20:17:57.058389 2026] [wsgi:error] [pid 12:tid 140153112655552] [remote 10.0.0.219:52556] 2026-07-27 20:17:57.044 12 ERROR keystone.server.flask.application
File "/var/lib/openstack/lib/python3.12/site-packages/oslo_db/sqlalchemy/enginefacade.py", line 748, in _end_session_transaction
[Mon Jul 27 20:17:57.058391 2026] [wsgi:error] [pid 12:tid 140153112655552] [remote 10.0.0.219:52556] 2026-07-27 20:17:57.044 12 ERROR keystone.server.flask.application session.commit()
[Mon Jul 27 20:17:57.058392 2026] [wsgi:error] [pid 12:tid 140153112655552] [remote 10.0.0.219:52556] 2026-07-27 20:17:57.044 12 ERROR keystone.server.flask.application
File "/var/lib/openstack/lib/python3.12/site-packages/sqlalchemy/orm/session.py", line 2034, in commit
[Mon Jul 27 20:17:57.058394 2026] [wsgi:error] [pid 12:tid 140153112655552] [remote 10.0.0.219:52556] 2026-07-27 20:17:57.044 12 ERROR keystone.server.flask.application trans.commit(_to_root=True)
[Mon Jul 27 20:17:57.058395 2026] [wsgi:error] [pid 12:tid 140153112655552] [remote 10.0.0.219:52556] 2026-07-27 20:17:57.044 12 ERROR keystone.server.flask.application File "", line 2, in commit
[Mon Jul 27 20:17:57.058396 2026] [wsgi:error] [pid 12:tid 140153112655552] [remote 10.0.0.219:52556] 2026-07-27 20:17:57.044 12 ERROR keystone.server.flask.application
File "/var/lib/openstack/lib/python3.12/site-packages/sqlalchemy/orm/state_changes.py", line 137, in _go
[Mon Jul 27 20:17:57.058398 2026] [wsgi:error] [pid 12:tid 140153112655552] [remote 10.0.0.219:52556] 2026-07-27 20:17:57.044 12 ERROR keystone.server.flask.application ret_value = fn(self, *arg, **kw)
[Mon Jul 27 20:17:57.058399 2026] [wsgi:error] [pid 12:tid 140153112655552] [remote 10.0.0.219:52556] 2026-07-27 20:17:57.044 12 ERROR keystone.server.flask.application ^^^^^^^^^^^^^^^^^^^^
[Mon Jul 27 20:17:57.058400 2026] [wsgi:error] [pid 12:tid 140153112655552] [remote 10.0.0.219:52556] 2026-07-27 20:17:57.044 12 ERROR keystone.server.flask.application
File "/var/lib/openstack/lib/python3.12/site-packages/sqlalchemy/orm/session.py", line 1315, in commit
[Mon Jul 27 20:17:57.058402 2026] [wsgi:error] [pid 12:tid 140153112655552] [remote 10.0.0.219:52556] 2026-07-27 20:17:57.044 12 ERROR keystone.server.flask.application self._prepare_impl()
[Mon Jul 27 20:17:57.058403 2026] [wsgi:error] [pid 12:tid 140153112655552] [remote 10.0.0.219:52556] 2026-07-27 20:17:57.044 12 ERROR keystone.server.flask.application File "", line 2, in _prepare_impl
[Mon Jul 27 20:17:57.058405 2026] [wsgi:error] [pid 12:tid 140153112655552] [remote 10.0.0.219:52556] 2026-07-27 20:17:57.044 12 ERROR keystone.server.flask.application
File "/var/lib/openstack/lib/python3.12/site-packages/sqlalchemy/orm/state_changes.py", line 137, in _go
[Mon Jul 27 20:17:57.058406 2026] [wsgi:error] [pid 12:tid 140153112655552] [remote 10.0.0.219:52556] 2026-07-27 20:17:57.044 12 ERROR keystone.server.flask.application ret_value = fn(self, *arg, **kw)
[Mon Jul 27 20:17:57.058407 2026] [wsgi:error] [pid 12:tid 140153112655552] [remote 10.0.0.219:52556] 2026-07-27 20:17:57.044 12 ERROR keystone.server.flask.application ^^^^^^^^^^^^^^^^^^^^
[Mon Jul 27 20:17:57.058409 2026] [wsgi:error] [pid 12:tid 140153112655552] [remote 10.0.0.219:52556] 2026-07-27 20:17:57.044 12 ERROR keystone.server.flask.application
File "/var/lib/openstack/lib/python3.12/site-packages/sqlalchemy/orm/session.py", line 1290, in _prepare_impl
[Mon Jul 27 20:17:57.058422 2026] [wsgi:error] [pid 12:tid 140153112655552] [remote 10.0.0.219:52556] 2026-07-27 20:17:57.044 12 ERROR keystone.server.flask.application self.session.flush()
[Mon Jul 27 20:17:57.058424 2026] [wsgi:error] [pid 12:tid 140153112655552] [remote 10.0.0.219:52556] 2026-07-27 20:17:57.044 12 ERROR keystone.server.flask.application
File "/var/lib/openstack/lib/python3.12/site-packages/sqlalchemy/orm/session.py", line 4352, in flush
[Mon Jul 27 20:17:57.058426 2026] [wsgi:error] [pid 12:tid 140153112655552] [remote 10.0.0.219:52556] 2026-07-27 20:17:57.044 12 ERROR keystone.server.flask.application self._flush(objects)
[Mon Jul 27 20:17:57.058427 2026] [wsgi:error] [pid 12:tid 140153112655552] [remote 10.0.0.219:52556] 2026-07-27 20:17:57.044 12 ERROR keystone.server.flask.application
File "/var/lib/openstack/lib/python3.12/site-packages/sqlalchemy/orm/session.py", line 4487, in _flush
[Mon Jul 27 20:17:57.058429 2026] [wsgi:error] [pid 12:tid 140153112655552] [remote 10.0.0.219:52556] 2026-07-27 20:17:57.044 12 ERROR keystone.server.flask.application with util.safe_reraise():
[Mon Jul 27 20:17:57.058430 2026] [wsgi:error] [pid 12:tid 140153112655552] [remote 10.0.0.219:52556] 2026-07-27 20:17:57.044 12 ERROR keystone.server.flask.application
File "/var/lib/openstack/lib/python3.12/site-packages/sqlalchemy/util/langhelpers.py", line 122, in __exit__
[Mon Jul 27 20:17:57.058432 2026] [wsgi:error] [pid 12:tid 140153112655552] [remote 10.0.0.219:52556] 2026-07-27 20:17:57.044 12 ERROR keystone.server.flask.application raise exc_value.with_traceback(exc_tb)
[Mon Jul 27 20:17:57.058433 2026] [wsgi:error] [pid 12:tid 140153112655552] [remote 10.0.0.219:52556] 2026-07-27 20:17:57.044 12 ERROR keystone.server.flask.application
File "/var/lib/openstack/lib/python3.12/site-packages/sqlalchemy/orm/session.py", line 4448, in _flush
[Mon Jul 27 20:17:57.058435 2026] [wsgi:error] [pid 12:tid 140153112655552] [remote 10.0.0.219:52556] 2026-07-27 20:17:57.044 12 ERROR keystone.server.flask.application flush_context.execute()
[Mon Jul 27 20:17:57.058437 2026] [wsgi:error] [pid 12:tid 140153112655552] [remote 10.0.0.219:52556] 2026-07-27 20:17:57.044 12 ERROR keystone.server.flask.application
