May 20 01:49:15.598751 np0000175157 systemd[1]: Starting devstack@n-api-meta.service - Devstack devstack@n-api-meta.service...
May 20 01:49:15.606838 np0000175157 devstack@n-api-meta.service[108144]: [uWSGI] getting INI configuration from /etc/nova/nova-metadata-uwsgi.ini
May 20 01:49:15.610608 np0000175157 devstack@n-api-meta.service[108144]: *** Starting uWSGI 2.0.24-debian (64bit) on [Wed May 20 01:49:15 2026] ***
May 20 01:49:15.610608 np0000175157 devstack@n-api-meta.service[108144]: compiled with version: 13.2.0 on 17 April 2024 16:23:48
May 20 01:49:15.610608 np0000175157 devstack@n-api-meta.service[108144]: os: Linux-6.8.0-111-generic #111-Ubuntu SMP PREEMPT_DYNAMIC Sat Apr 11 23:16:02 UTC 2026
May 20 01:49:15.610608 np0000175157 devstack@n-api-meta.service[108144]: nodename: np0000175157
May 20 01:49:15.610608 np0000175157 devstack@n-api-meta.service[108144]: machine: x86_64
May 20 01:49:15.610608 np0000175157 devstack@n-api-meta.service[108144]: clock source: unix
May 20 01:49:15.610608 np0000175157 devstack@n-api-meta.service[108144]: pcre jit disabled
May 20 01:49:15.610608 np0000175157 devstack@n-api-meta.service[108144]: detected number of CPU cores: 16
May 20 01:49:15.610608 np0000175157 devstack@n-api-meta.service[108144]: current working directory: /
May 20 01:49:15.610608 np0000175157 devstack@n-api-meta.service[108144]: detected binary path: /usr/bin/uwsgi-core
May 20 01:49:15.610608 np0000175157 devstack@n-api-meta.service[108144]: your processes number limit is 256917
May 20 01:49:15.610608 np0000175157 devstack@n-api-meta.service[108144]: your memory page size is 4096 bytes
May 20 01:49:15.610608 np0000175157 devstack@n-api-meta.service[108144]: detected max file descriptor number: 2048
May 20 01:49:15.610608 np0000175157 devstack@n-api-meta.service[108144]: lock engine: pthread robust mutexes
May 20 01:49:15.611453 np0000175157 devstack@n-api-meta.service[108144]: thunder lock: enabled
May 20 01:49:15.611581 np0000175157 devstack@n-api-meta.service[108144]: uWSGI http bound on 0.0.0.0:8775 fd 5
May 20 01:49:15.611581 np0000175157 devstack@n-api-meta.service[108144]: uwsgi socket 0 bound to TCP address 127.0.0.1:45171 (port auto-assigned) fd 4
May 20 01:49:15.611720 np0000175157 devstack@n-api-meta.service[108144]: Python version: 3.12.3 (main, Mar 23 2026, 19:04:32) [GCC 13.3.0]
May 20 01:49:15.611720 np0000175157 devstack@n-api-meta.service[108144]: PEP 405 virtualenv detected: /opt/stack/data/venv
May 20 01:49:15.611720 np0000175157 devstack@n-api-meta.service[108144]: Set PythonHome to /opt/stack/data/venv
May 20 01:49:15.648409 np0000175157 devstack@n-api-meta.service[108144]: Python main interpreter initialized at 0x7e98cf0a3668
May 20 01:49:15.648409 np0000175157 devstack@n-api-meta.service[108144]: python threads support enabled
May 20 01:49:15.648409 np0000175157 devstack@n-api-meta.service[108144]: your server socket listen backlog is limited to 100 connections
May 20 01:49:15.648409 np0000175157 devstack@n-api-meta.service[108144]: your mercy for graceful operations on workers is 80 seconds
May 20 01:49:15.649155 np0000175157 devstack@n-api-meta.service[108144]: mapped 671795 bytes (656 KB) for 4 cores
May 20 01:49:15.649371 np0000175157 devstack@n-api-meta.service[108144]: *** Operational MODE: preforking ***
May 20 01:49:15.649582 np0000175157 devstack@n-api-meta.service[108144]: *** uWSGI is running in multiple interpreter mode ***
May 20 01:49:15.649582 np0000175157 devstack@n-api-meta.service[108144]: spawned uWSGI master process (pid: 108144)
May 20 01:49:15.649732 np0000175157 systemd[1]: Started devstack@n-api-meta.service - Devstack devstack@n-api-meta.service.
May 20 01:49:15.650511 np0000175157 devstack@n-api-meta.service[108144]: spawned uWSGI worker 1 (pid: 108145, cores: 1)
May 20 01:49:15.651320 np0000175157 devstack@n-api-meta.service[108144]: spawned uWSGI worker 2 (pid: 108146, cores: 1)
May 20 01:49:15.651994 np0000175157 devstack@n-api-meta.service[108144]: spawned uWSGI worker 3 (pid: 108147, cores: 1)
May 20 01:49:15.652685 np0000175157 devstack@n-api-meta.service[108144]: spawned uWSGI worker 4 (pid: 108148, cores: 1)
May 20 01:49:15.653431 np0000175157 devstack@n-api-meta.service[108144]: spawned uWSGI http 1 (pid: 108149)
May 20 01:49:15.653507 np0000175157 devstack@n-api-meta.service[108144]: running "unix_signal:15 gracefully_kill_them_all" (master-start)...
May 20 01:49:17.337918 np0000175157 devstack@n-api-meta.service[108146]: INFO dbcounter [None req-075e76e1-2101-4d87-aeda-cb93fa9deb96 None None] Registered counter for database nova_api
May 20 01:49:17.351689 np0000175157 devstack@n-api-meta.service[108146]: DEBUG oslo_db.sqlalchemy.engines [None req-075e76e1-2101-4d87-aeda-cb93fa9deb96 None None] MySQL server mode set to STRICT_TRANS_TABLES,STRICT_ALL_TABLES,NO_ZERO_IN_DATE,NO_ZERO_DATE,ERROR_FOR_DIVISION_BY_ZERO,TRADITIONAL,NO_ENGINE_SUBSTITUTION {{(pid=108146) _check_effective_sql_mode /opt/stack/data/venv/lib/python3.12/site-packages/oslo_db/sqlalchemy/engines.py:325}}
May 20 01:49:17.383884 np0000175157 devstack@n-api-meta.service[108146]: DEBUG dbcounter [-] [108146] Writer thread running {{(pid=108146) stat_writer /opt/stack/data/venv/lib/python3.12/site-packages/dbcounter.py:102}}
May 20 01:49:17.385564 np0000175157 devstack@n-api-meta.service[108147]: INFO dbcounter [None req-e02dd9ac-600f-49d1-a522-aca02a1a3523 None None] Registered counter for database nova_api
May 20 01:49:17.386093 np0000175157 devstack@n-api-meta.service[108146]: DEBUG nova.context [None req-075e76e1-2101-4d87-aeda-cb93fa9deb96 None None] Found 2 cells: 00000000-0000-0000-0000-000000000000(cell0),950cc779-66d5-4582-b011-d72deb7b4909(cell1) {{(pid=108146) load_cells /opt/stack/nova/nova/context.py:509}}
May 20 01:49:17.386093 np0000175157 devstack@n-api-meta.service[108146]: INFO nova.utils [None req-075e76e1-2101-4d87-aeda-cb93fa9deb96 None None] The cell worker thread pool MainProcess.cell_worker is initialized
May 20 01:49:17.387801 np0000175157 devstack@n-api-meta.service[108146]: DEBUG oslo_concurrency.lockutils [None req-075e76e1-2101-4d87-aeda-cb93fa9deb96 None None] Acquiring lock "00000000-0000-0000-0000-000000000000" by "nova.context.set_target_cell..get_or_set_cached_cell_and_set_connections" {{(pid=108146) inner /opt/stack/data/venv/lib/python3.12/site-packages/oslo_concurrency/lockutils.py:511}}
May 20 01:49:17.387943 np0000175157 devstack@n-api-meta.service[108146]: DEBUG oslo_concurrency.lockutils [None req-075e76e1-2101-4d87-aeda-cb93fa9deb96 None None] Lock "00000000-0000-0000-0000-000000000000" acquired by "nova.context.set_target_cell..get_or_set_cached_cell_and_set_connections" :: waited 0.000s {{(pid=108146) inner /opt/stack/data/venv/lib/python3.12/site-packages/oslo_concurrency/lockutils.py:524}}
May 20 01:49:17.388300 np0000175157 devstack@n-api-meta.service[108146]: DEBUG oslo_concurrency.lockutils [None req-075e76e1-2101-4d87-aeda-cb93fa9deb96 None None] Lock "00000000-0000-0000-0000-000000000000" "released" by "nova.context.set_target_cell..get_or_set_cached_cell_and_set_connections" :: held 0.000s {{(pid=108146) inner /opt/stack/data/venv/lib/python3.12/site-packages/oslo_concurrency/lockutils.py:543}}
May 20 01:49:17.389274 np0000175157 devstack@n-api-meta.service[108146]: DEBUG oslo_concurrency.lockutils [None req-075e76e1-2101-4d87-aeda-cb93fa9deb96 None None] Acquiring lock "950cc779-66d5-4582-b011-d72deb7b4909" by "nova.context.set_target_cell..get_or_set_cached_cell_and_set_connections" {{(pid=108146) inner /opt/stack/data/venv/lib/python3.12/site-packages/oslo_concurrency/lockutils.py:511}}
May 20 01:49:17.389274 np0000175157 devstack@n-api-meta.service[108146]: DEBUG oslo_concurrency.lockutils [None req-075e76e1-2101-4d87-aeda-cb93fa9deb96 None None] Lock "950cc779-66d5-4582-b011-d72deb7b4909" acquired by "nova.context.set_target_cell..get_or_set_cached_cell_and_set_connections" :: waited 0.000s {{(pid=108146) inner /opt/stack/data/venv/lib/python3.12/site-packages/oslo_concurrency/lockutils.py:524}}
May 20 01:49:17.389923 np0000175157 devstack@n-api-meta.service[108146]: DEBUG oslo_concurrency.lockutils [None req-075e76e1-2101-4d87-aeda-cb93fa9deb96 None None] Lock "950cc779-66d5-4582-b011-d72deb7b4909" "released" by "nova.context.set_target_cell..get_or_set_cached_cell_and_set_connections" :: held 0.001s {{(pid=108146) inner /opt/stack/data/venv/lib/python3.12/site-packages/oslo_concurrency/lockutils.py:543}}
May 20 01:49:17.392834 np0000175157 devstack@n-api-meta.service[108146]: INFO dbcounter [None req-075e76e1-2101-4d87-aeda-cb93fa9deb96 None None] Registered counter for database nova_cell0
May 20 01:49:17.399293 np0000175157 devstack@n-api-meta.service[108146]: INFO dbcounter [None req-075e76e1-2101-4d87-aeda-cb93fa9deb96 None None] Registered counter for database nova_cell1
May 20 01:49:17.400482 np0000175157 devstack@n-api-meta.service[108147]: DEBUG oslo_db.sqlalchemy.engines [None req-e02dd9ac-600f-49d1-a522-aca02a1a3523 None None] MySQL server mode set to STRICT_TRANS_TABLES,STRICT_ALL_TABLES,NO_ZERO_IN_DATE,NO_ZERO_DATE,ERROR_FOR_DIVISION_BY_ZERO,TRADITIONAL,NO_ENGINE_SUBSTITUTION {{(pid=108147) _check_effective_sql_mode /opt/stack/data/venv/lib/python3.12/site-packages/oslo_db/sqlalchemy/engines.py:325}}
May 20 01:49:17.408885 np0000175157 devstack@n-api-meta.service[108146]: DEBUG oslo_db.sqlalchemy.engines [None req-075e76e1-2101-4d87-aeda-cb93fa9deb96 None None] MySQL server mode set to STRICT_TRANS_TABLES,STRICT_ALL_TABLES,NO_ZERO_IN_DATE,NO_ZERO_DATE,ERROR_FOR_DIVISION_BY_ZERO,TRADITIONAL,NO_ENGINE_SUBSTITUTION {{(pid=108146) _check_effective_sql_mode /opt/stack/data/venv/lib/python3.12/site-packages/oslo_db/sqlalchemy/engines.py:325}}
May 20 01:49:17.420525 np0000175157 devstack@n-api-meta.service[108146]: DEBUG oslo_db.sqlalchemy.engines [None req-075e76e1-2101-4d87-aeda-cb93fa9deb96 None None] MySQL server mode set to STRICT_TRANS_TABLES,STRICT_ALL_TABLES,NO_ZERO_IN_DATE,NO_ZERO_DATE,ERROR_FOR_DIVISION_BY_ZERO,TRADITIONAL,NO_ENGINE_SUBSTITUTION {{(pid=108146) _check_effective_sql_mode /opt/stack/data/venv/lib/python3.12/site-packages/oslo_db/sqlalchemy/engines.py:325}}
May 20 01:49:17.427728 np0000175157 devstack@n-api-meta.service[108145]: INFO dbcounter [None req-a210e853-5a99-4763-8e2d-b1b881fb6ebc None None] Registered counter for database nova_api
May 20 01:49:17.435684 np0000175157 devstack@n-api-meta.service[108147]: DEBUG dbcounter [-] [108147] Writer thread running {{(pid=108147) stat_writer /opt/stack/data/venv/lib/python3.12/site-packages/dbcounter.py:102}}
May 20 01:49:17.437684 np0000175157 devstack@n-api-meta.service[108148]: INFO dbcounter [None req-e102ac29-6ff2-4fa8-afa5-8063e2809bf5 None None] Registered counter for database nova_api
May 20 01:49:17.439606 np0000175157 devstack@n-api-meta.service[108147]: DEBUG nova.context [None req-e02dd9ac-600f-49d1-a522-aca02a1a3523 None None] Found 2 cells: 00000000-0000-0000-0000-000000000000(cell0),950cc779-66d5-4582-b011-d72deb7b4909(cell1) {{(pid=108147) load_cells /opt/stack/nova/nova/context.py:509}}
May 20 01:49:17.439899 np0000175157 devstack@n-api-meta.service[108147]: INFO nova.utils [None req-e02dd9ac-600f-49d1-a522-aca02a1a3523 None None] The cell worker thread pool MainProcess.cell_worker is initialized
May 20 01:49:17.442200 np0000175157 devstack@n-api-meta.service[108147]: DEBUG oslo_concurrency.lockutils [None req-e02dd9ac-600f-49d1-a522-aca02a1a3523 None None] Acquiring lock "00000000-0000-0000-0000-000000000000" by "nova.context.set_target_cell..get_or_set_cached_cell_and_set_connections" {{(pid=108147) inner /opt/stack/data/venv/lib/python3.12/site-packages/oslo_concurrency/lockutils.py:511}}
May 20 01:49:17.442441 np0000175157 devstack@n-api-meta.service[108147]: DEBUG oslo_concurrency.lockutils [None req-e02dd9ac-600f-49d1-a522-aca02a1a3523 None None] Lock "00000000-0000-0000-0000-000000000000" acquired by "nova.context.set_target_cell..get_or_set_cached_cell_and_set_connections" :: waited 0.000s {{(pid=108147) inner /opt/stack/data/venv/lib/python3.12/site-packages/oslo_concurrency/lockutils.py:524}}
May 20 01:49:17.442908 np0000175157 devstack@n-api-meta.service[108147]: DEBUG oslo_concurrency.lockutils [None req-e02dd9ac-600f-49d1-a522-aca02a1a3523 None None] Lock "00000000-0000-0000-0000-000000000000" "released" by "nova.context.set_target_cell..get_or_set_cached_cell_and_set_connections" :: held 0.000s {{(pid=108147) inner /opt/stack/data/venv/lib/python3.12/site-packages/oslo_concurrency/lockutils.py:543}}
May 20 01:49:17.443243 np0000175157 devstack@n-api-meta.service[108145]: DEBUG oslo_db.sqlalchemy.engines [None req-a210e853-5a99-4763-8e2d-b1b881fb6ebc None None] MySQL server mode set to STRICT_TRANS_TABLES,STRICT_ALL_TABLES,NO_ZERO_IN_DATE,NO_ZERO_DATE,ERROR_FOR_DIVISION_BY_ZERO,TRADITIONAL,NO_ENGINE_SUBSTITUTION {{(pid=108145) _check_effective_sql_mode /opt/stack/data/venv/lib/python3.12/site-packages/oslo_db/sqlalchemy/engines.py:325}}
May 20 01:49:17.443751 np0000175157 devstack@n-api-meta.service[108147]: DEBUG oslo_concurrency.lockutils [None req-e02dd9ac-600f-49d1-a522-aca02a1a3523 None None] Acquiring lock "950cc779-66d5-4582-b011-d72deb7b4909" by "nova.context.set_target_cell..get_or_set_cached_cell_and_set_connections" {{(pid=108147) inner /opt/stack/data/venv/lib/python3.12/site-packages/oslo_concurrency/lockutils.py:511}}
May 20 01:49:17.443943 np0000175157 devstack@n-api-meta.service[108147]: DEBUG oslo_concurrency.lockutils [None req-e02dd9ac-600f-49d1-a522-aca02a1a3523 None None] Lock "950cc779-66d5-4582-b011-d72deb7b4909" acquired by "nova.context.set_target_cell..get_or_set_cached_cell_and_set_connections" :: waited 0.000s {{(pid=108147) inner /opt/stack/data/venv/lib/python3.12/site-packages/oslo_concurrency/lockutils.py:524}}
May 20 01:49:17.445047 np0000175157 devstack@n-api-meta.service[108147]: DEBUG oslo_concurrency.lockutils [None req-e02dd9ac-600f-49d1-a522-aca02a1a3523 None None] Lock "950cc779-66d5-4582-b011-d72deb7b4909" "released" by "nova.context.set_target_cell..get_or_set_cached_cell_and_set_connections" :: held 0.001s {{(pid=108147) inner /opt/stack/data/venv/lib/python3.12/site-packages/oslo_concurrency/lockutils.py:543}}
May 20 01:49:17.448061 np0000175157 devstack@n-api-meta.service[108147]: INFO dbcounter [None req-e02dd9ac-600f-49d1-a522-aca02a1a3523 None None] Registered counter for database nova_cell0
May 20 01:49:17.452778 np0000175157 devstack@n-api-meta.service[108147]: INFO dbcounter [None req-e02dd9ac-600f-49d1-a522-aca02a1a3523 None None] Registered counter for database nova_cell1
May 20 01:49:17.454256 np0000175157 devstack@n-api-meta.service[108148]: DEBUG oslo_db.sqlalchemy.engines [None req-e102ac29-6ff2-4fa8-afa5-8063e2809bf5 None None] MySQL server mode set to STRICT_TRANS_TABLES,STRICT_ALL_TABLES,NO_ZERO_IN_DATE,NO_ZERO_DATE,ERROR_FOR_DIVISION_BY_ZERO,TRADITIONAL,NO_ENGINE_SUBSTITUTION {{(pid=108148) _check_effective_sql_mode /opt/stack/data/venv/lib/python3.12/site-packages/oslo_db/sqlalchemy/engines.py:325}}
May 20 01:49:17.462404 np0000175157 devstack@n-api-meta.service[108147]: DEBUG oslo_db.sqlalchemy.engines [None req-e02dd9ac-600f-49d1-a522-aca02a1a3523 None None] MySQL server mode set to STRICT_TRANS_TABLES,STRICT_ALL_TABLES,NO_ZERO_IN_DATE,NO_ZERO_DATE,ERROR_FOR_DIVISION_BY_ZERO,TRADITIONAL,NO_ENGINE_SUBSTITUTION {{(pid=108147) _check_effective_sql_mode /opt/stack/data/venv/lib/python3.12/site-packages/oslo_db/sqlalchemy/engines.py:325}}
May 20 01:49:17.475168 np0000175157 devstack@n-api-meta.service[108147]: DEBUG oslo_db.sqlalchemy.engines [None req-e02dd9ac-600f-49d1-a522-aca02a1a3523 None None] MySQL server mode set to STRICT_TRANS_TABLES,STRICT_ALL_TABLES,NO_ZERO_IN_DATE,NO_ZERO_DATE,ERROR_FOR_DIVISION_BY_ZERO,TRADITIONAL,NO_ENGINE_SUBSTITUTION {{(pid=108147) _check_effective_sql_mode /opt/stack/data/venv/lib/python3.12/site-packages/oslo_db/sqlalchemy/engines.py:325}}
May 20 01:49:17.478472 np0000175157 devstack@n-api-meta.service[108145]: DEBUG dbcounter [-] [108145] Writer thread running {{(pid=108145) stat_writer /opt/stack/data/venv/lib/python3.12/site-packages/dbcounter.py:102}}
May 20 01:49:17.480985 np0000175157 devstack@n-api-meta.service[108145]: DEBUG nova.context [None req-a210e853-5a99-4763-8e2d-b1b881fb6ebc None None] Found 2 cells: 00000000-0000-0000-0000-000000000000(cell0),950cc779-66d5-4582-b011-d72deb7b4909(cell1) {{(pid=108145) load_cells /opt/stack/nova/nova/context.py:509}}
May 20 01:49:17.481210 np0000175157 devstack@n-api-meta.service[108145]: INFO nova.utils [None req-a210e853-5a99-4763-8e2d-b1b881fb6ebc None None] The cell worker thread pool MainProcess.cell_worker is initialized
May 20 01:49:17.482998 np0000175157 devstack@n-api-meta.service[108145]: DEBUG oslo_concurrency.lockutils [None req-a210e853-5a99-4763-8e2d-b1b881fb6ebc None None] Acquiring lock "00000000-0000-0000-0000-000000000000" by "nova.context.set_target_cell..get_or_set_cached_cell_and_set_connections" {{(pid=108145) inner /opt/stack/data/venv/lib/python3.12/site-packages/oslo_concurrency/lockutils.py:511}}
May 20 01:49:17.483169 np0000175157 devstack@n-api-meta.service[108145]: DEBUG oslo_concurrency.lockutils [None req-a210e853-5a99-4763-8e2d-b1b881fb6ebc None None] Lock "00000000-0000-0000-0000-000000000000" acquired by "nova.context.set_target_cell..get_or_set_cached_cell_and_set_connections" :: waited 0.000s {{(pid=108145) inner /opt/stack/data/venv/lib/python3.12/site-packages/oslo_concurrency/lockutils.py:524}}
May 20 01:49:17.483539 np0000175157 devstack@n-api-meta.service[108145]: DEBUG oslo_concurrency.lockutils [None req-a210e853-5a99-4763-8e2d-b1b881fb6ebc None None] Lock "00000000-0000-0000-0000-000000000000" "released" by "nova.context.set_target_cell..get_or_set_cached_cell_and_set_connections" :: held 0.000s {{(pid=108145) inner /opt/stack/data/venv/lib/python3.12/site-packages/oslo_concurrency/lockutils.py:543}}
May 20 01:49:17.484120 np0000175157 devstack@n-api-meta.service[108145]: DEBUG oslo_concurrency.lockutils [None req-a210e853-5a99-4763-8e2d-b1b881fb6ebc None None] Acquiring lock "950cc779-66d5-4582-b011-d72deb7b4909" by "nova.context.set_target_cell..get_or_set_cached_cell_and_set_connections" {{(pid=108145) inner /opt/stack/data/venv/lib/python3.12/site-packages/oslo_concurrency/lockutils.py:511}}
May 20 01:49:17.486011 np0000175157 devstack@n-api-meta.service[108145]: INFO dbcounter [None req-a210e853-5a99-4763-8e2d-b1b881fb6ebc None None] Registered counter for database nova_cell0
May 20 01:49:17.487393 np0000175157 devstack@n-api-meta.service[108145]: DEBUG oslo_concurrency.lockutils [None req-a210e853-5a99-4763-8e2d-b1b881fb6ebc None None] Lock "950cc779-66d5-4582-b011-d72deb7b4909" acquired by "nova.context.set_target_cell..get_or_set_cached_cell_and_set_connections" :: waited 0.002s {{(pid=108145) inner /opt/stack/data/venv/lib/python3.12/site-packages/oslo_concurrency/lockutils.py:524}}
May 20 01:49:17.488457 np0000175157 devstack@n-api-meta.service[108145]: DEBUG oslo_concurrency.lockutils [None req-a210e853-5a99-4763-8e2d-b1b881fb6ebc None None] Lock "950cc779-66d5-4582-b011-d72deb7b4909" "released" by "nova.context.set_target_cell..get_or_set_cached_cell_and_set_connections" :: held 0.003s {{(pid=108145) inner /opt/stack/data/venv/lib/python3.12/site-packages/oslo_concurrency/lockutils.py:543}}
May 20 01:49:17.490327 np0000175157 devstack@n-api-meta.service[108148]: DEBUG dbcounter [-] [108148] Writer thread running {{(pid=108148) stat_writer /opt/stack/data/venv/lib/python3.12/site-packages/dbcounter.py:102}}
May 20 01:49:17.490879 np0000175157 devstack@n-api-meta.service[108145]: INFO dbcounter [None req-a210e853-5a99-4763-8e2d-b1b881fb6ebc None None] Registered counter for database nova_cell1
May 20 01:49:17.492654 np0000175157 devstack@n-api-meta.service[108148]: DEBUG nova.context [None req-e102ac29-6ff2-4fa8-afa5-8063e2809bf5 None None] Found 2 cells: 00000000-0000-0000-0000-000000000000(cell0),950cc779-66d5-4582-b011-d72deb7b4909(cell1) {{(pid=108148) load_cells /opt/stack/nova/nova/context.py:509}}
May 20 01:49:17.492862 np0000175157 devstack@n-api-meta.service[108148]: INFO nova.utils [None req-e102ac29-6ff2-4fa8-afa5-8063e2809bf5 None None] The cell worker thread pool MainProcess.cell_worker is initialized
May 20 01:49:17.494596 np0000175157 devstack@n-api-meta.service[108148]: DEBUG oslo_concurrency.lockutils [None req-e102ac29-6ff2-4fa8-afa5-8063e2809bf5 None None] Acquiring lock "00000000-0000-0000-0000-000000000000" by "nova.context.set_target_cell..get_or_set_cached_cell_and_set_connections" {{(pid=108148) inner /opt/stack/data/venv/lib/python3.12/site-packages/oslo_concurrency/lockutils.py:511}}
May 20 01:49:17.494753 np0000175157 devstack@n-api-meta.service[108148]: DEBUG oslo_concurrency.lockutils [None req-e102ac29-6ff2-4fa8-afa5-8063e2809bf5 None None] Lock "00000000-0000-0000-0000-000000000000" acquired by "nova.context.set_target_cell..get_or_set_cached_cell_and_set_connections" :: waited 0.000s {{(pid=108148) inner /opt/stack/data/venv/lib/python3.12/site-packages/oslo_concurrency/lockutils.py:524}}
May 20 01:49:17.495099 np0000175157 devstack@n-api-meta.service[108148]: DEBUG oslo_concurrency.lockutils [None req-e102ac29-6ff2-4fa8-afa5-8063e2809bf5 None None] Lock "00000000-0000-0000-0000-000000000000" "released" by "nova.context.set_target_cell..get_or_set_cached_cell_and_set_connections" :: held 0.000s {{(pid=108148) inner /opt/stack/data/venv/lib/python3.12/site-packages/oslo_concurrency/lockutils.py:543}}
May 20 01:49:17.495824 np0000175157 devstack@n-api-meta.service[108148]: DEBUG oslo_concurrency.lockutils [None req-e102ac29-6ff2-4fa8-afa5-8063e2809bf5 None None] Acquiring lock "950cc779-66d5-4582-b011-d72deb7b4909" by "nova.context.set_target_cell..get_or_set_cached_cell_and_set_connections" {{(pid=108148) inner /opt/stack/data/venv/lib/python3.12/site-packages/oslo_concurrency/lockutils.py:511}}
May 20 01:49:17.495964 np0000175157 devstack@n-api-meta.service[108148]: DEBUG oslo_concurrency.lockutils [None req-e102ac29-6ff2-4fa8-afa5-8063e2809bf5 None None] Lock "950cc779-66d5-4582-b011-d72deb7b4909" acquired by "nova.context.set_target_cell..get_or_set_cached_cell_and_set_connections" :: waited 0.000s {{(pid=108148) inner /opt/stack/data/venv/lib/python3.12/site-packages/oslo_concurrency/lockutils.py:524}}
May 20 01:49:17.496787 np0000175157 devstack@n-api-meta.service[108148]: DEBUG oslo_concurrency.lockutils [None req-e102ac29-6ff2-4fa8-afa5-8063e2809bf5 None None] Lock "950cc779-66d5-4582-b011-d72deb7b4909" "released" by "nova.context.set_target_cell..get_or_set_cached_cell_and_set_connections" :: held 0.001s {{(pid=108148) inner /opt/stack/data/venv/lib/python3.12/site-packages/oslo_concurrency/lockutils.py:543}}
May 20 01:49:17.500271 np0000175157 devstack@n-api-meta.service[108145]: DEBUG oslo_db.sqlalchemy.engines [None req-a210e853-5a99-4763-8e2d-b1b881fb6ebc None None] MySQL server mode set to STRICT_TRANS_TABLES,STRICT_ALL_TABLES,NO_ZERO_IN_DATE,NO_ZERO_DATE,ERROR_FOR_DIVISION_BY_ZERO,TRADITIONAL,NO_ENGINE_SUBSTITUTION {{(pid=108145) _check_effective_sql_mode /opt/stack/data/venv/lib/python3.12/site-packages/oslo_db/sqlalchemy/engines.py:325}}
May 20 01:49:17.500372 np0000175157 devstack@n-api-meta.service[108148]: INFO dbcounter [None req-e102ac29-6ff2-4fa8-afa5-8063e2809bf5 None None] Registered counter for database nova_cell0
May 20 01:49:17.500548 np0000175157 devstack@n-api-meta.service[108146]: DEBUG dbcounter [-] [108146] Writer thread running {{(pid=108146) stat_writer /opt/stack/data/venv/lib/python3.12/site-packages/dbcounter.py:102}}
May 20 01:49:17.503669 np0000175157 devstack@n-api-meta.service[108145]: DEBUG oslo_db.sqlalchemy.engines [None req-a210e853-5a99-4763-8e2d-b1b881fb6ebc None None] MySQL server mode set to STRICT_TRANS_TABLES,STRICT_ALL_TABLES,NO_ZERO_IN_DATE,NO_ZERO_DATE,ERROR_FOR_DIVISION_BY_ZERO,TRADITIONAL,NO_ENGINE_SUBSTITUTION {{(pid=108145) _check_effective_sql_mode /opt/stack/data/venv/lib/python3.12/site-packages/oslo_db/sqlalchemy/engines.py:325}}
May 20 01:49:17.508255 np0000175157 devstack@n-api-meta.service[108148]: INFO dbcounter [None req-e102ac29-6ff2-4fa8-afa5-8063e2809bf5 None None] Registered counter for database nova_cell1
May 20 01:49:17.508347 np0000175157 devstack@n-api-meta.service[108146]: DEBUG dbcounter [-] [108146] Writer thread running {{(pid=108146) stat_writer /opt/stack/data/venv/lib/python3.12/site-packages/dbcounter.py:102}}
May 20 01:49:17.512282 np0000175157 devstack@n-api-meta.service[108146]: INFO dbcounter [None req-075e76e1-2101-4d87-aeda-cb93fa9deb96 None None] Registered counter for database nova_cell0
May 20 01:49:17.516302 np0000175157 devstack@n-api-meta.service[108148]: DEBUG oslo_db.sqlalchemy.engines [None req-e102ac29-6ff2-4fa8-afa5-8063e2809bf5 None None] MySQL server mode set to STRICT_TRANS_TABLES,STRICT_ALL_TABLES,NO_ZERO_IN_DATE,NO_ZERO_DATE,ERROR_FOR_DIVISION_BY_ZERO,TRADITIONAL,NO_ENGINE_SUBSTITUTION {{(pid=108148) _check_effective_sql_mode /opt/stack/data/venv/lib/python3.12/site-packages/oslo_db/sqlalchemy/engines.py:325}}
May 20 01:49:17.520104 np0000175157 devstack@n-api-meta.service[108146]: DEBUG oslo_db.sqlalchemy.engines [None req-075e76e1-2101-4d87-aeda-cb93fa9deb96 None None] MySQL server mode set to STRICT_TRANS_TABLES,STRICT_ALL_TABLES,NO_ZERO_IN_DATE,NO_ZERO_DATE,ERROR_FOR_DIVISION_BY_ZERO,TRADITIONAL,NO_ENGINE_SUBSTITUTION {{(pid=108146) _check_effective_sql_mode /opt/stack/data/venv/lib/python3.12/site-packages/oslo_db/sqlalchemy/engines.py:325}}
May 20 01:49:17.527339 np0000175157 devstack@n-api-meta.service[108146]: DEBUG dbcounter [-] [108146] Writer thread running {{(pid=108146) stat_writer /opt/stack/data/venv/lib/python3.12/site-packages/dbcounter.py:102}}
May 20 01:49:17.540891 np0000175157 devstack@n-api-meta.service[108148]: DEBUG oslo_db.sqlalchemy.engines [None req-e102ac29-6ff2-4fa8-afa5-8063e2809bf5 None None] MySQL server mode set to STRICT_TRANS_TABLES,STRICT_ALL_TABLES,NO_ZERO_IN_DATE,NO_ZERO_DATE,ERROR_FOR_DIVISION_BY_ZERO,TRADITIONAL,NO_ENGINE_SUBSTITUTION {{(pid=108148) _check_effective_sql_mode /opt/stack/data/venv/lib/python3.12/site-packages/oslo_db/sqlalchemy/engines.py:325}}
May 20 01:49:17.559072 np0000175157 devstack@n-api-meta.service[108147]: DEBUG dbcounter [-] [108147] Writer thread running {{(pid=108147) stat_writer /opt/stack/data/venv/lib/python3.12/site-packages/dbcounter.py:102}}
May 20 01:49:17.559631 np0000175157 devstack@n-api-meta.service[108147]: DEBUG dbcounter [-] [108147] Writer thread running {{(pid=108147) stat_writer /opt/stack/data/venv/lib/python3.12/site-packages/dbcounter.py:102}}
May 20 01:49:17.564975 np0000175157 devstack@n-api-meta.service[108147]: INFO dbcounter [None req-e02dd9ac-600f-49d1-a522-aca02a1a3523 None None] Registered counter for database nova_cell0
May 20 01:49:17.570623 np0000175157 devstack@n-api-meta.service[108146]: WARNING nova.api.metadata.handler [None req-075e76e1-2101-4d87-aeda-cb93fa9deb96 None None] metadata_proxy_shared_secret is not configured, the metadata information returned by the proxy cannot be trusted
May 20 01:49:17.572914 np0000175157 devstack@n-api-meta.service[108146]: DEBUG nova.api.openstack.wsgi_app [None req-075e76e1-2101-4d87-aeda-cb93fa9deb96 None None] ******************************************************************************** {{(pid=108146) log_opt_values /opt/stack/data/venv/lib/python3.12/site-packages/oslo_config/cfg.py:3229}}
May 20 01:49:17.573054 np0000175157 devstack@n-api-meta.service[108146]: DEBUG nova.api.openstack.wsgi_app [None req-075e76e1-2101-4d87-aeda-cb93fa9deb96 None None] Configuration options gathered from: {{(pid=108146) log_opt_values /opt/stack/data/venv/lib/python3.12/site-packages/oslo_config/cfg.py:3230}}
May 20 01:49:17.573146 np0000175157 devstack@n-api-meta.service[108146]: DEBUG nova.api.openstack.wsgi_app [None req-075e76e1-2101-4d87-aeda-cb93fa9deb96 None None] command line args: [] {{(pid=108146) log_opt_values /opt/stack/data/venv/lib/python3.12/site-packages/oslo_config/cfg.py:3231}}
May 20 01:49:17.573340 np0000175157 devstack@n-api-meta.service[108146]: DEBUG nova.api.openstack.wsgi_app [None req-075e76e1-2101-4d87-aeda-cb93fa9deb96 None None] config files: ['/etc/nova/api-paste.ini', '/etc/nova/nova.conf'] {{(pid=108146) log_opt_values /opt/stack/data/venv/lib/python3.12/site-packages/oslo_config/cfg.py:3232}}
May 20 01:49:17.573445 np0000175157 devstack@n-api-meta.service[108146]: DEBUG nova.api.openstack.wsgi_app [None req-075e76e1-2101-4d87-aeda-cb93fa9deb96 None None] ================================================================================ {{(pid=108146) log_opt_values /opt/stack/data/venv/lib/python3.12/site-packages/oslo_config/cfg.py:3237}}
May 20 01:49:17.573612 np0000175157 devstack@n-api-meta.service[108146]: DEBUG nova.api.openstack.wsgi_app [None req-075e76e1-2101-4d87-aeda-cb93fa9deb96 None None] allow_resize_to_same_host = True {{(pid=108146) log_opt_values /opt/stack/data/venv/lib/python3.12/site-packages/oslo_config/cfg.py:3245}}
May 20 01:49:17.573742 np0000175157 devstack@n-api-meta.service[108146]: DEBUG nova.api.openstack.wsgi_app [None req-075e76e1-2101-4d87-aeda-cb93fa9deb96 None None] arq_binding_timeout = 300 {{(pid=108146) log_opt_values /opt/stack/data/venv/lib/python3.12/site-packages/oslo_config/cfg.py:3245}}
May 20 01:49:17.574314 np0000175157 devstack@n-api-meta.service[108146]: DEBUG nova.api.openstack.wsgi_app [None req-075e76e1-2101-4d87-aeda-cb93fa9deb96 None None] block_device_allocate_retries = 60 {{(pid=108146) log_opt_values /opt/stack/data/venv/lib/python3.12/site-packages/oslo_config/cfg.py:3245}}
May 20 01:49:17.574314 np0000175157 devstack@n-api-meta.service[108146]: DEBUG nova.api.openstack.wsgi_app [None req-075e76e1-2101-4d87-aeda-cb93fa9deb96 None None] block_device_allocate_retries_interval = 3 {{(pid=108146) log_opt_values /opt/stack/data/venv/lib/python3.12/site-packages/oslo_config/cfg.py:3245}}
May 20 01:49:17.574314 np0000175157 devstack@n-api-meta.service[108146]: DEBUG nova.api.openstack.wsgi_app [None req-075e76e1-2101-4d87-aeda-cb93fa9deb96 None None] cell_worker_thread_pool_size = 5 {{(pid=108146) log_opt_values /opt/stack/data/venv/lib/python3.12/site-packages/oslo_config/cfg.py:3245}}
May 20 01:49:17.574314 np0000175157 devstack@n-api-meta.service[108146]: DEBUG nova.api.openstack.wsgi_app [None req-075e76e1-2101-4d87-aeda-cb93fa9deb96 None None] cert = self.pem {{(pid=108146) log_opt_values /opt/stack/data/venv/lib/python3.12/site-packages/oslo_config/cfg.py:3245}}
May 20 01:49:17.574451 np0000175157 devstack@n-api-meta.service[108146]: DEBUG nova.api.openstack.wsgi_app [None req-075e76e1-2101-4d87-aeda-cb93fa9deb96 None None] compute_driver = libvirt.LibvirtDriver {{(pid=108146) log_opt_values /opt/stack/data/venv/lib/python3.12/site-packages/oslo_config/cfg.py:3245}}
May 20 01:49:17.574519 np0000175157 devstack@n-api-meta.service[108146]: DEBUG nova.api.openstack.wsgi_app [None req-075e76e1-2101-4d87-aeda-cb93fa9deb96 None None] compute_monitors = [] {{(pid=108146) log_opt_values /opt/stack/data/venv/lib/python3.12/site-packages/oslo_config/cfg.py:3245}}
May 20 01:49:17.574648 np0000175157 devstack@n-api-meta.service[108146]: DEBUG nova.api.openstack.wsgi_app [None req-075e76e1-2101-4d87-aeda-cb93fa9deb96 None None] config_dir = [] {{(pid=108146) log_opt_values /opt/stack/data/venv/lib/python3.12/site-packages/oslo_config/cfg.py:3245}}
May 20 01:49:17.575030 np0000175157 devstack@n-api-meta.service[108146]: DEBUG nova.api.openstack.wsgi_app [None req-075e76e1-2101-4d87-aeda-cb93fa9deb96 None None] config_drive_format = iso9660 {{(pid=108146) log_opt_values /opt/stack/data/venv/lib/python3.12/site-packages/oslo_config/cfg.py:3245}}
May 20 01:49:17.575030 np0000175157 devstack@n-api-meta.service[108146]: DEBUG nova.api.openstack.wsgi_app [None req-075e76e1-2101-4d87-aeda-cb93fa9deb96 None None] config_file = ['/etc/nova/api-paste.ini', '/etc/nova/nova.conf'] {{(pid=108146) log_opt_values /opt/stack/data/venv/lib/python3.12/site-packages/oslo_config/cfg.py:3245}}
May 20 01:49:17.575030 np0000175157 devstack@n-api-meta.service[108146]: DEBUG nova.api.openstack.wsgi_app [None req-075e76e1-2101-4d87-aeda-cb93fa9deb96 None None] config_source = [] {{(pid=108146) log_opt_values /opt/stack/data/venv/lib/python3.12/site-packages/oslo_config/cfg.py:3245}}
May 20 01:49:17.575285 np0000175157 devstack@n-api-meta.service[108146]: DEBUG nova.api.openstack.wsgi_app [None req-075e76e1-2101-4d87-aeda-cb93fa9deb96 None None] console_host = np0000175157 {{(pid=108146) log_opt_values /opt/stack/data/venv/lib/python3.12/site-packages/oslo_config/cfg.py:3245}}
May 20 01:49:17.575285 np0000175157 devstack@n-api-meta.service[108146]: DEBUG nova.api.openstack.wsgi_app [None req-075e76e1-2101-4d87-aeda-cb93fa9deb96 None None] control_exchange = nova {{(pid=108146) log_opt_values /opt/stack/data/venv/lib/python3.12/site-packages/oslo_config/cfg.py:3245}}
May 20 01:49:17.575525 np0000175157 devstack@n-api-meta.service[108147]: DEBUG oslo_db.sqlalchemy.engines [None req-e02dd9ac-600f-49d1-a522-aca02a1a3523 None None] MySQL server mode set to STRICT_TRANS_TABLES,STRICT_ALL_TABLES,NO_ZERO_IN_DATE,NO_ZERO_DATE,ERROR_FOR_DIVISION_BY_ZERO,TRADITIONAL,NO_ENGINE_SUBSTITUTION {{(pid=108147) _check_effective_sql_mode /opt/stack/data/venv/lib/python3.12/site-packages/oslo_db/sqlalchemy/engines.py:325}}
May 20 01:49:17.575861 np0000175157 devstack@n-api-meta.service[108146]: DEBUG nova.api.openstack.wsgi_app [None req-075e76e1-2101-4d87-aeda-cb93fa9deb96 None None] cpu_allocation_ratio = None {{(pid=108146) log_opt_values /opt/stack/data/venv/lib/python3.12/site-packages/oslo_config/cfg.py:3245}}
May 20 01:49:17.575861 np0000175157 devstack@n-api-meta.service[108146]: DEBUG nova.api.openstack.wsgi_app [None req-075e76e1-2101-4d87-aeda-cb93fa9deb96 None None] daemon = False {{(pid=108146) log_opt_values /opt/stack/data/venv/lib/python3.12/site-packages/oslo_config/cfg.py:3245}}
May 20 01:49:17.575861 np0000175157 devstack@n-api-meta.service[108146]: DEBUG nova.api.openstack.wsgi_app [None req-075e76e1-2101-4d87-aeda-cb93fa9deb96 None None] debug = True {{(pid=108146) log_opt_values /opt/stack/data/venv/lib/python3.12/site-packages/oslo_config/cfg.py:3245}}
May 20 01:49:17.575861 np0000175157 devstack@n-api-meta.service[108146]: DEBUG nova.api.openstack.wsgi_app [None req-075e76e1-2101-4d87-aeda-cb93fa9deb96 None None] default_access_ip_network_name = None {{(pid=108146) log_opt_values /opt/stack/data/venv/lib/python3.12/site-packages/oslo_config/cfg.py:3245}}
May 20 01:49:17.575992 np0000175157 devstack@n-api-meta.service[108146]: DEBUG nova.api.openstack.wsgi_app [None req-075e76e1-2101-4d87-aeda-cb93fa9deb96 None None] default_availability_zone = nova {{(pid=108146) log_opt_values /opt/stack/data/venv/lib/python3.12/site-packages/oslo_config/cfg.py:3245}}
May 20 01:49:17.576024 np0000175157 devstack@n-api-meta.service[108146]: DEBUG nova.api.openstack.wsgi_app [None req-075e76e1-2101-4d87-aeda-cb93fa9deb96 None None] default_ephemeral_format = ext4 {{(pid=108146) log_opt_values /opt/stack/data/venv/lib/python3.12/site-packages/oslo_config/cfg.py:3245}}
May 20 01:49:17.576270 np0000175157 devstack@n-api-meta.service[108146]: DEBUG nova.api.openstack.wsgi_app [None req-075e76e1-2101-4d87-aeda-cb93fa9deb96 None None] default_green_pool_size = 1000 {{(pid=108146) log_opt_values /opt/stack/data/venv/lib/python3.12/site-packages/oslo_config/cfg.py:3245}}
May 20 01:49:17.576430 np0000175157 devstack@n-api-meta.service[108146]: DEBUG nova.api.openstack.wsgi_app [None req-075e76e1-2101-4d87-aeda-cb93fa9deb96 None None] default_log_levels = ['amqp=WARN', 'boto=WARN', 'sqlalchemy=WARN', 'suds=INFO', 'oslo.messaging=INFO', 'oslo_messaging=INFO', 'iso8601=WARN', 'requests.packages.urllib3.connectionpool=WARN', 'urllib3.connectionpool=WARN', 'websocket=WARN', 'requests.packages.urllib3.util.retry=WARN', 'urllib3.util.retry=WARN', 'keystonemiddleware=WARN', 'routes.middleware=WARN', 'stevedore=WARN', 'taskflow=WARN', 'keystoneauth=WARN', 'oslo.cache=INFO', 'oslo_policy=INFO', 'dogpile.core.dogpile=INFO', 'glanceclient=WARN', 'oslo.privsep.daemon=INFO'] {{(pid=108146) log_opt_values /opt/stack/data/venv/lib/python3.12/site-packages/oslo_config/cfg.py:3245}}
May 20 01:49:17.576530 np0000175157 devstack@n-api-meta.service[108146]: DEBUG nova.api.openstack.wsgi_app [None req-075e76e1-2101-4d87-aeda-cb93fa9deb96 None None] default_schedule_zone = None {{(pid=108146) log_opt_values /opt/stack/data/venv/lib/python3.12/site-packages/oslo_config/cfg.py:3245}}
May 20 01:49:17.576671 np0000175157 devstack@n-api-meta.service[108146]: DEBUG nova.api.openstack.wsgi_app [None req-075e76e1-2101-4d87-aeda-cb93fa9deb96 None None] default_thread_pool_size = 10 {{(pid=108146) log_opt_values /opt/stack/data/venv/lib/python3.12/site-packages/oslo_config/cfg.py:3245}}
May 20 01:49:17.577143 np0000175157 devstack@n-api-meta.service[108146]: DEBUG nova.api.openstack.wsgi_app [None req-075e76e1-2101-4d87-aeda-cb93fa9deb96 None None] disk_allocation_ratio = None {{(pid=108146) log_opt_values /opt/stack/data/venv/lib/python3.12/site-packages/oslo_config/cfg.py:3245}}
May 20 01:49:17.577143 np0000175157 devstack@n-api-meta.service[108146]: DEBUG nova.api.openstack.wsgi_app [None req-075e76e1-2101-4d87-aeda-cb93fa9deb96 None None] enable_new_services = True {{(pid=108146) log_opt_values /opt/stack/data/venv/lib/python3.12/site-packages/oslo_config/cfg.py:3245}}
May 20 01:49:17.577143 np0000175157 devstack@n-api-meta.service[108146]: DEBUG nova.api.openstack.wsgi_app [None req-075e76e1-2101-4d87-aeda-cb93fa9deb96 None None] flat_injected = False {{(pid=108146) log_opt_values /opt/stack/data/venv/lib/python3.12/site-packages/oslo_config/cfg.py:3245}}
May 20 01:49:17.577143 np0000175157 devstack@n-api-meta.service[108146]: DEBUG nova.api.openstack.wsgi_app [None req-075e76e1-2101-4d87-aeda-cb93fa9deb96 None None] force_config_drive = False {{(pid=108146) log_opt_values /opt/stack/data/venv/lib/python3.12/site-packages/oslo_config/cfg.py:3245}}
May 20 01:49:17.577292 np0000175157 devstack@n-api-meta.service[108146]: DEBUG nova.api.openstack.wsgi_app [None req-075e76e1-2101-4d87-aeda-cb93fa9deb96 None None] force_raw_images = True {{(pid=108146) log_opt_values /opt/stack/data/venv/lib/python3.12/site-packages/oslo_config/cfg.py:3245}}
May 20 01:49:17.577417 np0000175157 devstack@n-api-meta.service[108146]: DEBUG nova.api.openstack.wsgi_app [None req-075e76e1-2101-4d87-aeda-cb93fa9deb96 None None] graceful_shutdown_timeout = 5 {{(pid=108146) log_opt_values /opt/stack/data/venv/lib/python3.12/site-packages/oslo_config/cfg.py:3245}}
May 20 01:49:17.577541 np0000175157 devstack@n-api-meta.service[108146]: DEBUG nova.api.openstack.wsgi_app [None req-075e76e1-2101-4d87-aeda-cb93fa9deb96 None None] heal_instance_info_cache_interval = -1 {{(pid=108146) log_opt_values /opt/stack/data/venv/lib/python3.12/site-packages/oslo_config/cfg.py:3245}}
May 20 01:49:17.577716 np0000175157 devstack@n-api-meta.service[108146]: DEBUG nova.api.openstack.wsgi_app [None req-075e76e1-2101-4d87-aeda-cb93fa9deb96 None None] host = np0000175157 {{(pid=108146) log_opt_values /opt/stack/data/venv/lib/python3.12/site-packages/oslo_config/cfg.py:3245}}
May 20 01:49:17.577854 np0000175157 devstack@n-api-meta.service[108146]: DEBUG nova.api.openstack.wsgi_app [None req-075e76e1-2101-4d87-aeda-cb93fa9deb96 None None] initial_cpu_allocation_ratio = 4.0 {{(pid=108146) log_opt_values /opt/stack/data/venv/lib/python3.12/site-packages/oslo_config/cfg.py:3245}}
May 20 01:49:17.578729 np0000175157 devstack@n-api-meta.service[108146]: DEBUG nova.api.openstack.wsgi_app [None req-075e76e1-2101-4d87-aeda-cb93fa9deb96 None None] initial_disk_allocation_ratio = 1.0 {{(pid=108146) log_opt_values /opt/stack/data/venv/lib/python3.12/site-packages/oslo_config/cfg.py:3245}}
May 20 01:49:17.578729 np0000175157 devstack@n-api-meta.service[108146]: DEBUG nova.api.openstack.wsgi_app [None req-075e76e1-2101-4d87-aeda-cb93fa9deb96 None None] initial_ram_allocation_ratio = 1.0 {{(pid=108146) log_opt_values /opt/stack/data/venv/lib/python3.12/site-packages/oslo_config/cfg.py:3245}}
May 20 01:49:17.578729 np0000175157 devstack@n-api-meta.service[108146]: DEBUG nova.api.openstack.wsgi_app [None req-075e76e1-2101-4d87-aeda-cb93fa9deb96 None None] injected_network_template = /opt/stack/nova/nova/virt/interfaces.template {{(pid=108146) log_opt_values /opt/stack/data/venv/lib/python3.12/site-packages/oslo_config/cfg.py:3245}}
May 20 01:49:17.578729 np0000175157 devstack@n-api-meta.service[108146]: DEBUG nova.api.openstack.wsgi_app [None req-075e76e1-2101-4d87-aeda-cb93fa9deb96 None None] instance_build_timeout = 0 {{(pid=108146) log_opt_values /opt/stack/data/venv/lib/python3.12/site-packages/oslo_config/cfg.py:3245}}
May 20 01:49:17.578729 np0000175157 devstack@n-api-meta.service[108146]: DEBUG nova.api.openstack.wsgi_app [None req-075e76e1-2101-4d87-aeda-cb93fa9deb96 None None] instance_delete_interval = 300 {{(pid=108146) log_opt_values /opt/stack/data/venv/lib/python3.12/site-packages/oslo_config/cfg.py:3245}}
May 20 01:49:17.578729 np0000175157 devstack@n-api-meta.service[108146]: DEBUG nova.api.openstack.wsgi_app [None req-075e76e1-2101-4d87-aeda-cb93fa9deb96 None None] instance_format = [instance: %(uuid)s] {{(pid=108146) log_opt_values /opt/stack/data/venv/lib/python3.12/site-packages/oslo_config/cfg.py:3245}}
May 20 01:49:17.578918 np0000175157 devstack@n-api-meta.service[108146]: DEBUG nova.api.openstack.wsgi_app [None req-075e76e1-2101-4d87-aeda-cb93fa9deb96 None None] instance_name_template = instance-%08x {{(pid=108146) log_opt_values /opt/stack/data/venv/lib/python3.12/site-packages/oslo_config/cfg.py:3245}}
May 20 01:49:17.578918 np0000175157 devstack@n-api-meta.service[108146]: DEBUG nova.api.openstack.wsgi_app [None req-075e76e1-2101-4d87-aeda-cb93fa9deb96 None None] instance_usage_audit = False {{(pid=108146) log_opt_values /opt/stack/data/venv/lib/python3.12/site-packages/oslo_config/cfg.py:3245}}
May 20 01:49:17.579112 np0000175157 devstack@n-api-meta.service[108146]: DEBUG nova.api.openstack.wsgi_app [None req-075e76e1-2101-4d87-aeda-cb93fa9deb96 None None] instance_usage_audit_period = month {{(pid=108146) log_opt_values /opt/stack/data/venv/lib/python3.12/site-packages/oslo_config/cfg.py:3245}}
May 20 01:49:17.579155 np0000175157 devstack@n-api-meta.service[108146]: DEBUG nova.api.openstack.wsgi_app [None req-075e76e1-2101-4d87-aeda-cb93fa9deb96 None None] instance_uuid_format = [instance: %(uuid)s] {{(pid=108146) log_opt_values /opt/stack/data/venv/lib/python3.12/site-packages/oslo_config/cfg.py:3245}}
May 20 01:49:17.579300 np0000175157 devstack@n-api-meta.service[108146]: DEBUG nova.api.openstack.wsgi_app [None req-075e76e1-2101-4d87-aeda-cb93fa9deb96 None None] instances_path = /opt/stack/data/nova/instances {{(pid=108146) log_opt_values /opt/stack/data/venv/lib/python3.12/site-packages/oslo_config/cfg.py:3245}}
May 20 01:49:17.579431 np0000175157 devstack@n-api-meta.service[108146]: DEBUG nova.api.openstack.wsgi_app [None req-075e76e1-2101-4d87-aeda-cb93fa9deb96 None None] internal_service_availability_zone = internal {{(pid=108146) log_opt_values /opt/stack/data/venv/lib/python3.12/site-packages/oslo_config/cfg.py:3245}}
May 20 01:49:17.579555 np0000175157 devstack@n-api-meta.service[108146]: DEBUG nova.api.openstack.wsgi_app [None req-075e76e1-2101-4d87-aeda-cb93fa9deb96 None None] key = None {{(pid=108146) log_opt_values /opt/stack/data/venv/lib/python3.12/site-packages/oslo_config/cfg.py:3245}}
May 20 01:49:17.579680 np0000175157 devstack@n-api-meta.service[108146]: DEBUG nova.api.openstack.wsgi_app [None req-075e76e1-2101-4d87-aeda-cb93fa9deb96 None None] live_migration_retry_count = 30 {{(pid=108146) log_opt_values /opt/stack/data/venv/lib/python3.12/site-packages/oslo_config/cfg.py:3245}}
May 20 01:49:17.579819 np0000175157 devstack@n-api-meta.service[108146]: DEBUG nova.api.openstack.wsgi_app [None req-075e76e1-2101-4d87-aeda-cb93fa9deb96 None None] log_color = False {{(pid=108146) log_opt_values /opt/stack/data/venv/lib/python3.12/site-packages/oslo_config/cfg.py:3245}}
May 20 01:49:17.579950 np0000175157 devstack@n-api-meta.service[108146]: DEBUG nova.api.openstack.wsgi_app [None req-075e76e1-2101-4d87-aeda-cb93fa9deb96 None None] log_config_append = None {{(pid=108146) log_opt_values /opt/stack/data/venv/lib/python3.12/site-packages/oslo_config/cfg.py:3245}}
May 20 01:49:17.580083 np0000175157 devstack@n-api-meta.service[108146]: DEBUG nova.api.openstack.wsgi_app [None req-075e76e1-2101-4d87-aeda-cb93fa9deb96 None None] log_date_format = %Y-%m-%d %H:%M:%S {{(pid=108146) log_opt_values /opt/stack/data/venv/lib/python3.12/site-packages/oslo_config/cfg.py:3245}}
May 20 01:49:17.580209 np0000175157 devstack@n-api-meta.service[108146]: DEBUG nova.api.openstack.wsgi_app [None req-075e76e1-2101-4d87-aeda-cb93fa9deb96 None None] log_dir = None {{(pid=108146) log_opt_values /opt/stack/data/venv/lib/python3.12/site-packages/oslo_config/cfg.py:3245}}
May 20 01:49:17.580354 np0000175157 devstack@n-api-meta.service[108146]: DEBUG nova.api.openstack.wsgi_app [None req-075e76e1-2101-4d87-aeda-cb93fa9deb96 None None] log_file = None {{(pid=108146) log_opt_values /opt/stack/data/venv/lib/python3.12/site-packages/oslo_config/cfg.py:3245}}
May 20 01:49:17.580454 np0000175157 devstack@n-api-meta.service[108146]: DEBUG nova.api.openstack.wsgi_app [None req-075e76e1-2101-4d87-aeda-cb93fa9deb96 None None] log_options = True {{(pid=108146) log_opt_values /opt/stack/data/venv/lib/python3.12/site-packages/oslo_config/cfg.py:3245}}
May 20 01:49:17.580579 np0000175157 devstack@n-api-meta.service[108146]: DEBUG nova.api.openstack.wsgi_app [None req-075e76e1-2101-4d87-aeda-cb93fa9deb96 None None] log_rotate_interval = 1 {{(pid=108146) log_opt_values /opt/stack/data/venv/lib/python3.12/site-packages/oslo_config/cfg.py:3245}}
May 20 01:49:17.580738 np0000175157 devstack@n-api-meta.service[108146]: DEBUG nova.api.openstack.wsgi_app [None req-075e76e1-2101-4d87-aeda-cb93fa9deb96 None None] log_rotate_interval_type = days {{(pid=108146) log_opt_values /opt/stack/data/venv/lib/python3.12/site-packages/oslo_config/cfg.py:3245}}
May 20 01:49:17.580871 np0000175157 devstack@n-api-meta.service[108146]: DEBUG nova.api.openstack.wsgi_app [None req-075e76e1-2101-4d87-aeda-cb93fa9deb96 None None] log_rotation_type = none {{(pid=108146) log_opt_values /opt/stack/data/venv/lib/python3.12/site-packages/oslo_config/cfg.py:3245}}
May 20 01:49:17.580972 np0000175157 devstack@n-api-meta.service[108146]: DEBUG nova.api.openstack.wsgi_app [None req-075e76e1-2101-4d87-aeda-cb93fa9deb96 None None] logging_context_format_string = %(color)s%(levelname)s %(name)s [%(global_request_id)s %(request_id)s %(project_name)s %(user_name)s%(color)s] %(instance)s%(color)s%(message)s {{(pid=108146) log_opt_values /opt/stack/data/venv/lib/python3.12/site-packages/oslo_config/cfg.py:3245}}
May 20 01:49:17.581081 np0000175157 devstack@n-api-meta.service[108146]: DEBUG nova.api.openstack.wsgi_app [None req-075e76e1-2101-4d87-aeda-cb93fa9deb96 None None] logging_debug_format_suffix = {{(pid=%(process)d) %(funcName)s %(pathname)s:%(lineno)d}} {{(pid=108146) log_opt_values /opt/stack/data/venv/lib/python3.12/site-packages/oslo_config/cfg.py:3245}}
May 20 01:49:17.581214 np0000175157 devstack@n-api-meta.service[108146]: DEBUG nova.api.openstack.wsgi_app [None req-075e76e1-2101-4d87-aeda-cb93fa9deb96 None None] logging_default_format_string = %(color)s%(levelname)s %(name)s [-%(color)s] %(instance)s%(color)s%(message)s {{(pid=108146) log_opt_values /opt/stack/data/venv/lib/python3.12/site-packages/oslo_config/cfg.py:3245}}
May 20 01:49:17.581363 np0000175157 devstack@n-api-meta.service[108146]: DEBUG nova.api.openstack.wsgi_app [None req-075e76e1-2101-4d87-aeda-cb93fa9deb96 None None] logging_exception_prefix = ERROR %(name)s %(instance)s {{(pid=108146) log_opt_values /opt/stack/data/venv/lib/python3.12/site-packages/oslo_config/cfg.py:3245}}
May 20 01:49:17.581462 np0000175157 devstack@n-api-meta.service[108146]: DEBUG nova.api.openstack.wsgi_app [None req-075e76e1-2101-4d87-aeda-cb93fa9deb96 None None] logging_user_identity_format = %(user)s %(project)s %(domain)s %(system_scope)s %(user_domain)s %(project_domain)s {{(pid=108146) log_opt_values /opt/stack/data/venv/lib/python3.12/site-packages/oslo_config/cfg.py:3245}}
May 20 01:49:17.581591 np0000175157 devstack@n-api-meta.service[108146]: DEBUG nova.api.openstack.wsgi_app [None req-075e76e1-2101-4d87-aeda-cb93fa9deb96 None None] long_rpc_timeout = 1800 {{(pid=108146) log_opt_values /opt/stack/data/venv/lib/python3.12/site-packages/oslo_config/cfg.py:3245}}
May 20 01:49:17.581716 np0000175157 devstack@n-api-meta.service[108146]: DEBUG nova.api.openstack.wsgi_app [None req-075e76e1-2101-4d87-aeda-cb93fa9deb96 None None] manager_shutdown_timeout = 160 {{(pid=108146) log_opt_values /opt/stack/data/venv/lib/python3.12/site-packages/oslo_config/cfg.py:3245}}
May 20 01:49:17.581841 np0000175157 devstack@n-api-meta.service[108146]: DEBUG nova.api.openstack.wsgi_app [None req-075e76e1-2101-4d87-aeda-cb93fa9deb96 None None] max_concurrent_builds = 10 {{(pid=108146) log_opt_values /opt/stack/data/venv/lib/python3.12/site-packages/oslo_config/cfg.py:3245}}
May 20 01:49:17.581966 np0000175157 devstack@n-api-meta.service[108146]: DEBUG nova.api.openstack.wsgi_app [None req-075e76e1-2101-4d87-aeda-cb93fa9deb96 None None] max_concurrent_live_migrations = 1 {{(pid=108146) log_opt_values /opt/stack/data/venv/lib/python3.12/site-packages/oslo_config/cfg.py:3245}}
