May 20 01:48:44.808392 np0000175157 neutron-periodic-workers[104822]: DEBUG cotyledon.oslo_config_glue [-] database.max_overflow = 50 {{(pid=104822) log_opt_values /opt/stack/data/venv/lib/python3.12/site-packages/oslo_config/cfg.py:3256}}
May 20 01:48:44.808392 np0000175157 neutron-periodic-workers[104822]: DEBUG cotyledon.oslo_config_glue [-] database.max_pool_size = 5 {{(pid=104822) log_opt_values /opt/stack/data/venv/lib/python3.12/site-packages/oslo_config/cfg.py:3256}}
May 20 01:48:44.808447 np0000175157 neutron-periodic-workers[104822]: DEBUG cotyledon.oslo_config_glue [-] database.max_retries = 10 {{(pid=104822) log_opt_values /opt/stack/data/venv/lib/python3.12/site-packages/oslo_config/cfg.py:3256}}
May 20 01:48:44.808490 np0000175157 neutron-periodic-workers[104822]: DEBUG cotyledon.oslo_config_glue [-] database.mysql_sql_mode = TRADITIONAL {{(pid=104822) log_opt_values /opt/stack/data/venv/lib/python3.12/site-packages/oslo_config/cfg.py:3256}}
May 20 01:48:44.808770 np0000175157 neutron-periodic-workers[104822]: DEBUG cotyledon.oslo_config_glue [-] database.mysql_wsrep_sync_wait = None {{(pid=104822) log_opt_values /opt/stack/data/venv/lib/python3.12/site-packages/oslo_config/cfg.py:3256}}
May 20 01:48:44.808770 np0000175157 neutron-periodic-workers[104822]: DEBUG cotyledon.oslo_config_glue [-] database.pool_timeout = None {{(pid=104822) log_opt_values /opt/stack/data/venv/lib/python3.12/site-packages/oslo_config/cfg.py:3256}}
May 20 01:48:44.808770 np0000175157 neutron-periodic-workers[104822]: DEBUG cotyledon.oslo_config_glue [-] database.retry_interval = 10 {{(pid=104822) log_opt_values /opt/stack/data/venv/lib/python3.12/site-packages/oslo_config/cfg.py:3256}}
May 20 01:48:44.808770 np0000175157 neutron-periodic-workers[104822]: DEBUG cotyledon.oslo_config_glue [-] database.slave_connection = **** {{(pid=104822) log_opt_values /opt/stack/data/venv/lib/python3.12/site-packages/oslo_config/cfg.py:3256}}
May 20 01:48:44.808770 np0000175157 neutron-periodic-workers[104822]: DEBUG cotyledon.oslo_config_glue [-] database.sqlite_synchronous = True {{(pid=104822) log_opt_values /opt/stack/data/venv/lib/python3.12/site-packages/oslo_config/cfg.py:3256}}
May 20 01:48:44.808770 np0000175157 neutron-periodic-workers[104822]: DEBUG cotyledon.oslo_config_glue [-] database.synchronous_reader = True {{(pid=104822) log_opt_values /opt/stack/data/venv/lib/python3.12/site-packages/oslo_config/cfg.py:3256}}
May 20 01:48:44.808770 np0000175157 neutron-periodic-workers[104822]: DEBUG cotyledon.oslo_config_glue [-] database.use_db_reconnect = False {{(pid=104822) log_opt_values /opt/stack/data/venv/lib/python3.12/site-packages/oslo_config/cfg.py:3256}}
May 20 01:48:44.808941 np0000175157 neutron-periodic-workers[104822]: DEBUG cotyledon.oslo_config_glue [-] ovn.bfd_min_rx = 1000 {{(pid=104822) log_opt_values /opt/stack/data/venv/lib/python3.12/site-packages/oslo_config/cfg.py:3256}}
May 20 01:48:44.808941 np0000175157 neutron-periodic-workers[104822]: DEBUG cotyledon.oslo_config_glue [-] ovn.bfd_min_tx = 100 {{(pid=104822) log_opt_values /opt/stack/data/venv/lib/python3.12/site-packages/oslo_config/cfg.py:3256}}
May 20 01:48:44.808941 np0000175157 neutron-periodic-workers[104822]: DEBUG cotyledon.oslo_config_glue [-] ovn.bfd_mult = 3 {{(pid=104822) log_opt_values /opt/stack/data/venv/lib/python3.12/site-packages/oslo_config/cfg.py:3256}}
May 20 01:48:44.808941 np0000175157 neutron-periodic-workers[104822]: DEBUG cotyledon.oslo_config_glue [-] ovn.broadcast_arps_to_all_routers = True {{(pid=104822) log_opt_values /opt/stack/data/venv/lib/python3.12/site-packages/oslo_config/cfg.py:3256}}
May 20 01:48:44.809043 np0000175157 neutron-periodic-workers[104822]: DEBUG cotyledon.oslo_config_glue [-] ovn.dhcp_default_lease_time = 43200 {{(pid=104822) log_opt_values /opt/stack/data/venv/lib/python3.12/site-packages/oslo_config/cfg.py:3256}}
May 20 01:48:44.809043 np0000175157 neutron-periodic-workers[104822]: DEBUG cotyledon.oslo_config_glue [-] ovn.disable_ovn_dhcp_for_baremetal_ports = False {{(pid=104822) log_opt_values /opt/stack/data/venv/lib/python3.12/site-packages/oslo_config/cfg.py:3256}}
May 20 01:48:44.809043 np0000175157 neutron-periodic-workers[104822]: DEBUG cotyledon.oslo_config_glue [-] ovn.dns_records_ovn_owned = False {{(pid=104822) log_opt_values /opt/stack/data/venv/lib/python3.12/site-packages/oslo_config/cfg.py:3256}}
May 20 01:48:44.809576 np0000175157 neutron-periodic-workers[104822]: DEBUG cotyledon.oslo_config_glue [-] ovn.dns_servers = [] {{(pid=104822) log_opt_values /opt/stack/data/venv/lib/python3.12/site-packages/oslo_config/cfg.py:3256}}
May 20 01:48:44.809576 np0000175157 neutron-periodic-workers[104822]: DEBUG cotyledon.oslo_config_glue [-] ovn.enable_distributed_floating_ip = False {{(pid=104822) log_opt_values /opt/stack/data/venv/lib/python3.12/site-packages/oslo_config/cfg.py:3256}}
May 20 01:48:44.809576 np0000175157 neutron-periodic-workers[104822]: DEBUG cotyledon.oslo_config_glue [-] ovn.fdb_age_threshold = 300 {{(pid=104822) log_opt_values /opt/stack/data/venv/lib/python3.12/site-packages/oslo_config/cfg.py:3256}}
May 20 01:48:44.809576 np0000175157 neutron-periodic-workers[104822]: DEBUG cotyledon.oslo_config_glue [-] ovn.ha_failover_strategy = normal {{(pid=104822) log_opt_values /opt/stack/data/venv/lib/python3.12/site-packages/oslo_config/cfg.py:3256}}
May 20 01:48:44.809576 np0000175157 neutron-periodic-workers[104822]: DEBUG cotyledon.oslo_config_glue [-] ovn.live_migration_activation_strategy = rarp {{(pid=104822) log_opt_values /opt/stack/data/venv/lib/python3.12/site-packages/oslo_config/cfg.py:3256}}
May 20 01:48:44.809576 np0000175157 neutron-periodic-workers[104822]: DEBUG cotyledon.oslo_config_glue [-] ovn.localnet_learn_fdb = False {{(pid=104822) log_opt_values /opt/stack/data/venv/lib/python3.12/site-packages/oslo_config/cfg.py:3256}}
May 20 01:48:44.809576 np0000175157 neutron-periodic-workers[104822]: DEBUG cotyledon.oslo_config_glue [-] ovn.mac_binding_age_threshold = 300 {{(pid=104822) log_opt_values /opt/stack/data/venv/lib/python3.12/site-packages/oslo_config/cfg.py:3256}}
May 20 01:48:44.809576 np0000175157 neutron-periodic-workers[104822]: DEBUG cotyledon.oslo_config_glue [-] ovn.neutron_sync_mode = log {{(pid=104822) log_opt_values /opt/stack/data/venv/lib/python3.12/site-packages/oslo_config/cfg.py:3256}}
May 20 01:48:44.809576 np0000175157 neutron-periodic-workers[104822]: DEBUG cotyledon.oslo_config_glue [-] ovn.ovn_dhcp4_global_options = {} {{(pid=104822) log_opt_values /opt/stack/data/venv/lib/python3.12/site-packages/oslo_config/cfg.py:3256}}
May 20 01:48:44.809798 np0000175157 neutron-periodic-workers[104822]: DEBUG cotyledon.oslo_config_glue [-] ovn.ovn_dhcp6_global_options = {} {{(pid=104822) log_opt_values /opt/stack/data/venv/lib/python3.12/site-packages/oslo_config/cfg.py:3256}}
May 20 01:48:44.809798 np0000175157 neutron-periodic-workers[104822]: DEBUG cotyledon.oslo_config_glue [-] ovn.ovn_l3_scheduler = leastloaded {{(pid=104822) log_opt_values /opt/stack/data/venv/lib/python3.12/site-packages/oslo_config/cfg.py:3256}}
May 20 01:48:44.809798 np0000175157 neutron-periodic-workers[104822]: DEBUG cotyledon.oslo_config_glue [-] ovn.ovn_metadata_enabled = True {{(pid=104822) log_opt_values /opt/stack/data/venv/lib/python3.12/site-packages/oslo_config/cfg.py:3256}}
May 20 01:48:44.809798 np0000175157 neutron-periodic-workers[104822]: DEBUG cotyledon.oslo_config_glue [-] ovn.ovn_nb_ca_cert = /opt/stack/data/CA/int-ca/ca-chain.pem {{(pid=104822) log_opt_values /opt/stack/data/venv/lib/python3.12/site-packages/oslo_config/cfg.py:3256}}
May 20 01:48:44.809798 np0000175157 neutron-periodic-workers[104822]: DEBUG cotyledon.oslo_config_glue [-] ovn.ovn_nb_certificate = /opt/stack/data/CA/int-ca/devstack-cert.crt {{(pid=104822) log_opt_values /opt/stack/data/venv/lib/python3.12/site-packages/oslo_config/cfg.py:3256}}
May 20 01:48:44.809798 np0000175157 neutron-periodic-workers[104822]: DEBUG cotyledon.oslo_config_glue [-] ovn.ovn_nb_connection = ['ssl:199.204.45.244:6641'] {{(pid=104822) log_opt_values /opt/stack/data/venv/lib/python3.12/site-packages/oslo_config/cfg.py:3256}}
May 20 01:48:44.809798 np0000175157 neutron-periodic-workers[104822]: DEBUG cotyledon.oslo_config_glue [-] ovn.ovn_nb_private_key = /opt/stack/data/CA/int-ca/private/devstack-cert.key {{(pid=104822) log_opt_values /opt/stack/data/venv/lib/python3.12/site-packages/oslo_config/cfg.py:3256}}
May 20 01:48:44.809798 np0000175157 neutron-periodic-workers[104822]: DEBUG cotyledon.oslo_config_glue [-] ovn.ovn_router_indirect_snat = False {{(pid=104822) log_opt_values /opt/stack/data/venv/lib/python3.12/site-packages/oslo_config/cfg.py:3256}}
May 20 01:48:44.809996 np0000175157 neutron-periodic-workers[104822]: DEBUG cotyledon.oslo_config_glue [-] ovn.ovn_sb_ca_cert = /opt/stack/data/CA/int-ca/ca-chain.pem {{(pid=104822) log_opt_values /opt/stack/data/venv/lib/python3.12/site-packages/oslo_config/cfg.py:3256}}
May 20 01:48:44.809996 np0000175157 neutron-periodic-workers[104822]: DEBUG cotyledon.oslo_config_glue [-] ovn.ovn_sb_certificate = /opt/stack/data/CA/int-ca/devstack-cert.crt {{(pid=104822) log_opt_values /opt/stack/data/venv/lib/python3.12/site-packages/oslo_config/cfg.py:3256}}
May 20 01:48:44.809996 np0000175157 neutron-periodic-workers[104822]: DEBUG cotyledon.oslo_config_glue [-] ovn.ovn_sb_connection = ['ssl:199.204.45.244:6642'] {{(pid=104822) log_opt_values /opt/stack/data/venv/lib/python3.12/site-packages/oslo_config/cfg.py:3256}}
May 20 01:48:44.809996 np0000175157 neutron-periodic-workers[104822]: DEBUG cotyledon.oslo_config_glue [-] ovn.ovn_sb_private_key = /opt/stack/data/CA/int-ca/private/devstack-cert.key {{(pid=104822) log_opt_values /opt/stack/data/venv/lib/python3.12/site-packages/oslo_config/cfg.py:3256}}
May 20 01:48:44.809996 np0000175157 neutron-periodic-workers[104822]: DEBUG cotyledon.oslo_config_glue [-] ovn.ovs_create_tap = False {{(pid=104822) log_opt_values /opt/stack/data/venv/lib/python3.12/site-packages/oslo_config/cfg.py:3256}}
May 20 01:48:44.809996 np0000175157 neutron-periodic-workers[104822]: DEBUG cotyledon.oslo_config_glue [-] ovn.ovsdb_connection_timeout = 180 {{(pid=104822) log_opt_values /opt/stack/data/venv/lib/python3.12/site-packages/oslo_config/cfg.py:3256}}
May 20 01:48:44.809996 np0000175157 neutron-periodic-workers[104822]: DEBUG cotyledon.oslo_config_glue [-] ovn.ovsdb_log_level = INFO {{(pid=104822) log_opt_values /opt/stack/data/venv/lib/python3.12/site-packages/oslo_config/cfg.py:3256}}
May 20 01:48:44.809996 np0000175157 neutron-periodic-workers[104822]: DEBUG cotyledon.oslo_config_glue [-] ovn.ovsdb_probe_interval = 60000 {{(pid=104822) log_opt_values /opt/stack/data/venv/lib/python3.12/site-packages/oslo_config/cfg.py:3256}}
May 20 01:48:44.810197 np0000175157 neutron-periodic-workers[104822]: DEBUG cotyledon.oslo_config_glue [-] ovn.ovsdb_retry_max_interval = 180 {{(pid=104822) log_opt_values /opt/stack/data/venv/lib/python3.12/site-packages/oslo_config/cfg.py:3256}}
May 20 01:48:44.810197 np0000175157 neutron-periodic-workers[104822]: DEBUG cotyledon.oslo_config_glue [-] ovn.stateless_nat_enabled = False {{(pid=104822) log_opt_values /opt/stack/data/venv/lib/python3.12/site-packages/oslo_config/cfg.py:3256}}
May 20 01:48:44.810197 np0000175157 neutron-periodic-workers[104822]: DEBUG cotyledon.oslo_config_glue [-] ovn.vhost_sock_dir = /var/run/openvswitch {{(pid=104822) log_opt_values /opt/stack/data/venv/lib/python3.12/site-packages/oslo_config/cfg.py:3256}}
May 20 01:48:44.810197 np0000175157 neutron-periodic-workers[104822]: DEBUG cotyledon.oslo_config_glue [-] OVS.bridge_mac_table_size = 50000 {{(pid=104822) log_opt_values /opt/stack/data/venv/lib/python3.12/site-packages/oslo_config/cfg.py:3256}}
May 20 01:48:44.810306 np0000175157 neutron-periodic-workers[104822]: DEBUG cotyledon.oslo_config_glue [-] OVS.igmp_flood = False {{(pid=104822) log_opt_values /opt/stack/data/venv/lib/python3.12/site-packages/oslo_config/cfg.py:3256}}
May 20 01:48:44.810306 np0000175157 neutron-periodic-workers[104822]: DEBUG cotyledon.oslo_config_glue [-] OVS.igmp_flood_reports = True {{(pid=104822) log_opt_values /opt/stack/data/venv/lib/python3.12/site-packages/oslo_config/cfg.py:3256}}
May 20 01:48:44.810364 np0000175157 neutron-periodic-workers[104822]: DEBUG cotyledon.oslo_config_glue [-] OVS.igmp_flood_unregistered = False {{(pid=104822) log_opt_values /opt/stack/data/venv/lib/python3.12/site-packages/oslo_config/cfg.py:3256}}
May 20 01:48:44.810364 np0000175157 neutron-periodic-workers[104822]: DEBUG cotyledon.oslo_config_glue [-] OVS.igmp_snooping_enable = False {{(pid=104822) log_opt_values /opt/stack/data/venv/lib/python3.12/site-packages/oslo_config/cfg.py:3256}}
May 20 01:48:44.810419 np0000175157 neutron-periodic-workers[104822]: DEBUG cotyledon.oslo_config_glue [-] OVS.ovsdb_timeout = 10 {{(pid=104822) log_opt_values /opt/stack/data/venv/lib/python3.12/site-packages/oslo_config/cfg.py:3256}}
May 20 01:48:44.810461 np0000175157 neutron-periodic-workers[104822]: DEBUG cotyledon.oslo_config_glue [-] ovn_nb_global.fdb_removal_limit = 0 {{(pid=104822) log_opt_values /opt/stack/data/venv/lib/python3.12/site-packages/oslo_config/cfg.py:3256}}
May 20 01:48:44.810510 np0000175157 neutron-periodic-workers[104822]: DEBUG cotyledon.oslo_config_glue [-] ovn_nb_global.ignore_lsp_down = False {{(pid=104822) log_opt_values /opt/stack/data/venv/lib/python3.12/site-packages/oslo_config/cfg.py:3256}}
May 20 01:48:44.810557 np0000175157 neutron-periodic-workers[104822]: DEBUG cotyledon.oslo_config_glue [-] ovn_nb_global.mac_binding_removal_limit = 0 {{(pid=104822) log_opt_values /opt/stack/data/venv/lib/python3.12/site-packages/oslo_config/cfg.py:3256}}
May 20 01:48:44.810598 np0000175157 neutron-periodic-workers[104822]: DEBUG cotyledon.oslo_config_glue [-] ******************************************************************************** {{(pid=104822) log_opt_values /opt/stack/data/venv/lib/python3.12/site-packages/oslo_config/cfg.py:3263}}
May 20 01:48:44.810745 np0000175157 neutron-periodic-workers[104822]: DEBUG cotyledon._service_worker [-] Run service ServiceWrapper(0) [104822] {{(pid=104822) wait_forever /opt/stack/data/venv/lib/python3.12/site-packages/cotyledon/_service_worker.py:218}}
May 20 01:48:53.819469 np0000175157 neutron-periodic-workers[104822]: DEBUG oslo_db.sqlalchemy.engines [None req-7631813f-1236-45d2-81dd-704b0f422e4a None None] Parent process 104043 forked (104822) with an open database connection, which is being discarded and recreated. {{(pid=104822) checkout /opt/stack/data/venv/lib/python3.12/site-packages/oslo_db/sqlalchemy/engines.py:402}}
May 20 01:48:53.852952 np0000175157 neutron-periodic-workers[104822]: DEBUG dbcounter [-] [104822] Writer thread running {{(pid=104822) stat_writer /opt/stack/data/venv/lib/python3.12/site-packages/dbcounter.py:102}}
May 20 01:48:53.862102 np0000175157 neutron-periodic-workers[104822]: DEBUG oslo.service.backend._threading.loopingcall [None req-7631813f-1236-45d2-81dd-704b0f422e4a None None] Fixed interval looping call 'neutron.services.ovn_l3.plugin.L3_NAT_dbonly_mixin._clean_garbage' sleeping for 299.95 seconds {{(pid=104822) _run_loop /opt/stack/data/venv/lib/python3.12/site-packages/oslo_service/backend/_threading/loopingcall.py:125}}
May 20 01:48:54.457887 np0000175157 neutron-periodic-workers[104043]: DEBUG dbcounter [-] [104043] Writing DB stats neutron:SELECT=4 {{(pid=104043) stat_writer /opt/stack/data/venv/lib/python3.12/site-packages/dbcounter.py:115}}
May 20 01:49:03.853765 np0000175157 neutron-periodic-workers[104822]: DEBUG dbcounter [-] [104822] Writing DB stats neutron:SELECT=1 {{(pid=104822) stat_writer /opt/stack/data/venv/lib/python3.12/site-packages/dbcounter.py:115}}
May 20 01:49:28.775448 np0000175157 neutron-periodic-workers[104791]: DEBUG dbcounter [-] [104791] Writer thread running {{(pid=104791) stat_writer /opt/stack/data/venv/lib/python3.12/site-packages/dbcounter.py:102}}
May 20 01:49:28.787683 np0000175157 neutron-periodic-workers[104791]: DEBUG oslo.service.backend._threading.loopingcall [None req-379fb18d-ea9c-413e-942a-9d5e06c1b763 None None] Fixed interval looping call 'neutron.plugins.ml2.plugin.DhcpAgentSchedulerDbMixin.remove_networks_from_down_agents' sleeping for 36.97 seconds {{(pid=104791) _run_loop /opt/stack/data/venv/lib/python3.12/site-packages/oslo_service/backend/_threading/loopingcall.py:125}}
May 20 01:49:37.790415 np0000175157 neutron-periodic-workers[104798]: DEBUG dbcounter [-] [104798] Writer thread running {{(pid=104798) stat_writer /opt/stack/data/venv/lib/python3.12/site-packages/dbcounter.py:102}}
May 20 01:49:37.799162 np0000175157 neutron-periodic-workers[104798]: DEBUG neutron.db.agents_db [None req-8e1d7ff4-415b-4158-a476-d5040897da50 None None] Agent healthcheck: found 0 active agents {{(pid=104798) agent_health_check /opt/stack/neutron/neutron/db/agents_db.py:322}}
May 20 01:49:37.799394 np0000175157 neutron-periodic-workers[104798]: DEBUG oslo.service.backend._threading.loopingcall [None req-8e1d7ff4-415b-4158-a476-d5040897da50 None None] Fixed interval looping call 'neutron.plugins.ml2.plugin.AgentDbMixin.agent_health_check' sleeping for 36.97 seconds {{(pid=104798) _run_loop /opt/stack/data/venv/lib/python3.12/site-packages/oslo_service/backend/_threading/loopingcall.py:125}}
May 20 01:49:38.790859 np0000175157 neutron-periodic-workers[104791]: DEBUG dbcounter [-] [104791] Writing DB stats neutron:SELECT=3 {{(pid=104791) stat_writer /opt/stack/data/venv/lib/python3.12/site-packages/dbcounter.py:115}}
May 20 01:49:47.791193 np0000175157 neutron-periodic-workers[104798]: DEBUG dbcounter [-] [104798] Writing DB stats neutron:SELECT=1 {{(pid=104798) stat_writer /opt/stack/data/venv/lib/python3.12/site-packages/dbcounter.py:115}}
May 20 01:50:05.769514 np0000175157 neutron-periodic-workers[104791]: DEBUG oslo.service.backend._threading.loopingcall [None req-379fb18d-ea9c-413e-942a-9d5e06c1b763 None None] Fixed interval looping call 'neutron.plugins.ml2.plugin.DhcpAgentSchedulerDbMixin.remove_networks_from_down_agents' sleeping for 36.99 seconds {{(pid=104791) _run_loop /opt/stack/data/venv/lib/python3.12/site-packages/oslo_service/backend/_threading/loopingcall.py:125}}
May 20 01:50:14.775910 np0000175157 neutron-periodic-workers[104798]: DEBUG neutron.db.agents_db [None req-8e1d7ff4-415b-4158-a476-d5040897da50 None None] Agent healthcheck: found 0 active agents {{(pid=104798) agent_health_check /opt/stack/neutron/neutron/db/agents_db.py:322}}
May 20 01:50:14.776540 np0000175157 neutron-periodic-workers[104798]: DEBUG oslo.service.backend._threading.loopingcall [None req-8e1d7ff4-415b-4158-a476-d5040897da50 None None] Fixed interval looping call 'neutron.plugins.ml2.plugin.AgentDbMixin.agent_health_check' sleeping for 36.99 seconds {{(pid=104798) _run_loop /opt/stack/data/venv/lib/python3.12/site-packages/oslo_service/backend/_threading/loopingcall.py:125}}
May 20 01:50:15.768741 np0000175157 neutron-periodic-workers[104791]: DEBUG dbcounter [-] [104791] Writing DB stats neutron:SELECT=3 {{(pid=104791) stat_writer /opt/stack/data/venv/lib/python3.12/site-packages/dbcounter.py:115}}
May 20 01:50:24.772604 np0000175157 neutron-periodic-workers[104798]: DEBUG dbcounter [-] [104798] Writing DB stats neutron:SELECT=1 {{(pid=104798) stat_writer /opt/stack/data/venv/lib/python3.12/site-packages/dbcounter.py:115}}
May 20 01:50:42.773400 np0000175157 neutron-periodic-workers[104791]: DEBUG oslo.service.backend._threading.loopingcall [None req-379fb18d-ea9c-413e-942a-9d5e06c1b763 None None] Fixed interval looping call 'neutron.plugins.ml2.plugin.DhcpAgentSchedulerDbMixin.remove_networks_from_down_agents' sleeping for 36.99 seconds {{(pid=104791) _run_loop /opt/stack/data/venv/lib/python3.12/site-packages/oslo_service/backend/_threading/loopingcall.py:125}}
May 20 01:50:44.804605 np0000175157 neutron-periodic-workers[104808]: DEBUG dbcounter [-] [104808] Writer thread running {{(pid=104808) stat_writer /opt/stack/data/venv/lib/python3.12/site-packages/dbcounter.py:102}}
May 20 01:50:44.806199 np0000175157 neutron-periodic-workers[104808]: DEBUG oslo.service.backend._threading.loopingcall [None req-24212f31-ef12-4487-be8e-e2463b7d7fd8 None None] Fixed interval looping call 'neutron.db.quota.driver_nolock.DbQuotaNoLockDriver._remove_expired_reservations' sleeping for 119.98 seconds {{(pid=104808) _run_loop /opt/stack/data/venv/lib/python3.12/site-packages/oslo_service/backend/_threading/loopingcall.py:125}}
May 20 01:50:51.772849 np0000175157 neutron-periodic-workers[104798]: DEBUG neutron.db.agents_db [None req-8e1d7ff4-415b-4158-a476-d5040897da50 None None] Agent healthcheck: found 0 active agents {{(pid=104798) agent_health_check /opt/stack/neutron/neutron/db/agents_db.py:322}}
May 20 01:50:51.773433 np0000175157 neutron-periodic-workers[104798]: DEBUG oslo.service.backend._threading.loopingcall [None req-8e1d7ff4-415b-4158-a476-d5040897da50 None None] Fixed interval looping call 'neutron.plugins.ml2.plugin.AgentDbMixin.agent_health_check' sleeping for 36.99 seconds {{(pid=104798) _run_loop /opt/stack/data/venv/lib/python3.12/site-packages/oslo_service/backend/_threading/loopingcall.py:125}}
May 20 01:50:52.772492 np0000175157 neutron-periodic-workers[104791]: DEBUG dbcounter [-] [104791] Writing DB stats neutron:SELECT=3 {{(pid=104791) stat_writer /opt/stack/data/venv/lib/python3.12/site-packages/dbcounter.py:115}}
May 20 01:50:54.805949 np0000175157 neutron-periodic-workers[104808]: DEBUG dbcounter [-] [104808] Writing DB stats neutron:DELETE=1 {{(pid=104808) stat_writer /opt/stack/data/venv/lib/python3.12/site-packages/dbcounter.py:115}}
May 20 01:51:01.811411 np0000175157 neutron-periodic-workers[104798]: DEBUG dbcounter [-] [104798] Writing DB stats neutron:SELECT=1 {{(pid=104798) stat_writer /opt/stack/data/venv/lib/python3.12/site-packages/dbcounter.py:115}}
May 20 01:51:19.773174 np0000175157 neutron-periodic-workers[104791]: DEBUG oslo.service.backend._threading.loopingcall [None req-379fb18d-ea9c-413e-942a-9d5e06c1b763 None None] Fixed interval looping call 'neutron.plugins.ml2.plugin.DhcpAgentSchedulerDbMixin.remove_networks_from_down_agents' sleeping for 36.99 seconds {{(pid=104791) _run_loop /opt/stack/data/venv/lib/python3.12/site-packages/oslo_service/backend/_threading/loopingcall.py:125}}
May 20 01:51:28.770045 np0000175157 neutron-periodic-workers[104798]: DEBUG neutron.db.agents_db [None req-8e1d7ff4-415b-4158-a476-d5040897da50 None None] Agent healthcheck: found 0 active agents {{(pid=104798) agent_health_check /opt/stack/neutron/neutron/db/agents_db.py:322}}
May 20 01:51:28.770653 np0000175157 neutron-periodic-workers[104798]: DEBUG oslo.service.backend._threading.loopingcall [None req-8e1d7ff4-415b-4158-a476-d5040897da50 None None] Fixed interval looping call 'neutron.plugins.ml2.plugin.AgentDbMixin.agent_health_check' sleeping for 36.99 seconds {{(pid=104798) _run_loop /opt/stack/data/venv/lib/python3.12/site-packages/oslo_service/backend/_threading/loopingcall.py:125}}
May 20 01:51:29.771743 np0000175157 neutron-periodic-workers[104791]: DEBUG dbcounter [-] [104791] Writing DB stats neutron:SELECT=3 {{(pid=104791) stat_writer /opt/stack/data/venv/lib/python3.12/site-packages/dbcounter.py:115}}
May 20 01:51:38.768074 np0000175157 neutron-periodic-workers[104798]: DEBUG dbcounter [-] [104798] Writing DB stats neutron:SELECT=1 {{(pid=104798) stat_writer /opt/stack/data/venv/lib/python3.12/site-packages/dbcounter.py:115}}
May 20 01:51:56.773758 np0000175157 neutron-periodic-workers[104791]: DEBUG oslo.service.backend._threading.loopingcall [None req-379fb18d-ea9c-413e-942a-9d5e06c1b763 None None] Fixed interval looping call 'neutron.plugins.ml2.plugin.DhcpAgentSchedulerDbMixin.remove_networks_from_down_agents' sleeping for 36.99 seconds {{(pid=104791) _run_loop /opt/stack/data/venv/lib/python3.12/site-packages/oslo_service/backend/_threading/loopingcall.py:125}}
May 20 01:52:05.764464 np0000175157 neutron-periodic-workers[104798]: DEBUG neutron.db.agents_db [None req-8e1d7ff4-415b-4158-a476-d5040897da50 None None] Agent healthcheck: found 0 active agents {{(pid=104798) agent_health_check /opt/stack/neutron/neutron/db/agents_db.py:322}}
May 20 01:52:05.765204 np0000175157 neutron-periodic-workers[104798]: DEBUG oslo.service.backend._threading.loopingcall [None req-8e1d7ff4-415b-4158-a476-d5040897da50 None None] Fixed interval looping call 'neutron.plugins.ml2.plugin.AgentDbMixin.agent_health_check' sleeping for 37.00 seconds {{(pid=104798) _run_loop /opt/stack/data/venv/lib/python3.12/site-packages/oslo_service/backend/_threading/loopingcall.py:125}}
May 20 01:52:06.773059 np0000175157 neutron-periodic-workers[104791]: DEBUG dbcounter [-] [104791] Writing DB stats neutron:SELECT=3 {{(pid=104791) stat_writer /opt/stack/data/venv/lib/python3.12/site-packages/dbcounter.py:115}}
May 20 01:52:15.763619 np0000175157 neutron-periodic-workers[104798]: DEBUG dbcounter [-] [104798] Writing DB stats neutron:SELECT=1 {{(pid=104798) stat_writer /opt/stack/data/venv/lib/python3.12/site-packages/dbcounter.py:115}}
May 20 01:52:33.774199 np0000175157 neutron-periodic-workers[104791]: DEBUG oslo.service.backend._threading.loopingcall [None req-379fb18d-ea9c-413e-942a-9d5e06c1b763 None None] Fixed interval looping call 'neutron.plugins.ml2.plugin.DhcpAgentSchedulerDbMixin.remove_networks_from_down_agents' sleeping for 36.99 seconds {{(pid=104791) _run_loop /opt/stack/data/venv/lib/python3.12/site-packages/oslo_service/backend/_threading/loopingcall.py:125}}
May 20 01:52:42.772320 np0000175157 neutron-periodic-workers[104798]: DEBUG neutron.db.agents_db [None req-8e1d7ff4-415b-4158-a476-d5040897da50 None None] Agent healthcheck: found 0 active agents {{(pid=104798) agent_health_check /opt/stack/neutron/neutron/db/agents_db.py:322}}
May 20 01:52:42.773443 np0000175157 neutron-periodic-workers[104798]: DEBUG oslo.service.backend._threading.loopingcall [None req-8e1d7ff4-415b-4158-a476-d5040897da50 None None] Fixed interval looping call 'neutron.plugins.ml2.plugin.AgentDbMixin.agent_health_check' sleeping for 36.99 seconds {{(pid=104798) _run_loop /opt/stack/data/venv/lib/python3.12/site-packages/oslo_service/backend/_threading/loopingcall.py:125}}
May 20 01:52:43.773323 np0000175157 neutron-periodic-workers[104791]: DEBUG dbcounter [-] [104791] Writing DB stats neutron:SELECT=3 {{(pid=104791) stat_writer /opt/stack/data/venv/lib/python3.12/site-packages/dbcounter.py:115}}
May 20 01:52:44.792713 np0000175157 neutron-periodic-workers[104808]: DEBUG oslo.service.backend._threading.loopingcall [None req-24212f31-ef12-4487-be8e-e2463b7d7fd8 None None] Fixed interval looping call 'neutron.db.quota.driver_nolock.DbQuotaNoLockDriver._remove_expired_reservations' sleeping for 119.99 seconds {{(pid=104808) _run_loop /opt/stack/data/venv/lib/python3.12/site-packages/oslo_service/backend/_threading/loopingcall.py:125}}
May 20 01:52:52.770765 np0000175157 neutron-periodic-workers[104798]: DEBUG dbcounter [-] [104798] Writing DB stats neutron:SELECT=1 {{(pid=104798) stat_writer /opt/stack/data/venv/lib/python3.12/site-packages/dbcounter.py:115}}
May 20 01:52:54.791431 np0000175157 neutron-periodic-workers[104808]: DEBUG dbcounter [-] [104808] Writing DB stats neutron:DELETE=1 {{(pid=104808) stat_writer /opt/stack/data/venv/lib/python3.12/site-packages/dbcounter.py:115}}
May 20 01:53:10.775384 np0000175157 neutron-periodic-workers[104791]: DEBUG oslo.service.backend._threading.loopingcall [None req-379fb18d-ea9c-413e-942a-9d5e06c1b763 None None] Fixed interval looping call 'neutron.plugins.ml2.plugin.DhcpAgentSchedulerDbMixin.remove_networks_from_down_agents' sleeping for 36.99 seconds {{(pid=104791) _run_loop /opt/stack/data/venv/lib/python3.12/site-packages/oslo_service/backend/_threading/loopingcall.py:125}}
May 20 01:53:19.767588 np0000175157 neutron-periodic-workers[104798]: DEBUG neutron.db.agents_db [None req-8e1d7ff4-415b-4158-a476-d5040897da50 None None] Agent healthcheck: found 0 active agents {{(pid=104798) agent_health_check /opt/stack/neutron/neutron/db/agents_db.py:322}}
May 20 01:53:19.768447 np0000175157 neutron-periodic-workers[104798]: DEBUG oslo.service.backend._threading.loopingcall [None req-8e1d7ff4-415b-4158-a476-d5040897da50 None None] Fixed interval looping call 'neutron.plugins.ml2.plugin.AgentDbMixin.agent_health_check' sleeping for 37.00 seconds {{(pid=104798) _run_loop /opt/stack/data/venv/lib/python3.12/site-packages/oslo_service/backend/_threading/loopingcall.py:125}}
May 20 01:53:20.774046 np0000175157 neutron-periodic-workers[104791]: DEBUG dbcounter [-] [104791] Writing DB stats neutron:SELECT=3 {{(pid=104791) stat_writer /opt/stack/data/venv/lib/python3.12/site-packages/dbcounter.py:115}}
May 20 01:53:29.766284 np0000175157 neutron-periodic-workers[104798]: DEBUG dbcounter [-] [104798] Writing DB stats neutron:SELECT=1 {{(pid=104798) stat_writer /opt/stack/data/venv/lib/python3.12/site-packages/dbcounter.py:115}}
May 20 01:53:47.773451 np0000175157 neutron-periodic-workers[104791]: DEBUG oslo.service.backend._threading.loopingcall [None req-379fb18d-ea9c-413e-942a-9d5e06c1b763 None None] Fixed interval looping call 'neutron.plugins.ml2.plugin.DhcpAgentSchedulerDbMixin.remove_networks_from_down_agents' sleeping for 36.99 seconds {{(pid=104791) _run_loop /opt/stack/data/venv/lib/python3.12/site-packages/oslo_service/backend/_threading/loopingcall.py:125}}
May 20 01:53:53.824817 np0000175157 neutron-periodic-workers[104822]: DEBUG oslo.service.backend._threading.loopingcall [None req-7631813f-1236-45d2-81dd-704b0f422e4a None None] Fixed interval looping call 'neutron.services.ovn_l3.plugin.L3_NAT_dbonly_mixin._clean_garbage' sleeping for 299.99 seconds {{(pid=104822) _run_loop /opt/stack/data/venv/lib/python3.12/site-packages/oslo_service/backend/_threading/loopingcall.py:125}}
May 20 01:53:56.772772 np0000175157 neutron-periodic-workers[104798]: DEBUG neutron.db.agents_db [None req-8e1d7ff4-415b-4158-a476-d5040897da50 None None] Agent healthcheck: found 0 active agents {{(pid=104798) agent_health_check /opt/stack/neutron/neutron/db/agents_db.py:322}}
May 20 01:53:56.773473 np0000175157 neutron-periodic-workers[104798]: DEBUG oslo.service.backend._threading.loopingcall [None req-8e1d7ff4-415b-4158-a476-d5040897da50 None None] Fixed interval looping call 'neutron.plugins.ml2.plugin.AgentDbMixin.agent_health_check' sleeping for 37.00 seconds {{(pid=104798) _run_loop /opt/stack/data/venv/lib/python3.12/site-packages/oslo_service/backend/_threading/loopingcall.py:125}}
May 20 01:53:57.772769 np0000175157 neutron-periodic-workers[104791]: DEBUG dbcounter [-] [104791] Writing DB stats neutron:SELECT=3 {{(pid=104791) stat_writer /opt/stack/data/venv/lib/python3.12/site-packages/dbcounter.py:115}}
May 20 01:54:03.815917 np0000175157 neutron-periodic-workers[104822]: DEBUG dbcounter [-] [104822] Writing DB stats neutron:SELECT=1 {{(pid=104822) stat_writer /opt/stack/data/venv/lib/python3.12/site-packages/dbcounter.py:115}}
May 20 01:54:06.771715 np0000175157 neutron-periodic-workers[104798]: DEBUG dbcounter [-] [104798] Writing DB stats neutron:SELECT=1 {{(pid=104798) stat_writer /opt/stack/data/venv/lib/python3.12/site-packages/dbcounter.py:115}}
May 20 01:54:24.770846 np0000175157 neutron-periodic-workers[104791]: DEBUG oslo.service.backend._threading.loopingcall [None req-379fb18d-ea9c-413e-942a-9d5e06c1b763 None None] Fixed interval looping call 'neutron.plugins.ml2.plugin.DhcpAgentSchedulerDbMixin.remove_networks_from_down_agents' sleeping for 36.99 seconds {{(pid=104791) _run_loop /opt/stack/data/venv/lib/python3.12/site-packages/oslo_service/backend/_threading/loopingcall.py:125}}
May 20 01:54:33.778705 np0000175157 neutron-periodic-workers[104798]: DEBUG neutron.db.agents_db [None req-8e1d7ff4-415b-4158-a476-d5040897da50 None None] Agent healthcheck: found 0 active agents {{(pid=104798) agent_health_check /opt/stack/neutron/neutron/db/agents_db.py:322}}
May 20 01:54:33.778705 np0000175157 neutron-periodic-workers[104798]: DEBUG oslo.service.backend._threading.loopingcall [None req-8e1d7ff4-415b-4158-a476-d5040897da50 None None] Fixed interval looping call 'neutron.plugins.ml2.plugin.AgentDbMixin.agent_health_check' sleeping for 36.99 seconds {{(pid=104798) _run_loop /opt/stack/data/venv/lib/python3.12/site-packages/oslo_service/backend/_threading/loopingcall.py:125}}
May 20 01:54:34.770148 np0000175157 neutron-periodic-workers[104791]: DEBUG dbcounter [-] [104791] Writing DB stats neutron:SELECT=3 {{(pid=104791) stat_writer /opt/stack/data/venv/lib/python3.12/site-packages/dbcounter.py:115}}
May 20 01:54:43.777512 np0000175157 neutron-periodic-workers[104798]: DEBUG dbcounter [-] [104798] Writing DB stats neutron:SELECT=1 {{(pid=104798) stat_writer /opt/stack/data/venv/lib/python3.12/site-packages/dbcounter.py:115}}
May 20 01:54:44.787830 np0000175157 neutron-periodic-workers[104808]: DEBUG oslo.service.backend._threading.loopingcall [None req-24212f31-ef12-4487-be8e-e2463b7d7fd8 None None] Fixed interval looping call 'neutron.db.quota.driver_nolock.DbQuotaNoLockDriver._remove_expired_reservations' sleeping for 120.00 seconds {{(pid=104808) _run_loop /opt/stack/data/venv/lib/python3.12/site-packages/oslo_service/backend/_threading/loopingcall.py:125}}
May 20 01:54:54.786989 np0000175157 neutron-periodic-workers[104808]: DEBUG dbcounter [-] [104808] Writing DB stats neutron:DELETE=1 {{(pid=104808) stat_writer /opt/stack/data/venv/lib/python3.12/site-packages/dbcounter.py:115}}
May 20 01:55:01.773977 np0000175157 neutron-periodic-workers[104791]: DEBUG oslo.service.backend._threading.loopingcall [None req-379fb18d-ea9c-413e-942a-9d5e06c1b763 None None] Fixed interval looping call 'neutron.plugins.ml2.plugin.DhcpAgentSchedulerDbMixin.remove_networks_from_down_agents' sleeping for 36.99 seconds {{(pid=104791) _run_loop /opt/stack/data/venv/lib/python3.12/site-packages/oslo_service/backend/_threading/loopingcall.py:125}}
May 20 01:55:10.774155 np0000175157 neutron-periodic-workers[104798]: DEBUG neutron.db.agents_db [None req-8e1d7ff4-415b-4158-a476-d5040897da50 None None] Agent healthcheck: found 0 active agents {{(pid=104798) agent_health_check /opt/stack/neutron/neutron/db/agents_db.py:322}}
May 20 01:55:10.774850 np0000175157 neutron-periodic-workers[104798]: DEBUG oslo.service.backend._threading.loopingcall [None req-8e1d7ff4-415b-4158-a476-d5040897da50 None None] Fixed interval looping call 'neutron.plugins.ml2.plugin.AgentDbMixin.agent_health_check' sleeping for 36.99 seconds {{(pid=104798) _run_loop /opt/stack/data/venv/lib/python3.12/site-packages/oslo_service/backend/_threading/loopingcall.py:125}}
May 20 01:55:11.772503 np0000175157 neutron-periodic-workers[104791]: DEBUG dbcounter [-] [104791] Writing DB stats neutron:SELECT=3 {{(pid=104791) stat_writer /opt/stack/data/venv/lib/python3.12/site-packages/dbcounter.py:115}}
May 20 01:55:20.773194 np0000175157 neutron-periodic-workers[104798]: DEBUG dbcounter [-] [104798] Writing DB stats neutron:SELECT=1 {{(pid=104798) stat_writer /opt/stack/data/venv/lib/python3.12/site-packages/dbcounter.py:115}}
May 20 01:55:38.775874 np0000175157 neutron-periodic-workers[104791]: DEBUG oslo.service.backend._threading.loopingcall [None req-379fb18d-ea9c-413e-942a-9d5e06c1b763 None None] Fixed interval looping call 'neutron.plugins.ml2.plugin.DhcpAgentSchedulerDbMixin.remove_networks_from_down_agents' sleeping for 36.99 seconds {{(pid=104791) _run_loop /opt/stack/data/venv/lib/python3.12/site-packages/oslo_service/backend/_threading/loopingcall.py:125}}
May 20 01:55:47.770506 np0000175157 neutron-periodic-workers[104798]: DEBUG neutron.db.agents_db [None req-8e1d7ff4-415b-4158-a476-d5040897da50 None None] Agent healthcheck: found 0 active agents {{(pid=104798) agent_health_check /opt/stack/neutron/neutron/db/agents_db.py:322}}
May 20 01:55:47.770506 np0000175157 neutron-periodic-workers[104798]: DEBUG oslo.service.backend._threading.loopingcall [None req-8e1d7ff4-415b-4158-a476-d5040897da50 None None] Fixed interval looping call 'neutron.plugins.ml2.plugin.AgentDbMixin.agent_health_check' sleeping for 36.99 seconds {{(pid=104798) _run_loop /opt/stack/data/venv/lib/python3.12/site-packages/oslo_service/backend/_threading/loopingcall.py:125}}
May 20 01:55:48.774210 np0000175157 neutron-periodic-workers[104791]: DEBUG dbcounter [-] [104791] Writing DB stats neutron:SELECT=3 {{(pid=104791) stat_writer /opt/stack/data/venv/lib/python3.12/site-packages/dbcounter.py:115}}
May 20 01:55:57.769138 np0000175157 neutron-periodic-workers[104798]: DEBUG dbcounter [-] [104798] Writing DB stats neutron:SELECT=1 {{(pid=104798) stat_writer /opt/stack/data/venv/lib/python3.12/site-packages/dbcounter.py:115}}
May 20 01:56:15.775423 np0000175157 neutron-periodic-workers[104791]: DEBUG oslo.service.backend._threading.loopingcall [None req-379fb18d-ea9c-413e-942a-9d5e06c1b763 None None] Fixed interval looping call 'neutron.plugins.ml2.plugin.DhcpAgentSchedulerDbMixin.remove_networks_from_down_agents' sleeping for 36.99 seconds {{(pid=104791) _run_loop /opt/stack/data/venv/lib/python3.12/site-packages/oslo_service/backend/_threading/loopingcall.py:125}}
May 20 01:56:24.765894 np0000175157 neutron-periodic-workers[104798]: DEBUG neutron.db.agents_db [None req-8e1d7ff4-415b-4158-a476-d5040897da50 None None] Agent healthcheck: found 0 active agents {{(pid=104798) agent_health_check /opt/stack/neutron/neutron/db/agents_db.py:322}}
May 20 01:56:24.766648 np0000175157 neutron-periodic-workers[104798]: DEBUG oslo.service.backend._threading.loopingcall [None req-8e1d7ff4-415b-4158-a476-d5040897da50 None None] Fixed interval looping call 'neutron.plugins.ml2.plugin.AgentDbMixin.agent_health_check' sleeping for 36.99 seconds {{(pid=104798) _run_loop /opt/stack/data/venv/lib/python3.12/site-packages/oslo_service/backend/_threading/loopingcall.py:125}}
May 20 01:56:25.773967 np0000175157 neutron-periodic-workers[104791]: DEBUG dbcounter [-] [104791] Writing DB stats neutron:SELECT=3 {{(pid=104791) stat_writer /opt/stack/data/venv/lib/python3.12/site-packages/dbcounter.py:115}}
May 20 01:56:34.764105 np0000175157 neutron-periodic-workers[104798]: DEBUG dbcounter [-] [104798] Writing DB stats neutron:SELECT=1 {{(pid=104798) stat_writer /opt/stack/data/venv/lib/python3.12/site-packages/dbcounter.py:115}}
May 20 01:56:44.792479 np0000175157 neutron-periodic-workers[104808]: DEBUG oslo.service.backend._threading.loopingcall [None req-24212f31-ef12-4487-be8e-e2463b7d7fd8 None None] Fixed interval looping call 'neutron.db.quota.driver_nolock.DbQuotaNoLockDriver._remove_expired_reservations' sleeping for 120.00 seconds {{(pid=104808) _run_loop /opt/stack/data/venv/lib/python3.12/site-packages/oslo_service/backend/_threading/loopingcall.py:125}}
May 20 01:56:52.778091 np0000175157 neutron-periodic-workers[104791]: DEBUG oslo.service.backend._threading.loopingcall [None req-379fb18d-ea9c-413e-942a-9d5e06c1b763 None None] Fixed interval looping call 'neutron.plugins.ml2.plugin.DhcpAgentSchedulerDbMixin.remove_networks_from_down_agents' sleeping for 36.99 seconds {{(pid=104791) _run_loop /opt/stack/data/venv/lib/python3.12/site-packages/oslo_service/backend/_threading/loopingcall.py:125}}
May 20 01:56:54.791434 np0000175157 neutron-periodic-workers[104808]: DEBUG dbcounter [-] [104808] Writing DB stats neutron:DELETE=1 {{(pid=104808) stat_writer /opt/stack/data/venv/lib/python3.12/site-packages/dbcounter.py:115}}
May 20 01:57:01.760559 np0000175157 neutron-periodic-workers[104798]: DEBUG neutron.db.agents_db [None req-8e1d7ff4-415b-4158-a476-d5040897da50 None None] Agent healthcheck: found 0 active agents {{(pid=104798) agent_health_check /opt/stack/neutron/neutron/db/agents_db.py:322}}
May 20 01:57:01.761290 np0000175157 neutron-periodic-workers[104798]: DEBUG oslo.service.backend._threading.loopingcall [None req-8e1d7ff4-415b-4158-a476-d5040897da50 None None] Fixed interval looping call 'neutron.plugins.ml2.plugin.AgentDbMixin.agent_health_check' sleeping for 37.00 seconds {{(pid=104798) _run_loop /opt/stack/data/venv/lib/python3.12/site-packages/oslo_service/backend/_threading/loopingcall.py:125}}
May 20 01:57:02.776475 np0000175157 neutron-periodic-workers[104791]: DEBUG dbcounter [-] [104791] Writing DB stats neutron:SELECT=3 {{(pid=104791) stat_writer /opt/stack/data/venv/lib/python3.12/site-packages/dbcounter.py:115}}
May 20 01:57:11.759067 np0000175157 neutron-periodic-workers[104798]: DEBUG dbcounter [-] [104798] Writing DB stats neutron:SELECT=1 {{(pid=104798) stat_writer /opt/stack/data/venv/lib/python3.12/site-packages/dbcounter.py:115}}
May 20 01:57:29.776452 np0000175157 neutron-periodic-workers[104791]: DEBUG oslo.service.backend._threading.loopingcall [None req-379fb18d-ea9c-413e-942a-9d5e06c1b763 None None] Fixed interval looping call 'neutron.plugins.ml2.plugin.DhcpAgentSchedulerDbMixin.remove_networks_from_down_agents' sleeping for 36.99 seconds {{(pid=104791) _run_loop /opt/stack/data/venv/lib/python3.12/site-packages/oslo_service/backend/_threading/loopingcall.py:125}}
May 20 01:57:38.766855 np0000175157 neutron-periodic-workers[104798]: DEBUG neutron.db.agents_db [None req-8e1d7ff4-415b-4158-a476-d5040897da50 None None] Agent healthcheck: found 0 active agents {{(pid=104798) agent_health_check /opt/stack/neutron/neutron/db/agents_db.py:322}}
May 20 01:57:38.766855 np0000175157 neutron-periodic-workers[104798]: DEBUG oslo.service.backend._threading.loopingcall [None req-8e1d7ff4-415b-4158-a476-d5040897da50 None None] Fixed interval looping call 'neutron.plugins.ml2.plugin.AgentDbMixin.agent_health_check' sleeping for 36.99 seconds {{(pid=104798) _run_loop /opt/stack/data/venv/lib/python3.12/site-packages/oslo_service/backend/_threading/loopingcall.py:125}}
May 20 01:57:39.775679 np0000175157 neutron-periodic-workers[104791]: DEBUG dbcounter [-] [104791] Writing DB stats neutron:SELECT=3 {{(pid=104791) stat_writer /opt/stack/data/venv/lib/python3.12/site-packages/dbcounter.py:115}}
May 20 01:57:48.765213 np0000175157 neutron-periodic-workers[104798]: DEBUG dbcounter [-] [104798] Writing DB stats neutron:SELECT=1 {{(pid=104798) stat_writer /opt/stack/data/venv/lib/python3.12/site-packages/dbcounter.py:115}}
May 20 01:58:06.776025 np0000175157 neutron-periodic-workers[104791]: DEBUG oslo.service.backend._threading.loopingcall [None req-379fb18d-ea9c-413e-942a-9d5e06c1b763 None None] Fixed interval looping call 'neutron.plugins.ml2.plugin.DhcpAgentSchedulerDbMixin.remove_networks_from_down_agents' sleeping for 36.99 seconds {{(pid=104791) _run_loop /opt/stack/data/venv/lib/python3.12/site-packages/oslo_service/backend/_threading/loopingcall.py:125}}
May 20 01:58:15.763536 np0000175157 neutron-periodic-workers[104798]: DEBUG neutron.db.agents_db [None req-8e1d7ff4-415b-4158-a476-d5040897da50 None None] Agent healthcheck: found 0 active agents {{(pid=104798) agent_health_check /opt/stack/neutron/neutron/db/agents_db.py:322}}
May 20 01:58:15.764377 np0000175157 neutron-periodic-workers[104798]: DEBUG oslo.service.backend._threading.loopingcall [None req-8e1d7ff4-415b-4158-a476-d5040897da50 None None] Fixed interval looping call 'neutron.plugins.ml2.plugin.AgentDbMixin.agent_health_check' sleeping for 36.99 seconds {{(pid=104798) _run_loop /opt/stack/data/venv/lib/python3.12/site-packages/oslo_service/backend/_threading/loopingcall.py:125}}
May 20 01:58:16.775087 np0000175157 neutron-periodic-workers[104791]: DEBUG dbcounter [-] [104791] Writing DB stats neutron:SELECT=3 {{(pid=104791) stat_writer /opt/stack/data/venv/lib/python3.12/site-packages/dbcounter.py:115}}
May 20 01:58:25.761172 np0000175157 neutron-periodic-workers[104798]: DEBUG dbcounter [-] [104798] Writing DB stats neutron:SELECT=1 {{(pid=104798) stat_writer /opt/stack/data/venv/lib/python3.12/site-packages/dbcounter.py:115}}
May 20 01:58:43.774066 np0000175157 neutron-periodic-workers[104791]: DEBUG oslo.service.backend._threading.loopingcall [None req-379fb18d-ea9c-413e-942a-9d5e06c1b763 None None] Fixed interval looping call 'neutron.plugins.ml2.plugin.DhcpAgentSchedulerDbMixin.remove_networks_from_down_agents' sleeping for 36.99 seconds {{(pid=104791) _run_loop /opt/stack/data/venv/lib/python3.12/site-packages/oslo_service/backend/_threading/loopingcall.py:125}}
May 20 01:58:44.796828 np0000175157 neutron-periodic-workers[104808]: DEBUG oslo.service.backend._threading.loopingcall [None req-24212f31-ef12-4487-be8e-e2463b7d7fd8 None None] Fixed interval looping call 'neutron.db.quota.driver_nolock.DbQuotaNoLockDriver._remove_expired_reservations' sleeping for 120.00 seconds {{(pid=104808) _run_loop /opt/stack/data/venv/lib/python3.12/site-packages/oslo_service/backend/_threading/loopingcall.py:125}}
May 20 01:58:52.757193 np0000175157 neutron-periodic-workers[104798]: DEBUG neutron.db.agents_db [None req-8e1d7ff4-415b-4158-a476-d5040897da50 None None] Agent healthcheck: found 0 active agents {{(pid=104798) agent_health_check /opt/stack/neutron/neutron/db/agents_db.py:322}}
May 20 01:58:52.757631 np0000175157 neutron-periodic-workers[104798]: DEBUG oslo.service.backend._threading.loopingcall [None req-8e1d7ff4-415b-4158-a476-d5040897da50 None None] Fixed interval looping call 'neutron.plugins.ml2.plugin.AgentDbMixin.agent_health_check' sleeping for 37.00 seconds {{(pid=104798) _run_loop /opt/stack/data/venv/lib/python3.12/site-packages/oslo_service/backend/_threading/loopingcall.py:125}}
May 20 01:58:53.773130 np0000175157 neutron-periodic-workers[104791]: DEBUG dbcounter [-] [104791] Writing DB stats neutron:SELECT=3 {{(pid=104791) stat_writer /opt/stack/data/venv/lib/python3.12/site-packages/dbcounter.py:115}}
May 20 01:58:53.825359 np0000175157 neutron-periodic-workers[104822]: DEBUG oslo.service.backend._threading.loopingcall [None req-7631813f-1236-45d2-81dd-704b0f422e4a None None] Fixed interval looping call 'neutron.services.ovn_l3.plugin.L3_NAT_dbonly_mixin._clean_garbage' sleeping for 299.99 seconds {{(pid=104822) _run_loop /opt/stack/data/venv/lib/python3.12/site-packages/oslo_service/backend/_threading/loopingcall.py:125}}
May 20 01:58:54.795979 np0000175157 neutron-periodic-workers[104808]: DEBUG dbcounter [-] [104808] Writing DB stats neutron:DELETE=1 {{(pid=104808) stat_writer /opt/stack/data/venv/lib/python3.12/site-packages/dbcounter.py:115}}
May 20 01:59:02.756824 np0000175157 neutron-periodic-workers[104798]: DEBUG dbcounter [-] [104798] Writing DB stats neutron:SELECT=1 {{(pid=104798) stat_writer /opt/stack/data/venv/lib/python3.12/site-packages/dbcounter.py:115}}
May 20 01:59:03.818464 np0000175157 neutron-periodic-workers[104822]: DEBUG dbcounter [-] [104822] Writing DB stats neutron:SELECT=1 {{(pid=104822) stat_writer /opt/stack/data/venv/lib/python3.12/site-packages/dbcounter.py:115}}
May 20 01:59:20.773870 np0000175157 neutron-periodic-workers[104791]: DEBUG oslo.service.backend._threading.loopingcall [None req-379fb18d-ea9c-413e-942a-9d5e06c1b763 None None] Fixed interval looping call 'neutron.plugins.ml2.plugin.DhcpAgentSchedulerDbMixin.remove_networks_from_down_agents' sleeping for 36.99 seconds {{(pid=104791) _run_loop /opt/stack/data/venv/lib/python3.12/site-packages/oslo_service/backend/_threading/loopingcall.py:125}}