Apr 02 10:46:55.081776 np0000162870 systemd[1]: Starting devstack@n-api-meta.service - Devstack devstack@n-api-meta.service...
Apr 02 10:46:55.090873 np0000162870 devstack@n-api-meta.service[107269]: [uWSGI] getting INI configuration from /etc/nova/nova-metadata-uwsgi.ini
Apr 02 10:46:55.091439 np0000162870 devstack@n-api-meta.service[107269]: open("./http_plugin.so"): No such file or directory [core/utils.c line 3709]
Apr 02 10:46:55.091439 np0000162870 devstack@n-api-meta.service[107269]: !!! UNABLE to load uWSGI plugin: ./http_plugin.so: cannot open shared object file: No such file or directory !!!
Apr 02 10:46:55.091439 np0000162870 devstack@n-api-meta.service[107269]: open("./python3_plugin.so"): No such file or directory [core/utils.c line 3709]
Apr 02 10:46:55.091439 np0000162870 devstack@n-api-meta.service[107269]: !!! UNABLE to load uWSGI plugin: ./python3_plugin.so: cannot open shared object file: No such file or directory !!!
Apr 02 10:46:55.091439 np0000162870 devstack@n-api-meta.service[107269]: *** Starting uWSGI 2.0.31 (64bit) on [Thu Apr 2 10:46:55 2026] ***
Apr 02 10:46:55.091439 np0000162870 devstack@n-api-meta.service[107269]: compiled with version: 13.3.0 on 02 April 2026 10:36:38
Apr 02 10:46:55.091439 np0000162870 devstack@n-api-meta.service[107269]: os: Linux-6.8.0-107-generic #107-Ubuntu SMP PREEMPT_DYNAMIC Fri Mar 13 19:51:50 UTC 2026
Apr 02 10:46:55.091439 np0000162870 devstack@n-api-meta.service[107269]: nodename: np0000162870
Apr 02 10:46:55.091439 np0000162870 devstack@n-api-meta.service[107269]: machine: x86_64
Apr 02 10:46:55.091439 np0000162870 devstack@n-api-meta.service[107269]: clock source: unix
Apr 02 10:46:55.091439 np0000162870 devstack@n-api-meta.service[107269]: pcre jit disabled
Apr 02 10:46:55.091439 np0000162870 devstack@n-api-meta.service[107269]: detected number of CPU cores: 16
Apr 02 10:46:55.091439 np0000162870 devstack@n-api-meta.service[107269]: current working directory: /
Apr 02 10:46:55.091439 np0000162870 devstack@n-api-meta.service[107269]: detected binary path: /opt/stack/data/venv/bin/uwsgi
Apr 02 10:46:55.091439 np0000162870 devstack@n-api-meta.service[107269]: your processes number limit is 256917
Apr 02 10:46:55.091439 np0000162870 devstack@n-api-meta.service[107269]: your memory page size is 4096 bytes
Apr 02 10:46:55.091439 np0000162870 devstack@n-api-meta.service[107269]: detected max file descriptor number: 2048
Apr 02 10:46:55.091439 np0000162870 devstack@n-api-meta.service[107269]: lock engine: pthread robust mutexes
Apr 02 10:46:55.091439 np0000162870 devstack@n-api-meta.service[107269]: thunder lock: enabled
Apr 02 10:46:55.092555 np0000162870 devstack@n-api-meta.service[107269]: uWSGI http bound on 0.0.0.0:8775 fd 5
Apr 02 10:46:55.092555 np0000162870 devstack@n-api-meta.service[107269]: uwsgi socket 0 bound to TCP address 127.0.0.1:38067 (port auto-assigned) fd 4
Apr 02 10:46:55.092555 np0000162870 devstack@n-api-meta.service[107269]: Python version: 3.12.3 (main, Mar 3 2026, 12:15:18) [GCC 13.3.0]
Apr 02 10:46:55.092555 np0000162870 devstack@n-api-meta.service[107269]: PEP 405 virtualenv detected: /opt/stack/data/venv
Apr 02 10:46:55.092555 np0000162870 devstack@n-api-meta.service[107269]: Set PythonHome to /opt/stack/data/venv
Apr 02 10:46:55.127699 np0000162870 devstack@n-api-meta.service[107269]: Python main interpreter initialized at 0x72fc19aa3668
Apr 02 10:46:55.127699 np0000162870 devstack@n-api-meta.service[107269]: python threads support enabled
Apr 02 10:46:55.127699 np0000162870 devstack@n-api-meta.service[107269]: your server socket listen backlog is limited to 100 connections
Apr 02 10:46:55.127699 np0000162870 devstack@n-api-meta.service[107269]: your mercy for graceful operations on workers is 80 seconds
Apr 02 10:46:55.128322 np0000162870 devstack@n-api-meta.service[107269]: mapped 671795 bytes (656 KB) for 4 cores
Apr 02 10:46:55.128475 np0000162870 devstack@n-api-meta.service[107269]: *** Operational MODE: preforking ***
Apr 02 10:46:55.128701 np0000162870 devstack@n-api-meta.service[107269]: *** uWSGI is running in multiple interpreter mode ***
Apr 02 10:46:55.128701 np0000162870 devstack@n-api-meta.service[107269]: spawned uWSGI master process (pid: 107269)
Apr 02 10:46:55.128974 np0000162870 systemd[1]: Started devstack@n-api-meta.service - Devstack devstack@n-api-meta.service.
Apr 02 10:46:55.129523 np0000162870 devstack@n-api-meta.service[107269]: spawned uWSGI worker 1 (pid: 107270, cores: 1)
Apr 02 10:46:55.130025 np0000162870 devstack@n-api-meta.service[107269]: spawned uWSGI worker 2 (pid: 107271, cores: 1)
Apr 02 10:46:55.130784 np0000162870 devstack@n-api-meta.service[107269]: spawned uWSGI worker 3 (pid: 107272, cores: 1)
Apr 02 10:46:55.131381 np0000162870 devstack@n-api-meta.service[107269]: spawned uWSGI worker 4 (pid: 107273, cores: 1)
Apr 02 10:46:55.131985 np0000162870 devstack@n-api-meta.service[107269]: spawned uWSGI http 1 (pid: 107274)
Apr 02 10:46:55.131985 np0000162870 devstack@n-api-meta.service[107269]: running "unix_signal:15 gracefully_kill_them_all" (master-start)...
Apr 02 10:46:55.476388 np0000162870 devstack@n-api-meta.service[107272]: Service is starting with native threading. This is currently experimental. Do not use it in production without first testing it in pre-production.
Apr 02 10:46:55.481210 np0000162870 devstack@n-api-meta.service[107270]: Service is starting with native threading. This is currently experimental. Do not use it in production without first testing it in pre-production.
Apr 02 10:46:55.486872 np0000162870 devstack@n-api-meta.service[107271]: Service is starting with native threading. This is currently experimental. Do not use it in production without first testing it in pre-production.
Apr 02 10:46:55.524580 np0000162870 devstack@n-api-meta.service[107273]: Service is starting with native threading. This is currently experimental. Do not use it in production without first testing it in pre-production.
Apr 02 10:46:56.907390 np0000162870 devstack@n-api-meta.service[107270]: INFO dbcounter [None req-653d3dc8-b626-49a3-a918-b9ca80fd40a1 None None] Registered counter for database nova_api
Apr 02 10:46:56.923232 np0000162870 devstack@n-api-meta.service[107270]: DEBUG oslo_db.sqlalchemy.engines [None req-653d3dc8-b626-49a3-a918-b9ca80fd40a1 None None] MySQL server mode set to STRICT_TRANS_TABLES,STRICT_ALL_TABLES,NO_ZERO_IN_DATE,NO_ZERO_DATE,ERROR_FOR_DIVISION_BY_ZERO,TRADITIONAL,NO_ENGINE_SUBSTITUTION {{(pid=107270) _check_effective_sql_mode /opt/stack/data/venv/lib/python3.12/site-packages/oslo_db/sqlalchemy/engines.py:325}}
Apr 02 10:46:56.957063 np0000162870 devstack@n-api-meta.service[107270]: DEBUG dbcounter [-] [107270] Writer thread running {{(pid=107270) stat_writer /opt/stack/data/venv/lib/python3.12/site-packages/dbcounter.py:102}}
Apr 02 10:46:56.960280 np0000162870 devstack@n-api-meta.service[107270]: DEBUG nova.context [None req-653d3dc8-b626-49a3-a918-b9ca80fd40a1 None None] Found 2 cells: 00000000-0000-0000-0000-000000000000(cell0),cb0289cb-16df-48a8-912f-064f3c751a2a(cell1) {{(pid=107270) load_cells /opt/stack/nova/nova/context.py:509}}
Apr 02 10:46:56.960280 np0000162870 devstack@n-api-meta.service[107270]: INFO nova.utils [None req-653d3dc8-b626-49a3-a918-b9ca80fd40a1 None None] The cell worker thread pool MainProcess.cell_worker is initialized
Apr 02 10:46:56.961339 np0000162870 devstack@n-api-meta.service[107270]: DEBUG oslo_concurrency.lockutils [None req-653d3dc8-b626-49a3-a918-b9ca80fd40a1 None None] Acquiring lock "00000000-0000-0000-0000-000000000000" by "nova.context.set_target_cell..get_or_set_cached_cell_and_set_connections" {{(pid=107270) inner /opt/stack/data/venv/lib/python3.12/site-packages/oslo_concurrency/lockutils.py:506}}
Apr 02 10:46:56.961495 np0000162870 devstack@n-api-meta.service[107270]: DEBUG oslo_concurrency.lockutils [None req-653d3dc8-b626-49a3-a918-b9ca80fd40a1 None None] Lock "00000000-0000-0000-0000-000000000000" acquired by "nova.context.set_target_cell..get_or_set_cached_cell_and_set_connections" :: waited 0.000s {{(pid=107270) inner /opt/stack/data/venv/lib/python3.12/site-packages/oslo_concurrency/lockutils.py:519}}
Apr 02 10:46:56.961856 np0000162870 devstack@n-api-meta.service[107270]: DEBUG oslo_concurrency.lockutils [None req-653d3dc8-b626-49a3-a918-b9ca80fd40a1 None None] Lock "00000000-0000-0000-0000-000000000000" "released" by "nova.context.set_target_cell..get_or_set_cached_cell_and_set_connections" :: held 0.000s {{(pid=107270) inner /opt/stack/data/venv/lib/python3.12/site-packages/oslo_concurrency/lockutils.py:538}}
Apr 02 10:46:56.962529 np0000162870 devstack@n-api-meta.service[107270]: DEBUG oslo_concurrency.lockutils [None req-653d3dc8-b626-49a3-a918-b9ca80fd40a1 None None] Acquiring lock "cb0289cb-16df-48a8-912f-064f3c751a2a" by "nova.context.set_target_cell..get_or_set_cached_cell_and_set_connections" {{(pid=107270) inner /opt/stack/data/venv/lib/python3.12/site-packages/oslo_concurrency/lockutils.py:506}}
Apr 02 10:46:56.964463 np0000162870 devstack@n-api-meta.service[107270]: INFO dbcounter [None req-653d3dc8-b626-49a3-a918-b9ca80fd40a1 None None] Registered counter for database nova_cell0
Apr 02 10:46:56.966668 np0000162870 devstack@n-api-meta.service[107270]: DEBUG oslo_concurrency.lockutils [None req-653d3dc8-b626-49a3-a918-b9ca80fd40a1 None None] Lock "cb0289cb-16df-48a8-912f-064f3c751a2a" acquired by "nova.context.set_target_cell..get_or_set_cached_cell_and_set_connections" :: waited 0.002s {{(pid=107270) inner /opt/stack/data/venv/lib/python3.12/site-packages/oslo_concurrency/lockutils.py:519}}
Apr 02 10:46:56.967733 np0000162870 devstack@n-api-meta.service[107270]: DEBUG oslo_concurrency.lockutils [None req-653d3dc8-b626-49a3-a918-b9ca80fd40a1 None None] Lock "cb0289cb-16df-48a8-912f-064f3c751a2a" "released" by "nova.context.set_target_cell..get_or_set_cached_cell_and_set_connections" :: held 0.003s {{(pid=107270) inner /opt/stack/data/venv/lib/python3.12/site-packages/oslo_concurrency/lockutils.py:538}}
Apr 02 10:46:56.973044 np0000162870 devstack@n-api-meta.service[107270]: INFO dbcounter [None req-653d3dc8-b626-49a3-a918-b9ca80fd40a1 None None] Registered counter for database nova_cell1
Apr 02 10:46:56.984082 np0000162870 devstack@n-api-meta.service[107270]: DEBUG oslo_db.sqlalchemy.engines [None req-653d3dc8-b626-49a3-a918-b9ca80fd40a1 None None] MySQL server mode set to STRICT_TRANS_TABLES,STRICT_ALL_TABLES,NO_ZERO_IN_DATE,NO_ZERO_DATE,ERROR_FOR_DIVISION_BY_ZERO,TRADITIONAL,NO_ENGINE_SUBSTITUTION {{(pid=107270) _check_effective_sql_mode /opt/stack/data/venv/lib/python3.12/site-packages/oslo_db/sqlalchemy/engines.py:325}}
Apr 02 10:46:56.995543 np0000162870 devstack@n-api-meta.service[107270]: DEBUG oslo_db.sqlalchemy.engines [None req-653d3dc8-b626-49a3-a918-b9ca80fd40a1 None None] MySQL server mode set to STRICT_TRANS_TABLES,STRICT_ALL_TABLES,NO_ZERO_IN_DATE,NO_ZERO_DATE,ERROR_FOR_DIVISION_BY_ZERO,TRADITIONAL,NO_ENGINE_SUBSTITUTION {{(pid=107270) _check_effective_sql_mode /opt/stack/data/venv/lib/python3.12/site-packages/oslo_db/sqlalchemy/engines.py:325}}
Apr 02 10:46:56.998772 np0000162870 devstack@n-api-meta.service[107271]: INFO dbcounter [None req-d255c2e0-bce8-4594-810e-16aeddd4e5f1 None None] Registered counter for database nova_api
Apr 02 10:46:57.019424 np0000162870 devstack@n-api-meta.service[107272]: INFO dbcounter [None req-9b5e9bfc-24ce-4d29-8dcc-d765b2afa796 None None] Registered counter for database nova_api
Apr 02 10:46:57.020199 np0000162870 devstack@n-api-meta.service[107271]: DEBUG oslo_db.sqlalchemy.engines [None req-d255c2e0-bce8-4594-810e-16aeddd4e5f1 None None] MySQL server mode set to STRICT_TRANS_TABLES,STRICT_ALL_TABLES,NO_ZERO_IN_DATE,NO_ZERO_DATE,ERROR_FOR_DIVISION_BY_ZERO,TRADITIONAL,NO_ENGINE_SUBSTITUTION {{(pid=107271) _check_effective_sql_mode /opt/stack/data/venv/lib/python3.12/site-packages/oslo_db/sqlalchemy/engines.py:325}}
Apr 02 10:46:57.036074 np0000162870 devstack@n-api-meta.service[107272]: DEBUG oslo_db.sqlalchemy.engines [None req-9b5e9bfc-24ce-4d29-8dcc-d765b2afa796 None None] MySQL server mode set to STRICT_TRANS_TABLES,STRICT_ALL_TABLES,NO_ZERO_IN_DATE,NO_ZERO_DATE,ERROR_FOR_DIVISION_BY_ZERO,TRADITIONAL,NO_ENGINE_SUBSTITUTION {{(pid=107272) _check_effective_sql_mode /opt/stack/data/venv/lib/python3.12/site-packages/oslo_db/sqlalchemy/engines.py:325}}
Apr 02 10:46:57.046953 np0000162870 devstack@n-api-meta.service[107273]: INFO dbcounter [None req-47eee944-423c-4615-873b-72071b19be93 None None] Registered counter for database nova_api
Apr 02 10:46:57.060590 np0000162870 devstack@n-api-meta.service[107271]: DEBUG dbcounter [-] [107271] Writer thread running {{(pid=107271) stat_writer /opt/stack/data/venv/lib/python3.12/site-packages/dbcounter.py:102}}
Apr 02 10:46:57.063956 np0000162870 devstack@n-api-meta.service[107271]: DEBUG nova.context [None req-d255c2e0-bce8-4594-810e-16aeddd4e5f1 None None] Found 2 cells: 00000000-0000-0000-0000-000000000000(cell0),cb0289cb-16df-48a8-912f-064f3c751a2a(cell1) {{(pid=107271) load_cells /opt/stack/nova/nova/context.py:509}}
Apr 02 10:46:57.064225 np0000162870 devstack@n-api-meta.service[107271]: INFO nova.utils [None req-d255c2e0-bce8-4594-810e-16aeddd4e5f1 None None] The cell worker thread pool MainProcess.cell_worker is initialized
Apr 02 10:46:57.065302 np0000162870 devstack@n-api-meta.service[107273]: DEBUG oslo_db.sqlalchemy.engines [None req-47eee944-423c-4615-873b-72071b19be93 None None] MySQL server mode set to STRICT_TRANS_TABLES,STRICT_ALL_TABLES,NO_ZERO_IN_DATE,NO_ZERO_DATE,ERROR_FOR_DIVISION_BY_ZERO,TRADITIONAL,NO_ENGINE_SUBSTITUTION {{(pid=107273) _check_effective_sql_mode /opt/stack/data/venv/lib/python3.12/site-packages/oslo_db/sqlalchemy/engines.py:325}}
Apr 02 10:46:57.067125 np0000162870 devstack@n-api-meta.service[107271]: DEBUG oslo_concurrency.lockutils [None req-d255c2e0-bce8-4594-810e-16aeddd4e5f1 None None] Acquiring lock "00000000-0000-0000-0000-000000000000" by "nova.context.set_target_cell..get_or_set_cached_cell_and_set_connections" {{(pid=107271) inner /opt/stack/data/venv/lib/python3.12/site-packages/oslo_concurrency/lockutils.py:506}}
Apr 02 10:46:57.067432 np0000162870 devstack@n-api-meta.service[107271]: DEBUG oslo_concurrency.lockutils [None req-d255c2e0-bce8-4594-810e-16aeddd4e5f1 None None] Lock "00000000-0000-0000-0000-000000000000" acquired by "nova.context.set_target_cell..get_or_set_cached_cell_and_set_connections" :: waited 0.000s {{(pid=107271) inner /opt/stack/data/venv/lib/python3.12/site-packages/oslo_concurrency/lockutils.py:519}}
Apr 02 10:46:57.068156 np0000162870 devstack@n-api-meta.service[107271]: DEBUG oslo_concurrency.lockutils [None req-d255c2e0-bce8-4594-810e-16aeddd4e5f1 None None] Lock "00000000-0000-0000-0000-000000000000" "released" by "nova.context.set_target_cell..get_or_set_cached_cell_and_set_connections" :: held 0.001s {{(pid=107271) inner /opt/stack/data/venv/lib/python3.12/site-packages/oslo_concurrency/lockutils.py:538}}
Apr 02 10:46:57.069345 np0000162870 devstack@n-api-meta.service[107271]: DEBUG oslo_concurrency.lockutils [None req-d255c2e0-bce8-4594-810e-16aeddd4e5f1 None None] Acquiring lock "cb0289cb-16df-48a8-912f-064f3c751a2a" by "nova.context.set_target_cell..get_or_set_cached_cell_and_set_connections" {{(pid=107271) inner /opt/stack/data/venv/lib/python3.12/site-packages/oslo_concurrency/lockutils.py:506}}
Apr 02 10:46:57.071481 np0000162870 devstack@n-api-meta.service[107272]: DEBUG dbcounter [-] [107272] Writer thread running {{(pid=107272) stat_writer /opt/stack/data/venv/lib/python3.12/site-packages/dbcounter.py:102}}
Apr 02 10:46:57.072078 np0000162870 devstack@n-api-meta.service[107271]: DEBUG oslo_concurrency.lockutils [None req-d255c2e0-bce8-4594-810e-16aeddd4e5f1 None None] Lock "cb0289cb-16df-48a8-912f-064f3c751a2a" acquired by "nova.context.set_target_cell..get_or_set_cached_cell_and_set_connections" :: waited 0.003s {{(pid=107271) inner /opt/stack/data/venv/lib/python3.12/site-packages/oslo_concurrency/lockutils.py:519}}
Apr 02 10:46:57.074179 np0000162870 devstack@n-api-meta.service[107271]: INFO dbcounter [None req-d255c2e0-bce8-4594-810e-16aeddd4e5f1 None None] Registered counter for database nova_cell0
Apr 02 10:46:57.074476 np0000162870 devstack@n-api-meta.service[107272]: DEBUG nova.context [None req-9b5e9bfc-24ce-4d29-8dcc-d765b2afa796 None None] Found 2 cells: 00000000-0000-0000-0000-000000000000(cell0),cb0289cb-16df-48a8-912f-064f3c751a2a(cell1) {{(pid=107272) load_cells /opt/stack/nova/nova/context.py:509}}
Apr 02 10:46:57.074720 np0000162870 devstack@n-api-meta.service[107272]: INFO nova.utils [None req-9b5e9bfc-24ce-4d29-8dcc-d765b2afa796 None None] The cell worker thread pool MainProcess.cell_worker is initialized
Apr 02 10:46:57.076296 np0000162870 devstack@n-api-meta.service[107271]: DEBUG oslo_concurrency.lockutils [None req-d255c2e0-bce8-4594-810e-16aeddd4e5f1 None None] Lock "cb0289cb-16df-48a8-912f-064f3c751a2a" "released" by "nova.context.set_target_cell..get_or_set_cached_cell_and_set_connections" :: held 0.002s {{(pid=107271) inner /opt/stack/data/venv/lib/python3.12/site-packages/oslo_concurrency/lockutils.py:538}}
Apr 02 10:46:57.076696 np0000162870 devstack@n-api-meta.service[107272]: DEBUG oslo_concurrency.lockutils [None req-9b5e9bfc-24ce-4d29-8dcc-d765b2afa796 None None] Acquiring lock "00000000-0000-0000-0000-000000000000" by "nova.context.set_target_cell..get_or_set_cached_cell_and_set_connections" {{(pid=107272) inner /opt/stack/data/venv/lib/python3.12/site-packages/oslo_concurrency/lockutils.py:506}}
Apr 02 10:46:57.076948 np0000162870 devstack@n-api-meta.service[107272]: DEBUG oslo_concurrency.lockutils [None req-9b5e9bfc-24ce-4d29-8dcc-d765b2afa796 None None] Lock "00000000-0000-0000-0000-000000000000" acquired by "nova.context.set_target_cell..get_or_set_cached_cell_and_set_connections" :: waited 0.000s {{(pid=107272) inner /opt/stack/data/venv/lib/python3.12/site-packages/oslo_concurrency/lockutils.py:519}}
Apr 02 10:46:57.077276 np0000162870 devstack@n-api-meta.service[107272]: DEBUG oslo_concurrency.lockutils [None req-9b5e9bfc-24ce-4d29-8dcc-d765b2afa796 None None] Lock "00000000-0000-0000-0000-000000000000" "released" by "nova.context.set_target_cell..get_or_set_cached_cell_and_set_connections" :: held 0.000s {{(pid=107272) inner /opt/stack/data/venv/lib/python3.12/site-packages/oslo_concurrency/lockutils.py:538}}
Apr 02 10:46:57.078123 np0000162870 devstack@n-api-meta.service[107272]: DEBUG oslo_concurrency.lockutils [None req-9b5e9bfc-24ce-4d29-8dcc-d765b2afa796 None None] Acquiring lock "cb0289cb-16df-48a8-912f-064f3c751a2a" by "nova.context.set_target_cell..get_or_set_cached_cell_and_set_connections" {{(pid=107272) inner /opt/stack/data/venv/lib/python3.12/site-packages/oslo_concurrency/lockutils.py:506}}
Apr 02 10:46:57.078233 np0000162870 devstack@n-api-meta.service[107272]: DEBUG oslo_concurrency.lockutils [None req-9b5e9bfc-24ce-4d29-8dcc-d765b2afa796 None None] Lock "cb0289cb-16df-48a8-912f-064f3c751a2a" acquired by "nova.context.set_target_cell..get_or_set_cached_cell_and_set_connections" :: waited 0.000s {{(pid=107272) inner /opt/stack/data/venv/lib/python3.12/site-packages/oslo_concurrency/lockutils.py:519}}
Apr 02 10:46:57.079112 np0000162870 devstack@n-api-meta.service[107272]: DEBUG oslo_concurrency.lockutils [None req-9b5e9bfc-24ce-4d29-8dcc-d765b2afa796 None None] Lock "cb0289cb-16df-48a8-912f-064f3c751a2a" "released" by "nova.context.set_target_cell..get_or_set_cached_cell_and_set_connections" :: held 0.001s {{(pid=107272) inner /opt/stack/data/venv/lib/python3.12/site-packages/oslo_concurrency/lockutils.py:538}}
Apr 02 10:46:57.081168 np0000162870 devstack@n-api-meta.service[107271]: INFO dbcounter [None req-d255c2e0-bce8-4594-810e-16aeddd4e5f1 None None] Registered counter for database nova_cell1
Apr 02 10:46:57.082053 np0000162870 devstack@n-api-meta.service[107272]: INFO dbcounter [None req-9b5e9bfc-24ce-4d29-8dcc-d765b2afa796 None None] Registered counter for database nova_cell0
Apr 02 10:46:57.090047 np0000162870 devstack@n-api-meta.service[107272]: INFO dbcounter [None req-9b5e9bfc-24ce-4d29-8dcc-d765b2afa796 None None] Registered counter for database nova_cell1
Apr 02 10:46:57.090938 np0000162870 devstack@n-api-meta.service[107271]: DEBUG oslo_db.sqlalchemy.engines [None req-d255c2e0-bce8-4594-810e-16aeddd4e5f1 None None] MySQL server mode set to STRICT_TRANS_TABLES,STRICT_ALL_TABLES,NO_ZERO_IN_DATE,NO_ZERO_DATE,ERROR_FOR_DIVISION_BY_ZERO,TRADITIONAL,NO_ENGINE_SUBSTITUTION {{(pid=107271) _check_effective_sql_mode /opt/stack/data/venv/lib/python3.12/site-packages/oslo_db/sqlalchemy/engines.py:325}}
Apr 02 10:46:57.091217 np0000162870 devstack@n-api-meta.service[107270]: DEBUG dbcounter [-] [107270] Writer thread running {{(pid=107270) stat_writer /opt/stack/data/venv/lib/python3.12/site-packages/dbcounter.py:102}}
Apr 02 10:46:57.095010 np0000162870 devstack@n-api-meta.service[107271]: DEBUG oslo_db.sqlalchemy.engines [None req-d255c2e0-bce8-4594-810e-16aeddd4e5f1 None None] MySQL server mode set to STRICT_TRANS_TABLES,STRICT_ALL_TABLES,NO_ZERO_IN_DATE,NO_ZERO_DATE,ERROR_FOR_DIVISION_BY_ZERO,TRADITIONAL,NO_ENGINE_SUBSTITUTION {{(pid=107271) _check_effective_sql_mode /opt/stack/data/venv/lib/python3.12/site-packages/oslo_db/sqlalchemy/engines.py:325}}
Apr 02 10:46:57.098352 np0000162870 devstack@n-api-meta.service[107270]: DEBUG dbcounter [-] [107270] Writer thread running {{(pid=107270) stat_writer /opt/stack/data/venv/lib/python3.12/site-packages/dbcounter.py:102}}
Apr 02 10:46:57.099466 np0000162870 devstack@n-api-meta.service[107272]: DEBUG oslo_db.sqlalchemy.engines [None req-9b5e9bfc-24ce-4d29-8dcc-d765b2afa796 None None] MySQL server mode set to STRICT_TRANS_TABLES,STRICT_ALL_TABLES,NO_ZERO_IN_DATE,NO_ZERO_DATE,ERROR_FOR_DIVISION_BY_ZERO,TRADITIONAL,NO_ENGINE_SUBSTITUTION {{(pid=107272) _check_effective_sql_mode /opt/stack/data/venv/lib/python3.12/site-packages/oslo_db/sqlalchemy/engines.py:325}}
Apr 02 10:46:57.102529 np0000162870 devstack@n-api-meta.service[107273]: DEBUG dbcounter [-] [107273] Writer thread running {{(pid=107273) stat_writer /opt/stack/data/venv/lib/python3.12/site-packages/dbcounter.py:102}}
Apr 02 10:46:57.103430 np0000162870 devstack@n-api-meta.service[107270]: INFO dbcounter [None req-653d3dc8-b626-49a3-a918-b9ca80fd40a1 None None] Registered counter for database nova_cell0
Apr 02 10:46:57.103876 np0000162870 devstack@n-api-meta.service[107272]: DEBUG oslo_db.sqlalchemy.engines [None req-9b5e9bfc-24ce-4d29-8dcc-d765b2afa796 None None] MySQL server mode set to STRICT_TRANS_TABLES,STRICT_ALL_TABLES,NO_ZERO_IN_DATE,NO_ZERO_DATE,ERROR_FOR_DIVISION_BY_ZERO,TRADITIONAL,NO_ENGINE_SUBSTITUTION {{(pid=107272) _check_effective_sql_mode /opt/stack/data/venv/lib/python3.12/site-packages/oslo_db/sqlalchemy/engines.py:325}}
Apr 02 10:46:57.105899 np0000162870 devstack@n-api-meta.service[107273]: DEBUG nova.context [None req-47eee944-423c-4615-873b-72071b19be93 None None] Found 2 cells: 00000000-0000-0000-0000-000000000000(cell0),cb0289cb-16df-48a8-912f-064f3c751a2a(cell1) {{(pid=107273) load_cells /opt/stack/nova/nova/context.py:509}}
Apr 02 10:46:57.106142 np0000162870 devstack@n-api-meta.service[107273]: INFO nova.utils [None req-47eee944-423c-4615-873b-72071b19be93 None None] The cell worker thread pool MainProcess.cell_worker is initialized
Apr 02 10:46:57.108120 np0000162870 devstack@n-api-meta.service[107273]: DEBUG oslo_concurrency.lockutils [None req-47eee944-423c-4615-873b-72071b19be93 None None] Acquiring lock "00000000-0000-0000-0000-000000000000" by "nova.context.set_target_cell..get_or_set_cached_cell_and_set_connections" {{(pid=107273) inner /opt/stack/data/venv/lib/python3.12/site-packages/oslo_concurrency/lockutils.py:506}}
Apr 02 10:46:57.108284 np0000162870 devstack@n-api-meta.service[107273]: DEBUG oslo_concurrency.lockutils [None req-47eee944-423c-4615-873b-72071b19be93 None None] Lock "00000000-0000-0000-0000-000000000000" acquired by "nova.context.set_target_cell..get_or_set_cached_cell_and_set_connections" :: waited 0.000s {{(pid=107273) inner /opt/stack/data/venv/lib/python3.12/site-packages/oslo_concurrency/lockutils.py:519}}
Apr 02 10:46:57.108690 np0000162870 devstack@n-api-meta.service[107273]: DEBUG oslo_concurrency.lockutils [None req-47eee944-423c-4615-873b-72071b19be93 None None] Lock "00000000-0000-0000-0000-000000000000" "released" by "nova.context.set_target_cell..get_or_set_cached_cell_and_set_connections" :: held 0.000s {{(pid=107273) inner /opt/stack/data/venv/lib/python3.12/site-packages/oslo_concurrency/lockutils.py:538}}
Apr 02 10:46:57.109499 np0000162870 devstack@n-api-meta.service[107273]: DEBUG oslo_concurrency.lockutils [None req-47eee944-423c-4615-873b-72071b19be93 None None] Acquiring lock "cb0289cb-16df-48a8-912f-064f3c751a2a" by "nova.context.set_target_cell..get_or_set_cached_cell_and_set_connections" {{(pid=107273) inner /opt/stack/data/venv/lib/python3.12/site-packages/oslo_concurrency/lockutils.py:506}}
Apr 02 10:46:57.109658 np0000162870 devstack@n-api-meta.service[107273]: DEBUG oslo_concurrency.lockutils [None req-47eee944-423c-4615-873b-72071b19be93 None None] Lock "cb0289cb-16df-48a8-912f-064f3c751a2a" acquired by "nova.context.set_target_cell..get_or_set_cached_cell_and_set_connections" :: waited 0.000s {{(pid=107273) inner /opt/stack/data/venv/lib/python3.12/site-packages/oslo_concurrency/lockutils.py:519}}
Apr 02 10:46:57.113233 np0000162870 devstack@n-api-meta.service[107273]: INFO dbcounter [None req-47eee944-423c-4615-873b-72071b19be93 None None] Registered counter for database nova_cell0
Apr 02 10:46:57.117254 np0000162870 devstack@n-api-meta.service[107273]: DEBUG oslo_concurrency.lockutils [None req-47eee944-423c-4615-873b-72071b19be93 None None] Lock "cb0289cb-16df-48a8-912f-064f3c751a2a" "released" by "nova.context.set_target_cell..get_or_set_cached_cell_and_set_connections" :: held 0.003s {{(pid=107273) inner /opt/stack/data/venv/lib/python3.12/site-packages/oslo_concurrency/lockutils.py:538}}
Apr 02 10:46:57.121980 np0000162870 devstack@n-api-meta.service[107273]: INFO dbcounter [None req-47eee944-423c-4615-873b-72071b19be93 None None] Registered counter for database nova_cell1
Apr 02 10:46:57.122551 np0000162870 devstack@n-api-meta.service[107270]: DEBUG oslo_db.sqlalchemy.engines [None req-653d3dc8-b626-49a3-a918-b9ca80fd40a1 None None] MySQL server mode set to STRICT_TRANS_TABLES,STRICT_ALL_TABLES,NO_ZERO_IN_DATE,NO_ZERO_DATE,ERROR_FOR_DIVISION_BY_ZERO,TRADITIONAL,NO_ENGINE_SUBSTITUTION {{(pid=107270) _check_effective_sql_mode /opt/stack/data/venv/lib/python3.12/site-packages/oslo_db/sqlalchemy/engines.py:325}}
Apr 02 10:46:57.131915 np0000162870 devstack@n-api-meta.service[107270]: DEBUG dbcounter [-] [107270] Writer thread running {{(pid=107270) stat_writer /opt/stack/data/venv/lib/python3.12/site-packages/dbcounter.py:102}}
Apr 02 10:46:57.133360 np0000162870 devstack@n-api-meta.service[107273]: DEBUG oslo_db.sqlalchemy.engines [None req-47eee944-423c-4615-873b-72071b19be93 None None] MySQL server mode set to STRICT_TRANS_TABLES,STRICT_ALL_TABLES,NO_ZERO_IN_DATE,NO_ZERO_DATE,ERROR_FOR_DIVISION_BY_ZERO,TRADITIONAL,NO_ENGINE_SUBSTITUTION {{(pid=107273) _check_effective_sql_mode /opt/stack/data/venv/lib/python3.12/site-packages/oslo_db/sqlalchemy/engines.py:325}}
Apr 02 10:46:57.140137 np0000162870 devstack@n-api-meta.service[107273]: DEBUG oslo_db.sqlalchemy.engines [None req-47eee944-423c-4615-873b-72071b19be93 None None] MySQL server mode set to STRICT_TRANS_TABLES,STRICT_ALL_TABLES,NO_ZERO_IN_DATE,NO_ZERO_DATE,ERROR_FOR_DIVISION_BY_ZERO,TRADITIONAL,NO_ENGINE_SUBSTITUTION {{(pid=107273) _check_effective_sql_mode /opt/stack/data/venv/lib/python3.12/site-packages/oslo_db/sqlalchemy/engines.py:325}}
Apr 02 10:46:57.181115 np0000162870 devstack@n-api-meta.service[107270]: WARNING nova.api.metadata.handler [None req-653d3dc8-b626-49a3-a918-b9ca80fd40a1 None None] metadata_proxy_shared_secret is not configured, the metadata information returned by the proxy cannot be trusted
Apr 02 10:46:57.183762 np0000162870 devstack@n-api-meta.service[107270]: DEBUG nova.api.openstack.wsgi_app [None req-653d3dc8-b626-49a3-a918-b9ca80fd40a1 None None] ******************************************************************************** {{(pid=107270) log_opt_values /opt/stack/data/venv/lib/python3.12/site-packages/oslo_config/cfg.py:2979}}
Apr 02 10:46:57.183919 np0000162870 devstack@n-api-meta.service[107270]: DEBUG nova.api.openstack.wsgi_app [None req-653d3dc8-b626-49a3-a918-b9ca80fd40a1 None None] Configuration options gathered from: {{(pid=107270) log_opt_values /opt/stack/data/venv/lib/python3.12/site-packages/oslo_config/cfg.py:2980}}
Apr 02 10:46:57.183986 np0000162870 devstack@n-api-meta.service[107270]: DEBUG nova.api.openstack.wsgi_app [None req-653d3dc8-b626-49a3-a918-b9ca80fd40a1 None None] command line args: [] {{(pid=107270) log_opt_values /opt/stack/data/venv/lib/python3.12/site-packages/oslo_config/cfg.py:2981}}
Apr 02 10:46:57.184393 np0000162870 devstack@n-api-meta.service[107270]: DEBUG nova.api.openstack.wsgi_app [None req-653d3dc8-b626-49a3-a918-b9ca80fd40a1 None None] config files: ['/etc/nova/api-paste.ini', '/etc/nova/nova.conf'] {{(pid=107270) log_opt_values /opt/stack/data/venv/lib/python3.12/site-packages/oslo_config/cfg.py:2982}}
Apr 02 10:46:57.184475 np0000162870 devstack@n-api-meta.service[107270]: DEBUG nova.api.openstack.wsgi_app [None req-653d3dc8-b626-49a3-a918-b9ca80fd40a1 None None] ================================================================================ {{(pid=107270) log_opt_values /opt/stack/data/venv/lib/python3.12/site-packages/oslo_config/cfg.py:2987}}
Apr 02 10:46:57.184673 np0000162870 devstack@n-api-meta.service[107270]: DEBUG nova.api.openstack.wsgi_app [None req-653d3dc8-b626-49a3-a918-b9ca80fd40a1 None None] allow_resize_to_same_host = True {{(pid=107270) log_opt_values /opt/stack/data/venv/lib/python3.12/site-packages/oslo_config/cfg.py:2995}}
Apr 02 10:46:57.184814 np0000162870 devstack@n-api-meta.service[107270]: DEBUG nova.api.openstack.wsgi_app [None req-653d3dc8-b626-49a3-a918-b9ca80fd40a1 None None] arq_binding_timeout = 300 {{(pid=107270) log_opt_values /opt/stack/data/venv/lib/python3.12/site-packages/oslo_config/cfg.py:2995}}
Apr 02 10:46:57.184957 np0000162870 devstack@n-api-meta.service[107270]: DEBUG nova.api.openstack.wsgi_app [None req-653d3dc8-b626-49a3-a918-b9ca80fd40a1 None None] block_device_allocate_retries = 60 {{(pid=107270) log_opt_values /opt/stack/data/venv/lib/python3.12/site-packages/oslo_config/cfg.py:2995}}
Apr 02 10:46:57.185105 np0000162870 devstack@n-api-meta.service[107270]: DEBUG nova.api.openstack.wsgi_app [None req-653d3dc8-b626-49a3-a918-b9ca80fd40a1 None None] block_device_allocate_retries_interval = 3 {{(pid=107270) log_opt_values /opt/stack/data/venv/lib/python3.12/site-packages/oslo_config/cfg.py:2995}}
Apr 02 10:46:57.185217 np0000162870 devstack@n-api-meta.service[107270]: DEBUG nova.api.openstack.wsgi_app [None req-653d3dc8-b626-49a3-a918-b9ca80fd40a1 None None] cell_worker_thread_pool_size = 5 {{(pid=107270) log_opt_values /opt/stack/data/venv/lib/python3.12/site-packages/oslo_config/cfg.py:2995}}
Apr 02 10:46:57.185479 np0000162870 devstack@n-api-meta.service[107270]: DEBUG nova.api.openstack.wsgi_app [None req-653d3dc8-b626-49a3-a918-b9ca80fd40a1 None None] cert = self.pem {{(pid=107270) log_opt_values /opt/stack/data/venv/lib/python3.12/site-packages/oslo_config/cfg.py:2995}}
Apr 02 10:46:57.185560 np0000162870 devstack@n-api-meta.service[107270]: DEBUG nova.api.openstack.wsgi_app [None req-653d3dc8-b626-49a3-a918-b9ca80fd40a1 None None] compute_driver = libvirt.LibvirtDriver {{(pid=107270) log_opt_values /opt/stack/data/venv/lib/python3.12/site-packages/oslo_config/cfg.py:2995}}
Apr 02 10:46:57.185698 np0000162870 devstack@n-api-meta.service[107270]: DEBUG nova.api.openstack.wsgi_app [None req-653d3dc8-b626-49a3-a918-b9ca80fd40a1 None None] compute_monitors = [] {{(pid=107270) log_opt_values /opt/stack/data/venv/lib/python3.12/site-packages/oslo_config/cfg.py:2995}}
Apr 02 10:46:57.185857 np0000162870 devstack@n-api-meta.service[107270]: DEBUG nova.api.openstack.wsgi_app [None req-653d3dc8-b626-49a3-a918-b9ca80fd40a1 None None] config_dir = [] {{(pid=107270) log_opt_values /opt/stack/data/venv/lib/python3.12/site-packages/oslo_config/cfg.py:2995}}
Apr 02 10:46:57.185988 np0000162870 devstack@n-api-meta.service[107270]: DEBUG nova.api.openstack.wsgi_app [None req-653d3dc8-b626-49a3-a918-b9ca80fd40a1 None None] config_drive_format = iso9660 {{(pid=107270) log_opt_values /opt/stack/data/venv/lib/python3.12/site-packages/oslo_config/cfg.py:2995}}
Apr 02 10:46:57.186095 np0000162870 devstack@n-api-meta.service[107270]: DEBUG nova.api.openstack.wsgi_app [None req-653d3dc8-b626-49a3-a918-b9ca80fd40a1 None None] config_file = ['/etc/nova/api-paste.ini', '/etc/nova/nova.conf'] {{(pid=107270) log_opt_values /opt/stack/data/venv/lib/python3.12/site-packages/oslo_config/cfg.py:2995}}
Apr 02 10:46:57.186226 np0000162870 devstack@n-api-meta.service[107270]: DEBUG nova.api.openstack.wsgi_app [None req-653d3dc8-b626-49a3-a918-b9ca80fd40a1 None None] config_source = [] {{(pid=107270) log_opt_values /opt/stack/data/venv/lib/python3.12/site-packages/oslo_config/cfg.py:2995}}
Apr 02 10:46:57.186386 np0000162870 devstack@n-api-meta.service[107270]: DEBUG nova.api.openstack.wsgi_app [None req-653d3dc8-b626-49a3-a918-b9ca80fd40a1 None None] console_host = np0000162870 {{(pid=107270) log_opt_values /opt/stack/data/venv/lib/python3.12/site-packages/oslo_config/cfg.py:2995}}
Apr 02 10:46:57.186542 np0000162870 devstack@n-api-meta.service[107270]: DEBUG nova.api.openstack.wsgi_app [None req-653d3dc8-b626-49a3-a918-b9ca80fd40a1 None None] control_exchange = nova {{(pid=107270) log_opt_values /opt/stack/data/venv/lib/python3.12/site-packages/oslo_config/cfg.py:2995}}
Apr 02 10:46:57.186671 np0000162870 devstack@n-api-meta.service[107270]: DEBUG nova.api.openstack.wsgi_app [None req-653d3dc8-b626-49a3-a918-b9ca80fd40a1 None None] cpu_allocation_ratio = None {{(pid=107270) log_opt_values /opt/stack/data/venv/lib/python3.12/site-packages/oslo_config/cfg.py:2995}}
Apr 02 10:46:57.186832 np0000162870 devstack@n-api-meta.service[107270]: DEBUG nova.api.openstack.wsgi_app [None req-653d3dc8-b626-49a3-a918-b9ca80fd40a1 None None] daemon = False {{(pid=107270) log_opt_values /opt/stack/data/venv/lib/python3.12/site-packages/oslo_config/cfg.py:2995}}
Apr 02 10:46:57.187017 np0000162870 devstack@n-api-meta.service[107270]: DEBUG nova.api.openstack.wsgi_app [None req-653d3dc8-b626-49a3-a918-b9ca80fd40a1 None None] debug = True {{(pid=107270) log_opt_values /opt/stack/data/venv/lib/python3.12/site-packages/oslo_config/cfg.py:2995}}
Apr 02 10:46:57.187169 np0000162870 devstack@n-api-meta.service[107270]: DEBUG nova.api.openstack.wsgi_app [None req-653d3dc8-b626-49a3-a918-b9ca80fd40a1 None None] default_access_ip_network_name = None {{(pid=107270) log_opt_values /opt/stack/data/venv/lib/python3.12/site-packages/oslo_config/cfg.py:2995}}
Apr 02 10:46:57.187306 np0000162870 devstack@n-api-meta.service[107270]: DEBUG nova.api.openstack.wsgi_app [None req-653d3dc8-b626-49a3-a918-b9ca80fd40a1 None None] default_availability_zone = nova {{(pid=107270) log_opt_values /opt/stack/data/venv/lib/python3.12/site-packages/oslo_config/cfg.py:2995}}
Apr 02 10:46:57.187439 np0000162870 devstack@n-api-meta.service[107270]: DEBUG nova.api.openstack.wsgi_app [None req-653d3dc8-b626-49a3-a918-b9ca80fd40a1 None None] default_ephemeral_format = ext4 {{(pid=107270) log_opt_values /opt/stack/data/venv/lib/python3.12/site-packages/oslo_config/cfg.py:2995}}
Apr 02 10:46:57.187615 np0000162870 devstack@n-api-meta.service[107270]: DEBUG nova.api.openstack.wsgi_app [None req-653d3dc8-b626-49a3-a918-b9ca80fd40a1 None None] default_green_pool_size = 1000 {{(pid=107270) log_opt_values /opt/stack/data/venv/lib/python3.12/site-packages/oslo_config/cfg.py:2995}}
Apr 02 10:46:57.187774 np0000162870 devstack@n-api-meta.service[107270]: DEBUG nova.api.openstack.wsgi_app [None req-653d3dc8-b626-49a3-a918-b9ca80fd40a1 None None] default_log_levels = ['amqp=WARN', 'boto=WARN', 'sqlalchemy=WARN', 'suds=INFO', 'oslo.messaging=INFO', 'oslo_messaging=INFO', 'iso8601=WARN', 'requests.packages.urllib3.connectionpool=WARN', 'urllib3.connectionpool=WARN', 'websocket=WARN', 'requests.packages.urllib3.util.retry=WARN', 'urllib3.util.retry=WARN', 'keystonemiddleware=WARN', 'routes.middleware=WARN', 'stevedore=WARN', 'taskflow=WARN', 'keystoneauth=WARN', 'oslo.cache=INFO', 'oslo_policy=INFO', 'dogpile.core.dogpile=INFO', 'glanceclient=WARN', 'oslo.privsep.daemon=INFO'] {{(pid=107270) log_opt_values /opt/stack/data/venv/lib/python3.12/site-packages/oslo_config/cfg.py:2995}}
Apr 02 10:46:57.187934 np0000162870 devstack@n-api-meta.service[107270]: DEBUG nova.api.openstack.wsgi_app [None req-653d3dc8-b626-49a3-a918-b9ca80fd40a1 None None] default_schedule_zone = None {{(pid=107270) log_opt_values /opt/stack/data/venv/lib/python3.12/site-packages/oslo_config/cfg.py:2995}}
Apr 02 10:46:57.188040 np0000162870 devstack@n-api-meta.service[107270]: DEBUG nova.api.openstack.wsgi_app [None req-653d3dc8-b626-49a3-a918-b9ca80fd40a1 None None] default_thread_pool_size = 10 {{(pid=107270) log_opt_values /opt/stack/data/venv/lib/python3.12/site-packages/oslo_config/cfg.py:2995}}
Apr 02 10:46:57.188165 np0000162870 devstack@n-api-meta.service[107270]: DEBUG nova.api.openstack.wsgi_app [None req-653d3dc8-b626-49a3-a918-b9ca80fd40a1 None None] disk_allocation_ratio = None {{(pid=107270) log_opt_values /opt/stack/data/venv/lib/python3.12/site-packages/oslo_config/cfg.py:2995}}
Apr 02 10:46:57.188291 np0000162870 devstack@n-api-meta.service[107270]: DEBUG nova.api.openstack.wsgi_app [None req-653d3dc8-b626-49a3-a918-b9ca80fd40a1 None None] enable_new_services = True {{(pid=107270) log_opt_values /opt/stack/data/venv/lib/python3.12/site-packages/oslo_config/cfg.py:2995}}
Apr 02 10:46:57.188426 np0000162870 devstack@n-api-meta.service[107270]: DEBUG nova.api.openstack.wsgi_app [None req-653d3dc8-b626-49a3-a918-b9ca80fd40a1 None None] flat_injected = False {{(pid=107270) log_opt_values /opt/stack/data/venv/lib/python3.12/site-packages/oslo_config/cfg.py:2995}}
Apr 02 10:46:57.188553 np0000162870 devstack@n-api-meta.service[107270]: DEBUG nova.api.openstack.wsgi_app [None req-653d3dc8-b626-49a3-a918-b9ca80fd40a1 None None] force_config_drive = False {{(pid=107270) log_opt_values /opt/stack/data/venv/lib/python3.12/site-packages/oslo_config/cfg.py:2995}}
Apr 02 10:46:57.188700 np0000162870 devstack@n-api-meta.service[107270]: DEBUG nova.api.openstack.wsgi_app [None req-653d3dc8-b626-49a3-a918-b9ca80fd40a1 None None] force_raw_images = True {{(pid=107270) log_opt_values /opt/stack/data/venv/lib/python3.12/site-packages/oslo_config/cfg.py:2995}}
Apr 02 10:46:57.188860 np0000162870 devstack@n-api-meta.service[107270]: DEBUG nova.api.openstack.wsgi_app [None req-653d3dc8-b626-49a3-a918-b9ca80fd40a1 None None] graceful_shutdown_timeout = 5 {{(pid=107270) log_opt_values /opt/stack/data/venv/lib/python3.12/site-packages/oslo_config/cfg.py:2995}}
Apr 02 10:46:57.188998 np0000162870 devstack@n-api-meta.service[107270]: DEBUG nova.api.openstack.wsgi_app [None req-653d3dc8-b626-49a3-a918-b9ca80fd40a1 None None] heal_instance_info_cache_interval = -1 {{(pid=107270) log_opt_values /opt/stack/data/venv/lib/python3.12/site-packages/oslo_config/cfg.py:2995}}
Apr 02 10:46:57.189191 np0000162870 devstack@n-api-meta.service[107270]: DEBUG nova.api.openstack.wsgi_app [None req-653d3dc8-b626-49a3-a918-b9ca80fd40a1 None None] host = np0000162870 {{(pid=107270) log_opt_values /opt/stack/data/venv/lib/python3.12/site-packages/oslo_config/cfg.py:2995}}
Apr 02 10:46:57.189315 np0000162870 devstack@n-api-meta.service[107270]: DEBUG nova.api.openstack.wsgi_app [None req-653d3dc8-b626-49a3-a918-b9ca80fd40a1 None None] initial_cpu_allocation_ratio = 4.0 {{(pid=107270) log_opt_values /opt/stack/data/venv/lib/python3.12/site-packages/oslo_config/cfg.py:2995}}
Apr 02 10:46:57.189492 np0000162870 devstack@n-api-meta.service[107270]: DEBUG nova.api.openstack.wsgi_app [None req-653d3dc8-b626-49a3-a918-b9ca80fd40a1 None None] initial_disk_allocation_ratio = 1.0 {{(pid=107270) log_opt_values /opt/stack/data/venv/lib/python3.12/site-packages/oslo_config/cfg.py:2995}}
Apr 02 10:46:57.189621 np0000162870 devstack@n-api-meta.service[107270]: DEBUG nova.api.openstack.wsgi_app [None req-653d3dc8-b626-49a3-a918-b9ca80fd40a1 None None] initial_ram_allocation_ratio = 1.0 {{(pid=107270) log_opt_values /opt/stack/data/venv/lib/python3.12/site-packages/oslo_config/cfg.py:2995}}
Apr 02 10:46:57.189823 np0000162870 devstack@n-api-meta.service[107270]: DEBUG nova.api.openstack.wsgi_app [None req-653d3dc8-b626-49a3-a918-b9ca80fd40a1 None None] injected_network_template = /opt/stack/nova/nova/virt/interfaces.template {{(pid=107270) log_opt_values /opt/stack/data/venv/lib/python3.12/site-packages/oslo_config/cfg.py:2995}}
Apr 02 10:46:57.189970 np0000162870 devstack@n-api-meta.service[107270]: DEBUG nova.api.openstack.wsgi_app [None req-653d3dc8-b626-49a3-a918-b9ca80fd40a1 None None] instance_build_timeout = 0 {{(pid=107270) log_opt_values /opt/stack/data/venv/lib/python3.12/site-packages/oslo_config/cfg.py:2995}}
Apr 02 10:46:57.190108 np0000162870 devstack@n-api-meta.service[107270]: DEBUG nova.api.openstack.wsgi_app [None req-653d3dc8-b626-49a3-a918-b9ca80fd40a1 None None] instance_delete_interval = 300 {{(pid=107270) log_opt_values /opt/stack/data/venv/lib/python3.12/site-packages/oslo_config/cfg.py:2995}}
Apr 02 10:46:57.190221 np0000162870 devstack@n-api-meta.service[107270]: DEBUG nova.api.openstack.wsgi_app [None req-653d3dc8-b626-49a3-a918-b9ca80fd40a1 None None] instance_format = [instance: %(uuid)s] {{(pid=107270) log_opt_values /opt/stack/data/venv/lib/python3.12/site-packages/oslo_config/cfg.py:2995}}
Apr 02 10:46:57.190358 np0000162870 devstack@n-api-meta.service[107270]: DEBUG nova.api.openstack.wsgi_app [None req-653d3dc8-b626-49a3-a918-b9ca80fd40a1 None None] instance_name_template = instance-%08x {{(pid=107270) log_opt_values /opt/stack/data/venv/lib/python3.12/site-packages/oslo_config/cfg.py:2995}}
Apr 02 10:46:57.190491 np0000162870 devstack@n-api-meta.service[107270]: DEBUG nova.api.openstack.wsgi_app [None req-653d3dc8-b626-49a3-a918-b9ca80fd40a1 None None] instance_usage_audit = False {{(pid=107270) log_opt_values /opt/stack/data/venv/lib/python3.12/site-packages/oslo_config/cfg.py:2995}}
Apr 02 10:46:57.190649 np0000162870 devstack@n-api-meta.service[107270]: DEBUG nova.api.openstack.wsgi_app [None req-653d3dc8-b626-49a3-a918-b9ca80fd40a1 None None] instance_usage_audit_period = month {{(pid=107270) log_opt_values /opt/stack/data/venv/lib/python3.12/site-packages/oslo_config/cfg.py:2995}}
Apr 02 10:46:57.190805 np0000162870 devstack@n-api-meta.service[107270]: DEBUG nova.api.openstack.wsgi_app [None req-653d3dc8-b626-49a3-a918-b9ca80fd40a1 None None] instance_uuid_format = [instance: %(uuid)s] {{(pid=107270) log_opt_values /opt/stack/data/venv/lib/python3.12/site-packages/oslo_config/cfg.py:2995}}
Apr 02 10:46:57.190961 np0000162870 devstack@n-api-meta.service[107270]: DEBUG nova.api.openstack.wsgi_app [None req-653d3dc8-b626-49a3-a918-b9ca80fd40a1 None None] instances_path = /opt/stack/data/nova/instances {{(pid=107270) log_opt_values /opt/stack/data/venv/lib/python3.12/site-packages/oslo_config/cfg.py:2995}}
Apr 02 10:46:57.191164 np0000162870 devstack@n-api-meta.service[107270]: DEBUG nova.api.openstack.wsgi_app [None req-653d3dc8-b626-49a3-a918-b9ca80fd40a1 None None] internal_service_availability_zone = internal {{(pid=107270) log_opt_values /opt/stack/data/venv/lib/python3.12/site-packages/oslo_config/cfg.py:2995}}
Apr 02 10:46:57.191297 np0000162870 devstack@n-api-meta.service[107270]: DEBUG nova.api.openstack.wsgi_app [None req-653d3dc8-b626-49a3-a918-b9ca80fd40a1 None None] key = None {{(pid=107270) log_opt_values /opt/stack/data/venv/lib/python3.12/site-packages/oslo_config/cfg.py:2995}}
Apr 02 10:46:57.191433 np0000162870 devstack@n-api-meta.service[107270]: DEBUG nova.api.openstack.wsgi_app [None req-653d3dc8-b626-49a3-a918-b9ca80fd40a1 None None] live_migration_retry_count = 30 {{(pid=107270) log_opt_values /opt/stack/data/venv/lib/python3.12/site-packages/oslo_config/cfg.py:2995}}
Apr 02 10:46:57.191570 np0000162870 devstack@n-api-meta.service[107270]: DEBUG nova.api.openstack.wsgi_app [None req-653d3dc8-b626-49a3-a918-b9ca80fd40a1 None None] log_color = False {{(pid=107270) log_opt_values /opt/stack/data/venv/lib/python3.12/site-packages/oslo_config/cfg.py:2995}}
Apr 02 10:46:57.191710 np0000162870 devstack@n-api-meta.service[107270]: DEBUG nova.api.openstack.wsgi_app [None req-653d3dc8-b626-49a3-a918-b9ca80fd40a1 None None] log_config_append = None {{(pid=107270) log_opt_values /opt/stack/data/venv/lib/python3.12/site-packages/oslo_config/cfg.py:2995}}
Apr 02 10:46:57.191872 np0000162870 devstack@n-api-meta.service[107270]: DEBUG nova.api.openstack.wsgi_app [None req-653d3dc8-b626-49a3-a918-b9ca80fd40a1 None None] log_date_format = %Y-%m-%d %H:%M:%S {{(pid=107270) log_opt_values /opt/stack/data/venv/lib/python3.12/site-packages/oslo_config/cfg.py:2995}}
Apr 02 10:46:57.192009 np0000162870 devstack@n-api-meta.service[107270]: DEBUG nova.api.openstack.wsgi_app [None req-653d3dc8-b626-49a3-a918-b9ca80fd40a1 None None] log_dir = None {{(pid=107270) log_opt_values /opt/stack/data/venv/lib/python3.12/site-packages/oslo_config/cfg.py:2995}}
Apr 02 10:46:57.192601 np0000162870 devstack@n-api-meta.service[107270]: DEBUG nova.api.openstack.wsgi_app [None req-653d3dc8-b626-49a3-a918-b9ca80fd40a1 None None] log_file = None {{(pid=107270) log_opt_values /opt/stack/data/venv/lib/python3.12/site-packages/oslo_config/cfg.py:2995}}
Apr 02 10:46:57.192601 np0000162870 devstack@n-api-meta.service[107270]: DEBUG nova.api.openstack.wsgi_app [None req-653d3dc8-b626-49a3-a918-b9ca80fd40a1 None None] log_options = True {{(pid=107270) log_opt_values /opt/stack/data/venv/lib/python3.12/site-packages/oslo_config/cfg.py:2995}}
Apr 02 10:46:57.192751 np0000162870 devstack@n-api-meta.service[107270]: DEBUG nova.api.openstack.wsgi_app [None req-653d3dc8-b626-49a3-a918-b9ca80fd40a1 None None] log_rotate_interval = 1 {{(pid=107270) log_opt_values /opt/stack/data/venv/lib/python3.12/site-packages/oslo_config/cfg.py:2995}}
Apr 02 10:46:57.193051 np0000162870 devstack@n-api-meta.service[107270]: DEBUG nova.api.openstack.wsgi_app [None req-653d3dc8-b626-49a3-a918-b9ca80fd40a1 None None] log_rotate_interval_type = days {{(pid=107270) log_opt_values /opt/stack/data/venv/lib/python3.12/site-packages/oslo_config/cfg.py:2995}}
Apr 02 10:46:57.193142 np0000162870 devstack@n-api-meta.service[107270]: DEBUG nova.api.openstack.wsgi_app [None req-653d3dc8-b626-49a3-a918-b9ca80fd40a1 None None] log_rotation_type = none {{(pid=107270) log_opt_values /opt/stack/data/venv/lib/python3.12/site-packages/oslo_config/cfg.py:2995}}
Apr 02 10:46:57.193247 np0000162870 devstack@n-api-meta.service[107270]: DEBUG nova.api.openstack.wsgi_app [None req-653d3dc8-b626-49a3-a918-b9ca80fd40a1 None None] logging_context_format_string = %(color)s%(levelname)s %(name)s [%(global_request_id)s %(request_id)s %(project_name)s %(user_name)s%(color)s] %(instance)s%(color)s%(message)s {{(pid=107270) log_opt_values /opt/stack/data/venv/lib/python3.12/site-packages/oslo_config/cfg.py:2995}}
Apr 02 10:46:57.193354 np0000162870 devstack@n-api-meta.service[107270]: DEBUG nova.api.openstack.wsgi_app [None req-653d3dc8-b626-49a3-a918-b9ca80fd40a1 None None] logging_debug_format_suffix = {{(pid=%(process)d) %(funcName)s %(pathname)s:%(lineno)d}} {{(pid=107270) log_opt_values /opt/stack/data/venv/lib/python3.12/site-packages/oslo_config/cfg.py:2995}}
Apr 02 10:46:57.193517 np0000162870 devstack@n-api-meta.service[107270]: DEBUG nova.api.openstack.wsgi_app [None req-653d3dc8-b626-49a3-a918-b9ca80fd40a1 None None] logging_default_format_string = %(color)s%(levelname)s %(name)s [-%(color)s] %(instance)s%(color)s%(message)s {{(pid=107270) log_opt_values /opt/stack/data/venv/lib/python3.12/site-packages/oslo_config/cfg.py:2995}}
Apr 02 10:46:57.193673 np0000162870 devstack@n-api-meta.service[107270]: DEBUG nova.api.openstack.wsgi_app [None req-653d3dc8-b626-49a3-a918-b9ca80fd40a1 None None] logging_exception_prefix = ERROR %(name)s %(instance)s {{(pid=107270) log_opt_values /opt/stack/data/venv/lib/python3.12/site-packages/oslo_config/cfg.py:2995}}
Apr 02 10:46:57.193781 np0000162870 devstack@n-api-meta.service[107270]: DEBUG nova.api.openstack.wsgi_app [None req-653d3dc8-b626-49a3-a918-b9ca80fd40a1 None None] logging_user_identity_format = %(user)s %(project)s %(domain)s %(system_scope)s %(user_domain)s %(project_domain)s {{(pid=107270) log_opt_values /opt/stack/data/venv/lib/python3.12/site-packages/oslo_config/cfg.py:2995}}
Apr 02 10:46:57.193938 np0000162870 devstack@n-api-meta.service[107270]: DEBUG nova.api.openstack.wsgi_app [None req-653d3dc8-b626-49a3-a918-b9ca80fd40a1 None None] long_rpc_timeout = 1800 {{(pid=107270) log_opt_values /opt/stack/data/venv/lib/python3.12/site-packages/oslo_config/cfg.py:2995}}
Apr 02 10:46:57.194073 np0000162870 devstack@n-api-meta.service[107270]: DEBUG nova.api.openstack.wsgi_app [None req-653d3dc8-b626-49a3-a918-b9ca80fd40a1 None None] manager_shutdown_timeout = 160 {{(pid=107270) log_opt_values /opt/stack/data/venv/lib/python3.12/site-packages/oslo_config/cfg.py:2995}}
Apr 02 10:46:57.194209 np0000162870 devstack@n-api-meta.service[107270]: DEBUG nova.api.openstack.wsgi_app [None req-653d3dc8-b626-49a3-a918-b9ca80fd40a1 None None] max_concurrent_builds = 10 {{(pid=107270) log_opt_values /opt/stack/data/venv/lib/python3.12/site-packages/oslo_config/cfg.py:2995}}
