Apr 02 10:46:57.243021 np0000162870 devstack@n-api-meta.service[107270]: DEBUG nova.api.openstack.wsgi_app [None req-653d3dc8-b626-49a3-a918-b9ca80fd40a1 None None] ironic.service_name = None {{(pid=107270) log_opt_values /opt/stack/data/venv/lib/python3.12/site-packages/oslo_config/cfg.py:3006}}
Apr 02 10:46:57.243158 np0000162870 devstack@n-api-meta.service[107270]: DEBUG nova.api.openstack.wsgi_app [None req-653d3dc8-b626-49a3-a918-b9ca80fd40a1 None None] ironic.service_type = baremetal {{(pid=107270) log_opt_values /opt/stack/data/venv/lib/python3.12/site-packages/oslo_config/cfg.py:3006}}
Apr 02 10:46:57.243284 np0000162870 devstack@n-api-meta.service[107270]: DEBUG nova.api.openstack.wsgi_app [None req-653d3dc8-b626-49a3-a918-b9ca80fd40a1 None None] ironic.shard = None {{(pid=107270) log_opt_values /opt/stack/data/venv/lib/python3.12/site-packages/oslo_config/cfg.py:3006}}
Apr 02 10:46:57.243413 np0000162870 devstack@n-api-meta.service[107270]: DEBUG nova.api.openstack.wsgi_app [None req-653d3dc8-b626-49a3-a918-b9ca80fd40a1 None None] ironic.split_loggers = False {{(pid=107270) log_opt_values /opt/stack/data/venv/lib/python3.12/site-packages/oslo_config/cfg.py:3006}}
Apr 02 10:46:57.243541 np0000162870 devstack@n-api-meta.service[107270]: DEBUG nova.api.openstack.wsgi_app [None req-653d3dc8-b626-49a3-a918-b9ca80fd40a1 None None] ironic.status_code_retries = None {{(pid=107270) log_opt_values /opt/stack/data/venv/lib/python3.12/site-packages/oslo_config/cfg.py:3006}}
Apr 02 10:46:57.243668 np0000162870 devstack@n-api-meta.service[107270]: DEBUG nova.api.openstack.wsgi_app [None req-653d3dc8-b626-49a3-a918-b9ca80fd40a1 None None] ironic.status_code_retry_delay = None {{(pid=107270) log_opt_values /opt/stack/data/venv/lib/python3.12/site-packages/oslo_config/cfg.py:3006}}
Apr 02 10:46:57.243796 np0000162870 devstack@n-api-meta.service[107270]: DEBUG nova.api.openstack.wsgi_app [None req-653d3dc8-b626-49a3-a918-b9ca80fd40a1 None None] ironic.timeout = None {{(pid=107270) log_opt_values /opt/stack/data/venv/lib/python3.12/site-packages/oslo_config/cfg.py:3006}}
Apr 02 10:46:57.243989 np0000162870 devstack@n-api-meta.service[107270]: DEBUG nova.api.openstack.wsgi_app [None req-653d3dc8-b626-49a3-a918-b9ca80fd40a1 None None] ironic.valid_interfaces = ['internal', 'public'] {{(pid=107270) log_opt_values /opt/stack/data/venv/lib/python3.12/site-packages/oslo_config/cfg.py:3006}}
Apr 02 10:46:57.244118 np0000162870 devstack@n-api-meta.service[107270]: DEBUG nova.api.openstack.wsgi_app [None req-653d3dc8-b626-49a3-a918-b9ca80fd40a1 None None] ironic.version = None {{(pid=107270) log_opt_values /opt/stack/data/venv/lib/python3.12/site-packages/oslo_config/cfg.py:3006}}
Apr 02 10:46:57.244247 np0000162870 devstack@n-api-meta.service[107270]: DEBUG nova.api.openstack.wsgi_app [None req-653d3dc8-b626-49a3-a918-b9ca80fd40a1 None None] ironic.vnc_console_state_timeout = 60 {{(pid=107270) log_opt_values /opt/stack/data/venv/lib/python3.12/site-packages/oslo_config/cfg.py:3006}}
Apr 02 10:46:57.244393 np0000162870 devstack@n-api-meta.service[107270]: DEBUG nova.api.openstack.wsgi_app [None req-653d3dc8-b626-49a3-a918-b9ca80fd40a1 None None] key_manager.backend = barbican {{(pid=107270) log_opt_values /opt/stack/data/venv/lib/python3.12/site-packages/oslo_config/cfg.py:3006}}
Apr 02 10:46:57.244531 np0000162870 devstack@n-api-meta.service[107270]: DEBUG nova.api.openstack.wsgi_app [None req-653d3dc8-b626-49a3-a918-b9ca80fd40a1 None None] key_manager.fixed_key = **** {{(pid=107270) log_opt_values /opt/stack/data/venv/lib/python3.12/site-packages/oslo_config/cfg.py:3006}}
Apr 02 10:46:57.244754 np0000162870 devstack@n-api-meta.service[107270]: DEBUG nova.api.openstack.wsgi_app [None req-653d3dc8-b626-49a3-a918-b9ca80fd40a1 None None] barbican.auth_endpoint = http://localhost/identity/v3 {{(pid=107270) log_opt_values /opt/stack/data/venv/lib/python3.12/site-packages/oslo_config/cfg.py:3006}}
Apr 02 10:46:57.244933 np0000162870 devstack@n-api-meta.service[107270]: DEBUG nova.api.openstack.wsgi_app [None req-653d3dc8-b626-49a3-a918-b9ca80fd40a1 None None] barbican.barbican_api_version = None {{(pid=107270) log_opt_values /opt/stack/data/venv/lib/python3.12/site-packages/oslo_config/cfg.py:3006}}
Apr 02 10:46:57.245065 np0000162870 devstack@n-api-meta.service[107270]: DEBUG nova.api.openstack.wsgi_app [None req-653d3dc8-b626-49a3-a918-b9ca80fd40a1 None None] barbican.barbican_endpoint = None {{(pid=107270) log_opt_values /opt/stack/data/venv/lib/python3.12/site-packages/oslo_config/cfg.py:3006}}
Apr 02 10:46:57.245205 np0000162870 devstack@n-api-meta.service[107270]: DEBUG nova.api.openstack.wsgi_app [None req-653d3dc8-b626-49a3-a918-b9ca80fd40a1 None None] barbican.barbican_endpoint_type = public {{(pid=107270) log_opt_values /opt/stack/data/venv/lib/python3.12/site-packages/oslo_config/cfg.py:3006}}
Apr 02 10:46:57.245334 np0000162870 devstack@n-api-meta.service[107270]: DEBUG nova.api.openstack.wsgi_app [None req-653d3dc8-b626-49a3-a918-b9ca80fd40a1 None None] barbican.barbican_region_name = None {{(pid=107270) log_opt_values /opt/stack/data/venv/lib/python3.12/site-packages/oslo_config/cfg.py:3006}}
Apr 02 10:46:57.245462 np0000162870 devstack@n-api-meta.service[107270]: DEBUG nova.api.openstack.wsgi_app [None req-653d3dc8-b626-49a3-a918-b9ca80fd40a1 None None] barbican.cafile = None {{(pid=107270) log_opt_values /opt/stack/data/venv/lib/python3.12/site-packages/oslo_config/cfg.py:3006}}
Apr 02 10:46:57.245587 np0000162870 devstack@n-api-meta.service[107270]: DEBUG nova.api.openstack.wsgi_app [None req-653d3dc8-b626-49a3-a918-b9ca80fd40a1 None None] barbican.certfile = None {{(pid=107270) log_opt_values /opt/stack/data/venv/lib/python3.12/site-packages/oslo_config/cfg.py:3006}}
Apr 02 10:46:57.245726 np0000162870 devstack@n-api-meta.service[107270]: DEBUG nova.api.openstack.wsgi_app [None req-653d3dc8-b626-49a3-a918-b9ca80fd40a1 None None] barbican.collect_timing = False {{(pid=107270) log_opt_values /opt/stack/data/venv/lib/python3.12/site-packages/oslo_config/cfg.py:3006}}
Apr 02 10:46:57.245875 np0000162870 devstack@n-api-meta.service[107270]: DEBUG nova.api.openstack.wsgi_app [None req-653d3dc8-b626-49a3-a918-b9ca80fd40a1 None None] barbican.insecure = False {{(pid=107270) log_opt_values /opt/stack/data/venv/lib/python3.12/site-packages/oslo_config/cfg.py:3006}}
Apr 02 10:46:57.246043 np0000162870 devstack@n-api-meta.service[107270]: DEBUG nova.api.openstack.wsgi_app [None req-653d3dc8-b626-49a3-a918-b9ca80fd40a1 None None] barbican.keyfile = None {{(pid=107270) log_opt_values /opt/stack/data/venv/lib/python3.12/site-packages/oslo_config/cfg.py:3006}}
Apr 02 10:46:57.246170 np0000162870 devstack@n-api-meta.service[107270]: DEBUG nova.api.openstack.wsgi_app [None req-653d3dc8-b626-49a3-a918-b9ca80fd40a1 None None] barbican.number_of_retries = 60 {{(pid=107270) log_opt_values /opt/stack/data/venv/lib/python3.12/site-packages/oslo_config/cfg.py:3006}}
Apr 02 10:46:57.246299 np0000162870 devstack@n-api-meta.service[107270]: DEBUG nova.api.openstack.wsgi_app [None req-653d3dc8-b626-49a3-a918-b9ca80fd40a1 None None] barbican.retry_delay = 1 {{(pid=107270) log_opt_values /opt/stack/data/venv/lib/python3.12/site-packages/oslo_config/cfg.py:3006}}
Apr 02 10:46:57.246430 np0000162870 devstack@n-api-meta.service[107270]: DEBUG nova.api.openstack.wsgi_app [None req-653d3dc8-b626-49a3-a918-b9ca80fd40a1 None None] barbican.send_service_user_token = False {{(pid=107270) log_opt_values /opt/stack/data/venv/lib/python3.12/site-packages/oslo_config/cfg.py:3006}}
Apr 02 10:46:57.246560 np0000162870 devstack@n-api-meta.service[107270]: DEBUG nova.api.openstack.wsgi_app [None req-653d3dc8-b626-49a3-a918-b9ca80fd40a1 None None] barbican.split_loggers = False {{(pid=107270) log_opt_values /opt/stack/data/venv/lib/python3.12/site-packages/oslo_config/cfg.py:3006}}
Apr 02 10:46:57.246688 np0000162870 devstack@n-api-meta.service[107270]: DEBUG nova.api.openstack.wsgi_app [None req-653d3dc8-b626-49a3-a918-b9ca80fd40a1 None None] barbican.timeout = None {{(pid=107270) log_opt_values /opt/stack/data/venv/lib/python3.12/site-packages/oslo_config/cfg.py:3006}}
Apr 02 10:46:57.246833 np0000162870 devstack@n-api-meta.service[107270]: DEBUG nova.api.openstack.wsgi_app [None req-653d3dc8-b626-49a3-a918-b9ca80fd40a1 None None] barbican.verify_ssl = True {{(pid=107270) log_opt_values /opt/stack/data/venv/lib/python3.12/site-packages/oslo_config/cfg.py:3006}}
Apr 02 10:46:57.246963 np0000162870 devstack@n-api-meta.service[107270]: DEBUG nova.api.openstack.wsgi_app [None req-653d3dc8-b626-49a3-a918-b9ca80fd40a1 None None] barbican.verify_ssl_path = None {{(pid=107270) log_opt_values /opt/stack/data/venv/lib/python3.12/site-packages/oslo_config/cfg.py:3006}}
Apr 02 10:46:57.247090 np0000162870 devstack@n-api-meta.service[107273]: DEBUG dbcounter [-] [107273] Writer thread running {{(pid=107273) stat_writer /opt/stack/data/venv/lib/python3.12/site-packages/dbcounter.py:102}}
Apr 02 10:46:57.247126 np0000162870 devstack@n-api-meta.service[107270]: DEBUG nova.api.openstack.wsgi_app [None req-653d3dc8-b626-49a3-a918-b9ca80fd40a1 None None] barbican_service_user.auth_section = None {{(pid=107270) log_opt_values /opt/stack/data/venv/lib/python3.12/site-packages/oslo_config/cfg.py:3006}}
Apr 02 10:46:57.247225 np0000162870 devstack@n-api-meta.service[107270]: DEBUG nova.api.openstack.wsgi_app [None req-653d3dc8-b626-49a3-a918-b9ca80fd40a1 None None] barbican_service_user.auth_type = None {{(pid=107270) log_opt_values /opt/stack/data/venv/lib/python3.12/site-packages/oslo_config/cfg.py:3006}}
Apr 02 10:46:57.247379 np0000162870 devstack@n-api-meta.service[107270]: DEBUG nova.api.openstack.wsgi_app [None req-653d3dc8-b626-49a3-a918-b9ca80fd40a1 None None] barbican_service_user.cafile = None {{(pid=107270) log_opt_values /opt/stack/data/venv/lib/python3.12/site-packages/oslo_config/cfg.py:3006}}
Apr 02 10:46:57.247533 np0000162870 devstack@n-api-meta.service[107270]: DEBUG nova.api.openstack.wsgi_app [None req-653d3dc8-b626-49a3-a918-b9ca80fd40a1 None None] barbican_service_user.certfile = None {{(pid=107270) log_opt_values /opt/stack/data/venv/lib/python3.12/site-packages/oslo_config/cfg.py:3006}}
Apr 02 10:46:57.247675 np0000162870 devstack@n-api-meta.service[107270]: DEBUG nova.api.openstack.wsgi_app [None req-653d3dc8-b626-49a3-a918-b9ca80fd40a1 None None] barbican_service_user.collect_timing = False {{(pid=107270) log_opt_values /opt/stack/data/venv/lib/python3.12/site-packages/oslo_config/cfg.py:3006}}
Apr 02 10:46:57.248397 np0000162870 devstack@n-api-meta.service[107273]: DEBUG dbcounter [-] [107273] Writer thread running {{(pid=107273) stat_writer /opt/stack/data/venv/lib/python3.12/site-packages/dbcounter.py:102}}
Apr 02 10:46:57.248522 np0000162870 devstack@n-api-meta.service[107270]: DEBUG nova.api.openstack.wsgi_app [None req-653d3dc8-b626-49a3-a918-b9ca80fd40a1 None None] barbican_service_user.insecure = False {{(pid=107270) log_opt_values /opt/stack/data/venv/lib/python3.12/site-packages/oslo_config/cfg.py:3006}}
Apr 02 10:46:57.248681 np0000162870 devstack@n-api-meta.service[107270]: DEBUG nova.api.openstack.wsgi_app [None req-653d3dc8-b626-49a3-a918-b9ca80fd40a1 None None] barbican_service_user.keyfile = None {{(pid=107270) log_opt_values /opt/stack/data/venv/lib/python3.12/site-packages/oslo_config/cfg.py:3006}}
Apr 02 10:46:57.248846 np0000162870 devstack@n-api-meta.service[107270]: DEBUG nova.api.openstack.wsgi_app [None req-653d3dc8-b626-49a3-a918-b9ca80fd40a1 None None] barbican_service_user.split_loggers = False {{(pid=107270) log_opt_values /opt/stack/data/venv/lib/python3.12/site-packages/oslo_config/cfg.py:3006}}
Apr 02 10:46:57.249004 np0000162870 devstack@n-api-meta.service[107270]: DEBUG nova.api.openstack.wsgi_app [None req-653d3dc8-b626-49a3-a918-b9ca80fd40a1 None None] barbican_service_user.timeout = None {{(pid=107270) log_opt_values /opt/stack/data/venv/lib/python3.12/site-packages/oslo_config/cfg.py:3006}}
Apr 02 10:46:57.249160 np0000162870 devstack@n-api-meta.service[107270]: DEBUG nova.api.openstack.wsgi_app [None req-653d3dc8-b626-49a3-a918-b9ca80fd40a1 None None] vault.approle_role_id = **** {{(pid=107270) log_opt_values /opt/stack/data/venv/lib/python3.12/site-packages/oslo_config/cfg.py:3006}}
Apr 02 10:46:57.249328 np0000162870 devstack@n-api-meta.service[107270]: DEBUG nova.api.openstack.wsgi_app [None req-653d3dc8-b626-49a3-a918-b9ca80fd40a1 None None] vault.approle_secret_id = **** {{(pid=107270) log_opt_values /opt/stack/data/venv/lib/python3.12/site-packages/oslo_config/cfg.py:3006}}
Apr 02 10:46:57.249501 np0000162870 devstack@n-api-meta.service[107270]: DEBUG nova.api.openstack.wsgi_app [None req-653d3dc8-b626-49a3-a918-b9ca80fd40a1 None None] vault.kv_mountpoint = secret {{(pid=107270) log_opt_values /opt/stack/data/venv/lib/python3.12/site-packages/oslo_config/cfg.py:3006}}
Apr 02 10:46:57.249696 np0000162870 devstack@n-api-meta.service[107270]: DEBUG nova.api.openstack.wsgi_app [None req-653d3dc8-b626-49a3-a918-b9ca80fd40a1 None None] vault.kv_path = None {{(pid=107270) log_opt_values /opt/stack/data/venv/lib/python3.12/site-packages/oslo_config/cfg.py:3006}}
Apr 02 10:46:57.249855 np0000162870 devstack@n-api-meta.service[107270]: DEBUG nova.api.openstack.wsgi_app [None req-653d3dc8-b626-49a3-a918-b9ca80fd40a1 None None] vault.kv_version = 2 {{(pid=107270) log_opt_values /opt/stack/data/venv/lib/python3.12/site-packages/oslo_config/cfg.py:3006}}
Apr 02 10:46:57.250041 np0000162870 devstack@n-api-meta.service[107270]: DEBUG nova.api.openstack.wsgi_app [None req-653d3dc8-b626-49a3-a918-b9ca80fd40a1 None None] vault.namespace = None {{(pid=107270) log_opt_values /opt/stack/data/venv/lib/python3.12/site-packages/oslo_config/cfg.py:3006}}
Apr 02 10:46:57.250173 np0000162870 devstack@n-api-meta.service[107270]: DEBUG nova.api.openstack.wsgi_app [None req-653d3dc8-b626-49a3-a918-b9ca80fd40a1 None None] vault.root_token_id = **** {{(pid=107270) log_opt_values /opt/stack/data/venv/lib/python3.12/site-packages/oslo_config/cfg.py:3006}}
Apr 02 10:46:57.250324 np0000162870 devstack@n-api-meta.service[107270]: DEBUG nova.api.openstack.wsgi_app [None req-653d3dc8-b626-49a3-a918-b9ca80fd40a1 None None] vault.ssl_ca_crt_file = None {{(pid=107270) log_opt_values /opt/stack/data/venv/lib/python3.12/site-packages/oslo_config/cfg.py:3006}}
Apr 02 10:46:57.250470 np0000162870 devstack@n-api-meta.service[107270]: DEBUG nova.api.openstack.wsgi_app [None req-653d3dc8-b626-49a3-a918-b9ca80fd40a1 None None] vault.timeout = 60.0 {{(pid=107270) log_opt_values /opt/stack/data/venv/lib/python3.12/site-packages/oslo_config/cfg.py:3006}}
Apr 02 10:46:57.250603 np0000162870 devstack@n-api-meta.service[107270]: DEBUG nova.api.openstack.wsgi_app [None req-653d3dc8-b626-49a3-a918-b9ca80fd40a1 None None] vault.use_ssl = False {{(pid=107270) log_opt_values /opt/stack/data/venv/lib/python3.12/site-packages/oslo_config/cfg.py:3006}}
Apr 02 10:46:57.250852 np0000162870 devstack@n-api-meta.service[107270]: DEBUG nova.api.openstack.wsgi_app [None req-653d3dc8-b626-49a3-a918-b9ca80fd40a1 None None] vault.vault_url = http://127.0.0.1:8200 {{(pid=107270) log_opt_values /opt/stack/data/venv/lib/python3.12/site-packages/oslo_config/cfg.py:3006}}
Apr 02 10:46:57.250995 np0000162870 devstack@n-api-meta.service[107270]: DEBUG nova.api.openstack.wsgi_app [None req-653d3dc8-b626-49a3-a918-b9ca80fd40a1 None None] keystone.cafile = None {{(pid=107270) log_opt_values /opt/stack/data/venv/lib/python3.12/site-packages/oslo_config/cfg.py:3006}}
Apr 02 10:46:57.251125 np0000162870 devstack@n-api-meta.service[107270]: DEBUG nova.api.openstack.wsgi_app [None req-653d3dc8-b626-49a3-a918-b9ca80fd40a1 None None] keystone.certfile = None {{(pid=107270) log_opt_values /opt/stack/data/venv/lib/python3.12/site-packages/oslo_config/cfg.py:3006}}
Apr 02 10:46:57.251308 np0000162870 devstack@n-api-meta.service[107270]: DEBUG nova.api.openstack.wsgi_app [None req-653d3dc8-b626-49a3-a918-b9ca80fd40a1 None None] keystone.collect_timing = False {{(pid=107270) log_opt_values /opt/stack/data/venv/lib/python3.12/site-packages/oslo_config/cfg.py:3006}}
Apr 02 10:46:57.251500 np0000162870 devstack@n-api-meta.service[107270]: DEBUG nova.api.openstack.wsgi_app [None req-653d3dc8-b626-49a3-a918-b9ca80fd40a1 None None] keystone.connect_retries = None {{(pid=107270) log_opt_values /opt/stack/data/venv/lib/python3.12/site-packages/oslo_config/cfg.py:3006}}
Apr 02 10:46:57.251683 np0000162870 devstack@n-api-meta.service[107270]: DEBUG nova.api.openstack.wsgi_app [None req-653d3dc8-b626-49a3-a918-b9ca80fd40a1 None None] keystone.connect_retry_delay = None {{(pid=107270) log_opt_values /opt/stack/data/venv/lib/python3.12/site-packages/oslo_config/cfg.py:3006}}
Apr 02 10:46:57.251907 np0000162870 devstack@n-api-meta.service[107270]: DEBUG nova.api.openstack.wsgi_app [None req-653d3dc8-b626-49a3-a918-b9ca80fd40a1 None None] keystone.endpoint_override = None {{(pid=107270) log_opt_values /opt/stack/data/venv/lib/python3.12/site-packages/oslo_config/cfg.py:3006}}
Apr 02 10:46:57.252224 np0000162870 devstack@n-api-meta.service[107270]: DEBUG nova.api.openstack.wsgi_app [None req-653d3dc8-b626-49a3-a918-b9ca80fd40a1 None None] keystone.insecure = False {{(pid=107270) log_opt_values /opt/stack/data/venv/lib/python3.12/site-packages/oslo_config/cfg.py:3006}}
Apr 02 10:46:57.252493 np0000162870 devstack@n-api-meta.service[107270]: DEBUG nova.api.openstack.wsgi_app [None req-653d3dc8-b626-49a3-a918-b9ca80fd40a1 None None] keystone.keyfile = None {{(pid=107270) log_opt_values /opt/stack/data/venv/lib/python3.12/site-packages/oslo_config/cfg.py:3006}}
Apr 02 10:46:57.252688 np0000162870 devstack@n-api-meta.service[107270]: DEBUG nova.api.openstack.wsgi_app [None req-653d3dc8-b626-49a3-a918-b9ca80fd40a1 None None] keystone.max_version = None {{(pid=107270) log_opt_values /opt/stack/data/venv/lib/python3.12/site-packages/oslo_config/cfg.py:3006}}
Apr 02 10:46:57.252917 np0000162870 devstack@n-api-meta.service[107270]: DEBUG nova.api.openstack.wsgi_app [None req-653d3dc8-b626-49a3-a918-b9ca80fd40a1 None None] keystone.min_version = None {{(pid=107270) log_opt_values /opt/stack/data/venv/lib/python3.12/site-packages/oslo_config/cfg.py:3006}}
Apr 02 10:46:57.253153 np0000162870 devstack@n-api-meta.service[107270]: DEBUG nova.api.openstack.wsgi_app [None req-653d3dc8-b626-49a3-a918-b9ca80fd40a1 None None] keystone.region_name = None {{(pid=107270) log_opt_values /opt/stack/data/venv/lib/python3.12/site-packages/oslo_config/cfg.py:3006}}
Apr 02 10:46:57.253410 np0000162870 devstack@n-api-meta.service[107270]: DEBUG nova.api.openstack.wsgi_app [None req-653d3dc8-b626-49a3-a918-b9ca80fd40a1 None None] keystone.retriable_status_codes = None {{(pid=107270) log_opt_values /opt/stack/data/venv/lib/python3.12/site-packages/oslo_config/cfg.py:3006}}
Apr 02 10:46:57.253662 np0000162870 devstack@n-api-meta.service[107270]: DEBUG nova.api.openstack.wsgi_app [None req-653d3dc8-b626-49a3-a918-b9ca80fd40a1 None None] keystone.service_name = None {{(pid=107270) log_opt_values /opt/stack/data/venv/lib/python3.12/site-packages/oslo_config/cfg.py:3006}}
Apr 02 10:46:57.253954 np0000162870 devstack@n-api-meta.service[107270]: DEBUG nova.api.openstack.wsgi_app [None req-653d3dc8-b626-49a3-a918-b9ca80fd40a1 None None] keystone.service_type = identity {{(pid=107270) log_opt_values /opt/stack/data/venv/lib/python3.12/site-packages/oslo_config/cfg.py:3006}}
Apr 02 10:46:57.254221 np0000162870 devstack@n-api-meta.service[107270]: DEBUG nova.api.openstack.wsgi_app [None req-653d3dc8-b626-49a3-a918-b9ca80fd40a1 None None] keystone.split_loggers = False {{(pid=107270) log_opt_values /opt/stack/data/venv/lib/python3.12/site-packages/oslo_config/cfg.py:3006}}
Apr 02 10:46:57.254431 np0000162870 devstack@n-api-meta.service[107270]: DEBUG nova.api.openstack.wsgi_app [None req-653d3dc8-b626-49a3-a918-b9ca80fd40a1 None None] keystone.status_code_retries = None {{(pid=107270) log_opt_values /opt/stack/data/venv/lib/python3.12/site-packages/oslo_config/cfg.py:3006}}
Apr 02 10:46:57.254615 np0000162870 devstack@n-api-meta.service[107270]: DEBUG nova.api.openstack.wsgi_app [None req-653d3dc8-b626-49a3-a918-b9ca80fd40a1 None None] keystone.status_code_retry_delay = None {{(pid=107270) log_opt_values /opt/stack/data/venv/lib/python3.12/site-packages/oslo_config/cfg.py:3006}}
Apr 02 10:46:57.254808 np0000162870 devstack@n-api-meta.service[107270]: DEBUG nova.api.openstack.wsgi_app [None req-653d3dc8-b626-49a3-a918-b9ca80fd40a1 None None] keystone.timeout = None {{(pid=107270) log_opt_values /opt/stack/data/venv/lib/python3.12/site-packages/oslo_config/cfg.py:3006}}
Apr 02 10:46:57.255076 np0000162870 devstack@n-api-meta.service[107270]: DEBUG nova.api.openstack.wsgi_app [None req-653d3dc8-b626-49a3-a918-b9ca80fd40a1 None None] keystone.valid_interfaces = ['internal', 'public'] {{(pid=107270) log_opt_values /opt/stack/data/venv/lib/python3.12/site-packages/oslo_config/cfg.py:3006}}
Apr 02 10:46:57.255240 np0000162870 devstack@n-api-meta.service[107270]: DEBUG nova.api.openstack.wsgi_app [None req-653d3dc8-b626-49a3-a918-b9ca80fd40a1 None None] keystone.version = None {{(pid=107270) log_opt_values /opt/stack/data/venv/lib/python3.12/site-packages/oslo_config/cfg.py:3006}}
Apr 02 10:46:57.255414 np0000162870 devstack@n-api-meta.service[107270]: DEBUG nova.api.openstack.wsgi_app [None req-653d3dc8-b626-49a3-a918-b9ca80fd40a1 None None] libvirt.ceph_mount_options = None {{(pid=107270) log_opt_values /opt/stack/data/venv/lib/python3.12/site-packages/oslo_config/cfg.py:3006}}
Apr 02 10:46:57.255710 np0000162870 devstack@n-api-meta.service[107270]: DEBUG nova.api.openstack.wsgi_app [None req-653d3dc8-b626-49a3-a918-b9ca80fd40a1 None None] libvirt.ceph_mount_point_base = /opt/stack/data/nova/mnt {{(pid=107270) log_opt_values /opt/stack/data/venv/lib/python3.12/site-packages/oslo_config/cfg.py:3006}}
Apr 02 10:46:57.255783 np0000162870 devstack@n-api-meta.service[107270]: DEBUG nova.api.openstack.wsgi_app [None req-653d3dc8-b626-49a3-a918-b9ca80fd40a1 None None] libvirt.connection_uri = {{(pid=107270) log_opt_values /opt/stack/data/venv/lib/python3.12/site-packages/oslo_config/cfg.py:3006}}
Apr 02 10:46:57.255857 np0000162870 devstack@n-api-meta.service[107273]: INFO dbcounter [None req-47eee944-423c-4615-873b-72071b19be93 None None] Registered counter for database nova_cell0
Apr 02 10:46:57.255955 np0000162870 devstack@n-api-meta.service[107270]: DEBUG nova.api.openstack.wsgi_app [None req-653d3dc8-b626-49a3-a918-b9ca80fd40a1 None None] libvirt.cpu_mode = host-passthrough {{(pid=107270) log_opt_values /opt/stack/data/venv/lib/python3.12/site-packages/oslo_config/cfg.py:3006}}
Apr 02 10:46:57.256087 np0000162870 devstack@n-api-meta.service[107270]: DEBUG nova.api.openstack.wsgi_app [None req-653d3dc8-b626-49a3-a918-b9ca80fd40a1 None None] libvirt.cpu_model_extra_flags = [] {{(pid=107270) log_opt_values /opt/stack/data/venv/lib/python3.12/site-packages/oslo_config/cfg.py:3006}}
Apr 02 10:46:57.256242 np0000162870 devstack@n-api-meta.service[107270]: DEBUG nova.api.openstack.wsgi_app [None req-653d3dc8-b626-49a3-a918-b9ca80fd40a1 None None] libvirt.cpu_models = [] {{(pid=107270) log_opt_values /opt/stack/data/venv/lib/python3.12/site-packages/oslo_config/cfg.py:3006}}
Apr 02 10:46:57.256491 np0000162870 devstack@n-api-meta.service[107270]: DEBUG nova.api.openstack.wsgi_app [None req-653d3dc8-b626-49a3-a918-b9ca80fd40a1 None None] libvirt.cpu_power_governor_high = performance {{(pid=107270) log_opt_values /opt/stack/data/venv/lib/python3.12/site-packages/oslo_config/cfg.py:3006}}
Apr 02 10:46:57.256564 np0000162870 devstack@n-api-meta.service[107270]: DEBUG nova.api.openstack.wsgi_app [None req-653d3dc8-b626-49a3-a918-b9ca80fd40a1 None None] libvirt.cpu_power_governor_low = powersave {{(pid=107270) log_opt_values /opt/stack/data/venv/lib/python3.12/site-packages/oslo_config/cfg.py:3006}}
Apr 02 10:46:57.256688 np0000162870 devstack@n-api-meta.service[107270]: DEBUG nova.api.openstack.wsgi_app [None req-653d3dc8-b626-49a3-a918-b9ca80fd40a1 None None] libvirt.cpu_power_management = False {{(pid=107270) log_opt_values /opt/stack/data/venv/lib/python3.12/site-packages/oslo_config/cfg.py:3006}}
Apr 02 10:46:57.256870 np0000162870 devstack@n-api-meta.service[107270]: DEBUG nova.api.openstack.wsgi_app [None req-653d3dc8-b626-49a3-a918-b9ca80fd40a1 None None] libvirt.cpu_power_management_strategy = cpu_state {{(pid=107270) log_opt_values /opt/stack/data/venv/lib/python3.12/site-packages/oslo_config/cfg.py:3006}}
Apr 02 10:46:57.257049 np0000162870 devstack@n-api-meta.service[107270]: DEBUG nova.api.openstack.wsgi_app [None req-653d3dc8-b626-49a3-a918-b9ca80fd40a1 None None] libvirt.device_detach_attempts = 8 {{(pid=107270) log_opt_values /opt/stack/data/venv/lib/python3.12/site-packages/oslo_config/cfg.py:3006}}
Apr 02 10:46:57.257234 np0000162870 devstack@n-api-meta.service[107270]: DEBUG nova.api.openstack.wsgi_app [None req-653d3dc8-b626-49a3-a918-b9ca80fd40a1 None None] libvirt.device_detach_timeout = 20 {{(pid=107270) log_opt_values /opt/stack/data/venv/lib/python3.12/site-packages/oslo_config/cfg.py:3006}}
Apr 02 10:46:57.257428 np0000162870 devstack@n-api-meta.service[107270]: DEBUG nova.api.openstack.wsgi_app [None req-653d3dc8-b626-49a3-a918-b9ca80fd40a1 None None] libvirt.disk_cachemodes = [] {{(pid=107270) log_opt_values /opt/stack/data/venv/lib/python3.12/site-packages/oslo_config/cfg.py:3006}}
Apr 02 10:46:57.257623 np0000162870 devstack@n-api-meta.service[107270]: DEBUG nova.api.openstack.wsgi_app [None req-653d3dc8-b626-49a3-a918-b9ca80fd40a1 None None] libvirt.disk_prefix = None {{(pid=107270) log_opt_values /opt/stack/data/venv/lib/python3.12/site-packages/oslo_config/cfg.py:3006}}
Apr 02 10:46:57.257836 np0000162870 devstack@n-api-meta.service[107270]: DEBUG nova.api.openstack.wsgi_app [None req-653d3dc8-b626-49a3-a918-b9ca80fd40a1 None None] libvirt.enabled_perf_events = [] {{(pid=107270) log_opt_values /opt/stack/data/venv/lib/python3.12/site-packages/oslo_config/cfg.py:3006}}
Apr 02 10:46:57.258034 np0000162870 devstack@n-api-meta.service[107270]: DEBUG nova.api.openstack.wsgi_app [None req-653d3dc8-b626-49a3-a918-b9ca80fd40a1 None None] libvirt.file_backed_memory = 0 {{(pid=107270) log_opt_values /opt/stack/data/venv/lib/python3.12/site-packages/oslo_config/cfg.py:3006}}
Apr 02 10:46:57.258221 np0000162870 devstack@n-api-meta.service[107270]: DEBUG nova.api.openstack.wsgi_app [None req-653d3dc8-b626-49a3-a918-b9ca80fd40a1 None None] libvirt.gid_maps = [] {{(pid=107270) log_opt_values /opt/stack/data/venv/lib/python3.12/site-packages/oslo_config/cfg.py:3006}}
Apr 02 10:46:57.258380 np0000162870 devstack@n-api-meta.service[107270]: DEBUG nova.api.openstack.wsgi_app [None req-653d3dc8-b626-49a3-a918-b9ca80fd40a1 None None] libvirt.hw_disk_discard = None {{(pid=107270) log_opt_values /opt/stack/data/venv/lib/python3.12/site-packages/oslo_config/cfg.py:3006}}
Apr 02 10:46:57.258515 np0000162870 devstack@n-api-meta.service[107270]: DEBUG nova.api.openstack.wsgi_app [None req-653d3dc8-b626-49a3-a918-b9ca80fd40a1 None None] libvirt.hw_machine_type = None {{(pid=107270) log_opt_values /opt/stack/data/venv/lib/python3.12/site-packages/oslo_config/cfg.py:3006}}
Apr 02 10:46:57.258686 np0000162870 devstack@n-api-meta.service[107270]: DEBUG nova.api.openstack.wsgi_app [None req-653d3dc8-b626-49a3-a918-b9ca80fd40a1 None None] libvirt.images_rbd_ceph_conf = {{(pid=107270) log_opt_values /opt/stack/data/venv/lib/python3.12/site-packages/oslo_config/cfg.py:3006}}
Apr 02 10:46:57.258828 np0000162870 devstack@n-api-meta.service[107272]: WARNING nova.api.metadata.handler [None req-9b5e9bfc-24ce-4d29-8dcc-d765b2afa796 None None] metadata_proxy_shared_secret is not configured, the metadata information returned by the proxy cannot be trusted
Apr 02 10:46:57.258889 np0000162870 devstack@n-api-meta.service[107270]: DEBUG nova.api.openstack.wsgi_app [None req-653d3dc8-b626-49a3-a918-b9ca80fd40a1 None None] libvirt.images_rbd_glance_copy_poll_interval = 15 {{(pid=107270) log_opt_values /opt/stack/data/venv/lib/python3.12/site-packages/oslo_config/cfg.py:3006}}
Apr 02 10:46:57.259040 np0000162870 devstack@n-api-meta.service[107270]: DEBUG nova.api.openstack.wsgi_app [None req-653d3dc8-b626-49a3-a918-b9ca80fd40a1 None None] libvirt.images_rbd_glance_copy_timeout = 600 {{(pid=107270) log_opt_values /opt/stack/data/venv/lib/python3.12/site-packages/oslo_config/cfg.py:3006}}
Apr 02 10:46:57.259184 np0000162870 devstack@n-api-meta.service[107270]: DEBUG nova.api.openstack.wsgi_app [None req-653d3dc8-b626-49a3-a918-b9ca80fd40a1 None None] libvirt.images_rbd_glance_store_name = {{(pid=107270) log_opt_values /opt/stack/data/venv/lib/python3.12/site-packages/oslo_config/cfg.py:3006}}
Apr 02 10:46:57.259342 np0000162870 devstack@n-api-meta.service[107270]: DEBUG nova.api.openstack.wsgi_app [None req-653d3dc8-b626-49a3-a918-b9ca80fd40a1 None None] libvirt.images_rbd_pool = rbd {{(pid=107270) log_opt_values /opt/stack/data/venv/lib/python3.12/site-packages/oslo_config/cfg.py:3006}}
Apr 02 10:46:57.259496 np0000162870 devstack@n-api-meta.service[107270]: DEBUG nova.api.openstack.wsgi_app [None req-653d3dc8-b626-49a3-a918-b9ca80fd40a1 None None] libvirt.images_type = default {{(pid=107270) log_opt_values /opt/stack/data/venv/lib/python3.12/site-packages/oslo_config/cfg.py:3006}}
Apr 02 10:46:57.259636 np0000162870 devstack@n-api-meta.service[107270]: DEBUG nova.api.openstack.wsgi_app [None req-653d3dc8-b626-49a3-a918-b9ca80fd40a1 None None] libvirt.images_volume_group = None {{(pid=107270) log_opt_values /opt/stack/data/venv/lib/python3.12/site-packages/oslo_config/cfg.py:3006}}
Apr 02 10:46:57.259768 np0000162870 devstack@n-api-meta.service[107270]: DEBUG nova.api.openstack.wsgi_app [None req-653d3dc8-b626-49a3-a918-b9ca80fd40a1 None None] libvirt.inject_key = False {{(pid=107270) log_opt_values /opt/stack/data/venv/lib/python3.12/site-packages/oslo_config/cfg.py:3006}}
Apr 02 10:46:57.259950 np0000162870 devstack@n-api-meta.service[107270]: DEBUG nova.api.openstack.wsgi_app [None req-653d3dc8-b626-49a3-a918-b9ca80fd40a1 None None] libvirt.inject_partition = -2 {{(pid=107270) log_opt_values /opt/stack/data/venv/lib/python3.12/site-packages/oslo_config/cfg.py:3006}}
Apr 02 10:46:57.260128 np0000162870 devstack@n-api-meta.service[107270]: DEBUG nova.api.openstack.wsgi_app [None req-653d3dc8-b626-49a3-a918-b9ca80fd40a1 None None] libvirt.inject_password = False {{(pid=107270) log_opt_values /opt/stack/data/venv/lib/python3.12/site-packages/oslo_config/cfg.py:3006}}
Apr 02 10:46:57.260330 np0000162870 devstack@n-api-meta.service[107270]: DEBUG nova.api.openstack.wsgi_app [None req-653d3dc8-b626-49a3-a918-b9ca80fd40a1 None None] libvirt.iscsi_iface = None {{(pid=107270) log_opt_values /opt/stack/data/venv/lib/python3.12/site-packages/oslo_config/cfg.py:3006}}
Apr 02 10:46:57.260514 np0000162870 devstack@n-api-meta.service[107270]: DEBUG nova.api.openstack.wsgi_app [None req-653d3dc8-b626-49a3-a918-b9ca80fd40a1 None None] libvirt.iser_use_multipath = False {{(pid=107270) log_opt_values /opt/stack/data/venv/lib/python3.12/site-packages/oslo_config/cfg.py:3006}}
Apr 02 10:46:57.260697 np0000162870 devstack@n-api-meta.service[107270]: DEBUG nova.api.openstack.wsgi_app [None req-653d3dc8-b626-49a3-a918-b9ca80fd40a1 None None] libvirt.live_migration_bandwidth = 0 {{(pid=107270) log_opt_values /opt/stack/data/venv/lib/python3.12/site-packages/oslo_config/cfg.py:3006}}
Apr 02 10:46:57.260861 np0000162870 devstack@n-api-meta.service[107270]: DEBUG nova.api.openstack.wsgi_app [None req-653d3dc8-b626-49a3-a918-b9ca80fd40a1 None None] libvirt.live_migration_completion_timeout = 800 {{(pid=107270) log_opt_values /opt/stack/data/venv/lib/python3.12/site-packages/oslo_config/cfg.py:3006}}
Apr 02 10:46:57.260995 np0000162870 devstack@n-api-meta.service[107270]: DEBUG nova.api.openstack.wsgi_app [None req-653d3dc8-b626-49a3-a918-b9ca80fd40a1 None None] libvirt.live_migration_downtime = 500 {{(pid=107270) log_opt_values /opt/stack/data/venv/lib/python3.12/site-packages/oslo_config/cfg.py:3006}}
Apr 02 10:46:57.261127 np0000162870 devstack@n-api-meta.service[107270]: DEBUG nova.api.openstack.wsgi_app [None req-653d3dc8-b626-49a3-a918-b9ca80fd40a1 None None] libvirt.live_migration_downtime_delay = 75 {{(pid=107270) log_opt_values /opt/stack/data/venv/lib/python3.12/site-packages/oslo_config/cfg.py:3006}}
Apr 02 10:46:57.261178 np0000162870 devstack@n-api-meta.service[107272]: DEBUG nova.api.openstack.wsgi_app [None req-9b5e9bfc-24ce-4d29-8dcc-d765b2afa796 None None] ******************************************************************************** {{(pid=107272) log_opt_values /opt/stack/data/venv/lib/python3.12/site-packages/oslo_config/cfg.py:2979}}
Apr 02 10:46:57.261261 np0000162870 devstack@n-api-meta.service[107270]: DEBUG nova.api.openstack.wsgi_app [None req-653d3dc8-b626-49a3-a918-b9ca80fd40a1 None None] libvirt.live_migration_downtime_steps = 10 {{(pid=107270) log_opt_values /opt/stack/data/venv/lib/python3.12/site-packages/oslo_config/cfg.py:3006}}
Apr 02 10:46:57.261307 np0000162870 devstack@n-api-meta.service[107272]: DEBUG nova.api.openstack.wsgi_app [None req-9b5e9bfc-24ce-4d29-8dcc-d765b2afa796 None None] Configuration options gathered from: {{(pid=107272) log_opt_values /opt/stack/data/venv/lib/python3.12/site-packages/oslo_config/cfg.py:2980}}
Apr 02 10:46:57.261399 np0000162870 devstack@n-api-meta.service[107272]: DEBUG nova.api.openstack.wsgi_app [None req-9b5e9bfc-24ce-4d29-8dcc-d765b2afa796 None None] command line args: [] {{(pid=107272) log_opt_values /opt/stack/data/venv/lib/python3.12/site-packages/oslo_config/cfg.py:2981}}
Apr 02 10:46:57.261451 np0000162870 devstack@n-api-meta.service[107270]: DEBUG nova.api.openstack.wsgi_app [None req-653d3dc8-b626-49a3-a918-b9ca80fd40a1 None None] libvirt.live_migration_inbound_addr = None {{(pid=107270) log_opt_values /opt/stack/data/venv/lib/python3.12/site-packages/oslo_config/cfg.py:3006}}
Apr 02 10:46:57.261532 np0000162870 devstack@n-api-meta.service[107270]: DEBUG nova.api.openstack.wsgi_app [None req-653d3dc8-b626-49a3-a918-b9ca80fd40a1 None None] libvirt.live_migration_parallel_connections = 1 {{(pid=107270) log_opt_values /opt/stack/data/venv/lib/python3.12/site-packages/oslo_config/cfg.py:3006}}
Apr 02 10:46:57.261583 np0000162870 devstack@n-api-meta.service[107272]: DEBUG nova.api.openstack.wsgi_app [None req-9b5e9bfc-24ce-4d29-8dcc-d765b2afa796 None None] config files: ['/etc/nova/api-paste.ini', '/etc/nova/nova.conf'] {{(pid=107272) log_opt_values /opt/stack/data/venv/lib/python3.12/site-packages/oslo_config/cfg.py:2982}}
Apr 02 10:46:57.261647 np0000162870 devstack@n-api-meta.service[107272]: DEBUG nova.api.openstack.wsgi_app [None req-9b5e9bfc-24ce-4d29-8dcc-d765b2afa796 None None] ================================================================================ {{(pid=107272) log_opt_values /opt/stack/data/venv/lib/python3.12/site-packages/oslo_config/cfg.py:2987}}
Apr 02 10:46:57.261692 np0000162870 devstack@n-api-meta.service[107270]: DEBUG nova.api.openstack.wsgi_app [None req-653d3dc8-b626-49a3-a918-b9ca80fd40a1 None None] libvirt.live_migration_permit_auto_converge = False {{(pid=107270) log_opt_values /opt/stack/data/venv/lib/python3.12/site-packages/oslo_config/cfg.py:3006}}
Apr 02 10:46:57.261805 np0000162870 devstack@n-api-meta.service[107270]: DEBUG nova.api.openstack.wsgi_app [None req-653d3dc8-b626-49a3-a918-b9ca80fd40a1 None None] libvirt.live_migration_permit_post_copy = False {{(pid=107270) log_opt_values /opt/stack/data/venv/lib/python3.12/site-packages/oslo_config/cfg.py:3006}}
Apr 02 10:46:57.261867 np0000162870 devstack@n-api-meta.service[107272]: DEBUG nova.api.openstack.wsgi_app [None req-9b5e9bfc-24ce-4d29-8dcc-d765b2afa796 None None] allow_resize_to_same_host = True {{(pid=107272) log_opt_values /opt/stack/data/venv/lib/python3.12/site-packages/oslo_config/cfg.py:2995}}
Apr 02 10:46:57.261950 np0000162870 devstack@n-api-meta.service[107270]: DEBUG nova.api.openstack.wsgi_app [None req-653d3dc8-b626-49a3-a918-b9ca80fd40a1 None None] libvirt.live_migration_scheme = None {{(pid=107270) log_opt_values /opt/stack/data/venv/lib/python3.12/site-packages/oslo_config/cfg.py:3006}}
Apr 02 10:46:57.261995 np0000162870 devstack@n-api-meta.service[107272]: DEBUG nova.api.openstack.wsgi_app [None req-9b5e9bfc-24ce-4d29-8dcc-d765b2afa796 None None] arq_binding_timeout = 300 {{(pid=107272) log_opt_values /opt/stack/data/venv/lib/python3.12/site-packages/oslo_config/cfg.py:2995}}
Apr 02 10:46:57.262089 np0000162870 devstack@n-api-meta.service[107270]: DEBUG nova.api.openstack.wsgi_app [None req-653d3dc8-b626-49a3-a918-b9ca80fd40a1 None None] libvirt.live_migration_timeout_action = abort {{(pid=107270) log_opt_values /opt/stack/data/venv/lib/python3.12/site-packages/oslo_config/cfg.py:3006}}
Apr 02 10:46:57.262193 np0000162870 devstack@n-api-meta.service[107272]: DEBUG nova.api.openstack.wsgi_app [None req-9b5e9bfc-24ce-4d29-8dcc-d765b2afa796 None None] block_device_allocate_retries = 60 {{(pid=107272) log_opt_values /opt/stack/data/venv/lib/python3.12/site-packages/oslo_config/cfg.py:2995}}
Apr 02 10:46:57.262271 np0000162870 devstack@n-api-meta.service[107270]: DEBUG nova.api.openstack.wsgi_app [None req-653d3dc8-b626-49a3-a918-b9ca80fd40a1 None None] libvirt.live_migration_tunnelled = False {{(pid=107270) log_opt_values /opt/stack/data/venv/lib/python3.12/site-packages/oslo_config/cfg.py:3006}}
Apr 02 10:46:57.262317 np0000162870 devstack@n-api-meta.service[107272]: DEBUG nova.api.openstack.wsgi_app [None req-9b5e9bfc-24ce-4d29-8dcc-d765b2afa796 None None] block_device_allocate_retries_interval = 3 {{(pid=107272) log_opt_values /opt/stack/data/venv/lib/python3.12/site-packages/oslo_config/cfg.py:2995}}
Apr 02 10:46:57.262403 np0000162870 devstack@n-api-meta.service[107272]: DEBUG nova.api.openstack.wsgi_app [None req-9b5e9bfc-24ce-4d29-8dcc-d765b2afa796 None None] cell_worker_thread_pool_size = 5 {{(pid=107272) log_opt_values /opt/stack/data/venv/lib/python3.12/site-packages/oslo_config/cfg.py:2995}}
Apr 02 10:46:57.262539 np0000162870 devstack@n-api-meta.service[107272]: DEBUG nova.api.openstack.wsgi_app [None req-9b5e9bfc-24ce-4d29-8dcc-d765b2afa796 None None] cert = self.pem {{(pid=107272) log_opt_values /opt/stack/data/venv/lib/python3.12/site-packages/oslo_config/cfg.py:2995}}
Apr 02 10:46:57.262611 np0000162870 devstack@n-api-meta.service[107270]: WARNING oslo_config.cfg [None req-653d3dc8-b626-49a3-a918-b9ca80fd40a1 None None] Deprecated: Option "live_migration_uri" from group "libvirt" is deprecated for removal (
Apr 02 10:46:57.262611 np0000162870 devstack@n-api-meta.service[107270]: live_migration_uri is deprecated for removal in favor of two other options that
Apr 02 10:46:57.262611 np0000162870 devstack@n-api-meta.service[107270]: allow to change live migration scheme and target URI: ``live_migration_scheme``
Apr 02 10:46:57.262611 np0000162870 devstack@n-api-meta.service[107270]: and ``live_migration_inbound_addr`` respectively.
Apr 02 10:46:57.262611 np0000162870 devstack@n-api-meta.service[107270]: ). Its value may be silently ignored in the future.
Apr 02 10:46:57.262813 np0000162870 devstack@n-api-meta.service[107272]: DEBUG nova.api.openstack.wsgi_app [None req-9b5e9bfc-24ce-4d29-8dcc-d765b2afa796 None None] compute_driver = libvirt.LibvirtDriver {{(pid=107272) log_opt_values /opt/stack/data/venv/lib/python3.12/site-packages/oslo_config/cfg.py:2995}}
Apr 02 10:46:57.262861 np0000162870 devstack@n-api-meta.service[107270]: DEBUG nova.api.openstack.wsgi_app [None req-653d3dc8-b626-49a3-a918-b9ca80fd40a1 None None] libvirt.live_migration_uri = qemu+ssh://stack@%s/system {{(pid=107270) log_opt_values /opt/stack/data/venv/lib/python3.12/site-packages/oslo_config/cfg.py:3006}}
Apr 02 10:46:57.262913 np0000162870 devstack@n-api-meta.service[107272]: DEBUG nova.api.openstack.wsgi_app [None req-9b5e9bfc-24ce-4d29-8dcc-d765b2afa796 None None] compute_monitors = [] {{(pid=107272) log_opt_values /opt/stack/data/venv/lib/python3.12/site-packages/oslo_config/cfg.py:2995}}
Apr 02 10:46:57.262963 np0000162870 devstack@n-api-meta.service[107270]: DEBUG nova.api.openstack.wsgi_app [None req-653d3dc8-b626-49a3-a918-b9ca80fd40a1 None None] libvirt.live_migration_with_native_tls = False {{(pid=107270) log_opt_values /opt/stack/data/venv/lib/python3.12/site-packages/oslo_config/cfg.py:3006}}
Apr 02 10:46:57.263008 np0000162870 devstack@n-api-meta.service[107272]: DEBUG nova.api.openstack.wsgi_app [None req-9b5e9bfc-24ce-4d29-8dcc-d765b2afa796 None None] config_dir = [] {{(pid=107272) log_opt_values /opt/stack/data/venv/lib/python3.12/site-packages/oslo_config/cfg.py:2995}}
Apr 02 10:46:57.263050 np0000162870 devstack@n-api-meta.service[107270]: DEBUG nova.api.openstack.wsgi_app [None req-653d3dc8-b626-49a3-a918-b9ca80fd40a1 None None] libvirt.max_queues = None {{(pid=107270) log_opt_values /opt/stack/data/venv/lib/python3.12/site-packages/oslo_config/cfg.py:3006}}
Apr 02 10:46:57.263140 np0000162870 devstack@n-api-meta.service[107272]: DEBUG nova.api.openstack.wsgi_app [None req-9b5e9bfc-24ce-4d29-8dcc-d765b2afa796 None None] config_drive_format = iso9660 {{(pid=107272) log_opt_values /opt/stack/data/venv/lib/python3.12/site-packages/oslo_config/cfg.py:2995}}
Apr 02 10:46:57.263182 np0000162870 devstack@n-api-meta.service[107270]: DEBUG nova.api.openstack.wsgi_app [None req-653d3dc8-b626-49a3-a918-b9ca80fd40a1 None None] libvirt.mem_stats_period_seconds = 10 {{(pid=107270) log_opt_values /opt/stack/data/venv/lib/python3.12/site-packages/oslo_config/cfg.py:3006}}
Apr 02 10:46:57.263250 np0000162870 devstack@n-api-meta.service[107272]: DEBUG nova.api.openstack.wsgi_app [None req-9b5e9bfc-24ce-4d29-8dcc-d765b2afa796 None None] config_file = ['/etc/nova/api-paste.ini', '/etc/nova/nova.conf'] {{(pid=107272) log_opt_values /opt/stack/data/venv/lib/python3.12/site-packages/oslo_config/cfg.py:2995}}
Apr 02 10:46:57.263361 np0000162870 devstack@n-api-meta.service[107270]: DEBUG nova.api.openstack.wsgi_app [None req-653d3dc8-b626-49a3-a918-b9ca80fd40a1 None None] libvirt.migration_inbound_addr = 199.19.213.154 {{(pid=107270) log_opt_values /opt/stack/data/venv/lib/python3.12/site-packages/oslo_config/cfg.py:3006}}
Apr 02 10:46:57.263399 np0000162870 devstack@n-api-meta.service[107272]: DEBUG nova.api.openstack.wsgi_app [None req-9b5e9bfc-24ce-4d29-8dcc-d765b2afa796 None None] config_source = [] {{(pid=107272) log_opt_values /opt/stack/data/venv/lib/python3.12/site-packages/oslo_config/cfg.py:2995}}
Apr 02 10:46:57.263506 np0000162870 devstack@n-api-meta.service[107270]: DEBUG nova.api.openstack.wsgi_app [None req-653d3dc8-b626-49a3-a918-b9ca80fd40a1 None None] libvirt.nfs_mount_options = None {{(pid=107270) log_opt_values /opt/stack/data/venv/lib/python3.12/site-packages/oslo_config/cfg.py:3006}}
Apr 02 10:46:57.263537 np0000162870 devstack@n-api-meta.service[107272]: DEBUG nova.api.openstack.wsgi_app [None req-9b5e9bfc-24ce-4d29-8dcc-d765b2afa796 None None] console_host = np0000162870 {{(pid=107272) log_opt_values /opt/stack/data/venv/lib/python3.12/site-packages/oslo_config/cfg.py:2995}}
Apr 02 10:46:57.263640 np0000162870 devstack@n-api-meta.service[107272]: DEBUG nova.api.openstack.wsgi_app [None req-9b5e9bfc-24ce-4d29-8dcc-d765b2afa796 None None] control_exchange = nova {{(pid=107272) log_opt_values /opt/stack/data/venv/lib/python3.12/site-packages/oslo_config/cfg.py:2995}}
Apr 02 10:46:57.263731 np0000162870 devstack@n-api-meta.service[107270]: DEBUG nova.api.openstack.wsgi_app [None req-653d3dc8-b626-49a3-a918-b9ca80fd40a1 None None] libvirt.nfs_mount_point_base = /opt/stack/data/nova/mnt {{(pid=107270) log_opt_values /opt/stack/data/venv/lib/python3.12/site-packages/oslo_config/cfg.py:3006}}
Apr 02 10:46:57.263770 np0000162870 devstack@n-api-meta.service[107272]: DEBUG nova.api.openstack.wsgi_app [None req-9b5e9bfc-24ce-4d29-8dcc-d765b2afa796 None None] cpu_allocation_ratio = None {{(pid=107272) log_opt_values /opt/stack/data/venv/lib/python3.12/site-packages/oslo_config/cfg.py:2995}}
Apr 02 10:46:57.263917 np0000162870 devstack@n-api-meta.service[107272]: DEBUG nova.api.openstack.wsgi_app [None req-9b5e9bfc-24ce-4d29-8dcc-d765b2afa796 None None] daemon = False {{(pid=107272) log_opt_values /opt/stack/data/venv/lib/python3.12/site-packages/oslo_config/cfg.py:2995}}
Apr 02 10:46:57.263972 np0000162870 devstack@n-api-meta.service[107270]: DEBUG nova.api.openstack.wsgi_app [None req-653d3dc8-b626-49a3-a918-b9ca80fd40a1 None None] libvirt.num_aoe_discover_tries = 3 {{(pid=107270) log_opt_values /opt/stack/data/venv/lib/python3.12/site-packages/oslo_config/cfg.py:3006}}
Apr 02 10:46:57.264062 np0000162870 devstack@n-api-meta.service[107272]: DEBUG nova.api.openstack.wsgi_app [None req-9b5e9bfc-24ce-4d29-8dcc-d765b2afa796 None None] debug = True {{(pid=107272) log_opt_values /opt/stack/data/venv/lib/python3.12/site-packages/oslo_config/cfg.py:2995}}
Apr 02 10:46:57.264103 np0000162870 devstack@n-api-meta.service[107270]: DEBUG nova.api.openstack.wsgi_app [None req-653d3dc8-b626-49a3-a918-b9ca80fd40a1 None None] libvirt.num_iser_scan_tries = 5 {{(pid=107270) log_opt_values /opt/stack/data/venv/lib/python3.12/site-packages/oslo_config/cfg.py:3006}}
Apr 02 10:46:57.264188 np0000162870 devstack@n-api-meta.service[107272]: DEBUG nova.api.openstack.wsgi_app [None req-9b5e9bfc-24ce-4d29-8dcc-d765b2afa796 None None] default_access_ip_network_name = None {{(pid=107272) log_opt_values /opt/stack/data/venv/lib/python3.12/site-packages/oslo_config/cfg.py:2995}}
Apr 02 10:46:57.264296 np0000162870 devstack@n-api-meta.service[107270]: DEBUG nova.api.openstack.wsgi_app [None req-653d3dc8-b626-49a3-a918-b9ca80fd40a1 None None] libvirt.num_memory_encrypted_guests = None {{(pid=107270) log_opt_values /opt/stack/data/venv/lib/python3.12/site-packages/oslo_config/cfg.py:3006}}
Apr 02 10:46:57.264331 np0000162870 devstack@n-api-meta.service[107272]: DEBUG nova.api.openstack.wsgi_app [None req-9b5e9bfc-24ce-4d29-8dcc-d765b2afa796 None None] default_availability_zone = nova {{(pid=107272) log_opt_values /opt/stack/data/venv/lib/python3.12/site-packages/oslo_config/cfg.py:2995}}
Apr 02 10:46:57.264439 np0000162870 devstack@n-api-meta.service[107272]: DEBUG nova.api.openstack.wsgi_app [None req-9b5e9bfc-24ce-4d29-8dcc-d765b2afa796 None None] default_ephemeral_format = ext4 {{(pid=107272) log_opt_values /opt/stack/data/venv/lib/python3.12/site-packages/oslo_config/cfg.py:2995}}
Apr 02 10:46:57.264475 np0000162870 devstack@n-api-meta.service[107270]: DEBUG nova.api.openstack.wsgi_app [None req-653d3dc8-b626-49a3-a918-b9ca80fd40a1 None None] libvirt.num_nvme_discover_tries = 5 {{(pid=107270) log_opt_values /opt/stack/data/venv/lib/python3.12/site-packages/oslo_config/cfg.py:3006}}
Apr 02 10:46:57.264565 np0000162870 devstack@n-api-meta.service[107272]: DEBUG nova.api.openstack.wsgi_app [None req-9b5e9bfc-24ce-4d29-8dcc-d765b2afa796 None None] default_green_pool_size = 1000 {{(pid=107272) log_opt_values /opt/stack/data/venv/lib/python3.12/site-packages/oslo_config/cfg.py:2995}}
Apr 02 10:46:57.264669 np0000162870 devstack@n-api-meta.service[107270]: DEBUG nova.api.openstack.wsgi_app [None req-653d3dc8-b626-49a3-a918-b9ca80fd40a1 None None] libvirt.num_pcie_ports = 0 {{(pid=107270) log_opt_values /opt/stack/data/venv/lib/python3.12/site-packages/oslo_config/cfg.py:3006}}
Apr 02 10:46:57.264771 np0000162870 devstack@n-api-meta.service[107272]: DEBUG nova.api.openstack.wsgi_app [None req-9b5e9bfc-24ce-4d29-8dcc-d765b2afa796 None None] default_log_levels = ['amqp=WARN', 'boto=WARN', 'sqlalchemy=WARN', 'suds=INFO', 'oslo.messaging=INFO', 'oslo_messaging=INFO', 'iso8601=WARN', 'requests.packages.urllib3.connectionpool=WARN', 'urllib3.connectionpool=WARN', 'websocket=WARN', 'requests.packages.urllib3.util.retry=WARN', 'urllib3.util.retry=WARN', 'keystonemiddleware=WARN', 'routes.middleware=WARN', 'stevedore=WARN', 'taskflow=WARN', 'keystoneauth=WARN', 'oslo.cache=INFO', 'oslo_policy=INFO', 'dogpile.core.dogpile=INFO', 'glanceclient=WARN', 'oslo.privsep.daemon=INFO'] {{(pid=107272) log_opt_values /opt/stack/data/venv/lib/python3.12/site-packages/oslo_config/cfg.py:2995}}
Apr 02 10:46:57.264870 np0000162870 devstack@n-api-meta.service[107273]: DEBUG oslo_db.sqlalchemy.engines [None req-47eee944-423c-4615-873b-72071b19be93 None None] MySQL server mode set to STRICT_TRANS_TABLES,STRICT_ALL_TABLES,NO_ZERO_IN_DATE,NO_ZERO_DATE,ERROR_FOR_DIVISION_BY_ZERO,TRADITIONAL,NO_ENGINE_SUBSTITUTION {{(pid=107273) _check_effective_sql_mode /opt/stack/data/venv/lib/python3.12/site-packages/oslo_db/sqlalchemy/engines.py:325}}
Apr 02 10:46:57.264911 np0000162870 devstack@n-api-meta.service[107270]: DEBUG nova.api.openstack.wsgi_app [None req-653d3dc8-b626-49a3-a918-b9ca80fd40a1 None None] libvirt.num_volume_scan_tries = 5 {{(pid=107270) log_opt_values /opt/stack/data/venv/lib/python3.12/site-packages/oslo_config/cfg.py:3006}}
Apr 02 10:46:57.264938 np0000162870 devstack@n-api-meta.service[107272]: DEBUG nova.api.openstack.wsgi_app [None req-9b5e9bfc-24ce-4d29-8dcc-d765b2afa796 None None] default_schedule_zone = None {{(pid=107272) log_opt_values /opt/stack/data/venv/lib/python3.12/site-packages/oslo_config/cfg.py:2995}}
Apr 02 10:46:57.265045 np0000162870 devstack@n-api-meta.service[107272]: DEBUG nova.api.openstack.wsgi_app [None req-9b5e9bfc-24ce-4d29-8dcc-d765b2afa796 None None] default_thread_pool_size = 10 {{(pid=107272) log_opt_values /opt/stack/data/venv/lib/python3.12/site-packages/oslo_config/cfg.py:2995}}
Apr 02 10:46:57.265088 np0000162870 devstack@n-api-meta.service[107270]: DEBUG nova.api.openstack.wsgi_app [None req-653d3dc8-b626-49a3-a918-b9ca80fd40a1 None None] libvirt.pmem_namespaces = [] {{(pid=107270) log_opt_values /opt/stack/data/venv/lib/python3.12/site-packages/oslo_config/cfg.py:3006}}
