Apr 04 10:29:11.052031 np0000163505 systemd[1]: Starting devstack@n-api-meta.service - Devstack devstack@n-api-meta.service...
Apr 04 10:29:11.059316 np0000163505 devstack@n-api-meta.service[107346]: [uWSGI] getting INI configuration from /etc/nova/nova-metadata-uwsgi.ini
Apr 04 10:29:11.059926 np0000163505 devstack@n-api-meta.service[107346]: open("./http_plugin.so"): No such file or directory [core/utils.c line 3709]
Apr 04 10:29:11.059926 np0000163505 devstack@n-api-meta.service[107346]: !!! UNABLE to load uWSGI plugin: ./http_plugin.so: cannot open shared object file: No such file or directory !!!
Apr 04 10:29:11.059926 np0000163505 devstack@n-api-meta.service[107346]: open("./python3_plugin.so"): No such file or directory [core/utils.c line 3709]
Apr 04 10:29:11.059926 np0000163505 devstack@n-api-meta.service[107346]: !!! UNABLE to load uWSGI plugin: ./python3_plugin.so: cannot open shared object file: No such file or directory !!!
Apr 04 10:29:11.059926 np0000163505 devstack@n-api-meta.service[107346]: *** Starting uWSGI 2.0.31 (64bit) on [Sat Apr 4 10:29:11 2026] ***
Apr 04 10:29:11.059926 np0000163505 devstack@n-api-meta.service[107346]: compiled with version: 13.3.0 on 04 April 2026 10:18:53
Apr 04 10:29:11.059926 np0000163505 devstack@n-api-meta.service[107346]: os: Linux-6.8.0-107-generic #107-Ubuntu SMP PREEMPT_DYNAMIC Fri Mar 13 19:51:50 UTC 2026
Apr 04 10:29:11.059926 np0000163505 devstack@n-api-meta.service[107346]: nodename: np0000163505
Apr 04 10:29:11.059926 np0000163505 devstack@n-api-meta.service[107346]: machine: x86_64
Apr 04 10:29:11.059926 np0000163505 devstack@n-api-meta.service[107346]: clock source: unix
Apr 04 10:29:11.059926 np0000163505 devstack@n-api-meta.service[107346]: pcre jit disabled
Apr 04 10:29:11.059926 np0000163505 devstack@n-api-meta.service[107346]: detected number of CPU cores: 16
Apr 04 10:29:11.059926 np0000163505 devstack@n-api-meta.service[107346]: current working directory: /
Apr 04 10:29:11.059926 np0000163505 devstack@n-api-meta.service[107346]: detected binary path: /opt/stack/data/venv/bin/uwsgi
Apr 04 10:29:11.059926 np0000163505 devstack@n-api-meta.service[107346]: your processes number limit is 256917
Apr 04 10:29:11.059926 np0000163505 devstack@n-api-meta.service[107346]: your memory page size is 4096 bytes
Apr 04 10:29:11.059926 np0000163505 devstack@n-api-meta.service[107346]: detected max file descriptor number: 2048
Apr 04 10:29:11.059926 np0000163505 devstack@n-api-meta.service[107346]: lock engine: pthread robust mutexes
Apr 04 10:29:11.059926 np0000163505 devstack@n-api-meta.service[107346]: thunder lock: enabled
Apr 04 10:29:11.060890 np0000163505 devstack@n-api-meta.service[107346]: uWSGI http bound on 0.0.0.0:8775 fd 5
Apr 04 10:29:11.060890 np0000163505 devstack@n-api-meta.service[107346]: uwsgi socket 0 bound to TCP address 127.0.0.1:33477 (port auto-assigned) fd 4
Apr 04 10:29:11.060890 np0000163505 devstack@n-api-meta.service[107346]: Python version: 3.12.3 (main, Mar 3 2026, 12:15:18) [GCC 13.3.0]
Apr 04 10:29:11.060890 np0000163505 devstack@n-api-meta.service[107346]: PEP 405 virtualenv detected: /opt/stack/data/venv
Apr 04 10:29:11.060890 np0000163505 devstack@n-api-meta.service[107346]: Set PythonHome to /opt/stack/data/venv
Apr 04 10:29:11.095520 np0000163505 devstack@n-api-meta.service[107346]: Python main interpreter initialized at 0x7e8edb6a3668
Apr 04 10:29:11.095520 np0000163505 devstack@n-api-meta.service[107346]: python threads support enabled
Apr 04 10:29:11.095520 np0000163505 devstack@n-api-meta.service[107346]: your server socket listen backlog is limited to 100 connections
Apr 04 10:29:11.095520 np0000163505 devstack@n-api-meta.service[107346]: your mercy for graceful operations on workers is 80 seconds
Apr 04 10:29:11.096012 np0000163505 devstack@n-api-meta.service[107346]: mapped 671795 bytes (656 KB) for 4 cores
Apr 04 10:29:11.096161 np0000163505 devstack@n-api-meta.service[107346]: *** Operational MODE: preforking ***
Apr 04 10:29:11.096363 np0000163505 devstack@n-api-meta.service[107346]: *** uWSGI is running in multiple interpreter mode ***
Apr 04 10:29:11.096363 np0000163505 devstack@n-api-meta.service[107346]: spawned uWSGI master process (pid: 107346)
Apr 04 10:29:11.096574 np0000163505 systemd[1]: Started devstack@n-api-meta.service - Devstack devstack@n-api-meta.service.
Apr 04 10:29:11.097088 np0000163505 devstack@n-api-meta.service[107346]: spawned uWSGI worker 1 (pid: 107347, cores: 1)
Apr 04 10:29:11.097908 np0000163505 devstack@n-api-meta.service[107346]: spawned uWSGI worker 2 (pid: 107348, cores: 1)
Apr 04 10:29:11.098474 np0000163505 devstack@n-api-meta.service[107346]: spawned uWSGI worker 3 (pid: 107349, cores: 1)
Apr 04 10:29:11.099027 np0000163505 devstack@n-api-meta.service[107346]: spawned uWSGI worker 4 (pid: 107350, cores: 1)
Apr 04 10:29:11.099567 np0000163505 devstack@n-api-meta.service[107346]: spawned uWSGI http 1 (pid: 107351)
Apr 04 10:29:11.099567 np0000163505 devstack@n-api-meta.service[107346]: running "unix_signal:15 gracefully_kill_them_all" (master-start)...
Apr 04 10:29:11.440397 np0000163505 devstack@n-api-meta.service[107347]: Service is starting with native threading. This is currently experimental. Do not use it in production without first testing it in pre-production.
Apr 04 10:29:11.442140 np0000163505 devstack@n-api-meta.service[107350]: Service is starting with native threading. This is currently experimental. Do not use it in production without first testing it in pre-production.
Apr 04 10:29:11.451420 np0000163505 devstack@n-api-meta.service[107348]: Service is starting with native threading. This is currently experimental. Do not use it in production without first testing it in pre-production.
Apr 04 10:29:11.462223 np0000163505 devstack@n-api-meta.service[107349]: Service is starting with native threading. This is currently experimental. Do not use it in production without first testing it in pre-production.
Apr 04 10:29:12.866590 np0000163505 devstack@n-api-meta.service[107350]: INFO dbcounter [None req-8927df35-22d9-4172-9965-67e0d453f838 None None] Registered counter for database nova_api
Apr 04 10:29:12.875385 np0000163505 devstack@n-api-meta.service[107347]: INFO dbcounter [None req-ebe053b1-5ca2-45c1-b401-a0cf04ae2b08 None None] Registered counter for database nova_api
Apr 04 10:29:12.883455 np0000163505 devstack@n-api-meta.service[107350]: DEBUG oslo_db.sqlalchemy.engines [None req-8927df35-22d9-4172-9965-67e0d453f838 None None] MySQL server mode set to STRICT_TRANS_TABLES,STRICT_ALL_TABLES,NO_ZERO_IN_DATE,NO_ZERO_DATE,ERROR_FOR_DIVISION_BY_ZERO,TRADITIONAL,NO_ENGINE_SUBSTITUTION {{(pid=107350) _check_effective_sql_mode /opt/stack/data/venv/lib/python3.12/site-packages/oslo_db/sqlalchemy/engines.py:325}}
Apr 04 10:29:12.893683 np0000163505 devstack@n-api-meta.service[107347]: DEBUG oslo_db.sqlalchemy.engines [None req-ebe053b1-5ca2-45c1-b401-a0cf04ae2b08 None None] MySQL server mode set to STRICT_TRANS_TABLES,STRICT_ALL_TABLES,NO_ZERO_IN_DATE,NO_ZERO_DATE,ERROR_FOR_DIVISION_BY_ZERO,TRADITIONAL,NO_ENGINE_SUBSTITUTION {{(pid=107347) _check_effective_sql_mode /opt/stack/data/venv/lib/python3.12/site-packages/oslo_db/sqlalchemy/engines.py:325}}
Apr 04 10:29:12.918321 np0000163505 devstack@n-api-meta.service[107350]: DEBUG dbcounter [-] [107350] Writer thread running {{(pid=107350) stat_writer /opt/stack/data/venv/lib/python3.12/site-packages/dbcounter.py:102}}
Apr 04 10:29:12.919588 np0000163505 devstack@n-api-meta.service[107350]: DEBUG nova.context [None req-8927df35-22d9-4172-9965-67e0d453f838 None None] Found 2 cells: 00000000-0000-0000-0000-000000000000(cell0),8638aef2-54ae-4d43-b0d9-56ce0f0cc8f6(cell1) {{(pid=107350) load_cells /opt/stack/nova/nova/context.py:509}}
Apr 04 10:29:12.919812 np0000163505 devstack@n-api-meta.service[107350]: INFO nova.utils [None req-8927df35-22d9-4172-9965-67e0d453f838 None None] The cell worker thread pool MainProcess.cell_worker is initialized
Apr 04 10:29:12.921537 np0000163505 devstack@n-api-meta.service[107350]: DEBUG oslo_concurrency.lockutils [None req-8927df35-22d9-4172-9965-67e0d453f838 None None] Acquiring lock "00000000-0000-0000-0000-000000000000" by "nova.context.set_target_cell..get_or_set_cached_cell_and_set_connections" {{(pid=107350) inner /opt/stack/data/venv/lib/python3.12/site-packages/oslo_concurrency/lockutils.py:506}}
Apr 04 10:29:12.921711 np0000163505 devstack@n-api-meta.service[107350]: DEBUG oslo_concurrency.lockutils [None req-8927df35-22d9-4172-9965-67e0d453f838 None None] Lock "00000000-0000-0000-0000-000000000000" acquired by "nova.context.set_target_cell..get_or_set_cached_cell_and_set_connections" :: waited 0.000s {{(pid=107350) inner /opt/stack/data/venv/lib/python3.12/site-packages/oslo_concurrency/lockutils.py:519}}
Apr 04 10:29:12.922059 np0000163505 devstack@n-api-meta.service[107350]: DEBUG oslo_concurrency.lockutils [None req-8927df35-22d9-4172-9965-67e0d453f838 None None] Lock "00000000-0000-0000-0000-000000000000" "released" by "nova.context.set_target_cell..get_or_set_cached_cell_and_set_connections" :: held 0.000s {{(pid=107350) inner /opt/stack/data/venv/lib/python3.12/site-packages/oslo_concurrency/lockutils.py:538}}
Apr 04 10:29:12.922999 np0000163505 devstack@n-api-meta.service[107350]: DEBUG oslo_concurrency.lockutils [None req-8927df35-22d9-4172-9965-67e0d453f838 None None] Acquiring lock "8638aef2-54ae-4d43-b0d9-56ce0f0cc8f6" by "nova.context.set_target_cell..get_or_set_cached_cell_and_set_connections" {{(pid=107350) inner /opt/stack/data/venv/lib/python3.12/site-packages/oslo_concurrency/lockutils.py:506}}
Apr 04 10:29:12.923194 np0000163505 devstack@n-api-meta.service[107350]: DEBUG oslo_concurrency.lockutils [None req-8927df35-22d9-4172-9965-67e0d453f838 None None] Lock "8638aef2-54ae-4d43-b0d9-56ce0f0cc8f6" acquired by "nova.context.set_target_cell..get_or_set_cached_cell_and_set_connections" :: waited 0.000s {{(pid=107350) inner /opt/stack/data/venv/lib/python3.12/site-packages/oslo_concurrency/lockutils.py:519}}
Apr 04 10:29:12.924332 np0000163505 devstack@n-api-meta.service[107350]: DEBUG oslo_concurrency.lockutils [None req-8927df35-22d9-4172-9965-67e0d453f838 None None] Lock "8638aef2-54ae-4d43-b0d9-56ce0f0cc8f6" "released" by "nova.context.set_target_cell..get_or_set_cached_cell_and_set_connections" :: held 0.001s {{(pid=107350) inner /opt/stack/data/venv/lib/python3.12/site-packages/oslo_concurrency/lockutils.py:538}}
Apr 04 10:29:12.926697 np0000163505 devstack@n-api-meta.service[107347]: DEBUG dbcounter [-] [107347] Writer thread running {{(pid=107347) stat_writer /opt/stack/data/venv/lib/python3.12/site-packages/dbcounter.py:102}}
Apr 04 10:29:12.927791 np0000163505 devstack@n-api-meta.service[107350]: INFO dbcounter [None req-8927df35-22d9-4172-9965-67e0d453f838 None None] Registered counter for database nova_cell0
Apr 04 10:29:12.929142 np0000163505 devstack@n-api-meta.service[107347]: DEBUG nova.context [None req-ebe053b1-5ca2-45c1-b401-a0cf04ae2b08 None None] Found 2 cells: 00000000-0000-0000-0000-000000000000(cell0),8638aef2-54ae-4d43-b0d9-56ce0f0cc8f6(cell1) {{(pid=107347) load_cells /opt/stack/nova/nova/context.py:509}}
Apr 04 10:29:12.929364 np0000163505 devstack@n-api-meta.service[107347]: INFO nova.utils [None req-ebe053b1-5ca2-45c1-b401-a0cf04ae2b08 None None] The cell worker thread pool MainProcess.cell_worker is initialized
Apr 04 10:29:12.931102 np0000163505 devstack@n-api-meta.service[107347]: DEBUG oslo_concurrency.lockutils [None req-ebe053b1-5ca2-45c1-b401-a0cf04ae2b08 None None] Acquiring lock "00000000-0000-0000-0000-000000000000" by "nova.context.set_target_cell..get_or_set_cached_cell_and_set_connections" {{(pid=107347) inner /opt/stack/data/venv/lib/python3.12/site-packages/oslo_concurrency/lockutils.py:506}}
Apr 04 10:29:12.931263 np0000163505 devstack@n-api-meta.service[107347]: DEBUG oslo_concurrency.lockutils [None req-ebe053b1-5ca2-45c1-b401-a0cf04ae2b08 None None] Lock "00000000-0000-0000-0000-000000000000" acquired by "nova.context.set_target_cell..get_or_set_cached_cell_and_set_connections" :: waited 0.000s {{(pid=107347) inner /opt/stack/data/venv/lib/python3.12/site-packages/oslo_concurrency/lockutils.py:519}}
Apr 04 10:29:12.931633 np0000163505 devstack@n-api-meta.service[107347]: DEBUG oslo_concurrency.lockutils [None req-ebe053b1-5ca2-45c1-b401-a0cf04ae2b08 None None] Lock "00000000-0000-0000-0000-000000000000" "released" by "nova.context.set_target_cell..get_or_set_cached_cell_and_set_connections" :: held 0.000s {{(pid=107347) inner /opt/stack/data/venv/lib/python3.12/site-packages/oslo_concurrency/lockutils.py:538}}
Apr 04 10:29:12.932414 np0000163505 devstack@n-api-meta.service[107347]: DEBUG oslo_concurrency.lockutils [None req-ebe053b1-5ca2-45c1-b401-a0cf04ae2b08 None None] Acquiring lock "8638aef2-54ae-4d43-b0d9-56ce0f0cc8f6" by "nova.context.set_target_cell..get_or_set_cached_cell_and_set_connections" {{(pid=107347) inner /opt/stack/data/venv/lib/python3.12/site-packages/oslo_concurrency/lockutils.py:506}}
Apr 04 10:29:12.932567 np0000163505 devstack@n-api-meta.service[107347]: DEBUG oslo_concurrency.lockutils [None req-ebe053b1-5ca2-45c1-b401-a0cf04ae2b08 None None] Lock "8638aef2-54ae-4d43-b0d9-56ce0f0cc8f6" acquired by "nova.context.set_target_cell..get_or_set_cached_cell_and_set_connections" :: waited 0.000s {{(pid=107347) inner /opt/stack/data/venv/lib/python3.12/site-packages/oslo_concurrency/lockutils.py:519}}
Apr 04 10:29:12.933441 np0000163505 devstack@n-api-meta.service[107347]: DEBUG oslo_concurrency.lockutils [None req-ebe053b1-5ca2-45c1-b401-a0cf04ae2b08 None None] Lock "8638aef2-54ae-4d43-b0d9-56ce0f0cc8f6" "released" by "nova.context.set_target_cell..get_or_set_cached_cell_and_set_connections" :: held 0.001s {{(pid=107347) inner /opt/stack/data/venv/lib/python3.12/site-packages/oslo_concurrency/lockutils.py:538}}
Apr 04 10:29:12.933936 np0000163505 devstack@n-api-meta.service[107350]: INFO dbcounter [None req-8927df35-22d9-4172-9965-67e0d453f838 None None] Registered counter for database nova_cell1
Apr 04 10:29:12.936549 np0000163505 devstack@n-api-meta.service[107347]: INFO dbcounter [None req-ebe053b1-5ca2-45c1-b401-a0cf04ae2b08 None None] Registered counter for database nova_cell0
Apr 04 10:29:12.942558 np0000163505 devstack@n-api-meta.service[107347]: INFO dbcounter [None req-ebe053b1-5ca2-45c1-b401-a0cf04ae2b08 None None] Registered counter for database nova_cell1
Apr 04 10:29:12.947184 np0000163505 devstack@n-api-meta.service[107350]: DEBUG oslo_db.sqlalchemy.engines [None req-8927df35-22d9-4172-9965-67e0d453f838 None None] MySQL server mode set to STRICT_TRANS_TABLES,STRICT_ALL_TABLES,NO_ZERO_IN_DATE,NO_ZERO_DATE,ERROR_FOR_DIVISION_BY_ZERO,TRADITIONAL,NO_ENGINE_SUBSTITUTION {{(pid=107350) _check_effective_sql_mode /opt/stack/data/venv/lib/python3.12/site-packages/oslo_db/sqlalchemy/engines.py:325}}
Apr 04 10:29:12.957921 np0000163505 devstack@n-api-meta.service[107347]: DEBUG oslo_db.sqlalchemy.engines [None req-ebe053b1-5ca2-45c1-b401-a0cf04ae2b08 None None] MySQL server mode set to STRICT_TRANS_TABLES,STRICT_ALL_TABLES,NO_ZERO_IN_DATE,NO_ZERO_DATE,ERROR_FOR_DIVISION_BY_ZERO,TRADITIONAL,NO_ENGINE_SUBSTITUTION {{(pid=107347) _check_effective_sql_mode /opt/stack/data/venv/lib/python3.12/site-packages/oslo_db/sqlalchemy/engines.py:325}}
Apr 04 10:29:12.959427 np0000163505 devstack@n-api-meta.service[107350]: DEBUG oslo_db.sqlalchemy.engines [None req-8927df35-22d9-4172-9965-67e0d453f838 None None] MySQL server mode set to STRICT_TRANS_TABLES,STRICT_ALL_TABLES,NO_ZERO_IN_DATE,NO_ZERO_DATE,ERROR_FOR_DIVISION_BY_ZERO,TRADITIONAL,NO_ENGINE_SUBSTITUTION {{(pid=107350) _check_effective_sql_mode /opt/stack/data/venv/lib/python3.12/site-packages/oslo_db/sqlalchemy/engines.py:325}}
Apr 04 10:29:12.960994 np0000163505 devstack@n-api-meta.service[107347]: DEBUG oslo_db.sqlalchemy.engines [None req-ebe053b1-5ca2-45c1-b401-a0cf04ae2b08 None None] MySQL server mode set to STRICT_TRANS_TABLES,STRICT_ALL_TABLES,NO_ZERO_IN_DATE,NO_ZERO_DATE,ERROR_FOR_DIVISION_BY_ZERO,TRADITIONAL,NO_ENGINE_SUBSTITUTION {{(pid=107347) _check_effective_sql_mode /opt/stack/data/venv/lib/python3.12/site-packages/oslo_db/sqlalchemy/engines.py:325}}
Apr 04 10:29:12.969349 np0000163505 devstack@n-api-meta.service[107349]: INFO dbcounter [None req-684e1a65-eb71-4bf5-97f3-7ecd1eaf81f0 None None] Registered counter for database nova_api
Apr 04 10:29:12.985218 np0000163505 devstack@n-api-meta.service[107349]: DEBUG oslo_db.sqlalchemy.engines [None req-684e1a65-eb71-4bf5-97f3-7ecd1eaf81f0 None None] MySQL server mode set to STRICT_TRANS_TABLES,STRICT_ALL_TABLES,NO_ZERO_IN_DATE,NO_ZERO_DATE,ERROR_FOR_DIVISION_BY_ZERO,TRADITIONAL,NO_ENGINE_SUBSTITUTION {{(pid=107349) _check_effective_sql_mode /opt/stack/data/venv/lib/python3.12/site-packages/oslo_db/sqlalchemy/engines.py:325}}
Apr 04 10:29:12.999969 np0000163505 devstack@n-api-meta.service[107348]: INFO dbcounter [None req-4f504e77-88bb-4e68-b05c-953b442fba18 None None] Registered counter for database nova_api
Apr 04 10:29:13.019185 np0000163505 devstack@n-api-meta.service[107349]: DEBUG dbcounter [-] [107349] Writer thread running {{(pid=107349) stat_writer /opt/stack/data/venv/lib/python3.12/site-packages/dbcounter.py:102}}
Apr 04 10:29:13.021206 np0000163505 devstack@n-api-meta.service[107348]: DEBUG oslo_db.sqlalchemy.engines [None req-4f504e77-88bb-4e68-b05c-953b442fba18 None None] MySQL server mode set to STRICT_TRANS_TABLES,STRICT_ALL_TABLES,NO_ZERO_IN_DATE,NO_ZERO_DATE,ERROR_FOR_DIVISION_BY_ZERO,TRADITIONAL,NO_ENGINE_SUBSTITUTION {{(pid=107348) _check_effective_sql_mode /opt/stack/data/venv/lib/python3.12/site-packages/oslo_db/sqlalchemy/engines.py:325}}
Apr 04 10:29:13.021927 np0000163505 devstack@n-api-meta.service[107349]: DEBUG nova.context [None req-684e1a65-eb71-4bf5-97f3-7ecd1eaf81f0 None None] Found 2 cells: 00000000-0000-0000-0000-000000000000(cell0),8638aef2-54ae-4d43-b0d9-56ce0f0cc8f6(cell1) {{(pid=107349) load_cells /opt/stack/nova/nova/context.py:509}}
Apr 04 10:29:13.022228 np0000163505 devstack@n-api-meta.service[107349]: INFO nova.utils [None req-684e1a65-eb71-4bf5-97f3-7ecd1eaf81f0 None None] The cell worker thread pool MainProcess.cell_worker is initialized
Apr 04 10:29:13.025045 np0000163505 devstack@n-api-meta.service[107349]: DEBUG oslo_concurrency.lockutils [None req-684e1a65-eb71-4bf5-97f3-7ecd1eaf81f0 None None] Acquiring lock "00000000-0000-0000-0000-000000000000" by "nova.context.set_target_cell..get_or_set_cached_cell_and_set_connections" {{(pid=107349) inner /opt/stack/data/venv/lib/python3.12/site-packages/oslo_concurrency/lockutils.py:506}}
Apr 04 10:29:13.025045 np0000163505 devstack@n-api-meta.service[107349]: DEBUG oslo_concurrency.lockutils [None req-684e1a65-eb71-4bf5-97f3-7ecd1eaf81f0 None None] Lock "00000000-0000-0000-0000-000000000000" acquired by "nova.context.set_target_cell..get_or_set_cached_cell_and_set_connections" :: waited 0.000s {{(pid=107349) inner /opt/stack/data/venv/lib/python3.12/site-packages/oslo_concurrency/lockutils.py:519}}
Apr 04 10:29:13.025267 np0000163505 devstack@n-api-meta.service[107349]: DEBUG oslo_concurrency.lockutils [None req-684e1a65-eb71-4bf5-97f3-7ecd1eaf81f0 None None] Lock "00000000-0000-0000-0000-000000000000" "released" by "nova.context.set_target_cell..get_or_set_cached_cell_and_set_connections" :: held 0.000s {{(pid=107349) inner /opt/stack/data/venv/lib/python3.12/site-packages/oslo_concurrency/lockutils.py:538}}
Apr 04 10:29:13.029520 np0000163505 devstack@n-api-meta.service[107349]: DEBUG oslo_concurrency.lockutils [None req-684e1a65-eb71-4bf5-97f3-7ecd1eaf81f0 None None] Acquiring lock "8638aef2-54ae-4d43-b0d9-56ce0f0cc8f6" by "nova.context.set_target_cell..get_or_set_cached_cell_and_set_connections" {{(pid=107349) inner /opt/stack/data/venv/lib/python3.12/site-packages/oslo_concurrency/lockutils.py:506}}
Apr 04 10:29:13.029520 np0000163505 devstack@n-api-meta.service[107349]: INFO dbcounter [None req-684e1a65-eb71-4bf5-97f3-7ecd1eaf81f0 None None] Registered counter for database nova_cell0
Apr 04 10:29:13.029663 np0000163505 devstack@n-api-meta.service[107349]: DEBUG oslo_concurrency.lockutils [None req-684e1a65-eb71-4bf5-97f3-7ecd1eaf81f0 None None] Lock "8638aef2-54ae-4d43-b0d9-56ce0f0cc8f6" acquired by "nova.context.set_target_cell..get_or_set_cached_cell_and_set_connections" :: waited 0.002s {{(pid=107349) inner /opt/stack/data/venv/lib/python3.12/site-packages/oslo_concurrency/lockutils.py:519}}
Apr 04 10:29:13.031232 np0000163505 devstack@n-api-meta.service[107349]: DEBUG oslo_concurrency.lockutils [None req-684e1a65-eb71-4bf5-97f3-7ecd1eaf81f0 None None] Lock "8638aef2-54ae-4d43-b0d9-56ce0f0cc8f6" "released" by "nova.context.set_target_cell..get_or_set_cached_cell_and_set_connections" :: held 0.003s {{(pid=107349) inner /opt/stack/data/venv/lib/python3.12/site-packages/oslo_concurrency/lockutils.py:538}}
Apr 04 10:29:13.036894 np0000163505 devstack@n-api-meta.service[107349]: INFO dbcounter [None req-684e1a65-eb71-4bf5-97f3-7ecd1eaf81f0 None None] Registered counter for database nova_cell1
Apr 04 10:29:13.043861 np0000163505 devstack@n-api-meta.service[107350]: DEBUG dbcounter [-] [107350] Writer thread running {{(pid=107350) stat_writer /opt/stack/data/venv/lib/python3.12/site-packages/dbcounter.py:102}}
Apr 04 10:29:13.048001 np0000163505 devstack@n-api-meta.service[107349]: DEBUG oslo_db.sqlalchemy.engines [None req-684e1a65-eb71-4bf5-97f3-7ecd1eaf81f0 None None] MySQL server mode set to STRICT_TRANS_TABLES,STRICT_ALL_TABLES,NO_ZERO_IN_DATE,NO_ZERO_DATE,ERROR_FOR_DIVISION_BY_ZERO,TRADITIONAL,NO_ENGINE_SUBSTITUTION {{(pid=107349) _check_effective_sql_mode /opt/stack/data/venv/lib/python3.12/site-packages/oslo_db/sqlalchemy/engines.py:325}}
Apr 04 10:29:13.049151 np0000163505 devstack@n-api-meta.service[107350]: DEBUG dbcounter [-] [107350] Writer thread running {{(pid=107350) stat_writer /opt/stack/data/venv/lib/python3.12/site-packages/dbcounter.py:102}}
Apr 04 10:29:13.053045 np0000163505 devstack@n-api-meta.service[107350]: INFO dbcounter [None req-8927df35-22d9-4172-9965-67e0d453f838 None None] Registered counter for database nova_cell0
Apr 04 10:29:13.058475 np0000163505 devstack@n-api-meta.service[107348]: DEBUG dbcounter [-] [107348] Writer thread running {{(pid=107348) stat_writer /opt/stack/data/venv/lib/python3.12/site-packages/dbcounter.py:102}}
Apr 04 10:29:13.060847 np0000163505 devstack@n-api-meta.service[107350]: DEBUG oslo_db.sqlalchemy.engines [None req-8927df35-22d9-4172-9965-67e0d453f838 None None] MySQL server mode set to STRICT_TRANS_TABLES,STRICT_ALL_TABLES,NO_ZERO_IN_DATE,NO_ZERO_DATE,ERROR_FOR_DIVISION_BY_ZERO,TRADITIONAL,NO_ENGINE_SUBSTITUTION {{(pid=107350) _check_effective_sql_mode /opt/stack/data/venv/lib/python3.12/site-packages/oslo_db/sqlalchemy/engines.py:325}}
Apr 04 10:29:13.060940 np0000163505 devstack@n-api-meta.service[107349]: DEBUG oslo_db.sqlalchemy.engines [None req-684e1a65-eb71-4bf5-97f3-7ecd1eaf81f0 None None] MySQL server mode set to STRICT_TRANS_TABLES,STRICT_ALL_TABLES,NO_ZERO_IN_DATE,NO_ZERO_DATE,ERROR_FOR_DIVISION_BY_ZERO,TRADITIONAL,NO_ENGINE_SUBSTITUTION {{(pid=107349) _check_effective_sql_mode /opt/stack/data/venv/lib/python3.12/site-packages/oslo_db/sqlalchemy/engines.py:325}}
Apr 04 10:29:13.061362 np0000163505 devstack@n-api-meta.service[107347]: DEBUG dbcounter [-] [107347] Writer thread running {{(pid=107347) stat_writer /opt/stack/data/venv/lib/python3.12/site-packages/dbcounter.py:102}}
Apr 04 10:29:13.062312 np0000163505 devstack@n-api-meta.service[107347]: DEBUG dbcounter [-] [107347] Writer thread running {{(pid=107347) stat_writer /opt/stack/data/venv/lib/python3.12/site-packages/dbcounter.py:102}}
Apr 04 10:29:13.063604 np0000163505 devstack@n-api-meta.service[107348]: DEBUG nova.context [None req-4f504e77-88bb-4e68-b05c-953b442fba18 None None] Found 2 cells: 00000000-0000-0000-0000-000000000000(cell0),8638aef2-54ae-4d43-b0d9-56ce0f0cc8f6(cell1) {{(pid=107348) load_cells /opt/stack/nova/nova/context.py:509}}
Apr 04 10:29:13.063704 np0000163505 devstack@n-api-meta.service[107348]: INFO nova.utils [None req-4f504e77-88bb-4e68-b05c-953b442fba18 None None] The cell worker thread pool MainProcess.cell_worker is initialized
Apr 04 10:29:13.066009 np0000163505 devstack@n-api-meta.service[107348]: DEBUG oslo_concurrency.lockutils [None req-4f504e77-88bb-4e68-b05c-953b442fba18 None None] Acquiring lock "00000000-0000-0000-0000-000000000000" by "nova.context.set_target_cell..get_or_set_cached_cell_and_set_connections" {{(pid=107348) inner /opt/stack/data/venv/lib/python3.12/site-packages/oslo_concurrency/lockutils.py:506}}
Apr 04 10:29:13.066224 np0000163505 devstack@n-api-meta.service[107348]: DEBUG oslo_concurrency.lockutils [None req-4f504e77-88bb-4e68-b05c-953b442fba18 None None] Lock "00000000-0000-0000-0000-000000000000" acquired by "nova.context.set_target_cell..get_or_set_cached_cell_and_set_connections" :: waited 0.000s {{(pid=107348) inner /opt/stack/data/venv/lib/python3.12/site-packages/oslo_concurrency/lockutils.py:519}}
Apr 04 10:29:13.066690 np0000163505 devstack@n-api-meta.service[107348]: DEBUG oslo_concurrency.lockutils [None req-4f504e77-88bb-4e68-b05c-953b442fba18 None None] Lock "00000000-0000-0000-0000-000000000000" "released" by "nova.context.set_target_cell..get_or_set_cached_cell_and_set_connections" :: held 0.000s {{(pid=107348) inner /opt/stack/data/venv/lib/python3.12/site-packages/oslo_concurrency/lockutils.py:538}}
Apr 04 10:29:13.067960 np0000163505 devstack@n-api-meta.service[107348]: DEBUG oslo_concurrency.lockutils [None req-4f504e77-88bb-4e68-b05c-953b442fba18 None None] Acquiring lock "8638aef2-54ae-4d43-b0d9-56ce0f0cc8f6" by "nova.context.set_target_cell..get_or_set_cached_cell_and_set_connections" {{(pid=107348) inner /opt/stack/data/venv/lib/python3.12/site-packages/oslo_concurrency/lockutils.py:506}}
Apr 04 10:29:13.068138 np0000163505 devstack@n-api-meta.service[107348]: DEBUG oslo_concurrency.lockutils [None req-4f504e77-88bb-4e68-b05c-953b442fba18 None None] Lock "8638aef2-54ae-4d43-b0d9-56ce0f0cc8f6" acquired by "nova.context.set_target_cell..get_or_set_cached_cell_and_set_connections" :: waited 0.000s {{(pid=107348) inner /opt/stack/data/venv/lib/python3.12/site-packages/oslo_concurrency/lockutils.py:519}}
Apr 04 10:29:13.068783 np0000163505 devstack@n-api-meta.service[107347]: INFO dbcounter [None req-ebe053b1-5ca2-45c1-b401-a0cf04ae2b08 None None] Registered counter for database nova_cell0
Apr 04 10:29:13.069314 np0000163505 devstack@n-api-meta.service[107348]: DEBUG oslo_concurrency.lockutils [None req-4f504e77-88bb-4e68-b05c-953b442fba18 None None] Lock "8638aef2-54ae-4d43-b0d9-56ce0f0cc8f6" "released" by "nova.context.set_target_cell..get_or_set_cached_cell_and_set_connections" :: held 0.001s {{(pid=107348) inner /opt/stack/data/venv/lib/python3.12/site-packages/oslo_concurrency/lockutils.py:538}}
Apr 04 10:29:13.071628 np0000163505 devstack@n-api-meta.service[107350]: DEBUG dbcounter [-] [107350] Writer thread running {{(pid=107350) stat_writer /opt/stack/data/venv/lib/python3.12/site-packages/dbcounter.py:102}}
Apr 04 10:29:13.072744 np0000163505 devstack@n-api-meta.service[107348]: INFO dbcounter [None req-4f504e77-88bb-4e68-b05c-953b442fba18 None None] Registered counter for database nova_cell0
Apr 04 10:29:13.079354 np0000163505 devstack@n-api-meta.service[107347]: DEBUG oslo_db.sqlalchemy.engines [None req-ebe053b1-5ca2-45c1-b401-a0cf04ae2b08 None None] MySQL server mode set to STRICT_TRANS_TABLES,STRICT_ALL_TABLES,NO_ZERO_IN_DATE,NO_ZERO_DATE,ERROR_FOR_DIVISION_BY_ZERO,TRADITIONAL,NO_ENGINE_SUBSTITUTION {{(pid=107347) _check_effective_sql_mode /opt/stack/data/venv/lib/python3.12/site-packages/oslo_db/sqlalchemy/engines.py:325}}
Apr 04 10:29:13.079468 np0000163505 devstack@n-api-meta.service[107348]: INFO dbcounter [None req-4f504e77-88bb-4e68-b05c-953b442fba18 None None] Registered counter for database nova_cell1
Apr 04 10:29:13.090429 np0000163505 devstack@n-api-meta.service[107348]: DEBUG oslo_db.sqlalchemy.engines [None req-4f504e77-88bb-4e68-b05c-953b442fba18 None None] MySQL server mode set to STRICT_TRANS_TABLES,STRICT_ALL_TABLES,NO_ZERO_IN_DATE,NO_ZERO_DATE,ERROR_FOR_DIVISION_BY_ZERO,TRADITIONAL,NO_ENGINE_SUBSTITUTION {{(pid=107348) _check_effective_sql_mode /opt/stack/data/venv/lib/python3.12/site-packages/oslo_db/sqlalchemy/engines.py:325}}
Apr 04 10:29:13.091047 np0000163505 devstack@n-api-meta.service[107347]: DEBUG dbcounter [-] [107347] Writer thread running {{(pid=107347) stat_writer /opt/stack/data/venv/lib/python3.12/site-packages/dbcounter.py:102}}
Apr 04 10:29:13.117599 np0000163505 devstack@n-api-meta.service[107348]: DEBUG oslo_db.sqlalchemy.engines [None req-4f504e77-88bb-4e68-b05c-953b442fba18 None None] MySQL server mode set to STRICT_TRANS_TABLES,STRICT_ALL_TABLES,NO_ZERO_IN_DATE,NO_ZERO_DATE,ERROR_FOR_DIVISION_BY_ZERO,TRADITIONAL,NO_ENGINE_SUBSTITUTION {{(pid=107348) _check_effective_sql_mode /opt/stack/data/venv/lib/python3.12/site-packages/oslo_db/sqlalchemy/engines.py:325}}
Apr 04 10:29:13.120448 np0000163505 devstack@n-api-meta.service[107350]: WARNING nova.api.metadata.handler [None req-8927df35-22d9-4172-9965-67e0d453f838 None None] metadata_proxy_shared_secret is not configured, the metadata information returned by the proxy cannot be trusted
Apr 04 10:29:13.122878 np0000163505 devstack@n-api-meta.service[107350]: DEBUG nova.api.openstack.wsgi_app [None req-8927df35-22d9-4172-9965-67e0d453f838 None None] ******************************************************************************** {{(pid=107350) log_opt_values /opt/stack/data/venv/lib/python3.12/site-packages/oslo_config/cfg.py:2979}}
Apr 04 10:29:13.123057 np0000163505 devstack@n-api-meta.service[107350]: DEBUG nova.api.openstack.wsgi_app [None req-8927df35-22d9-4172-9965-67e0d453f838 None None] Configuration options gathered from: {{(pid=107350) log_opt_values /opt/stack/data/venv/lib/python3.12/site-packages/oslo_config/cfg.py:2980}}
Apr 04 10:29:13.123262 np0000163505 devstack@n-api-meta.service[107350]: DEBUG nova.api.openstack.wsgi_app [None req-8927df35-22d9-4172-9965-67e0d453f838 None None] command line args: [] {{(pid=107350) log_opt_values /opt/stack/data/venv/lib/python3.12/site-packages/oslo_config/cfg.py:2981}}
Apr 04 10:29:13.123557 np0000163505 devstack@n-api-meta.service[107350]: DEBUG nova.api.openstack.wsgi_app [None req-8927df35-22d9-4172-9965-67e0d453f838 None None] config files: ['/etc/nova/api-paste.ini', '/etc/nova/nova.conf'] {{(pid=107350) log_opt_values /opt/stack/data/venv/lib/python3.12/site-packages/oslo_config/cfg.py:2982}}
Apr 04 10:29:13.123939 np0000163505 devstack@n-api-meta.service[107350]: DEBUG nova.api.openstack.wsgi_app [None req-8927df35-22d9-4172-9965-67e0d453f838 None None] ================================================================================ {{(pid=107350) log_opt_values /opt/stack/data/venv/lib/python3.12/site-packages/oslo_config/cfg.py:2987}}
Apr 04 10:29:13.123939 np0000163505 devstack@n-api-meta.service[107350]: DEBUG nova.api.openstack.wsgi_app [None req-8927df35-22d9-4172-9965-67e0d453f838 None None] allow_resize_to_same_host = True {{(pid=107350) log_opt_values /opt/stack/data/venv/lib/python3.12/site-packages/oslo_config/cfg.py:2995}}
Apr 04 10:29:13.124013 np0000163505 devstack@n-api-meta.service[107350]: DEBUG nova.api.openstack.wsgi_app [None req-8927df35-22d9-4172-9965-67e0d453f838 None None] arq_binding_timeout = 300 {{(pid=107350) log_opt_values /opt/stack/data/venv/lib/python3.12/site-packages/oslo_config/cfg.py:2995}}
Apr 04 10:29:13.124198 np0000163505 devstack@n-api-meta.service[107350]: DEBUG nova.api.openstack.wsgi_app [None req-8927df35-22d9-4172-9965-67e0d453f838 None None] block_device_allocate_retries = 60 {{(pid=107350) log_opt_values /opt/stack/data/venv/lib/python3.12/site-packages/oslo_config/cfg.py:2995}}
Apr 04 10:29:13.124429 np0000163505 devstack@n-api-meta.service[107350]: DEBUG nova.api.openstack.wsgi_app [None req-8927df35-22d9-4172-9965-67e0d453f838 None None] block_device_allocate_retries_interval = 3 {{(pid=107350) log_opt_values /opt/stack/data/venv/lib/python3.12/site-packages/oslo_config/cfg.py:2995}}
Apr 04 10:29:13.124644 np0000163505 devstack@n-api-meta.service[107350]: DEBUG nova.api.openstack.wsgi_app [None req-8927df35-22d9-4172-9965-67e0d453f838 None None] cell_worker_thread_pool_size = 5 {{(pid=107350) log_opt_values /opt/stack/data/venv/lib/python3.12/site-packages/oslo_config/cfg.py:2995}}
Apr 04 10:29:13.124847 np0000163505 devstack@n-api-meta.service[107350]: DEBUG nova.api.openstack.wsgi_app [None req-8927df35-22d9-4172-9965-67e0d453f838 None None] cert = self.pem {{(pid=107350) log_opt_values /opt/stack/data/venv/lib/python3.12/site-packages/oslo_config/cfg.py:2995}}
Apr 04 10:29:13.125129 np0000163505 devstack@n-api-meta.service[107350]: DEBUG nova.api.openstack.wsgi_app [None req-8927df35-22d9-4172-9965-67e0d453f838 None None] compute_driver = libvirt.LibvirtDriver {{(pid=107350) log_opt_values /opt/stack/data/venv/lib/python3.12/site-packages/oslo_config/cfg.py:2995}}
Apr 04 10:29:13.125331 np0000163505 devstack@n-api-meta.service[107350]: DEBUG nova.api.openstack.wsgi_app [None req-8927df35-22d9-4172-9965-67e0d453f838 None None] compute_monitors = [] {{(pid=107350) log_opt_values /opt/stack/data/venv/lib/python3.12/site-packages/oslo_config/cfg.py:2995}}
Apr 04 10:29:13.125913 np0000163505 devstack@n-api-meta.service[107350]: DEBUG nova.api.openstack.wsgi_app [None req-8927df35-22d9-4172-9965-67e0d453f838 None None] config_dir = [] {{(pid=107350) log_opt_values /opt/stack/data/venv/lib/python3.12/site-packages/oslo_config/cfg.py:2995}}
Apr 04 10:29:13.126006 np0000163505 devstack@n-api-meta.service[107350]: DEBUG nova.api.openstack.wsgi_app [None req-8927df35-22d9-4172-9965-67e0d453f838 None None] config_drive_format = iso9660 {{(pid=107350) log_opt_values /opt/stack/data/venv/lib/python3.12/site-packages/oslo_config/cfg.py:2995}}
Apr 04 10:29:13.126201 np0000163505 devstack@n-api-meta.service[107350]: DEBUG nova.api.openstack.wsgi_app [None req-8927df35-22d9-4172-9965-67e0d453f838 None None] config_file = ['/etc/nova/api-paste.ini', '/etc/nova/nova.conf'] {{(pid=107350) log_opt_values /opt/stack/data/venv/lib/python3.12/site-packages/oslo_config/cfg.py:2995}}
Apr 04 10:29:13.126485 np0000163505 devstack@n-api-meta.service[107350]: DEBUG nova.api.openstack.wsgi_app [None req-8927df35-22d9-4172-9965-67e0d453f838 None None] config_source = [] {{(pid=107350) log_opt_values /opt/stack/data/venv/lib/python3.12/site-packages/oslo_config/cfg.py:2995}}
Apr 04 10:29:13.126700 np0000163505 devstack@n-api-meta.service[107350]: DEBUG nova.api.openstack.wsgi_app [None req-8927df35-22d9-4172-9965-67e0d453f838 None None] console_host = np0000163505 {{(pid=107350) log_opt_values /opt/stack/data/venv/lib/python3.12/site-packages/oslo_config/cfg.py:2995}}
Apr 04 10:29:13.126937 np0000163505 devstack@n-api-meta.service[107350]: DEBUG nova.api.openstack.wsgi_app [None req-8927df35-22d9-4172-9965-67e0d453f838 None None] control_exchange = nova {{(pid=107350) log_opt_values /opt/stack/data/venv/lib/python3.12/site-packages/oslo_config/cfg.py:2995}}
Apr 04 10:29:13.127124 np0000163505 devstack@n-api-meta.service[107350]: DEBUG nova.api.openstack.wsgi_app [None req-8927df35-22d9-4172-9965-67e0d453f838 None None] cpu_allocation_ratio = None {{(pid=107350) log_opt_values /opt/stack/data/venv/lib/python3.12/site-packages/oslo_config/cfg.py:2995}}
Apr 04 10:29:13.127336 np0000163505 devstack@n-api-meta.service[107350]: DEBUG nova.api.openstack.wsgi_app [None req-8927df35-22d9-4172-9965-67e0d453f838 None None] daemon = False {{(pid=107350) log_opt_values /opt/stack/data/venv/lib/python3.12/site-packages/oslo_config/cfg.py:2995}}
Apr 04 10:29:13.127565 np0000163505 devstack@n-api-meta.service[107350]: DEBUG nova.api.openstack.wsgi_app [None req-8927df35-22d9-4172-9965-67e0d453f838 None None] debug = True {{(pid=107350) log_opt_values /opt/stack/data/venv/lib/python3.12/site-packages/oslo_config/cfg.py:2995}}
Apr 04 10:29:13.127752 np0000163505 devstack@n-api-meta.service[107350]: DEBUG nova.api.openstack.wsgi_app [None req-8927df35-22d9-4172-9965-67e0d453f838 None None] default_access_ip_network_name = None {{(pid=107350) log_opt_values /opt/stack/data/venv/lib/python3.12/site-packages/oslo_config/cfg.py:2995}}
Apr 04 10:29:13.127947 np0000163505 devstack@n-api-meta.service[107350]: DEBUG nova.api.openstack.wsgi_app [None req-8927df35-22d9-4172-9965-67e0d453f838 None None] default_availability_zone = nova {{(pid=107350) log_opt_values /opt/stack/data/venv/lib/python3.12/site-packages/oslo_config/cfg.py:2995}}
Apr 04 10:29:13.128139 np0000163505 devstack@n-api-meta.service[107350]: DEBUG nova.api.openstack.wsgi_app [None req-8927df35-22d9-4172-9965-67e0d453f838 None None] default_ephemeral_format = ext4 {{(pid=107350) log_opt_values /opt/stack/data/venv/lib/python3.12/site-packages/oslo_config/cfg.py:2995}}
Apr 04 10:29:13.128349 np0000163505 devstack@n-api-meta.service[107350]: DEBUG nova.api.openstack.wsgi_app [None req-8927df35-22d9-4172-9965-67e0d453f838 None None] default_green_pool_size = 1000 {{(pid=107350) log_opt_values /opt/stack/data/venv/lib/python3.12/site-packages/oslo_config/cfg.py:2995}}
Apr 04 10:29:13.128617 np0000163505 devstack@n-api-meta.service[107350]: DEBUG nova.api.openstack.wsgi_app [None req-8927df35-22d9-4172-9965-67e0d453f838 None None] default_log_levels = ['amqp=WARN', 'boto=WARN', 'sqlalchemy=WARN', 'suds=INFO', 'oslo.messaging=INFO', 'oslo_messaging=INFO', 'iso8601=WARN', 'requests.packages.urllib3.connectionpool=WARN', 'urllib3.connectionpool=WARN', 'websocket=WARN', 'requests.packages.urllib3.util.retry=WARN', 'urllib3.util.retry=WARN', 'keystonemiddleware=WARN', 'routes.middleware=WARN', 'stevedore=WARN', 'taskflow=WARN', 'keystoneauth=WARN', 'oslo.cache=INFO', 'oslo_policy=INFO', 'dogpile.core.dogpile=INFO', 'glanceclient=WARN', 'oslo.privsep.daemon=INFO'] {{(pid=107350) log_opt_values /opt/stack/data/venv/lib/python3.12/site-packages/oslo_config/cfg.py:2995}}
Apr 04 10:29:13.128818 np0000163505 devstack@n-api-meta.service[107350]: DEBUG nova.api.openstack.wsgi_app [None req-8927df35-22d9-4172-9965-67e0d453f838 None None] default_schedule_zone = None {{(pid=107350) log_opt_values /opt/stack/data/venv/lib/python3.12/site-packages/oslo_config/cfg.py:2995}}
Apr 04 10:29:13.129031 np0000163505 devstack@n-api-meta.service[107350]: DEBUG nova.api.openstack.wsgi_app [None req-8927df35-22d9-4172-9965-67e0d453f838 None None] default_thread_pool_size = 10 {{(pid=107350) log_opt_values /opt/stack/data/venv/lib/python3.12/site-packages/oslo_config/cfg.py:2995}}
Apr 04 10:29:13.129215 np0000163505 devstack@n-api-meta.service[107350]: DEBUG nova.api.openstack.wsgi_app [None req-8927df35-22d9-4172-9965-67e0d453f838 None None] disk_allocation_ratio = None {{(pid=107350) log_opt_values /opt/stack/data/venv/lib/python3.12/site-packages/oslo_config/cfg.py:2995}}
Apr 04 10:29:13.129394 np0000163505 devstack@n-api-meta.service[107350]: DEBUG nova.api.openstack.wsgi_app [None req-8927df35-22d9-4172-9965-67e0d453f838 None None] enable_new_services = True {{(pid=107350) log_opt_values /opt/stack/data/venv/lib/python3.12/site-packages/oslo_config/cfg.py:2995}}
Apr 04 10:29:13.129591 np0000163505 devstack@n-api-meta.service[107350]: DEBUG nova.api.openstack.wsgi_app [None req-8927df35-22d9-4172-9965-67e0d453f838 None None] flat_injected = False {{(pid=107350) log_opt_values /opt/stack/data/venv/lib/python3.12/site-packages/oslo_config/cfg.py:2995}}
Apr 04 10:29:13.129774 np0000163505 devstack@n-api-meta.service[107350]: DEBUG nova.api.openstack.wsgi_app [None req-8927df35-22d9-4172-9965-67e0d453f838 None None] force_config_drive = False {{(pid=107350) log_opt_values /opt/stack/data/venv/lib/python3.12/site-packages/oslo_config/cfg.py:2995}}
Apr 04 10:29:13.129953 np0000163505 devstack@n-api-meta.service[107350]: DEBUG nova.api.openstack.wsgi_app [None req-8927df35-22d9-4172-9965-67e0d453f838 None None] force_raw_images = True {{(pid=107350) log_opt_values /opt/stack/data/venv/lib/python3.12/site-packages/oslo_config/cfg.py:2995}}
Apr 04 10:29:13.130143 np0000163505 devstack@n-api-meta.service[107350]: DEBUG nova.api.openstack.wsgi_app [None req-8927df35-22d9-4172-9965-67e0d453f838 None None] graceful_shutdown_timeout = 5 {{(pid=107350) log_opt_values /opt/stack/data/venv/lib/python3.12/site-packages/oslo_config/cfg.py:2995}}
Apr 04 10:29:13.130348 np0000163505 devstack@n-api-meta.service[107350]: DEBUG nova.api.openstack.wsgi_app [None req-8927df35-22d9-4172-9965-67e0d453f838 None None] heal_instance_info_cache_interval = -1 {{(pid=107350) log_opt_values /opt/stack/data/venv/lib/python3.12/site-packages/oslo_config/cfg.py:2995}}
Apr 04 10:29:13.130851 np0000163505 devstack@n-api-meta.service[107350]: DEBUG nova.api.openstack.wsgi_app [None req-8927df35-22d9-4172-9965-67e0d453f838 None None] host = np0000163505 {{(pid=107350) log_opt_values /opt/stack/data/venv/lib/python3.12/site-packages/oslo_config/cfg.py:2995}}
Apr 04 10:29:13.131047 np0000163505 devstack@n-api-meta.service[107350]: DEBUG nova.api.openstack.wsgi_app [None req-8927df35-22d9-4172-9965-67e0d453f838 None None] initial_cpu_allocation_ratio = 4.0 {{(pid=107350) log_opt_values /opt/stack/data/venv/lib/python3.12/site-packages/oslo_config/cfg.py:2995}}
Apr 04 10:29:13.131247 np0000163505 devstack@n-api-meta.service[107350]: DEBUG nova.api.openstack.wsgi_app [None req-8927df35-22d9-4172-9965-67e0d453f838 None None] initial_disk_allocation_ratio = 1.0 {{(pid=107350) log_opt_values /opt/stack/data/venv/lib/python3.12/site-packages/oslo_config/cfg.py:2995}}
Apr 04 10:29:13.131432 np0000163505 devstack@n-api-meta.service[107350]: DEBUG nova.api.openstack.wsgi_app [None req-8927df35-22d9-4172-9965-67e0d453f838 None None] initial_ram_allocation_ratio = 1.0 {{(pid=107350) log_opt_values /opt/stack/data/venv/lib/python3.12/site-packages/oslo_config/cfg.py:2995}}
Apr 04 10:29:13.131687 np0000163505 devstack@n-api-meta.service[107350]: DEBUG nova.api.openstack.wsgi_app [None req-8927df35-22d9-4172-9965-67e0d453f838 None None] injected_network_template = /opt/stack/nova/nova/virt/interfaces.template {{(pid=107350) log_opt_values /opt/stack/data/venv/lib/python3.12/site-packages/oslo_config/cfg.py:2995}}
Apr 04 10:29:13.131987 np0000163505 devstack@n-api-meta.service[107350]: DEBUG nova.api.openstack.wsgi_app [None req-8927df35-22d9-4172-9965-67e0d453f838 None None] instance_build_timeout = 0 {{(pid=107350) log_opt_values /opt/stack/data/venv/lib/python3.12/site-packages/oslo_config/cfg.py:2995}}
Apr 04 10:29:13.132137 np0000163505 devstack@n-api-meta.service[107350]: DEBUG nova.api.openstack.wsgi_app [None req-8927df35-22d9-4172-9965-67e0d453f838 None None] instance_delete_interval = 300 {{(pid=107350) log_opt_values /opt/stack/data/venv/lib/python3.12/site-packages/oslo_config/cfg.py:2995}}
Apr 04 10:29:13.132276 np0000163505 devstack@n-api-meta.service[107350]: DEBUG nova.api.openstack.wsgi_app [None req-8927df35-22d9-4172-9965-67e0d453f838 None None] instance_format = [instance: %(uuid)s] {{(pid=107350) log_opt_values /opt/stack/data/venv/lib/python3.12/site-packages/oslo_config/cfg.py:2995}}
Apr 04 10:29:13.132425 np0000163505 devstack@n-api-meta.service[107350]: DEBUG nova.api.openstack.wsgi_app [None req-8927df35-22d9-4172-9965-67e0d453f838 None None] instance_name_template = instance-%08x {{(pid=107350) log_opt_values /opt/stack/data/venv/lib/python3.12/site-packages/oslo_config/cfg.py:2995}}
Apr 04 10:29:13.132587 np0000163505 devstack@n-api-meta.service[107350]: DEBUG nova.api.openstack.wsgi_app [None req-8927df35-22d9-4172-9965-67e0d453f838 None None] instance_usage_audit = False {{(pid=107350) log_opt_values /opt/stack/data/venv/lib/python3.12/site-packages/oslo_config/cfg.py:2995}}
Apr 04 10:29:13.132723 np0000163505 devstack@n-api-meta.service[107350]: DEBUG nova.api.openstack.wsgi_app [None req-8927df35-22d9-4172-9965-67e0d453f838 None None] instance_usage_audit_period = month {{(pid=107350) log_opt_values /opt/stack/data/venv/lib/python3.12/site-packages/oslo_config/cfg.py:2995}}
Apr 04 10:29:13.132855 np0000163505 devstack@n-api-meta.service[107350]: DEBUG nova.api.openstack.wsgi_app [None req-8927df35-22d9-4172-9965-67e0d453f838 None None] instance_uuid_format = [instance: %(uuid)s] {{(pid=107350) log_opt_values /opt/stack/data/venv/lib/python3.12/site-packages/oslo_config/cfg.py:2995}}
Apr 04 10:29:13.133019 np0000163505 devstack@n-api-meta.service[107350]: DEBUG nova.api.openstack.wsgi_app [None req-8927df35-22d9-4172-9965-67e0d453f838 None None] instances_path = /opt/stack/data/nova/instances {{(pid=107350) log_opt_values /opt/stack/data/venv/lib/python3.12/site-packages/oslo_config/cfg.py:2995}}
Apr 04 10:29:13.133135 np0000163505 devstack@n-api-meta.service[107350]: DEBUG nova.api.openstack.wsgi_app [None req-8927df35-22d9-4172-9965-67e0d453f838 None None] internal_service_availability_zone = internal {{(pid=107350) log_opt_values /opt/stack/data/venv/lib/python3.12/site-packages/oslo_config/cfg.py:2995}}
Apr 04 10:29:13.133260 np0000163505 devstack@n-api-meta.service[107350]: DEBUG nova.api.openstack.wsgi_app [None req-8927df35-22d9-4172-9965-67e0d453f838 None None] key = None {{(pid=107350) log_opt_values /opt/stack/data/venv/lib/python3.12/site-packages/oslo_config/cfg.py:2995}}
Apr 04 10:29:13.133585 np0000163505 devstack@n-api-meta.service[107350]: DEBUG nova.api.openstack.wsgi_app [None req-8927df35-22d9-4172-9965-67e0d453f838 None None] live_migration_retry_count = 30 {{(pid=107350) log_opt_values /opt/stack/data/venv/lib/python3.12/site-packages/oslo_config/cfg.py:2995}}
Apr 04 10:29:13.133782 np0000163505 devstack@n-api-meta.service[107350]: DEBUG nova.api.openstack.wsgi_app [None req-8927df35-22d9-4172-9965-67e0d453f838 None None] log_color = False {{(pid=107350) log_opt_values /opt/stack/data/venv/lib/python3.12/site-packages/oslo_config/cfg.py:2995}}
Apr 04 10:29:13.133969 np0000163505 devstack@n-api-meta.service[107350]: DEBUG nova.api.openstack.wsgi_app [None req-8927df35-22d9-4172-9965-67e0d453f838 None None] log_config_append = None {{(pid=107350) log_opt_values /opt/stack/data/venv/lib/python3.12/site-packages/oslo_config/cfg.py:2995}}
Apr 04 10:29:13.134158 np0000163505 devstack@n-api-meta.service[107350]: DEBUG nova.api.openstack.wsgi_app [None req-8927df35-22d9-4172-9965-67e0d453f838 None None] log_date_format = %Y-%m-%d %H:%M:%S {{(pid=107350) log_opt_values /opt/stack/data/venv/lib/python3.12/site-packages/oslo_config/cfg.py:2995}}
Apr 04 10:29:13.134342 np0000163505 devstack@n-api-meta.service[107350]: DEBUG nova.api.openstack.wsgi_app [None req-8927df35-22d9-4172-9965-67e0d453f838 None None] log_dir = None {{(pid=107350) log_opt_values /opt/stack/data/venv/lib/python3.12/site-packages/oslo_config/cfg.py:2995}}
Apr 04 10:29:13.134535 np0000163505 devstack@n-api-meta.service[107350]: DEBUG nova.api.openstack.wsgi_app [None req-8927df35-22d9-4172-9965-67e0d453f838 None None] log_file = None {{(pid=107350) log_opt_values /opt/stack/data/venv/lib/python3.12/site-packages/oslo_config/cfg.py:2995}}
Apr 04 10:29:13.134689 np0000163505 devstack@n-api-meta.service[107350]: DEBUG nova.api.openstack.wsgi_app [None req-8927df35-22d9-4172-9965-67e0d453f838 None None] log_options = True {{(pid=107350) log_opt_values /opt/stack/data/venv/lib/python3.12/site-packages/oslo_config/cfg.py:2995}}
Apr 04 10:29:13.134870 np0000163505 devstack@n-api-meta.service[107350]: DEBUG nova.api.openstack.wsgi_app [None req-8927df35-22d9-4172-9965-67e0d453f838 None None] log_rotate_interval = 1 {{(pid=107350) log_opt_values /opt/stack/data/venv/lib/python3.12/site-packages/oslo_config/cfg.py:2995}}
Apr 04 10:29:13.135111 np0000163505 devstack@n-api-meta.service[107350]: DEBUG nova.api.openstack.wsgi_app [None req-8927df35-22d9-4172-9965-67e0d453f838 None None] log_rotate_interval_type = days {{(pid=107350) log_opt_values /opt/stack/data/venv/lib/python3.12/site-packages/oslo_config/cfg.py:2995}}
Apr 04 10:29:13.135292 np0000163505 devstack@n-api-meta.service[107350]: DEBUG nova.api.openstack.wsgi_app [None req-8927df35-22d9-4172-9965-67e0d453f838 None None] log_rotation_type = none {{(pid=107350) log_opt_values /opt/stack/data/venv/lib/python3.12/site-packages/oslo_config/cfg.py:2995}}
Apr 04 10:29:13.135478 np0000163505 devstack@n-api-meta.service[107350]: DEBUG nova.api.openstack.wsgi_app [None req-8927df35-22d9-4172-9965-67e0d453f838 None None] logging_context_format_string = %(color)s%(levelname)s %(name)s [%(global_request_id)s %(request_id)s %(project_name)s %(user_name)s%(color)s] %(instance)s%(color)s%(message)s {{(pid=107350) log_opt_values /opt/stack/data/venv/lib/python3.12/site-packages/oslo_config/cfg.py:2995}}
Apr 04 10:29:13.135653 np0000163505 devstack@n-api-meta.service[107350]: DEBUG nova.api.openstack.wsgi_app [None req-8927df35-22d9-4172-9965-67e0d453f838 None None] logging_debug_format_suffix = {{(pid=%(process)d) %(funcName)s %(pathname)s:%(lineno)d}} {{(pid=107350) log_opt_values /opt/stack/data/venv/lib/python3.12/site-packages/oslo_config/cfg.py:2995}}
Apr 04 10:29:13.135840 np0000163505 devstack@n-api-meta.service[107350]: DEBUG nova.api.openstack.wsgi_app [None req-8927df35-22d9-4172-9965-67e0d453f838 None None] logging_default_format_string = %(color)s%(levelname)s %(name)s [-%(color)s] %(instance)s%(color)s%(message)s {{(pid=107350) log_opt_values /opt/stack/data/venv/lib/python3.12/site-packages/oslo_config/cfg.py:2995}}
Apr 04 10:29:13.136027 np0000163505 devstack@n-api-meta.service[107350]: DEBUG nova.api.openstack.wsgi_app [None req-8927df35-22d9-4172-9965-67e0d453f838 None None] logging_exception_prefix = ERROR %(name)s %(instance)s {{(pid=107350) log_opt_values /opt/stack/data/venv/lib/python3.12/site-packages/oslo_config/cfg.py:2995}}
