199.204.45.53 - - [24/Apr/2026:19:22:16 +0000] "GET /networking/v2.0/networks?shared=True HTTP/1.1" 200 2891 "-" "python-neutronclient"
172.18.0.2 - - [24/Apr/2026:19:22:17 +0000] "GET /networking/ HTTP/1.1" 200 2909 "-" "cluster-api-provider-openstack/v0.12.7 gophercloud/v2.10.0"
172.18.0.2 - - [24/Apr/2026:19:22:17 +0000] "GET /networking/ HTTP/1.1" 200 2909 "-" "cluster-api-provider-openstack/v0.12.7 gophercloud/v2.10.0"
172.18.0.2 - - [24/Apr/2026:19:22:17 +0000] "GET /networking/ HTTP/1.1" 200 2909 "-" "cluster-api-provider-openstack/v0.12.7 gophercloud/v2.10.0"
172.18.0.2 - - [24/Apr/2026:19:22:17 +0000] "GET /networking/v2.0/ports?id=b5fe05cd-5d95-4d43-9ff4-39ff94d5370e&name=kube-dtki1-default-worker-h2tgk-zmdpb-rrs7s-0&network_id=8f407990-126a-48a8-8c80-e15ef62328c6 HTTP/1.1" 200 3699 "-" "cluster-api-provider-openstack/v0.12.7 gophercloud/v2.10.0"
172.18.0.2 - - [24/Apr/2026:19:22:17 +0000] "GET /compute/v2.1/ HTTP/1.1" 200 3431 "-" "cluster-api-provider-openstack/v0.12.7 gophercloud/v2.10.0"
199.204.45.53 - - [24/Apr/2026:19:22:17 +0000] "GET /networking/v2.0/ports?device_id=fbd189ca-23fe-41a8-8ac2-29c73ab9cd6b HTTP/1.1" 200 3730 "-" "python-neutronclient"
172.18.0.2 - - [24/Apr/2026:19:22:17 +0000] "GET /networking/ HTTP/1.1" 200 2909 "-" "cluster-api-provider-openstack/v0.12.7 gophercloud/v2.10.0"
172.18.0.2 - - [24/Apr/2026:19:22:17 +0000] "GET /networking/ HTTP/1.1" 200 2909 "-" "cluster-api-provider-openstack/v0.12.7 gophercloud/v2.10.0"
172.18.0.2 - - [24/Apr/2026:19:22:17 +0000] "GET /networking/ HTTP/1.1" 200 2909 "-" "cluster-api-provider-openstack/v0.12.7 gophercloud/v2.10.0"
199.204.45.53 - - [24/Apr/2026:19:22:17 +0000] "GET /networking/v2.0/security-groups?id=3b35a6a4-d6b0-451c-92e2-1f6cfdf0e788&fields=id&fields=name HTTP/1.1" 200 3010 "-" "python-neutronclient"
172.18.0.2 - - [24/Apr/2026:19:22:17 +0000] "GET /compute/v2.1/servers/fbd189ca-23fe-41a8-8ac2-29c73ab9cd6b HTTP/1.1" 200 4456 "-" "cluster-api-provider-openstack/v0.12.7 gophercloud/v2.10.0"
172.18.0.2 - - [24/Apr/2026:19:22:17 +0000] "GET /networking/v2.0/ports?id=d0b91eb5-3b48-4b54-99d9-b8cd21ab0a2e&name=kube-dtki1-default-worker-h2tgk-zmdpb-dpdsb-0&network_id=8f407990-126a-48a8-8c80-e15ef62328c6 HTTP/1.1" 200 3699 "-" "cluster-api-provider-openstack/v0.12.7 gophercloud/v2.10.0"
199.204.45.53 - - [24/Apr/2026:19:22:17 +0000] "GET /networking/v2.0/ports?tenant_id=803b7700dd8d448e87006fdb59095446&device_id=7c8de8d5-b3f6-4f34-8036-50055b89473e HTTP/1.1" 200 3972 "-" "python-neutronclient"
172.18.0.2 - - [24/Apr/2026:19:22:17 +0000] "GET /compute/v2.1/ HTTP/1.1" 200 3431 "-" "cluster-api-provider-openstack/v0.12.7 gophercloud/v2.10.0"
199.204.45.53 - - [24/Apr/2026:19:22:17 +0000] "GET /networking/v2.0/floatingips?fixed_ip_address=192.168.24.143&port_id=d0b91eb5-3b48-4b54-99d9-b8cd21ab0a2e HTTP/1.1" 200 2895 "-" "python-neutronclient"
199.204.45.53 - - [24/Apr/2026:19:22:17 +0000] "GET /networking/v2.0/ports?device_id=7c8de8d5-b3f6-4f34-8036-50055b89473e HTTP/1.1" 200 3730 "-" "python-neutronclient"
199.204.45.53 - - [24/Apr/2026:19:22:17 +0000] "GET /networking/v2.0/subnets?id=0cb22475-795d-41a0-8fe7-5a51c304608c HTTP/1.1" 200 3645 "-" "python-neutronclient"
199.204.45.53 - - [24/Apr/2026:19:22:17 +0000] "GET /networking/v2.0/security-groups?id=3b35a6a4-d6b0-451c-92e2-1f6cfdf0e788&fields=id&fields=name HTTP/1.1" 200 3010 "-" "python-neutronclient"
172.18.0.2 - - [24/Apr/2026:19:22:17 +0000] "GET /compute/v2.1/servers/7c8de8d5-b3f6-4f34-8036-50055b89473e HTTP/1.1" 200 4456 "-" "cluster-api-provider-openstack/v0.12.7 gophercloud/v2.10.0"
199.204.45.53 - - [24/Apr/2026:19:22:17 +0000] "GET /networking/v2.0/ports?network_id=8f407990-126a-48a8-8c80-e15ef62328c6&device_owner=network%3Adhcp HTTP/1.1" 200 2888 "-" "python-neutronclient"
199.204.45.53 - - [24/Apr/2026:19:22:17 +0000] "GET /networking/v2.0/networks/8f407990-126a-48a8-8c80-e15ef62328c6?fields=segments HTTP/1.1" 200 2890 "-" "python-neutronclient"
199.204.45.53 - - [24/Apr/2026:19:22:17 +0000] "GET /networking/v2.0/networks/8f407990-126a-48a8-8c80-e15ef62328c6?fields=provider%3Aphysical_network&fields=provider%3Anetwork_type HTTP/1.1" 200 2955 "-" "python-neutronclient"
199.204.45.53 - - [24/Apr/2026:19:22:18 +0000] "POST /compute/v2.1/os-server-external-events HTTP/1.1" 200 3253 "-" "python-novaclient"
199.204.45.53 - - [24/Apr/2026:19:22:18 +0000] "GET /identity HTTP/1.1" 300 3230 "-" "openstacksdk/4.11.0 keystoneauth1/5.13.1 python-requests/2.33.1 CPython/3.12.3"
199.204.45.53 - - [24/Apr/2026:19:22:18 +0000] "POST /identity/v3/auth/tokens HTTP/1.1" 201 8041 "-" "openstacksdk/4.11.0 keystoneauth1/5.13.1 python-requests/2.33.1 CPython/3.12.3"
199.204.45.53 - - [24/Apr/2026:19:22:18 +0000] "GET /identity/v3/auth/tokens HTTP/1.1" 200 8036 "-" "python-keystoneclient"
199.204.45.53 - - [24/Apr/2026:19:22:18 +0000] "POST /identity/v3/auth/tokens HTTP/1.1" 201 7617 "-" "uwsgi keystoneauth1/5.13.1 python-requests/2.33.1 CPython/3.12.3"
199.204.45.53 - - [24/Apr/2026:19:22:18 +0000] "POST /identity/v3/auth/tokens HTTP/1.1" 201 7617 "-" "uwsgi keystoneauth1/5.13.1 python-requests/2.33.1 CPython/3.12.3"
199.204.45.53 - - [24/Apr/2026:19:22:18 +0000] "GET /container-infra/v1/clusters/k8s-cluster HTTP/1.1" 200 4890 "-" "python-urllib3/2.6.3"
199.204.45.53 - - [24/Apr/2026:19:22:20 +0000] "POST /compute/v2.1/os-server-external-events HTTP/1.1" 200 3253 "-" "python-novaclient"
199.204.45.53 - - [24/Apr/2026:19:22:20 +0000] "POST /compute/v2.1/os-server-external-events HTTP/1.1" 200 3253 "-" "python-novaclient"
199.204.45.53 - - [24/Apr/2026:19:22:22 +0000] "POST /compute/v2.1/os-server-external-events HTTP/1.1" 200 3253 "-" "python-novaclient"
199.204.45.53 - - [24/Apr/2026:19:22:23 +0000] "GET /placement/resource_providers/33aaf4dd-994b-47d9-9927-39014cd9d161/allocations HTTP/1.1" 200 3302 "-" "nova-compute keystoneauth1/5.13.1 python-requests/2.33.1 CPython/3.12.3"
199.204.45.53 - - [24/Apr/2026:19:22:24 +0000] "GET /placement/resource_providers/33aaf4dd-994b-47d9-9927-39014cd9d161/allocations HTTP/1.1" 200 3302 "-" "nova-compute keystoneauth1/5.13.1 python-requests/2.33.1 CPython/3.12.3"
199.204.45.53 - - [24/Apr/2026:19:22:24 +0000] "GET /placement/allocations/7c8de8d5-b3f6-4f34-8036-50055b89473e HTTP/1.1" 200 3275 "-" "nova-compute keystoneauth1/5.13.1 python-requests/2.33.1 CPython/3.12.3"
199.204.45.53 - - [24/Apr/2026:19:22:24 +0000] "GET /placement/allocations/4b2f279a-2ddb-4f12-8f56-ac9f1bdfc559 HTTP/1.1" 200 3275 "-" "nova-compute keystoneauth1/5.13.1 python-requests/2.33.1 CPython/3.12.3"
199.204.45.53 - - [24/Apr/2026:19:22:24 +0000] "GET /placement/allocations/fbd189ca-23fe-41a8-8ac2-29c73ab9cd6b HTTP/1.1" 200 3275 "-" "nova-compute keystoneauth1/5.13.1 python-requests/2.33.1 CPython/3.12.3"
199.204.45.53 - - [24/Apr/2026:19:22:24 +0000] "GET /identity HTTP/1.1" 300 3230 "-" "openstacksdk/4.11.0 keystoneauth1/5.13.1 python-requests/2.33.1 CPython/3.12.3"
199.204.45.53 - - [24/Apr/2026:19:22:24 +0000] "POST /identity/v3/auth/tokens HTTP/1.1" 201 8041 "-" "openstacksdk/4.11.0 keystoneauth1/5.13.1 python-requests/2.33.1 CPython/3.12.3"
199.204.45.53 - - [24/Apr/2026:19:22:25 +0000] "GET /identity/v3/auth/tokens HTTP/1.1" 200 8036 "-" "python-keystoneclient"
199.204.45.53 - - [24/Apr/2026:19:22:25 +0000] "POST /identity/v3/auth/tokens HTTP/1.1" 201 7617 "-" "uwsgi keystoneauth1/5.13.1 python-requests/2.33.1 CPython/3.12.3"
199.204.45.53 - - [24/Apr/2026:19:22:25 +0000] "POST /identity/v3/auth/tokens HTTP/1.1" 201 7617 "-" "uwsgi keystoneauth1/5.13.1 python-requests/2.33.1 CPython/3.12.3"
199.204.45.53 - - [24/Apr/2026:19:22:25 +0000] "GET /container-infra/v1/clusters/k8s-cluster HTTP/1.1" 200 4890 "-" "python-urllib3/2.6.3"
172.18.0.2 - - [24/Apr/2026:19:22:27 +0000] "GET /networking/ HTTP/1.1" 200 2909 "-" "cluster-api-provider-openstack/v0.12.7 gophercloud/v2.10.0"
172.18.0.2 - - [24/Apr/2026:19:22:27 +0000] "GET /networking/ HTTP/1.1" 200 2909 "-" "cluster-api-provider-openstack/v0.12.7 gophercloud/v2.10.0"
172.18.0.2 - - [24/Apr/2026:19:22:27 +0000] "GET /networking/ HTTP/1.1" 200 2909 "-" "cluster-api-provider-openstack/v0.12.7 gophercloud/v2.10.0"
172.18.0.2 - - [24/Apr/2026:19:22:27 +0000] "GET /networking/v2.0/ports?id=b5fe05cd-5d95-4d43-9ff4-39ff94d5370e&name=kube-dtki1-default-worker-h2tgk-zmdpb-rrs7s-0&network_id=8f407990-126a-48a8-8c80-e15ef62328c6 HTTP/1.1" 200 3701 "-" "cluster-api-provider-openstack/v0.12.7 gophercloud/v2.10.0"
172.18.0.2 - - [24/Apr/2026:19:22:27 +0000] "GET /compute/v2.1/ HTTP/1.1" 200 3431 "-" "cluster-api-provider-openstack/v0.12.7 gophercloud/v2.10.0"
172.18.0.2 - - [24/Apr/2026:19:22:27 +0000] "GET /networking/ HTTP/1.1" 200 2909 "-" "cluster-api-provider-openstack/v0.12.7 gophercloud/v2.10.0"
172.18.0.2 - - [24/Apr/2026:19:22:27 +0000] "GET /networking/ HTTP/1.1" 200 2909 "-" "cluster-api-provider-openstack/v0.12.7 gophercloud/v2.10.0"
172.18.0.2 - - [24/Apr/2026:19:22:27 +0000] "GET /networking/ HTTP/1.1" 200 2909 "-" "cluster-api-provider-openstack/v0.12.7 gophercloud/v2.10.0"
199.204.45.53 - - [24/Apr/2026:19:22:27 +0000] "GET /networking/v2.0/ports?device_id=fbd189ca-23fe-41a8-8ac2-29c73ab9cd6b HTTP/1.1" 200 3732 "-" "python-neutronclient"
172.18.0.2 - - [24/Apr/2026:19:22:27 +0000] "GET /networking/v2.0/ports?id=d0b91eb5-3b48-4b54-99d9-b8cd21ab0a2e&name=kube-dtki1-default-worker-h2tgk-zmdpb-dpdsb-0&network_id=8f407990-126a-48a8-8c80-e15ef62328c6 HTTP/1.1" 200 3701 "-" "cluster-api-provider-openstack/v0.12.7 gophercloud/v2.10.0"
172.18.0.2 - - [24/Apr/2026:19:22:27 +0000] "GET /compute/v2.1/ HTTP/1.1" 200 3431 "-" "cluster-api-provider-openstack/v0.12.7 gophercloud/v2.10.0"
199.204.45.53 - - [24/Apr/2026:19:22:27 +0000] "GET /networking/v2.0/security-groups?id=3b35a6a4-d6b0-451c-92e2-1f6cfdf0e788&fields=id&fields=name HTTP/1.1" 200 3010 "-" "python-neutronclient"
172.18.0.2 - - [24/Apr/2026:19:22:27 +0000] "GET /compute/v2.1/servers/fbd189ca-23fe-41a8-8ac2-29c73ab9cd6b HTTP/1.1" 200 4642 "-" "cluster-api-provider-openstack/v0.12.7 gophercloud/v2.10.0"
172.18.0.2 - - [24/Apr/2026:19:22:27 +0000] "GET /networking/ HTTP/1.1" 200 2909 "-" "cluster-api-provider-openstack/v0.12.7 gophercloud/v2.10.0"
172.18.0.2 - - [24/Apr/2026:19:22:27 +0000] "GET /compute/v2.1/ HTTP/1.1" 200 3431 "-" "cluster-api-provider-openstack/v0.12.7 gophercloud/v2.10.0"
172.18.0.2 - - [24/Apr/2026:19:22:27 +0000] "GET /networking/ HTTP/1.1" 200 2909 "-" "cluster-api-provider-openstack/v0.12.7 gophercloud/v2.10.0"
172.18.0.2 - - [24/Apr/2026:19:22:27 +0000] "GET /networking/ HTTP/1.1" 200 2909 "-" "cluster-api-provider-openstack/v0.12.7 gophercloud/v2.10.0"
199.204.45.53 - - [24/Apr/2026:19:22:27 +0000] "GET /networking/v2.0/ports?device_id=7c8de8d5-b3f6-4f34-8036-50055b89473e HTTP/1.1" 200 3732 "-" "python-neutronclient"
172.18.0.2 - - [24/Apr/2026:19:22:27 +0000] "GET /networking/v2.0/ports?id=b5fe05cd-5d95-4d43-9ff4-39ff94d5370e&name=kube-dtki1-default-worker-h2tgk-zmdpb-rrs7s-0&network_id=8f407990-126a-48a8-8c80-e15ef62328c6 HTTP/1.1" 200 3701 "-" "cluster-api-provider-openstack/v0.12.7 gophercloud/v2.10.0"
172.18.0.2 - - [24/Apr/2026:19:22:28 +0000] "GET /compute/v2.1/ HTTP/1.1" 200 3431 "-" "cluster-api-provider-openstack/v0.12.7 gophercloud/v2.10.0"
199.204.45.53 - - [24/Apr/2026:19:22:27 +0000] "GET /networking/v2.0/security-groups?id=3b35a6a4-d6b0-451c-92e2-1f6cfdf0e788&fields=id&fields=name HTTP/1.1" 200 3010 "-" "python-neutronclient"
172.18.0.2 - - [24/Apr/2026:19:22:27 +0000] "GET /compute/v2.1/servers/7c8de8d5-b3f6-4f34-8036-50055b89473e HTTP/1.1" 200 4642 "-" "cluster-api-provider-openstack/v0.12.7 gophercloud/v2.10.0"
199.204.45.53 - - [24/Apr/2026:19:22:28 +0000] "GET /networking/v2.0/ports?device_id=fbd189ca-23fe-41a8-8ac2-29c73ab9cd6b HTTP/1.1" 200 3732 "-" "python-neutronclient"
172.18.0.2 - - [24/Apr/2026:19:22:28 +0000] "GET /networking/ HTTP/1.1" 200 2909 "-" "cluster-api-provider-openstack/v0.12.7 gophercloud/v2.10.0"
199.204.45.53 - - [24/Apr/2026:19:22:28 +0000] "GET /networking/v2.0/security-groups?id=3b35a6a4-d6b0-451c-92e2-1f6cfdf0e788&fields=id&fields=name HTTP/1.1" 200 3010 "-" "python-neutronclient"
172.18.0.2 - - [24/Apr/2026:19:22:28 +0000] "GET /compute/v2.1/ HTTP/1.1" 200 3431 "-" "cluster-api-provider-openstack/v0.12.7 gophercloud/v2.10.0"
172.18.0.2 - - [24/Apr/2026:19:22:28 +0000] "GET /networking/ HTTP/1.1" 200 2909 "-" "cluster-api-provider-openstack/v0.12.7 gophercloud/v2.10.0"
172.18.0.2 - - [24/Apr/2026:19:22:28 +0000] "GET /networking/ HTTP/1.1" 200 2909 "-" "cluster-api-provider-openstack/v0.12.7 gophercloud/v2.10.0"
172.18.0.2 - - [24/Apr/2026:19:22:27 +0000] "GET /compute/v2.1/servers/fbd189ca-23fe-41a8-8ac2-29c73ab9cd6b HTTP/1.1" 200 4642 "-" "cluster-api-provider-openstack/v0.12.7 gophercloud/v2.10.0"
199.204.45.53 - - [24/Apr/2026:19:22:28 +0000] "GET /networking/v2.0/ports?device_id=fbd189ca-23fe-41a8-8ac2-29c73ab9cd6b HTTP/1.1" 200 3732 "-" "python-neutronclient"
172.18.0.2 - - [24/Apr/2026:19:22:28 +0000] "GET /networking/v2.0/ports?id=d0b91eb5-3b48-4b54-99d9-b8cd21ab0a2e&name=kube-dtki1-default-worker-h2tgk-zmdpb-dpdsb-0&network_id=8f407990-126a-48a8-8c80-e15ef62328c6 HTTP/1.1" 200 3701 "-" "cluster-api-provider-openstack/v0.12.7 gophercloud/v2.10.0"
172.18.0.2 - - [24/Apr/2026:19:22:28 +0000] "GET /compute/v2.1/ HTTP/1.1" 200 3431 "-" "cluster-api-provider-openstack/v0.12.7 gophercloud/v2.10.0"
172.18.0.2 - - [24/Apr/2026:19:22:28 +0000] "GET /compute/v2.1/ HTTP/1.1" 200 3431 "-" "cluster-api-provider-openstack/v0.12.7 gophercloud/v2.10.0"
199.204.45.53 - - [24/Apr/2026:19:22:28 +0000] "GET /networking/v2.0/security-groups?id=3b35a6a4-d6b0-451c-92e2-1f6cfdf0e788&fields=id&fields=name HTTP/1.1" 200 3010 "-" "python-neutronclient"
199.204.45.53 - - [24/Apr/2026:19:22:28 +0000] "GET /networking/v2.0/ports?device_id=7c8de8d5-b3f6-4f34-8036-50055b89473e HTTP/1.1" 200 3732 "-" "python-neutronclient"
172.18.0.2 - - [24/Apr/2026:19:22:28 +0000] "GET /compute/v2.1/servers/fbd189ca-23fe-41a8-8ac2-29c73ab9cd6b HTTP/1.1" 200 4642 "-" "cluster-api-provider-openstack/v0.12.7 gophercloud/v2.10.0"
199.204.45.53 - - [24/Apr/2026:19:22:28 +0000] "GET /networking/v2.0/ports?device_id=7c8de8d5-b3f6-4f34-8036-50055b89473e HTTP/1.1" 200 3732 "-" "python-neutronclient"
199.204.45.53 - - [24/Apr/2026:19:22:28 +0000] "GET /networking/v2.0/security-groups?id=3b35a6a4-d6b0-451c-92e2-1f6cfdf0e788&fields=id&fields=name HTTP/1.1" 200 3010 "-" "python-neutronclient"
199.204.45.53 - - [24/Apr/2026:19:22:28 +0000] "GET /networking/v2.0/ports?device_id=fbd189ca-23fe-41a8-8ac2-29c73ab9cd6b HTTP/1.1" 200 3732 "-" "python-neutronclient"
172.18.0.2 - - [24/Apr/2026:19:22:28 +0000] "GET /compute/v2.1/servers/7c8de8d5-b3f6-4f34-8036-50055b89473e HTTP/1.1" 200 4642 "-" "cluster-api-provider-openstack/v0.12.7 gophercloud/v2.10.0"
199.204.45.53 - - [24/Apr/2026:19:22:28 +0000] "GET /networking/v2.0/security-groups?id=3b35a6a4-d6b0-451c-92e2-1f6cfdf0e788&fields=id&fields=name HTTP/1.1" 200 3010 "-" "python-neutronclient"
172.18.0.2 - - [24/Apr/2026:19:22:28 +0000] "GET /compute/v2.1/servers/7c8de8d5-b3f6-4f34-8036-50055b89473e HTTP/1.1" 200 4642 "-" "cluster-api-provider-openstack/v0.12.7 gophercloud/v2.10.0"
199.204.45.53 - - [24/Apr/2026:19:22:28 +0000] "GET /networking/v2.0/security-groups?id=3b35a6a4-d6b0-451c-92e2-1f6cfdf0e788&fields=id&fields=name HTTP/1.1" 200 3010 "-" "python-neutronclient"
172.18.0.2 - - [24/Apr/2026:19:22:28 +0000] "GET /compute/v2.1/servers/fbd189ca-23fe-41a8-8ac2-29c73ab9cd6b HTTP/1.1" 200 4642 "-" "cluster-api-provider-openstack/v0.12.7 gophercloud/v2.10.0"
172.18.0.2 - - [24/Apr/2026:19:22:28 +0000] "GET /compute/v2.1/ HTTP/1.1" 200 3431 "-" "cluster-api-provider-openstack/v0.12.7 gophercloud/v2.10.0"
172.18.0.2 - - [24/Apr/2026:19:22:28 +0000] "GET /networking/ HTTP/1.1" 200 2909 "-" "cluster-api-provider-openstack/v0.12.7 gophercloud/v2.10.0"
172.18.0.2 - - [24/Apr/2026:19:22:28 +0000] "GET /compute/v2.1/ HTTP/1.1" 200 3431 "-" "cluster-api-provider-openstack/v0.12.7 gophercloud/v2.10.0"
172.18.0.2 - - [24/Apr/2026:19:22:28 +0000] "GET /networking/ HTTP/1.1" 200 2909 "-" "cluster-api-provider-openstack/v0.12.7 gophercloud/v2.10.0"
172.18.0.2 - - [24/Apr/2026:19:22:28 +0000] "GET /networking/ HTTP/1.1" 200 2909 "-" "cluster-api-provider-openstack/v0.12.7 gophercloud/v2.10.0"
199.204.45.53 - - [24/Apr/2026:19:22:28 +0000] "GET /networking/v2.0/ports?device_id=fbd189ca-23fe-41a8-8ac2-29c73ab9cd6b HTTP/1.1" 200 3732 "-" "python-neutronclient"
172.18.0.2 - - [24/Apr/2026:19:22:28 +0000] "GET /networking/v2.0/ports?id=d0b91eb5-3b48-4b54-99d9-b8cd21ab0a2e&name=kube-dtki1-default-worker-h2tgk-zmdpb-dpdsb-0&network_id=8f407990-126a-48a8-8c80-e15ef62328c6 HTTP/1.1" 200 3701 "-" "cluster-api-provider-openstack/v0.12.7 gophercloud/v2.10.0"
172.18.0.2 - - [24/Apr/2026:19:22:28 +0000] "GET /compute/v2.1/ HTTP/1.1" 200 3431 "-" "cluster-api-provider-openstack/v0.12.7 gophercloud/v2.10.0"
199.204.45.53 - - [24/Apr/2026:19:22:28 +0000] "GET /networking/v2.0/security-groups?id=3b35a6a4-d6b0-451c-92e2-1f6cfdf0e788&fields=id&fields=name HTTP/1.1" 200 3010 "-" "python-neutronclient"
172.18.0.2 - - [24/Apr/2026:19:22:28 +0000] "GET /compute/v2.1/servers/fbd189ca-23fe-41a8-8ac2-29c73ab9cd6b HTTP/1.1" 200 4642 "-" "cluster-api-provider-openstack/v0.12.7 gophercloud/v2.10.0"
199.204.45.53 - - [24/Apr/2026:19:22:28 +0000] "GET /networking/v2.0/ports?device_id=7c8de8d5-b3f6-4f34-8036-50055b89473e HTTP/1.1" 200 3732 "-" "python-neutronclient"
172.18.0.2 - - [24/Apr/2026:19:22:28 +0000] "GET /compute/v2.1/ HTTP/1.1" 200 3431 "-" "cluster-api-provider-openstack/v0.12.7 gophercloud/v2.10.0"
199.204.45.53 - - [24/Apr/2026:19:22:28 +0000] "GET /networking/v2.0/security-groups?id=3b35a6a4-d6b0-451c-92e2-1f6cfdf0e788&fields=id&fields=name HTTP/1.1" 200 3010 "-" "python-neutronclient"
172.18.0.2 - - [24/Apr/2026:19:22:28 +0000] "GET /compute/v2.1/servers/7c8de8d5-b3f6-4f34-8036-50055b89473e HTTP/1.1" 200 4642 "-" "cluster-api-provider-openstack/v0.12.7 gophercloud/v2.10.0"
199.204.45.53 - - [24/Apr/2026:19:22:28 +0000] "GET /networking/v2.0/ports?device_id=7c8de8d5-b3f6-4f34-8036-50055b89473e HTTP/1.1" 200 3732 "-" "python-neutronclient"
172.18.0.2 - - [24/Apr/2026:19:22:28 +0000] "GET /compute/v2.1/ HTTP/1.1" 200 3431 "-" "cluster-api-provider-openstack/v0.12.7 gophercloud/v2.10.0"
199.204.45.53 - - [24/Apr/2026:19:22:28 +0000] "GET /networking/v2.0/ports?device_id=fbd189ca-23fe-41a8-8ac2-29c73ab9cd6b HTTP/1.1" 200 3732 "-" "python-neutronclient"
199.204.45.53 - - [24/Apr/2026:19:22:29 +0000] "GET /networking/v2.0/security-groups?id=3b35a6a4-d6b0-451c-92e2-1f6cfdf0e788&fields=id&fields=name HTTP/1.1" 200 3010 "-" "python-neutronclient"
172.18.0.2 - - [24/Apr/2026:19:22:28 +0000] "GET /compute/v2.1/servers/7c8de8d5-b3f6-4f34-8036-50055b89473e HTTP/1.1" 200 4642 "-" "cluster-api-provider-openstack/v0.12.7 gophercloud/v2.10.0"
199.204.45.53 - - [24/Apr/2026:19:22:29 +0000] "GET /networking/v2.0/security-groups?id=3b35a6a4-d6b0-451c-92e2-1f6cfdf0e788&fields=id&fields=name HTTP/1.1" 200 3010 "-" "python-neutronclient"
172.18.0.2 - - [24/Apr/2026:19:22:28 +0000] "GET /compute/v2.1/servers/fbd189ca-23fe-41a8-8ac2-29c73ab9cd6b HTTP/1.1" 200 4642 "-" "cluster-api-provider-openstack/v0.12.7 gophercloud/v2.10.0"
199.204.45.53 - - [24/Apr/2026:19:22:29 +0000] "GET /networking/v2.0/ports?device_id=7c8de8d5-b3f6-4f34-8036-50055b89473e HTTP/1.1" 200 3732 "-" "python-neutronclient"
199.204.45.53 - - [24/Apr/2026:19:22:29 +0000] "GET /networking/v2.0/security-groups?id=3b35a6a4-d6b0-451c-92e2-1f6cfdf0e788&fields=id&fields=name HTTP/1.1" 200 3010 "-" "python-neutronclient"
172.18.0.2 - - [24/Apr/2026:19:22:29 +0000] "GET /compute/v2.1/servers/7c8de8d5-b3f6-4f34-8036-50055b89473e HTTP/1.1" 200 4642 "-" "cluster-api-provider-openstack/v0.12.7 gophercloud/v2.10.0"
172.18.0.2 - - [24/Apr/2026:19:22:29 +0000] "GET /compute/v2.1/ HTTP/1.1" 200 3431 "-" "cluster-api-provider-openstack/v0.12.7 gophercloud/v2.10.0"
199.204.45.53 - - [24/Apr/2026:19:22:29 +0000] "GET /networking/v2.0/ports?device_id=7c8de8d5-b3f6-4f34-8036-50055b89473e HTTP/1.1" 200 3732 "-" "python-neutronclient"
199.204.45.53 - - [24/Apr/2026:19:22:29 +0000] "GET /networking/v2.0/security-groups?id=3b35a6a4-d6b0-451c-92e2-1f6cfdf0e788&fields=id&fields=name HTTP/1.1" 200 3010 "-" "python-neutronclient"
172.18.0.2 - - [24/Apr/2026:19:22:29 +0000] "GET /compute/v2.1/servers/7c8de8d5-b3f6-4f34-8036-50055b89473e HTTP/1.1" 200 4642 "-" "cluster-api-provider-openstack/v0.12.7 gophercloud/v2.10.0"
199.204.45.53 - - [24/Apr/2026:19:22:31 +0000] "GET /identity HTTP/1.1" 300 3230 "-" "openstacksdk/4.11.0 keystoneauth1/5.13.1 python-requests/2.33.1 CPython/3.12.3"
199.204.45.53 - - [24/Apr/2026:19:22:31 +0000] "POST /identity/v3/auth/tokens HTTP/1.1" 201 8041 "-" "openstacksdk/4.11.0 keystoneauth1/5.13.1 python-requests/2.33.1 CPython/3.12.3"
199.204.45.53 - - [24/Apr/2026:19:22:31 +0000] "GET /identity/v3/auth/tokens HTTP/1.1" 200 8036 "-" "python-keystoneclient"
199.204.45.53 - - [24/Apr/2026:19:22:31 +0000] "POST /identity/v3/auth/tokens HTTP/1.1" 201 7617 "-" "uwsgi keystoneauth1/5.13.1 python-requests/2.33.1 CPython/3.12.3"
199.204.45.53 - - [24/Apr/2026:19:22:32 +0000] "POST /identity/v3/auth/tokens HTTP/1.1" 201 7617 "-" "uwsgi keystoneauth1/5.13.1 python-requests/2.33.1 CPython/3.12.3"
199.204.45.53 - - [24/Apr/2026:19:22:31 +0000] "GET /container-infra/v1/clusters/k8s-cluster HTTP/1.1" 200 4890 "-" "python-urllib3/2.6.3"
199.204.45.53 - - [24/Apr/2026:19:22:33 +0000] "GET /identity HTTP/1.1" 300 3230 "-" "uwsgi keystoneauth1/5.13.1 python-requests/2.33.1 CPython/3.12.3"
199.204.45.53 - - [24/Apr/2026:19:22:33 +0000] "POST /identity/v3/auth/tokens HTTP/1.1" 201 8088 "-" "uwsgi keystoneauth1/5.13.1 python-requests/2.33.1 CPython/3.12.3"
199.204.45.53 - - [24/Apr/2026:19:22:33 +0000] "POST /identity/v3/auth/tokens HTTP/1.1" 201 8088 "-" "uwsgi keystoneauth1/5.13.1 python-requests/2.33.1 CPython/3.12.3"
199.204.45.53 - - [24/Apr/2026:19:22:33 +0000] "GET /identity/v3/auth/tokens HTTP/1.1" 200 8083 "-" "python-keystoneclient"
199.204.45.53 - - [24/Apr/2026:19:22:33 +0000] "GET /identity/v3/auth/tokens?allow_expired=1 HTTP/1.1" 200 8083 "-" "python-keystoneclient"
199.204.45.53 - - [24/Apr/2026:19:22:33 +0000] "GET /networking/v2.0/ports?device_id=4b2f279a-2ddb-4f12-8f56-ac9f1bdfc559 HTTP/1.1" 200 3953 "-" "python-neutronclient"
199.204.45.53 - - [24/Apr/2026:19:22:33 +0000] "GET /networking/v2.0/security-groups?id=55484b67-08dc-449f-8af2-7d721f880c2d&fields=id&fields=name HTTP/1.1" 200 3016 "-" "python-neutronclient"
199.204.45.53 - - [24/Apr/2026:19:22:38 +0000] "GET /identity HTTP/1.1" 300 3230 "-" "openstacksdk/4.11.0 keystoneauth1/5.13.1 python-requests/2.33.1 CPython/3.12.3"
199.204.45.53 - - [24/Apr/2026:19:22:38 +0000] "POST /identity/v3/auth/tokens HTTP/1.1" 201 8041 "-" "openstacksdk/4.11.0 keystoneauth1/5.13.1 python-requests/2.33.1 CPython/3.12.3"
199.204.45.53 - - [24/Apr/2026:19:22:38 +0000] "GET /identity/v3/auth/tokens HTTP/1.1" 200 8036 "-" "python-keystoneclient"
199.204.45.53 - - [24/Apr/2026:19:22:38 +0000] "POST /identity/v3/auth/tokens HTTP/1.1" 201 7617 "-" "uwsgi keystoneauth1/5.13.1 python-requests/2.33.1 CPython/3.12.3"
199.204.45.53 - - [24/Apr/2026:19:22:38 +0000] "POST /identity/v3/auth/tokens HTTP/1.1" 201 7617 "-" "uwsgi keystoneauth1/5.13.1 python-requests/2.33.1 CPython/3.12.3"
199.204.45.53 - - [24/Apr/2026:19:22:38 +0000] "GET /container-infra/v1/clusters/k8s-cluster HTTP/1.1" 200 4890 "-" "python-urllib3/2.6.3"
172.24.5.241 - - [24/Apr/2026:19:22:41 +0000] "GET /identity/ HTTP/1.1" 300 3199 "-" "openstack-cloud-controller-manager/v1.33.1 gophercloud/v2.5.0"
172.24.5.241 - - [24/Apr/2026:19:22:41 +0000] "POST /identity/v3/auth/tokens HTTP/1.1" 201 8183 "-" "openstack-cloud-controller-manager/v1.33.1 gophercloud/v2.5.0"
199.204.45.53 - - [24/Apr/2026:19:22:41 +0000] "GET /identity/v3/auth/tokens HTTP/1.1" 200 8209 "-" "python-keystoneclient"
172.24.5.241 - - [24/Apr/2026:19:22:41 +0000] "GET /networking/v2.0/extensions HTTP/1.1" 200 18101 "-" "openstack-cloud-controller-manager/v1.33.1 gophercloud/v2.5.0"
199.204.45.53 - - [24/Apr/2026:19:22:41 +0000] "GET /networking/v2.0/ports?device_id=4b2f279a-2ddb-4f12-8f56-ac9f1bdfc559 HTTP/1.1" 200 3711 "-" "python-neutronclient"
199.204.45.53 - - [24/Apr/2026:19:22:42 +0000] "GET /networking/v2.0/security-groups?id=55484b67-08dc-449f-8af2-7d721f880c2d&fields=id&fields=name HTTP/1.1" 200 3016 "-" "python-neutronclient"
172.24.5.241 - - [24/Apr/2026:19:22:41 +0000] "GET /compute/v2.1/servers/detail?name=%5Ekube-dtki1-5gk4s-n9wgj%24 HTTP/1.1" 200 4578 "-" "openstack-cloud-controller-manager/v1.33.1 gophercloud/v2.5.0"
172.24.5.241 - - [24/Apr/2026:19:22:42 +0000] "GET /compute/v2.1/flavors/4 HTTP/1.1" 200 3410 "-" "openstack-cloud-controller-manager/v1.33.1 gophercloud/v2.5.0"
172.24.5.241 - - [24/Apr/2026:19:22:42 +0000] "GET /networking/v2.0/ports?device_id=4b2f279a-2ddb-4f12-8f56-ac9f1bdfc559 HTTP/1.1" 200 3680 "-" "openstack-cloud-controller-manager/v1.33.1 gophercloud/v2.5.0"
172.18.0.2 - - [24/Apr/2026:19:22:42 +0000] "GET /compute/v2.1/ HTTP/1.1" 200 3431 "-" "cluster-api-provider-openstack/v0.12.7 gophercloud/v2.10.0"
199.204.45.53 - - [24/Apr/2026:19:22:42 +0000] "GET /networking/v2.0/ports?device_id=4b2f279a-2ddb-4f12-8f56-ac9f1bdfc559 HTTP/1.1" 200 3711 "-" "python-neutronclient"
199.204.45.53 - - [24/Apr/2026:19:22:42 +0000] "GET /networking/v2.0/security-groups?id=55484b67-08dc-449f-8af2-7d721f880c2d&fields=id&fields=name HTTP/1.1" 200 3016 "-" "python-neutronclient"
172.18.0.2 - - [24/Apr/2026:19:22:42 +0000] "GET /compute/v2.1/servers/4b2f279a-2ddb-4f12-8f56-ac9f1bdfc559 HTTP/1.1" 200 4627 "-" "cluster-api-provider-openstack/v0.12.7 gophercloud/v2.10.0"
172.18.0.2 - - [24/Apr/2026:19:22:42 +0000] "GET /networking/ HTTP/1.1" 200 2909 "-" "cluster-api-provider-openstack/v0.12.7 gophercloud/v2.10.0"
172.18.0.2 - - [24/Apr/2026:19:22:42 +0000] "GET /networking/ HTTP/1.1" 200 2909 "-" "cluster-api-provider-openstack/v0.12.7 gophercloud/v2.10.0"
172.18.0.2 - - [24/Apr/2026:19:22:42 +0000] "GET /compute/v2.1/ HTTP/1.1" 200 3431 "-" "cluster-api-provider-openstack/v0.12.7 gophercloud/v2.10.0"
199.204.45.53 - - [24/Apr/2026:19:22:42 +0000] "GET /networking/v2.0/ports?device_id=4b2f279a-2ddb-4f12-8f56-ac9f1bdfc559 HTTP/1.1" 200 3711 "-" "python-neutronclient"
199.204.45.53 - - [24/Apr/2026:19:22:43 +0000] "GET /networking/v2.0/security-groups?id=55484b67-08dc-449f-8af2-7d721f880c2d&fields=id&fields=name HTTP/1.1" 200 3016 "-" "python-neutronclient"
172.18.0.2 - - [24/Apr/2026:19:22:42 +0000] "GET /compute/v2.1/servers/4b2f279a-2ddb-4f12-8f56-ac9f1bdfc559 HTTP/1.1" 200 4627 "-" "cluster-api-provider-openstack/v0.12.7 gophercloud/v2.10.0"
172.18.0.2 - - [24/Apr/2026:19:22:43 +0000] "GET /networking/ HTTP/1.1" 200 2909 "-" "cluster-api-provider-openstack/v0.12.7 gophercloud/v2.10.0"
172.18.0.2 - - [24/Apr/2026:19:22:43 +0000] "GET /networking/ HTTP/1.1" 200 2909 "-" "cluster-api-provider-openstack/v0.12.7 gophercloud/v2.10.0"
172.18.0.2 - - [24/Apr/2026:19:22:43 +0000] "GET /compute/v2.1/ HTTP/1.1" 200 3431 "-" "cluster-api-provider-openstack/v0.12.7 gophercloud/v2.10.0"
199.204.45.53 - - [24/Apr/2026:19:22:43 +0000] "GET /networking/v2.0/ports?device_id=4b2f279a-2ddb-4f12-8f56-ac9f1bdfc559 HTTP/1.1" 200 3711 "-" "python-neutronclient"
199.204.45.53 - - [24/Apr/2026:19:22:43 +0000] "GET /networking/v2.0/security-groups?id=55484b67-08dc-449f-8af2-7d721f880c2d&fields=id&fields=name HTTP/1.1" 200 3016 "-" "python-neutronclient"
199.204.45.53 - - [24/Apr/2026:19:22:43 +0000] "GET /identity HTTP/1.1" 300 3230 "-" "uwsgi keystoneauth1/5.13.1 python-requests/2.33.1 CPython/3.12.3"
172.18.0.2 - - [24/Apr/2026:19:22:43 +0000] "GET /compute/v2.1/servers/4b2f279a-2ddb-4f12-8f56-ac9f1bdfc559 HTTP/1.1" 200 4627 "-" "cluster-api-provider-openstack/v0.12.7 gophercloud/v2.10.0"
172.18.0.2 - - [24/Apr/2026:19:22:43 +0000] "GET /networking/ HTTP/1.1" 200 2909 "-" "cluster-api-provider-openstack/v0.12.7 gophercloud/v2.10.0"
172.18.0.2 - - [24/Apr/2026:19:22:43 +0000] "GET /networking/ HTTP/1.1" 200 2909 "-" "cluster-api-provider-openstack/v0.12.7 gophercloud/v2.10.0"
199.204.45.53 - - [24/Apr/2026:19:22:43 +0000] "POST /identity/v3/auth/tokens HTTP/1.1" 201 8088 "-" "uwsgi keystoneauth1/5.13.1 python-requests/2.33.1 CPython/3.12.3"
199.204.45.53 - - [24/Apr/2026:19:22:43 +0000] "POST /identity/v3/auth/tokens HTTP/1.1" 201 8088 "-" "uwsgi keystoneauth1/5.13.1 python-requests/2.33.1 CPython/3.12.3"
199.204.45.53 - - [24/Apr/2026:19:22:43 +0000] "GET /identity/v3/auth/tokens HTTP/1.1" 200 8083 "-" "python-keystoneclient"
199.204.45.53 - - [24/Apr/2026:19:22:43 +0000] "GET /identity/v3/auth/tokens?allow_expired=1 HTTP/1.1" 200 8083 "-" "python-keystoneclient"
199.204.45.53 - - [24/Apr/2026:19:22:43 +0000] "GET /networking/v2.0/ports?device_id=7c8de8d5-b3f6-4f34-8036-50055b89473e HTTP/1.1" 200 3974 "-" "python-neutronclient"
199.204.45.53 - - [24/Apr/2026:19:22:43 +0000] "GET /networking/v2.0/security-groups?id=3b35a6a4-d6b0-451c-92e2-1f6cfdf0e788&fields=id&fields=name HTTP/1.1" 200 3010 "-" "python-neutronclient"
199.204.45.53 - - [24/Apr/2026:19:22:44 +0000] "GET /identity HTTP/1.1" 300 3230 "-" "uwsgi keystoneauth1/5.13.1 python-requests/2.33.1 CPython/3.12.3"
199.204.45.53 - - [24/Apr/2026:19:22:44 +0000] "GET /identity HTTP/1.1" 300 3230 "-" "openstacksdk/4.11.0 keystoneauth1/5.13.1 python-requests/2.33.1 CPython/3.12.3"
199.204.45.53 - - [24/Apr/2026:19:22:44 +0000] "POST /identity/v3/auth/tokens HTTP/1.1" 201 8088 "-" "uwsgi keystoneauth1/5.13.1 python-requests/2.33.1 CPython/3.12.3"
199.204.45.53 - - [24/Apr/2026:19:22:44 +0000] "POST /identity/v3/auth/tokens HTTP/1.1" 201 8041 "-" "openstacksdk/4.11.0 keystoneauth1/5.13.1 python-requests/2.33.1 CPython/3.12.3"
199.204.45.53 - - [24/Apr/2026:19:22:44 +0000] "POST /identity/v3/auth/tokens HTTP/1.1" 201 8088 "-" "uwsgi keystoneauth1/5.13.1 python-requests/2.33.1 CPython/3.12.3"
199.204.45.53 - - [24/Apr/2026:19:22:45 +0000] "GET /identity/v3/auth/tokens HTTP/1.1" 200 8083 "-" "python-keystoneclient"
199.204.45.53 - - [24/Apr/2026:19:22:45 +0000] "GET /identity/v3/auth/tokens?allow_expired=1 HTTP/1.1" 200 8083 "-" "python-keystoneclient"
199.204.45.53 - - [24/Apr/2026:19:22:45 +0000] "GET /networking/v2.0/ports?device_id=fbd189ca-23fe-41a8-8ac2-29c73ab9cd6b HTTP/1.1" 200 3974 "-" "python-neutronclient"
199.204.45.53 - - [24/Apr/2026:19:22:45 +0000] "GET /networking/v2.0/security-groups?id=3b35a6a4-d6b0-451c-92e2-1f6cfdf0e788&fields=id&fields=name HTTP/1.1" 200 3010 "-" "python-neutronclient"
199.204.45.53 - - [24/Apr/2026:19:22:45 +0000] "GET /identity/v3/auth/tokens HTTP/1.1" 200 8036 "-" "python-keystoneclient"
199.204.45.53 - - [24/Apr/2026:19:22:45 +0000] "POST /identity/v3/auth/tokens HTTP/1.1" 201 7617 "-" "uwsgi keystoneauth1/5.13.1 python-requests/2.33.1 CPython/3.12.3"
199.204.45.53 - - [24/Apr/2026:19:22:45 +0000] "POST /identity/v3/auth/tokens HTTP/1.1" 201 7617 "-" "uwsgi keystoneauth1/5.13.1 python-requests/2.33.1 CPython/3.12.3"
199.204.45.53 - - [24/Apr/2026:19:22:45 +0000] "GET /container-infra/v1/clusters/k8s-cluster HTTP/1.1" 200 4888 "-" "python-urllib3/2.6.3"
199.204.45.53 - - [24/Apr/2026:19:22:51 +0000] "GET /identity HTTP/1.1" 300 3230 "-" "openstacksdk/4.11.0 keystoneauth1/5.13.1 python-requests/2.33.1 CPython/3.12.3"
199.204.45.53 - - [24/Apr/2026:19:22:51 +0000] "POST /identity/v3/auth/tokens HTTP/1.1" 201 8041 "-" "openstacksdk/4.11.0 keystoneauth1/5.13.1 python-requests/2.33.1 CPython/3.12.3"
199.204.45.53 - - [24/Apr/2026:19:22:51 +0000] "GET /identity/v3/auth/tokens HTTP/1.1" 200 8036 "-" "python-keystoneclient"
199.204.45.53 - - [24/Apr/2026:19:22:52 +0000] "POST /identity/v3/auth/tokens HTTP/1.1" 201 7617 "-" "uwsgi keystoneauth1/5.13.1 python-requests/2.33.1 CPython/3.12.3"
199.204.45.53 - - [24/Apr/2026:19:22:52 +0000] "POST /identity/v3/auth/tokens HTTP/1.1" 201 7617 "-" "uwsgi keystoneauth1/5.13.1 python-requests/2.33.1 CPython/3.12.3"
199.204.45.53 - - [24/Apr/2026:19:22:51 +0000] "GET /container-infra/v1/clusters/k8s-cluster HTTP/1.1" 200 4888 "-" "python-urllib3/2.6.3"
199.204.45.53 - - [24/Apr/2026:19:22:54 +0000] "GET /networking/v2.0/ports?device_id=7c8de8d5-b3f6-4f34-8036-50055b89473e HTTP/1.1" 200 3732 "-" "python-neutronclient"
199.204.45.53 - - [24/Apr/2026:19:22:54 +0000] "GET /networking/v2.0/security-groups?id=3b35a6a4-d6b0-451c-92e2-1f6cfdf0e788&fields=id&fields=name HTTP/1.1" 200 3010 "-" "python-neutronclient"
172.24.5.241 - - [24/Apr/2026:19:22:53 +0000] "GET /compute/v2.1/servers/detail?name=%5Ekube-dtki1-default-worker-h2tgk-zmdpb-dpdsb%24 HTTP/1.1" 200 4593 "-" "openstack-cloud-controller-manager/v1.33.1 gophercloud/v2.5.0"
172.24.5.241 - - [24/Apr/2026:19:22:54 +0000] "GET /compute/v2.1/flavors/4 HTTP/1.1" 200 3410 "-" "openstack-cloud-controller-manager/v1.33.1 gophercloud/v2.5.0"
172.24.5.241 - - [24/Apr/2026:19:22:54 +0000] "GET /networking/v2.0/ports?device_id=7c8de8d5-b3f6-4f34-8036-50055b89473e HTTP/1.1" 200 3701 "-" "openstack-cloud-controller-manager/v1.33.1 gophercloud/v2.5.0"
172.18.0.2 - - [24/Apr/2026:19:22:54 +0000] "GET /compute/v2.1/ HTTP/1.1" 200 3431 "-" "cluster-api-provider-openstack/v0.12.7 gophercloud/v2.10.0"
199.204.45.53 - - [24/Apr/2026:19:22:54 +0000] "GET /identity/v3/auth/tokens HTTP/1.1" 200 8209 "-" "python-keystoneclient"
199.204.45.53 - - [24/Apr/2026:19:22:54 +0000] "GET /networking/v2.0/ports?device_id=7c8de8d5-b3f6-4f34-8036-50055b89473e HTTP/1.1" 200 3732 "-" "python-neutronclient"
199.204.45.53 - - [24/Apr/2026:19:22:54 +0000] "GET /networking/v2.0/ports?device_id=fbd189ca-23fe-41a8-8ac2-29c73ab9cd6b HTTP/1.1" 200 3732 "-" "python-neutronclient"
199.204.45.53 - - [24/Apr/2026:19:22:54 +0000] "GET /networking/v2.0/security-groups?id=3b35a6a4-d6b0-451c-92e2-1f6cfdf0e788&fields=id&fields=name HTTP/1.1" 200 3010 "-" "python-neutronclient"
199.204.45.53 - - [24/Apr/2026:19:22:54 +0000] "GET /networking/v2.0/security-groups?id=3b35a6a4-d6b0-451c-92e2-1f6cfdf0e788&fields=id&fields=name HTTP/1.1" 200 3010 "-" "python-neutronclient"
172.24.5.241 - - [24/Apr/2026:19:22:54 +0000] "GET /compute/v2.1/servers/detail?name=%5Ekube-dtki1-default-worker-h2tgk-zmdpb-rrs7s%24 HTTP/1.1" 200 4593 "-" "openstack-cloud-controller-manager/v1.33.1 gophercloud/v2.5.0"
172.18.0.2 - - [24/Apr/2026:19:22:54 +0000] "GET /compute/v2.1/servers/7c8de8d5-b3f6-4f34-8036-50055b89473e HTTP/1.1" 200 4642 "-" "cluster-api-provider-openstack/v0.12.7 gophercloud/v2.10.0"
172.24.5.241 - - [24/Apr/2026:19:22:54 +0000] "GET /compute/v2.1/flavors/4 HTTP/1.1" 200 3410 "-" "openstack-cloud-controller-manager/v1.33.1 gophercloud/v2.5.0"
172.18.0.2 - - [24/Apr/2026:19:22:54 +0000] "GET /compute/v2.1/ HTTP/1.1" 200 3431 "-" "cluster-api-provider-openstack/v0.12.7 gophercloud/v2.10.0"
172.24.5.241 - - [24/Apr/2026:19:22:54 +0000] "GET /networking/v2.0/ports?device_id=fbd189ca-23fe-41a8-8ac2-29c73ab9cd6b HTTP/1.1" 200 3701 "-" "openstack-cloud-controller-manager/v1.33.1 gophercloud/v2.5.0"
199.204.45.53 - - [24/Apr/2026:19:22:54 +0000] "GET /networking/v2.0/ports?device_id=7c8de8d5-b3f6-4f34-8036-50055b89473e HTTP/1.1" 200 3732 "-" "python-neutronclient"
172.18.0.2 - - [24/Apr/2026:19:22:54 +0000] "GET /compute/v2.1/ HTTP/1.1" 200 3431 "-" "cluster-api-provider-openstack/v0.12.7 gophercloud/v2.10.0"
199.204.45.53 - - [24/Apr/2026:19:22:54 +0000] "GET /networking/v2.0/security-groups?id=3b35a6a4-d6b0-451c-92e2-1f6cfdf0e788&fields=id&fields=name HTTP/1.1" 200 3010 "-" "python-neutronclient"
172.18.0.2 - - [24/Apr/2026:19:22:54 +0000] "GET /compute/v2.1/servers/7c8de8d5-b3f6-4f34-8036-50055b89473e HTTP/1.1" 200 4642 "-" "cluster-api-provider-openstack/v0.12.7 gophercloud/v2.10.0"
199.204.45.53 - - [24/Apr/2026:19:22:55 +0000] "GET /networking/v2.0/ports?device_id=fbd189ca-23fe-41a8-8ac2-29c73ab9cd6b HTTP/1.1" 200 3732 "-" "python-neutronclient"
199.204.45.53 - - [24/Apr/2026:19:22:55 +0000] "GET /networking/v2.0/security-groups?id=3b35a6a4-d6b0-451c-92e2-1f6cfdf0e788&fields=id&fields=name HTTP/1.1" 200 3010 "-" "python-neutronclient"
172.18.0.2 - - [24/Apr/2026:19:22:54 +0000] "GET /compute/v2.1/servers/fbd189ca-23fe-41a8-8ac2-29c73ab9cd6b HTTP/1.1" 200 4642 "-" "cluster-api-provider-openstack/v0.12.7 gophercloud/v2.10.0"
172.18.0.2 - - [24/Apr/2026:19:22:55 +0000] "GET /compute/v2.1/ HTTP/1.1" 200 3431 "-" "cluster-api-provider-openstack/v0.12.7 gophercloud/v2.10.0"
199.204.45.53 - - [24/Apr/2026:19:22:55 +0000] "GET /networking/v2.0/ports?device_id=fbd189ca-23fe-41a8-8ac2-29c73ab9cd6b HTTP/1.1" 200 3732 "-" "python-neutronclient"
199.204.45.53 - - [24/Apr/2026:19:22:55 +0000] "GET /networking/v2.0/security-groups?id=3b35a6a4-d6b0-451c-92e2-1f6cfdf0e788&fields=id&fields=name HTTP/1.1" 200 3010 "-" "python-neutronclient"
172.18.0.2 - - [24/Apr/2026:19:22:55 +0000] "GET /compute/v2.1/servers/fbd189ca-23fe-41a8-8ac2-29c73ab9cd6b HTTP/1.1" 200 4642 "-" "cluster-api-provider-openstack/v0.12.7 gophercloud/v2.10.0"
199.204.45.53 - - [24/Apr/2026:19:22:56 +0000] "GET /networking/v2.0/ports?device_id=fbd189ca-23fe-41a8-8ac2-29c73ab9cd6b HTTP/1.1" 200 3732 "-" "python-neutronclient"
199.204.45.53 - - [24/Apr/2026:19:22:56 +0000] "GET /networking/v2.0/security-groups?id=3b35a6a4-d6b0-451c-92e2-1f6cfdf0e788&fields=id&fields=name HTTP/1.1" 200 3010 "-" "python-neutronclient"
172.24.5.241 - - [24/Apr/2026:19:22:56 +0000] "GET /compute/v2.1/servers/fbd189ca-23fe-41a8-8ac2-29c73ab9cd6b HTTP/1.1" 200 4590 "-" "openstack-cloud-controller-manager/v1.33.1 gophercloud/v2.5.0"
199.204.45.53 - - [24/Apr/2026:19:22:57 +0000] "GET /networking/v2.0/ports?device_id=fbd189ca-23fe-41a8-8ac2-29c73ab9cd6b HTTP/1.1" 200 3732 "-" "python-neutronclient"
199.204.45.53 - - [24/Apr/2026:19:22:57 +0000] "GET /networking/v2.0/security-groups?id=3b35a6a4-d6b0-451c-92e2-1f6cfdf0e788&fields=id&fields=name HTTP/1.1" 200 3010 "-" "python-neutronclient"
172.24.5.241 - - [24/Apr/2026:19:22:56 +0000] "GET /compute/v2.1/servers/fbd189ca-23fe-41a8-8ac2-29c73ab9cd6b HTTP/1.1" 200 4590 "-" "openstack-cloud-controller-manager/v1.33.1 gophercloud/v2.5.0"
199.204.45.53 - - [24/Apr/2026:19:22:57 +0000] "GET /networking/v2.0/ports?device_id=7c8de8d5-b3f6-4f34-8036-50055b89473e HTTP/1.1" 200 3732 "-" "python-neutronclient"
199.204.45.53 - - [24/Apr/2026:19:22:57 +0000] "GET /networking/v2.0/security-groups?id=3b35a6a4-d6b0-451c-92e2-1f6cfdf0e788&fields=id&fields=name HTTP/1.1" 200 3010 "-" "python-neutronclient"
172.24.5.241 - - [24/Apr/2026:19:22:57 +0000] "GET /compute/v2.1/servers/7c8de8d5-b3f6-4f34-8036-50055b89473e HTTP/1.1" 200 4590 "-" "openstack-cloud-controller-manager/v1.33.1 gophercloud/v2.5.0"
199.204.45.53 - - [24/Apr/2026:19:22:57 +0000] "GET /networking/v2.0/ports?device_id=7c8de8d5-b3f6-4f34-8036-50055b89473e HTTP/1.1" 200 3732 "-" "python-neutronclient"
199.204.45.53 - - [24/Apr/2026:19:22:57 +0000] "GET /networking/v2.0/security-groups?id=3b35a6a4-d6b0-451c-92e2-1f6cfdf0e788&fields=id&fields=name HTTP/1.1" 200 3010 "-" "python-neutronclient"
172.24.5.241 - - [24/Apr/2026:19:22:57 +0000] "GET /compute/v2.1/servers/7c8de8d5-b3f6-4f34-8036-50055b89473e HTTP/1.1" 200 4590 "-" "openstack-cloud-controller-manager/v1.33.1 gophercloud/v2.5.0"
199.204.45.53 - - [24/Apr/2026:19:22:58 +0000] "GET /identity HTTP/1.1" 300 3230 "-" "openstacksdk/4.11.0 keystoneauth1/5.13.1 python-requests/2.33.1 CPython/3.12.3"
199.204.45.53 - - [24/Apr/2026:19:22:58 +0000] "POST /identity/v3/auth/tokens HTTP/1.1" 201 8041 "-" "openstacksdk/4.11.0 keystoneauth1/5.13.1 python-requests/2.33.1 CPython/3.12.3"
199.204.45.53 - - [24/Apr/2026:19:22:58 +0000] "GET /identity/v3/auth/tokens HTTP/1.1" 200 8036 "-" "python-keystoneclient"
199.204.45.53 - - [24/Apr/2026:19:22:58 +0000] "POST /identity/v3/auth/tokens HTTP/1.1" 201 7617 "-" "uwsgi keystoneauth1/5.13.1 python-requests/2.33.1 CPython/3.12.3"
199.204.45.53 - - [24/Apr/2026:19:22:58 +0000] "POST /identity/v3/auth/tokens HTTP/1.1" 201 7617 "-" "uwsgi keystoneauth1/5.13.1 python-requests/2.33.1 CPython/3.12.3"
199.204.45.53 - - [24/Apr/2026:19:22:58 +0000] "GET /container-infra/v1/clusters/k8s-cluster HTTP/1.1" 200 4888 "-" "python-urllib3/2.6.3"
199.204.45.53 - - [24/Apr/2026:19:23:02 +0000] "GET /networking/v2.0/ports?device_id=7c8de8d5-b3f6-4f34-8036-50055b89473e HTTP/1.1" 200 3732 "-" "python-neutronclient"
199.204.45.53 - - [24/Apr/2026:19:23:02 +0000] "GET /networking/v2.0/security-groups?id=3b35a6a4-d6b0-451c-92e2-1f6cfdf0e788&fields=id&fields=name HTTP/1.1" 200 3010 "-" "python-neutronclient"
172.24.5.241 - - [24/Apr/2026:19:23:02 +0000] "GET /compute/v2.1/servers/7c8de8d5-b3f6-4f34-8036-50055b89473e HTTP/1.1" 200 4590 "-" "openstack-cloud-controller-manager/v1.33.1 gophercloud/v2.5.0"
199.204.45.53 - - [24/Apr/2026:19:23:03 +0000] "GET /networking/v2.0/ports?device_id=7c8de8d5-b3f6-4f34-8036-50055b89473e HTTP/1.1" 200 3732 "-" "python-neutronclient"
199.204.45.53 - - [24/Apr/2026:19:23:03 +0000] "GET /networking/v2.0/security-groups?id=3b35a6a4-d6b0-451c-92e2-1f6cfdf0e788&fields=id&fields=name HTTP/1.1" 200 3010 "-" "python-neutronclient"
172.24.5.241 - - [24/Apr/2026:19:23:02 +0000] "GET /compute/v2.1/servers/7c8de8d5-b3f6-4f34-8036-50055b89473e HTTP/1.1" 200 4590 "-" "openstack-cloud-controller-manager/v1.33.1 gophercloud/v2.5.0"
199.204.45.53 - - [24/Apr/2026:19:23:03 +0000] "GET /networking/v2.0/ports?device_id=fbd189ca-23fe-41a8-8ac2-29c73ab9cd6b HTTP/1.1" 200 3732 "-" "python-neutronclient"
199.204.45.53 - - [24/Apr/2026:19:23:03 +0000] "GET /networking/v2.0/security-groups?id=3b35a6a4-d6b0-451c-92e2-1f6cfdf0e788&fields=id&fields=name HTTP/1.1" 200 3010 "-" "python-neutronclient"
172.24.5.241 - - [24/Apr/2026:19:23:03 +0000] "GET /compute/v2.1/servers/fbd189ca-23fe-41a8-8ac2-29c73ab9cd6b HTTP/1.1" 200 4590 "-" "openstack-cloud-controller-manager/v1.33.1 gophercloud/v2.5.0"
199.204.45.53 - - [24/Apr/2026:19:23:03 +0000] "GET /networking/v2.0/ports?device_id=fbd189ca-23fe-41a8-8ac2-29c73ab9cd6b HTTP/1.1" 200 3732 "-" "python-neutronclient"
199.204.45.53 - - [24/Apr/2026:19:23:03 +0000] "GET /networking/v2.0/security-groups?id=3b35a6a4-d6b0-451c-92e2-1f6cfdf0e788&fields=id&fields=name HTTP/1.1" 200 3010 "-" "python-neutronclient"
172.24.5.241 - - [24/Apr/2026:19:23:03 +0000] "GET /compute/v2.1/servers/fbd189ca-23fe-41a8-8ac2-29c73ab9cd6b HTTP/1.1" 200 4590 "-" "openstack-cloud-controller-manager/v1.33.1 gophercloud/v2.5.0"
172.18.0.2 - - [24/Apr/2026:19:23:04 +0000] "GET /compute/v2.1/ HTTP/1.1" 200 3431 "-" "cluster-api-provider-openstack/v0.12.7 gophercloud/v2.10.0"
199.204.45.53 - - [24/Apr/2026:19:23:04 +0000] "GET /networking/v2.0/ports?device_id=7c8de8d5-b3f6-4f34-8036-50055b89473e HTTP/1.1" 200 3732 "-" "python-neutronclient"
199.204.45.53 - - [24/Apr/2026:19:23:04 +0000] "GET /networking/v2.0/security-groups?id=3b35a6a4-d6b0-451c-92e2-1f6cfdf0e788&fields=id&fields=name HTTP/1.1" 200 3010 "-" "python-neutronclient"
172.18.0.2 - - [24/Apr/2026:19:23:04 +0000] "GET /compute/v2.1/servers/7c8de8d5-b3f6-4f34-8036-50055b89473e HTTP/1.1" 200 4642 "-" "cluster-api-provider-openstack/v0.12.7 gophercloud/v2.10.0"
172.18.0.2 - - [24/Apr/2026:19:23:04 +0000] "GET /compute/v2.1/ HTTP/1.1" 200 3431 "-" "cluster-api-provider-openstack/v0.12.7 gophercloud/v2.10.0"
199.204.45.53 - - [24/Apr/2026:19:23:04 +0000] "GET /networking/v2.0/ports?device_id=fbd189ca-23fe-41a8-8ac2-29c73ab9cd6b HTTP/1.1" 200 3732 "-" "python-neutronclient"
199.204.45.53 - - [24/Apr/2026:19:23:04 +0000] "GET /networking/v2.0/security-groups?id=3b35a6a4-d6b0-451c-92e2-1f6cfdf0e788&fields=id&fields=name HTTP/1.1" 200 3010 "-" "python-neutronclient"
172.18.0.2 - - [24/Apr/2026:19:23:04 +0000] "GET /compute/v2.1/servers/fbd189ca-23fe-41a8-8ac2-29c73ab9cd6b HTTP/1.1" 200 4642 "-" "cluster-api-provider-openstack/v0.12.7 gophercloud/v2.10.0"
199.204.45.53 - - [24/Apr/2026:19:23:05 +0000] "GET /identity HTTP/1.1" 300 3230 "-" "openstacksdk/4.11.0 keystoneauth1/5.13.1 python-requests/2.33.1 CPython/3.12.3"
199.204.45.53 - - [24/Apr/2026:19:23:05 +0000] "POST /identity/v3/auth/tokens HTTP/1.1" 201 8041 "-" "openstacksdk/4.11.0 keystoneauth1/5.13.1 python-requests/2.33.1 CPython/3.12.3"
199.204.45.53 - - [24/Apr/2026:19:23:05 +0000] "GET /identity/v3/auth/tokens HTTP/1.1" 200 8036 "-" "python-keystoneclient"
199.204.45.53 - - [24/Apr/2026:19:23:05 +0000] "POST /identity/v3/auth/tokens HTTP/1.1" 201 7617 "-" "uwsgi keystoneauth1/5.13.1 python-requests/2.33.1 CPython/3.12.3"
172.24.5.241 - - [24/Apr/2026:19:23:05 +0000] "GET /identity/ HTTP/1.1" 300 3199 "-" "cinder-csi-plugin/v1.32.0 gophercloud/v2.5.0"
172.24.5.241 - - [24/Apr/2026:19:23:05 +0000] "POST /identity/v3/auth/tokens HTTP/1.1" 201 8183 "-" "cinder-csi-plugin/v1.32.0 gophercloud/v2.5.0"
199.204.45.53 - - [24/Apr/2026:19:23:05 +0000] "POST /identity/v3/auth/tokens HTTP/1.1" 201 7617 "-" "uwsgi keystoneauth1/5.13.1 python-requests/2.33.1 CPython/3.12.3"
199.204.45.53 - - [24/Apr/2026:19:23:05 +0000] "GET /container-infra/v1/clusters/k8s-cluster HTTP/1.1" 200 4888 "-" "python-urllib3/2.6.3"
199.204.45.53 - - [24/Apr/2026:19:23:06 +0000] "GET /identity/v3/auth/tokens HTTP/1.1" 200 8209 "-" "python-keystoneclient"
172.24.5.241 - - [24/Apr/2026:19:23:06 +0000] "GET /volume/v3/volumes/detail HTTP/1.1" 200 2988 "-" "cinder-csi-plugin/v1.32.0 gophercloud/v2.5.0"
199.204.45.53 - - [24/Apr/2026:19:23:08 +0000] "GET /networking/v2.0/ports?device_id=7c8de8d5-b3f6-4f34-8036-50055b89473e HTTP/1.1" 200 3732 "-" "python-neutronclient"
199.204.45.53 - - [24/Apr/2026:19:23:08 +0000] "GET /networking/v2.0/security-groups?id=3b35a6a4-d6b0-451c-92e2-1f6cfdf0e788&fields=id&fields=name HTTP/1.1" 200 3010 "-" "python-neutronclient"
172.24.5.241 - - [24/Apr/2026:19:23:08 +0000] "GET /compute/v2.1/servers/7c8de8d5-b3f6-4f34-8036-50055b89473e HTTP/1.1" 200 4590 "-" "openstack-cloud-controller-manager/v1.33.1 gophercloud/v2.5.0"
199.204.45.53 - - [24/Apr/2026:19:23:09 +0000] "GET /identity/v3/auth/tokens HTTP/1.1" 200 8083 "-" "python-keystoneclient"
199.204.45.53 - - [24/Apr/2026:19:23:09 +0000] "GET /networking/v2.0/ports?device_id=7c8de8d5-b3f6-4f34-8036-50055b89473e HTTP/1.1" 200 3732 "-" "python-neutronclient"
199.204.45.53 - - [24/Apr/2026:19:23:09 +0000] "GET /networking/v2.0/security-groups?id=3b35a6a4-d6b0-451c-92e2-1f6cfdf0e788&fields=id&fields=name HTTP/1.1" 200 3010 "-" "python-neutronclient"
172.24.5.241 - - [24/Apr/2026:19:23:08 +0000] "GET /compute/v2.1/servers/7c8de8d5-b3f6-4f34-8036-50055b89473e HTTP/1.1" 200 4590 "-" "openstack-cloud-controller-manager/v1.33.1 gophercloud/v2.5.0"
199.204.45.53 - - [24/Apr/2026:19:23:09 +0000] "GET /identity/v3/auth/tokens HTTP/1.1" 200 8083 "-" "python-keystoneclient"
199.204.45.53 - - [24/Apr/2026:19:23:09 +0000] "GET /networking/v2.0/ports?device_id=fbd189ca-23fe-41a8-8ac2-29c73ab9cd6b HTTP/1.1" 200 3732 "-" "python-neutronclient"
199.204.45.53 - - [24/Apr/2026:19:23:09 +0000] "GET /networking/v2.0/security-groups?id=3b35a6a4-d6b0-451c-92e2-1f6cfdf0e788&fields=id&fields=name HTTP/1.1" 200 3010 "-" "python-neutronclient"
172.24.5.241 - - [24/Apr/2026:19:23:09 +0000] "GET /compute/v2.1/servers/fbd189ca-23fe-41a8-8ac2-29c73ab9cd6b HTTP/1.1" 200 4590 "-" "openstack-cloud-controller-manager/v1.33.1 gophercloud/v2.5.0"
199.204.45.53 - - [24/Apr/2026:19:23:09 +0000] "GET /networking/v2.0/ports?device_id=fbd189ca-23fe-41a8-8ac2-29c73ab9cd6b HTTP/1.1" 200 3732 "-" "python-neutronclient"
199.204.45.53 - - [24/Apr/2026:19:23:09 +0000] "GET /networking/v2.0/security-groups?id=3b35a6a4-d6b0-451c-92e2-1f6cfdf0e788&fields=id&fields=name HTTP/1.1" 200 3010 "-" "python-neutronclient"
172.24.5.241 - - [24/Apr/2026:19:23:09 +0000] "GET /compute/v2.1/servers/fbd189ca-23fe-41a8-8ac2-29c73ab9cd6b HTTP/1.1" 200 4590 "-" "openstack-cloud-controller-manager/v1.33.1 gophercloud/v2.5.0"
199.204.45.53 - - [24/Apr/2026:19:23:11 +0000] "GET /identity HTTP/1.1" 300 3230 "-" "openstacksdk/4.11.0 keystoneauth1/5.13.1 python-requests/2.33.1 CPython/3.12.3"
199.204.45.53 - - [24/Apr/2026:19:23:11 +0000] "POST /identity/v3/auth/tokens HTTP/1.1" 201 8041 "-" "openstacksdk/4.11.0 keystoneauth1/5.13.1 python-requests/2.33.1 CPython/3.12.3"
199.204.45.53 - - [24/Apr/2026:19:23:12 +0000] "GET /identity/v3/auth/tokens HTTP/1.1" 200 8036 "-" "python-keystoneclient"
199.204.45.53 - - [24/Apr/2026:19:23:12 +0000] "POST /identity/v3/auth/tokens HTTP/1.1" 201 7617 "-" "uwsgi keystoneauth1/5.13.1 python-requests/2.33.1 CPython/3.12.3"
199.204.45.53 - - [24/Apr/2026:19:23:12 +0000] "POST /identity/v3/auth/tokens HTTP/1.1" 201 7617 "-" "uwsgi keystoneauth1/5.13.1 python-requests/2.33.1 CPython/3.12.3"
199.204.45.53 - - [24/Apr/2026:19:23:12 +0000] "GET /container-infra/v1/clusters/k8s-cluster HTTP/1.1" 200 4888 "-" "python-urllib3/2.6.3"
199.204.45.53 - - [24/Apr/2026:19:23:14 +0000] "GET /networking/v2.0/ports?device_id=7c8de8d5-b3f6-4f34-8036-50055b89473e HTTP/1.1" 200 3732 "-" "python-neutronclient"
199.204.45.53 - - [24/Apr/2026:19:23:14 +0000] "GET /networking/v2.0/security-groups?id=3b35a6a4-d6b0-451c-92e2-1f6cfdf0e788&fields=id&fields=name HTTP/1.1" 200 3010 "-" "python-neutronclient"
172.24.5.241 - - [24/Apr/2026:19:23:14 +0000] "GET /compute/v2.1/servers/7c8de8d5-b3f6-4f34-8036-50055b89473e HTTP/1.1" 200 4590 "-" "openstack-cloud-controller-manager/v1.33.1 gophercloud/v2.5.0"
199.204.45.53 - - [24/Apr/2026:19:23:15 +0000] "GET /networking/v2.0/ports?device_id=7c8de8d5-b3f6-4f34-8036-50055b89473e HTTP/1.1" 200 3732 "-" "python-neutronclient"
199.204.45.53 - - [24/Apr/2026:19:23:15 +0000] "GET /networking/v2.0/security-groups?id=3b35a6a4-d6b0-451c-92e2-1f6cfdf0e788&fields=id&fields=name HTTP/1.1" 200 3010 "-" "python-neutronclient"
172.24.5.241 - - [24/Apr/2026:19:23:14 +0000] "GET /compute/v2.1/servers/7c8de8d5-b3f6-4f34-8036-50055b89473e HTTP/1.1" 200 4590 "-" "openstack-cloud-controller-manager/v1.33.1 gophercloud/v2.5.0"
199.204.45.53 - - [24/Apr/2026:19:23:15 +0000] "GET /networking/v2.0/ports?device_id=fbd189ca-23fe-41a8-8ac2-29c73ab9cd6b HTTP/1.1" 200 3732 "-" "python-neutronclient"
