2026-04-16 13:54:23.244 8 INFO neutron.db.ovn_revision_numbers_db [None req-63d96e29-b0a0-41f9-a4fb-5eec4e3f80dd ba30503d54bd4d1386eb20b40fb60182 9b608b65782544c9b79f56ad37d7269c - - default default] Successfully bumped revision number for resource 6c7fbbd8-40bd-4678-b32c-7db39873f39b (type: ports) to 1 [pid: 7|app: 0|req: 976/1759] 199.204.45.157 () {34 vars in 994 bytes} [Thu Apr 16 13:54:23 2026] GET /v2.0/ports?device_id=a1c41454-f82a-4df1-b5f6-3df03ecb2d56 => generated 971 bytes in 43 msecs (HTTP/1.1 200) 4 headers in 157 bytes (1 switches on core 0)
2026-04-16 13:54:23.535 8 INFO neutron.db.ovn_revision_numbers_db [None req-b46f4b30-5c80-4a7d-a738-dddf030f43fc - - - - - -] Successfully bumped revision number for resource afe723f2-b7ca-4549-a64a-d53cdbd53bad (type: ports) to 4
2026-04-16 13:54:23.764 7 INFO neutron.db.ovn_revision_numbers_db [None req-84fae7ea-ea97-43c8-a32e-f6b20d4448f4 842d41dfeada492b814444681e642e75 b2d9a5769141451f9bdc64bd1b4ab123 - - default default] Successfully bumped revision number for resource a7bc8c5f-6924-4b96-bba6-7fff9bebced7 (type: security_groups) to 1
2026-04-16 13:54:23.777 7 INFO neutron.db.ovn_revision_numbers_db [None req-84fae7ea-ea97-43c8-a32e-f6b20d4448f4 842d41dfeada492b814444681e642e75 b2d9a5769141451f9bdc64bd1b4ab123 - - default default] Successfully bumped revision number for resource 20ad9e37-f2c9-4379-b02e-d9373e57ecb9 (type: security_group_rules) to 0
2026-04-16 13:54:23.791 7 INFO neutron.db.ovn_revision_numbers_db [None req-84fae7ea-ea97-43c8-a32e-f6b20d4448f4 842d41dfeada492b814444681e642e75 b2d9a5769141451f9bdc64bd1b4ab123 - - default default] Successfully bumped revision number for resource 57cb4553-aa6a-4930-baa2-debda7729db3 (type: security_group_rules) to 0
2026-04-16 13:54:23.807 7 INFO neutron.db.ovn_revision_numbers_db [None req-84fae7ea-ea97-43c8-a32e-f6b20d4448f4 842d41dfeada492b814444681e642e75 b2d9a5769141451f9bdc64bd1b4ab123 - - default default] Successfully bumped revision number for resource 7a0e92f5-42a9-4ee8-b684-dc3a7eb9d454 (type: security_group_rules) to 0
2026-04-16 13:54:23.831 7 INFO neutron.db.ovn_revision_numbers_db [None req-84fae7ea-ea97-43c8-a32e-f6b20d4448f4 842d41dfeada492b814444681e642e75 b2d9a5769141451f9bdc64bd1b4ab123 - - default default] Successfully bumped revision number for resource b4dd5020-ad70-4219-891d-24da88612f94 (type: security_group_rules) to 0
2026-04-16 13:54:23.974 7 INFO neutron.db.ovn_revision_numbers_db [None req-84fae7ea-ea97-43c8-a32e-f6b20d4448f4 842d41dfeada492b814444681e642e75 b2d9a5769141451f9bdc64bd1b4ab123 - - default default] Successfully bumped revision number for resource 88c2d5d7-8f8b-439f-acc3-db48196ac980 (type: security_groups) to 1
2026-04-16 13:54:23.985 7 INFO neutron.db.ovn_revision_numbers_db [None req-84fae7ea-ea97-43c8-a32e-f6b20d4448f4 842d41dfeada492b814444681e642e75 b2d9a5769141451f9bdc64bd1b4ab123 - - default default] Successfully bumped revision number for resource 14523a0b-2acc-4021-a6f1-581576a1f956 (type: security_group_rules) to 0
2026-04-16 13:54:23.998 7 INFO neutron.db.ovn_revision_numbers_db [None req-84fae7ea-ea97-43c8-a32e-f6b20d4448f4 842d41dfeada492b814444681e642e75 b2d9a5769141451f9bdc64bd1b4ab123 - - default default] Successfully bumped revision number for resource 7404271b-33dc-48d1-816d-bbbe1f673bc4 (type: security_group_rules) to 0 [pid: 7|app: 0|req: 977/1760] 10.0.0.133 () {34 vars in 684 bytes} [Thu Apr 16 13:54:23 2026] POST /v2.0/security-groups => generated 1601 bytes in 631 msecs (HTTP/1.1 201) 4 headers in 163 bytes (1 switches on core 0)
2026-04-16 13:54:24.188 7 INFO neutron_taas.services.taas.taas_plugin [req-a1da88c7-f4c6-4aad-b945-ac204d0eefca req-43898098-e3e5-402b-9479-aa6c73ce0125 ec18fdedf43f4fc586df169084d78b00 196c5cde08294b7d884707c19ea0428f - - default default] TaaS: Handle Delete Port: 03efdcc5-4c12-4da9-9197-03cfac1af1d4
2026-04-16 13:54:24.192 7 INFO neutron_taas.services.taas.tap_mirror_plugin [req-a1da88c7-f4c6-4aad-b945-ac204d0eefca req-43898098-e3e5-402b-9479-aa6c73ce0125 ec18fdedf43f4fc586df169084d78b00 196c5cde08294b7d884707c19ea0428f - - default default] Tap Mirror: Handle Delete Port: 03efdcc5-4c12-4da9-9197-03cfac1af1d4
2026-04-16 13:54:24.342 8 INFO neutron.db.ovn_revision_numbers_db [None req-b46f4b30-5c80-4a7d-a738-dddf030f43fc - - - - - -] Successfully bumped revision number for resource afe723f2-b7ca-4549-a64a-d53cdbd53bad (type: ports) to 5
2026-04-16 13:54:24.494 7 INFO neutron.db.l3_db [req-a1da88c7-f4c6-4aad-b945-ac204d0eefca req-43898098-e3e5-402b-9479-aa6c73ce0125 ec18fdedf43f4fc586df169084d78b00 196c5cde08294b7d884707c19ea0428f - - default default] Floating IP 7a15d906-3580-4ebd-9d60-5e719697cf56 disassociated. External IP: 10.96.250.217, port: 03efdcc5-4c12-4da9-9197-03cfac1af1d4.
2026-04-16 13:54:24.595 8 INFO neutron.plugins.ml2.drivers.ovn.mech_driver.mech_driver [None req-83fd0b1d-9c53-40ce-b332-4717532d38bc - - - - - -] OVN reports status down for port: 03efdcc5-4c12-4da9-9197-03cfac1af1d4
2026-04-16 13:54:24.609 8 INFO neutron.plugins.ml2.drivers.ovn.mech_driver.mech_driver [None req-83fd0b1d-9c53-40ce-b332-4717532d38bc - - - - - -] OVN reports status down for port: 6c7fbbd8-40bd-4678-b32c-7db39873f39b
2026-04-16 13:54:24.614 8 WARNING neutron.scheduler.dhcp_agent_scheduler [None req-63d96e29-b0a0-41f9-a4fb-5eec4e3f80dd ba30503d54bd4d1386eb20b40fb60182 9b608b65782544c9b79f56ad37d7269c - - default default] No more DHCP agents
2026-04-16 13:54:24.624 8 WARNING neutron.api.rpc.agentnotifiers.dhcp_rpc_agent_api [None req-63d96e29-b0a0-41f9-a4fb-5eec4e3f80dd ba30503d54bd4d1386eb20b40fb60182 9b608b65782544c9b79f56ad37d7269c - - default default] Unable to schedule network e4f5909f-bb54-402f-93dc-0bf4094c223f: no agents available; will retry on subsequent port and subnet creation events. [pid: 7|app: 0|req: 978/1761] 199.204.45.157 () {36 vars in 997 bytes} [Thu Apr 16 13:54:24 2026] DELETE /v2.0/ports/03efdcc5-4c12-4da9-9197-03cfac1af1d4 => generated 0 bytes in 630 msecs (HTTP/1.1 204) 3 headers in 131 bytes (1 switches on core 0) [pid: 7|app: 0|req: 979/1762] 10.0.0.4 () {34 vars in 988 bytes} [Thu Apr 16 13:54:24 2026] GET /v2.0/ports?device_id=a1c41454-f82a-4df1-b5f6-3df03ecb2d56 => generated 12 bytes in 22 msecs (HTTP/1.1 200) 4 headers in 156 bytes (1 switches on core 0)
2026-04-16 13:54:24.730 7 INFO neutron.notifiers.nova [-] Nova event matching ['req-75856b6b-cbe1-45ee-bbd5-72f9163df8c3'] response: {'server_uuid': 'a1c41454-f82a-4df1-b5f6-3df03ecb2d56', 'name': 'network-vif-deleted', 'tag': '03efdcc5-4c12-4da9-9197-03cfac1af1d4', 'status': 'completed', 'code': 200} [pid: 7|app: 0|req: 980/1763] 10.0.0.133 () {34 vars in 767 bytes} [Thu Apr 16 13:54:24 2026] PUT /v2.0/security-groups/88c2d5d7-8f8b-439f-acc3-db48196ac980/tags => generated 25 bytes in 66 msecs (HTTP/1.1 200) 4 headers in 156 bytes (1 switches on core 0)
2026-04-16 13:54:24.786 8 WARNING neutron.plugins.ml2.drivers.ovn.mech_driver.ovsdb.ovn_client [None req-83fd0b1d-9c53-40ce-b332-4717532d38bc - - - - - -] Logical_Switch_Port %s host information not removed, the port state is up
2026-04-16 13:54:24.786 8 INFO neutron.plugins.ml2.drivers.ovn.mech_driver.mech_driver [None req-83fd0b1d-9c53-40ce-b332-4717532d38bc - - - - - -] OVN reports status up for port: 6c7fbbd8-40bd-4678-b32c-7db39873f39b
2026-04-16 13:54:24.822 8 INFO neutron.plugins.ml2.plugin [None req-83fd0b1d-9c53-40ce-b332-4717532d38bc - - - - - -] Attempt 1 to provision port 6c7fbbd8-40bd-4678-b32c-7db39873f39b [pid: 7|app: 0|req: 981/1764] 10.0.0.133 () {32 vars in 747 bytes} [Thu Apr 16 13:54:24 2026] GET /v2.0/security-groups/88c2d5d7-8f8b-439f-acc3-db48196ac980/tags => generated 25 bytes in 56 msecs (HTTP/1.1 200) 4 headers in 156 bytes (1 switches on core 0) [pid: 7|app: 0|req: 982/1765] 10.0.0.133 () {34 vars in 778 bytes} [Thu Apr 16 13:54:24 2026] PUT /v2.0/security-groups/88c2d5d7-8f8b-439f-acc3-db48196ac980/tags/green => generated 4 bytes in 70 msecs (HTTP/1.1 201) 4 headers in 160 bytes (1 switches on core 0) [pid: 7|app: 0|req: 983/1766] 10.0.0.133 () {32 vars in 747 bytes} [Thu Apr 16 13:54:24 2026] GET /v2.0/security-groups/88c2d5d7-8f8b-439f-acc3-db48196ac980/tags => generated 34 bytes in 37 msecs (HTTP/1.1 200) 4 headers in 156 bytes (1 switches on core 0) [pid: 7|app: 0|req: 984/1767] 10.0.0.133 () {34 vars in 774 bytes} [Thu Apr 16 13:54:24 2026] PUT /v2.0/security-groups/88c2d5d7-8f8b-439f-acc3-db48196ac980/tags/red => generated 4 bytes in 43 msecs (HTTP/1.1 201) 4 headers in 160 bytes (1 switches on core 0) [pid: 7|app: 0|req: 985/1768] 10.0.0.133 () {32 vars in 747 bytes} [Thu Apr 16 13:54:25 2026] GET /v2.0/security-groups/88c2d5d7-8f8b-439f-acc3-db48196ac980/tags => generated 34 bytes in 33 msecs (HTTP/1.1 200) 4 headers in 156 bytes (1 switches on core 0) [pid: 7|app: 0|req: 986/1769] 10.0.0.133 () {34 vars in 796 bytes} [Thu Apr 16 13:54:25 2026] PUT /v2.0/security-groups/88c2d5d7-8f8b-439f-acc3-db48196ac980/tags/black.or.white => generated 4 bytes in 66 msecs (HTTP/1.1 201) 4 headers in 160 bytes (1 switches on core 0) [pid: 7|app: 0|req: 987/1770] 10.0.0.133 () {32 vars in 747 bytes} [Thu Apr 16 13:54:25 2026] GET /v2.0/security-groups/88c2d5d7-8f8b-439f-acc3-db48196ac980/tags => generated 52 bytes in 31 msecs (HTTP/1.1 200) 4 headers in 156 bytes (1 switches on core 0) [pid: 7|app: 0|req: 988/1771] 10.0.0.133 () {34 vars in 767 bytes} [Thu Apr 16 13:54:25 2026] PUT /v2.0/security-groups/88c2d5d7-8f8b-439f-acc3-db48196ac980/tags => generated 37 bytes in 53 msecs (HTTP/1.1 200) 4 headers in 156 bytes (1 switches on core 0) [pid: 7|app: 0|req: 989/1772] 10.0.0.133 () {32 vars in 747 bytes} [Thu Apr 16 13:54:25 2026] GET /v2.0/security-groups/88c2d5d7-8f8b-439f-acc3-db48196ac980/tags => generated 37 bytes in 31 msecs (HTTP/1.1 200) 4 headers in 156 bytes (1 switches on core 0) [pid: 7|app: 0|req: 990/1773] 10.0.0.133 () {32 vars in 755 bytes} [Thu Apr 16 13:54:25 2026] GET /v2.0/security-groups/88c2d5d7-8f8b-439f-acc3-db48196ac980/tags/red => generated 0 bytes in 32 msecs (HTTP/1.1 204) 2 headers in 112 bytes (1 switches on core 0)
2026-04-16 13:54:25.343 7 INFO neutron.api.v2.resource [None req-13d3456f-8ddd-4856-9216-364c2670e2a8 842d41dfeada492b814444681e642e75 b2d9a5769141451f9bdc64bd1b4ab123 - - default default] show failed (client error): The resource could not be found. [pid: 7|app: 0|req: 991/1774] 10.0.0.133 () {32 vars in 759 bytes} [Thu Apr 16 13:54:25 2026] GET /v2.0/security-groups/88c2d5d7-8f8b-439f-acc3-db48196ac980/tags/green => generated 99 bytes in 52 msecs (HTTP/1.1 404) 4 headers in 163 bytes (1 switches on core 0) [pid: 7|app: 0|req: 992/1775] 10.0.0.133 () {32 vars in 758 bytes} [Thu Apr 16 13:54:25 2026] DELETE /v2.0/security-groups/88c2d5d7-8f8b-439f-acc3-db48196ac980/tags/red => generated 0 bytes in 65 msecs (HTTP/1.1 204) 2 headers in 112 bytes (1 switches on core 0) [pid: 7|app: 0|req: 993/1776] 10.0.0.133 () {32 vars in 747 bytes} [Thu Apr 16 13:54:25 2026] GET /v2.0/security-groups/88c2d5d7-8f8b-439f-acc3-db48196ac980/tags => generated 30 bytes in 44 msecs (HTTP/1.1 200) 4 headers in 156 bytes (1 switches on core 0)
2026-04-16 13:54:25.545 7 INFO neutron.api.v2.resource [None req-22502e44-744a-4b7d-a0c5-d0a6ef9de281 842d41dfeada492b814444681e642e75 b2d9a5769141451f9bdc64bd1b4ab123 - - default default] delete failed (client error): The resource could not be found. [pid: 7|app: 0|req: 994/1777] 10.0.0.133 () {32 vars in 762 bytes} [Thu Apr 16 13:54:25 2026] DELETE /v2.0/security-groups/88c2d5d7-8f8b-439f-acc3-db48196ac980/tags/green => generated 99 bytes in 73 msecs (HTTP/1.1 404) 4 headers in 163 bytes (1 switches on core 0)
2026-04-16 13:54:25.593 8 INFO neutron.db.ovn_revision_numbers_db [None req-63d96e29-b0a0-41f9-a4fb-5eec4e3f80dd ba30503d54bd4d1386eb20b40fb60182 9b608b65782544c9b79f56ad37d7269c - - default default] Successfully bumped revision number for resource 6c7fbbd8-40bd-4678-b32c-7db39873f39b (type: router_ports) to 1 [pid: 8|app: 0|req: 784/1778] 10.0.0.133 () {34 vars in 783 bytes} [Thu Apr 16 13:54:22 2026] PUT /v2.0/routers/990c2921-9760-4596-928f-043c9b493a49/add_router_interface => generated 309 bytes in 3530 msecs (HTTP/1.1 200) 4 headers in 157 bytes (1 switches on core 0) [pid: 7|app: 0|req: 995/1779] 10.0.0.133 () {32 vars in 750 bytes} [Thu Apr 16 13:54:25 2026] DELETE /v2.0/security-groups/88c2d5d7-8f8b-439f-acc3-db48196ac980/tags => generated 0 bytes in 45 msecs (HTTP/1.1 204) 2 headers in 112 bytes (1 switches on core 0) [pid: 8|app: 0|req: 785/1780] 10.0.0.133 () {32 vars in 747 bytes} [Thu Apr 16 13:54:25 2026] GET /v2.0/security-groups/88c2d5d7-8f8b-439f-acc3-db48196ac980/tags => generated 12 bytes in 90 msecs (HTTP/1.1 200) 4 headers in 156 bytes (1 switches on core 0)
2026-04-16 13:54:25.728 8 INFO neutron.db.ovn_revision_numbers_db [None req-83fd0b1d-9c53-40ce-b332-4717532d38bc - - - - - -] Successfully bumped revision number for resource 6c7fbbd8-40bd-4678-b32c-7db39873f39b (type: ports) to 2 [pid: 8|app: 0|req: 786/1781] 10.0.0.4 () {34 vars in 988 bytes} [Thu Apr 16 13:54:25 2026] GET /v2.0/ports?device_id=a1c41454-f82a-4df1-b5f6-3df03ecb2d56 => generated 12 bytes in 51 msecs (HTTP/1.1 200) 4 headers in 156 bytes (1 switches on core 0) [pid: 7|app: 0|req: 996/1782] 10.0.0.133 () {32 vars in 740 bytes} [Thu Apr 16 13:54:25 2026] DELETE /v2.0/security-groups/88c2d5d7-8f8b-439f-acc3-db48196ac980 => generated 0 bytes in 192 msecs (HTTP/1.1 204) 2 headers in 112 bytes (1 switches on core 0) [pid: 8|app: 0|req: 787/1783] 10.0.0.18 () {34 vars in 989 bytes} [Thu Apr 16 13:54:26 2026] GET /v2.0/ports?device_id=64718b8a-0c08-4949-9376-f456aafdc80b => generated 1213 bytes in 37 msecs (HTTP/1.1 200) 4 headers in 158 bytes (1 switches on core 0) [pid: 7|app: 0|req: 997/1784] 10.0.0.18 () {34 vars in 1039 bytes} [Thu Apr 16 13:54:26 2026] GET /v2.0/security-groups?id=50dff044-067d-4970-8ba9-27e516d6d094&fields=id&fields=name => generated 112 bytes in 30 msecs (HTTP/1.1 200) 4 headers in 157 bytes (1 switches on core 0)
2026-04-16 13:54:26.734 7 INFO neutron.db.ovn_revision_numbers_db [None req-55f4f19b-643c-44fb-812a-6a7ae6eb56ea ba30503d54bd4d1386eb20b40fb60182 9b608b65782544c9b79f56ad37d7269c - - default default] Successfully bumped revision number for resource 1b6f6561-a997-4138-928b-439de5645d9d (type: security_groups) to 1
2026-04-16 13:54:26.750 7 INFO neutron.db.ovn_revision_numbers_db [None req-55f4f19b-643c-44fb-812a-6a7ae6eb56ea ba30503d54bd4d1386eb20b40fb60182 9b608b65782544c9b79f56ad37d7269c - - default default] Successfully bumped revision number for resource 02c5b2af-c606-4308-a14a-1998f188fb9d (type: security_group_rules) to 0
2026-04-16 13:54:26.764 7 INFO neutron.db.ovn_revision_numbers_db [None req-55f4f19b-643c-44fb-812a-6a7ae6eb56ea ba30503d54bd4d1386eb20b40fb60182 9b608b65782544c9b79f56ad37d7269c - - default default] Successfully bumped revision number for resource 287d639b-7917-4f95-8267-79411b6c2af3 (type: security_group_rules) to 0
2026-04-16 13:54:26.780 8 INFO neutron.db.ovn_revision_numbers_db [None req-45a98a62-225f-481f-a184-1bdb8a3834cf ba30503d54bd4d1386eb20b40fb60182 9b608b65782544c9b79f56ad37d7269c - - default default] Successfully bumped revision number for resource afb66f89-5997-4d3c-9de5-ccba2c0da06a (type: security_groups) to 1
2026-04-16 13:54:26.783 7 INFO neutron.db.ovn_revision_numbers_db [None req-55f4f19b-643c-44fb-812a-6a7ae6eb56ea ba30503d54bd4d1386eb20b40fb60182 9b608b65782544c9b79f56ad37d7269c - - default default] Successfully bumped revision number for resource aa4c7d86-5043-4cd4-8edd-bd204d88c25a (type: security_group_rules) to 0
2026-04-16 13:54:26.792 8 INFO neutron.db.ovn_revision_numbers_db [None req-45a98a62-225f-481f-a184-1bdb8a3834cf ba30503d54bd4d1386eb20b40fb60182 9b608b65782544c9b79f56ad37d7269c - - default default] Successfully bumped revision number for resource 0abe5008-9255-4023-a512-e8720b363071 (type: security_group_rules) to 0
2026-04-16 13:54:26.799 7 INFO neutron.db.ovn_revision_numbers_db [None req-55f4f19b-643c-44fb-812a-6a7ae6eb56ea ba30503d54bd4d1386eb20b40fb60182 9b608b65782544c9b79f56ad37d7269c - - default default] Successfully bumped revision number for resource fad33819-4bc1-447a-8dfd-fc59a10e9c14 (type: security_group_rules) to 0
2026-04-16 13:54:26.804 8 INFO neutron.db.ovn_revision_numbers_db [None req-45a98a62-225f-481f-a184-1bdb8a3834cf ba30503d54bd4d1386eb20b40fb60182 9b608b65782544c9b79f56ad37d7269c - - default default] Successfully bumped revision number for resource 330e0f4b-e0b5-466f-b9e8-d6f5f888fdb4 (type: security_group_rules) to 0
2026-04-16 13:54:26.816 8 INFO neutron.db.ovn_revision_numbers_db [None req-45a98a62-225f-481f-a184-1bdb8a3834cf ba30503d54bd4d1386eb20b40fb60182 9b608b65782544c9b79f56ad37d7269c - - default default] Successfully bumped revision number for resource 9c9de7be-358b-4d7b-8bb8-a5b578a22fd3 (type: security_group_rules) to 0
2026-04-16 13:54:26.845 8 INFO neutron.db.ovn_revision_numbers_db [None req-45a98a62-225f-481f-a184-1bdb8a3834cf ba30503d54bd4d1386eb20b40fb60182 9b608b65782544c9b79f56ad37d7269c - - default default] Successfully bumped revision number for resource bb3223ff-441e-419c-aa5f-38ef72062b58 (type: security_group_rules) to 0 [pid: 8|app: 0|req: 788/1785] 10.0.0.133 () {32 vars in 774 bytes} [Thu Apr 16 13:54:26 2026] GET /v2.0/security-groups?tenant_id=b5839fd67c494197895a18fbea53d2fa&name=default => generated 2925 bytes in 423 msecs (HTTP/1.1 200) 4 headers in 158 bytes (1 switches on core 0)
2026-04-16 13:54:26.894 7 INFO neutron.db.segments_db [None req-55f4f19b-643c-44fb-812a-6a7ae6eb56ea ba30503d54bd4d1386eb20b40fb60182 9b608b65782544c9b79f56ad37d7269c - - default default] Added segment 8dd2ac50-67fe-49ce-88a1-88d37ffed85d of type geneve for network f3148ad6-546d-4776-80df-8042b6eee187
2026-04-16 13:54:27.042 7 INFO neutron.db.ovn_revision_numbers_db [None req-55f4f19b-643c-44fb-812a-6a7ae6eb56ea ba30503d54bd4d1386eb20b40fb60182 9b608b65782544c9b79f56ad37d7269c - - default default] Successfully bumped revision number for resource f3148ad6-546d-4776-80df-8042b6eee187 (type: networks) to 1 [pid: 8|app: 0|req: 789/1786] 10.0.0.133 () {32 vars in 740 bytes} [Thu Apr 16 13:54:26 2026] DELETE /v2.0/security-groups/afb66f89-5997-4d3c-9de5-ccba2c0da06a => generated 0 bytes in 306 msecs (HTTP/1.1 204) 2 headers in 112 bytes (1 switches on core 0) [pid: 8|app: 0|req: 790/1787] 10.0.0.4 () {34 vars in 988 bytes} [Thu Apr 16 13:54:27 2026] GET /v2.0/ports?device_id=a1c41454-f82a-4df1-b5f6-3df03ecb2d56 => generated 12 bytes in 19 msecs (HTTP/1.1 200) 4 headers in 156 bytes (1 switches on core 0)
2026-04-16 13:54:27.249 7 WARNING neutron.scheduler.dhcp_agent_scheduler [None req-55f4f19b-643c-44fb-812a-6a7ae6eb56ea ba30503d54bd4d1386eb20b40fb60182 9b608b65782544c9b79f56ad37d7269c - - default default] No more DHCP agents
2026-04-16 13:54:27.250 7 WARNING neutron.api.rpc.agentnotifiers.dhcp_rpc_agent_api [None req-55f4f19b-643c-44fb-812a-6a7ae6eb56ea ba30503d54bd4d1386eb20b40fb60182 9b608b65782544c9b79f56ad37d7269c - - default default] Unable to schedule network f3148ad6-546d-4776-80df-8042b6eee187: no agents available; will retry on subsequent port and subnet creation events. [pid: 8|app: 0|req: 791/1788] 10.0.0.133 () {32 vars in 774 bytes} [Thu Apr 16 13:54:27 2026] GET /v2.0/security-groups?tenant_id=b2d9a5769141451f9bdc64bd1b4ab123&name=default => generated 2925 bytes in 34 msecs (HTTP/1.1 200) 4 headers in 158 bytes (1 switches on core 0)
2026-04-16 13:54:27.411 7 INFO neutron.db.ovn_revision_numbers_db [None req-55f4f19b-643c-44fb-812a-6a7ae6eb56ea ba30503d54bd4d1386eb20b40fb60182 9b608b65782544c9b79f56ad37d7269c - - default default] Successfully bumped revision number for resource e58e9085-f462-45ce-9f10-41b39946660d (type: ports) to 1 [pid: 7|app: 0|req: 998/1789] 10.0.0.133 () {34 vars in 671 bytes} [Thu Apr 16 13:54:26 2026] POST /v2.0/networks => generated 762 bytes in 869 msecs (HTTP/1.1 201) 4 headers in 162 bytes (1 switches on core 0)
2026-04-16 13:54:27.642 7 WARNING neutron.scheduler.dhcp_agent_scheduler [None req-bb5a8f5c-368d-483c-b4b0-d7da0ac21d38 ba30503d54bd4d1386eb20b40fb60182 9b608b65782544c9b79f56ad37d7269c - - default default] No more DHCP agents
2026-04-16 13:54:27.643 7 WARNING neutron.api.rpc.agentnotifiers.dhcp_rpc_agent_api [None req-bb5a8f5c-368d-483c-b4b0-d7da0ac21d38 ba30503d54bd4d1386eb20b40fb60182 9b608b65782544c9b79f56ad37d7269c - - default default] Unable to schedule network f3148ad6-546d-4776-80df-8042b6eee187: no agents available; will retry on subsequent port and subnet creation events. [pid: 8|app: 0|req: 792/1790] 10.0.0.133 () {32 vars in 740 bytes} [Thu Apr 16 13:54:27 2026] DELETE /v2.0/security-groups/a7bc8c5f-6924-4b96-bba6-7fff9bebced7 => generated 0 bytes in 341 msecs (HTTP/1.1 204) 2 headers in 112 bytes (1 switches on core 0)
2026-04-16 13:54:28.111 7 INFO neutron.db.ovn_revision_numbers_db [None req-6581907b-8e7e-400a-ac67-dd0efa18624f - - - - - -] Successfully bumped revision number for resource e58e9085-f462-45ce-9f10-41b39946660d (type: ports) to 2
2026-04-16 13:54:28.141 7 INFO neutron.db.ovn_revision_numbers_db [None req-6581907b-8e7e-400a-ac67-dd0efa18624f - - - - - -] Successfully bumped revision number for resource 4ee9a48c-887b-4264-98f2-b160606f29c1 (type: subnets) to 0 [pid: 7|app: 0|req: 999/1791] 10.0.0.133 () {34 vars in 669 bytes} [Thu Apr 16 13:54:27 2026] POST /v2.0/subnets => generated 687 bytes in 712 msecs (HTTP/1.1 201) 4 headers in 162 bytes (1 switches on core 0) [pid: 7|app: 0|req: 1000/1792] 10.0.0.133 () {32 vars in 740 bytes} [Thu Apr 16 13:54:28 2026] DELETE /v2.0/security-groups/73b387aa-0576-4648-94c1-c105df57ab0f => generated 0 bytes in 167 msecs (HTTP/1.1 204) 2 headers in 112 bytes (1 switches on core 0)
2026-04-16 13:54:28.482 7 INFO neutron.api.v2.resource [None req-de159b41-9ab7-43b8-9f5b-3322136005d0 ec18fdedf43f4fc586df169084d78b00 196c5cde08294b7d884707c19ea0428f - - default default] show failed (client error): The resource could not be found. [pid: 7|app: 0|req: 1001/1793] 10.0.0.133 () {32 vars in 737 bytes} [Thu Apr 16 13:54:28 2026] GET /v2.0/security-groups/73b387aa-0576-4648-94c1-c105df57ab0f => generated 146 bytes in 11 msecs (HTTP/1.1 404) 4 headers in 164 bytes (1 switches on core 0)
2026-04-16 13:54:28.604 8 WARNING neutron.scheduler.dhcp_agent_scheduler [None req-3b165553-a971-4273-8824-a5b32b00495b ba30503d54bd4d1386eb20b40fb60182 9b608b65782544c9b79f56ad37d7269c - - default default] No more DHCP agents
2026-04-16 13:54:28.606 8 WARNING neutron.api.rpc.agentnotifiers.dhcp_rpc_agent_api [None req-3b165553-a971-4273-8824-a5b32b00495b ba30503d54bd4d1386eb20b40fb60182 9b608b65782544c9b79f56ad37d7269c - - default default] Unable to schedule network 407aaeed-d978-41e3-9a39-6c80ad12c458: no agents available; will retry on subsequent port and subnet creation events.
2026-04-16 13:54:28.622 7 INFO neutron_taas.services.taas.taas_plugin [None req-b34246c4-9441-4cf7-b9ac-2f498530725e ec18fdedf43f4fc586df169084d78b00 196c5cde08294b7d884707c19ea0428f - - default default] TaaS: Handle Delete Port: bbca12af-530c-4121-9248-28fd2759299f
2026-04-16 13:54:28.624 7 INFO neutron_taas.services.taas.tap_mirror_plugin [None req-b34246c4-9441-4cf7-b9ac-2f498530725e ec18fdedf43f4fc586df169084d78b00 196c5cde08294b7d884707c19ea0428f - - default default] Tap Mirror: Handle Delete Port: bbca12af-530c-4121-9248-28fd2759299f
2026-04-16 13:54:28.811 8 INFO neutron.db.ovn_revision_numbers_db [None req-3b165553-a971-4273-8824-a5b32b00495b ba30503d54bd4d1386eb20b40fb60182 9b608b65782544c9b79f56ad37d7269c - - default default] Successfully bumped revision number for resource 636f8a80-a951-4187-a923-d2fe039a8bf6 (type: ports) to 1 [pid: 7|app: 0|req: 1002/1794] 10.0.0.133 () {32 vars in 732 bytes} [Thu Apr 16 13:54:28 2026] DELETE /v2.0/floatingips/7a15d906-3580-4ebd-9d60-5e719697cf56 => generated 0 bytes in 351 msecs (HTTP/1.1 204) 2 headers in 112 bytes (1 switches on core 0)
2026-04-16 13:54:29.174 7 INFO neutron_taas.services.taas.taas_plugin [None req-051db297-ac11-48b4-bf89-71a54ae0a99c ba30503d54bd4d1386eb20b40fb60182 9b608b65782544c9b79f56ad37d7269c - - default default] TaaS: Handle Delete Port: 2950d03f-33b8-4a27-930a-9a55f09327e8
2026-04-16 13:54:29.184 7 INFO neutron_taas.services.taas.tap_mirror_plugin [None req-051db297-ac11-48b4-bf89-71a54ae0a99c ba30503d54bd4d1386eb20b40fb60182 9b608b65782544c9b79f56ad37d7269c - - default default] Tap Mirror: Handle Delete Port: 2950d03f-33b8-4a27-930a-9a55f09327e8
2026-04-16 13:54:29.476 8 INFO neutron.plugins.ml2.drivers.ovn.mech_driver.ovsdb.commands [None req-14689579-d9c8-486a-a118-2b4e58164722 - - - - - -] Schedule LRP lrp-636f8a80-a951-4187-a923-d2fe039a8bf6 on gateway 7b4f14fb-b2a8-464c-939b-e3e685943c00 with priority 1
2026-04-16 13:54:29.579 8 INFO neutron.plugins.ml2.drivers.ovn.mech_driver.ovsdb.ovsdb_monitor [None req-b46f4b30-5c80-4a7d-a738-dddf030f43fc - - - - - -] Router a889cb21-e62b-40c8-823a-49021c4a5bdc is bound to host instance
2026-04-16 13:54:29.670 8 INFO neutron.db.ovn_revision_numbers_db [None req-3b165553-a971-4273-8824-a5b32b00495b ba30503d54bd4d1386eb20b40fb60182 9b608b65782544c9b79f56ad37d7269c - - default default] Successfully bumped revision number for resource 636f8a80-a951-4187-a923-d2fe039a8bf6 (type: router_ports) to 1
2026-04-16 13:54:29.780 8 INFO neutron.db.ovn_revision_numbers_db [None req-3b165553-a971-4273-8824-a5b32b00495b ba30503d54bd4d1386eb20b40fb60182 9b608b65782544c9b79f56ad37d7269c - - default default] Successfully bumped revision number for resource a889cb21-e62b-40c8-823a-49021c4a5bdc (type: routers) to 2 [pid: 8|app: 0|req: 793/1797] 10.0.0.133 () {34 vars in 669 bytes} [Thu Apr 16 13:54:28 2026] POST /v2.0/routers => generated 965 bytes in 1645 msecs (HTTP/1.1 201) 4 headers in 162 bytes (1 switches on core 0) [pid: 7|app: 0|req: 1005/1798] 10.0.0.133 () {34 vars in 789 bytes} [Thu Apr 16 13:54:28 2026] PUT /v2.0/routers/ae28ff9a-f8e2-4b9e-8c62-fa3465697ef0/remove_router_interface => generated 309 bytes in 1122 msecs (HTTP/1.1 200) 4 headers in 157 bytes (1 switches on core 0) /var/lib/openstack/lib/python3.12/site-packages/pycadf/identifier.py:70: UserWarning: Invalid uuid: neutron. To ensure interoperability, identifiers should be a valid uuid. warnings.warn(('Invalid uuid: %s. To ensure interoperability, ' [pid: 8|app: 0|req: 794/1799] 10.0.0.4 () {34 vars in 988 bytes} [Thu Apr 16 13:54:29 2026] GET /v2.0/ports?device_id=64718b8a-0c08-4949-9376-f456aafdc80b => generated 975 bytes in 243 msecs (HTTP/1.1 200) 4 headers in 157 bytes (1 switches on core 0)
2026-04-16 13:54:30.193 8 WARNING neutron.plugins.ml2.drivers.ovn.mech_driver.ovsdb.ovn_client [None req-9fc07d74-fbf6-493d-92c4-bc9070a9e24e - - - - - -] No hosting information found for port 6c7fbbd8-40bd-4678-b32c-7db39873f39b: RuntimeError: No hosting information found for port 6c7fbbd8-40bd-4678-b32c-7db39873f39b
2026-04-16 13:54:30.460 7 WARNING neutron.scheduler.dhcp_agent_scheduler [None req-2bc8f192-5210-4f1e-bcf1-ab8fb2d867cf ba30503d54bd4d1386eb20b40fb60182 9b608b65782544c9b79f56ad37d7269c - - default default] No more DHCP agents
2026-04-16 13:54:30.462 7 WARNING neutron.api.rpc.agentnotifiers.dhcp_rpc_agent_api [None req-2bc8f192-5210-4f1e-bcf1-ab8fb2d867cf ba30503d54bd4d1386eb20b40fb60182 9b608b65782544c9b79f56ad37d7269c - - default default] Unable to schedule network f3148ad6-546d-4776-80df-8042b6eee187: no agents available; will retry on subsequent port and subnet creation events.
2026-04-16 13:54:30.547 8 INFO neutron.db.ovn_revision_numbers_db [None req-9fc07d74-fbf6-493d-92c4-bc9070a9e24e - - - - - -] Successfully bumped revision number for resource 6c7fbbd8-40bd-4678-b32c-7db39873f39b (type: router_ports) to 2
2026-04-16 13:54:30.624 7 INFO neutron.db.ovn_revision_numbers_db [None req-2bc8f192-5210-4f1e-bcf1-ab8fb2d867cf ba30503d54bd4d1386eb20b40fb60182 9b608b65782544c9b79f56ad37d7269c - - default default] Successfully bumped revision number for resource c9db1cdd-fa4e-40db-8514-3f96e39fc118 (type: ports) to 1
2026-04-16 13:54:30.697 8 INFO neutron.plugins.ml2.drivers.ovn.mech_driver.mech_driver [None req-9fc07d74-fbf6-493d-92c4-bc9070a9e24e - - - - - -] OVN reports status down for port: e58e9085-f462-45ce-9f10-41b39946660d
2026-04-16 13:54:30.919 8 INFO neutron.plugins.ml2.drivers.ovn.mech_driver.mech_driver [None req-9fc07d74-fbf6-493d-92c4-bc9070a9e24e - - - - - -] OVN reports status down for port: 636f8a80-a951-4187-a923-d2fe039a8bf6
2026-04-16 13:54:30.961 8 INFO neutron_taas.services.taas.taas_plugin [None req-52e93246-4de4-4a45-9d19-5db44d73e469 ba30503d54bd4d1386eb20b40fb60182 9b608b65782544c9b79f56ad37d7269c - - default default] TaaS: Handle Delete Port: 5da40e75-ad59-4acc-8473-8d043abeab76
2026-04-16 13:54:30.978 8 INFO neutron_taas.services.taas.tap_mirror_plugin [None req-52e93246-4de4-4a45-9d19-5db44d73e469 ba30503d54bd4d1386eb20b40fb60182 9b608b65782544c9b79f56ad37d7269c - - default default] Tap Mirror: Handle Delete Port: 5da40e75-ad59-4acc-8473-8d043abeab76
2026-04-16 13:54:31.098 8 WARNING neutron.plugins.ml2.drivers.ovn.mech_driver.ovsdb.ovn_client [None req-9fc07d74-fbf6-493d-92c4-bc9070a9e24e - - - - - -] Logical_Switch_Port %s host information not removed, the port state is up
2026-04-16 13:54:31.098 8 INFO neutron.plugins.ml2.drivers.ovn.mech_driver.mech_driver [None req-9fc07d74-fbf6-493d-92c4-bc9070a9e24e - - - - - -] OVN reports status up for port: 636f8a80-a951-4187-a923-d2fe039a8bf6
2026-04-16 13:54:31.131 8 INFO neutron.plugins.ml2.plugin [None req-9fc07d74-fbf6-493d-92c4-bc9070a9e24e - - - - - -] Attempt 1 to provision port 636f8a80-a951-4187-a923-d2fe039a8bf6
2026-04-16 13:54:31.286 7 WARNING neutron.scheduler.dhcp_agent_scheduler [None req-2bc8f192-5210-4f1e-bcf1-ab8fb2d867cf ba30503d54bd4d1386eb20b40fb60182 9b608b65782544c9b79f56ad37d7269c - - default default] No more DHCP agents
2026-04-16 13:54:31.288 7 WARNING neutron.api.rpc.agentnotifiers.dhcp_rpc_agent_api [None req-2bc8f192-5210-4f1e-bcf1-ab8fb2d867cf ba30503d54bd4d1386eb20b40fb60182 9b608b65782544c9b79f56ad37d7269c - - default default] Unable to schedule network f3148ad6-546d-4776-80df-8042b6eee187: no agents available; will retry on subsequent port and subnet creation events.
2026-04-16 13:54:31.821 7 INFO neutron.db.ovn_revision_numbers_db [None req-2bc8f192-5210-4f1e-bcf1-ab8fb2d867cf ba30503d54bd4d1386eb20b40fb60182 9b608b65782544c9b79f56ad37d7269c - - default default] Successfully bumped revision number for resource c9db1cdd-fa4e-40db-8514-3f96e39fc118 (type: router_ports) to 1 [pid: 7|app: 0|req: 1006/1800] 10.0.0.133 () {34 vars in 783 bytes} [Thu Apr 16 13:54:29 2026] PUT /v2.0/routers/a889cb21-e62b-40c8-823a-49021c4a5bdc/add_router_interface => generated 309 bytes in 1860 msecs (HTTP/1.1 200) 4 headers in 157 bytes (1 switches on core 0) [pid: 7|app: 0|req: 1007/1801] 10.0.0.4 () {34 vars in 1038 bytes} [Thu Apr 16 13:54:31 2026] GET /v2.0/security-groups?id=50dff044-067d-4970-8ba9-27e516d6d094&fields=id&fields=name => generated 112 bytes in 29 msecs (HTTP/1.1 200) 4 headers in 157 bytes (1 switches on core 0)
2026-04-16 13:54:32.197 7 INFO neutron.db.ovn_revision_numbers_db [None req-f7bd97ab-5d86-43a0-ab15-1d76b1d3b1ff e72e8750b4834a05a045ea60f9c41183 94d1495ce96a40ba94280aea269bd442 - - default default] Successfully bumped revision number for resource c7c97611-d5a3-4454-bf82-6391f17e1129 (type: security_groups) to 1
2026-04-16 13:54:32.213 7 INFO neutron.db.ovn_revision_numbers_db [None req-f7bd97ab-5d86-43a0-ab15-1d76b1d3b1ff e72e8750b4834a05a045ea60f9c41183 94d1495ce96a40ba94280aea269bd442 - - default default] Successfully bumped revision number for resource 427043f4-4411-496c-a687-6ed9018cac1e (type: security_group_rules) to 0
2026-04-16 13:54:32.238 7 INFO neutron.db.ovn_revision_numbers_db [None req-f7bd97ab-5d86-43a0-ab15-1d76b1d3b1ff e72e8750b4834a05a045ea60f9c41183 94d1495ce96a40ba94280aea269bd442 - - default default] Successfully bumped revision number for resource 50a8c180-be04-45d3-abbd-9b2c53864b86 (type: security_group_rules) to 0
2026-04-16 13:54:32.262 7 INFO neutron.db.ovn_revision_numbers_db [None req-f7bd97ab-5d86-43a0-ab15-1d76b1d3b1ff e72e8750b4834a05a045ea60f9c41183 94d1495ce96a40ba94280aea269bd442 - - default default] Successfully bumped revision number for resource 920b0aa3-614b-4bdb-bd62-51e33afdd636 (type: security_group_rules) to 0
2026-04-16 13:54:32.304 7 INFO neutron.db.ovn_revision_numbers_db [None req-f7bd97ab-5d86-43a0-ab15-1d76b1d3b1ff e72e8750b4834a05a045ea60f9c41183 94d1495ce96a40ba94280aea269bd442 - - default default] Successfully bumped revision number for resource d21c93fe-f079-4070-82bb-a06c1571ef41 (type: security_group_rules) to 0
2026-04-16 13:54:32.313 8 INFO neutron.db.ovn_revision_numbers_db [None req-f0460046-49af-47d7-bb6e-6e1fbbd98c43 - - - - - -] Successfully bumped revision number for resource 636f8a80-a951-4187-a923-d2fe039a8bf6 (type: ports) to 4
2026-04-16 13:54:32.416 7 INFO neutron.db.segments_db [None req-f7bd97ab-5d86-43a0-ab15-1d76b1d3b1ff e72e8750b4834a05a045ea60f9c41183 94d1495ce96a40ba94280aea269bd442 - - default default] Added segment 4f1c22b9-287b-44dd-86d1-49f4ebd9114b of type geneve for network 35c25df4-e118-45fe-b699-fbfa3a8e9372 [pid: 8|app: 0|req: 795/1802] 10.0.0.133 () {32 vars in 724 bytes} [Thu Apr 16 13:54:30 2026] DELETE /v2.0/routers/ae28ff9a-f8e2-4b9e-8c62-fa3465697ef0 => generated 0 bytes in 2387 msecs (HTTP/1.1 204) 2 headers in 112 bytes (1 switches on core 0) /var/lib/openstack/lib/python3.12/site-packages/pycadf/identifier.py:70: UserWarning: Invalid uuid: neutron. To ensure interoperability, identifiers should be a valid uuid. warnings.warn(('Invalid uuid: %s. To ensure interoperability, '
2026-04-16 13:54:32.557 7 INFO neutron.db.ovn_revision_numbers_db [None req-f7bd97ab-5d86-43a0-ab15-1d76b1d3b1ff e72e8750b4834a05a045ea60f9c41183 94d1495ce96a40ba94280aea269bd442 - - default default] Successfully bumped revision number for resource 35c25df4-e118-45fe-b699-fbfa3a8e9372 (type: networks) to 1 [pid: 8|app: 0|req: 796/1803] 199.204.45.157 () {34 vars in 994 bytes} [Thu Apr 16 13:54:32 2026] GET /v2.0/ports?device_id=64718b8a-0c08-4949-9376-f456aafdc80b => generated 975 bytes in 197 msecs (HTTP/1.1 200) 4 headers in 157 bytes (1 switches on core 0)
2026-04-16 13:54:32.687 8 INFO neutron.db.ovn_revision_numbers_db [None req-9fc07d74-fbf6-493d-92c4-bc9070a9e24e - - - - - -] Successfully bumped revision number for resource 636f8a80-a951-4187-a923-d2fe039a8bf6 (type: ports) to 5
2026-04-16 13:54:32.728 7 WARNING neutron.scheduler.dhcp_agent_scheduler [None req-f7bd97ab-5d86-43a0-ab15-1d76b1d3b1ff e72e8750b4834a05a045ea60f9c41183 94d1495ce96a40ba94280aea269bd442 - - default default] No more DHCP agents
2026-04-16 13:54:32.730 7 WARNING neutron.api.rpc.agentnotifiers.dhcp_rpc_agent_api [None req-f7bd97ab-5d86-43a0-ab15-1d76b1d3b1ff e72e8750b4834a05a045ea60f9c41183 94d1495ce96a40ba94280aea269bd442 - - default default] Unable to schedule network 35c25df4-e118-45fe-b699-fbfa3a8e9372: no agents available; will retry on subsequent port and subnet creation events.
2026-04-16 13:54:32.832 7 INFO neutron.db.ovn_revision_numbers_db [None req-f7bd97ab-5d86-43a0-ab15-1d76b1d3b1ff e72e8750b4834a05a045ea60f9c41183 94d1495ce96a40ba94280aea269bd442 - - default default] Successfully bumped revision number for resource 80497b42-e881-48fd-b4cb-e6d4fb7c9f3c (type: ports) to 1 [pid: 7|app: 0|req: 1008/1804] 10.0.0.133 () {34 vars in 670 bytes} [Thu Apr 16 13:54:31 2026] POST /v2.0/networks => generated 651 bytes in 997 msecs (HTTP/1.1 201) 4 headers in 162 bytes (1 switches on core 0)
2026-04-16 13:54:32.911 8 INFO neutron.plugins.ml2.drivers.ovn.mech_driver.mech_driver [None req-b1c068e9-f1fd-4484-b64c-85f8996898ef - - - - - -] OVN reports status down for port: c9db1cdd-fa4e-40db-8514-3f96e39fc118
2026-04-16 13:54:32.938 8 INFO neutron.db.ovn_revision_numbers_db [None req-df2f27c4-f9c6-4372-a956-352d49d191bb 61e79d04e90d47548e5c3f0f95b1260a 3a4f51aa262344d1864993a90124f326 - - default default] Successfully bumped revision number for resource fe00b352-f406-43a3-9923-47c5f2a5b19a (type: security_groups) to 1
2026-04-16 13:54:32.953 8 INFO neutron.db.ovn_revision_numbers_db [None req-df2f27c4-f9c6-4372-a956-352d49d191bb 61e79d04e90d47548e5c3f0f95b1260a 3a4f51aa262344d1864993a90124f326 - - default default] Successfully bumped revision number for resource 79e992c1-4ff0-4898-b097-4492a421ff76 (type: security_group_rules) to 0
2026-04-16 13:54:32.965 8 INFO neutron.db.ovn_revision_numbers_db [None req-df2f27c4-f9c6-4372-a956-352d49d191bb 61e79d04e90d47548e5c3f0f95b1260a 3a4f51aa262344d1864993a90124f326 - - default default] Successfully bumped revision number for resource a3da1c75-1663-40f2-aef1-73b90f39d3b0 (type: security_group_rules) to 0
2026-04-16 13:54:33.018 8 WARNING neutron.plugins.ml2.drivers.ovn.mech_driver.ovsdb.ovn_client [None req-b1c068e9-f1fd-4484-b64c-85f8996898ef - - - - - -] Logical_Switch_Port %s host information not removed, the port state is up
2026-04-16 13:54:33.021 8 INFO neutron.plugins.ml2.drivers.ovn.mech_driver.mech_driver [None req-b1c068e9-f1fd-4484-b64c-85f8996898ef - - - - - -] OVN reports status down for port: 5d728227-5eb7-418c-9401-b6cb639ab206 [pid: 7|app: 0|req: 1009/1805] 10.0.0.133 () {32 vars in 724 bytes} [Thu Apr 16 13:54:32 2026] DELETE /v2.0/subnets/41b5e006-bf76-4b47-a01e-1cf1d1667cc5 => generated 0 bytes in 178 msecs (HTTP/1.1 204) 3 headers in 131 bytes (1 switches on core 0) [pid: 8|app: 0|req: 797/1806] 10.0.0.133 () {34 vars in 685 bytes} [Thu Apr 16 13:54:32 2026] POST /v2.0/security-groups => generated 1671 bytes in 404 msecs (HTTP/1.1 201) 4 headers in 163 bytes (1 switches on core 0)
2026-04-16 13:54:33.151 8 INFO neutron.db.segments_db [None req-a6392c28-d9fd-472e-b014-dc614e34590b e72e8750b4834a05a045ea60f9c41183 94d1495ce96a40ba94280aea269bd442 - - default default] Added segment f6fcac5a-b46c-4c38-a574-fab407993af8 of type geneve for network b26ab0e3-3f04-4e48-bc52-989327bb61f1
2026-04-16 13:54:33.180 8 INFO neutron.notifiers.nova [-] Nova event matching ['req-7bf0e34c-affa-48c6-8c5d-2b80cde61020'] response: {'server_uuid': '64718b8a-0c08-4949-9376-f456aafdc80b', 'name': 'network-vif-unplugged', 'status': 'completed', 'tag': '5d728227-5eb7-418c-9401-b6cb639ab206', 'code': 200}
2026-04-16 13:54:33.194 7 INFO neutron_taas.services.taas.taas_plugin [req-61d336fa-e247-4a71-b70a-2193e81bbc6b req-df8f4a9a-14aa-450e-b1ac-b878b0cfd03f 61c12aa697b24a9eac09bcef2f06dc91 80a2ed680963495b984c1b2261209772 - - default default] TaaS: Handle Delete Port: 5d728227-5eb7-418c-9401-b6cb639ab206
2026-04-16 13:54:33.197 7 INFO neutron_taas.services.taas.tap_mirror_plugin [req-61d336fa-e247-4a71-b70a-2193e81bbc6b req-df8f4a9a-14aa-450e-b1ac-b878b0cfd03f 61c12aa697b24a9eac09bcef2f06dc91 80a2ed680963495b984c1b2261209772 - - default default] Tap Mirror: Handle Delete Port: 5d728227-5eb7-418c-9401-b6cb639ab206
2026-04-16 13:54:33.388 8 INFO neutron.db.ovn_revision_numbers_db [None req-a6392c28-d9fd-472e-b014-dc614e34590b e72e8750b4834a05a045ea60f9c41183 94d1495ce96a40ba94280aea269bd442 - - default default] Successfully bumped revision number for resource b26ab0e3-3f04-4e48-bc52-989327bb61f1 (type: networks) to 1
2026-04-16 13:54:33.443 7 INFO neutron.db.l3_db [req-61d336fa-e247-4a71-b70a-2193e81bbc6b req-df8f4a9a-14aa-450e-b1ac-b878b0cfd03f 61c12aa697b24a9eac09bcef2f06dc91 80a2ed680963495b984c1b2261209772 - - default default] Floating IP 37b5ef74-10ca-49e9-90e3-9c1bf647236a disassociated. External IP: 10.96.250.214, port: 5d728227-5eb7-418c-9401-b6cb639ab206.
2026-04-16 13:54:33.501 8 INFO neutron.db.ovn_revision_numbers_db [None req-b1c068e9-f1fd-4484-b64c-85f8996898ef - - - - - -] Successfully bumped revision number for resource 5d728227-5eb7-418c-9401-b6cb639ab206 (type: ports) to 6 [pid: 7|app: 0|req: 1010/1807] 199.204.45.157 () {36 vars in 997 bytes} [Thu Apr 16 13:54:33 2026] DELETE /v2.0/ports/5d728227-5eb7-418c-9401-b6cb639ab206 => generated 0 bytes in 578 msecs (HTTP/1.1 204) 3 headers in 131 bytes (1 switches on core 0) [pid: 7|app: 0|req: 1011/1808] 10.0.0.4 () {34 vars in 988 bytes} [Thu Apr 16 13:54:33 2026] GET /v2.0/ports?device_id=64718b8a-0c08-4949-9376-f456aafdc80b => generated 12 bytes in 29 msecs (HTTP/1.1 200) 4 headers in 156 bytes (1 switches on core 0)
2026-04-16 13:54:33.653 7 INFO neutron.notifiers.nova [-] Nova event matching ['req-e8404bd3-3e97-43f8-9d16-22e0dc0a62a8'] response: {'server_uuid': '64718b8a-0c08-4949-9376-f456aafdc80b', 'name': 'network-vif-deleted', 'tag': '5d728227-5eb7-418c-9401-b6cb639ab206', 'status': 'completed', 'code': 200}
2026-04-16 13:54:33.685 8 ERROR ovsdbapp.backend.ovs_idl.command [None req-a96b5c8d-1e98-4b6a-a2d6-5377d046dc9b - - - - - -] Error executing command (LspGetUpCommand): ovsdbapp.backend.ovs_idl.idlutils.RowNotFound: Cannot find Logical_Switch_Port with name=5d728227-5eb7-418c-9401-b6cb639ab206
2026-04-16 13:54:33.685 8 ERROR ovsdbapp.backend.ovs_idl.command
Traceback (most recent call last):
2026-04-16 13:54:33.685 8 ERROR ovsdbapp.backend.ovs_idl.command
File "/var/lib/openstack/lib/python3.12/site-packages/ovsdbapp/backend/ovs_idl/command.py", line 47, in execute
2026-04-16 13:54:33.685 8 ERROR ovsdbapp.backend.ovs_idl.command self.run_idl(None)
2026-04-16 13:54:33.685 8 ERROR ovsdbapp.backend.ovs_idl.command
File "/var/lib/openstack/lib/python3.12/site-packages/ovsdbapp/schema/ovn_northbound/commands.py", line 681, in run_idl
2026-04-16 13:54:33.685 8 ERROR ovsdbapp.backend.ovs_idl.command lsp = self.api.lookup('Logical_Switch_Port', self.port)
2026-04-16 13:54:33.685 8 ERROR ovsdbapp.backend.ovs_idl.command ^^^^^^^^^^^^^^^^^^^^^^^^^^^^^^^^^^^^^^^^^^^^^^^^^
2026-04-16 13:54:33.685 8 ERROR ovsdbapp.backend.ovs_idl.command
File "/var/lib/openstack/lib/python3.12/site-packages/ovsdbapp/backend/ovs_idl/__init__.py", line 184, in lookup
2026-04-16 13:54:33.685 8 ERROR ovsdbapp.backend.ovs_idl.command return self._lookup(table, record)
2026-04-16 13:54:33.685 8 ERROR ovsdbapp.backend.ovs_idl.command ^^^^^^^^^^^^^^^^^^^^^^^^^^^
2026-04-16 13:54:33.685 8 ERROR ovsdbapp.backend.ovs_idl.command
File "/var/lib/openstack/lib/python3.12/site-packages/ovsdbapp/backend/ovs_idl/__init__.py", line 235, in _lookup
2026-04-16 13:54:33.685 8 ERROR ovsdbapp.backend.ovs_idl.command row = idlutils.row_by_value(self, rl.table, rl.column, record)
2026-04-16 13:54:33.685 8 ERROR ovsdbapp.backend.ovs_idl.command ^^^^^^^^^^^^^^^^^^^^^^^^^^^^^^^^^^^^^^^^^^^^^^^^^^^^^^^^
2026-04-16 13:54:33.685 8 ERROR ovsdbapp.backend.ovs_idl.command
File "/var/lib/openstack/lib/python3.12/site-packages/ovsdbapp/backend/ovs_idl/idlutils.py", line 114, in row_by_value
2026-04-16 13:54:33.685 8 ERROR ovsdbapp.backend.ovs_idl.command raise RowNotFound(table=table, col=column, match=match)
2026-04-16 13:54:33.685 8 ERROR ovsdbapp.backend.ovs_idl.command ovsdbapp.backend.ovs_idl.idlutils.RowNotFound: Cannot find Logical_Switch_Port with name=5d728227-5eb7-418c-9401-b6cb639ab206
2026-04-16 13:54:33.685 8 ERROR ovsdbapp.backend.ovs_idl.command
2026-04-16 13:54:33.689 8 WARNING neutron.scheduler.dhcp_agent_scheduler [None req-a6392c28-d9fd-472e-b014-dc614e34590b e72e8750b4834a05a045ea60f9c41183 94d1495ce96a40ba94280aea269bd442 - - default default] No more DHCP agents
2026-04-16 13:54:33.689 8 ERROR ovsdbapp.event [None req-a96b5c8d-1e98-4b6a-a2d6-5377d046dc9b - - - - - -] Unexpected exception in notify_loop: ovsdbapp.backend.ovs_idl.idlutils.RowNotFound: Cannot find Logical_Switch_Port with name=5d728227-5eb7-418c-9401-b6cb639ab206
2026-04-16 13:54:33.689 8 ERROR ovsdbapp.event
Traceback (most recent call last):
2026-04-16 13:54:33.689 8 ERROR ovsdbapp.event
File "/var/lib/openstack/lib/python3.12/site-packages/ovsdbapp/event.py", line 177, in notify_loop
2026-04-16 13:54:33.689 8 ERROR ovsdbapp.event match.run(event, row, updates)
2026-04-16 13:54:33.689 8 ERROR ovsdbapp.event
File "/var/lib/openstack/lib/python3.12/site-packages/neutron/plugins/ml2/drivers/ovn/mech_driver/ovsdb/ovsdb_monitor.py", line 567, in run
2026-04-16 13:54:33.689 8 ERROR ovsdbapp.event self.driver.set_port_status_down(row.name)
2026-04-16 13:54:33.689 8 ERROR ovsdbapp.event
File "/var/lib/openstack/lib/python3.12/site-packages/neutron/plugins/ml2/drivers/ovn/mech_driver/mech_driver.py", line 1379, in set_port_status_down
2026-04-16 13:54:33.689 8 ERROR ovsdbapp.event self._ovn_client.update_lsp_host_info(
2026-04-16 13:54:33.689 8 ERROR ovsdbapp.event
File "/var/lib/openstack/lib/python3.12/site-packages/neutron/plugins/ml2/drivers/ovn/mech_driver/ovsdb/ovn_client.py", line 305, in update_lsp_host_info
2026-04-16 13:54:33.689 8 ERROR ovsdbapp.event port_up = self._nb_idl.lsp_get_up(db_port.id).execute(
2026-04-16 13:54:33.689 8 ERROR ovsdbapp.event ^^^^^^^^^^^^^^^^^^^^^^^^^^^^^^^^^^^^^^^^^^^^
2026-04-16 13:54:33.689 8 ERROR ovsdbapp.event
File "/var/lib/openstack/lib/python3.12/site-packages/ovsdbapp/backend/ovs_idl/command.py", line 47, in execute
2026-04-16 13:54:33.689 8 ERROR ovsdbapp.event self.run_idl(None)
2026-04-16 13:54:33.689 8 ERROR ovsdbapp.event
File "/var/lib/openstack/lib/python3.12/site-packages/ovsdbapp/schema/ovn_northbound/commands.py", line 681, in run_idl
2026-04-16 13:54:33.689 8 ERROR ovsdbapp.event lsp = self.api.lookup('Logical_Switch_Port', self.port)
2026-04-16 13:54:33.689 8 ERROR ovsdbapp.event ^^^^^^^^^^^^^^^^^^^^^^^^^^^^^^^^^^^^^^^^^^^^^^^^^
2026-04-16 13:54:33.689 8 ERROR ovsdbapp.event
File "/var/lib/openstack/lib/python3.12/site-packages/ovsdbapp/backend/ovs_idl/__init__.py", line 184, in lookup
2026-04-16 13:54:33.689 8 ERROR ovsdbapp.event return self._lookup(table, record)
2026-04-16 13:54:33.689 8 ERROR ovsdbapp.event ^^^^^^^^^^^^^^^^^^^^^^^^^^^
2026-04-16 13:54:33.689 8 ERROR ovsdbapp.event
File "/var/lib/openstack/lib/python3.12/site-packages/ovsdbapp/backend/ovs_idl/__init__.py", line 235, in _lookup
2026-04-16 13:54:33.689 8 ERROR ovsdbapp.event row = idlutils.row_by_value(self, rl.table, rl.column, record)
2026-04-16 13:54:33.689 8 ERROR ovsdbapp.event ^^^^^^^^^^^^^^^^^^^^^^^^^^^^^^^^^^^^^^^^^^^^^^^^^^^^^^^^
2026-04-16 13:54:33.689 8 ERROR ovsdbapp.event
File "/var/lib/openstack/lib/python3.12/site-packages/ovsdbapp/backend/ovs_idl/idlutils.py", line 114, in row_by_value
2026-04-16 13:54:33.689 8 ERROR ovsdbapp.event raise RowNotFound(table=table, col=column, match=match)
2026-04-16 13:54:33.689 8 ERROR ovsdbapp.event ovsdbapp.backend.ovs_idl.idlutils.RowNotFound: Cannot find Logical_Switch_Port with name=5d728227-5eb7-418c-9401-b6cb639ab206
2026-04-16 13:54:33.689 8 ERROR ovsdbapp.event
2026-04-16 13:54:33.691 8 INFO neutron.plugins.ml2.drivers.ovn.mech_driver.mech_driver [None req-a96b5c8d-1e98-4b6a-a2d6-5377d046dc9b - - - - - -] OVN reports status up for port: c9db1cdd-fa4e-40db-8514-3f96e39fc118
2026-04-16 13:54:33.693 8 WARNING neutron.api.rpc.agentnotifiers.dhcp_rpc_agent_api [None req-a6392c28-d9fd-472e-b014-dc614e34590b e72e8750b4834a05a045ea60f9c41183 94d1495ce96a40ba94280aea269bd442 - - default default] Unable to schedule network b26ab0e3-3f04-4e48-bc52-989327bb61f1: no agents available; will retry on subsequent port and subnet creation events.
2026-04-16 13:54:33.710 8 INFO neutron.plugins.ml2.plugin [None req-a96b5c8d-1e98-4b6a-a2d6-5377d046dc9b - - - - - -] Attempt 1 to provision port c9db1cdd-fa4e-40db-8514-3f96e39fc118
2026-04-16 13:54:33.814 7 INFO neutron_taas.services.taas.taas_plugin [None req-a3693f6e-69dd-4989-95e8-4b68e053e56e ba30503d54bd4d1386eb20b40fb60182 9b608b65782544c9b79f56ad37d7269c - - default default] TaaS: Handle Delete Port: dcb605b4-b9e2-4a29-a2da-bff7fa1f5f50
2026-04-16 13:54:33.817 7 INFO neutron_taas.services.taas.tap_mirror_plugin [None req-a3693f6e-69dd-4989-95e8-4b68e053e56e ba30503d54bd4d1386eb20b40fb60182 9b608b65782544c9b79f56ad37d7269c - - default default] Tap Mirror: Handle Delete Port: dcb605b4-b9e2-4a29-a2da-bff7fa1f5f50
2026-04-16 13:54:33.903 8 INFO neutron.db.ovn_revision_numbers_db [None req-a6392c28-d9fd-472e-b014-dc614e34590b e72e8750b4834a05a045ea60f9c41183 94d1495ce96a40ba94280aea269bd442 - - default default] Successfully bumped revision number for resource 4570dfec-9eac-4b53-87fe-0ebf8da5c97b (type: ports) to 1
2026-04-16 13:54:34.008 7 INFO neutron.services.segments.plugin [-] Segment 886354a5-dca2-4806-82ee-9ce0ba37ca68 resource provider aggregate not found
2026-04-16 13:54:34.013 7 INFO neutron.services.segments.plugin [-] Segment 886354a5-dca2-4806-82ee-9ce0ba37ca68 resource provider aggregate not found
2026-04-16 13:54:34.027 7 INFO neutron.services.segments.plugin [-] Segment 886354a5-dca2-4806-82ee-9ce0ba37ca68 resource provider not found; error: Placement Client Error (4xx): {"errors": [{"status": 404, "title": "Not Found", "detail": "The resource could not be found.\n\n No resource provider with uuid 886354a5-dca2-4806-82ee-9ce0ba37ca68 found for delete ", "request_id": "req-401b4db6-b890-46b0-a8ce-39a92d3d003e"}]}
2026-04-16 13:54:34.035 7 INFO neutron.services.segments.plugin [-] Segment 886354a5-dca2-4806-82ee-9ce0ba37ca68 resource provider not found; error: Placement Client Error (4xx): {"errors": [{"status": 404, "title": "Not Found", "detail": "The resource could not be found.\n\n No resource provider with uuid 886354a5-dca2-4806-82ee-9ce0ba37ca68 found for delete ", "request_id": "req-3ae78b66-a1e0-4e48-af49-1148d56f2cda"}]} [pid: 7|app: 0|req: 1012/1809] 10.0.0.133 () {32 vars in 726 bytes} [Thu Apr 16 13:54:33 2026] DELETE /v2.0/networks/d5c676bb-2420-4d6d-ae8a-e882290b8a8d => generated 0 bytes in 428 msecs (HTTP/1.1 204) 3 headers in 131 bytes (1 switches on core 0)
