2026-04-16 13:52:48.774 7 INFO neutron.services.segments.plugin [-] Segment b984c251-6688-4c62-9e76-c8ca78486e25 resource provider not found; error: Placement Client Error (4xx): {"errors": [{"status": 404, "title": "Not Found", "detail": "The resource could not be found.\n\n No resource provider with uuid b984c251-6688-4c62-9e76-c8ca78486e25 found for delete ", "request_id": "req-a7ada4f9-ce9d-472e-9c21-8231606fc312"}]}
2026-04-16 13:52:48.795 7 INFO neutron.services.segments.plugin [-] Segment b984c251-6688-4c62-9e76-c8ca78486e25 resource provider not found; error: Placement Client Error (4xx): {"errors": [{"status": 404, "title": "Not Found", "detail": "The resource could not be found.\n\n No resource provider with uuid b984c251-6688-4c62-9e76-c8ca78486e25 found for delete ", "request_id": "req-d803627e-70d2-4b66-932b-70ce0077f747"}]}
2026-04-16 13:52:48.811 8 WARNING neutron.scheduler.dhcp_agent_scheduler [None req-878c0db8-ee04-4210-8ffd-a30f08528b37 a016be54b9bf4fdbaf751202cda4b6d0 838ba76f3999442098174025b372273a - - default default] No more DHCP agents
2026-04-16 13:52:48.812 8 WARNING neutron.api.rpc.agentnotifiers.dhcp_rpc_agent_api [None req-878c0db8-ee04-4210-8ffd-a30f08528b37 a016be54b9bf4fdbaf751202cda4b6d0 838ba76f3999442098174025b372273a - - default default] Unable to schedule network 1d66d5db-3578-4048-8a7b-a53ceefc5e5b: no agents available; will retry on subsequent port and subnet creation events.
2026-04-16 13:52:48.905 8 INFO neutron.plugins.ml2.drivers.ovn.mech_driver.mech_driver [None req-6f10826b-31d1-4850-ab0a-56dd7794c4cb - - - - - -] OVN reports status down for port: 00ebd8ff-a92a-41e2-b081-e59c27a8ee1f
2026-04-16 13:52:48.982 8 INFO neutron.db.ovn_revision_numbers_db [None req-878c0db8-ee04-4210-8ffd-a30f08528b37 a016be54b9bf4fdbaf751202cda4b6d0 838ba76f3999442098174025b372273a - - default default] Successfully bumped revision number for resource 00ebd8ff-a92a-41e2-b081-e59c27a8ee1f (type: ports) to 1 [pid: 8|app: 0|req: 466/1031] 10.0.0.133 () {34 vars in 670 bytes} [Thu Apr 16 13:52:48 2026] POST /v2.0/networks => generated 668 bytes in 650 msecs (HTTP/1.1 201) 4 headers in 162 bytes (1 switches on core 0) [pid: 7|app: 0|req: 566/1032] 10.0.0.133 () {32 vars in 740 bytes} [Thu Apr 16 13:52:48 2026] DELETE /v2.0/security-groups/703c8392-9a22-4c4e-b9fb-ec01fb89bdce => generated 0 bytes in 389 msecs (HTTP/1.1 204) 2 headers in 112 bytes (1 switches on core 0)
2026-04-16 13:52:49.457 8 WARNING neutron.scheduler.dhcp_agent_scheduler [None req-565f0133-3990-4af2-beeb-cc99d7451ae1 a016be54b9bf4fdbaf751202cda4b6d0 838ba76f3999442098174025b372273a - - default default] No more DHCP agents
2026-04-16 13:52:49.458 8 WARNING neutron.api.rpc.agentnotifiers.dhcp_rpc_agent_api [None req-565f0133-3990-4af2-beeb-cc99d7451ae1 a016be54b9bf4fdbaf751202cda4b6d0 838ba76f3999442098174025b372273a - - default default] Unable to schedule network dbffec3d-a335-4abc-a07e-9589f8ef3830: no agents available; will retry on subsequent port and subnet creation events.
2026-04-16 13:52:49.541 8 INFO neutron.plugins.ml2.drivers.ovn.mech_driver.mech_driver [None req-6f10826b-31d1-4850-ab0a-56dd7794c4cb - - - - - -] OVN reports status down for port: fa2163d1-9c16-4361-a27f-ee0b925d4df1
2026-04-16 13:52:49.640 8 INFO neutron.db.ovn_revision_numbers_db [None req-565f0133-3990-4af2-beeb-cc99d7451ae1 a016be54b9bf4fdbaf751202cda4b6d0 838ba76f3999442098174025b372273a - - default default] Successfully bumped revision number for resource fa2163d1-9c16-4361-a27f-ee0b925d4df1 (type: ports) to 1
2026-04-16 13:52:49.715 8 WARNING neutron.scheduler.dhcp_agent_scheduler [None req-565f0133-3990-4af2-beeb-cc99d7451ae1 a016be54b9bf4fdbaf751202cda4b6d0 838ba76f3999442098174025b372273a - - default default] No more DHCP agents
2026-04-16 13:52:49.716 8 WARNING neutron.api.rpc.agentnotifiers.dhcp_rpc_agent_api [None req-565f0133-3990-4af2-beeb-cc99d7451ae1 a016be54b9bf4fdbaf751202cda4b6d0 838ba76f3999442098174025b372273a - - default default] Unable to schedule network 1d66d5db-3578-4048-8a7b-a53ceefc5e5b: no agents available; will retry on subsequent port and subnet creation events.
2026-04-16 13:52:49.812 8 INFO neutron.plugins.ml2.drivers.ovn.mech_driver.mech_driver [None req-6f10826b-31d1-4850-ab0a-56dd7794c4cb - - - - - -] OVN reports status down for port: b276c5d9-e2eb-439f-b9d4-a6eda582991e [pid: 7|app: 0|req: 567/1033] 10.0.0.4 () {34 vars in 988 bytes} [Thu Apr 16 13:52:49 2026] GET /v2.0/ports?device_id=42523008-cf17-4e90-ab5b-05e94c27086e => generated 12 bytes in 22 msecs (HTTP/1.1 200) 4 headers in 156 bytes (1 switches on core 0)
2026-04-16 13:52:49.899 8 INFO neutron.db.ovn_revision_numbers_db [None req-565f0133-3990-4af2-beeb-cc99d7451ae1 a016be54b9bf4fdbaf751202cda4b6d0 838ba76f3999442098174025b372273a - - default default] Successfully bumped revision number for resource b276c5d9-e2eb-439f-b9d4-a6eda582991e (type: ports) to 1 [pid: 8|app: 0|req: 467/1034] 10.0.0.133 () {34 vars in 665 bytes} [Thu Apr 16 13:52:49 2026] POST /v2.0/ports => generated 1506 bytes in 950 msecs (HTTP/1.1 201) 4 headers in 163 bytes (1 switches on core 0) [pid: 7|app: 0|req: 568/1035] 10.0.0.133 () {32 vars in 643 bytes} [Thu Apr 16 13:52:50 2026] GET /v2.0/ports => generated 3018 bytes in 128 msecs (HTTP/1.1 200) 4 headers in 158 bytes (1 switches on core 0) /var/lib/openstack/lib/python3.12/site-packages/pycadf/identifier.py:70: UserWarning: Invalid uuid: neutron. To ensure interoperability, identifiers should be a valid uuid. warnings.warn(('Invalid uuid: %s. To ensure interoperability, '
2026-04-16 13:52:50.265 8 INFO neutron_taas.services.taas.taas_plugin [None req-ff69b61d-546b-4f3b-bfbf-a993aebaa48f a016be54b9bf4fdbaf751202cda4b6d0 838ba76f3999442098174025b372273a - - default default] TaaS: Handle Delete Port: fa2163d1-9c16-4361-a27f-ee0b925d4df1
2026-04-16 13:52:50.269 8 INFO neutron_taas.services.taas.tap_mirror_plugin [None req-ff69b61d-546b-4f3b-bfbf-a993aebaa48f a016be54b9bf4fdbaf751202cda4b6d0 838ba76f3999442098174025b372273a - - default default] Tap Mirror: Handle Delete Port: fa2163d1-9c16-4361-a27f-ee0b925d4df1 [pid: 8|app: 0|req: 468/1036] 10.0.0.133 () {32 vars in 720 bytes} [Thu Apr 16 13:52:50 2026] DELETE /v2.0/ports/fa2163d1-9c16-4361-a27f-ee0b925d4df1 => generated 0 bytes in 262 msecs (HTTP/1.1 204) 3 headers in 131 bytes (1 switches on core 0)
2026-04-16 13:52:50.534 7 INFO neutron_taas.services.taas.taas_plugin [None req-f4e4a2a6-4449-4697-84cc-a92e7a3b58ad a016be54b9bf4fdbaf751202cda4b6d0 838ba76f3999442098174025b372273a - - default default] TaaS: Handle Delete Port: b276c5d9-e2eb-439f-b9d4-a6eda582991e
2026-04-16 13:52:50.537 7 INFO neutron_taas.services.taas.tap_mirror_plugin [None req-f4e4a2a6-4449-4697-84cc-a92e7a3b58ad a016be54b9bf4fdbaf751202cda4b6d0 838ba76f3999442098174025b372273a - - default default] Tap Mirror: Handle Delete Port: b276c5d9-e2eb-439f-b9d4-a6eda582991e [pid: 7|app: 0|req: 569/1037] 10.0.0.133 () {32 vars in 720 bytes} [Thu Apr 16 13:52:50 2026] DELETE /v2.0/ports/b276c5d9-e2eb-439f-b9d4-a6eda582991e => generated 0 bytes in 254 msecs (HTTP/1.1 204) 3 headers in 131 bytes (1 switches on core 0) [pid: 8|app: 0|req: 469/1038] 10.0.0.133 () {32 vars in 643 bytes} [Thu Apr 16 13:52:50 2026] GET /v2.0/ports => generated 1523 bytes in 39 msecs (HTTP/1.1 200) 4 headers in 158 bytes (1 switches on core 0)
2026-04-16 13:52:50.806 7 INFO neutron.db.segments_db [None req-f4a92cfe-ca68-4fb8-9320-6916c4781bef a016be54b9bf4fdbaf751202cda4b6d0 838ba76f3999442098174025b372273a - - default default] Added segment 4e0d932c-7d0a-4256-a969-75aa5b19d2a1 of type geneve for network 555c24d5-62e8-44de-ac2e-04f5238f7225
2026-04-16 13:52:50.915 7 INFO neutron.db.ovn_revision_numbers_db [None req-f4a92cfe-ca68-4fb8-9320-6916c4781bef a016be54b9bf4fdbaf751202cda4b6d0 838ba76f3999442098174025b372273a - - default default] Successfully bumped revision number for resource 555c24d5-62e8-44de-ac2e-04f5238f7225 (type: networks) to 1
2026-04-16 13:52:51.135 7 WARNING neutron.scheduler.dhcp_agent_scheduler [None req-f4a92cfe-ca68-4fb8-9320-6916c4781bef a016be54b9bf4fdbaf751202cda4b6d0 838ba76f3999442098174025b372273a - - default default] No more DHCP agents
2026-04-16 13:52:51.138 7 WARNING neutron.api.rpc.agentnotifiers.dhcp_rpc_agent_api [None req-f4a92cfe-ca68-4fb8-9320-6916c4781bef a016be54b9bf4fdbaf751202cda4b6d0 838ba76f3999442098174025b372273a - - default default] Unable to schedule network 555c24d5-62e8-44de-ac2e-04f5238f7225: no agents available; will retry on subsequent port and subnet creation events. [pid: 8|app: 0|req: 470/1039] 10.0.0.133 () {32 vars in 740 bytes} [Thu Apr 16 13:52:50 2026] DELETE /v2.0/security-groups/21e1ec3a-7509-4c15-9bcd-1baefd803dfd => generated 0 bytes in 229 msecs (HTTP/1.1 204) 2 headers in 112 bytes (1 switches on core 0)
2026-04-16 13:52:51.154 8 INFO neutron.api.v2.resource [None req-c98449a9-ea86-470b-ad8c-1a91003264a0 fadf195c55874a9eb03444d5e3740d28 43dda2dabe4b41b1904eaced2160df5d - - default default] show failed (client error): The resource could not be found. [pid: 8|app: 0|req: 471/1040] 10.0.0.133 () {32 vars in 737 bytes} [Thu Apr 16 13:52:51 2026] GET /v2.0/security-groups/21e1ec3a-7509-4c15-9bcd-1baefd803dfd => generated 146 bytes in 8 msecs (HTTP/1.1 404) 4 headers in 164 bytes (1 switches on core 0)
2026-04-16 13:52:51.250 8 INFO neutron.plugins.ml2.drivers.ovn.mech_driver.mech_driver [None req-6f10826b-31d1-4850-ab0a-56dd7794c4cb - - - - - -] OVN reports status down for port: bae638c5-d4f8-4ec0-9ab1-e46f19c4dc11
2026-04-16 13:52:51.254 7 INFO neutron.db.ovn_revision_numbers_db [None req-f4a92cfe-ca68-4fb8-9320-6916c4781bef a016be54b9bf4fdbaf751202cda4b6d0 838ba76f3999442098174025b372273a - - default default] Successfully bumped revision number for resource bae638c5-d4f8-4ec0-9ab1-e46f19c4dc11 (type: ports) to 1 [pid: 7|app: 0|req: 570/1041] 10.0.0.133 () {34 vars in 670 bytes} [Thu Apr 16 13:52:50 2026] POST /v2.0/networks => generated 668 bytes in 550 msecs (HTTP/1.1 201) 4 headers in 162 bytes (1 switches on core 0)
2026-04-16 13:52:51.374 7 INFO neutron.db.segments_db [None req-0fdc92c5-938b-4d3f-bc26-eea48841c472 a016be54b9bf4fdbaf751202cda4b6d0 838ba76f3999442098174025b372273a - - default default] Added segment 7a805e02-70c0-444e-8ca2-3293314c86ae of type geneve for network d3b2fd15-fdb7-49e4-b321-5ed289c4cf0c
2026-04-16 13:52:51.391 8 INFO neutron_taas.services.taas.taas_plugin [None req-0a91def0-a443-454a-83f3-d7fd26ded705 fadf195c55874a9eb03444d5e3740d28 43dda2dabe4b41b1904eaced2160df5d - - default default] TaaS: Handle Delete Port: d9ae839f-8473-4398-a0c0-89316cd35ecf
2026-04-16 13:52:51.395 8 INFO neutron_taas.services.taas.tap_mirror_plugin [None req-0a91def0-a443-454a-83f3-d7fd26ded705 fadf195c55874a9eb03444d5e3740d28 43dda2dabe4b41b1904eaced2160df5d - - default default] Tap Mirror: Handle Delete Port: d9ae839f-8473-4398-a0c0-89316cd35ecf
2026-04-16 13:52:51.506 7 INFO neutron.db.ovn_revision_numbers_db [None req-0fdc92c5-938b-4d3f-bc26-eea48841c472 a016be54b9bf4fdbaf751202cda4b6d0 838ba76f3999442098174025b372273a - - default default] Successfully bumped revision number for resource d3b2fd15-fdb7-49e4-b321-5ed289c4cf0c (type: networks) to 1 [pid: 8|app: 0|req: 472/1042] 10.0.0.133 () {32 vars in 732 bytes} [Thu Apr 16 13:52:51 2026] DELETE /v2.0/floatingips/8df894e2-bcfb-4c4a-93de-303e8c0e0bac => generated 0 bytes in 407 msecs (HTTP/1.1 204) 2 headers in 112 bytes (1 switches on core 0)
2026-04-16 13:52:51.661 7 WARNING neutron.scheduler.dhcp_agent_scheduler [None req-0fdc92c5-938b-4d3f-bc26-eea48841c472 a016be54b9bf4fdbaf751202cda4b6d0 838ba76f3999442098174025b372273a - - default default] No more DHCP agents
2026-04-16 13:52:51.663 7 WARNING neutron.api.rpc.agentnotifiers.dhcp_rpc_agent_api [None req-0fdc92c5-938b-4d3f-bc26-eea48841c472 a016be54b9bf4fdbaf751202cda4b6d0 838ba76f3999442098174025b372273a - - default default] Unable to schedule network d3b2fd15-fdb7-49e4-b321-5ed289c4cf0c: no agents available; will retry on subsequent port and subnet creation events.
2026-04-16 13:52:51.774 8 INFO neutron.plugins.ml2.drivers.ovn.mech_driver.mech_driver [None req-6f10826b-31d1-4850-ab0a-56dd7794c4cb - - - - - -] OVN reports status down for port: f899af5d-48fa-4123-b79c-251c3957c199
2026-04-16 13:52:51.780 7 INFO neutron.db.ovn_revision_numbers_db [None req-0fdc92c5-938b-4d3f-bc26-eea48841c472 a016be54b9bf4fdbaf751202cda4b6d0 838ba76f3999442098174025b372273a - - default default] Successfully bumped revision number for resource f899af5d-48fa-4123-b79c-251c3957c199 (type: ports) to 1 [pid: 7|app: 0|req: 571/1043] 10.0.0.133 () {34 vars in 670 bytes} [Thu Apr 16 13:52:51 2026] POST /v2.0/networks => generated 668 bytes in 520 msecs (HTTP/1.1 201) 4 headers in 162 bytes (1 switches on core 0)
2026-04-16 13:52:51.934 8 INFO neutron_taas.services.taas.taas_plugin [None req-1b98e083-4d13-4335-b50c-f779dfc6d8e6 ba30503d54bd4d1386eb20b40fb60182 9b608b65782544c9b79f56ad37d7269c - - default default] TaaS: Handle Delete Port: 563cc6aa-1de6-4bf6-8e13-518244ff6094
2026-04-16 13:52:51.937 8 INFO neutron_taas.services.taas.tap_mirror_plugin [None req-1b98e083-4d13-4335-b50c-f779dfc6d8e6 ba30503d54bd4d1386eb20b40fb60182 9b608b65782544c9b79f56ad37d7269c - - default default] Tap Mirror: Handle Delete Port: 563cc6aa-1de6-4bf6-8e13-518244ff6094
2026-04-16 13:52:52.106 7 INFO neutron.db.ovn_revision_numbers_db [None req-c888ee46-b768-4db4-86bd-dd2d29a69fe7 ba30503d54bd4d1386eb20b40fb60182 9b608b65782544c9b79f56ad37d7269c - - default default] Successfully bumped revision number for resource d618b37b-9dad-4cdb-b8c3-ca38cce03705 (type: security_groups) to 1
2026-04-16 13:52:52.117 7 INFO neutron.db.ovn_revision_numbers_db [None req-c888ee46-b768-4db4-86bd-dd2d29a69fe7 ba30503d54bd4d1386eb20b40fb60182 9b608b65782544c9b79f56ad37d7269c - - default default] Successfully bumped revision number for resource 52fb4553-cf4a-4d29-8a83-6fb88b0606af (type: security_group_rules) to 0
2026-04-16 13:52:52.128 7 INFO neutron.db.ovn_revision_numbers_db [None req-c888ee46-b768-4db4-86bd-dd2d29a69fe7 ba30503d54bd4d1386eb20b40fb60182 9b608b65782544c9b79f56ad37d7269c - - default default] Successfully bumped revision number for resource 70c20492-b506-4399-a0aa-0c9b5510b80f (type: security_group_rules) to 0
2026-04-16 13:52:52.138 7 INFO neutron.db.ovn_revision_numbers_db [None req-c888ee46-b768-4db4-86bd-dd2d29a69fe7 ba30503d54bd4d1386eb20b40fb60182 9b608b65782544c9b79f56ad37d7269c - - default default] Successfully bumped revision number for resource 8334db6a-1c80-4483-83e5-dc72ba297cfe (type: security_group_rules) to 0
2026-04-16 13:52:52.164 7 INFO neutron.db.ovn_revision_numbers_db [None req-c888ee46-b768-4db4-86bd-dd2d29a69fe7 ba30503d54bd4d1386eb20b40fb60182 9b608b65782544c9b79f56ad37d7269c - - default default] Successfully bumped revision number for resource eedc850a-f787-49dd-8529-ccebb70d55ae (type: security_group_rules) to 0 [pid: 7|app: 0|req: 572/1044] 10.0.0.133 () {32 vars in 774 bytes} [Thu Apr 16 13:52:51 2026] GET /v2.0/security-groups?tenant_id=5139ddd397b048a796c8a05c24b88216&name=default => generated 2925 bytes in 482 msecs (HTTP/1.1 200) 4 headers in 158 bytes (1 switches on core 0)
2026-04-16 13:52:52.599 7 WARNING neutron.scheduler.dhcp_agent_scheduler [None req-cfb6795b-c038-474d-ab78-5f3d61cf2316 a016be54b9bf4fdbaf751202cda4b6d0 838ba76f3999442098174025b372273a - - default default] No more DHCP agents
2026-04-16 13:52:52.600 7 WARNING neutron.api.rpc.agentnotifiers.dhcp_rpc_agent_api [None req-cfb6795b-c038-474d-ab78-5f3d61cf2316 a016be54b9bf4fdbaf751202cda4b6d0 838ba76f3999442098174025b372273a - - default default] Unable to schedule network 555c24d5-62e8-44de-ac2e-04f5238f7225: no agents available; will retry on subsequent port and subnet creation events. [pid: 8|app: 0|req: 473/1045] 10.0.0.133 () {34 vars in 789 bytes} [Thu Apr 16 13:52:51 2026] PUT /v2.0/routers/46aa6941-1869-4e9c-8873-7d093ae8dda3/remove_router_interface => generated 309 bytes in 1154 msecs (HTTP/1.1 200) 4 headers in 157 bytes (1 switches on core 0) /var/lib/openstack/lib/python3.12/site-packages/pycadf/identifier.py:70: UserWarning: Invalid uuid: neutron. To ensure interoperability, identifiers should be a valid uuid. warnings.warn(('Invalid uuid: %s. To ensure interoperability, ' [pid: 8|app: 0|req: 474/1046] 10.0.0.133 () {32 vars in 740 bytes} [Thu Apr 16 13:52:52 2026] DELETE /v2.0/security-groups/d618b37b-9dad-4cdb-b8c3-ca38cce03705 => generated 0 bytes in 292 msecs (HTTP/1.1 204) 2 headers in 112 bytes (1 switches on core 0)
2026-04-16 13:52:53.174 7 INFO neutron.db.ovn_revision_numbers_db [None req-d6fc1d1b-dbb2-4ca3-9419-90c85b5ca9f8 - - - - - -] Successfully bumped revision number for resource bae638c5-d4f8-4ec0-9ab1-e46f19c4dc11 (type: ports) to 2
2026-04-16 13:52:53.216 7 INFO neutron.db.ovn_revision_numbers_db [None req-d6fc1d1b-dbb2-4ca3-9419-90c85b5ca9f8 - - - - - -] Successfully bumped revision number for resource 6bc4d200-ff1a-429a-92b2-147d9b30091c (type: subnets) to 0
2026-04-16 13:52:53.261 7 WARNING neutron.scheduler.dhcp_agent_scheduler [None req-cfb6795b-c038-474d-ab78-5f3d61cf2316 a016be54b9bf4fdbaf751202cda4b6d0 838ba76f3999442098174025b372273a - - default default] No more DHCP agents
2026-04-16 13:52:53.263 7 WARNING neutron.api.rpc.agentnotifiers.dhcp_rpc_agent_api [None req-cfb6795b-c038-474d-ab78-5f3d61cf2316 a016be54b9bf4fdbaf751202cda4b6d0 838ba76f3999442098174025b372273a - - default default] Unable to schedule network d3b2fd15-fdb7-49e4-b321-5ed289c4cf0c: no agents available; will retry on subsequent port and subnet creation events.
2026-04-16 13:52:53.408 8 INFO neutron_taas.services.taas.taas_plugin [None req-b2fcee0a-31df-4d62-92cc-c32beddb90e6 ba30503d54bd4d1386eb20b40fb60182 9b608b65782544c9b79f56ad37d7269c - - default default] TaaS: Handle Delete Port: 3c714c12-1f94-4f67-838e-229869da797a
2026-04-16 13:52:53.412 8 INFO neutron_taas.services.taas.tap_mirror_plugin [None req-b2fcee0a-31df-4d62-92cc-c32beddb90e6 ba30503d54bd4d1386eb20b40fb60182 9b608b65782544c9b79f56ad37d7269c - - default default] Tap Mirror: Handle Delete Port: 3c714c12-1f94-4f67-838e-229869da797a
2026-04-16 13:52:53.824 7 INFO neutron.db.ovn_revision_numbers_db [None req-952582e6-3842-486b-b73b-c002d4061da7 - - - - - -] Successfully bumped revision number for resource f899af5d-48fa-4123-b79c-251c3957c199 (type: ports) to 2
2026-04-16 13:52:53.888 7 INFO neutron.db.ovn_revision_numbers_db [None req-952582e6-3842-486b-b73b-c002d4061da7 - - - - - -] Successfully bumped revision number for resource d5f73262-a322-4396-9861-070c897888c5 (type: subnets) to 0 [pid: 7|app: 0|req: 573/1047] 10.0.0.133 () {34 vars in 669 bytes} [Thu Apr 16 13:52:52 2026] POST /v2.0/subnets => generated 1273 bytes in 1631 msecs (HTTP/1.1 201) 4 headers in 163 bytes (1 switches on core 0) [pid: 8|app: 0|req: 475/1048] 10.0.0.133 () {32 vars in 724 bytes} [Thu Apr 16 13:52:53 2026] DELETE /v2.0/routers/46aa6941-1869-4e9c-8873-7d093ae8dda3 => generated 0 bytes in 924 msecs (HTTP/1.1 204) 2 headers in 112 bytes (1 switches on core 0) [pid: 7|app: 0|req: 574/1049] 10.0.0.133 () {32 vars in 647 bytes} [Thu Apr 16 13:52:53 2026] GET /v2.0/subnets => generated 1909 bytes in 78 msecs (HTTP/1.1 200) 4 headers in 158 bytes (1 switches on core 0) [pid: 8|app: 0|req: 476/1050] 10.0.0.133 () {32 vars in 724 bytes} [Thu Apr 16 13:52:53 2026] DELETE /v2.0/subnets/029afe45-fecd-4229-95ca-bf2774a0869e => generated 0 bytes in 139 msecs (HTTP/1.1 204) 3 headers in 131 bytes (1 switches on core 0)
2026-04-16 13:52:54.220 8 INFO neutron_taas.services.taas.taas_plugin [None req-67f0e626-e14b-42aa-bafb-4bd3ec42fa82 ba30503d54bd4d1386eb20b40fb60182 9b608b65782544c9b79f56ad37d7269c - - default default] TaaS: Handle Delete Port: da0019fc-331e-45af-ac14-366a17eff6fc
2026-04-16 13:52:54.223 8 INFO neutron_taas.services.taas.tap_mirror_plugin [None req-67f0e626-e14b-42aa-bafb-4bd3ec42fa82 ba30503d54bd4d1386eb20b40fb60182 9b608b65782544c9b79f56ad37d7269c - - default default] Tap Mirror: Handle Delete Port: da0019fc-331e-45af-ac14-366a17eff6fc [pid: 7|app: 0|req: 575/1051] 10.0.0.133 () {32 vars in 724 bytes} [Thu Apr 16 13:52:54 2026] DELETE /v2.0/subnets/6bc4d200-ff1a-429a-92b2-147d9b30091c => generated 0 bytes in 242 msecs (HTTP/1.1 204) 3 headers in 131 bytes (1 switches on core 0)
2026-04-16 13:52:54.420 8 INFO neutron.services.segments.plugin [-] Segment 0d8a08ba-97c7-406c-942f-a1c231493b24 resource provider aggregate not found
2026-04-16 13:52:54.427 8 INFO neutron.services.segments.plugin [-] Segment 0d8a08ba-97c7-406c-942f-a1c231493b24 resource provider aggregate not found
2026-04-16 13:52:54.448 8 INFO neutron.services.segments.plugin [-] Segment 0d8a08ba-97c7-406c-942f-a1c231493b24 resource provider not found; error: Placement Client Error (4xx): {"errors": [{"status": 404, "title": "Not Found", "detail": "The resource could not be found.\n\n No resource provider with uuid 0d8a08ba-97c7-406c-942f-a1c231493b24 found for delete ", "request_id": "req-9f64fa80-c2b0-4ebf-8312-a3acc5d62283"}]}
2026-04-16 13:52:54.455 8 INFO neutron.services.segments.plugin [-] Segment 0d8a08ba-97c7-406c-942f-a1c231493b24 resource provider not found; error: Placement Client Error (4xx): {"errors": [{"status": 404, "title": "Not Found", "detail": "The resource could not be found.\n\n No resource provider with uuid 0d8a08ba-97c7-406c-942f-a1c231493b24 found for delete ", "request_id": "req-05cfd180-424f-4c39-bf76-0e08acbd7ecd"}]} [pid: 7|app: 0|req: 576/1052] 10.0.0.133 () {32 vars in 724 bytes} [Thu Apr 16 13:52:54 2026] DELETE /v2.0/subnets/d5f73262-a322-4396-9861-070c897888c5 => generated 0 bytes in 254 msecs (HTTP/1.1 204) 3 headers in 131 bytes (1 switches on core 0) [pid: 8|app: 0|req: 477/1053] 10.0.0.133 () {32 vars in 726 bytes} [Thu Apr 16 13:52:54 2026] DELETE /v2.0/networks/24508e2c-064c-4f4c-b865-649703cdacae => generated 0 bytes in 426 msecs (HTTP/1.1 204) 3 headers in 131 bytes (1 switches on core 0) [pid: 7|app: 0|req: 577/1054] 10.0.0.133 () {32 vars in 647 bytes} [Thu Apr 16 13:52:54 2026] GET /v2.0/subnets => generated 649 bytes in 31 msecs (HTTP/1.1 200) 4 headers in 157 bytes (1 switches on core 0) [pid: 7|app: 0|req: 578/1055] 10.0.0.133 () {32 vars in 774 bytes} [Thu Apr 16 13:52:54 2026] GET /v2.0/security-groups?tenant_id=43dda2dabe4b41b1904eaced2160df5d&name=default => generated 2925 bytes in 37 msecs (HTTP/1.1 200) 4 headers in 158 bytes (1 switches on core 0)
2026-04-16 13:52:54.728 8 INFO neutron_taas.services.taas.taas_plugin [None req-b4efc951-344b-4d7a-8ace-bb3ab6fad19e a016be54b9bf4fdbaf751202cda4b6d0 838ba76f3999442098174025b372273a - - default default] TaaS: Handle Delete Port: f899af5d-48fa-4123-b79c-251c3957c199
2026-04-16 13:52:54.735 8 INFO neutron_taas.services.taas.tap_mirror_plugin [None req-b4efc951-344b-4d7a-8ace-bb3ab6fad19e a016be54b9bf4fdbaf751202cda4b6d0 838ba76f3999442098174025b372273a - - default default] Tap Mirror: Handle Delete Port: f899af5d-48fa-4123-b79c-251c3957c199 [pid: 8|app: 0|req: 478/1056] 10.0.0.133 () {32 vars in 726 bytes} [Thu Apr 16 13:52:54 2026] DELETE /v2.0/networks/d3b2fd15-fdb7-49e4-b321-5ed289c4cf0c => generated 0 bytes in 525 msecs (HTTP/1.1 204) 3 headers in 131 bytes (1 switches on core 0) [pid: 7|app: 0|req: 579/1057] 10.0.0.133 () {32 vars in 740 bytes} [Thu Apr 16 13:52:54 2026] DELETE /v2.0/security-groups/084838b9-e48a-4445-84ac-8bf48e8ba9d5 => generated 0 bytes in 411 msecs (HTTP/1.1 204) 2 headers in 112 bytes (1 switches on core 0)
2026-04-16 13:52:55.220 8 INFO neutron_taas.services.taas.taas_plugin [None req-844983f2-eb04-4edd-bf87-4399f7393490 a016be54b9bf4fdbaf751202cda4b6d0 838ba76f3999442098174025b372273a - - default default] TaaS: Handle Delete Port: bae638c5-d4f8-4ec0-9ab1-e46f19c4dc11
2026-04-16 13:52:55.223 8 INFO neutron_taas.services.taas.tap_mirror_plugin [None req-844983f2-eb04-4edd-bf87-4399f7393490 a016be54b9bf4fdbaf751202cda4b6d0 838ba76f3999442098174025b372273a - - default default] Tap Mirror: Handle Delete Port: bae638c5-d4f8-4ec0-9ab1-e46f19c4dc11 [pid: 8|app: 0|req: 479/1058] 10.0.0.133 () {32 vars in 726 bytes} [Thu Apr 16 13:52:55 2026] DELETE /v2.0/networks/555c24d5-62e8-44de-ac2e-04f5238f7225 => generated 0 bytes in 358 msecs (HTTP/1.1 204) 3 headers in 131 bytes (1 switches on core 0)
2026-04-16 13:52:55.596 7 INFO neutron_taas.services.taas.taas_plugin [None req-0b3884cc-abbd-41a1-b5c9-14a76fb294df a016be54b9bf4fdbaf751202cda4b6d0 838ba76f3999442098174025b372273a - - default default] TaaS: Handle Delete Port: 00ebd8ff-a92a-41e2-b081-e59c27a8ee1f
2026-04-16 13:52:55.601 7 INFO neutron_taas.services.taas.tap_mirror_plugin [None req-0b3884cc-abbd-41a1-b5c9-14a76fb294df a016be54b9bf4fdbaf751202cda4b6d0 838ba76f3999442098174025b372273a - - default default] Tap Mirror: Handle Delete Port: 00ebd8ff-a92a-41e2-b081-e59c27a8ee1f
2026-04-16 13:52:55.813 7 INFO neutron.services.segments.plugin [-] Segment d2c9b8cf-9274-41b5-b45b-3295a7f4d5a6 resource provider aggregate not found
2026-04-16 13:52:55.827 7 INFO neutron.services.segments.plugin [-] Segment d2c9b8cf-9274-41b5-b45b-3295a7f4d5a6 resource provider aggregate not found
2026-04-16 13:52:55.835 7 INFO neutron.services.segments.plugin [-] Segment d2c9b8cf-9274-41b5-b45b-3295a7f4d5a6 resource provider not found; error: Placement Client Error (4xx): {"errors": [{"status": 404, "title": "Not Found", "detail": "The resource could not be found.\n\n No resource provider with uuid d2c9b8cf-9274-41b5-b45b-3295a7f4d5a6 found for delete ", "request_id": "req-f2afbc7e-f737-4e4b-bde8-2af05c4c02e3"}]}
2026-04-16 13:52:55.851 7 INFO neutron.services.segments.plugin [-] Segment d2c9b8cf-9274-41b5-b45b-3295a7f4d5a6 resource provider not found; error: Placement Client Error (4xx): {"errors": [{"status": 404, "title": "Not Found", "detail": "The resource could not be found.\n\n No resource provider with uuid d2c9b8cf-9274-41b5-b45b-3295a7f4d5a6 found for delete ", "request_id": "req-8d83ac2b-ee1d-47d9-80be-826f0f4aca26"}]} [pid: 7|app: 0|req: 580/1059] 10.0.0.133 () {32 vars in 726 bytes} [Thu Apr 16 13:52:55 2026] DELETE /v2.0/networks/1d66d5db-3578-4048-8a7b-a53ceefc5e5b => generated 0 bytes in 437 msecs (HTTP/1.1 204) 3 headers in 131 bytes (1 switches on core 0)
2026-04-16 13:52:56.039 8 INFO neutron_taas.services.taas.taas_plugin [None req-9a60dd23-5c52-469c-898c-ed82af04fe13 a016be54b9bf4fdbaf751202cda4b6d0 838ba76f3999442098174025b372273a - - default default] TaaS: Handle Delete Port: b389ab38-7f4e-46dd-b1e1-618b0db9b4b8
2026-04-16 13:52:56.043 8 INFO neutron_taas.services.taas.tap_mirror_plugin [None req-9a60dd23-5c52-469c-898c-ed82af04fe13 a016be54b9bf4fdbaf751202cda4b6d0 838ba76f3999442098174025b372273a - - default default] Tap Mirror: Handle Delete Port: b389ab38-7f4e-46dd-b1e1-618b0db9b4b8 [pid: 8|app: 0|req: 480/1060] 10.0.0.133 () {32 vars in 726 bytes} [Thu Apr 16 13:52:55 2026] DELETE /v2.0/networks/dbffec3d-a335-4abc-a07e-9589f8ef3830 => generated 0 bytes in 422 msecs (HTTP/1.1 204) 3 headers in 131 bytes (1 switches on core 0)
2026-04-16 13:52:56.472 8 INFO neutron.services.segments.plugin [-] Segment 7a805e02-70c0-444e-8ca2-3293314c86ae resource provider aggregate not found
2026-04-16 13:52:56.476 8 INFO neutron.services.segments.plugin [-] Segment 7a805e02-70c0-444e-8ca2-3293314c86ae resource provider aggregate not found
2026-04-16 13:52:56.488 7 INFO neutron.db.ovn_revision_numbers_db [None req-2376cf3d-4fba-42a8-a5b1-fbe8fecb40a2 ba30503d54bd4d1386eb20b40fb60182 9b608b65782544c9b79f56ad37d7269c - - default default] Successfully bumped revision number for resource 31951a23-ec1b-4d64-93e9-1217b5643cba (type: security_groups) to 1
2026-04-16 13:52:56.489 8 INFO neutron.services.segments.plugin [-] Segment 7a805e02-70c0-444e-8ca2-3293314c86ae resource provider not found; error: Placement Client Error (4xx): {"errors": [{"status": 404, "title": "Not Found", "detail": "The resource could not be found.\n\n No resource provider with uuid 7a805e02-70c0-444e-8ca2-3293314c86ae found for delete ", "request_id": "req-0c1684bf-18f1-4a9c-8963-380a80d8faaa"}]}
2026-04-16 13:52:56.494 8 INFO neutron.services.segments.plugin [-] Segment 7a805e02-70c0-444e-8ca2-3293314c86ae resource provider not found; error: Placement Client Error (4xx): {"errors": [{"status": 404, "title": "Not Found", "detail": "The resource could not be found.\n\n No resource provider with uuid 7a805e02-70c0-444e-8ca2-3293314c86ae found for delete ", "request_id": "req-a0035722-4dd8-49eb-8d28-1626ba017593"}]}
2026-04-16 13:52:56.503 7 INFO neutron.db.ovn_revision_numbers_db [None req-2376cf3d-4fba-42a8-a5b1-fbe8fecb40a2 ba30503d54bd4d1386eb20b40fb60182 9b608b65782544c9b79f56ad37d7269c - - default default] Successfully bumped revision number for resource 22ca6985-ed4f-4724-b1b9-b19251457411 (type: security_group_rules) to 0
2026-04-16 13:52:56.510 8 INFO neutron.services.segments.plugin [-] Segment 4e0d932c-7d0a-4256-a969-75aa5b19d2a1 resource provider aggregate not found
2026-04-16 13:52:56.514 8 INFO neutron.services.segments.plugin [-] Segment 4e0d932c-7d0a-4256-a969-75aa5b19d2a1 resource provider aggregate not found
2026-04-16 13:52:56.517 7 INFO neutron.db.ovn_revision_numbers_db [None req-2376cf3d-4fba-42a8-a5b1-fbe8fecb40a2 ba30503d54bd4d1386eb20b40fb60182 9b608b65782544c9b79f56ad37d7269c - - default default] Successfully bumped revision number for resource 47aa0614-671e-4d9a-b7fe-77bee4dee098 (type: security_group_rules) to 0
2026-04-16 13:52:56.525 8 INFO neutron.services.segments.plugin [-] Segment 4e0d932c-7d0a-4256-a969-75aa5b19d2a1 resource provider not found; error: Placement Client Error (4xx): {"errors": [{"status": 404, "title": "Not Found", "detail": "The resource could not be found.\n\n No resource provider with uuid 4e0d932c-7d0a-4256-a969-75aa5b19d2a1 found for delete ", "request_id": "req-29521582-e478-4b00-a602-266f1f9058ae"}]}
2026-04-16 13:52:56.530 8 INFO neutron.services.segments.plugin [-] Segment 4e0d932c-7d0a-4256-a969-75aa5b19d2a1 resource provider not found; error: Placement Client Error (4xx): {"errors": [{"status": 404, "title": "Not Found", "detail": "The resource could not be found.\n\n No resource provider with uuid 4e0d932c-7d0a-4256-a969-75aa5b19d2a1 found for delete ", "request_id": "req-7b417a78-e4ee-49d6-83a4-1027533a854f"}]}
2026-04-16 13:52:56.538 7 INFO neutron.db.ovn_revision_numbers_db [None req-2376cf3d-4fba-42a8-a5b1-fbe8fecb40a2 ba30503d54bd4d1386eb20b40fb60182 9b608b65782544c9b79f56ad37d7269c - - default default] Successfully bumped revision number for resource 5ae3187b-66a5-45cc-a6f5-e0412ad3c380 (type: security_group_rules) to 0
2026-04-16 13:52:56.539 8 INFO neutron.services.segments.plugin [-] Segment d2620cf7-35f4-4cd0-99a8-a7324c96c2ed resource provider aggregate not found
2026-04-16 13:52:56.543 8 INFO neutron.services.segments.plugin [-] Segment d2620cf7-35f4-4cd0-99a8-a7324c96c2ed resource provider aggregate not found
2026-04-16 13:52:56.552 7 INFO neutron.db.ovn_revision_numbers_db [None req-2376cf3d-4fba-42a8-a5b1-fbe8fecb40a2 ba30503d54bd4d1386eb20b40fb60182 9b608b65782544c9b79f56ad37d7269c - - default default] Successfully bumped revision number for resource cbd61331-8e25-4b1e-8689-47d07e21891a (type: security_group_rules) to 0
2026-04-16 13:52:56.555 8 INFO neutron.services.segments.plugin [-] Segment d2620cf7-35f4-4cd0-99a8-a7324c96c2ed resource provider not found; error: Placement Client Error (4xx): {"errors": [{"status": 404, "title": "Not Found", "detail": "The resource could not be found.\n\n No resource provider with uuid d2620cf7-35f4-4cd0-99a8-a7324c96c2ed found for delete ", "request_id": "req-ba2e086a-3b5f-4b48-b97c-58a57e7090c7"}]}
2026-04-16 13:52:56.556 8 INFO neutron.services.segments.plugin [-] Segment d2620cf7-35f4-4cd0-99a8-a7324c96c2ed resource provider not found; error: Placement Client Error (4xx): {"errors": [{"status": 404, "title": "Not Found", "detail": "The resource could not be found.\n\n No resource provider with uuid d2620cf7-35f4-4cd0-99a8-a7324c96c2ed found for delete ", "request_id": "req-3e0137df-526b-4ed5-9531-6885ba52187c"}]} [pid: 7|app: 0|req: 581/1061] 10.0.0.133 () {32 vars in 774 bytes} [Thu Apr 16 13:52:56 2026] GET /v2.0/security-groups?tenant_id=3445b088266842b098a7b97dbdf5f2d3&name=default => generated 2925 bytes in 466 msecs (HTTP/1.1 200) 4 headers in 158 bytes (1 switches on core 0) [pid: 7|app: 0|req: 582/1062] 10.0.0.226 () {28 vars in 581 bytes} [Thu Apr 16 13:52:56 2026] GET /v2.0/agents => generated 1214 bytes in 201 msecs (HTTP/1.1 200) 4 headers in 158 bytes (1 switches on core 0) [pid: 8|app: 0|req: 481/1063] 10.0.0.133 () {32 vars in 740 bytes} [Thu Apr 16 13:52:56 2026] DELETE /v2.0/security-groups/31951a23-ec1b-4d64-93e9-1217b5643cba => generated 0 bytes in 272 msecs (HTTP/1.1 204) 2 headers in 112 bytes (1 switches on core 0) [pid: 8|app: 0|req: 482/1064] 10.0.0.226 () {28 vars in 579 bytes} [Thu Apr 16 13:52:56 2026] GET /v2.0/ports => generated 5171 bytes in 42 msecs (HTTP/1.1 200) 4 headers in 158 bytes (1 switches on core 0) [pid: 8|app: 0|req: 483/1065] 10.0.0.226 () {28 vars in 583 bytes} [Thu Apr 16 13:52:56 2026] GET /v2.0/routers => generated 15 bytes in 29 msecs (HTTP/1.1 200) 4 headers in 156 bytes (1 switches on core 0) [pid: 7|app: 0|req: 583/1066] 10.0.0.133 () {32 vars in 774 bytes} [Thu Apr 16 13:52:56 2026] GET /v2.0/security-groups?tenant_id=838ba76f3999442098174025b372273a&name=default => generated 2925 bytes in 106 msecs (HTTP/1.1 200) 4 headers in 158 bytes (1 switches on core 0) [pid: 8|app: 0|req: 484/1067] 10.0.0.226 () {28 vars in 624 bytes} [Thu Apr 16 13:52:56 2026] GET /v2.0/agents?binary=ovn-controller => generated 416 bytes in 16 msecs (HTTP/1.1 200) 4 headers in 157 bytes (1 switches on core 0) [pid: 8|app: 0|req: 485/1068] 10.0.0.226 () {28 vars in 585 bytes} [Thu Apr 16 13:52:56 2026] GET /v2.0/networks => generated 2287 bytes in 57 msecs (HTTP/1.1 200) 4 headers in 158 bytes (1 switches on core 0) [pid: 7|app: 0|req: 584/1069] 10.0.0.133 () {32 vars in 740 bytes} [Thu Apr 16 13:52:56 2026] DELETE /v2.0/security-groups/045fe3d0-e750-45cf-9ece-e2ce5593c24e => generated 0 bytes in 275 msecs (HTTP/1.1 204) 2 headers in 112 bytes (1 switches on core 0) [pid: 7|app: 0|req: 585/1070] 10.0.0.226 () {28 vars in 599 bytes} [Thu Apr 16 13:52:57 2026] GET /v2.0/security-groups => generated 17397 bytes in 33 msecs (HTTP/1.1 200) 4 headers in 159 bytes (1 switches on core 0) [pid: 7|app: 0|req: 586/1071] 10.0.0.226 () {28 vars in 583 bytes} [Thu Apr 16 13:52:57 2026] GET /v2.0/subnets => generated 1308 bytes in 45 msecs (HTTP/1.1 200) 4 headers in 158 bytes (1 switches on core 0) [pid: 7|app: 0|req: 587/1072] 10.0.0.226 () {28 vars in 619 bytes} [Thu Apr 16 13:52:57 2026] GET /v2.0/network-ip-availabilities => generated 1104 bytes in 29 msecs (HTTP/1.1 200) 4 headers in 158 bytes (1 switches on core 0)
2026-04-16 13:52:57.396 8 INFO neutron.db.ovn_revision_numbers_db [None req-a0bb52d9-046e-4d08-9dbf-0ff59aeea92f ba30503d54bd4d1386eb20b40fb60182 9b608b65782544c9b79f56ad37d7269c - - default default] Successfully bumped revision number for resource 2e8b3793-0d4d-4c2c-b9d6-59fe765ef6cf (type: security_groups) to 1
2026-04-16 13:52:57.414 8 INFO neutron.db.ovn_revision_numbers_db [None req-a0bb52d9-046e-4d08-9dbf-0ff59aeea92f ba30503d54bd4d1386eb20b40fb60182 9b608b65782544c9b79f56ad37d7269c - - default default] Successfully bumped revision number for resource 386a6c53-60f1-4af6-9dab-949662be4ba1 (type: security_group_rules) to 0 [pid: 7|app: 0|req: 588/1073] 10.0.0.226 () {28 vars in 583 bytes} [Thu Apr 16 13:52:57 2026] GET /v2.0/subnets => generated 1308 bytes in 52 msecs (HTTP/1.1 200) 4 headers in 158 bytes (1 switches on core 0)
2026-04-16 13:52:57.425 8 INFO neutron.db.ovn_revision_numbers_db [None req-a0bb52d9-046e-4d08-9dbf-0ff59aeea92f ba30503d54bd4d1386eb20b40fb60182 9b608b65782544c9b79f56ad37d7269c - - default default] Successfully bumped revision number for resource 3bd57702-1ae8-4318-ba7f-5f9200ae8204 (type: security_group_rules) to 0 [pid: 7|app: 0|req: 589/1074] 10.0.0.226 () {28 vars in 591 bytes} [Thu Apr 16 13:52:57 2026] GET /v2.0/subnetpools => generated 19 bytes in 7 msecs (HTTP/1.1 200) 4 headers in 156 bytes (1 switches on core 0)
2026-04-16 13:52:57.440 8 INFO neutron.db.ovn_revision_numbers_db [None req-a0bb52d9-046e-4d08-9dbf-0ff59aeea92f ba30503d54bd4d1386eb20b40fb60182 9b608b65782544c9b79f56ad37d7269c - - default default] Successfully bumped revision number for resource 799b660a-7b04-4832-9ba7-279298b4a7ce (type: security_group_rules) to 0
2026-04-16 13:52:57.450 8 INFO neutron.db.ovn_revision_numbers_db [None req-a0bb52d9-046e-4d08-9dbf-0ff59aeea92f ba30503d54bd4d1386eb20b40fb60182 9b608b65782544c9b79f56ad37d7269c - - default default] Successfully bumped revision number for resource 88078b2a-fc2f-4738-8f94-f0271cf23d62 (type: security_group_rules) to 0 [pid: 7|app: 0|req: 590/1075] 10.0.0.226 () {28 vars in 591 bytes} [Thu Apr 16 13:52:57 2026] GET /v2.0/floatingips => generated 19 bytes in 13 msecs (HTTP/1.1 200) 4 headers in 156 bytes (1 switches on core 0)
2026-04-16 13:52:57.540 8 INFO neutron.db.segments_db [None req-a0bb52d9-046e-4d08-9dbf-0ff59aeea92f ba30503d54bd4d1386eb20b40fb60182 9b608b65782544c9b79f56ad37d7269c - - default default] Added segment 886354a5-dca2-4806-82ee-9ce0ba37ca68 of type geneve for network d5c676bb-2420-4d6d-ae8a-e882290b8a8d
2026-04-16 13:52:57.707 8 INFO neutron.db.ovn_revision_numbers_db [None req-a0bb52d9-046e-4d08-9dbf-0ff59aeea92f ba30503d54bd4d1386eb20b40fb60182 9b608b65782544c9b79f56ad37d7269c - - default default] Successfully bumped revision number for resource d5c676bb-2420-4d6d-ae8a-e882290b8a8d (type: networks) to 1
2026-04-16 13:52:57.869 7 INFO neutron.db.ovn_revision_numbers_db [None req-10e3578d-6ae1-4e2a-8bbc-e237142dbfc3 ba30503d54bd4d1386eb20b40fb60182 9b608b65782544c9b79f56ad37d7269c - - default default] Successfully bumped revision number for resource 33e2052c-a87c-4298-992d-cd40451e8039 (type: security_groups) to 1
2026-04-16 13:52:57.886 7 INFO neutron.db.ovn_revision_numbers_db [None req-10e3578d-6ae1-4e2a-8bbc-e237142dbfc3 ba30503d54bd4d1386eb20b40fb60182 9b608b65782544c9b79f56ad37d7269c - - default default] Successfully bumped revision number for resource 5d9343a7-d5d9-4a34-9189-b838a7b68d1b (type: security_group_rules) to 0
2026-04-16 13:52:57.899 7 INFO neutron.db.ovn_revision_numbers_db [None req-10e3578d-6ae1-4e2a-8bbc-e237142dbfc3 ba30503d54bd4d1386eb20b40fb60182 9b608b65782544c9b79f56ad37d7269c - - default default] Successfully bumped revision number for resource 8356bb49-43cf-4f02-b616-c8876db5daaa (type: security_group_rules) to 0
2026-04-16 13:52:57.906 8 WARNING neutron.scheduler.dhcp_agent_scheduler [None req-a0bb52d9-046e-4d08-9dbf-0ff59aeea92f ba30503d54bd4d1386eb20b40fb60182 9b608b65782544c9b79f56ad37d7269c - - default default] No more DHCP agents
2026-04-16 13:52:57.907 8 WARNING neutron.api.rpc.agentnotifiers.dhcp_rpc_agent_api [None req-a0bb52d9-046e-4d08-9dbf-0ff59aeea92f ba30503d54bd4d1386eb20b40fb60182 9b608b65782544c9b79f56ad37d7269c - - default default] Unable to schedule network d5c676bb-2420-4d6d-ae8a-e882290b8a8d: no agents available; will retry on subsequent port and subnet creation events.
2026-04-16 13:52:57.914 7 INFO neutron.db.ovn_revision_numbers_db [None req-10e3578d-6ae1-4e2a-8bbc-e237142dbfc3 ba30503d54bd4d1386eb20b40fb60182 9b608b65782544c9b79f56ad37d7269c - - default default] Successfully bumped revision number for resource d9224ad9-3e15-4a17-9cf4-84d5c461d09e (type: security_group_rules) to 0
2026-04-16 13:52:57.927 7 INFO neutron.db.ovn_revision_numbers_db [None req-10e3578d-6ae1-4e2a-8bbc-e237142dbfc3 ba30503d54bd4d1386eb20b40fb60182 9b608b65782544c9b79f56ad37d7269c - - default default] Successfully bumped revision number for resource dd98d0d5-7278-4d44-89dc-2f6ecd03694e (type: security_group_rules) to 0
2026-04-16 13:52:57.965 8 INFO neutron.plugins.ml2.drivers.ovn.mech_driver.mech_driver [None req-6f10826b-31d1-4850-ab0a-56dd7794c4cb - - - - - -] OVN reports status down for port: dcb605b4-b9e2-4a29-a2da-bff7fa1f5f50 [pid: 7|app: 0|req: 591/1076] 10.0.0.133 () {32 vars in 774 bytes} [Thu Apr 16 13:52:57 2026] GET /v2.0/security-groups?tenant_id=844889d7373e45958bb3942e2270c300&name=default => generated 2925 bytes in 489 msecs (HTTP/1.1 200) 4 headers in 158 bytes (1 switches on core 0)
2026-04-16 13:52:58.012 8 INFO neutron.db.ovn_revision_numbers_db [None req-a0bb52d9-046e-4d08-9dbf-0ff59aeea92f ba30503d54bd4d1386eb20b40fb60182 9b608b65782544c9b79f56ad37d7269c - - default default] Successfully bumped revision number for resource dcb605b4-b9e2-4a29-a2da-bff7fa1f5f50 (type: ports) to 1 [pid: 8|app: 0|req: 486/1077] 10.0.0.133 () {34 vars in 671 bytes} [Thu Apr 16 13:52:57 2026] POST /v2.0/networks => generated 765 bytes in 1018 msecs (HTTP/1.1 201) 4 headers in 162 bytes (1 switches on core 0)
2026-04-16 13:52:58.231 8 WARNING neutron.scheduler.dhcp_agent_scheduler [None req-7f6c76ab-7f84-4b9f-9d98-9e1d23e6c830 ba30503d54bd4d1386eb20b40fb60182 9b608b65782544c9b79f56ad37d7269c - - default default] No more DHCP agents
2026-04-16 13:52:58.249 8 WARNING neutron.api.rpc.agentnotifiers.dhcp_rpc_agent_api [None req-7f6c76ab-7f84-4b9f-9d98-9e1d23e6c830 ba30503d54bd4d1386eb20b40fb60182 9b608b65782544c9b79f56ad37d7269c - - default default] Unable to schedule network d5c676bb-2420-4d6d-ae8a-e882290b8a8d: no agents available; will retry on subsequent port and subnet creation events. [pid: 7|app: 0|req: 592/1078] 10.0.0.133 () {32 vars in 740 bytes} [Thu Apr 16 13:52:58 2026] DELETE /v2.0/security-groups/33e2052c-a87c-4298-992d-cd40451e8039 => generated 0 bytes in 355 msecs (HTTP/1.1 204) 2 headers in 112 bytes (1 switches on core 0)
2026-04-16 13:52:58.678 7 INFO neutron.db.ovn_revision_numbers_db [None req-a60ba3da-1e7e-436d-87ca-9e9acb699b41 ba30503d54bd4d1386eb20b40fb60182 9b608b65782544c9b79f56ad37d7269c - - default default] Successfully bumped revision number for resource 225334bd-08e6-4137-ac57-10aa54edebbd (type: security_groups) to 1
2026-04-16 13:52:58.690 7 INFO neutron.db.ovn_revision_numbers_db [None req-a60ba3da-1e7e-436d-87ca-9e9acb699b41 ba30503d54bd4d1386eb20b40fb60182 9b608b65782544c9b79f56ad37d7269c - - default default] Successfully bumped revision number for resource 044b68ba-bfac-42e4-8105-3a273a46b0a7 (type: security_group_rules) to 0
2026-04-16 13:52:58.720 7 INFO neutron.db.ovn_revision_numbers_db [None req-a60ba3da-1e7e-436d-87ca-9e9acb699b41 ba30503d54bd4d1386eb20b40fb60182 9b608b65782544c9b79f56ad37d7269c - - default default] Successfully bumped revision number for resource 25f35f3d-f7c9-4200-be21-a60b5ac3eb52 (type: security_group_rules) to 0
2026-04-16 13:52:58.739 7 INFO neutron.db.ovn_revision_numbers_db [None req-a60ba3da-1e7e-436d-87ca-9e9acb699b41 ba30503d54bd4d1386eb20b40fb60182 9b608b65782544c9b79f56ad37d7269c - - default default] Successfully bumped revision number for resource 809664a9-5f1c-44c9-b8e9-282ea37ae4ab (type: security_group_rules) to 0
2026-04-16 13:52:58.752 7 INFO neutron.db.ovn_revision_numbers_db [None req-a60ba3da-1e7e-436d-87ca-9e9acb699b41 ba30503d54bd4d1386eb20b40fb60182 9b608b65782544c9b79f56ad37d7269c - - default default] Successfully bumped revision number for resource ead77b4a-bbf9-4e4d-b6d3-3263554644ff (type: security_group_rules) to 0
2026-04-16 13:52:58.757 8 INFO neutron.db.ovn_revision_numbers_db [None req-ac1c286d-ab37-4a3f-b31b-30e1957bb4bf - - - - - -] Successfully bumped revision number for resource dcb605b4-b9e2-4a29-a2da-bff7fa1f5f50 (type: ports) to 2
2026-04-16 13:52:58.789 8 INFO neutron.db.ovn_revision_numbers_db [None req-ac1c286d-ab37-4a3f-b31b-30e1957bb4bf - - - - - -] Successfully bumped revision number for resource 41b5e006-bf76-4b47-a01e-1cf1d1667cc5 (type: subnets) to 0 [pid: 7|app: 0|req: 593/1079] 10.0.0.133 () {32 vars in 774 bytes} [Thu Apr 16 13:52:58 2026] GET /v2.0/security-groups?tenant_id=53928da6c3cf42c5bb281532f0274999&name=default => generated 2925 bytes in 282 msecs (HTTP/1.1 200) 4 headers in 158 bytes (1 switches on core 0) [pid: 8|app: 0|req: 487/1080] 10.0.0.133 () {34 vars in 669 bytes} [Thu Apr 16 13:52:58 2026] POST /v2.0/subnets => generated 690 bytes in 747 msecs (HTTP/1.1 201) 4 headers in 162 bytes (1 switches on core 0) [pid: 7|app: 0|req: 594/1081] 10.0.0.133 () {32 vars in 740 bytes} [Thu Apr 16 13:52:58 2026] DELETE /v2.0/security-groups/225334bd-08e6-4137-ac57-10aa54edebbd => generated 0 bytes in 361 msecs (HTTP/1.1 204) 2 headers in 112 bytes (1 switches on core 0)
2026-04-16 13:52:59.335 8 WARNING neutron.scheduler.dhcp_agent_scheduler [None req-b42dd6c1-5ac9-4e75-aa34-7d1786c53218 ba30503d54bd4d1386eb20b40fb60182 9b608b65782544c9b79f56ad37d7269c - - default default] No more DHCP agents
2026-04-16 13:52:59.337 8 WARNING neutron.api.rpc.agentnotifiers.dhcp_rpc_agent_api [None req-b42dd6c1-5ac9-4e75-aa34-7d1786c53218 ba30503d54bd4d1386eb20b40fb60182 9b608b65782544c9b79f56ad37d7269c - - default default] Unable to schedule network 407aaeed-d978-41e3-9a39-6c80ad12c458: no agents available; will retry on subsequent port and subnet creation events.
2026-04-16 13:52:59.471 7 INFO neutron.db.ovn_revision_numbers_db [None req-f5a9661e-1f48-4155-822b-b37501ff992e 065ba215c126445ba4e89d5556487fb8 75326b8ca7294de2aaeb36d667acd43e - - default default] Successfully bumped revision number for resource 49b61c12-b35f-4dcf-9eab-ec30253bf2a5 (type: security_groups) to 1
2026-04-16 13:52:59.501 7 INFO neutron.db.ovn_revision_numbers_db [None req-f5a9661e-1f48-4155-822b-b37501ff992e 065ba215c126445ba4e89d5556487fb8 75326b8ca7294de2aaeb36d667acd43e - - default default] Successfully bumped revision number for resource 158c6f73-5872-4d88-9f33-7d94016ad373 (type: security_group_rules) to 0
2026-04-16 13:52:59.523 8 INFO neutron.plugins.ml2.drivers.ovn.mech_driver.mech_driver [None req-6f10826b-31d1-4850-ab0a-56dd7794c4cb - - - - - -] OVN reports status down for port: 5da40e75-ad59-4acc-8473-8d043abeab76
2026-04-16 13:52:59.538 7 INFO neutron.db.ovn_revision_numbers_db [None req-f5a9661e-1f48-4155-822b-b37501ff992e 065ba215c126445ba4e89d5556487fb8 75326b8ca7294de2aaeb36d667acd43e - - default default] Successfully bumped revision number for resource 59a97e0a-7b13-412e-a9f0-2ac436fc2c99 (type: security_group_rules) to 0
2026-04-16 13:52:59.554 7 INFO neutron.db.ovn_revision_numbers_db [None req-f5a9661e-1f48-4155-822b-b37501ff992e 065ba215c126445ba4e89d5556487fb8 75326b8ca7294de2aaeb36d667acd43e - - default default] Successfully bumped revision number for resource 9c2c793f-2cb0-4971-9d57-bac98102b53b (type: security_group_rules) to 0
2026-04-16 13:52:59.566 7 INFO neutron.db.ovn_revision_numbers_db [None req-f5a9661e-1f48-4155-822b-b37501ff992e 065ba215c126445ba4e89d5556487fb8 75326b8ca7294de2aaeb36d667acd43e - - default default] Successfully bumped revision number for resource ae46ae5b-c7ac-4433-9cf1-d7c56e941b1b (type: security_group_rules) to 0
2026-04-16 13:52:59.587 8 INFO neutron.db.ovn_revision_numbers_db [None req-b42dd6c1-5ac9-4e75-aa34-7d1786c53218 ba30503d54bd4d1386eb20b40fb60182 9b608b65782544c9b79f56ad37d7269c - - default default] Successfully bumped revision number for resource 5da40e75-ad59-4acc-8473-8d043abeab76 (type: ports) to 1
2026-04-16 13:52:59.648 7 INFO neutron.db.segments_db [None req-f5a9661e-1f48-4155-822b-b37501ff992e 065ba215c126445ba4e89d5556487fb8 75326b8ca7294de2aaeb36d667acd43e - - default default] Added segment bd6bd8c0-28a2-4e1c-9695-d37344eae676 of type geneve for network d60af3bf-81e4-48ca-9f0b-dddeb43ba49d
2026-04-16 13:52:59.768 7 INFO neutron.db.ovn_revision_numbers_db [None req-f5a9661e-1f48-4155-822b-b37501ff992e 065ba215c126445ba4e89d5556487fb8 75326b8ca7294de2aaeb36d667acd43e - - default default] Successfully bumped revision number for resource d60af3bf-81e4-48ca-9f0b-dddeb43ba49d (type: networks) to 1
2026-04-16 13:52:59.924 7 WARNING neutron.scheduler.dhcp_agent_scheduler [None req-f5a9661e-1f48-4155-822b-b37501ff992e 065ba215c126445ba4e89d5556487fb8 75326b8ca7294de2aaeb36d667acd43e - - default default] No more DHCP agents
2026-04-16 13:52:59.925 7 WARNING neutron.api.rpc.agentnotifiers.dhcp_rpc_agent_api [None req-f5a9661e-1f48-4155-822b-b37501ff992e 065ba215c126445ba4e89d5556487fb8 75326b8ca7294de2aaeb36d667acd43e - - default default] Unable to schedule network d60af3bf-81e4-48ca-9f0b-dddeb43ba49d: no agents available; will retry on subsequent port and subnet creation events.
2026-04-16 13:53:00.038 7 INFO neutron.db.ovn_revision_numbers_db [None req-f5a9661e-1f48-4155-822b-b37501ff992e 065ba215c126445ba4e89d5556487fb8 75326b8ca7294de2aaeb36d667acd43e - - default default] Successfully bumped revision number for resource 83736bed-b144-438e-9a31-36051dd3a1d2 (type: ports) to 1
2026-04-16 13:53:00.070 8 INFO neutron.plugins.ml2.drivers.ovn.mech_driver.mech_driver [None req-6f10826b-31d1-4850-ab0a-56dd7794c4cb - - - - - -] OVN reports status down for port: 83736bed-b144-438e-9a31-36051dd3a1d2 [pid: 7|app: 0|req: 597/1084] 10.0.0.133 () {34 vars in 670 bytes} [Thu Apr 16 13:52:59 2026] POST /v2.0/networks => generated 666 bytes in 928 msecs (HTTP/1.1 201) 4 headers in 162 bytes (1 switches on core 0)
2026-04-16 13:53:00.389 8 INFO neutron.plugins.ml2.drivers.ovn.mech_driver.ovsdb.commands [None req-14689579-d9c8-486a-a118-2b4e58164722 - - - - - -] Schedule LRP lrp-5da40e75-ad59-4acc-8473-8d043abeab76 on gateway 7b4f14fb-b2a8-464c-939b-e3e685943c00 with priority 1
2026-04-16 13:53:00.507 8 INFO neutron.plugins.ml2.drivers.ovn.mech_driver.ovsdb.ovsdb_monitor [None req-ba10e76b-0023-4ff8-96f7-fce340d5b0e7 - - - - - -] Router ae28ff9a-f8e2-4b9e-8c62-fa3465697ef0 is bound to host instance
2026-04-16 13:53:00.516 8 INFO neutron.plugins.ml2.drivers.ovn.mech_driver.mech_driver [None req-6f10826b-31d1-4850-ab0a-56dd7794c4cb - - - - - -] OVN reports status up for port: 5da40e75-ad59-4acc-8473-8d043abeab76
