2026-04-16 13:55:18.505 8 INFO neutron.db.ovn_revision_numbers_db [None req-1515a5b4-b517-4500-8872-fb041024c055 ba30503d54bd4d1386eb20b40fb60182 9b608b65782544c9b79f56ad37d7269c - - default default] Successfully bumped revision number for resource 514d8832-f7ab-4e83-9f40-5b1744fff831 (type: security_group_rules) to 0 [pid: 8|app: 0|req: 929/2101] 10.0.0.133 () {32 vars in 774 bytes} [Thu Apr 16 13:55:18 2026] GET /v2.0/security-groups?tenant_id=35061d729002411189400624a1829f72&name=default => generated 2925 bytes in 256 msecs (HTTP/1.1 200) 4 headers in 158 bytes (1 switches on core 0) [pid: 7|app: 0|req: 1173/2102] 10.0.0.133 () {32 vars in 740 bytes} [Thu Apr 16 13:55:18 2026] DELETE /v2.0/security-groups/dae20fa1-718b-4213-9c28-97bbf5cd3087 => generated 0 bytes in 284 msecs (HTTP/1.1 204) 2 headers in 112 bytes (1 switches on core 0) [pid: 8|app: 0|req: 930/2103] 10.0.0.4 () {34 vars in 988 bytes} [Thu Apr 16 13:55:18 2026] GET /v2.0/ports?device_id=65afd741-d941-4627-8648-a94557363525 => generated 12 bytes in 22 msecs (HTTP/1.1 200) 4 headers in 156 bytes (1 switches on core 0)
2026-04-16 13:55:19.200 8 INFO neutron.services.segments.plugin [-] Segment 0b954768-c2dc-49c8-b4e7-12dbfe5f1e81 resource provider aggregate not found
2026-04-16 13:55:19.204 8 INFO neutron.services.segments.plugin [-] Segment 0b954768-c2dc-49c8-b4e7-12dbfe5f1e81 resource provider aggregate not found
2026-04-16 13:55:19.217 8 INFO neutron.services.segments.plugin [-] Segment 0b954768-c2dc-49c8-b4e7-12dbfe5f1e81 resource provider not found; error: Placement Client Error (4xx): {"errors": [{"status": 404, "title": "Not Found", "detail": "The resource could not be found.\n\n No resource provider with uuid 0b954768-c2dc-49c8-b4e7-12dbfe5f1e81 found for delete ", "request_id": "req-1ce65956-e22a-4c26-a889-43c26db53e89"}]}
2026-04-16 13:55:19.219 8 INFO neutron.services.segments.plugin [-] Segment 0b954768-c2dc-49c8-b4e7-12dbfe5f1e81 resource provider not found; error: Placement Client Error (4xx): {"errors": [{"status": 404, "title": "Not Found", "detail": "The resource could not be found.\n\n No resource provider with uuid 0b954768-c2dc-49c8-b4e7-12dbfe5f1e81 found for delete ", "request_id": "req-2105c508-1e16-40d7-8550-c6d043168764"}]}
2026-04-16 13:55:19.336 7 INFO neutron.db.ovn_revision_numbers_db [None req-3d7b68c3-828c-419b-bc04-4f83c75358ac ba30503d54bd4d1386eb20b40fb60182 9b608b65782544c9b79f56ad37d7269c - - default default] Successfully bumped revision number for resource 6300e161-15a5-489d-b2b5-d32c25edd33c (type: security_groups) to 1
2026-04-16 13:55:19.346 7 INFO neutron.db.ovn_revision_numbers_db [None req-3d7b68c3-828c-419b-bc04-4f83c75358ac ba30503d54bd4d1386eb20b40fb60182 9b608b65782544c9b79f56ad37d7269c - - default default] Successfully bumped revision number for resource 0de161af-b2ba-4685-b2d3-6118424a15b3 (type: security_group_rules) to 0
2026-04-16 13:55:19.357 7 INFO neutron.db.ovn_revision_numbers_db [None req-3d7b68c3-828c-419b-bc04-4f83c75358ac ba30503d54bd4d1386eb20b40fb60182 9b608b65782544c9b79f56ad37d7269c - - default default] Successfully bumped revision number for resource 6019709c-1fd0-44f0-a9b4-b1041e3b4d32 (type: security_group_rules) to 0
2026-04-16 13:55:19.370 7 INFO neutron.db.ovn_revision_numbers_db [None req-3d7b68c3-828c-419b-bc04-4f83c75358ac ba30503d54bd4d1386eb20b40fb60182 9b608b65782544c9b79f56ad37d7269c - - default default] Successfully bumped revision number for resource 7a343232-c5d2-4e0d-a085-0c060253bc92 (type: security_group_rules) to 0
2026-04-16 13:55:19.380 7 INFO neutron.db.ovn_revision_numbers_db [None req-3d7b68c3-828c-419b-bc04-4f83c75358ac ba30503d54bd4d1386eb20b40fb60182 9b608b65782544c9b79f56ad37d7269c - - default default] Successfully bumped revision number for resource b5523b03-840f-4aa1-a1b4-a8fd1cf544de (type: security_group_rules) to 0 [pid: 7|app: 0|req: 1174/2104] 10.0.0.133 () {32 vars in 774 bytes} [Thu Apr 16 13:55:19 2026] GET /v2.0/security-groups?tenant_id=642e7a0f3c7f4a4fbc8c1929fdd9809f&name=default => generated 2925 bytes in 369 msecs (HTTP/1.1 200) 4 headers in 158 bytes (1 switches on core 0) [pid: 8|app: 0|req: 931/2105] 10.0.0.133 () {32 vars in 740 bytes} [Thu Apr 16 13:55:19 2026] DELETE /v2.0/security-groups/6300e161-15a5-489d-b2b5-d32c25edd33c => generated 0 bytes in 307 msecs (HTTP/1.1 204) 2 headers in 112 bytes (1 switches on core 0)
2026-04-16 13:55:20.007 7 INFO neutron.db.ovn_revision_numbers_db [None req-4ecd6e8b-f7e0-4eb5-96ee-8561b99f3334 ba30503d54bd4d1386eb20b40fb60182 9b608b65782544c9b79f56ad37d7269c - - default default] Successfully bumped revision number for resource b5389c53-f18c-44cf-a2d7-63f5a9c684b2 (type: security_groups) to 1
2026-04-16 13:55:20.023 7 INFO neutron.db.ovn_revision_numbers_db [None req-4ecd6e8b-f7e0-4eb5-96ee-8561b99f3334 ba30503d54bd4d1386eb20b40fb60182 9b608b65782544c9b79f56ad37d7269c - - default default] Successfully bumped revision number for resource 421ccad9-af7a-40f0-b724-e8584e3ab928 (type: security_group_rules) to 0
2026-04-16 13:55:20.037 7 INFO neutron.db.ovn_revision_numbers_db [None req-4ecd6e8b-f7e0-4eb5-96ee-8561b99f3334 ba30503d54bd4d1386eb20b40fb60182 9b608b65782544c9b79f56ad37d7269c - - default default] Successfully bumped revision number for resource 7e29e607-06e2-4ab2-b834-8eb83ac331a1 (type: security_group_rules) to 0
2026-04-16 13:55:20.047 7 INFO neutron.db.ovn_revision_numbers_db [None req-4ecd6e8b-f7e0-4eb5-96ee-8561b99f3334 ba30503d54bd4d1386eb20b40fb60182 9b608b65782544c9b79f56ad37d7269c - - default default] Successfully bumped revision number for resource dd66219f-d9aa-412f-89db-f85a221293b3 (type: security_group_rules) to 0
2026-04-16 13:55:20.062 7 INFO neutron.db.ovn_revision_numbers_db [None req-4ecd6e8b-f7e0-4eb5-96ee-8561b99f3334 ba30503d54bd4d1386eb20b40fb60182 9b608b65782544c9b79f56ad37d7269c - - default default] Successfully bumped revision number for resource fa69cfc0-fc2c-40b2-af61-e54c4e147caa (type: security_group_rules) to 0 [pid: 7|app: 0|req: 1175/2106] 10.0.0.133 () {32 vars in 774 bytes} [Thu Apr 16 13:55:19 2026] GET /v2.0/security-groups?tenant_id=5f2d9899888e48f1a86022e7465f0839&name=default => generated 2925 bytes in 287 msecs (HTTP/1.1 200) 4 headers in 158 bytes (1 switches on core 0) [pid: 8|app: 0|req: 932/2107] 10.0.0.133 () {32 vars in 740 bytes} [Thu Apr 16 13:55:20 2026] DELETE /v2.0/security-groups/83279a56-da64-46f5-8d4f-a8207305158a => generated 0 bytes in 160 msecs (HTTP/1.1 204) 2 headers in 112 bytes (1 switches on core 0)
2026-04-16 13:55:20.233 8 INFO neutron.api.v2.resource [None req-ffb6701d-bc5a-4138-9722-5161b9569dba 61e79d04e90d47548e5c3f0f95b1260a 3a4f51aa262344d1864993a90124f326 - - default default] show failed (client error): The resource could not be found. [pid: 8|app: 0|req: 933/2108] 10.0.0.133 () {32 vars in 737 bytes} [Thu Apr 16 13:55:20 2026] GET /v2.0/security-groups/83279a56-da64-46f5-8d4f-a8207305158a => generated 146 bytes in 17 msecs (HTTP/1.1 404) 4 headers in 164 bytes (1 switches on core 0) [pid: 7|app: 0|req: 1176/2109] 10.0.0.133 () {32 vars in 740 bytes} [Thu Apr 16 13:55:20 2026] DELETE /v2.0/security-groups/b5389c53-f18c-44cf-a2d7-63f5a9c684b2 => generated 0 bytes in 280 msecs (HTTP/1.1 204) 2 headers in 112 bytes (1 switches on core 0)
2026-04-16 13:55:20.408 8 INFO neutron_taas.services.taas.taas_plugin [None req-cac4b029-4a4d-4905-a9e4-0106d4d434f3 61e79d04e90d47548e5c3f0f95b1260a 3a4f51aa262344d1864993a90124f326 - - default default] TaaS: Handle Delete Port: 1e053e33-aa31-43e0-9e63-f36c07760bb5
2026-04-16 13:55:20.410 8 INFO neutron_taas.services.taas.tap_mirror_plugin [None req-cac4b029-4a4d-4905-a9e4-0106d4d434f3 61e79d04e90d47548e5c3f0f95b1260a 3a4f51aa262344d1864993a90124f326 - - default default] Tap Mirror: Handle Delete Port: 1e053e33-aa31-43e0-9e63-f36c07760bb5 [pid: 7|app: 0|req: 1177/2110] 10.0.0.133 () {32 vars in 774 bytes} [Thu Apr 16 13:55:20 2026] GET /v2.0/security-groups?tenant_id=41d1502e94b646f888a7c191ead33dcb&name=default => generated 2925 bytes in 32 msecs (HTTP/1.1 200) 4 headers in 158 bytes (1 switches on core 0) [pid: 8|app: 0|req: 934/2111] 10.0.0.133 () {32 vars in 732 bytes} [Thu Apr 16 13:55:20 2026] DELETE /v2.0/floatingips/9a2e8de9-ba51-4c4e-a490-74576828e07d => generated 0 bytes in 316 msecs (HTTP/1.1 204) 2 headers in 112 bytes (1 switches on core 0) [pid: 8|app: 0|req: 935/2112] 10.0.0.133 () {32 vars in 740 bytes} [Thu Apr 16 13:55:20 2026] DELETE /v2.0/security-groups/fe00b352-f406-43a3-9923-47c5f2a5b19a => generated 0 bytes in 251 msecs (HTTP/1.1 204) 2 headers in 112 bytes (1 switches on core 0) [pid: 7|app: 0|req: 1178/2113] 10.0.0.133 () {32 vars in 740 bytes} [Thu Apr 16 13:55:20 2026] DELETE /v2.0/security-groups/766cd59a-cde1-4feb-9297-812144e35040 => generated 0 bytes in 371 msecs (HTTP/1.1 204) 2 headers in 112 bytes (1 switches on core 0)
2026-04-16 13:55:21.098 8 INFO neutron_taas.services.taas.taas_plugin [None req-3bf27b09-43ba-40ba-9bfa-e79482f6feff ba30503d54bd4d1386eb20b40fb60182 9b608b65782544c9b79f56ad37d7269c - - default default] TaaS: Handle Delete Port: 6c7fbbd8-40bd-4678-b32c-7db39873f39b
2026-04-16 13:55:21.100 8 INFO neutron_taas.services.taas.tap_mirror_plugin [None req-3bf27b09-43ba-40ba-9bfa-e79482f6feff ba30503d54bd4d1386eb20b40fb60182 9b608b65782544c9b79f56ad37d7269c - - default default] Tap Mirror: Handle Delete Port: 6c7fbbd8-40bd-4678-b32c-7db39873f39b [pid: 8|app: 0|req: 936/2114] 10.0.0.133 () {34 vars in 789 bytes} [Thu Apr 16 13:55:20 2026] PUT /v2.0/routers/990c2921-9760-4596-928f-043c9b493a49/remove_router_interface => generated 309 bytes in 963 msecs (HTTP/1.1 200) 4 headers in 157 bytes (1 switches on core 0) /var/lib/openstack/lib/python3.12/site-packages/pycadf/identifier.py:70: UserWarning: Invalid uuid: neutron. To ensure interoperability, identifiers should be a valid uuid. warnings.warn(('Invalid uuid: %s. To ensure interoperability, '
2026-04-16 13:55:22.110 7 INFO neutron_taas.services.taas.taas_plugin [None req-3e93fe51-3da0-48f5-8092-d343c6327369 ba30503d54bd4d1386eb20b40fb60182 9b608b65782544c9b79f56ad37d7269c - - default default] TaaS: Handle Delete Port: afe723f2-b7ca-4549-a64a-d53cdbd53bad
2026-04-16 13:55:22.116 7 INFO neutron_taas.services.taas.tap_mirror_plugin [None req-3e93fe51-3da0-48f5-8092-d343c6327369 ba30503d54bd4d1386eb20b40fb60182 9b608b65782544c9b79f56ad37d7269c - - default default] Tap Mirror: Handle Delete Port: afe723f2-b7ca-4549-a64a-d53cdbd53bad
2026-04-16 13:55:22.192 8 INFO neutron.db.ovn_revision_numbers_db [None req-9c880673-1b51-4644-820d-021fd9501c0e efd870ca3c334166bd10e412d05571d9 90edb3cd8e2741f493a76ea9e88bead0 - - default default] Successfully bumped revision number for resource 43a9da97-3462-4f44-9e0e-073d6a90e3f0 (type: security_groups) to 1
2026-04-16 13:55:22.210 8 INFO neutron.db.ovn_revision_numbers_db [None req-9c880673-1b51-4644-820d-021fd9501c0e efd870ca3c334166bd10e412d05571d9 90edb3cd8e2741f493a76ea9e88bead0 - - default default] Successfully bumped revision number for resource 36b24bbd-ecc9-472a-8f8d-a82f9583069c (type: security_group_rules) to 0
2026-04-16 13:55:22.225 8 INFO neutron.db.ovn_revision_numbers_db [None req-9c880673-1b51-4644-820d-021fd9501c0e efd870ca3c334166bd10e412d05571d9 90edb3cd8e2741f493a76ea9e88bead0 - - default default] Successfully bumped revision number for resource 3a0a5057-8394-4bc0-8b31-a507e4d35959 (type: security_group_rules) to 0
2026-04-16 13:55:22.236 8 INFO neutron.db.ovn_revision_numbers_db [None req-9c880673-1b51-4644-820d-021fd9501c0e efd870ca3c334166bd10e412d05571d9 90edb3cd8e2741f493a76ea9e88bead0 - - default default] Successfully bumped revision number for resource 78bd1725-be30-4826-872f-720a47f48eb0 (type: security_group_rules) to 0
2026-04-16 13:55:22.248 8 INFO neutron.db.ovn_revision_numbers_db [None req-9c880673-1b51-4644-820d-021fd9501c0e efd870ca3c334166bd10e412d05571d9 90edb3cd8e2741f493a76ea9e88bead0 - - default default] Successfully bumped revision number for resource c028837e-fcbf-43bd-847e-5725343c621a (type: security_group_rules) to 0
2026-04-16 13:55:22.347 8 INFO neutron.db.segments_db [None req-9c880673-1b51-4644-820d-021fd9501c0e efd870ca3c334166bd10e412d05571d9 90edb3cd8e2741f493a76ea9e88bead0 - - default default] Added segment 2c8072ff-2587-477c-b793-07ebbb991e39 of type geneve for network 0d5de8fb-3ffd-4725-b659-a6bdf7d75b80
2026-04-16 13:55:22.503 8 INFO neutron.db.ovn_revision_numbers_db [None req-9c880673-1b51-4644-820d-021fd9501c0e efd870ca3c334166bd10e412d05571d9 90edb3cd8e2741f493a76ea9e88bead0 - - default default] Successfully bumped revision number for resource 0d5de8fb-3ffd-4725-b659-a6bdf7d75b80 (type: networks) to 1 [pid: 7|app: 0|req: 1179/2115] 10.0.0.133 () {32 vars in 724 bytes} [Thu Apr 16 13:55:21 2026] DELETE /v2.0/routers/990c2921-9760-4596-928f-043c9b493a49 => generated 0 bytes in 825 msecs (HTTP/1.1 204) 2 headers in 112 bytes (1 switches on core 0)
2026-04-16 13:55:22.767 8 WARNING neutron.scheduler.dhcp_agent_scheduler [None req-9c880673-1b51-4644-820d-021fd9501c0e efd870ca3c334166bd10e412d05571d9 90edb3cd8e2741f493a76ea9e88bead0 - - default default] No more DHCP agents
2026-04-16 13:55:22.769 8 WARNING neutron.api.rpc.agentnotifiers.dhcp_rpc_agent_api [None req-9c880673-1b51-4644-820d-021fd9501c0e efd870ca3c334166bd10e412d05571d9 90edb3cd8e2741f493a76ea9e88bead0 - - default default] Unable to schedule network 0d5de8fb-3ffd-4725-b659-a6bdf7d75b80: no agents available; will retry on subsequent port and subnet creation events. [pid: 7|app: 0|req: 1180/2116] 10.0.0.133 () {32 vars in 724 bytes} [Thu Apr 16 13:55:22 2026] DELETE /v2.0/subnets/3964fb60-378e-4dd0-99a9-77f99f772d44 => generated 0 bytes in 169 msecs (HTTP/1.1 204) 3 headers in 131 bytes (1 switches on core 0)
2026-04-16 13:55:22.846 8 INFO neutron.plugins.ml2.drivers.ovn.mech_driver.mech_driver [None req-ee68fbd4-fbb9-47d4-b1e3-39e7ceba836b - - - - - -] OVN reports status down for port: ab09f871-105d-4298-ab94-be3c3291534b
2026-04-16 13:55:22.907 8 INFO neutron.db.ovn_revision_numbers_db [None req-9c880673-1b51-4644-820d-021fd9501c0e efd870ca3c334166bd10e412d05571d9 90edb3cd8e2741f493a76ea9e88bead0 - - default default] Successfully bumped revision number for resource ab09f871-105d-4298-ab94-be3c3291534b (type: ports) to 1 [pid: 8|app: 0|req: 937/2117] 10.0.0.133 () {34 vars in 670 bytes} [Thu Apr 16 13:55:21 2026] POST /v2.0/networks => generated 646 bytes in 1125 msecs (HTTP/1.1 201) 4 headers in 162 bytes (1 switches on core 0)
2026-04-16 13:55:22.994 7 INFO neutron_taas.services.taas.taas_plugin [None req-bb849932-b0e9-48e9-9525-1cf985508b1a ba30503d54bd4d1386eb20b40fb60182 9b608b65782544c9b79f56ad37d7269c - - default default] TaaS: Handle Delete Port: 10e0d8ab-8093-48c6-bd69-ade64157f187
2026-04-16 13:55:22.997 7 INFO neutron_taas.services.taas.tap_mirror_plugin [None req-bb849932-b0e9-48e9-9525-1cf985508b1a ba30503d54bd4d1386eb20b40fb60182 9b608b65782544c9b79f56ad37d7269c - - default default] Tap Mirror: Handle Delete Port: 10e0d8ab-8093-48c6-bd69-ade64157f187
2026-04-16 13:55:23.193 8 WARNING neutron.scheduler.dhcp_agent_scheduler [None req-8201273f-5ef2-454e-88a5-5bd601b02bb9 efd870ca3c334166bd10e412d05571d9 90edb3cd8e2741f493a76ea9e88bead0 - - default default] No more DHCP agents
2026-04-16 13:55:23.195 8 WARNING neutron.api.rpc.agentnotifiers.dhcp_rpc_agent_api [None req-8201273f-5ef2-454e-88a5-5bd601b02bb9 efd870ca3c334166bd10e412d05571d9 90edb3cd8e2741f493a76ea9e88bead0 - - default default] Unable to schedule network 0d5de8fb-3ffd-4725-b659-a6bdf7d75b80: no agents available; will retry on subsequent port and subnet creation events.
2026-04-16 13:55:23.204 7 INFO neutron.services.segments.plugin [-] Segment afbdd0fa-001a-450a-b11b-9223694f2174 resource provider aggregate not found
2026-04-16 13:55:23.210 7 INFO neutron.services.segments.plugin [-] Segment afbdd0fa-001a-450a-b11b-9223694f2174 resource provider aggregate not found
2026-04-16 13:55:23.233 7 INFO neutron.services.segments.plugin [-] Segment afbdd0fa-001a-450a-b11b-9223694f2174 resource provider not found; error: Placement Client Error (4xx): {"errors": [{"status": 404, "title": "Not Found", "detail": "The resource could not be found.\n\n No resource provider with uuid afbdd0fa-001a-450a-b11b-9223694f2174 found for delete ", "request_id": "req-0a0cd7f1-b7ee-43ac-b0cd-06693872f849"}]}
2026-04-16 13:55:23.250 7 INFO neutron.services.segments.plugin [-] Segment afbdd0fa-001a-450a-b11b-9223694f2174 resource provider not found; error: Placement Client Error (4xx): {"errors": [{"status": 404, "title": "Not Found", "detail": "The resource could not be found.\n\n No resource provider with uuid afbdd0fa-001a-450a-b11b-9223694f2174 found for delete ", "request_id": "req-c4a88ee0-ce68-4753-9b24-95503528a8ec"}]} [pid: 7|app: 0|req: 1181/2118] 10.0.0.133 () {32 vars in 726 bytes} [Thu Apr 16 13:55:22 2026] DELETE /v2.0/networks/e4f5909f-bb54-402f-93dc-0bf4094c223f => generated 0 bytes in 473 msecs (HTTP/1.1 204) 3 headers in 131 bytes (1 switches on core 0)
2026-04-16 13:55:23.590 7 INFO neutron_taas.services.taas.taas_plugin [None req-abfce219-555b-408b-88fd-7f318c8b7482 ba30503d54bd4d1386eb20b40fb60182 9b608b65782544c9b79f56ad37d7269c - - default default] TaaS: Handle Delete Port: c9db1cdd-fa4e-40db-8514-3f96e39fc118
2026-04-16 13:55:23.594 7 INFO neutron_taas.services.taas.tap_mirror_plugin [None req-abfce219-555b-408b-88fd-7f318c8b7482 ba30503d54bd4d1386eb20b40fb60182 9b608b65782544c9b79f56ad37d7269c - - default default] Tap Mirror: Handle Delete Port: c9db1cdd-fa4e-40db-8514-3f96e39fc118
2026-04-16 13:55:23.722 8 INFO neutron.db.ovn_revision_numbers_db [None req-3eed8ea4-f1c4-428b-a22f-996d86257e90 - - - - - -] Successfully bumped revision number for resource ab09f871-105d-4298-ab94-be3c3291534b (type: ports) to 2
2026-04-16 13:55:23.764 8 INFO neutron.db.ovn_revision_numbers_db [None req-3eed8ea4-f1c4-428b-a22f-996d86257e90 - - - - - -] Successfully bumped revision number for resource a2c9bda9-30a0-4cb7-8072-d3275db65650 (type: subnets) to 0 [pid: 8|app: 0|req: 938/2119] 10.0.0.133 () {34 vars in 669 bytes} [Thu Apr 16 13:55:22 2026] POST /v2.0/subnets => generated 626 bytes in 821 msecs (HTTP/1.1 201) 4 headers in 162 bytes (1 switches on core 0)
2026-04-16 13:55:24.259 8 WARNING neutron.scheduler.dhcp_agent_scheduler [None req-3833368f-775f-4c09-821f-ad4fc006fc9c efd870ca3c334166bd10e412d05571d9 90edb3cd8e2741f493a76ea9e88bead0 - - default default] No more DHCP agents
2026-04-16 13:55:24.260 8 WARNING neutron.api.rpc.agentnotifiers.dhcp_rpc_agent_api [None req-3833368f-775f-4c09-821f-ad4fc006fc9c efd870ca3c334166bd10e412d05571d9 90edb3cd8e2741f493a76ea9e88bead0 - - default default] Unable to schedule network 407aaeed-d978-41e3-9a39-6c80ad12c458: no agents available; will retry on subsequent port and subnet creation events. [pid: 7|app: 0|req: 1182/2120] 10.0.0.133 () {34 vars in 789 bytes} [Thu Apr 16 13:55:23 2026] PUT /v2.0/routers/a889cb21-e62b-40c8-823a-49021c4a5bdc/remove_router_interface => generated 309 bytes in 1033 msecs (HTTP/1.1 200) 4 headers in 157 bytes (1 switches on core 0) /var/lib/openstack/lib/python3.12/site-packages/pycadf/identifier.py:70: UserWarning: Invalid uuid: neutron. To ensure interoperability, identifiers should be a valid uuid. warnings.warn(('Invalid uuid: %s. To ensure interoperability, '
2026-04-16 13:55:24.455 8 INFO neutron.plugins.ml2.drivers.ovn.mech_driver.mech_driver [None req-ee68fbd4-fbb9-47d4-b1e3-39e7ceba836b - - - - - -] OVN reports status down for port: 9f71c516-0e71-4c28-ad95-32f792b97e70
2026-04-16 13:55:24.514 8 INFO neutron.db.ovn_revision_numbers_db [None req-3833368f-775f-4c09-821f-ad4fc006fc9c efd870ca3c334166bd10e412d05571d9 90edb3cd8e2741f493a76ea9e88bead0 - - default default] Successfully bumped revision number for resource 9f71c516-0e71-4c28-ad95-32f792b97e70 (type: ports) to 1
2026-04-16 13:55:24.661 7 INFO neutron_taas.services.taas.taas_plugin [None req-ab08e04c-dddb-4b3d-9b1c-147bfc18269d ba30503d54bd4d1386eb20b40fb60182 9b608b65782544c9b79f56ad37d7269c - - default default] TaaS: Handle Delete Port: 636f8a80-a951-4187-a923-d2fe039a8bf6
2026-04-16 13:55:24.665 7 INFO neutron_taas.services.taas.tap_mirror_plugin [None req-ab08e04c-dddb-4b3d-9b1c-147bfc18269d ba30503d54bd4d1386eb20b40fb60182 9b608b65782544c9b79f56ad37d7269c - - default default] Tap Mirror: Handle Delete Port: 636f8a80-a951-4187-a923-d2fe039a8bf6 [pid: 7|app: 0|req: 1183/2121] 10.0.0.133 () {32 vars in 724 bytes} [Thu Apr 16 13:55:24 2026] DELETE /v2.0/routers/a889cb21-e62b-40c8-823a-49021c4a5bdc => generated 0 bytes in 816 msecs (HTTP/1.1 204) 2 headers in 112 bytes (1 switches on core 0)
2026-04-16 13:55:25.243 8 INFO neutron.plugins.ml2.drivers.ovn.mech_driver.ovsdb.commands [None req-14689579-d9c8-486a-a118-2b4e58164722 - - - - - -] Schedule LRP lrp-9f71c516-0e71-4c28-ad95-32f792b97e70 on gateway 7b4f14fb-b2a8-464c-939b-e3e685943c00 with priority 1
2026-04-16 13:55:25.320 8 INFO neutron.plugins.ml2.drivers.ovn.mech_driver.mech_driver [None req-ee68fbd4-fbb9-47d4-b1e3-39e7ceba836b - - - - - -] OVN reports status up for port: 9f71c516-0e71-4c28-ad95-32f792b97e70
2026-04-16 13:55:25.349 8 INFO neutron.plugins.ml2.plugin [None req-ee68fbd4-fbb9-47d4-b1e3-39e7ceba836b - - - - - -] Attempt 1 to provision port 9f71c516-0e71-4c28-ad95-32f792b97e70
2026-04-16 13:55:25.371 8 INFO neutron.db.ovn_revision_numbers_db [None req-3833368f-775f-4c09-821f-ad4fc006fc9c efd870ca3c334166bd10e412d05571d9 90edb3cd8e2741f493a76ea9e88bead0 - - default default] Successfully bumped revision number for resource 9f71c516-0e71-4c28-ad95-32f792b97e70 (type: router_ports) to 1
2026-04-16 13:55:25.488 8 INFO neutron.db.ovn_revision_numbers_db [None req-3833368f-775f-4c09-821f-ad4fc006fc9c efd870ca3c334166bd10e412d05571d9 90edb3cd8e2741f493a76ea9e88bead0 - - default default] Successfully bumped revision number for resource c3273916-a076-4bc8-8515-8cad51b252f6 (type: routers) to 2 [pid: 8|app: 0|req: 939/2122] 10.0.0.133 () {34 vars in 669 bytes} [Thu Apr 16 13:55:23 2026] POST /v2.0/routers => generated 935 bytes in 1722 msecs (HTTP/1.1 201) 4 headers in 162 bytes (1 switches on core 0)
2026-04-16 13:55:25.543 7 WARNING neutron.scheduler.dhcp_agent_scheduler [None req-38f87ae8-94d3-4551-a5c5-cc0ba87a8b26 4c67b74d76074b27bd39b44a18518ddb 6cce002ed11045f3990a4346ea144354 - - default default] No more DHCP agents
2026-04-16 13:55:25.545 7 WARNING neutron.api.rpc.agentnotifiers.dhcp_rpc_agent_api [None req-38f87ae8-94d3-4551-a5c5-cc0ba87a8b26 4c67b74d76074b27bd39b44a18518ddb 6cce002ed11045f3990a4346ea144354 - - default default] Unable to schedule network 407aaeed-d978-41e3-9a39-6c80ad12c458: no agents available; will retry on subsequent port and subnet creation events. [pid: 8|app: 0|req: 940/2123] 10.0.0.133 () {32 vars in 724 bytes} [Thu Apr 16 13:55:25 2026] DELETE /v2.0/subnets/4ee9a48c-887b-4264-98f2-b160606f29c1 => generated 0 bytes in 168 msecs (HTTP/1.1 204) 3 headers in 131 bytes (1 switches on core 0) [pid: 7|app: 0|req: 1184/2124] 10.0.0.133 () {34 vars in 676 bytes} [Thu Apr 16 13:55:25 2026] POST /v2.0/floatingips => generated 552 bytes in 662 msecs (HTTP/1.1 201) 4 headers in 162 bytes (1 switches on core 0)
2026-04-16 13:55:25.906 7 INFO neutron_taas.services.taas.taas_plugin [None req-f63dbfdd-5c21-40ff-bf31-249ff8990ec5 ba30503d54bd4d1386eb20b40fb60182 9b608b65782544c9b79f56ad37d7269c - - default default] TaaS: Handle Delete Port: e58e9085-f462-45ce-9f10-41b39946660d
2026-04-16 13:55:25.909 7 INFO neutron_taas.services.taas.tap_mirror_plugin [None req-f63dbfdd-5c21-40ff-bf31-249ff8990ec5 ba30503d54bd4d1386eb20b40fb60182 9b608b65782544c9b79f56ad37d7269c - - default default] Tap Mirror: Handle Delete Port: e58e9085-f462-45ce-9f10-41b39946660d
2026-04-16 13:55:26.094 7 INFO neutron.services.segments.plugin [-] Segment 8dd2ac50-67fe-49ce-88a1-88d37ffed85d resource provider aggregate not found
2026-04-16 13:55:26.099 7 INFO neutron.services.segments.plugin [-] Segment 8dd2ac50-67fe-49ce-88a1-88d37ffed85d resource provider aggregate not found
2026-04-16 13:55:26.110 7 INFO neutron.services.segments.plugin [-] Segment 8dd2ac50-67fe-49ce-88a1-88d37ffed85d resource provider not found; error: Placement Client Error (4xx): {"errors": [{"status": 404, "title": "Not Found", "detail": "The resource could not be found.\n\n No resource provider with uuid 8dd2ac50-67fe-49ce-88a1-88d37ffed85d found for delete ", "request_id": "req-e7a7ef4a-26bb-4654-9619-04a475126bb9"}]}
2026-04-16 13:55:26.114 7 INFO neutron.services.segments.plugin [-] Segment 8dd2ac50-67fe-49ce-88a1-88d37ffed85d resource provider not found; error: Placement Client Error (4xx): {"errors": [{"status": 404, "title": "Not Found", "detail": "The resource could not be found.\n\n No resource provider with uuid 8dd2ac50-67fe-49ce-88a1-88d37ffed85d found for delete ", "request_id": "req-31ab0277-86e3-4157-b754-666f9ebf65f6"}]} [pid: 7|app: 0|req: 1185/2125] 10.0.0.133 () {32 vars in 726 bytes} [Thu Apr 16 13:55:25 2026] DELETE /v2.0/networks/f3148ad6-546d-4776-80df-8042b6eee187 => generated 0 bytes in 350 msecs (HTTP/1.1 204) 3 headers in 131 bytes (1 switches on core 0)
2026-04-16 13:55:26.257 8 WARNING neutron.scheduler.dhcp_agent_scheduler [None req-5a3f201e-515c-4fd1-b7b9-3bc1c22a10f2 efd870ca3c334166bd10e412d05571d9 90edb3cd8e2741f493a76ea9e88bead0 - - default default] No more DHCP agents
2026-04-16 13:55:26.258 8 WARNING neutron.api.rpc.agentnotifiers.dhcp_rpc_agent_api [None req-5a3f201e-515c-4fd1-b7b9-3bc1c22a10f2 efd870ca3c334166bd10e412d05571d9 90edb3cd8e2741f493a76ea9e88bead0 - - default default] Unable to schedule network 0d5de8fb-3ffd-4725-b659-a6bdf7d75b80: no agents available; will retry on subsequent port and subnet creation events.
2026-04-16 13:55:26.347 7 WARNING neutron.scheduler.dhcp_agent_scheduler [None req-0f0300f0-b9ed-4d1c-bdad-47949713da42 4c67b74d76074b27bd39b44a18518ddb 6cce002ed11045f3990a4346ea144354 - - default default] No more DHCP agents
2026-04-16 13:55:26.349 7 WARNING neutron.api.rpc.agentnotifiers.dhcp_rpc_agent_api [None req-0f0300f0-b9ed-4d1c-bdad-47949713da42 4c67b74d76074b27bd39b44a18518ddb 6cce002ed11045f3990a4346ea144354 - - default default] Unable to schedule network 407aaeed-d978-41e3-9a39-6c80ad12c458: no agents available; will retry on subsequent port and subnet creation events.
2026-04-16 13:55:26.435 8 INFO neutron.db.ovn_revision_numbers_db [None req-5a3f201e-515c-4fd1-b7b9-3bc1c22a10f2 efd870ca3c334166bd10e412d05571d9 90edb3cd8e2741f493a76ea9e88bead0 - - default default] Successfully bumped revision number for resource ca794697-fb0f-4d77-bc4f-1361a1af4172 (type: ports) to 1 [pid: 7|app: 0|req: 1186/2126] 10.0.0.133 () {34 vars in 676 bytes} [Thu Apr 16 13:55:26 2026] POST /v2.0/floatingips => generated 552 bytes in 500 msecs (HTTP/1.1 201) 4 headers in 162 bytes (1 switches on core 0) [pid: 7|app: 0|req: 1187/2127] 10.0.0.133 () {32 vars in 774 bytes} [Thu Apr 16 13:55:26 2026] GET /v2.0/security-groups?tenant_id=3a4f51aa262344d1864993a90124f326&name=default => generated 2925 bytes in 24 msecs (HTTP/1.1 200) 4 headers in 158 bytes (1 switches on core 0)
2026-04-16 13:55:26.880 7 WARNING neutron.scheduler.dhcp_agent_scheduler [None req-83632c98-e8e8-4943-9352-a43ffc186c19 4c67b74d76074b27bd39b44a18518ddb 6cce002ed11045f3990a4346ea144354 - - default default] No more DHCP agents
2026-04-16 13:55:26.882 7 WARNING neutron.api.rpc.agentnotifiers.dhcp_rpc_agent_api [None req-83632c98-e8e8-4943-9352-a43ffc186c19 4c67b74d76074b27bd39b44a18518ddb 6cce002ed11045f3990a4346ea144354 - - default default] Unable to schedule network 407aaeed-d978-41e3-9a39-6c80ad12c458: no agents available; will retry on subsequent port and subnet creation events. [pid: 7|app: 0|req: 1188/2128] 10.0.0.133 () {34 vars in 676 bytes} [Thu Apr 16 13:55:26 2026] POST /v2.0/floatingips => generated 552 bytes in 489 msecs (HTTP/1.1 201) 4 headers in 162 bytes (1 switches on core 0)
2026-04-16 13:55:27.189 8 WARNING neutron.scheduler.dhcp_agent_scheduler [None req-5a3f201e-515c-4fd1-b7b9-3bc1c22a10f2 efd870ca3c334166bd10e412d05571d9 90edb3cd8e2741f493a76ea9e88bead0 - - default default] No more DHCP agents
2026-04-16 13:55:27.191 8 WARNING neutron.api.rpc.agentnotifiers.dhcp_rpc_agent_api [None req-5a3f201e-515c-4fd1-b7b9-3bc1c22a10f2 efd870ca3c334166bd10e412d05571d9 90edb3cd8e2741f493a76ea9e88bead0 - - default default] Unable to schedule network 0d5de8fb-3ffd-4725-b659-a6bdf7d75b80: no agents available; will retry on subsequent port and subnet creation events. [pid: 7|app: 0|req: 1189/2129] 10.0.0.133 () {32 vars in 740 bytes} [Thu Apr 16 13:55:27 2026] DELETE /v2.0/security-groups/95034694-c770-4b26-9639-64af3f4f4f07 => generated 0 bytes in 262 msecs (HTTP/1.1 204) 2 headers in 112 bytes (1 switches on core 0)
2026-04-16 13:55:27.709 8 INFO neutron.db.ovn_revision_numbers_db [None req-5a3f201e-515c-4fd1-b7b9-3bc1c22a10f2 efd870ca3c334166bd10e412d05571d9 90edb3cd8e2741f493a76ea9e88bead0 - - default default] Successfully bumped revision number for resource ca794697-fb0f-4d77-bc4f-1361a1af4172 (type: router_ports) to 1 [pid: 8|app: 0|req: 941/2130] 10.0.0.133 () {34 vars in 783 bytes} [Thu Apr 16 13:55:25 2026] PUT /v2.0/routers/c3273916-a076-4bc8-8515-8cad51b252f6/add_router_interface => generated 309 bytes in 2036 msecs (HTTP/1.1 200) 4 headers in 157 bytes (1 switches on core 0)
2026-04-16 13:55:27.728 7 WARNING neutron.scheduler.dhcp_agent_scheduler [None req-35685694-f2d2-4330-8d26-01ea903d201e 4c67b74d76074b27bd39b44a18518ddb 6cce002ed11045f3990a4346ea144354 - - default default] No more DHCP agents
2026-04-16 13:55:27.729 7 WARNING neutron.api.rpc.agentnotifiers.dhcp_rpc_agent_api [None req-35685694-f2d2-4330-8d26-01ea903d201e 4c67b74d76074b27bd39b44a18518ddb 6cce002ed11045f3990a4346ea144354 - - default default] Unable to schedule network 407aaeed-d978-41e3-9a39-6c80ad12c458: no agents available; will retry on subsequent port and subnet creation events. [pid: 8|app: 0|req: 942/2131] 10.0.0.133 () {32 vars in 774 bytes} [Thu Apr 16 13:55:27 2026] GET /v2.0/security-groups?tenant_id=e1a5aa0c1e334bfb81ea2e2316285b55&name=default => generated 2925 bytes in 30 msecs (HTTP/1.1 200) 4 headers in 158 bytes (1 switches on core 0) [pid: 7|app: 0|req: 1190/2132] 10.0.0.133 () {34 vars in 676 bytes} [Thu Apr 16 13:55:27 2026] POST /v2.0/floatingips => generated 552 bytes in 603 msecs (HTTP/1.1 201) 4 headers in 162 bytes (1 switches on core 0) [pid: 7|app: 0|req: 1191/2133] 10.0.0.133 () {32 vars in 740 bytes} [Thu Apr 16 13:55:28 2026] DELETE /v2.0/security-groups/1b6f6561-a997-4138-928b-439de5645d9d => generated 0 bytes in 268 msecs (HTTP/1.1 204) 2 headers in 112 bytes (1 switches on core 0)
2026-04-16 13:55:28.526 7 WARNING neutron.scheduler.dhcp_agent_scheduler [None req-b58de7f8-8a81-485c-a177-63a830f8f608 4c67b74d76074b27bd39b44a18518ddb 6cce002ed11045f3990a4346ea144354 - - default default] No more DHCP agents
2026-04-16 13:55:28.527 7 WARNING neutron.api.rpc.agentnotifiers.dhcp_rpc_agent_api [None req-b58de7f8-8a81-485c-a177-63a830f8f608 4c67b74d76074b27bd39b44a18518ddb 6cce002ed11045f3990a4346ea144354 - - default default] Unable to schedule network 407aaeed-d978-41e3-9a39-6c80ad12c458: no agents available; will retry on subsequent port and subnet creation events. [pid: 7|app: 0|req: 1192/2134] 10.0.0.133 () {34 vars in 676 bytes} [Thu Apr 16 13:55:28 2026] POST /v2.0/floatingips => generated 552 bytes in 520 msecs (HTTP/1.1 201) 4 headers in 162 bytes (1 switches on core 0) [pid: 7|app: 0|req: 1195/2137] 10.0.0.133 () {34 vars in 759 bytes} [Thu Apr 16 13:55:28 2026] PUT /v2.0/floatingips/6f0debf4-f87f-4ae5-b8e7-7a62e2399b83/tags => generated 17 bytes in 38 msecs (HTTP/1.1 200) 4 headers in 156 bytes (1 switches on core 0) [pid: 7|app: 0|req: 1196/2138] 10.0.0.133 () {34 vars in 759 bytes} [Thu Apr 16 13:55:28 2026] PUT /v2.0/floatingips/dfaf0180-a7cf-4568-a6c7-e535e27277d4/tags => generated 25 bytes in 52 msecs (HTTP/1.1 200) 4 headers in 156 bytes (1 switches on core 0)
2026-04-16 13:55:28.960 8 WARNING neutron.scheduler.dhcp_agent_scheduler [None req-cc0b6ea4-1115-4e48-add9-844a7eda6e05 - - - - - -] No more DHCP agents
2026-04-16 13:55:28.961 8 WARNING neutron.api.rpc.agentnotifiers.dhcp_rpc_agent_api [None req-cc0b6ea4-1115-4e48-add9-844a7eda6e05 - - - - - -] Unable to schedule network 407aaeed-d978-41e3-9a39-6c80ad12c458: no agents available; will retry on subsequent port and subnet creation events. [pid: 7|app: 0|req: 1197/2139] 10.0.0.133 () {34 vars in 759 bytes} [Thu Apr 16 13:55:28 2026] PUT /v2.0/floatingips/29639a26-14fb-41bf-866d-5948fb5aa769/tags => generated 34 bytes in 48 msecs (HTTP/1.1 200) 4 headers in 156 bytes (1 switches on core 0) [pid: 7|app: 0|req: 1198/2140] 10.0.0.133 () {34 vars in 759 bytes} [Thu Apr 16 13:55:28 2026] PUT /v2.0/floatingips/dad1f122-81b4-40a2-82f8-ec65fe6d7f74/tags => generated 19 bytes in 47 msecs (HTTP/1.1 200) 4 headers in 156 bytes (1 switches on core 0) [pid: 7|app: 0|req: 1199/2141] 10.0.0.133 () {32 vars in 672 bytes} [Thu Apr 16 13:55:29 2026] GET /v2.0/floatingips?tags=red => generated 1671 bytes in 92 msecs (HTTP/1.1 200) 4 headers in 158 bytes (1 switches on core 0)
2026-04-16 13:55:29.159 8 INFO neutron.db.ovn_revision_numbers_db [None req-cc0b6ea4-1115-4e48-add9-844a7eda6e05 - - - - - -] Successfully bumped revision number for resource 25b8a565-4c53-4ca3-9576-27e903111c32 (type: ports) to 1 [pid: 7|app: 0|req: 1200/2142] 10.0.0.133 () {32 vars in 686 bytes} [Thu Apr 16 13:55:29 2026] GET /v2.0/floatingips?tags=red%2Cblue => generated 1128 bytes in 76 msecs (HTTP/1.1 200) 4 headers in 158 bytes (1 switches on core 0) [pid: 7|app: 0|req: 1201/2143] 10.0.0.133 () {32 vars in 682 bytes} [Thu Apr 16 13:55:29 2026] GET /v2.0/floatingips?tags-any=blue => generated 1128 bytes in 63 msecs (HTTP/1.1 200) 4 headers in 158 bytes (1 switches on core 0) [pid: 7|app: 0|req: 1202/2144] 10.0.0.133 () {32 vars in 694 bytes} [Thu Apr 16 13:55:29 2026] GET /v2.0/floatingips?tags-any=red%2Cblue => generated 1671 bytes in 21 msecs (HTTP/1.1 200) 4 headers in 158 bytes (1 switches on core 0) [pid: 7|app: 0|req: 1203/2145] 10.0.0.133 () {32 vars in 680 bytes} [Thu Apr 16 13:55:29 2026] GET /v2.0/floatingips?not-tags=red => generated 1100 bytes in 68 msecs (HTTP/1.1 200) 4 headers in 158 bytes (1 switches on core 0)
2026-04-16 13:55:29.435 8 INFO neutron.db.ovn_revision_numbers_db [None req-cc0b6ea4-1115-4e48-add9-844a7eda6e05 - - - - - -] Successfully bumped revision number for resource 25b8a565-4c53-4ca3-9576-27e903111c32 (type: ports) to 3 [pid: 7|app: 0|req: 1204/2146] 10.0.0.133 () {32 vars in 694 bytes} [Thu Apr 16 13:55:29 2026] GET /v2.0/floatingips?not-tags=red%2Cblue => generated 1643 bytes in 100 msecs (HTTP/1.1 200) 4 headers in 158 bytes (1 switches on core 0)
2026-04-16 13:55:29.507 8 INFO neutron.db.segments_db [None req-cc0b6ea4-1115-4e48-add9-844a7eda6e05 - - - - - -] Added segment a7c4ff3a-8ef0-4318-b70e-7f5fcd3ab781 of type geneve for network 283d179c-4f93-4cba-b6ff-61f5d0693252 [pid: 7|app: 0|req: 1205/2147] 10.0.0.133 () {32 vars in 690 bytes} [Thu Apr 16 13:55:29 2026] GET /v2.0/floatingips?not-tags-any=blue => generated 1643 bytes in 59 msecs (HTTP/1.1 200) 4 headers in 158 bytes (1 switches on core 0) [pid: 7|app: 0|req: 1206/2148] 10.0.0.133 () {32 vars in 702 bytes} [Thu Apr 16 13:55:29 2026] GET /v2.0/floatingips?not-tags-any=red%2Cblue => generated 1100 bytes in 27 msecs (HTTP/1.1 200) 4 headers in 158 bytes (1 switches on core 0)
2026-04-16 13:55:29.627 8 INFO neutron.db.ovn_revision_numbers_db [None req-7e0c780e-f1c0-4122-bb21-e60a690cf055 - - - - - -] Successfully bumped revision number for resource 283d179c-4f93-4cba-b6ff-61f5d0693252 (type: networks) to 1
2026-04-16 13:55:29.723 7 INFO neutron_taas.services.taas.taas_plugin [None req-38fd20c0-8495-4119-8318-6ce754326e84 4c67b74d76074b27bd39b44a18518ddb 6cce002ed11045f3990a4346ea144354 - - default default] TaaS: Handle Delete Port: 75af4758-dc44-4105-bc95-275691861884
2026-04-16 13:55:29.726 7 INFO neutron_taas.services.taas.tap_mirror_plugin [None req-38fd20c0-8495-4119-8318-6ce754326e84 4c67b74d76074b27bd39b44a18518ddb 6cce002ed11045f3990a4346ea144354 - - default default] Tap Mirror: Handle Delete Port: 75af4758-dc44-4105-bc95-275691861884
2026-04-16 13:55:29.759 8 WARNING neutron.scheduler.dhcp_agent_scheduler [None req-7e0c780e-f1c0-4122-bb21-e60a690cf055 - - - - - -] No more DHCP agents
2026-04-16 13:55:29.760 8 WARNING neutron.api.rpc.agentnotifiers.dhcp_rpc_agent_api [None req-7e0c780e-f1c0-4122-bb21-e60a690cf055 - - - - - -] Unable to schedule network 283d179c-4f93-4cba-b6ff-61f5d0693252: no agents available; will retry on subsequent port and subnet creation events.
2026-04-16 13:55:29.860 8 INFO neutron.db.ovn_revision_numbers_db [None req-7e0c780e-f1c0-4122-bb21-e60a690cf055 - - - - - -] Successfully bumped revision number for resource 0d88e0f9-9380-4fea-b8a0-5bb0edefcb8b (type: ports) to 1 [pid: 7|app: 0|req: 1207/2149] 10.0.0.133 () {32 vars in 732 bytes} [Thu Apr 16 13:55:29 2026] DELETE /v2.0/floatingips/6f0debf4-f87f-4ae5-b8e7-7a62e2399b83 => generated 0 bytes in 350 msecs (HTTP/1.1 204) 2 headers in 112 bytes (1 switches on core 0)
2026-04-16 13:55:29.973 8 WARNING neutron.scheduler.dhcp_agent_scheduler [None req-7e0c780e-f1c0-4122-bb21-e60a690cf055 - - - - - -] No more DHCP agents
2026-04-16 13:55:29.975 8 WARNING neutron.api.rpc.agentnotifiers.dhcp_rpc_agent_api [None req-7e0c780e-f1c0-4122-bb21-e60a690cf055 - - - - - -] Unable to schedule network 283d179c-4f93-4cba-b6ff-61f5d0693252: no agents available; will retry on subsequent port and subnet creation events.
2026-04-16 13:55:29.998 8 INFO neutron.db.ovn_revision_numbers_db [None req-7e0c780e-f1c0-4122-bb21-e60a690cf055 - - - - - -] Successfully bumped revision number for resource 2f76e438-2ef2-4e7b-adf6-379fa79339e9 (type: subnets) to 0
2026-04-16 13:55:30.066 7 INFO neutron_taas.services.taas.taas_plugin [None req-e1815713-74c0-47c9-a0a9-1761350ea50d 4c67b74d76074b27bd39b44a18518ddb 6cce002ed11045f3990a4346ea144354 - - default default] TaaS: Handle Delete Port: 284f3b1c-8bd2-4b73-a022-735b46d28e3d
2026-04-16 13:55:30.069 7 INFO neutron_taas.services.taas.tap_mirror_plugin [None req-e1815713-74c0-47c9-a0a9-1761350ea50d 4c67b74d76074b27bd39b44a18518ddb 6cce002ed11045f3990a4346ea144354 - - default default] Tap Mirror: Handle Delete Port: 284f3b1c-8bd2-4b73-a022-735b46d28e3d [pid: 7|app: 0|req: 1208/2150] 10.0.0.133 () {32 vars in 732 bytes} [Thu Apr 16 13:55:29 2026] DELETE /v2.0/floatingips/dfaf0180-a7cf-4568-a6c7-e535e27277d4 => generated 0 bytes in 300 msecs (HTTP/1.1 204) 2 headers in 112 bytes (1 switches on core 0)
2026-04-16 13:55:30.337 7 INFO neutron_taas.services.taas.taas_plugin [None req-d8d8fd79-ea47-4ba6-b7e1-19b05c1bbcae 4c67b74d76074b27bd39b44a18518ddb 6cce002ed11045f3990a4346ea144354 - - default default] TaaS: Handle Delete Port: 8b79dc11-f369-40e2-928b-222e6fae8eaa
2026-04-16 13:55:30.339 7 INFO neutron_taas.services.taas.tap_mirror_plugin [None req-d8d8fd79-ea47-4ba6-b7e1-19b05c1bbcae 4c67b74d76074b27bd39b44a18518ddb 6cce002ed11045f3990a4346ea144354 - - default default] Tap Mirror: Handle Delete Port: 8b79dc11-f369-40e2-928b-222e6fae8eaa
2026-04-16 13:55:30.439 8 WARNING neutron.scheduler.dhcp_agent_scheduler [None req-7e0c780e-f1c0-4122-bb21-e60a690cf055 - - - - - -] No more DHCP agents
2026-04-16 13:55:30.441 8 WARNING neutron.api.rpc.agentnotifiers.dhcp_rpc_agent_api [None req-7e0c780e-f1c0-4122-bb21-e60a690cf055 - - - - - -] Unable to schedule network 283d179c-4f93-4cba-b6ff-61f5d0693252: no agents available; will retry on subsequent port and subnet creation events. [pid: 7|app: 0|req: 1209/2151] 10.0.0.133 () {32 vars in 732 bytes} [Thu Apr 16 13:55:30 2026] DELETE /v2.0/floatingips/29639a26-14fb-41bf-866d-5948fb5aa769 => generated 0 bytes in 279 msecs (HTTP/1.1 204) 2 headers in 112 bytes (1 switches on core 0)
2026-04-16 13:55:30.616 8 INFO neutron.db.ovn_revision_numbers_db [None req-7e0c780e-f1c0-4122-bb21-e60a690cf055 - - - - - -] Successfully bumped revision number for resource f25c794b-abc5-4c07-9a70-b5fb893cc8d4 (type: ports) to 1
2026-04-16 13:55:30.691 7 INFO neutron_taas.services.taas.taas_plugin [None req-be7f9a19-7f1c-4f59-8f38-64aa7bd94aa9 4c67b74d76074b27bd39b44a18518ddb 6cce002ed11045f3990a4346ea144354 - - default default] TaaS: Handle Delete Port: 873b9ab4-4fc4-4188-bb09-4d3379de1e71
2026-04-16 13:55:30.695 7 INFO neutron_taas.services.taas.tap_mirror_plugin [None req-be7f9a19-7f1c-4f59-8f38-64aa7bd94aa9 4c67b74d76074b27bd39b44a18518ddb 6cce002ed11045f3990a4346ea144354 - - default default] Tap Mirror: Handle Delete Port: 873b9ab4-4fc4-4188-bb09-4d3379de1e71 [pid: 7|app: 0|req: 1210/2152] 10.0.0.133 () {32 vars in 732 bytes} [Thu Apr 16 13:55:30 2026] DELETE /v2.0/floatingips/dad1f122-81b4-40a2-82f8-ec65fe6d7f74 => generated 0 bytes in 310 msecs (HTTP/1.1 204) 2 headers in 112 bytes (1 switches on core 0)
2026-04-16 13:55:30.940 7 INFO neutron_taas.services.taas.taas_plugin [None req-5c269ee1-a78f-40fd-b0b6-9b6cb2c7bfbb 4c67b74d76074b27bd39b44a18518ddb 6cce002ed11045f3990a4346ea144354 - - default default] TaaS: Handle Delete Port: c85286e1-710f-497e-b241-b953f69aad35
2026-04-16 13:55:30.944 7 INFO neutron_taas.services.taas.tap_mirror_plugin [None req-5c269ee1-a78f-40fd-b0b6-9b6cb2c7bfbb 4c67b74d76074b27bd39b44a18518ddb 6cce002ed11045f3990a4346ea144354 - - default default] Tap Mirror: Handle Delete Port: c85286e1-710f-497e-b241-b953f69aad35
2026-04-16 13:55:30.948 8 WARNING neutron.plugins.ml2.drivers.ovn.mech_driver.ovsdb.ovn_client [None req-ee68fbd4-fbb9-47d4-b1e3-39e7ceba836b - - - - - -] No hosting information found for port 9f71c516-0e71-4c28-ad95-32f792b97e70: RuntimeError: No hosting information found for port 9f71c516-0e71-4c28-ad95-32f792b97e70
2026-04-16 13:55:30.949 8 INFO neutron.plugins.ml2.drivers.ovn.mech_driver.mech_driver [None req-ee68fbd4-fbb9-47d4-b1e3-39e7ceba836b - - - - - -] OVN reports status down for port: ca794697-fb0f-4d77-bc4f-1361a1af4172
2026-04-16 13:55:31.063 8 WARNING neutron.plugins.ml2.drivers.ovn.mech_driver.ovsdb.ovn_client [None req-ee68fbd4-fbb9-47d4-b1e3-39e7ceba836b - - - - - -] Logical_Switch_Port %s host information not removed, the port state is up
2026-04-16 13:55:31.064 8 INFO neutron.plugins.ml2.drivers.ovn.mech_driver.mech_driver [None req-ee68fbd4-fbb9-47d4-b1e3-39e7ceba836b - - - - - -] OVN reports status up for port: ca794697-fb0f-4d77-bc4f-1361a1af4172
2026-04-16 13:55:31.087 8 INFO neutron.plugins.ml2.plugin [None req-ee68fbd4-fbb9-47d4-b1e3-39e7ceba836b - - - - - -] Attempt 1 to provision port ca794697-fb0f-4d77-bc4f-1361a1af4172 [pid: 7|app: 0|req: 1211/2153] 10.0.0.133 () {32 vars in 732 bytes} [Thu Apr 16 13:55:30 2026] DELETE /v2.0/floatingips/79eb505b-641c-4731-81f2-c4e23bd6a56a => generated 0 bytes in 269 msecs (HTTP/1.1 204) 2 headers in 112 bytes (1 switches on core 0)
2026-04-16 13:55:31.509 8 WARNING neutron.scheduler.dhcp_agent_scheduler [None req-7e0c780e-f1c0-4122-bb21-e60a690cf055 - - - - - -] No more DHCP agents
2026-04-16 13:55:31.511 8 WARNING neutron.api.rpc.agentnotifiers.dhcp_rpc_agent_api [None req-7e0c780e-f1c0-4122-bb21-e60a690cf055 - - - - - -] Unable to schedule network 283d179c-4f93-4cba-b6ff-61f5d0693252: no agents available; will retry on subsequent port and subnet creation events.
2026-04-16 13:55:31.866 8 INFO neutron.db.ovn_revision_numbers_db [None req-ee68fbd4-fbb9-47d4-b1e3-39e7ceba836b - - - - - -] Successfully bumped revision number for resource ca794697-fb0f-4d77-bc4f-1361a1af4172 (type: ports) to 2
2026-04-16 13:55:32.262 7 INFO neutron.db.ovn_revision_numbers_db [None req-06d8c6fa-2e87-477e-b01b-a98d0d920b21 ba30503d54bd4d1386eb20b40fb60182 9b608b65782544c9b79f56ad37d7269c - - default default] Successfully bumped revision number for resource ac02877d-6e81-48d5-a7e1-fcb6d5854230 (type: security_groups) to 1
2026-04-16 13:55:32.293 7 INFO neutron.db.ovn_revision_numbers_db [None req-06d8c6fa-2e87-477e-b01b-a98d0d920b21 ba30503d54bd4d1386eb20b40fb60182 9b608b65782544c9b79f56ad37d7269c - - default default] Successfully bumped revision number for resource 9e604981-9809-4965-b230-41ce7433979c (type: security_group_rules) to 0
2026-04-16 13:55:32.308 7 INFO neutron.db.ovn_revision_numbers_db [None req-06d8c6fa-2e87-477e-b01b-a98d0d920b21 ba30503d54bd4d1386eb20b40fb60182 9b608b65782544c9b79f56ad37d7269c - - default default] Successfully bumped revision number for resource b454e0c1-b0d7-4951-a6dc-4bc9fe9bc74d (type: security_group_rules) to 0
2026-04-16 13:55:32.324 7 INFO neutron.db.ovn_revision_numbers_db [None req-06d8c6fa-2e87-477e-b01b-a98d0d920b21 ba30503d54bd4d1386eb20b40fb60182 9b608b65782544c9b79f56ad37d7269c - - default default] Successfully bumped revision number for resource cdb79b48-5b06-4e62-a06f-52b0029e966e (type: security_group_rules) to 0
2026-04-16 13:55:32.373 7 INFO neutron.db.ovn_revision_numbers_db [None req-06d8c6fa-2e87-477e-b01b-a98d0d920b21 ba30503d54bd4d1386eb20b40fb60182 9b608b65782544c9b79f56ad37d7269c - - default default] Successfully bumped revision number for resource ce2b5b20-d4f3-4eef-ad0d-5b43cfd3208e (type: security_group_rules) to 0 [pid: 7|app: 0|req: 1212/2154] 10.0.0.133 () {32 vars in 774 bytes} [Thu Apr 16 13:55:31 2026] GET /v2.0/security-groups?tenant_id=6cce002ed11045f3990a4346ea144354&name=default => generated 2925 bytes in 545 msecs (HTTP/1.1 200) 4 headers in 158 bytes (1 switches on core 0)
2026-04-16 13:55:32.501 8 INFO neutron.db.ovn_revision_numbers_db [None req-7e0c780e-f1c0-4122-bb21-e60a690cf055 - - - - - -] Successfully bumped revision number for resource f25c794b-abc5-4c07-9a70-b5fb893cc8d4 (type: router_ports) to 1
2026-04-16 13:55:32.581 7 INFO neutron.db.ovn_revision_numbers_db [None req-ab061881-470f-4a4e-96c4-9dec0fe8c6c2 25df4eba304e4adf88195d82c3778b6b 55a0bc5e84bd4881b342f3db438c6407 - - default default] Successfully bumped revision number for resource 5136721f-bbec-4b00-816e-143ecc39d8d5 (type: routers) to 1 [pid: 7|app: 0|req: 1213/2155] 10.0.0.133 () {34 vars in 668 bytes} [Thu Apr 16 13:55:32 2026] POST /v2.0/routers => generated 570 bytes in 157 msecs (HTTP/1.1 201) 4 headers in 162 bytes (1 switches on core 0)
2026-04-16 13:55:32.727 8 WARNING neutron.scheduler.dhcp_agent_scheduler [None req-7e0c780e-f1c0-4122-bb21-e60a690cf055 - - - - - -] No more DHCP agents
2026-04-16 13:55:32.728 8 WARNING neutron.api.rpc.agentnotifiers.dhcp_rpc_agent_api [None req-7e0c780e-f1c0-4122-bb21-e60a690cf055 - - - - - -] Unable to schedule network 283d179c-4f93-4cba-b6ff-61f5d0693252: no agents available; will retry on subsequent port and subnet creation events. [pid: 7|app: 0|req: 1214/2156] 10.0.0.133 () {32 vars in 740 bytes} [Thu Apr 16 13:55:32 2026] DELETE /v2.0/security-groups/ac02877d-6e81-48d5-a7e1-fcb6d5854230 => generated 0 bytes in 244 msecs (HTTP/1.1 204) 2 headers in 112 bytes (1 switches on core 0)
2026-04-16 13:55:32.962 8 INFO neutron.db.ovn_revision_numbers_db [None req-7e0c780e-f1c0-4122-bb21-e60a690cf055 - - - - - -] Successfully bumped revision number for resource c602aec4-3c8b-422c-83fb-ae8032dde72f (type: ports) to 1
2026-04-16 13:55:32.982 7 INFO neutron.db.ovn_revision_numbers_db [None req-196ed3a9-b6cb-4fa3-8321-613a658312c5 25df4eba304e4adf88195d82c3778b6b 55a0bc5e84bd4881b342f3db438c6407 - - default default] Successfully bumped revision number for resource 6a0d8972-a0db-4cd5-9933-16076a65949d (type: routers) to 1 [pid: 7|app: 0|req: 1215/2157] 10.0.0.133 () {34 vars in 668 bytes} [Thu Apr 16 13:55:32 2026] POST /v2.0/routers => generated 570 bytes in 160 msecs (HTTP/1.1 201) 4 headers in 162 bytes (1 switches on core 0)
2026-04-16 13:55:33.188 7 INFO neutron.db.ovn_revision_numbers_db [None req-e94fa788-900c-4009-b2b0-964aaeab4006 ba30503d54bd4d1386eb20b40fb60182 9b608b65782544c9b79f56ad37d7269c - - default default] Successfully bumped revision number for resource 6bf785d0-a8ab-4a37-9d7d-a524a82387e5 (type: security_groups) to 1
2026-04-16 13:55:33.202 7 INFO neutron.db.ovn_revision_numbers_db [None req-e94fa788-900c-4009-b2b0-964aaeab4006 ba30503d54bd4d1386eb20b40fb60182 9b608b65782544c9b79f56ad37d7269c - - default default] Successfully bumped revision number for resource 36c9ec49-a757-4610-8458-6d542413f5c1 (type: security_group_rules) to 0
2026-04-16 13:55:33.212 7 INFO neutron.db.ovn_revision_numbers_db [None req-e94fa788-900c-4009-b2b0-964aaeab4006 ba30503d54bd4d1386eb20b40fb60182 9b608b65782544c9b79f56ad37d7269c - - default default] Successfully bumped revision number for resource 6615aeeb-ef68-4690-b73f-491adca37942 (type: security_group_rules) to 0
2026-04-16 13:55:33.223 7 INFO neutron.db.ovn_revision_numbers_db [None req-e94fa788-900c-4009-b2b0-964aaeab4006 ba30503d54bd4d1386eb20b40fb60182 9b608b65782544c9b79f56ad37d7269c - - default default] Successfully bumped revision number for resource 83758a6f-0e74-44d8-adc3-6f6e5db3177e (type: security_group_rules) to 0
2026-04-16 13:55:33.232 7 INFO neutron.db.ovn_revision_numbers_db [None req-e94fa788-900c-4009-b2b0-964aaeab4006 ba30503d54bd4d1386eb20b40fb60182 9b608b65782544c9b79f56ad37d7269c - - default default] Successfully bumped revision number for resource 86cb2224-d2d0-460f-ae4e-6b6cffc4442f (type: security_group_rules) to 0 [pid: 7|app: 0|req: 1216/2158] 10.0.0.133 () {32 vars in 774 bytes} [Thu Apr 16 13:55:33 2026] GET /v2.0/security-groups?tenant_id=8f9d4f7fa3894a7ba3ba1d8f241315b4&name=default => generated 2925 bytes in 283 msecs (HTTP/1.1 200) 4 headers in 158 bytes (1 switches on core 0)
2026-04-16 13:55:33.303 8 INFO neutron.db.ovn_revision_numbers_db [None req-7e0c780e-f1c0-4122-bb21-e60a690cf055 - - - - - -] Successfully bumped revision number for resource c602aec4-3c8b-422c-83fb-ae8032dde72f (type: ports) to 3
