2026-08-10 10:58:24.534 7 INFO neutron.api.extensions [None req-ec734941-aa9c-4e05-8d9d-5178cee89a65 - - - - - -] Extension logging not supported by any of loaded plugins
2026-08-10 10:58:24.535 7 INFO neutron.api.extensions [None req-ec734941-aa9c-4e05-8d9d-5178cee89a65 - - - - - -] Extension metering not supported by any of loaded plugins
2026-08-10 10:58:24.536 7 INFO neutron.api.extensions [None req-ec734941-aa9c-4e05-8d9d-5178cee89a65 - - - - - -] Extension metering_source_and_destination_fields not supported by any of loaded plugins
2026-08-10 10:58:24.536 7 INFO neutron.api.extensions [None req-ec734941-aa9c-4e05-8d9d-5178cee89a65 - - - - - -] Loaded extension: multi-provider
2026-08-10 10:58:24.537 7 INFO neutron.api.extensions [None req-ec734941-aa9c-4e05-8d9d-5178cee89a65 - - - - - -] Loaded extension: net-mtu
2026-08-10 10:58:24.537 8 INFO neutron.quota.resource_registry [None req-9f4d3386-d440-4744-bad1-74d2ca3e1903 - - - - - -] Creating instance of TrackedResource for resource:router
2026-08-10 10:58:24.537 7 INFO neutron.api.extensions [None req-ec734941-aa9c-4e05-8d9d-5178cee89a65 - - - - - -] Loaded extension: net-mtu-writable
2026-08-10 10:58:24.537 8 INFO neutron.quota.resource_registry [None req-9f4d3386-d440-4744-bad1-74d2ca3e1903 - - - - - -] Creating instance of TrackedResource for resource:floatingip
2026-08-10 10:58:24.539 7 INFO neutron.api.extensions [None req-ec734941-aa9c-4e05-8d9d-5178cee89a65 - - - - - -] Loaded extension: network_availability_zone
2026-08-10 10:58:24.539 7 INFO neutron.api.extensions [None req-ec734941-aa9c-4e05-8d9d-5178cee89a65 - - - - - -] Loaded extension: network_ha
2026-08-10 10:58:24.540 7 INFO neutron.api.extensions [None req-ec734941-aa9c-4e05-8d9d-5178cee89a65 - - - - - -] Loaded extension: network-ip-availability
2026-08-10 10:58:24.542 8 INFO neutron.quota.resource_registry [None req-9f4d3386-d440-4744-bad1-74d2ca3e1903 - - - - - -] Creating instance of CountableResource for resource:rbac_policy
2026-08-10 10:58:24.543 8 INFO neutron.quota.resource_registry [None req-9f4d3386-d440-4744-bad1-74d2ca3e1903 - - - - - -] Creating instance of TrackedResource for resource:security_group
2026-08-10 10:58:24.543 7 INFO neutron.api.extensions [None req-ec734941-aa9c-4e05-8d9d-5178cee89a65 - - - - - -] Extension network-segment-range not supported by any of loaded plugins
2026-08-10 10:58:24.544 8 INFO neutron.quota.resource_registry [None req-9f4d3386-d440-4744-bad1-74d2ca3e1903 - - - - - -] Creating instance of TrackedResource for resource:security_group_rule
2026-08-10 10:58:24.544 7 INFO neutron.api.extensions [None req-ec734941-aa9c-4e05-8d9d-5178cee89a65 - - - - - -] Loaded extension: pagination
2026-08-10 10:58:24.544 7 INFO neutron.api.extensions [None req-ec734941-aa9c-4e05-8d9d-5178cee89a65 - - - - - -] Loaded extension: port-device-profile
2026-08-10 10:58:24.545 8 INFO neutron.quota.resource_registry [None req-9f4d3386-d440-4744-bad1-74d2ca3e1903 - - - - - -] Creating instance of TrackedResource for resource:subnetpool
2026-08-10 10:58:24.545 7 INFO neutron.api.extensions [None req-ec734941-aa9c-4e05-8d9d-5178cee89a65 - - - - - -] Extension port-hardware-offload-type not supported by any of loaded plugins
2026-08-10 10:58:24.545 8 WARNING neutron.quota.resource_registry [None req-9f4d3386-d440-4744-bad1-74d2ca3e1903 - - - - - -] subnetpool is already registered
2026-08-10 10:58:24.546 7 INFO neutron.api.extensions [None req-ec734941-aa9c-4e05-8d9d-5178cee89a65 - - - - - -] Extension port-hint-ovs-tx-steering not supported by any of loaded plugins
2026-08-10 10:58:24.545 8 INFO neutron.quota.resource_registry [None req-9f4d3386-d440-4744-bad1-74d2ca3e1903 - - - - - -] Creating instance of TrackedResource for resource:subnetpool
2026-08-10 10:58:24.546 8 WARNING neutron.quota.resource_registry [None req-9f4d3386-d440-4744-bad1-74d2ca3e1903 - - - - - -] subnetpool is already registered
2026-08-10 10:58:24.546 7 INFO neutron.api.extensions [None req-ec734941-aa9c-4e05-8d9d-5178cee89a65 - - - - - -] Extension port-hints not supported by any of loaded plugins
2026-08-10 10:58:24.546 8 INFO neutron.quota.resource_registry [None req-9f4d3386-d440-4744-bad1-74d2ca3e1903 - - - - - -] Creating instance of CountableResource for resource:trunk
2026-08-10 10:58:24.547 7 INFO neutron.api.extensions [None req-ec734941-aa9c-4e05-8d9d-5178cee89a65 - - - - - -] Loaded extension: port-mac-override
2026-08-10 10:58:24.547 8 INFO neutron.quota.resource_registry [None req-9f4d3386-d440-4744-bad1-74d2ca3e1903 - - - - - -] Creating instance of CountableResource for resource:ikepolicy
2026-08-10 10:58:24.547 7 INFO neutron.api.extensions [None req-ec734941-aa9c-4e05-8d9d-5178cee89a65 - - - - - -] Loaded extension: port-mac-address-regenerate
2026-08-10 10:58:24.547 8 INFO neutron.quota.resource_registry [None req-9f4d3386-d440-4744-bad1-74d2ca3e1903 - - - - - -] Creating instance of CountableResource for resource:ipsecpolicy
2026-08-10 10:58:24.548 7 INFO neutron.api.extensions [None req-ec734941-aa9c-4e05-8d9d-5178cee89a65 - - - - - -] Loaded extension: port-numa-affinity-policy
2026-08-10 10:58:24.548 8 INFO neutron.quota.resource_registry [None req-9f4d3386-d440-4744-bad1-74d2ca3e1903 - - - - - -] Creating instance of CountableResource for resource:endpoint_group
2026-08-10 10:58:24.548 7 INFO neutron.api.extensions [None req-ec734941-aa9c-4e05-8d9d-5178cee89a65 - - - - - -] Loaded extension: port-numa-affinity-policy-socket
2026-08-10 10:58:24.548 8 INFO neutron.quota.resource_registry [None req-9f4d3386-d440-4744-bad1-74d2ca3e1903 - - - - - -] Creating instance of CountableResource for resource:vpnservice
2026-08-10 10:58:24.549 8 INFO neutron.quota.resource_registry [None req-9f4d3386-d440-4744-bad1-74d2ca3e1903 - - - - - -] Creating instance of CountableResource for resource:ipsec_site_connection
2026-08-10 10:58:24.549 7 INFO neutron.api.extensions [None req-ec734941-aa9c-4e05-8d9d-5178cee89a65 - - - - - -] Loaded extension: port-resource-request
2026-08-10 10:58:24.549 8 INFO neutron.quota.resource_registry [None req-9f4d3386-d440-4744-bad1-74d2ca3e1903 - - - - - -] Creating instance of CountableResource for resource:ipsecpolicy
2026-08-10 10:58:24.549 8 WARNING neutron.quota.resource_registry [None req-9f4d3386-d440-4744-bad1-74d2ca3e1903 - - - - - -] ipsecpolicy is already registered
2026-08-10 10:58:24.549 7 INFO neutron.api.extensions [None req-ec734941-aa9c-4e05-8d9d-5178cee89a65 - - - - - -] Loaded extension: port-resource-request-groups
2026-08-10 10:58:24.550 8 INFO neutron.quota.resource_registry [None req-9f4d3386-d440-4744-bad1-74d2ca3e1903 - - - - - -] Creating instance of CountableResource for resource:ikepolicy
2026-08-10 10:58:24.550 8 WARNING neutron.quota.resource_registry [None req-9f4d3386-d440-4744-bad1-74d2ca3e1903 - - - - - -] ikepolicy is already registered
2026-08-10 10:58:24.550 7 INFO neutron.api.extensions [None req-ec734941-aa9c-4e05-8d9d-5178cee89a65 - - - - - -] Extension port-trusted-vif not supported by any of loaded plugins
2026-08-10 10:58:24.551 7 INFO neutron.api.extensions [None req-ec734941-aa9c-4e05-8d9d-5178cee89a65 - - - - - -] Loaded extension: binding
2026-08-10 10:58:24.552 7 INFO neutron.api.extensions [None req-ec734941-aa9c-4e05-8d9d-5178cee89a65 - - - - - -] Loaded extension: binding-extended
2026-08-10 10:58:24.552 7 INFO neutron.api.extensions [None req-ec734941-aa9c-4e05-8d9d-5178cee89a65 - - - - - -] Loaded extension: port-security
2026-08-10 10:58:24.553 7 INFO neutron.api.extensions [None req-ec734941-aa9c-4e05-8d9d-5178cee89a65 - - - - - -] Loaded extension: project-id
2026-08-10 10:58:24.553 7 INFO neutron.api.extensions [None req-ec734941-aa9c-4e05-8d9d-5178cee89a65 - - - - - -] Loaded extension: provider
2026-08-10 10:58:24.554 7 INFO neutron.api.extensions [None req-ec734941-aa9c-4e05-8d9d-5178cee89a65 - - - - - -] Extension qinq not supported by any of loaded plugins
2026-08-10 10:58:24.555 8 INFO neutron.quota.resource_registry [None req-9f4d3386-d440-4744-bad1-74d2ca3e1903 - - - - - -] Creating instance of TrackedResource for resource:router
2026-08-10 10:58:24.555 8 WARNING neutron.quota.resource_registry [None req-9f4d3386-d440-4744-bad1-74d2ca3e1903 - - - - - -] router is already registered
2026-08-10 10:58:24.555 8 INFO neutron.quota.resource_registry [None req-9f4d3386-d440-4744-bad1-74d2ca3e1903 - - - - - -] Creating instance of TrackedResource for resource:floatingip
2026-08-10 10:58:24.556 8 WARNING neutron.quota.resource_registry [None req-9f4d3386-d440-4744-bad1-74d2ca3e1903 - - - - - -] floatingip is already registered
2026-08-10 10:58:24.556 7 INFO neutron.api.extensions [None req-ec734941-aa9c-4e05-8d9d-5178cee89a65 - - - - - -] Loaded extension: qos
2026-08-10 10:58:24.557 7 INFO neutron.api.extensions [None req-ec734941-aa9c-4e05-8d9d-5178cee89a65 - - - - - -] Loaded extension: qos-bw-limit-direction
2026-08-10 10:58:24.558 7 INFO neutron.api.extensions [None req-ec734941-aa9c-4e05-8d9d-5178cee89a65 - - - - - -] Loaded extension: qos-bw-minimum-ingress
2026-08-10 10:58:24.558 7 INFO neutron.api.extensions [None req-ec734941-aa9c-4e05-8d9d-5178cee89a65 - - - - - -] Loaded extension: qos-default
2026-08-10 10:58:24.559 7 INFO neutron.api.extensions [None req-ec734941-aa9c-4e05-8d9d-5178cee89a65 - - - - - -] Loaded extension: qos-fip
2026-08-10 10:58:24.559 7 INFO neutron.api.extensions [None req-ec734941-aa9c-4e05-8d9d-5178cee89a65 - - - - - -] Extension qos-fip-network-policy not supported by any of loaded plugins
2026-08-10 10:58:24.560 8 INFO neutron.quota.resource_registry [None req-9f4d3386-d440-4744-bad1-74d2ca3e1903 - - - - - -] Creating instance of CountableResource for resource:rbac_policy
2026-08-10 10:58:24.560 7 INFO neutron.api.extensions [None req-ec734941-aa9c-4e05-8d9d-5178cee89a65 - - - - - -] Loaded extension: qos-gateway-ip
2026-08-10 10:58:24.560 8 WARNING neutron.quota.resource_registry [None req-9f4d3386-d440-4744-bad1-74d2ca3e1903 - - - - - -] rbac_policy is already registered
2026-08-10 10:58:24.560 7 INFO neutron.api.extensions [None req-ec734941-aa9c-4e05-8d9d-5178cee89a65 - - - - - -] Loaded extension: qos-port-network-policy
2026-08-10 10:58:24.560 8 INFO neutron.quota.resource_registry [None req-9f4d3386-d440-4744-bad1-74d2ca3e1903 - - - - - -] Creating instance of TrackedResource for resource:security_group
2026-08-10 10:58:24.561 8 WARNING neutron.quota.resource_registry [None req-9f4d3386-d440-4744-bad1-74d2ca3e1903 - - - - - -] security_group is already registered
2026-08-10 10:58:24.561 7 INFO neutron.api.extensions [None req-ec734941-aa9c-4e05-8d9d-5178cee89a65 - - - - - -] Loaded extension: qos-pps-minimum
2026-08-10 10:58:24.561 8 INFO neutron.quota.resource_registry [None req-9f4d3386-d440-4744-bad1-74d2ca3e1903 - - - - - -] Creating instance of TrackedResource for resource:security_group_rule
2026-08-10 10:58:24.561 8 WARNING neutron.quota.resource_registry [None req-9f4d3386-d440-4744-bad1-74d2ca3e1903 - - - - - -] security_group_rule is already registered
2026-08-10 10:58:24.561 7 INFO neutron.api.extensions [None req-ec734941-aa9c-4e05-8d9d-5178cee89a65 - - - - - -] Loaded extension: qos-pps-minimum-rule-alias
2026-08-10 10:58:24.562 7 INFO neutron.api.extensions [None req-ec734941-aa9c-4e05-8d9d-5178cee89a65 - - - - - -] Loaded extension: qos-pps
2026-08-10 10:58:24.562 8 INFO neutron.quota.resource_registry [None req-9f4d3386-d440-4744-bad1-74d2ca3e1903 - - - - - -] Creating instance of TrackedResource for resource:subnetpool
2026-08-10 10:58:24.562 8 WARNING neutron.quota.resource_registry [None req-9f4d3386-d440-4744-bad1-74d2ca3e1903 - - - - - -] subnetpool is already registered
2026-08-10 10:58:24.563 7 INFO neutron.api.extensions [None req-ec734941-aa9c-4e05-8d9d-5178cee89a65 - - - - - -] Loaded extension: qos-rule-type-details
2026-08-10 10:58:24.563 8 INFO neutron.quota.resource_registry [None req-9f4d3386-d440-4744-bad1-74d2ca3e1903 - - - - - -] Creating instance of TrackedResource for resource:subnetpool
2026-08-10 10:58:24.563 7 INFO neutron.api.extensions [None req-ec734941-aa9c-4e05-8d9d-5178cee89a65 - - - - - -] Loaded extension: qos-rule-type-filter
2026-08-10 10:58:24.563 8 WARNING neutron.quota.resource_registry [None req-9f4d3386-d440-4744-bad1-74d2ca3e1903 - - - - - -] subnetpool is already registered
2026-08-10 10:58:24.563 8 INFO neutron.quota.resource_registry [None req-9f4d3386-d440-4744-bad1-74d2ca3e1903 - - - - - -] Creating instance of CountableResource for resource:trunk
2026-08-10 10:58:24.564 7 INFO neutron.api.extensions [None req-ec734941-aa9c-4e05-8d9d-5178cee89a65 - - - - - -] Loaded extension: qos-rules-alias
2026-08-10 10:58:24.564 8 WARNING neutron.quota.resource_registry [None req-9f4d3386-d440-4744-bad1-74d2ca3e1903 - - - - - -] trunk is already registered
2026-08-10 10:58:24.564 7 INFO neutron.api.extensions [None req-ec734941-aa9c-4e05-8d9d-5178cee89a65 - - - - - -] Loaded extension: quota-check-limit
2026-08-10 10:58:24.564 8 INFO neutron.quota.resource_registry [None req-9f4d3386-d440-4744-bad1-74d2ca3e1903 - - - - - -] Creating instance of CountableResource for resource:ikepolicy
2026-08-10 10:58:24.564 8 WARNING neutron.quota.resource_registry [None req-9f4d3386-d440-4744-bad1-74d2ca3e1903 - - - - - -] ikepolicy is already registered
2026-08-10 10:58:24.565 8 INFO neutron.quota.resource_registry [None req-9f4d3386-d440-4744-bad1-74d2ca3e1903 - - - - - -] Creating instance of CountableResource for resource:ipsecpolicy
2026-08-10 10:58:24.565 7 INFO neutron.api.extensions [None req-ec734941-aa9c-4e05-8d9d-5178cee89a65 - - - - - -] Loaded extension: quota-check-limit-default
2026-08-10 10:58:24.565 8 WARNING neutron.quota.resource_registry [None req-9f4d3386-d440-4744-bad1-74d2ca3e1903 - - - - - -] ipsecpolicy is already registered
2026-08-10 10:58:24.565 8 INFO neutron.quota.resource_registry [None req-9f4d3386-d440-4744-bad1-74d2ca3e1903 - - - - - -] Creating instance of CountableResource for resource:endpoint_group
2026-08-10 10:58:24.566 8 WARNING neutron.quota.resource_registry [None req-9f4d3386-d440-4744-bad1-74d2ca3e1903 - - - - - -] endpoint_group is already registered
2026-08-10 10:58:24.566 8 INFO neutron.quota.resource_registry [None req-9f4d3386-d440-4744-bad1-74d2ca3e1903 - - - - - -] Creating instance of CountableResource for resource:vpnservice
2026-08-10 10:58:24.566 8 WARNING neutron.quota.resource_registry [None req-9f4d3386-d440-4744-bad1-74d2ca3e1903 - - - - - -] vpnservice is already registered
2026-08-10 10:58:24.566 8 INFO neutron.quota.resource_registry [None req-9f4d3386-d440-4744-bad1-74d2ca3e1903 - - - - - -] Creating instance of CountableResource for resource:ipsec_site_connection
2026-08-10 10:58:24.567 8 WARNING neutron.quota.resource_registry [None req-9f4d3386-d440-4744-bad1-74d2ca3e1903 - - - - - -] ipsec_site_connection is already registered
2026-08-10 10:58:24.567 7 INFO neutron.api.extensions [None req-ec734941-aa9c-4e05-8d9d-5178cee89a65 - - - - - -] Loaded extension: quotas
2026-08-10 10:58:24.567 8 INFO neutron.quota.resource_registry [None req-9f4d3386-d440-4744-bad1-74d2ca3e1903 - - - - - -] Creating instance of CountableResource for resource:ipsecpolicy
2026-08-10 10:58:24.567 8 WARNING neutron.quota.resource_registry [None req-9f4d3386-d440-4744-bad1-74d2ca3e1903 - - - - - -] ipsecpolicy is already registered
2026-08-10 10:58:24.568 8 INFO neutron.quota.resource_registry [None req-9f4d3386-d440-4744-bad1-74d2ca3e1903 - - - - - -] Creating instance of CountableResource for resource:ikepolicy
2026-08-10 10:58:24.568 8 WARNING neutron.quota.resource_registry [None req-9f4d3386-d440-4744-bad1-74d2ca3e1903 - - - - - -] ikepolicy is already registered
2026-08-10 10:58:24.568 7 INFO neutron.api.extensions [None req-ec734941-aa9c-4e05-8d9d-5178cee89a65 - - - - - -] Loaded extension: quota_details
2026-08-10 10:58:24.569 7 INFO neutron.api.extensions [None req-ec734941-aa9c-4e05-8d9d-5178cee89a65 - - - - - -] Loaded extension: rbac-policies
2026-08-10 10:58:24.570 7 INFO neutron.api.extensions [None req-ec734941-aa9c-4e05-8d9d-5178cee89a65 - - - - - -] Loaded extension: rbac-address-group
2026-08-10 10:58:24.571 7 INFO neutron.api.extensions [None req-ec734941-aa9c-4e05-8d9d-5178cee89a65 - - - - - -] Loaded extension: rbac-address-scope
2026-08-10 10:58:24.571 7 INFO neutron.api.extensions [None req-ec734941-aa9c-4e05-8d9d-5178cee89a65 - - - - - -] Loaded extension: rbac-security-groups
2026-08-10 10:58:24.571 7 INFO neutron.api.extensions [None req-ec734941-aa9c-4e05-8d9d-5178cee89a65 - - - - - -] Loaded extension: rbac-subnetpool
2026-08-10 10:58:24.572 7 INFO neutron.api.extensions [None req-ec734941-aa9c-4e05-8d9d-5178cee89a65 - - - - - -] Loaded extension: revision-if-match
2026-08-10 10:58:24.573 7 INFO neutron.api.extensions [None req-ec734941-aa9c-4e05-8d9d-5178cee89a65 - - - - - -] Loaded extension: standard-attr-revisions
2026-08-10 10:58:24.573 7 INFO neutron.api.extensions [None req-ec734941-aa9c-4e05-8d9d-5178cee89a65 - - - - - -] Loaded extension: router_availability_zone
2026-08-10 10:58:24.574 7 INFO neutron.api.extensions [None req-ec734941-aa9c-4e05-8d9d-5178cee89a65 - - - - - -] Extension router-service-type not supported by any of loaded plugins
2026-08-10 10:58:24.576 7 INFO neutron.api.extensions [None req-ec734941-aa9c-4e05-8d9d-5178cee89a65 - - - - - -] Loaded extension: security-groups-default-rules
2026-08-10 10:58:24.577 7 INFO neutron.api.extensions [None req-ec734941-aa9c-4e05-8d9d-5178cee89a65 - - - - - -] Loaded extension: security-groups-normalized-cidr
2026-08-10 10:58:24.577 7 INFO neutron.api.extensions [None req-ec734941-aa9c-4e05-8d9d-5178cee89a65 - - - - - -] Loaded extension: port-security-groups-filtering
2026-08-10 10:58:24.578 7 INFO neutron.api.extensions [None req-ec734941-aa9c-4e05-8d9d-5178cee89a65 - - - - - -] Loaded extension: security-groups-remote-address-group
2026-08-10 10:58:24.578 7 INFO neutron.api.extensions [None req-ec734941-aa9c-4e05-8d9d-5178cee89a65 - - - - - -] Loaded extension: security-groups-rules-belongs-to-default-sg
2026-08-10 10:58:24.579 7 INFO neutron.api.extensions [None req-ec734941-aa9c-4e05-8d9d-5178cee89a65 - - - - - -] Loaded extension: security-groups-shared-filtering
2026-08-10 10:58:24.584 7 INFO neutron.api.extensions [None req-ec734941-aa9c-4e05-8d9d-5178cee89a65 - - - - - -] Loaded extension: security-group
2026-08-10 10:58:24.585 7 INFO neutron.api.extensions [None req-ec734941-aa9c-4e05-8d9d-5178cee89a65 - - - - - -] Loaded extension: segment
2026-08-10 10:58:24.586 7 INFO neutron.api.extensions [None req-ec734941-aa9c-4e05-8d9d-5178cee89a65 - - - - - -] Loaded extension: segments-peer-subnet-host-routes
2026-08-10 10:58:24.586 7 INFO neutron.api.extensions [None req-ec734941-aa9c-4e05-8d9d-5178cee89a65 - - - - - -] Loaded extension: service-type
2026-08-10 10:58:24.587 7 INFO neutron.api.extensions [None req-ec734941-aa9c-4e05-8d9d-5178cee89a65 - - - - - -] Loaded extension: sorting
2026-08-10 10:58:24.587 7 INFO neutron.api.extensions [None req-ec734941-aa9c-4e05-8d9d-5178cee89a65 - - - - - -] Loaded extension: standard-attr-segment
2026-08-10 10:58:24.588 7 INFO neutron.api.extensions [None req-ec734941-aa9c-4e05-8d9d-5178cee89a65 - - - - - -] Loaded extension: standard-attr-description
2026-08-10 10:58:24.589 7 INFO neutron.api.extensions [None req-ec734941-aa9c-4e05-8d9d-5178cee89a65 - - - - - -] Loaded extension: stateful-security-group
2026-08-10 10:58:24.589 7 WARNING neutron.api.extensions [None req-ec734941-aa9c-4e05-8d9d-5178cee89a65 - - - - - -] Did not find expected name "Stdattrs_common" in /var/lib/openstack/lib/python3.12/site-packages/neutron/extensions/stdattrs_common.py
2026-08-10 10:58:24.590 7 INFO neutron.api.extensions [None req-ec734941-aa9c-4e05-8d9d-5178cee89a65 - - - - - -] Extension subnet-dns-publish-fixed-ip not supported by any of loaded plugins
2026-08-10 10:58:24.590 7 INFO neutron.api.extensions [None req-ec734941-aa9c-4e05-8d9d-5178cee89a65 - - - - - -] Loaded extension: subnet-external-network
2026-08-10 10:58:24.591 7 INFO neutron.api.extensions [None req-ec734941-aa9c-4e05-8d9d-5178cee89a65 - - - - - -] Loaded extension: subnet_onboard
2026-08-10 10:58:24.591 7 INFO neutron.api.extensions [None req-ec734941-aa9c-4e05-8d9d-5178cee89a65 - - - - - -] Loaded extension: subnet-segmentid-writable
2026-08-10 10:58:24.592 7 INFO neutron.api.extensions [None req-ec734941-aa9c-4e05-8d9d-5178cee89a65 - - - - - -] Loaded extension: subnet-service-types
2026-08-10 10:58:24.592 7 INFO neutron.api.extensions [None req-ec734941-aa9c-4e05-8d9d-5178cee89a65 - - - - - -] Loaded extension: subnet_allocation
2026-08-10 10:58:24.593 7 INFO neutron.api.extensions [None req-ec734941-aa9c-4e05-8d9d-5178cee89a65 - - - - - -] Loaded extension: subnetpool-prefix-ops
2026-08-10 10:58:24.593 7 INFO neutron.api.extensions [None req-ec734941-aa9c-4e05-8d9d-5178cee89a65 - - - - - -] Loaded extension: tag-creation
2026-08-10 10:58:24.594 7 INFO neutron.api.extensions [None req-ec734941-aa9c-4e05-8d9d-5178cee89a65 - - - - - -] Extension tag-ports-during-bulk-creation not supported by any of loaded plugins
2026-08-10 10:58:24.598 7 INFO neutron.api.extensions [None req-ec734941-aa9c-4e05-8d9d-5178cee89a65 - - - - - -] Loaded extension: standard-attr-tag
2026-08-10 10:58:24.598 7 INFO neutron.api.extensions [None req-ec734941-aa9c-4e05-8d9d-5178cee89a65 - - - - - -] Loaded extension: standard-attr-timestamp
2026-08-10 10:58:24.599 7 INFO neutron.api.extensions [None req-ec734941-aa9c-4e05-8d9d-5178cee89a65 - - - - - -] Loaded extension: trunk
2026-08-10 10:58:24.599 7 INFO neutron.api.extensions [None req-ec734941-aa9c-4e05-8d9d-5178cee89a65 - - - - - -] Loaded extension: trunk-details
2026-08-10 10:58:24.600 7 INFO neutron.api.extensions [None req-ec734941-aa9c-4e05-8d9d-5178cee89a65 - - - - - -] Extension uplink-status-propagation not supported by any of loaded plugins
2026-08-10 10:58:24.600 7 INFO neutron.api.extensions [None req-ec734941-aa9c-4e05-8d9d-5178cee89a65 - - - - - -] Extension uplink-status-propagation-updatable not supported by any of loaded plugins
2026-08-10 10:58:24.601 7 INFO neutron.api.extensions [None req-ec734941-aa9c-4e05-8d9d-5178cee89a65 - - - - - -] Extension vlan-transparent not supported by any of loaded plugins
2026-08-10 10:58:24.602 7 INFO neutron.api.extensions [None req-ec734941-aa9c-4e05-8d9d-5178cee89a65 - - - - - -] Loaded extension: vpn-aes-ctr
2026-08-10 10:58:24.604 7 INFO neutron.api.extensions [None req-ec734941-aa9c-4e05-8d9d-5178cee89a65 - - - - - -] Extension vpn-agent-scheduler not supported by any of loaded plugins
2026-08-10 10:58:24.605 7 INFO neutron.api.extensions [None req-ec734941-aa9c-4e05-8d9d-5178cee89a65 - - - - - -] Loaded extension: vpn-endpoint-groups
2026-08-10 10:58:24.606 7 INFO neutron.api.extensions [None req-ec734941-aa9c-4e05-8d9d-5178cee89a65 - - - - - -] Loaded extension: vpn-flavors
2026-08-10 10:58:24.607 7 INFO neutron.api.extensions [None req-ec734941-aa9c-4e05-8d9d-5178cee89a65 - - - - - -] Loaded extension: vpnaas
2026-08-10 10:58:24.609 7 INFO neutron.api.extensions [None req-ec734941-aa9c-4e05-8d9d-5178cee89a65 - - - - - -] Loaded extension: taas
2026-08-10 10:58:24.610 7 INFO neutron.api.extensions [None req-ec734941-aa9c-4e05-8d9d-5178cee89a65 - - - - - -] Loaded extension: tap-mirror
2026-08-10 10:58:24.610 7 INFO neutron.api.extensions [None req-ec734941-aa9c-4e05-8d9d-5178cee89a65 - - - - - -] Loaded extension: taas-vlan-filter
2026-08-10 10:58:24.613 7 INFO neutron.quota.resource_registry [None req-ec734941-aa9c-4e05-8d9d-5178cee89a65 - - - - - -] Creating instance of TrackedResource for resource:network
2026-08-10 10:58:24.613 7 INFO neutron.quota.resource_registry [None req-ec734941-aa9c-4e05-8d9d-5178cee89a65 - - - - - -] Creating instance of TrackedResource for resource:subnet
2026-08-10 10:58:24.613 7 INFO neutron.quota.resource_registry [None req-ec734941-aa9c-4e05-8d9d-5178cee89a65 - - - - - -] Creating instance of TrackedResource for resource:subnetpool
2026-08-10 10:58:24.613 7 INFO neutron.quota.resource_registry [None req-ec734941-aa9c-4e05-8d9d-5178cee89a65 - - - - - -] Creating instance of TrackedResource for resource:port
2026-08-10 10:58:24.614 8 WARNING keystonemiddleware._common.config [None req-9f4d3386-d440-4744-bad1-74d2ca3e1903 - - - - - -] The option "audit_map_file" is not known to keystonemiddleware
2026-08-10 10:58:24.617 7 INFO neutron.quota.resource_registry [None req-ec734941-aa9c-4e05-8d9d-5178cee89a65 - - - - - -] Creating instance of TrackedResource for resource:router
2026-08-10 10:58:24.617 7 INFO neutron.quota.resource_registry [None req-ec734941-aa9c-4e05-8d9d-5178cee89a65 - - - - - -] Creating instance of TrackedResource for resource:floatingip
2026-08-10 10:58:24.622 8 WARNING oslo_config.cfg [None req-9f4d3386-d440-4744-bad1-74d2ca3e1903 - - - - - -] Deprecated: Option "auth_uri" from group "keystone_authtoken" is deprecated. Use option "www_authenticate_uri" from group "keystone_authtoken".
2026-08-10 10:58:24.622 7 INFO neutron.quota.resource_registry [None req-ec734941-aa9c-4e05-8d9d-5178cee89a65 - - - - - -] Creating instance of CountableResource for resource:rbac_policy
2026-08-10 10:58:24.623 7 INFO neutron.quota.resource_registry [None req-ec734941-aa9c-4e05-8d9d-5178cee89a65 - - - - - -] Creating instance of TrackedResource for resource:security_group
2026-08-10 10:58:24.623 7 INFO neutron.quota.resource_registry [None req-ec734941-aa9c-4e05-8d9d-5178cee89a65 - - - - - -] Creating instance of TrackedResource for resource:security_group_rule
2026-08-10 10:58:24.624 7 INFO neutron.quota.resource_registry [None req-ec734941-aa9c-4e05-8d9d-5178cee89a65 - - - - - -] Creating instance of TrackedResource for resource:subnetpool
2026-08-10 10:58:24.624 7 WARNING neutron.quota.resource_registry [None req-ec734941-aa9c-4e05-8d9d-5178cee89a65 - - - - - -] subnetpool is already registered WSGI app 0 (mountpoint='') ready in 8 seconds on interpreter 0x7f592c00f668 pid: 8 (default app)
2026-08-10 10:58:24.625 7 INFO neutron.quota.resource_registry [None req-ec734941-aa9c-4e05-8d9d-5178cee89a65 - - - - - -] Creating instance of TrackedResource for resource:subnetpool
2026-08-10 10:58:24.625 7 WARNING neutron.quota.resource_registry [None req-ec734941-aa9c-4e05-8d9d-5178cee89a65 - - - - - -] subnetpool is already registered
2026-08-10 10:58:24.625 7 INFO neutron.quota.resource_registry [None req-ec734941-aa9c-4e05-8d9d-5178cee89a65 - - - - - -] Creating instance of CountableResource for resource:trunk
2026-08-10 10:58:24.626 7 INFO neutron.quota.resource_registry [None req-ec734941-aa9c-4e05-8d9d-5178cee89a65 - - - - - -] Creating instance of CountableResource for resource:ikepolicy
2026-08-10 10:58:24.626 7 INFO neutron.quota.resource_registry [None req-ec734941-aa9c-4e05-8d9d-5178cee89a65 - - - - - -] Creating instance of CountableResource for resource:ipsecpolicy
2026-08-10 10:58:24.627 7 INFO neutron.quota.resource_registry [None req-ec734941-aa9c-4e05-8d9d-5178cee89a65 - - - - - -] Creating instance of CountableResource for resource:endpoint_group
2026-08-10 10:58:24.627 7 INFO neutron.quota.resource_registry [None req-ec734941-aa9c-4e05-8d9d-5178cee89a65 - - - - - -] Creating instance of CountableResource for resource:vpnservice
2026-08-10 10:58:24.628 7 INFO neutron.quota.resource_registry [None req-ec734941-aa9c-4e05-8d9d-5178cee89a65 - - - - - -] Creating instance of CountableResource for resource:ipsec_site_connection
2026-08-10 10:58:24.628 7 INFO neutron.quota.resource_registry [None req-ec734941-aa9c-4e05-8d9d-5178cee89a65 - - - - - -] Creating instance of CountableResource for resource:ipsecpolicy
2026-08-10 10:58:24.628 7 WARNING neutron.quota.resource_registry [None req-ec734941-aa9c-4e05-8d9d-5178cee89a65 - - - - - -] ipsecpolicy is already registered
2026-08-10 10:58:24.628 7 INFO neutron.quota.resource_registry [None req-ec734941-aa9c-4e05-8d9d-5178cee89a65 - - - - - -] Creating instance of CountableResource for resource:ikepolicy
2026-08-10 10:58:24.629 7 WARNING neutron.quota.resource_registry [None req-ec734941-aa9c-4e05-8d9d-5178cee89a65 - - - - - -] ikepolicy is already registered
2026-08-10 10:58:24.633 7 INFO neutron.quota.resource_registry [None req-ec734941-aa9c-4e05-8d9d-5178cee89a65 - - - - - -] Creating instance of TrackedResource for resource:router
2026-08-10 10:58:24.633 7 WARNING neutron.quota.resource_registry [None req-ec734941-aa9c-4e05-8d9d-5178cee89a65 - - - - - -] router is already registered
2026-08-10 10:58:24.634 7 INFO neutron.quota.resource_registry [None req-ec734941-aa9c-4e05-8d9d-5178cee89a65 - - - - - -] Creating instance of TrackedResource for resource:floatingip
2026-08-10 10:58:24.634 7 WARNING neutron.quota.resource_registry [None req-ec734941-aa9c-4e05-8d9d-5178cee89a65 - - - - - -] floatingip is already registered
2026-08-10 10:58:24.638 7 INFO neutron.quota.resource_registry [None req-ec734941-aa9c-4e05-8d9d-5178cee89a65 - - - - - -] Creating instance of CountableResource for resource:rbac_policy
2026-08-10 10:58:24.638 7 WARNING neutron.quota.resource_registry [None req-ec734941-aa9c-4e05-8d9d-5178cee89a65 - - - - - -] rbac_policy is already registered
2026-08-10 10:58:24.638 7 INFO neutron.quota.resource_registry [None req-ec734941-aa9c-4e05-8d9d-5178cee89a65 - - - - - -] Creating instance of TrackedResource for resource:security_group
2026-08-10 10:58:24.639 7 WARNING neutron.quota.resource_registry [None req-ec734941-aa9c-4e05-8d9d-5178cee89a65 - - - - - -] security_group is already registered
2026-08-10 10:58:24.639 7 INFO neutron.quota.resource_registry [None req-ec734941-aa9c-4e05-8d9d-5178cee89a65 - - - - - -] Creating instance of TrackedResource for resource:security_group_rule
2026-08-10 10:58:24.639 7 WARNING neutron.quota.resource_registry [None req-ec734941-aa9c-4e05-8d9d-5178cee89a65 - - - - - -] security_group_rule is already registered
2026-08-10 10:58:24.640 7 INFO neutron.quota.resource_registry [None req-ec734941-aa9c-4e05-8d9d-5178cee89a65 - - - - - -] Creating instance of TrackedResource for resource:subnetpool
2026-08-10 10:58:24.640 7 WARNING neutron.quota.resource_registry [None req-ec734941-aa9c-4e05-8d9d-5178cee89a65 - - - - - -] subnetpool is already registered
2026-08-10 10:58:24.641 7 INFO neutron.quota.resource_registry [None req-ec734941-aa9c-4e05-8d9d-5178cee89a65 - - - - - -] Creating instance of TrackedResource for resource:subnetpool
2026-08-10 10:58:24.641 7 WARNING neutron.quota.resource_registry [None req-ec734941-aa9c-4e05-8d9d-5178cee89a65 - - - - - -] subnetpool is already registered
2026-08-10 10:58:24.641 7 INFO neutron.quota.resource_registry [None req-ec734941-aa9c-4e05-8d9d-5178cee89a65 - - - - - -] Creating instance of CountableResource for resource:trunk
2026-08-10 10:58:24.641 7 WARNING neutron.quota.resource_registry [None req-ec734941-aa9c-4e05-8d9d-5178cee89a65 - - - - - -] trunk is already registered
2026-08-10 10:58:24.642 7 INFO neutron.quota.resource_registry [None req-ec734941-aa9c-4e05-8d9d-5178cee89a65 - - - - - -] Creating instance of CountableResource for resource:ikepolicy
2026-08-10 10:58:24.642 7 WARNING neutron.quota.resource_registry [None req-ec734941-aa9c-4e05-8d9d-5178cee89a65 - - - - - -] ikepolicy is already registered
2026-08-10 10:58:24.642 7 INFO neutron.quota.resource_registry [None req-ec734941-aa9c-4e05-8d9d-5178cee89a65 - - - - - -] Creating instance of CountableResource for resource:ipsecpolicy
2026-08-10 10:58:24.643 7 WARNING neutron.quota.resource_registry [None req-ec734941-aa9c-4e05-8d9d-5178cee89a65 - - - - - -] ipsecpolicy is already registered
2026-08-10 10:58:24.643 7 INFO neutron.quota.resource_registry [None req-ec734941-aa9c-4e05-8d9d-5178cee89a65 - - - - - -] Creating instance of CountableResource for resource:endpoint_group
2026-08-10 10:58:24.643 7 WARNING neutron.quota.resource_registry [None req-ec734941-aa9c-4e05-8d9d-5178cee89a65 - - - - - -] endpoint_group is already registered
2026-08-10 10:58:24.643 7 INFO neutron.quota.resource_registry [None req-ec734941-aa9c-4e05-8d9d-5178cee89a65 - - - - - -] Creating instance of CountableResource for resource:vpnservice
2026-08-10 10:58:24.644 7 WARNING neutron.quota.resource_registry [None req-ec734941-aa9c-4e05-8d9d-5178cee89a65 - - - - - -] vpnservice is already registered
2026-08-10 10:58:24.644 7 INFO neutron.quota.resource_registry [None req-ec734941-aa9c-4e05-8d9d-5178cee89a65 - - - - - -] Creating instance of CountableResource for resource:ipsec_site_connection
2026-08-10 10:58:24.644 7 WARNING neutron.quota.resource_registry [None req-ec734941-aa9c-4e05-8d9d-5178cee89a65 - - - - - -] ipsec_site_connection is already registered
2026-08-10 10:58:24.644 7 INFO neutron.quota.resource_registry [None req-ec734941-aa9c-4e05-8d9d-5178cee89a65 - - - - - -] Creating instance of CountableResource for resource:ipsecpolicy
2026-08-10 10:58:24.645 7 WARNING neutron.quota.resource_registry [None req-ec734941-aa9c-4e05-8d9d-5178cee89a65 - - - - - -] ipsecpolicy is already registered
2026-08-10 10:58:24.645 7 INFO neutron.quota.resource_registry [None req-ec734941-aa9c-4e05-8d9d-5178cee89a65 - - - - - -] Creating instance of CountableResource for resource:ikepolicy
2026-08-10 10:58:24.645 7 WARNING neutron.quota.resource_registry [None req-ec734941-aa9c-4e05-8d9d-5178cee89a65 - - - - - -] ikepolicy is already registered
2026-08-10 10:58:24.685 7 WARNING keystonemiddleware._common.config [None req-ec734941-aa9c-4e05-8d9d-5178cee89a65 - - - - - -] The option "audit_map_file" is not known to keystonemiddleware
2026-08-10 10:58:24.692 7 WARNING oslo_config.cfg [None req-ec734941-aa9c-4e05-8d9d-5178cee89a65 - - - - - -] Deprecated: Option "auth_uri" from group "keystone_authtoken" is deprecated. Use option "www_authenticate_uri" from group "keystone_authtoken". WSGI app 0 (mountpoint='') ready in 8 seconds on interpreter 0x7f592c00f668 pid: 7 (default app) /var/lib/openstack/lib/python3.12/site-packages/pycadf/identifier.py:70: UserWarning: Invalid uuid: unknown. To ensure interoperability, identifiers should be a valid uuid. warnings.warn(('Invalid uuid: %s. To ensure interoperability, '
2026-08-10 10:58:28.919 8 INFO neutron.pecan_wsgi.hooks.translation [None req-18a7c85c-488b-43ed-ae40-77b1cb799f2e f61458a222cf4f53b46eea5d51718cde 80d2f24bfa7f409589584ca2f31dff81 - - default default] GET failed (client error): The resource could not be found. [pid: 8|app: 0|req: 3/3] 199.204.45.116 () {44 vars in 928 bytes} [Mon Aug 10 10:58:28 2026] GET /v2.0/networks/public => generated 108 bytes in 897 msecs (HTTP/1.1 404) 4 headers in 164 bytes (1 switches on core 0) /var/lib/openstack/lib/python3.12/site-packages/pycadf/identifier.py:70: UserWarning: Invalid uuid: unknown. To ensure interoperability, identifiers should be a valid uuid. warnings.warn(('Invalid uuid: %s. To ensure interoperability, ' [pid: 7|app: 0|req: 1/4] 199.204.45.116 () {44 vars in 950 bytes} [Mon Aug 10 10:58:28 2026] GET /v2.0/networks?name=public => generated 15 bytes in 483 msecs (HTTP/1.1 200) 4 headers in 156 bytes (1 switches on core 0)
2026-08-10 10:58:29.887 8 WARNING neutron.services.revisions.revision_plugin [None req-38ebc085-1a6a-49c0-847f-8080cf026675 f61458a222cf4f53b46eea5d51718cde 80d2f24bfa7f409589584ca2f31dff81 - - default default] Could not find related network for resource to bump revision.
2026-08-10 10:58:29.911 8 INFO neutron.db.segments_db [None req-38ebc085-1a6a-49c0-847f-8080cf026675 f61458a222cf4f53b46eea5d51718cde 80d2f24bfa7f409589584ca2f31dff81 - - default default] Added segment 332f7629-aa88-44d7-b08d-ec9963dc1eb8 of type flat for network 0bbe54cc-3c44-4352-a409-220c205cef8a
2026-08-10 10:58:29.982 8 INFO neutron.pecan_wsgi.hooks.translation [None req-38ebc085-1a6a-49c0-847f-8080cf026675 f61458a222cf4f53b46eea5d51718cde 80d2f24bfa7f409589584ca2f31dff81 - - default default] POST failed (client error): The resource could not be found. [pid: 8|app: 0|req: 4/5] 199.204.45.116 () {48 vars in 968 bytes} [Mon Aug 10 10:58:29 2026] POST /v2.0/networks => generated 124 bytes in 602 msecs (HTTP/1.1 404) 4 headers in 164 bytes (1 switches on core 0)
2026-08-10 10:58:35.953 8 INFO neutron.pecan_wsgi.hooks.translation [None req-3350a855-a1cb-453b-ab33-fa04568d4643 f61458a222cf4f53b46eea5d51718cde 80d2f24bfa7f409589584ca2f31dff81 - - default default] GET failed (client error): The resource could not be found. [pid: 8|app: 0|req: 5/7] 199.204.45.116 () {44 vars in 928 bytes} [Mon Aug 10 10:58:35 2026] GET /v2.0/networks/public => generated 108 bytes in 45 msecs (HTTP/1.1 404) 4 headers in 164 bytes (1 switches on core 0) [pid: 7|app: 0|req: 3/8] 199.204.45.116 () {44 vars in 950 bytes} [Mon Aug 10 10:58:35 2026] GET /v2.0/networks?name=public => generated 15 bytes in 15 msecs (HTTP/1.1 200) 4 headers in 156 bytes (1 switches on core 0)
2026-08-10 10:58:36.041 8 WARNING neutron.services.revisions.revision_plugin [None req-97c96853-5286-4c53-8dc1-1384d09d51b0 f61458a222cf4f53b46eea5d51718cde 80d2f24bfa7f409589584ca2f31dff81 - - default default] Could not find related network for resource to bump revision.
2026-08-10 10:58:36.057 8 INFO neutron.db.segments_db [None req-97c96853-5286-4c53-8dc1-1384d09d51b0 f61458a222cf4f53b46eea5d51718cde 80d2f24bfa7f409589584ca2f31dff81 - - default default] Added segment f1d027e5-f3ac-4490-afc3-9b19ad6fa77c of type flat for network 48ef1da3-bc7e-4a0b-bf9d-96fd958ca32e
2026-08-10 10:58:36.084 8 INFO neutron.pecan_wsgi.hooks.translation [None req-97c96853-5286-4c53-8dc1-1384d09d51b0 f61458a222cf4f53b46eea5d51718cde 80d2f24bfa7f409589584ca2f31dff81 - - default default] POST failed (client error): The resource could not be found. [pid: 8|app: 0|req: 6/9] 199.204.45.116 () {48 vars in 968 bytes} [Mon Aug 10 10:58:35 2026] POST /v2.0/networks => generated 124 bytes in 117 msecs (HTTP/1.1 404) 4 headers in 164 bytes (1 switches on core 0)
2026-08-10 10:58:42.492 7 INFO neutron.pecan_wsgi.hooks.translation [None req-46a2543b-6a61-4ea5-8d63-b3a92432e12e f61458a222cf4f53b46eea5d51718cde 80d2f24bfa7f409589584ca2f31dff81 - - default default] GET failed (client error): The resource could not be found. [pid: 7|app: 0|req: 4/10] 199.204.45.116 () {44 vars in 928 bytes} [Mon Aug 10 10:58:42 2026] GET /v2.0/networks/public => generated 108 bytes in 424 msecs (HTTP/1.1 404) 4 headers in 164 bytes (1 switches on core 0) [pid: 8|app: 0|req: 7/11] 199.204.45.116 () {44 vars in 950 bytes} [Mon Aug 10 10:58:42 2026] GET /v2.0/networks?name=public => generated 15 bytes in 25 msecs (HTTP/1.1 200) 4 headers in 156 bytes (1 switches on core 0)
2026-08-10 10:58:42.778 7 WARNING neutron.services.revisions.revision_plugin [None req-9407c6a9-9fc3-47d9-bbde-8ae3a9c49590 f61458a222cf4f53b46eea5d51718cde 80d2f24bfa7f409589584ca2f31dff81 - - default default] Could not find related network for resource to bump revision.
2026-08-10 10:58:42.809 7 INFO neutron.db.segments_db [None req-9407c6a9-9fc3-47d9-bbde-8ae3a9c49590 f61458a222cf4f53b46eea5d51718cde 80d2f24bfa7f409589584ca2f31dff81 - - default default] Added segment 71cb862d-670a-4cd9-a0c8-3677da1af90a of type flat for network e34bab24-5906-4c82-9913-365ad1caacca
2026-08-10 10:58:42.874 7 INFO neutron.pecan_wsgi.hooks.translation [None req-9407c6a9-9fc3-47d9-bbde-8ae3a9c49590 f61458a222cf4f53b46eea5d51718cde 80d2f24bfa7f409589584ca2f31dff81 - - default default] POST failed (client error): The resource could not be found. [pid: 7|app: 0|req: 5/12] 199.204.45.116 () {48 vars in 968 bytes} [Mon Aug 10 10:58:42 2026] POST /v2.0/networks => generated 124 bytes in 366 msecs (HTTP/1.1 404) 4 headers in 164 bytes (1 switches on core 0)
2026-08-10 10:58:48.852 7 INFO neutron.pecan_wsgi.hooks.translation [None req-ee0cbe15-8e9e-4d86-bb79-f5c01f226b6a f61458a222cf4f53b46eea5d51718cde 80d2f24bfa7f409589584ca2f31dff81 - - default default] GET failed (client error): The resource could not be found. [pid: 7|app: 0|req: 6/14] 199.204.45.116 () {44 vars in 928 bytes} [Mon Aug 10 10:58:48 2026] GET /v2.0/networks/public => generated 108 bytes in 48 msecs (HTTP/1.1 404) 4 headers in 164 bytes (1 switches on core 0) [pid: 8|app: 0|req: 9/15] 199.204.45.116 () {44 vars in 950 bytes} [Mon Aug 10 10:58:48 2026] GET /v2.0/networks?name=public => generated 15 bytes in 69 msecs (HTTP/1.1 200) 4 headers in 156 bytes (1 switches on core 0)
2026-08-10 10:58:48.988 7 WARNING neutron.services.revisions.revision_plugin [None req-876a07d6-e2de-4bc8-bbbd-d576e59ea35c f61458a222cf4f53b46eea5d51718cde 80d2f24bfa7f409589584ca2f31dff81 - - default default] Could not find related network for resource to bump revision.
2026-08-10 10:58:49.011 7 INFO neutron.db.segments_db [None req-876a07d6-e2de-4bc8-bbbd-d576e59ea35c f61458a222cf4f53b46eea5d51718cde 80d2f24bfa7f409589584ca2f31dff81 - - default default] Added segment da35946b-3470-462f-a877-4e59ec319a34 of type flat for network 9fab6b70-22c9-41e4-b05a-bd49e737e0db
2026-08-10 10:58:49.041 7 INFO neutron.pecan_wsgi.hooks.translation [None req-876a07d6-e2de-4bc8-bbbd-d576e59ea35c f61458a222cf4f53b46eea5d51718cde 80d2f24bfa7f409589584ca2f31dff81 - - default default] POST failed (client error): The resource could not be found. [pid: 7|app: 0|req: 7/16] 199.204.45.116 () {48 vars in 968 bytes} [Mon Aug 10 10:58:48 2026] POST /v2.0/networks => generated 124 bytes in 116 msecs (HTTP/1.1 404) 4 headers in 164 bytes (1 switches on core 0)
2026-08-10 10:58:55.173 8 INFO neutron.pecan_wsgi.hooks.translation [None req-d5633140-d2fd-4bcf-967d-968f5b0e7faa f61458a222cf4f53b46eea5d51718cde 80d2f24bfa7f409589584ca2f31dff81 - - default default] GET failed (client error): The resource could not be found. [pid: 8|app: 0|req: 10/17] 199.204.45.116 () {44 vars in 928 bytes} [Mon Aug 10 10:58:55 2026] GET /v2.0/networks/public => generated 108 bytes in 65 msecs (HTTP/1.1 404) 4 headers in 164 bytes (1 switches on core 0) [pid: 7|app: 0|req: 8/18] 199.204.45.116 () {44 vars in 950 bytes} [Mon Aug 10 10:58:55 2026] GET /v2.0/networks?name=public => generated 15 bytes in 15 msecs (HTTP/1.1 200) 4 headers in 156 bytes (1 switches on core 0)
2026-08-10 10:58:55.264 8 WARNING neutron.services.revisions.revision_plugin [None req-ec62703c-551f-4f75-bbb1-953eca65a9cd f61458a222cf4f53b46eea5d51718cde 80d2f24bfa7f409589584ca2f31dff81 - - default default] Could not find related network for resource to bump revision.
2026-08-10 10:58:55.290 8 INFO neutron.db.segments_db [None req-ec62703c-551f-4f75-bbb1-953eca65a9cd f61458a222cf4f53b46eea5d51718cde 80d2f24bfa7f409589584ca2f31dff81 - - default default] Added segment 66ba1514-a54f-4e1e-89b2-979f7ec38a50 of type flat for network 582680aa-4ebf-4e2d-bb3e-cdf22c02ef37
2026-08-10 10:58:55.364 8 INFO neutron.pecan_wsgi.hooks.translation [None req-ec62703c-551f-4f75-bbb1-953eca65a9cd f61458a222cf4f53b46eea5d51718cde 80d2f24bfa7f409589584ca2f31dff81 - - default default] POST failed (client error): The resource could not be found. [pid: 8|app: 0|req: 11/19] 199.204.45.116 () {48 vars in 968 bytes} [Mon Aug 10 10:58:55 2026] POST /v2.0/networks => generated 124 bytes in 192 msecs (HTTP/1.1 404) 4 headers in 164 bytes (1 switches on core 0)
2026-08-10 10:59:01.369 7 INFO neutron.pecan_wsgi.hooks.translation [None req-11fcbde3-b103-4297-9d5b-a7662dd575d8 f61458a222cf4f53b46eea5d51718cde 80d2f24bfa7f409589584ca2f31dff81 - - default default] GET failed (client error): The resource could not be found. [pid: 7|app: 0|req: 9/20] 199.204.45.116 () {44 vars in 928 bytes} [Mon Aug 10 10:59:01 2026] GET /v2.0/networks/public => generated 108 bytes in 66 msecs (HTTP/1.1 404) 4 headers in 164 bytes (1 switches on core 0) [pid: 8|app: 0|req: 12/21] 199.204.45.116 () {44 vars in 950 bytes} [Mon Aug 10 10:59:01 2026] GET /v2.0/networks?name=public => generated 15 bytes in 14 msecs (HTTP/1.1 200) 4 headers in 156 bytes (1 switches on core 0)
2026-08-10 10:59:01.437 7 WARNING neutron.services.revisions.revision_plugin [None req-5e24549c-577a-4f06-ab56-ef2a74b6e34b f61458a222cf4f53b46eea5d51718cde 80d2f24bfa7f409589584ca2f31dff81 - - default default] Could not find related network for resource to bump revision.
2026-08-10 10:59:01.455 7 INFO neutron.db.segments_db [None req-5e24549c-577a-4f06-ab56-ef2a74b6e34b f61458a222cf4f53b46eea5d51718cde 80d2f24bfa7f409589584ca2f31dff81 - - default default] Added segment 6b287df3-a91f-4976-9758-dbd6a8ae8d59 of type flat for network 6ca86eb6-794f-4799-933b-34a7685ee5f3 [pid: 7|app: 0|req: 10/22] 199.204.45.116 () {48 vars in 968 bytes} [Mon Aug 10 10:59:01 2026] POST /v2.0/networks => generated 706 bytes in 216 msecs (HTTP/1.1 201) 4 headers in 162 bytes (1 switches on core 0)
2026-08-10 10:59:03.069 8 INFO neutron.pecan_wsgi.hooks.translation [None req-ec8cde1d-55b9-4bb6-89c9-39a8f242aafb f61458a222cf4f53b46eea5d51718cde 80d2f24bfa7f409589584ca2f31dff81 - - default default] GET failed (client error): The resource could not be found. [pid: 8|app: 0|req: 13/23] 199.204.45.116 () {44 vars in 928 bytes} [Mon Aug 10 10:59:03 2026] GET /v2.0/networks/public => generated 108 bytes in 50 msecs (HTTP/1.1 404) 4 headers in 164 bytes (1 switches on core 0) [pid: 7|app: 0|req: 11/24] 199.204.45.116 () {44 vars in 950 bytes} [Mon Aug 10 10:59:03 2026] GET /v2.0/networks?name=public => generated 709 bytes in 33 msecs (HTTP/1.1 200) 4 headers in 157 bytes (1 switches on core 0)
2026-08-10 10:59:03.150 8 INFO neutron.pecan_wsgi.hooks.translation [None req-7477ec33-b851-45dc-b1e6-332011aca5b3 f61458a222cf4f53b46eea5d51718cde 80d2f24bfa7f409589584ca2f31dff81 - - default default] GET failed (client error): The resource could not be found. [pid: 8|app: 0|req: 14/25] 199.204.45.116 () {44 vars in 1035 bytes} [Mon Aug 10 10:59:03 2026] GET /v2.0/subnets/public-subnet?network_id=6ca86eb6-794f-4799-933b-34a7685ee5f3 => generated 113 bytes in 36 msecs (HTTP/1.1 404) 4 headers in 164 bytes (1 switches on core 0) [pid: 7|app: 0|req: 12/26] 199.204.45.116 () {44 vars in 1058 bytes} [Mon Aug 10 10:59:03 2026] GET /v2.0/subnets?name=public-subnet&network_id=6ca86eb6-794f-4799-933b-34a7685ee5f3 => generated 14 bytes in 25 msecs (HTTP/1.1 200) 4 headers in 156 bytes (1 switches on core 0) [pid: 8|app: 0|req: 15/28] 199.204.45.116 () {48 vars in 966 bytes} [Mon Aug 10 10:59:03 2026] POST /v2.0/subnets => generated 664 bytes in 360 msecs (HTTP/1.1 201) 4 headers in 162 bytes (1 switches on core 0)
2026-08-10 11:04:09.012 7 INFO neutron.pecan_wsgi.hooks.translation [None req-aadd82fb-9b81-42ca-976d-1fe82da4182d f61458a222cf4f53b46eea5d51718cde 80d2f24bfa7f409589584ca2f31dff81 - - default default] GET failed (client error): The resource could not be found. [pid: 7|app: 0|req: 34/69] 199.204.45.116 () {44 vars in 938 bytes} [Mon Aug 10 11:04:08 2026] GET /v2.0/networks/lb-mgmt-net => generated 113 bytes in 122 msecs (HTTP/1.1 404) 4 headers in 164 bytes (1 switches on core 0) [pid: 8|app: 0|req: 36/70] 199.204.45.116 () {44 vars in 960 bytes} [Mon Aug 10 11:04:09 2026] GET /v2.0/networks?name=lb-mgmt-net => generated 15 bytes in 20 msecs (HTTP/1.1 200) 4 headers in 156 bytes (1 switches on core 0)
2026-08-10 11:04:09.101 7 INFO neutron.db.segments_db [None req-8d42c07e-098c-483e-b466-89c6d928a844 f61458a222cf4f53b46eea5d51718cde 80d2f24bfa7f409589584ca2f31dff81 - - default default] Added segment 5fdb5428-528b-4548-97ef-0f5a0e3a004e of type vxlan for network a41a0785-cce2-4db0-9997-32e0961781ac [pid: 7|app: 0|req: 35/71] 199.204.45.116 () {48 vars in 967 bytes} [Mon Aug 10 11:04:09 2026] POST /v2.0/networks => generated 707 bytes in 153 msecs (HTTP/1.1 201) 4 headers in 162 bytes (1 switches on core 0)
2026-08-10 11:04:10.216 8 INFO neutron.pecan_wsgi.hooks.translation [None req-3e6009cb-865b-4631-895a-5683fbab9dcb f61458a222cf4f53b46eea5d51718cde 80d2f24bfa7f409589584ca2f31dff81 - - default default] GET failed (client error): The resource could not be found. [pid: 8|app: 0|req: 37/72] 199.204.45.116 () {44 vars in 938 bytes} [Mon Aug 10 11:04:10 2026] GET /v2.0/networks/lb-mgmt-net => generated 113 bytes in 66 msecs (HTTP/1.1 404) 4 headers in 164 bytes (1 switches on core 0) [pid: 7|app: 0|req: 36/73] 199.204.45.116 () {44 vars in 960 bytes} [Mon Aug 10 11:04:10 2026] GET /v2.0/networks?name=lb-mgmt-net => generated 691 bytes in 40 msecs (HTTP/1.1 200) 4 headers in 157 bytes (1 switches on core 0)
2026-08-10 11:04:10.286 8 INFO neutron.pecan_wsgi.hooks.translation [None req-9067cfcd-7721-44e5-ab11-6a2475dce138 f61458a222cf4f53b46eea5d51718cde 80d2f24bfa7f409589584ca2f31dff81 - - default default] GET failed (client error): The resource could not be found. [pid: 8|app: 0|req: 38/74] 199.204.45.116 () {44 vars in 1037 bytes} [Mon Aug 10 11:04:10 2026] GET /v2.0/subnets/lb-mgmt-subnet?network_id=a41a0785-cce2-4db0-9997-32e0961781ac => generated 114 bytes in 16 msecs (HTTP/1.1 404) 4 headers in 164 bytes (1 switches on core 0) [pid: 7|app: 0|req: 37/75] 199.204.45.116 () {44 vars in 1060 bytes} [Mon Aug 10 11:04:10 2026] GET /v2.0/subnets?name=lb-mgmt-subnet&network_id=a41a0785-cce2-4db0-9997-32e0961781ac => generated 14 bytes in 14 msecs (HTTP/1.1 200) 4 headers in 156 bytes (1 switches on core 0) [pid: 8|app: 0|req: 39/76] 199.204.45.116 () {48 vars in 966 bytes} [Mon Aug 10 11:04:10 2026] POST /v2.0/subnets => generated 651 bytes in 224 msecs (HTTP/1.1 201) 4 headers in 162 bytes (1 switches on core 0)
