May 29 00:15:25.713371 np0000177335 nova-scheduler[108748]: DEBUG cotyledon.oslo_config_glue [-] workarounds.libvirt_disable_apic = False {{(pid=108748) log_opt_values /opt/stack/data/venv/lib/python3.12/site-packages/oslo_config/cfg.py:3256}}
May 29 00:15:25.713371 np0000177335 nova-scheduler[108748]: DEBUG cotyledon.oslo_config_glue [-] workarounds.never_download_image_if_on_rbd = False {{(pid=108748) log_opt_values /opt/stack/data/venv/lib/python3.12/site-packages/oslo_config/cfg.py:3256}}
May 29 00:15:25.713371 np0000177335 nova-scheduler[108748]: DEBUG cotyledon.oslo_config_glue [-] workarounds.qemu_monitor_announce_self_count = 3 {{(pid=108748) log_opt_values /opt/stack/data/venv/lib/python3.12/site-packages/oslo_config/cfg.py:3256}}
May 29 00:15:25.713592 np0000177335 nova-scheduler[108748]: DEBUG cotyledon.oslo_config_glue [-] workarounds.qemu_monitor_announce_self_interval = 1 {{(pid=108748) log_opt_values /opt/stack/data/venv/lib/python3.12/site-packages/oslo_config/cfg.py:3256}}
May 29 00:15:25.713592 np0000177335 nova-scheduler[108748]: DEBUG cotyledon.oslo_config_glue [-] workarounds.reserve_disk_resource_for_image_cache = False {{(pid=108748) log_opt_values /opt/stack/data/venv/lib/python3.12/site-packages/oslo_config/cfg.py:3256}}
May 29 00:15:25.713592 np0000177335 nova-scheduler[108748]: DEBUG cotyledon.oslo_config_glue [-] workarounds.skip_cpu_compare_at_startup = False {{(pid=108748) log_opt_values /opt/stack/data/venv/lib/python3.12/site-packages/oslo_config/cfg.py:3256}}
May 29 00:15:25.713592 np0000177335 nova-scheduler[108748]: DEBUG cotyledon.oslo_config_glue [-] workarounds.skip_cpu_compare_on_dest = False {{(pid=108748) log_opt_values /opt/stack/data/venv/lib/python3.12/site-packages/oslo_config/cfg.py:3256}}
May 29 00:15:25.713592 np0000177335 nova-scheduler[108748]: DEBUG cotyledon.oslo_config_glue [-] workarounds.skip_hypervisor_version_check_on_lm = False {{(pid=108748) log_opt_values /opt/stack/data/venv/lib/python3.12/site-packages/oslo_config/cfg.py:3256}}
May 29 00:15:25.713592 np0000177335 nova-scheduler[108748]: DEBUG cotyledon.oslo_config_glue [-] workarounds.skip_reserve_in_use_ironic_nodes = False {{(pid=108748) log_opt_values /opt/stack/data/venv/lib/python3.12/site-packages/oslo_config/cfg.py:3256}}
May 29 00:15:25.713592 np0000177335 nova-scheduler[108748]: DEBUG cotyledon.oslo_config_glue [-] workarounds.unified_limits_count_pcpu_as_vcpu = False {{(pid=108748) log_opt_values /opt/stack/data/venv/lib/python3.12/site-packages/oslo_config/cfg.py:3256}}
May 29 00:15:25.713592 np0000177335 nova-scheduler[108748]: DEBUG cotyledon.oslo_config_glue [-] workarounds.wait_for_vif_plugged_event_during_hard_reboot = [] {{(pid=108748) log_opt_values /opt/stack/data/venv/lib/python3.12/site-packages/oslo_config/cfg.py:3256}}
May 29 00:15:25.713835 np0000177335 nova-scheduler[108748]: DEBUG cotyledon.oslo_config_glue [-] wsgi.api_paste_config = /etc/nova/api-paste.ini {{(pid=108748) log_opt_values /opt/stack/data/venv/lib/python3.12/site-packages/oslo_config/cfg.py:3256}}
May 29 00:15:25.713835 np0000177335 nova-scheduler[108748]: DEBUG cotyledon.oslo_config_glue [-] wsgi.secure_proxy_ssl_header = None {{(pid=108748) log_opt_values /opt/stack/data/venv/lib/python3.12/site-packages/oslo_config/cfg.py:3256}}
May 29 00:15:25.713835 np0000177335 nova-scheduler[108748]: DEBUG cotyledon.oslo_config_glue [-] zvm.ca_file = None {{(pid=108748) log_opt_values /opt/stack/data/venv/lib/python3.12/site-packages/oslo_config/cfg.py:3256}}
May 29 00:15:25.713835 np0000177335 nova-scheduler[108748]: DEBUG cotyledon.oslo_config_glue [-] zvm.cloud_connector_url = None {{(pid=108748) log_opt_values /opt/stack/data/venv/lib/python3.12/site-packages/oslo_config/cfg.py:3256}}
May 29 00:15:25.713835 np0000177335 nova-scheduler[108748]: DEBUG cotyledon.oslo_config_glue [-] zvm.image_tmp_path = /opt/stack/data/nova/images {{(pid=108748) log_opt_values /opt/stack/data/venv/lib/python3.12/site-packages/oslo_config/cfg.py:3256}}
May 29 00:15:25.713835 np0000177335 nova-scheduler[108748]: DEBUG cotyledon.oslo_config_glue [-] zvm.reachable_timeout = 300 {{(pid=108748) log_opt_values /opt/stack/data/venv/lib/python3.12/site-packages/oslo_config/cfg.py:3256}}
May 29 00:15:25.713835 np0000177335 nova-scheduler[108748]: DEBUG cotyledon.oslo_config_glue [-] oslo_versionedobjects.fatal_exception_format_errors = False {{(pid=108748) log_opt_values /opt/stack/data/venv/lib/python3.12/site-packages/oslo_config/cfg.py:3256}}
May 29 00:15:25.713835 np0000177335 nova-scheduler[108748]: DEBUG cotyledon.oslo_config_glue [-] oslo_middleware.http_basic_auth_user_file = /etc/htpasswd {{(pid=108748) log_opt_values /opt/stack/data/venv/lib/python3.12/site-packages/oslo_config/cfg.py:3256}}
May 29 00:15:25.714042 np0000177335 nova-scheduler[108731]: INFO dbcounter [None req-9eb0d449-fd3a-4ce4-84e0-b0ecbcdce192 None None] Registered counter for database nova_cell0
May 29 00:15:25.714075 np0000177335 nova-scheduler[108748]: DEBUG cotyledon.oslo_config_glue [-] oslo_messaging_metrics.metrics_buffer_size = 1000 {{(pid=108748) log_opt_values /opt/stack/data/venv/lib/python3.12/site-packages/oslo_config/cfg.py:3256}}
May 29 00:15:25.714075 np0000177335 nova-scheduler[108748]: DEBUG cotyledon.oslo_config_glue [-] oslo_messaging_metrics.metrics_enabled = False {{(pid=108748) log_opt_values /opt/stack/data/venv/lib/python3.12/site-packages/oslo_config/cfg.py:3256}}
May 29 00:15:25.714075 np0000177335 nova-scheduler[108748]: DEBUG cotyledon.oslo_config_glue [-] oslo_messaging_metrics.metrics_process_name = {{(pid=108748) log_opt_values /opt/stack/data/venv/lib/python3.12/site-packages/oslo_config/cfg.py:3256}}
May 29 00:15:25.714075 np0000177335 nova-scheduler[108748]: DEBUG cotyledon.oslo_config_glue [-] oslo_messaging_metrics.metrics_socket_file = /var/tmp/metrics_collector.sock {{(pid=108748) log_opt_values /opt/stack/data/venv/lib/python3.12/site-packages/oslo_config/cfg.py:3256}}
May 29 00:15:25.714075 np0000177335 nova-scheduler[108748]: DEBUG cotyledon.oslo_config_glue [-] oslo_messaging_metrics.metrics_thread_stop_timeout = 10 {{(pid=108748) log_opt_values /opt/stack/data/venv/lib/python3.12/site-packages/oslo_config/cfg.py:3256}}
May 29 00:15:25.714075 np0000177335 nova-scheduler[108748]: DEBUG cotyledon.oslo_config_glue [-] profiler.connection_string = messaging:// {{(pid=108748) log_opt_values /opt/stack/data/venv/lib/python3.12/site-packages/oslo_config/cfg.py:3256}}
May 29 00:15:25.714075 np0000177335 nova-scheduler[108748]: DEBUG cotyledon.oslo_config_glue [-] profiler.enabled = False {{(pid=108748) log_opt_values /opt/stack/data/venv/lib/python3.12/site-packages/oslo_config/cfg.py:3256}}
May 29 00:15:25.714075 np0000177335 nova-scheduler[108748]: DEBUG cotyledon.oslo_config_glue [-] profiler.es_doc_type = notification {{(pid=108748) log_opt_values /opt/stack/data/venv/lib/python3.12/site-packages/oslo_config/cfg.py:3256}}
May 29 00:15:25.714075 np0000177335 nova-scheduler[108748]: DEBUG cotyledon.oslo_config_glue [-] profiler.es_scroll_size = 10000 {{(pid=108748) log_opt_values /opt/stack/data/venv/lib/python3.12/site-packages/oslo_config/cfg.py:3256}}
May 29 00:15:25.714364 np0000177335 nova-scheduler[108748]: DEBUG cotyledon.oslo_config_glue [-] profiler.es_scroll_time = 2m {{(pid=108748) log_opt_values /opt/stack/data/venv/lib/python3.12/site-packages/oslo_config/cfg.py:3256}}
May 29 00:15:25.714364 np0000177335 nova-scheduler[108748]: DEBUG cotyledon.oslo_config_glue [-] profiler.filter_error_trace = False {{(pid=108748) log_opt_values /opt/stack/data/venv/lib/python3.12/site-packages/oslo_config/cfg.py:3256}}
May 29 00:15:25.714364 np0000177335 nova-scheduler[108748]: DEBUG cotyledon.oslo_config_glue [-] profiler.hmac_keys = **** {{(pid=108748) log_opt_values /opt/stack/data/venv/lib/python3.12/site-packages/oslo_config/cfg.py:3256}}
May 29 00:15:25.714364 np0000177335 nova-scheduler[108748]: DEBUG cotyledon.oslo_config_glue [-] profiler.sentinel_service_name = mymaster {{(pid=108748) log_opt_values /opt/stack/data/venv/lib/python3.12/site-packages/oslo_config/cfg.py:3256}}
May 29 00:15:25.714364 np0000177335 nova-scheduler[108748]: DEBUG cotyledon.oslo_config_glue [-] profiler.socket_timeout = 0.1 {{(pid=108748) log_opt_values /opt/stack/data/venv/lib/python3.12/site-packages/oslo_config/cfg.py:3256}}
May 29 00:15:25.714364 np0000177335 nova-scheduler[108748]: DEBUG cotyledon.oslo_config_glue [-] profiler.trace_requests = False {{(pid=108748) log_opt_values /opt/stack/data/venv/lib/python3.12/site-packages/oslo_config/cfg.py:3256}}
May 29 00:15:25.714364 np0000177335 nova-scheduler[108748]: DEBUG cotyledon.oslo_config_glue [-] profiler.trace_sqlalchemy = False {{(pid=108748) log_opt_values /opt/stack/data/venv/lib/python3.12/site-packages/oslo_config/cfg.py:3256}}
May 29 00:15:25.714364 np0000177335 nova-scheduler[108748]: DEBUG cotyledon.oslo_config_glue [-] profiler_jaeger.process_tags = {} {{(pid=108748) log_opt_values /opt/stack/data/venv/lib/python3.12/site-packages/oslo_config/cfg.py:3256}}
May 29 00:15:25.714364 np0000177335 nova-scheduler[108748]: DEBUG cotyledon.oslo_config_glue [-] profiler_jaeger.service_name_prefix = None {{(pid=108748) log_opt_values /opt/stack/data/venv/lib/python3.12/site-packages/oslo_config/cfg.py:3256}}
May 29 00:15:25.714578 np0000177335 nova-scheduler[108748]: DEBUG cotyledon.oslo_config_glue [-] profiler_otlp.service_name_prefix = None {{(pid=108748) log_opt_values /opt/stack/data/venv/lib/python3.12/site-packages/oslo_config/cfg.py:3256}}
May 29 00:15:25.714578 np0000177335 nova-scheduler[108748]: DEBUG cotyledon.oslo_config_glue [-] oslo_messaging_rabbit.amqp_auto_delete = False {{(pid=108748) log_opt_values /opt/stack/data/venv/lib/python3.12/site-packages/oslo_config/cfg.py:3256}}
May 29 00:15:25.714578 np0000177335 nova-scheduler[108748]: DEBUG cotyledon.oslo_config_glue [-] oslo_messaging_rabbit.amqp_durable_queues = False {{(pid=108748) log_opt_values /opt/stack/data/venv/lib/python3.12/site-packages/oslo_config/cfg.py:3256}}
May 29 00:15:25.714578 np0000177335 nova-scheduler[108748]: DEBUG cotyledon.oslo_config_glue [-] oslo_messaging_rabbit.conn_pool_min_size = 2 {{(pid=108748) log_opt_values /opt/stack/data/venv/lib/python3.12/site-packages/oslo_config/cfg.py:3256}}
May 29 00:15:25.714578 np0000177335 nova-scheduler[108748]: DEBUG cotyledon.oslo_config_glue [-] oslo_messaging_rabbit.conn_pool_ttl = 1200 {{(pid=108748) log_opt_values /opt/stack/data/venv/lib/python3.12/site-packages/oslo_config/cfg.py:3256}}
May 29 00:15:25.714578 np0000177335 nova-scheduler[108748]: DEBUG cotyledon.oslo_config_glue [-] oslo_messaging_rabbit.direct_mandatory_flag = True {{(pid=108748) log_opt_values /opt/stack/data/venv/lib/python3.12/site-packages/oslo_config/cfg.py:3256}}
May 29 00:15:25.714745 np0000177335 nova-scheduler[108739]: INFO dbcounter [None req-ec3685d5-beaa-474e-8942-338a89fe29cd None None] Registered counter for database nova_cell0
May 29 00:15:25.714778 np0000177335 nova-scheduler[108748]: DEBUG cotyledon.oslo_config_glue [-] oslo_messaging_rabbit.enable_cancel_on_failover = False {{(pid=108748) log_opt_values /opt/stack/data/venv/lib/python3.12/site-packages/oslo_config/cfg.py:3256}}
May 29 00:15:25.714778 np0000177335 nova-scheduler[108748]: DEBUG cotyledon.oslo_config_glue [-] oslo_messaging_rabbit.heartbeat_rate = 3 {{(pid=108748) log_opt_values /opt/stack/data/venv/lib/python3.12/site-packages/oslo_config/cfg.py:3256}}
May 29 00:15:25.714778 np0000177335 nova-scheduler[108748]: DEBUG cotyledon.oslo_config_glue [-] oslo_messaging_rabbit.heartbeat_timeout_threshold = 60 {{(pid=108748) log_opt_values /opt/stack/data/venv/lib/python3.12/site-packages/oslo_config/cfg.py:3256}}
May 29 00:15:25.714778 np0000177335 nova-scheduler[108748]: DEBUG cotyledon.oslo_config_glue [-] oslo_messaging_rabbit.hostname = np0000177335 {{(pid=108748) log_opt_values /opt/stack/data/venv/lib/python3.12/site-packages/oslo_config/cfg.py:3256}}
May 29 00:15:25.714778 np0000177335 nova-scheduler[108748]: DEBUG cotyledon.oslo_config_glue [-] oslo_messaging_rabbit.kombu_compression = None {{(pid=108748) log_opt_values /opt/stack/data/venv/lib/python3.12/site-packages/oslo_config/cfg.py:3256}}
May 29 00:15:25.714778 np0000177335 nova-scheduler[108748]: DEBUG cotyledon.oslo_config_glue [-] oslo_messaging_rabbit.kombu_failover_strategy = round-robin {{(pid=108748) log_opt_values /opt/stack/data/venv/lib/python3.12/site-packages/oslo_config/cfg.py:3256}}
May 29 00:15:25.714778 np0000177335 nova-scheduler[108748]: DEBUG cotyledon.oslo_config_glue [-] oslo_messaging_rabbit.kombu_missing_consumer_retry_timeout = 60 {{(pid=108748) log_opt_values /opt/stack/data/venv/lib/python3.12/site-packages/oslo_config/cfg.py:3256}}
May 29 00:15:25.714778 np0000177335 nova-scheduler[108748]: DEBUG cotyledon.oslo_config_glue [-] oslo_messaging_rabbit.kombu_reconnect_delay = 1.0 {{(pid=108748) log_opt_values /opt/stack/data/venv/lib/python3.12/site-packages/oslo_config/cfg.py:3256}}
May 29 00:15:25.714990 np0000177335 nova-scheduler[108748]: DEBUG cotyledon.oslo_config_glue [-] oslo_messaging_rabbit.kombu_reconnect_splay = 0.0 {{(pid=108748) log_opt_values /opt/stack/data/venv/lib/python3.12/site-packages/oslo_config/cfg.py:3256}}
May 29 00:15:25.714990 np0000177335 nova-scheduler[108748]: DEBUG cotyledon.oslo_config_glue [-] oslo_messaging_rabbit.processname = nova-scheduler {{(pid=108748) log_opt_values /opt/stack/data/venv/lib/python3.12/site-packages/oslo_config/cfg.py:3256}}
May 29 00:15:25.714990 np0000177335 nova-scheduler[108748]: DEBUG cotyledon.oslo_config_glue [-] oslo_messaging_rabbit.rabbit_ha_queues = False {{(pid=108748) log_opt_values /opt/stack/data/venv/lib/python3.12/site-packages/oslo_config/cfg.py:3256}}
May 29 00:15:25.714990 np0000177335 nova-scheduler[108748]: DEBUG cotyledon.oslo_config_glue [-] oslo_messaging_rabbit.rabbit_interval_max = 30 {{(pid=108748) log_opt_values /opt/stack/data/venv/lib/python3.12/site-packages/oslo_config/cfg.py:3256}}
May 29 00:15:25.714990 np0000177335 nova-scheduler[108748]: DEBUG cotyledon.oslo_config_glue [-] oslo_messaging_rabbit.rabbit_login_method = AMQPLAIN {{(pid=108748) log_opt_values /opt/stack/data/venv/lib/python3.12/site-packages/oslo_config/cfg.py:3256}}
May 29 00:15:25.714990 np0000177335 nova-scheduler[108748]: DEBUG cotyledon.oslo_config_glue [-] oslo_messaging_rabbit.rabbit_qos_prefetch_count = 0 {{(pid=108748) log_opt_values /opt/stack/data/venv/lib/python3.12/site-packages/oslo_config/cfg.py:3256}}
May 29 00:15:25.714990 np0000177335 nova-scheduler[108748]: DEBUG cotyledon.oslo_config_glue [-] oslo_messaging_rabbit.rabbit_quorum_delivery_limit = 0 {{(pid=108748) log_opt_values /opt/stack/data/venv/lib/python3.12/site-packages/oslo_config/cfg.py:3256}}
May 29 00:15:25.714990 np0000177335 nova-scheduler[108748]: DEBUG cotyledon.oslo_config_glue [-] oslo_messaging_rabbit.rabbit_quorum_max_memory_bytes = 0 {{(pid=108748) log_opt_values /opt/stack/data/venv/lib/python3.12/site-packages/oslo_config/cfg.py:3256}}
May 29 00:15:25.715187 np0000177335 nova-scheduler[108748]: DEBUG cotyledon.oslo_config_glue [-] oslo_messaging_rabbit.rabbit_quorum_max_memory_length = 0 {{(pid=108748) log_opt_values /opt/stack/data/venv/lib/python3.12/site-packages/oslo_config/cfg.py:3256}}
May 29 00:15:25.715187 np0000177335 nova-scheduler[108748]: DEBUG cotyledon.oslo_config_glue [-] oslo_messaging_rabbit.rabbit_quorum_queue = False {{(pid=108748) log_opt_values /opt/stack/data/venv/lib/python3.12/site-packages/oslo_config/cfg.py:3256}}
May 29 00:15:25.715187 np0000177335 nova-scheduler[108748]: DEBUG cotyledon.oslo_config_glue [-] oslo_messaging_rabbit.rabbit_retry_backoff = 2 {{(pid=108748) log_opt_values /opt/stack/data/venv/lib/python3.12/site-packages/oslo_config/cfg.py:3256}}
May 29 00:15:25.715187 np0000177335 nova-scheduler[108748]: DEBUG cotyledon.oslo_config_glue [-] oslo_messaging_rabbit.rabbit_retry_interval = 1 {{(pid=108748) log_opt_values /opt/stack/data/venv/lib/python3.12/site-packages/oslo_config/cfg.py:3256}}
May 29 00:15:25.715187 np0000177335 nova-scheduler[108748]: DEBUG cotyledon.oslo_config_glue [-] oslo_messaging_rabbit.rabbit_stream_fanout = False {{(pid=108748) log_opt_values /opt/stack/data/venv/lib/python3.12/site-packages/oslo_config/cfg.py:3256}}
May 29 00:15:25.715187 np0000177335 nova-scheduler[108748]: DEBUG cotyledon.oslo_config_glue [-] oslo_messaging_rabbit.rabbit_transient_queues_ttl = 1800 {{(pid=108748) log_opt_values /opt/stack/data/venv/lib/python3.12/site-packages/oslo_config/cfg.py:3256}}
May 29 00:15:25.715187 np0000177335 nova-scheduler[108748]: DEBUG cotyledon.oslo_config_glue [-] oslo_messaging_rabbit.rabbit_transient_quorum_queue = False {{(pid=108748) log_opt_values /opt/stack/data/venv/lib/python3.12/site-packages/oslo_config/cfg.py:3256}}
May 29 00:15:25.715187 np0000177335 nova-scheduler[108748]: DEBUG cotyledon.oslo_config_glue [-] oslo_messaging_rabbit.rpc_conn_pool_size = 30 {{(pid=108748) log_opt_values /opt/stack/data/venv/lib/python3.12/site-packages/oslo_config/cfg.py:3256}}
May 29 00:15:25.715187 np0000177335 nova-scheduler[108748]: DEBUG cotyledon.oslo_config_glue [-] oslo_messaging_rabbit.ssl = False {{(pid=108748) log_opt_values /opt/stack/data/venv/lib/python3.12/site-packages/oslo_config/cfg.py:3256}}
May 29 00:15:25.715405 np0000177335 nova-scheduler[108748]: DEBUG cotyledon.oslo_config_glue [-] oslo_messaging_rabbit.ssl_ca_file = {{(pid=108748) log_opt_values /opt/stack/data/venv/lib/python3.12/site-packages/oslo_config/cfg.py:3256}}
May 29 00:15:25.715405 np0000177335 nova-scheduler[108748]: DEBUG cotyledon.oslo_config_glue [-] oslo_messaging_rabbit.ssl_cert_file = {{(pid=108748) log_opt_values /opt/stack/data/venv/lib/python3.12/site-packages/oslo_config/cfg.py:3256}}
May 29 00:15:25.715405 np0000177335 nova-scheduler[108748]: DEBUG cotyledon.oslo_config_glue [-] oslo_messaging_rabbit.ssl_enforce_fips_mode = False {{(pid=108748) log_opt_values /opt/stack/data/venv/lib/python3.12/site-packages/oslo_config/cfg.py:3256}}
May 29 00:15:25.715405 np0000177335 nova-scheduler[108748]: DEBUG cotyledon.oslo_config_glue [-] oslo_messaging_rabbit.ssl_enforce_hostname_verification = True {{(pid=108748) log_opt_values /opt/stack/data/venv/lib/python3.12/site-packages/oslo_config/cfg.py:3256}}
May 29 00:15:25.715405 np0000177335 nova-scheduler[108748]: DEBUG cotyledon.oslo_config_glue [-] oslo_messaging_rabbit.ssl_key_file = {{(pid=108748) log_opt_values /opt/stack/data/venv/lib/python3.12/site-packages/oslo_config/cfg.py:3256}}
May 29 00:15:25.715405 np0000177335 nova-scheduler[108748]: DEBUG cotyledon.oslo_config_glue [-] oslo_messaging_rabbit.ssl_version = {{(pid=108748) log_opt_values /opt/stack/data/venv/lib/python3.12/site-packages/oslo_config/cfg.py:3256}}
May 29 00:15:25.715405 np0000177335 nova-scheduler[108748]: DEBUG cotyledon.oslo_config_glue [-] oslo_messaging_rabbit.use_queue_manager = False {{(pid=108748) log_opt_values /opt/stack/data/venv/lib/python3.12/site-packages/oslo_config/cfg.py:3256}}
May 29 00:15:25.715405 np0000177335 nova-scheduler[108748]: DEBUG cotyledon.oslo_config_glue [-] oslo_messaging_notifications.driver = ['messagingv2'] {{(pid=108748) log_opt_values /opt/stack/data/venv/lib/python3.12/site-packages/oslo_config/cfg.py:3256}}
May 29 00:15:25.715405 np0000177335 nova-scheduler[108748]: DEBUG cotyledon.oslo_config_glue [-] oslo_messaging_notifications.retry = -1 {{(pid=108748) log_opt_values /opt/stack/data/venv/lib/python3.12/site-packages/oslo_config/cfg.py:3256}}
May 29 00:15:25.715756 np0000177335 nova-scheduler[108748]: DEBUG cotyledon.oslo_config_glue [-] oslo_messaging_notifications.topics = ['notifications'] {{(pid=108748) log_opt_values /opt/stack/data/venv/lib/python3.12/site-packages/oslo_config/cfg.py:3256}}
May 29 00:15:25.715756 np0000177335 nova-scheduler[108748]: DEBUG cotyledon.oslo_config_glue [-] oslo_messaging_notifications.transport_url = **** {{(pid=108748) log_opt_values /opt/stack/data/venv/lib/python3.12/site-packages/oslo_config/cfg.py:3256}}
May 29 00:15:25.715756 np0000177335 nova-scheduler[108748]: DEBUG cotyledon.oslo_config_glue [-] oslo_limit.auth_section = None {{(pid=108748) log_opt_values /opt/stack/data/venv/lib/python3.12/site-packages/oslo_config/cfg.py:3256}}
May 29 00:15:25.715756 np0000177335 nova-scheduler[108748]: DEBUG cotyledon.oslo_config_glue [-] oslo_limit.auth_type = None {{(pid=108748) log_opt_values /opt/stack/data/venv/lib/python3.12/site-packages/oslo_config/cfg.py:3256}}
May 29 00:15:25.715756 np0000177335 nova-scheduler[108748]: DEBUG cotyledon.oslo_config_glue [-] oslo_limit.cafile = None {{(pid=108748) log_opt_values /opt/stack/data/venv/lib/python3.12/site-packages/oslo_config/cfg.py:3256}}
May 29 00:15:25.715756 np0000177335 nova-scheduler[108748]: DEBUG cotyledon.oslo_config_glue [-] oslo_limit.certfile = None {{(pid=108748) log_opt_values /opt/stack/data/venv/lib/python3.12/site-packages/oslo_config/cfg.py:3256}}
May 29 00:15:25.715756 np0000177335 nova-scheduler[108748]: DEBUG cotyledon.oslo_config_glue [-] oslo_limit.collect_timing = False {{(pid=108748) log_opt_values /opt/stack/data/venv/lib/python3.12/site-packages/oslo_config/cfg.py:3256}}
May 29 00:15:25.715756 np0000177335 nova-scheduler[108748]: DEBUG cotyledon.oslo_config_glue [-] oslo_limit.connect_retries = None {{(pid=108748) log_opt_values /opt/stack/data/venv/lib/python3.12/site-packages/oslo_config/cfg.py:3256}}
May 29 00:15:25.715756 np0000177335 nova-scheduler[108748]: DEBUG cotyledon.oslo_config_glue [-] oslo_limit.connect_retry_delay = None {{(pid=108748) log_opt_values /opt/stack/data/venv/lib/python3.12/site-packages/oslo_config/cfg.py:3256}}
May 29 00:15:25.715989 np0000177335 nova-scheduler[108748]: DEBUG cotyledon.oslo_config_glue [-] oslo_limit.endpoint_id = None {{(pid=108748) log_opt_values /opt/stack/data/venv/lib/python3.12/site-packages/oslo_config/cfg.py:3256}}
May 29 00:15:25.715989 np0000177335 nova-scheduler[108748]: DEBUG cotyledon.oslo_config_glue [-] oslo_limit.endpoint_interface = public {{(pid=108748) log_opt_values /opt/stack/data/venv/lib/python3.12/site-packages/oslo_config/cfg.py:3256}}
May 29 00:15:25.715989 np0000177335 nova-scheduler[108748]: DEBUG cotyledon.oslo_config_glue [-] oslo_limit.endpoint_override = None {{(pid=108748) log_opt_values /opt/stack/data/venv/lib/python3.12/site-packages/oslo_config/cfg.py:3256}}
May 29 00:15:25.715989 np0000177335 nova-scheduler[108748]: DEBUG cotyledon.oslo_config_glue [-] oslo_limit.endpoint_region_name = None {{(pid=108748) log_opt_values /opt/stack/data/venv/lib/python3.12/site-packages/oslo_config/cfg.py:3256}}
May 29 00:15:25.715989 np0000177335 nova-scheduler[108748]: DEBUG cotyledon.oslo_config_glue [-] oslo_limit.endpoint_service_name = None {{(pid=108748) log_opt_values /opt/stack/data/venv/lib/python3.12/site-packages/oslo_config/cfg.py:3256}}
May 29 00:15:25.715989 np0000177335 nova-scheduler[108748]: DEBUG cotyledon.oslo_config_glue [-] oslo_limit.endpoint_service_type = None {{(pid=108748) log_opt_values /opt/stack/data/venv/lib/python3.12/site-packages/oslo_config/cfg.py:3256}}
May 29 00:15:25.715989 np0000177335 nova-scheduler[108748]: DEBUG cotyledon.oslo_config_glue [-] oslo_limit.insecure = False {{(pid=108748) log_opt_values /opt/stack/data/venv/lib/python3.12/site-packages/oslo_config/cfg.py:3256}}
May 29 00:15:25.715989 np0000177335 nova-scheduler[108748]: DEBUG cotyledon.oslo_config_glue [-] oslo_limit.keyfile = None {{(pid=108748) log_opt_values /opt/stack/data/venv/lib/python3.12/site-packages/oslo_config/cfg.py:3256}}
May 29 00:15:25.715989 np0000177335 nova-scheduler[108748]: DEBUG cotyledon.oslo_config_glue [-] oslo_limit.max_version = None {{(pid=108748) log_opt_values /opt/stack/data/venv/lib/python3.12/site-packages/oslo_config/cfg.py:3256}}
May 29 00:15:25.716458 np0000177335 nova-scheduler[108748]: DEBUG cotyledon.oslo_config_glue [-] oslo_limit.min_version = None {{(pid=108748) log_opt_values /opt/stack/data/venv/lib/python3.12/site-packages/oslo_config/cfg.py:3256}}
May 29 00:15:25.716458 np0000177335 nova-scheduler[108748]: DEBUG cotyledon.oslo_config_glue [-] oslo_limit.region_name = None {{(pid=108748) log_opt_values /opt/stack/data/venv/lib/python3.12/site-packages/oslo_config/cfg.py:3256}}
May 29 00:15:25.716458 np0000177335 nova-scheduler[108748]: DEBUG cotyledon.oslo_config_glue [-] oslo_limit.retriable_status_codes = None {{(pid=108748) log_opt_values /opt/stack/data/venv/lib/python3.12/site-packages/oslo_config/cfg.py:3256}}
May 29 00:15:25.716458 np0000177335 nova-scheduler[108748]: DEBUG cotyledon.oslo_config_glue [-] oslo_limit.service_name = None {{(pid=108748) log_opt_values /opt/stack/data/venv/lib/python3.12/site-packages/oslo_config/cfg.py:3256}}
May 29 00:15:25.716458 np0000177335 nova-scheduler[108748]: DEBUG cotyledon.oslo_config_glue [-] oslo_limit.service_type = None {{(pid=108748) log_opt_values /opt/stack/data/venv/lib/python3.12/site-packages/oslo_config/cfg.py:3256}}
May 29 00:15:25.716458 np0000177335 nova-scheduler[108748]: DEBUG cotyledon.oslo_config_glue [-] oslo_limit.split_loggers = False {{(pid=108748) log_opt_values /opt/stack/data/venv/lib/python3.12/site-packages/oslo_config/cfg.py:3256}}
May 29 00:15:25.716458 np0000177335 nova-scheduler[108748]: DEBUG cotyledon.oslo_config_glue [-] oslo_limit.status_code_retries = None {{(pid=108748) log_opt_values /opt/stack/data/venv/lib/python3.12/site-packages/oslo_config/cfg.py:3256}}
May 29 00:15:25.716458 np0000177335 nova-scheduler[108748]: DEBUG cotyledon.oslo_config_glue [-] oslo_limit.status_code_retry_delay = None {{(pid=108748) log_opt_values /opt/stack/data/venv/lib/python3.12/site-packages/oslo_config/cfg.py:3256}}
May 29 00:15:25.716458 np0000177335 nova-scheduler[108748]: DEBUG cotyledon.oslo_config_glue [-] oslo_limit.timeout = None {{(pid=108748) log_opt_values /opt/stack/data/venv/lib/python3.12/site-packages/oslo_config/cfg.py:3256}}
May 29 00:15:25.716692 np0000177335 nova-scheduler[108748]: DEBUG cotyledon.oslo_config_glue [-] oslo_limit.valid_interfaces = None {{(pid=108748) log_opt_values /opt/stack/data/venv/lib/python3.12/site-packages/oslo_config/cfg.py:3256}}
May 29 00:15:25.716692 np0000177335 nova-scheduler[108748]: DEBUG cotyledon.oslo_config_glue [-] oslo_limit.version = None {{(pid=108748) log_opt_values /opt/stack/data/venv/lib/python3.12/site-packages/oslo_config/cfg.py:3256}}
May 29 00:15:25.716692 np0000177335 nova-scheduler[108748]: DEBUG cotyledon.oslo_config_glue [-] oslo_reports.file_event_handler = None {{(pid=108748) log_opt_values /opt/stack/data/venv/lib/python3.12/site-packages/oslo_config/cfg.py:3256}}
May 29 00:15:25.716692 np0000177335 nova-scheduler[108748]: DEBUG cotyledon.oslo_config_glue [-] oslo_reports.file_event_handler_interval = 1 {{(pid=108748) log_opt_values /opt/stack/data/venv/lib/python3.12/site-packages/oslo_config/cfg.py:3256}}
May 29 00:15:25.716692 np0000177335 nova-scheduler[108748]: DEBUG cotyledon.oslo_config_glue [-] oslo_reports.log_dir = None {{(pid=108748) log_opt_values /opt/stack/data/venv/lib/python3.12/site-packages/oslo_config/cfg.py:3256}}
May 29 00:15:25.716692 np0000177335 nova-scheduler[108748]: DEBUG cotyledon.oslo_config_glue [-] ******************************************************************************** {{(pid=108748) log_opt_values /opt/stack/data/venv/lib/python3.12/site-packages/oslo_config/cfg.py:3263}}
May 29 00:15:25.716692 np0000177335 nova-scheduler[108748]: DEBUG cotyledon._service_worker [-] Run service ServiceWrapper(3) [108748] {{(pid=108748) wait_forever /opt/stack/data/venv/lib/python3.12/site-packages/cotyledon/_service_worker.py:218}}
May 29 00:15:25.716692 np0000177335 nova-scheduler[108748]: INFO nova.service [-] Starting scheduler node (version 33.1.0)
May 29 00:15:25.716692 np0000177335 nova-scheduler[108748]: INFO dbcounter [None req-b444dc2e-125e-4092-8473-09f3f248e023 None None] Registered counter for database nova_cell0
May 29 00:15:25.716904 np0000177335 nova-scheduler[108727]: DEBUG oslo_db.sqlalchemy.engines [None req-c1cf09d2-701d-450c-b6ff-201056b39e0a None None] MySQL server mode set to STRICT_TRANS_TABLES,STRICT_ALL_TABLES,NO_ZERO_IN_DATE,NO_ZERO_DATE,ERROR_FOR_DIVISION_BY_ZERO,TRADITIONAL,NO_ENGINE_SUBSTITUTION {{(pid=108727) _check_effective_sql_mode /opt/stack/data/venv/lib/python3.12/site-packages/oslo_db/sqlalchemy/engines.py:325}}
May 29 00:15:25.719725 np0000177335 nova-scheduler[108739]: DEBUG oslo_db.sqlalchemy.engines [None req-ec3685d5-beaa-474e-8942-338a89fe29cd None None] MySQL server mode set to STRICT_TRANS_TABLES,STRICT_ALL_TABLES,NO_ZERO_IN_DATE,NO_ZERO_DATE,ERROR_FOR_DIVISION_BY_ZERO,TRADITIONAL,NO_ENGINE_SUBSTITUTION {{(pid=108739) _check_effective_sql_mode /opt/stack/data/venv/lib/python3.12/site-packages/oslo_db/sqlalchemy/engines.py:325}}
May 29 00:15:25.726920 np0000177335 nova-scheduler[108727]: DEBUG dbcounter [-] [108727] Writer thread running {{(pid=108727) stat_writer /opt/stack/data/venv/lib/python3.12/site-packages/dbcounter.py:102}}
May 29 00:15:25.730507 np0000177335 nova-scheduler[108731]: DEBUG oslo_db.sqlalchemy.engines [None req-9eb0d449-fd3a-4ce4-84e0-b0ecbcdce192 None None] MySQL server mode set to STRICT_TRANS_TABLES,STRICT_ALL_TABLES,NO_ZERO_IN_DATE,NO_ZERO_DATE,ERROR_FOR_DIVISION_BY_ZERO,TRADITIONAL,NO_ENGINE_SUBSTITUTION {{(pid=108731) _check_effective_sql_mode /opt/stack/data/venv/lib/python3.12/site-packages/oslo_db/sqlalchemy/engines.py:325}}
May 29 00:15:25.738018 np0000177335 nova-scheduler[108739]: DEBUG dbcounter [-] [108739] Writer thread running {{(pid=108739) stat_writer /opt/stack/data/venv/lib/python3.12/site-packages/dbcounter.py:102}}
May 29 00:15:25.738755 np0000177335 nova-scheduler[108748]: DEBUG oslo_db.sqlalchemy.engines [None req-b444dc2e-125e-4092-8473-09f3f248e023 None None] MySQL server mode set to STRICT_TRANS_TABLES,STRICT_ALL_TABLES,NO_ZERO_IN_DATE,NO_ZERO_DATE,ERROR_FOR_DIVISION_BY_ZERO,TRADITIONAL,NO_ENGINE_SUBSTITUTION {{(pid=108748) _check_effective_sql_mode /opt/stack/data/venv/lib/python3.12/site-packages/oslo_db/sqlalchemy/engines.py:325}}
May 29 00:15:25.744740 np0000177335 nova-scheduler[108731]: DEBUG dbcounter [-] [108731] Writer thread running {{(pid=108731) stat_writer /opt/stack/data/venv/lib/python3.12/site-packages/dbcounter.py:102}}
May 29 00:15:25.759144 np0000177335 nova-scheduler[108739]: DEBUG nova.service [None req-ec3685d5-beaa-474e-8942-338a89fe29cd None None] Creating RPC server for service: nova-scheduler on topic: scheduler {{(pid=108739) start /opt/stack/nova/nova/service.py:195}}
May 29 00:15:25.763044 np0000177335 nova-scheduler[108748]: DEBUG dbcounter [-] [108748] Writer thread running {{(pid=108748) stat_writer /opt/stack/data/venv/lib/python3.12/site-packages/dbcounter.py:102}}
May 29 00:15:25.763695 np0000177335 nova-scheduler[108731]: DEBUG nova.service [None req-9eb0d449-fd3a-4ce4-84e0-b0ecbcdce192 None None] Creating RPC server for service: nova-scheduler on topic: scheduler {{(pid=108731) start /opt/stack/nova/nova/service.py:195}}
May 29 00:15:25.765370 np0000177335 nova-scheduler[108727]: DEBUG nova.service [None req-c1cf09d2-701d-450c-b6ff-201056b39e0a None None] Creating RPC server for service: nova-scheduler on topic: scheduler {{(pid=108727) start /opt/stack/nova/nova/service.py:195}}
May 29 00:15:25.766810 np0000177335 nova-scheduler[108748]: DEBUG nova.service [None req-b444dc2e-125e-4092-8473-09f3f248e023 None None] Creating RPC server for service: nova-scheduler on topic: scheduler {{(pid=108748) start /opt/stack/nova/nova/service.py:195}}
May 29 00:15:25.800173 np0000177335 nova-scheduler[108731]: DEBUG nova.service [None req-9eb0d449-fd3a-4ce4-84e0-b0ecbcdce192 None None] Join ServiceGroup membership for this service scheduler {{(pid=108731) start /opt/stack/nova/nova/service.py:221}}
May 29 00:15:25.800521 np0000177335 nova-scheduler[108731]: DEBUG nova.servicegroup.drivers.db [None req-9eb0d449-fd3a-4ce4-84e0-b0ecbcdce192 None None] DB_Driver: join new ServiceGroup member np0000177335 to the scheduler group, service = {{(pid=108731) join /opt/stack/nova/nova/servicegroup/drivers/db.py:44}}
May 29 00:15:25.809037 np0000177335 nova-scheduler[108739]: DEBUG nova.service [None req-ec3685d5-beaa-474e-8942-338a89fe29cd None None] Join ServiceGroup membership for this service scheduler {{(pid=108739) start /opt/stack/nova/nova/service.py:221}}
May 29 00:15:25.809208 np0000177335 nova-scheduler[108748]: DEBUG nova.service [None req-b444dc2e-125e-4092-8473-09f3f248e023 None None] Join ServiceGroup membership for this service scheduler {{(pid=108748) start /opt/stack/nova/nova/service.py:221}}
May 29 00:15:25.809525 np0000177335 nova-scheduler[108739]: DEBUG nova.servicegroup.drivers.db [None req-ec3685d5-beaa-474e-8942-338a89fe29cd None None] DB_Driver: join new ServiceGroup member np0000177335 to the scheduler group, service = {{(pid=108739) join /opt/stack/nova/nova/servicegroup/drivers/db.py:44}}
May 29 00:15:25.809586 np0000177335 nova-scheduler[108748]: DEBUG nova.servicegroup.drivers.db [None req-b444dc2e-125e-4092-8473-09f3f248e023 None None] DB_Driver: join new ServiceGroup member np0000177335 to the scheduler group, service = {{(pid=108748) join /opt/stack/nova/nova/servicegroup/drivers/db.py:44}}
May 29 00:15:25.812372 np0000177335 nova-scheduler[108727]: DEBUG nova.service [None req-c1cf09d2-701d-450c-b6ff-201056b39e0a None None] Join ServiceGroup membership for this service scheduler {{(pid=108727) start /opt/stack/nova/nova/service.py:221}}
May 29 00:15:25.812372 np0000177335 nova-scheduler[108727]: DEBUG nova.servicegroup.drivers.db [None req-c1cf09d2-701d-450c-b6ff-201056b39e0a None None] DB_Driver: join new ServiceGroup member np0000177335 to the scheduler group, service = {{(pid=108727) join /opt/stack/nova/nova/servicegroup/drivers/db.py:44}}
May 29 00:15:30.831896 np0000177335 nova-scheduler[108731]: DEBUG oslo.service.backend._threading.loopingcall [-] Fixed interval looping call 'nova.servicegroup.drivers.db.DbDriver._report_state' sleeping for 119.97 seconds {{(pid=108731) _run_loop /opt/stack/data/venv/lib/python3.12/site-packages/oslo_service/backend/_threading/loopingcall.py:125}}
May 29 00:15:30.833114 np0000177335 nova-scheduler[108748]: DEBUG oslo.service.backend._threading.loopingcall [-] Fixed interval looping call 'nova.servicegroup.drivers.db.DbDriver._report_state' sleeping for 119.98 seconds {{(pid=108748) _run_loop /opt/stack/data/venv/lib/python3.12/site-packages/oslo_service/backend/_threading/loopingcall.py:125}}
May 29 00:15:30.833488 np0000177335 nova-scheduler[108739]: DEBUG oslo.service.backend._threading.loopingcall [-] Fixed interval looping call 'nova.servicegroup.drivers.db.DbDriver._report_state' sleeping for 119.98 seconds {{(pid=108739) _run_loop /opt/stack/data/venv/lib/python3.12/site-packages/oslo_service/backend/_threading/loopingcall.py:125}}
May 29 00:15:30.834752 np0000177335 nova-scheduler[108727]: DEBUG oslo.service.backend._threading.loopingcall [-] Fixed interval looping call 'nova.servicegroup.drivers.db.DbDriver._report_state' sleeping for 119.98 seconds {{(pid=108727) _run_loop /opt/stack/data/venv/lib/python3.12/site-packages/oslo_service/backend/_threading/loopingcall.py:125}}
May 29 00:15:34.191919 np0000177335 nova-scheduler[107923]: DEBUG dbcounter [-] [107923] Writing DB stats nova_api:SELECT=3 {{(pid=107923) stat_writer /opt/stack/data/venv/lib/python3.12/site-packages/dbcounter.py:115}}
May 29 00:15:34.367669 np0000177335 nova-scheduler[107923]: DEBUG dbcounter [-] [107923] Writing DB stats nova_cell0:SELECT=1 {{(pid=107923) stat_writer /opt/stack/data/venv/lib/python3.12/site-packages/dbcounter.py:115}}
May 29 00:15:34.379919 np0000177335 nova-scheduler[107923]: DEBUG dbcounter [-] [107923] Writing DB stats nova_cell1:SELECT=1 {{(pid=107923) stat_writer /opt/stack/data/venv/lib/python3.12/site-packages/dbcounter.py:115}}
May 29 00:15:35.814033 np0000177335 nova-scheduler[108739]: DEBUG oslo.service.backend._threading.loopingcall [None req-22639115-cec4-4dad-a7cc-487a370c7d72 None None] Dynamic interval looping call 'nova.service.Service.periodic_tasks' sleeping for 60.00 seconds {{(pid=108739) _run_loop /opt/stack/data/venv/lib/python3.12/site-packages/oslo_service/backend/_threading/loopingcall.py:125}}
May 29 00:15:40.820438 np0000177335 nova-scheduler[108731]: DEBUG dbcounter [-] [108731] Writing DB stats nova_cell0:SELECT=5,nova_cell0:INSERT=1,nova_cell0:UPDATE=1 {{(pid=108731) stat_writer /opt/stack/data/venv/lib/python3.12/site-packages/dbcounter.py:115}}
May 29 00:15:40.824846 np0000177335 nova-scheduler[108748]: DEBUG dbcounter [-] [108748] Writing DB stats nova_cell0:SELECT=3,nova_cell0:UPDATE=1 {{(pid=108748) stat_writer /opt/stack/data/venv/lib/python3.12/site-packages/dbcounter.py:115}}
May 29 00:15:40.825475 np0000177335 nova-scheduler[108739]: DEBUG dbcounter [-] [108739] Writing DB stats nova_cell0:SELECT=4,nova_cell0:INSERT=1,nova_cell0:UPDATE=1 {{(pid=108739) stat_writer /opt/stack/data/venv/lib/python3.12/site-packages/dbcounter.py:115}}
May 29 00:15:40.830059 np0000177335 nova-scheduler[108727]: DEBUG dbcounter [-] [108727] Writing DB stats nova_cell0:SELECT=5,nova_cell0:INSERT=1,nova_cell0:UPDATE=1 {{(pid=108727) stat_writer /opt/stack/data/venv/lib/python3.12/site-packages/dbcounter.py:115}}
May 29 00:15:55.813830 np0000177335 nova-scheduler[108748]: DEBUG oslo.service.backend._threading.loopingcall [None req-4f5984fd-4a2a-4549-a2ff-6f4e6a7d9f14 None None] Dynamic interval looping call 'nova.service.Service.periodic_tasks' sleeping for 60.00 seconds {{(pid=108748) _run_loop /opt/stack/data/venv/lib/python3.12/site-packages/oslo_service/backend/_threading/loopingcall.py:125}}
May 29 00:16:16.804405 np0000177335 nova-scheduler[108731]: DEBUG oslo.service.backend._threading.loopingcall [None req-64924687-6960-417d-a3d8-0d09696bb073 None None] Dynamic interval looping call 'nova.service.Service.periodic_tasks' sleeping for 60.00 seconds {{(pid=108731) _run_loop /opt/stack/data/venv/lib/python3.12/site-packages/oslo_service/backend/_threading/loopingcall.py:125}}
May 29 00:16:25.816443 np0000177335 nova-scheduler[108727]: DEBUG oslo.service.backend._threading.loopingcall [None req-c268ed04-a465-4ef6-952a-7963f705eb45 None None] Dynamic interval looping call 'nova.service.Service.periodic_tasks' sleeping for 60.00 seconds {{(pid=108727) _run_loop /opt/stack/data/venv/lib/python3.12/site-packages/oslo_service/backend/_threading/loopingcall.py:125}}