May 29 00:14:49.894077 np0000177335 devstack@neutron-api.service[103421]: DEBUG ovsdbapp.backend.ovs_idl [None req-59ae183d-db90-4002-9abd-c3a12d2f7763 None None] Created schema index Logical_Switch_Port.name {{(pid=103421) autocreate_indices /opt/stack/data/venv/lib/python3.12/site-packages/ovsdbapp/backend/ovs_idl/__init__.py:106}}
May 29 00:14:49.897751 np0000177335 devstack@neutron-api.service[103421]: INFO ovsdbapp.backend.ovs_idl.vlog [None req-59ae183d-db90-4002-9abd-c3a12d2f7763 None None] ssl:199.204.45.205:6641: connecting...
May 29 00:14:49.899949 np0000177335 devstack@neutron-api.service[103422]: DEBUG neutron.common.ovn.hash_ring_manager [None req-cbc7b569-4cd2-4725-b70b-635de460354d None None] Allow caching, nodes 4>=4 {{(pid=103422) _wait_startup_before_caching /opt/stack/neutron/neutron/common/ovn/hash_ring_manager.py:65}}
May 29 00:14:49.906003 np0000177335 devstack@neutron-api.service[103421]: INFO ovsdbapp.backend.ovs_idl.vlog [None req-59ae183d-db90-4002-9abd-c3a12d2f7763 None None] ssl:199.204.45.205:6641: connected
May 29 00:14:49.908356 np0000177335 devstack@neutron-api.service[103422]: DEBUG neutron.common.ovn.hash_ring_manager [None req-cbc7b569-4cd2-4725-b70b-635de460354d None None] Hash Ring loaded. 4 active nodes. 0 offline nodes {{(pid=103422) _load_hash_ring /opt/stack/neutron/neutron/common/ovn/hash_ring_manager.py:102}}
May 29 00:14:49.908840 np0000177335 devstack@neutron-api.service[103422]: DEBUG neutron.plugins.ml2.drivers.ovn.mech_driver.ovsdb.ovsdb_monitor [None req-cbc7b569-4cd2-4725-b70b-635de460354d None None] Hash Ring: Node cd5c6d03f1d95dae95daab9abe11b4dd (host: np0000177335) handling event "create" for row ce068bcd-3b49-43bf-bb5c-517f9849578d (table: SSL) {{(pid=103422) notify /opt/stack/neutron/neutron/plugins/ml2/drivers/ovn/mech_driver/ovsdb/ovsdb_monitor.py:986}}
May 29 00:14:49.910579 np0000177335 devstack@neutron-api.service[103422]: INFO neutron.plugins.ml2.drivers.ovn.mech_driver.ovsdb.impl_idl_ovn [None req-cbc7b569-4cd2-4725-b70b-635de460354d None None] Getting OvsdbSbOvnIdl for WorkerService with retry
May 29 00:14:49.916554 np0000177335 devstack@neutron-api.service[103420]: DEBUG neutron.common.ovn.hash_ring_manager [None req-b42de7b2-4df9-45df-974f-d8dfda60eaae None None] Allow caching, nodes 4>=4 {{(pid=103420) _wait_startup_before_caching /opt/stack/neutron/neutron/common/ovn/hash_ring_manager.py:65}}
May 29 00:14:49.925436 np0000177335 devstack@neutron-api.service[103420]: DEBUG neutron.common.ovn.hash_ring_manager [None req-b42de7b2-4df9-45df-974f-d8dfda60eaae None None] Hash Ring loaded. 4 active nodes. 0 offline nodes {{(pid=103420) _load_hash_ring /opt/stack/neutron/neutron/common/ovn/hash_ring_manager.py:102}}
May 29 00:14:49.925833 np0000177335 devstack@neutron-api.service[103420]: DEBUG neutron.plugins.ml2.drivers.ovn.mech_driver.ovsdb.ovsdb_monitor [None req-b42de7b2-4df9-45df-974f-d8dfda60eaae None None] Hash Ring: Node 0d2d9bd36e2b5e89a9d7c4faa97ee9f4 (host: np0000177335) handling event "create" for row 60dd907b-478f-469c-a007-4cfbb93b3896 (table: Port_Group) {{(pid=103420) notify /opt/stack/neutron/neutron/plugins/ml2/drivers/ovn/mech_driver/ovsdb/ovsdb_monitor.py:986}}
May 29 00:14:49.926991 np0000177335 devstack@neutron-api.service[103420]: INFO neutron.plugins.ml2.drivers.ovn.mech_driver.ovsdb.impl_idl_ovn [None req-b42de7b2-4df9-45df-974f-d8dfda60eaae None None] Getting OvsdbSbOvnIdl for WorkerService with retry
May 29 00:14:49.942006 np0000177335 devstack@neutron-api.service[103422]: DEBUG ovsdbapp.backend.ovs_idl [None req-cbc7b569-4cd2-4725-b70b-635de460354d None None] Created lookup_table index Chassis.name {{(pid=103422) autocreate_indices /opt/stack/data/venv/lib/python3.12/site-packages/ovsdbapp/backend/ovs_idl/__init__.py:87}}
May 29 00:14:49.942102 np0000177335 devstack@neutron-api.service[103422]: DEBUG ovsdbapp.backend.ovs_idl [None req-cbc7b569-4cd2-4725-b70b-635de460354d None None] Created lookup_table index Port_Binding.logical_port {{(pid=103422) autocreate_indices /opt/stack/data/venv/lib/python3.12/site-packages/ovsdbapp/backend/ovs_idl/__init__.py:87}}
May 29 00:14:49.942155 np0000177335 devstack@neutron-api.service[103422]: DEBUG ovsdbapp.backend.ovs_idl [None req-cbc7b569-4cd2-4725-b70b-635de460354d None None] Created schema index Chassis_Private.name {{(pid=103422) autocreate_indices /opt/stack/data/venv/lib/python3.12/site-packages/ovsdbapp/backend/ovs_idl/__init__.py:106}}
May 29 00:14:49.942285 np0000177335 devstack@neutron-api.service[103422]: DEBUG ovsdbapp.backend.ovs_idl [None req-cbc7b569-4cd2-4725-b70b-635de460354d None None] Created schema index Datapath_Binding.tunnel_key {{(pid=103422) autocreate_indices /opt/stack/data/venv/lib/python3.12/site-packages/ovsdbapp/backend/ovs_idl/__init__.py:106}}
May 29 00:14:49.942663 np0000177335 devstack@neutron-api.service[103421]: DEBUG neutron.common.ovn.hash_ring_manager [None req-59ae183d-db90-4002-9abd-c3a12d2f7763 None None] Allow caching, nodes 4>=4 {{(pid=103421) _wait_startup_before_caching /opt/stack/neutron/neutron/common/ovn/hash_ring_manager.py:65}}
May 29 00:14:49.945111 np0000177335 devstack@neutron-api.service[103422]: INFO ovsdbapp.backend.ovs_idl.vlog [None req-cbc7b569-4cd2-4725-b70b-635de460354d None None] ssl:199.204.45.205:6642: connecting...
May 29 00:14:49.950834 np0000177335 devstack@neutron-api.service[103422]: INFO ovsdbapp.backend.ovs_idl.vlog [None req-cbc7b569-4cd2-4725-b70b-635de460354d None None] ssl:199.204.45.205:6642: connected
May 29 00:14:49.950989 np0000177335 devstack@neutron-api.service[103421]: DEBUG neutron.common.ovn.hash_ring_manager [None req-59ae183d-db90-4002-9abd-c3a12d2f7763 None None] Hash Ring loaded. 4 active nodes. 0 offline nodes {{(pid=103421) _load_hash_ring /opt/stack/neutron/neutron/common/ovn/hash_ring_manager.py:102}}
May 29 00:14:49.950989 np0000177335 devstack@neutron-api.service[103421]: DEBUG neutron.plugins.ml2.drivers.ovn.mech_driver.ovsdb.ovsdb_monitor [None req-59ae183d-db90-4002-9abd-c3a12d2f7763 None None] Hash Ring: Node 801f659f47725115b878c5b5fd90799c (host: np0000177335) handling event "create" for row 3c84559a-303d-4e5c-bdc9-2f0a2a066437 (table: ACL) {{(pid=103421) notify /opt/stack/neutron/neutron/plugins/ml2/drivers/ovn/mech_driver/ovsdb/ovsdb_monitor.py:986}}
May 29 00:14:49.951221 np0000177335 devstack@neutron-api.service[103421]: DEBUG neutron.plugins.ml2.drivers.ovn.mech_driver.ovsdb.ovsdb_monitor [None req-59ae183d-db90-4002-9abd-c3a12d2f7763 None None] Hash Ring: Node 801f659f47725115b878c5b5fd90799c (host: np0000177335) handling event "create" for row 3283957f-7c10-4665-895b-8b844da2eab9 (table: NB_Global) {{(pid=103421) notify /opt/stack/neutron/neutron/plugins/ml2/drivers/ovn/mech_driver/ovsdb/ovsdb_monitor.py:986}}
May 29 00:14:49.952603 np0000177335 devstack@neutron-api.service[103421]: INFO neutron.plugins.ml2.drivers.ovn.mech_driver.ovsdb.impl_idl_ovn [None req-59ae183d-db90-4002-9abd-c3a12d2f7763 None None] Getting OvsdbSbOvnIdl for WorkerService with retry
May 29 00:14:49.961178 np0000177335 devstack@neutron-api.service[103420]: DEBUG ovsdbapp.backend.ovs_idl [None req-b42de7b2-4df9-45df-974f-d8dfda60eaae None None] Created lookup_table index Chassis.name {{(pid=103420) autocreate_indices /opt/stack/data/venv/lib/python3.12/site-packages/ovsdbapp/backend/ovs_idl/__init__.py:87}}
May 29 00:14:49.961307 np0000177335 devstack@neutron-api.service[103420]: DEBUG ovsdbapp.backend.ovs_idl [None req-b42de7b2-4df9-45df-974f-d8dfda60eaae None None] Created lookup_table index Port_Binding.logical_port {{(pid=103420) autocreate_indices /opt/stack/data/venv/lib/python3.12/site-packages/ovsdbapp/backend/ovs_idl/__init__.py:87}}
May 29 00:14:49.961345 np0000177335 devstack@neutron-api.service[103420]: DEBUG ovsdbapp.backend.ovs_idl [None req-b42de7b2-4df9-45df-974f-d8dfda60eaae None None] Created schema index Chassis_Private.name {{(pid=103420) autocreate_indices /opt/stack/data/venv/lib/python3.12/site-packages/ovsdbapp/backend/ovs_idl/__init__.py:106}}
May 29 00:14:49.961427 np0000177335 devstack@neutron-api.service[103420]: DEBUG ovsdbapp.backend.ovs_idl [None req-b42de7b2-4df9-45df-974f-d8dfda60eaae None None] Created schema index Datapath_Binding.tunnel_key {{(pid=103420) autocreate_indices /opt/stack/data/venv/lib/python3.12/site-packages/ovsdbapp/backend/ovs_idl/__init__.py:106}}
May 29 00:14:49.963996 np0000177335 devstack@neutron-api.service[103420]: INFO ovsdbapp.backend.ovs_idl.vlog [None req-b42de7b2-4df9-45df-974f-d8dfda60eaae None None] ssl:199.204.45.205:6642: connecting...
May 29 00:14:49.968260 np0000177335 devstack@neutron-api.service[103420]: INFO ovsdbapp.backend.ovs_idl.vlog [None req-b42de7b2-4df9-45df-974f-d8dfda60eaae None None] ssl:199.204.45.205:6642: connected
May 29 00:14:49.982453 np0000177335 devstack@neutron-api.service[103422]: DEBUG neutron.common.ovn.hash_ring_manager [None req-cbc7b569-4cd2-4725-b70b-635de460354d None None] Allow caching, nodes 4>=4 {{(pid=103422) _wait_startup_before_caching /opt/stack/neutron/neutron/common/ovn/hash_ring_manager.py:65}}
May 29 00:14:49.986483 np0000177335 devstack@neutron-api.service[103422]: DEBUG neutron.common.ovn.hash_ring_manager [None req-cbc7b569-4cd2-4725-b70b-635de460354d None None] Hash Ring loaded. 4 active nodes. 0 offline nodes {{(pid=103422) _load_hash_ring /opt/stack/neutron/neutron/common/ovn/hash_ring_manager.py:102}}
May 29 00:14:49.986698 np0000177335 devstack@neutron-api.service[103422]: DEBUG neutron.plugins.ml2.drivers.ovn.mech_driver.ovsdb.ovsdb_monitor [None req-cbc7b569-4cd2-4725-b70b-635de460354d None None] ChassisAgentWriteEvent : Matched Chassis_Private, create, None None {{(pid=103422) matches /opt/stack/neutron/neutron/plugins/ml2/drivers/ovn/mech_driver/ovsdb/ovsdb_monitor.py:64}}
May 29 00:14:49.986698 np0000177335 devstack@neutron-api.service[103422]: DEBUG neutron.plugins.ml2.drivers.ovn.mech_driver.ovsdb.ovsdb_monitor [None req-cbc7b569-4cd2-4725-b70b-635de460354d None None] ChassisOVNAgentWriteEvent : Matched Chassis_Private, create, None None {{(pid=103422) matches /opt/stack/neutron/neutron/plugins/ml2/drivers/ovn/mech_driver/ovsdb/ovsdb_monitor.py:64}}
May 29 00:14:49.988983 np0000177335 devstack@neutron-api.service[103422]: INFO neutron.plugins.ml2.drivers.ovn.mech_driver.mech_driver [None req-cbc7b569-4cd2-4725-b70b-635de460354d None None] WorkerService process has finished the post initialization
May 29 00:14:49.989150 np0000177335 devstack@neutron-api.service[103421]: DEBUG ovsdbapp.backend.ovs_idl [None req-59ae183d-db90-4002-9abd-c3a12d2f7763 None None] Created lookup_table index Chassis.name {{(pid=103421) autocreate_indices /opt/stack/data/venv/lib/python3.12/site-packages/ovsdbapp/backend/ovs_idl/__init__.py:87}}
May 29 00:14:49.989272 np0000177335 devstack@neutron-api.service[103421]: DEBUG ovsdbapp.backend.ovs_idl [None req-59ae183d-db90-4002-9abd-c3a12d2f7763 None None] Created lookup_table index Port_Binding.logical_port {{(pid=103421) autocreate_indices /opt/stack/data/venv/lib/python3.12/site-packages/ovsdbapp/backend/ovs_idl/__init__.py:87}}
May 29 00:14:49.989398 np0000177335 devstack@neutron-api.service[103421]: DEBUG ovsdbapp.backend.ovs_idl [None req-59ae183d-db90-4002-9abd-c3a12d2f7763 None None] Created schema index Chassis_Private.name {{(pid=103421) autocreate_indices /opt/stack/data/venv/lib/python3.12/site-packages/ovsdbapp/backend/ovs_idl/__init__.py:106}}
May 29 00:14:49.989475 np0000177335 devstack@neutron-api.service[103421]: DEBUG ovsdbapp.backend.ovs_idl [None req-59ae183d-db90-4002-9abd-c3a12d2f7763 None None] Created schema index Datapath_Binding.tunnel_key {{(pid=103421) autocreate_indices /opt/stack/data/venv/lib/python3.12/site-packages/ovsdbapp/backend/ovs_idl/__init__.py:106}}
May 29 00:14:49.990342 np0000177335 devstack@neutron-api.service[103422]: WSGI app 0 (mountpoint='') ready in 8 seconds on interpreter 0x7d8193aa3668 pid: 103422 (default app)
May 29 00:14:49.992158 np0000177335 devstack@neutron-api.service[103421]: INFO ovsdbapp.backend.ovs_idl.vlog [None req-59ae183d-db90-4002-9abd-c3a12d2f7763 None None] ssl:199.204.45.205:6642: connecting...
May 29 00:14:49.997075 np0000177335 devstack@neutron-api.service[103421]: INFO ovsdbapp.backend.ovs_idl.vlog [None req-59ae183d-db90-4002-9abd-c3a12d2f7763 None None] ssl:199.204.45.205:6642: connected
May 29 00:14:50.001391 np0000177335 devstack@neutron-api.service[103420]: DEBUG neutron.common.ovn.hash_ring_manager [None req-b42de7b2-4df9-45df-974f-d8dfda60eaae None None] Allow caching, nodes 4>=4 {{(pid=103420) _wait_startup_before_caching /opt/stack/neutron/neutron/common/ovn/hash_ring_manager.py:65}}
May 29 00:14:50.007374 np0000177335 devstack@neutron-api.service[103420]: DEBUG neutron.common.ovn.hash_ring_manager [None req-b42de7b2-4df9-45df-974f-d8dfda60eaae None None] Hash Ring loaded. 4 active nodes. 0 offline nodes {{(pid=103420) _load_hash_ring /opt/stack/neutron/neutron/common/ovn/hash_ring_manager.py:102}}
May 29 00:14:50.007648 np0000177335 devstack@neutron-api.service[103420]: DEBUG neutron.plugins.ml2.drivers.ovn.mech_driver.ovsdb.ovsdb_monitor [None req-b42de7b2-4df9-45df-974f-d8dfda60eaae None None] ChassisOVNAgentWriteEvent : Matched Chassis_Private, create, None None {{(pid=103420) matches /opt/stack/neutron/neutron/plugins/ml2/drivers/ovn/mech_driver/ovsdb/ovsdb_monitor.py:64}}
May 29 00:14:50.007820 np0000177335 devstack@neutron-api.service[103420]: DEBUG neutron.plugins.ml2.drivers.ovn.mech_driver.ovsdb.ovsdb_monitor [None req-b42de7b2-4df9-45df-974f-d8dfda60eaae None None] ChassisAgentWriteEvent : Matched Chassis_Private, create, None None {{(pid=103420) matches /opt/stack/neutron/neutron/plugins/ml2/drivers/ovn/mech_driver/ovsdb/ovsdb_monitor.py:64}}
May 29 00:14:50.011498 np0000177335 devstack@neutron-api.service[103420]: INFO neutron.plugins.ml2.drivers.ovn.mech_driver.mech_driver [None req-b42de7b2-4df9-45df-974f-d8dfda60eaae None None] WorkerService process has finished the post initialization
May 29 00:14:50.013525 np0000177335 devstack@neutron-api.service[103420]: WSGI app 0 (mountpoint='') ready in 9 seconds on interpreter 0x7d8193aa3668 pid: 103420 (default app)
May 29 00:14:50.028582 np0000177335 devstack@neutron-api.service[103421]: DEBUG neutron.common.ovn.hash_ring_manager [None req-59ae183d-db90-4002-9abd-c3a12d2f7763 None None] Allow caching, nodes 4>=4 {{(pid=103421) _wait_startup_before_caching /opt/stack/neutron/neutron/common/ovn/hash_ring_manager.py:65}}
May 29 00:14:50.035054 np0000177335 devstack@neutron-api.service[103421]: DEBUG neutron.common.ovn.hash_ring_manager [None req-59ae183d-db90-4002-9abd-c3a12d2f7763 None None] Hash Ring loaded. 4 active nodes. 0 offline nodes {{(pid=103421) _load_hash_ring /opt/stack/neutron/neutron/common/ovn/hash_ring_manager.py:102}}
May 29 00:14:50.035054 np0000177335 devstack@neutron-api.service[103421]: DEBUG neutron.plugins.ml2.drivers.ovn.mech_driver.ovsdb.ovsdb_monitor [None req-59ae183d-db90-4002-9abd-c3a12d2f7763 None None] Hash Ring: Node 801f659f47725115b878c5b5fd90799c (host: np0000177335) handling event "create" for row 51e3953e-8ec7-420c-89e1-7e4829b6c458 (table: Chassis) {{(pid=103421) notify /opt/stack/neutron/neutron/plugins/ml2/drivers/ovn/mech_driver/ovsdb/ovsdb_monitor.py:986}}
May 29 00:14:50.036280 np0000177335 devstack@neutron-api.service[103421]: DEBUG ovsdbapp.backend.ovs_idl.event [None req-59ae183d-db90-4002-9abd-c3a12d2f7763 None None] Matched CREATE: ChassisBandwidthConfigEvent(events=('create', 'update'), table='Chassis', conditions=None, old_conditions=None), priority=20 to row=Chassis(uuid=51e3953e-8ec7-420c-89e1-7e4829b6c458, encaps=[b4be284f-9e35-4ac1-ba3e-97b875e001ef], external_ids={}, hostname='np0000177335', name='690e7c48-aa0c-4dd3-a54c-9cc4386bce37', nb_cfg=0, other_config={'ct-commit-nat-v2': 'true', 'ct-commit-to-zone': 'true', 'ct-next-zone': 'true', 'ct-no-masked-label': 'true', 'ct-state-save': 'true', 'datapath-type': 'system', 'fdb-timestamp': 'true', 'iface-types': 'afxdp,afxdp-nonpmd,bareudp,erspan,geneve,gre,gtpu,internal,ip6erspan,ip6gre,lisp,patch,srv6,stt,system,tap,vxlan', 'is-interconn': 'false', 'ls-dpg-column': 'true', 'mac-binding-timestamp': 'true', 'ovn-bridge-mappings': 'public:br-ex', 'ovn-chassis-mac-mappings': '', 'ovn-cms-options': 'enable-chassis-as-gw', 'ovn-ct-lb-related': 'true', 'ovn-enable-lflow-cache': 'true', 'ovn-limit-lflow-cache': '', 'ovn-memlimit-lflow-cache-kb': '', 'ovn-monitor-all': 'false', 'ovn-trim-limit-lflow-cache': '', 'ovn-trim-timeout-ms': '', 'ovn-trim-wmark-perc-lflow-cache': '', 'port-up-notif': 'true'}, transport_zones=[], vtep_logical_switches=[]) old= {{(pid=103421) matches /opt/stack/data/venv/lib/python3.12/site-packages/ovsdbapp/backend/ovs_idl/event.py:55}}
May 29 00:14:50.036757 np0000177335 devstack@neutron-api.service[103421]: DEBUG neutron.plugins.ml2.drivers.ovn.mech_driver.ovsdb.ovsdb_monitor [None req-59ae183d-db90-4002-9abd-c3a12d2f7763 None None] ChassisOVNAgentWriteEvent : Matched Chassis_Private, create, None None {{(pid=103421) matches /opt/stack/neutron/neutron/plugins/ml2/drivers/ovn/mech_driver/ovsdb/ovsdb_monitor.py:64}}
May 29 00:14:50.036757 np0000177335 devstack@neutron-api.service[103421]: DEBUG neutron.plugins.ml2.drivers.ovn.mech_driver.ovsdb.ovsdb_monitor [None req-59ae183d-db90-4002-9abd-c3a12d2f7763 None None] ChassisAgentWriteEvent : Matched Chassis_Private, create, None None {{(pid=103421) matches /opt/stack/neutron/neutron/plugins/ml2/drivers/ovn/mech_driver/ovsdb/ovsdb_monitor.py:64}}
May 29 00:14:50.036757 np0000177335 devstack@neutron-api.service[103421]: DEBUG neutron.plugins.ml2.drivers.ovn.mech_driver.ovsdb.ovsdb_monitor [None req-59ae183d-db90-4002-9abd-c3a12d2f7763 None None] Hash Ring: Node 801f659f47725115b878c5b5fd90799c (host: np0000177335) handling event "create" for row b4be284f-9e35-4ac1-ba3e-97b875e001ef (table: Encap) {{(pid=103421) notify /opt/stack/neutron/neutron/plugins/ml2/drivers/ovn/mech_driver/ovsdb/ovsdb_monitor.py:986}}
May 29 00:14:50.038420 np0000177335 devstack@neutron-api.service[103421]: INFO neutron.plugins.ml2.drivers.ovn.mech_driver.mech_driver [None req-59ae183d-db90-4002-9abd-c3a12d2f7763 None None] WorkerService process has finished the post initialization
May 29 00:14:50.040225 np0000177335 devstack@neutron-api.service[103421]: INFO neutron.plugins.ml2.drivers.ovn.mech_driver.ovsdb.extensions.qos [-] Starting OVNClientQosExtension
May 29 00:14:50.040951 np0000177335 devstack@neutron-api.service[103421]: INFO neutron.plugins.ml2.drivers.ovn.mech_driver.ovsdb.extensions.placement [-] Starting OVNClientPlacementExtension
May 29 00:14:50.042913 np0000177335 devstack@neutron-api.service[103421]: WSGI app 0 (mountpoint='') ready in 9 seconds on interpreter 0x7d8193aa3668 pid: 103421 (default app)
May 29 00:14:50.708667 np0000177335 devstack@neutron-api.service[103423]: DEBUG neutron.common.ovn.hash_ring_manager [-] Allow caching, nodes 4>=4 {{(pid=103423) _wait_startup_before_caching /opt/stack/neutron/neutron/common/ovn/hash_ring_manager.py:65}}
May 29 00:14:50.709316 np0000177335 devstack@neutron-api.service[103423]: DEBUG neutron.plugins.ml2.drivers.ovn.mech_driver.ovsdb.ovsdb_monitor [-] Hash Ring: Node 32addd59b50c5dd1aef32966def6e18e (host: np0000177335) handling event "update" for row bd5252fa-cfe6-4aed-8727-0b062f4573bb (table: Connection) {{(pid=103423) notify /opt/stack/neutron/neutron/plugins/ml2/drivers/ovn/mech_driver/ovsdb/ovsdb_monitor.py:986}}
May 29 00:14:53.203263 np0000177335 devstack@neutron-api.service[103423]: DEBUG neutron.plugins.ml2.drivers.ovn.mech_driver.ovsdb.ovsdb_monitor [-] Hash Ring: Node 32addd59b50c5dd1aef32966def6e18e (host: np0000177335) handling event "update" for row bd5252fa-cfe6-4aed-8727-0b062f4573bb (table: Connection) {{(pid=103423) notify /opt/stack/neutron/neutron/plugins/ml2/drivers/ovn/mech_driver/ovsdb/ovsdb_monitor.py:986}}
May 29 00:14:55.726064 np0000177335 devstack@neutron-api.service[103423]: DEBUG neutron.api.wsgi [None req-1f450076-14b6-44dc-a047-4ca088af3e10 admin admin] Missing Content-Type {{(pid=103423) get_content_type /opt/stack/neutron/neutron/api/wsgi.py:80}}
May 29 00:14:55.726712 np0000177335 devstack@neutron-api.service[103423]: DEBUG neutron.api.wsgi [None req-1f450076-14b6-44dc-a047-4ca088af3e10 admin admin] https://199.204.45.205/networking/v2.0/extensions returned with HTTP 200 {{(pid=103423) __call__ /opt/stack/neutron/neutron/api/wsgi.py:540}}
May 29 00:14:55.727003 np0000177335 devstack@neutron-api.service[103423]: [pid: 103423|app: 0|req: 2/2] 199.204.45.205 () {64 vars in 1323 bytes} [Fri May 29 00:14:55 2026] GET /networking/v2.0/extensions => generated 15209 bytes in 298 msecs (HTTP/1.1 200) 4 headers in 159 bytes (1 switches on core 0)
May 29 00:14:56.123324 np0000177335 devstack@neutron-api.service[103422]: DEBUG neutron.api.v2.base [None req-00d47b2d-5775-4041-96e9-15e82f5122d7 admin admin] Request body: {'subnetpool': {'name': 'shared-default-subnetpool-v4', 'default_prefixlen': 26, 'is_default': True, 'shared': True, 'prefixes': ['10.1.0.0/20']}} {{(pid=103422) prepare_request_body /opt/stack/neutron/neutron/api/v2/base.py:727}}
May 29 00:14:56.340660 np0000177335 devstack@neutron-api.service[103422]: DEBUG neutron.policy [None req-00d47b2d-5775-4041-96e9-15e82f5122d7 admin admin] Loaded default policies from ['neutron'] under neutron.policies entry points {{(pid=103422) register_rules /opt/stack/neutron/neutron/policy.py:65}}
May 29 00:14:56.483223 np0000177335 devstack@neutron-api.service[103422]: DEBUG neutron_lib.callbacks.manager [None req-00d47b2d-5775-4041-96e9-15e82f5122d7 admin admin] Publish callbacks ['neutron.objects.securitygroup.RbacNeutronDbObjectMixin.validate_rbac_policy_change-1996718909990', 'neutron.objects.address_group.RbacNeutronDbObjectMixin.validate_rbac_policy_change-1996718867372', 'neutron.objects.network.RbacNeutronDbObjectMixin.validate_rbac_policy_change-1996718890083', 'neutron.objects.qos.policy.RbacNeutronDbObjectMixin.validate_rbac_policy_change-1996718885150', 'neutron.objects.subnetpool.RbacNeutronDbObjectMixin.validate_rbac_policy_change-1996718894318', 'neutron.objects.address_scope.RbacNeutronDbObjectMixin.validate_rbac_policy_change-1996718981278', 'neutron.plugins.ml2.plugin.External_net_db_mixin._process_ext_policy_create-82064', 'neutron.plugins.ml2.plugin.NeutronDbPluginV2.validate_network_rbac_policy_change-81294'] for rbac-policy (None), before_create {{(pid=103422) _notify_loop /opt/stack/data/venv/lib/python3.12/site-packages/neutron_lib/callbacks/manager.py:184}}
May 29 00:14:56.535297 np0000177335 devstack@neutron-api.service[103422]: DEBUG neutron_lib.callbacks.manager [None req-00d47b2d-5775-4041-96e9-15e82f5122d7 admin admin] Publish callbacks [] for subnetpool (None), before_response {{(pid=103422) _notify_loop /opt/stack/data/venv/lib/python3.12/site-packages/neutron_lib/callbacks/manager.py:184}}
May 29 00:14:56.536117 np0000177335 devstack@neutron-api.service[103422]: [pid: 103422|app: 0|req: 1/3] 199.204.45.205 () {68 vars in 1367 bytes} [Fri May 29 00:14:56 2026] POST /networking/v2.0/subnetpools => generated 533 bytes in 521 msecs (HTTP/1.1 201) 4 headers in 162 bytes (1 switches on core 0)
May 29 00:14:56.881677 np0000177335 devstack@neutron-api.service[103420]: DEBUG neutron.api.v2.base [None req-958ddae1-f631-4d39-865b-e119077ec58d admin admin] Request body: {'subnetpool': {'name': 'shared-default-subnetpool-v6', 'default_prefixlen': 64, 'is_default': True, 'shared': True, 'prefixes': ['fd9a:7ffe:af49::/56']}} {{(pid=103420) prepare_request_body /opt/stack/neutron/neutron/api/v2/base.py:727}}
May 29 00:14:57.062593 np0000177335 devstack@neutron-api.service[103420]: DEBUG neutron.policy [None req-958ddae1-f631-4d39-865b-e119077ec58d admin admin] Loaded default policies from ['neutron'] under neutron.policies entry points {{(pid=103420) register_rules /opt/stack/neutron/neutron/policy.py:65}}
May 29 00:14:57.230492 np0000177335 devstack@neutron-api.service[103420]: DEBUG neutron_lib.callbacks.manager [None req-958ddae1-f631-4d39-865b-e119077ec58d admin admin] Publish callbacks ['neutron.objects.securitygroup.RbacNeutronDbObjectMixin.validate_rbac_policy_change-1996718977926', 'neutron.objects.address_group.RbacNeutronDbObjectMixin.validate_rbac_policy_change-1996718934849', 'neutron.objects.network.RbacNeutronDbObjectMixin.validate_rbac_policy_change-1996719335187', 'neutron.objects.qos.policy.RbacNeutronDbObjectMixin.validate_rbac_policy_change-1996719336027', 'neutron.objects.subnetpool.RbacNeutronDbObjectMixin.validate_rbac_policy_change-1996719314709', 'neutron.objects.address_scope.RbacNeutronDbObjectMixin.validate_rbac_policy_change-1996719301381', 'neutron.plugins.ml2.plugin.External_net_db_mixin._process_ext_policy_create-78633', 'neutron.plugins.ml2.plugin.NeutronDbPluginV2.validate_network_rbac_policy_change-17485'] for rbac-policy (None), before_create {{(pid=103420) _notify_loop /opt/stack/data/venv/lib/python3.12/site-packages/neutron_lib/callbacks/manager.py:184}}
May 29 00:14:57.277526 np0000177335 devstack@neutron-api.service[103420]: DEBUG neutron_lib.callbacks.manager [None req-958ddae1-f631-4d39-865b-e119077ec58d admin admin] Publish callbacks [] for subnetpool (None), before_response {{(pid=103420) _notify_loop /opt/stack/data/venv/lib/python3.12/site-packages/neutron_lib/callbacks/manager.py:184}}
May 29 00:14:57.278368 np0000177335 devstack@neutron-api.service[103420]: [pid: 103420|app: 0|req: 1/4] 199.204.45.205 () {68 vars in 1367 bytes} [Fri May 29 00:14:56 2026] POST /networking/v2.0/subnetpools => generated 543 bytes in 515 msecs (HTTP/1.1 201) 4 headers in 162 bytes (1 switches on core 0)
May 29 00:14:57.720380 np0000177335 devstack@neutron-api.service[103421]: DEBUG neutron.api.v2.base [None req-391ff855-ef4d-4442-ba90-9da0fca6b009 admin admin] Request body: {'network': {'admin_state_up': True, 'name': 'private'}} {{(pid=103421) prepare_request_body /opt/stack/neutron/neutron/api/v2/base.py:727}}
May 29 00:14:57.757024 np0000177335 devstack@neutron-api.service[103421]: DEBUG neutron.pecan_wsgi.hooks.quota_enforcement [None req-391ff855-ef4d-4442-ba90-9da0fca6b009 admin admin] Made reservation on behalf of a044c6a0a38e4083b33d67089754eb4a for: {'network': 1} {{(pid=103421) before /opt/stack/neutron/neutron/pecan_wsgi/hooks/quota_enforcement.py:66}}
May 29 00:14:57.950576 np0000177335 devstack@neutron-api.service[103421]: DEBUG neutron.policy [None req-391ff855-ef4d-4442-ba90-9da0fca6b009 admin admin] Loaded default policies from ['neutron'] under neutron.policies entry points {{(pid=103421) register_rules /opt/stack/neutron/neutron/policy.py:65}}
May 29 00:14:58.070025 np0000177335 devstack@neutron-api.service[103421]: DEBUG neutron_lib.callbacks.manager [None req-391ff855-ef4d-4442-ba90-9da0fca6b009 admin admin] Publish callbacks ['neutron.plugins.ml2.plugin.SecurityGroupDbMixin._ensure_default_security_group_handler-1107425'] for network (None), before_create {{(pid=103421) _notify_loop /opt/stack/data/venv/lib/python3.12/site-packages/neutron_lib/callbacks/manager.py:184}}
May 29 00:14:58.098196 np0000177335 devstack@neutron-api.service[103421]: DEBUG neutron_lib.callbacks.manager [None req-391ff855-ef4d-4442-ba90-9da0fca6b009 admin admin] Publish callbacks [] for security_group (None), before_create {{(pid=103421) _notify_loop /opt/stack/data/venv/lib/python3.12/site-packages/neutron_lib/callbacks/manager.py:184}}
May 29 00:14:58.202420 np0000177335 devstack@neutron-api.service[103421]: DEBUG neutron_lib.callbacks.manager [None req-391ff855-ef4d-4442-ba90-9da0fca6b009 admin admin] Publish callbacks ['neutron.plugins.ml2.drivers.ovn.mech_driver.mech_driver.OVNMechanismDriver._create_security_group_precommit-828409'] for security_group (f0022cc8-1829-4279-be57-3ff866e7ab6e), precommit_create {{(pid=103421) _notify_loop /opt/stack/data/venv/lib/python3.12/site-packages/neutron_lib/callbacks/manager.py:184}}
May 29 00:14:58.202759 np0000177335 devstack@neutron-api.service[103421]: DEBUG neutron.db.ovn_revision_numbers_db [None req-391ff855-ef4d-4442-ba90-9da0fca6b009 admin admin] create_initial_revision uuid=f0022cc8-1829-4279-be57-3ff866e7ab6e, type=security_groups, rev=-1 {{(pid=103421) create_initial_revision /opt/stack/neutron/neutron/db/ovn_revision_numbers_db.py:98}}
May 29 00:14:58.205134 np0000177335 devstack@neutron-api.service[103421]: DEBUG neutron.db.ovn_revision_numbers_db [None req-391ff855-ef4d-4442-ba90-9da0fca6b009 admin admin] create_initial_revision uuid=6642c8ff-fa18-4b49-9de6-f3d48553086a, type=security_group_rules, rev=-1 {{(pid=103421) create_initial_revision /opt/stack/neutron/neutron/db/ovn_revision_numbers_db.py:98}}
May 29 00:14:58.206053 np0000177335 devstack@neutron-api.service[103421]: DEBUG neutron.db.ovn_revision_numbers_db [None req-391ff855-ef4d-4442-ba90-9da0fca6b009 admin admin] create_initial_revision uuid=6b98d6b0-f099-41f4-9d9b-5e42f9401e9c, type=security_group_rules, rev=-1 {{(pid=103421) create_initial_revision /opt/stack/neutron/neutron/db/ovn_revision_numbers_db.py:98}}
May 29 00:14:58.206938 np0000177335 devstack@neutron-api.service[103421]: DEBUG neutron.db.ovn_revision_numbers_db [None req-391ff855-ef4d-4442-ba90-9da0fca6b009 admin admin] create_initial_revision uuid=853774e2-e545-4415-8c13-f8eb603bc641, type=security_group_rules, rev=-1 {{(pid=103421) create_initial_revision /opt/stack/neutron/neutron/db/ovn_revision_numbers_db.py:98}}
May 29 00:14:58.208087 np0000177335 devstack@neutron-api.service[103421]: DEBUG neutron.db.ovn_revision_numbers_db [None req-391ff855-ef4d-4442-ba90-9da0fca6b009 admin admin] create_initial_revision uuid=edb93733-2744-410a-8c24-b7241b194104, type=security_group_rules, rev=-1 {{(pid=103421) create_initial_revision /opt/stack/neutron/neutron/db/ovn_revision_numbers_db.py:98}}
May 29 00:14:58.215777 np0000177335 devstack@neutron-api.service[103421]: DEBUG neutron_lib.callbacks.manager [None req-391ff855-ef4d-4442-ba90-9da0fca6b009 admin admin] Publish callbacks ['neutron.plugins.ml2.drivers.ovn.mech_driver.mech_driver.OVNMechanismDriver._create_security_group-828403', 'neutron.plugins.ml2.ovo_rpc._ObjectChangeHandler.handle_event-8296210'] for security_group (f0022cc8-1829-4279-be57-3ff866e7ab6e), after_create {{(pid=103421) _notify_loop /opt/stack/data/venv/lib/python3.12/site-packages/neutron_lib/callbacks/manager.py:184}}
May 29 00:14:58.217328 np0000177335 devstack@neutron-api.service[103421]: DEBUG ovsdbapp.backend.ovs_idl.transaction [-] Running txn n=1 command(idx=0): PgAddCommand(_result=None, name=pg_f0022cc8_1829_4279_be57_3ff866e7ab6e, may_exist=False, columns={'acls': [], 'external_ids': {'neutron:security_group_id': 'f0022cc8-1829-4279-be57-3ff866e7ab6e'}}) {{(pid=103421) do_commit /opt/stack/data/venv/lib/python3.12/site-packages/ovsdbapp/backend/ovs_idl/transaction.py:89}}
May 29 00:14:58.219911 np0000177335 devstack@neutron-api.service[103421]: DEBUG ovsdbapp.backend.ovs_idl.transaction [-] Running txn n=1 command(idx=1): PgAclAddCommand(_result=None, entity=pg_f0022cc8_1829_4279_be57_3ff866e7ab6e, direction=to-lport, priority=1002, match=outport == @pg_f0022cc8_1829_4279_be57_3ff866e7ab6e && ip6 && ip6.src == $pg_f0022cc8_1829_4279_be57_3ff866e7ab6e_ip6, action=allow-related, log=False, may_exist=True, severity=[], name=[], meter=[], external_ids={'neutron:security_group_rule_id': '6642c8ff-fa18-4b49-9de6-f3d48553086a'}) {{(pid=103421) do_commit /opt/stack/data/venv/lib/python3.12/site-packages/ovsdbapp/backend/ovs_idl/transaction.py:89}}
May 29 00:14:58.220550 np0000177335 devstack@neutron-api.service[103421]: DEBUG ovsdbapp.backend.ovs_idl.transaction [-] Running txn n=1 command(idx=2): PgAclAddCommand(_result=None, entity=pg_f0022cc8_1829_4279_be57_3ff866e7ab6e, direction=from-lport, priority=1002, match=inport == @pg_f0022cc8_1829_4279_be57_3ff866e7ab6e && ip6, action=allow-related, log=False, may_exist=True, severity=[], name=[], meter=[], external_ids={'neutron:security_group_rule_id': '6b98d6b0-f099-41f4-9d9b-5e42f9401e9c'}) {{(pid=103421) do_commit /opt/stack/data/venv/lib/python3.12/site-packages/ovsdbapp/backend/ovs_idl/transaction.py:89}}
May 29 00:14:58.221267 np0000177335 devstack@neutron-api.service[103421]: DEBUG ovsdbapp.backend.ovs_idl.transaction [-] Running txn n=1 command(idx=3): PgAclAddCommand(_result=None, entity=pg_f0022cc8_1829_4279_be57_3ff866e7ab6e, direction=to-lport, priority=1002, match=outport == @pg_f0022cc8_1829_4279_be57_3ff866e7ab6e && ip4 && ip4.src == $pg_f0022cc8_1829_4279_be57_3ff866e7ab6e_ip4, action=allow-related, log=False, may_exist=True, severity=[], name=[], meter=[], external_ids={'neutron:security_group_rule_id': '853774e2-e545-4415-8c13-f8eb603bc641'}) {{(pid=103421) do_commit /opt/stack/data/venv/lib/python3.12/site-packages/ovsdbapp/backend/ovs_idl/transaction.py:89}}
May 29 00:14:58.221906 np0000177335 devstack@neutron-api.service[103421]: DEBUG ovsdbapp.backend.ovs_idl.transaction [-] Running txn n=1 command(idx=4): PgAclAddCommand(_result=None, entity=pg_f0022cc8_1829_4279_be57_3ff866e7ab6e, direction=from-lport, priority=1002, match=inport == @pg_f0022cc8_1829_4279_be57_3ff866e7ab6e && ip4, action=allow-related, log=False, may_exist=True, severity=[], name=[], meter=[], external_ids={'neutron:security_group_rule_id': 'edb93733-2744-410a-8c24-b7241b194104'}) {{(pid=103421) do_commit /opt/stack/data/venv/lib/python3.12/site-packages/ovsdbapp/backend/ovs_idl/transaction.py:89}}
May 29 00:14:58.227513 np0000177335 devstack@neutron-api.service[103421]: DEBUG neutron.plugins.ml2.drivers.ovn.mech_driver.ovsdb.ovsdb_monitor [-] Hash Ring: Node 801f659f47725115b878c5b5fd90799c (host: np0000177335) handling event "create" for row 5839474b-b753-4b90-b54c-dc316f03cd59 (table: ACL) {{(pid=103421) notify /opt/stack/neutron/neutron/plugins/ml2/drivers/ovn/mech_driver/ovsdb/ovsdb_monitor.py:986}}
May 29 00:14:58.228028 np0000177335 devstack@neutron-api.service[103421]: DEBUG neutron.plugins.ml2.drivers.ovn.mech_driver.ovsdb.ovsdb_monitor [-] Hash Ring: Node 801f659f47725115b878c5b5fd90799c (host: np0000177335) handling event "create" for row 8d3b8860-a4ac-4715-93db-0e95025693af (table: ACL) {{(pid=103421) notify /opt/stack/neutron/neutron/plugins/ml2/drivers/ovn/mech_driver/ovsdb/ovsdb_monitor.py:986}}
May 29 00:14:58.232097 np0000177335 devstack@neutron-api.service[103423]: DEBUG neutron.plugins.ml2.drivers.ovn.mech_driver.ovsdb.ovsdb_monitor [-] Hash Ring: Node 32addd59b50c5dd1aef32966def6e18e (host: np0000177335) handling event "create" for row 5839474b-b753-4b90-b54c-dc316f03cd59 (table: ACL) {{(pid=103423) notify /opt/stack/neutron/neutron/plugins/ml2/drivers/ovn/mech_driver/ovsdb/ovsdb_monitor.py:986}}
May 29 00:14:58.232517 np0000177335 devstack@neutron-api.service[103423]: DEBUG neutron.plugins.ml2.drivers.ovn.mech_driver.ovsdb.ovsdb_monitor [-] Hash Ring: Node 32addd59b50c5dd1aef32966def6e18e (host: np0000177335) handling event "create" for row 8755c298-585c-45b8-bf04-8c451ed0531a (table: ACL) {{(pid=103423) notify /opt/stack/neutron/neutron/plugins/ml2/drivers/ovn/mech_driver/ovsdb/ovsdb_monitor.py:986}}
May 29 00:14:58.232517 np0000177335 devstack@neutron-api.service[103423]: DEBUG neutron.plugins.ml2.drivers.ovn.mech_driver.ovsdb.ovsdb_monitor [-] Hash Ring: Node 32addd59b50c5dd1aef32966def6e18e (host: np0000177335) handling event "create" for row 8d3b8860-a4ac-4715-93db-0e95025693af (table: ACL) {{(pid=103423) notify /opt/stack/neutron/neutron/plugins/ml2/drivers/ovn/mech_driver/ovsdb/ovsdb_monitor.py:986}}
May 29 00:14:58.232517 np0000177335 devstack@neutron-api.service[103423]: DEBUG neutron.plugins.ml2.drivers.ovn.mech_driver.ovsdb.ovsdb_monitor [-] Hash Ring: Node 32addd59b50c5dd1aef32966def6e18e (host: np0000177335) handling event "create" for row cf9e4d5a-ba3f-4412-b75a-df326b6c7529 (table: ACL) {{(pid=103423) notify /opt/stack/neutron/neutron/plugins/ml2/drivers/ovn/mech_driver/ovsdb/ovsdb_monitor.py:986}}
May 29 00:14:58.232517 np0000177335 devstack@neutron-api.service[103423]: DEBUG neutron.plugins.ml2.drivers.ovn.mech_driver.ovsdb.ovsdb_monitor [-] Hash Ring: Node 32addd59b50c5dd1aef32966def6e18e (host: np0000177335) handling event "create" for row 9638b6df-cf61-446d-b751-0de8e73f3811 (table: Port_Group) {{(pid=103423) notify /opt/stack/neutron/neutron/plugins/ml2/drivers/ovn/mech_driver/ovsdb/ovsdb_monitor.py:986}}
May 29 00:14:58.232724 np0000177335 devstack@neutron-api.service[103422]: DEBUG neutron.plugins.ml2.drivers.ovn.mech_driver.ovsdb.ovsdb_monitor [-] Hash Ring: Node cd5c6d03f1d95dae95daab9abe11b4dd (host: np0000177335) handling event "create" for row 9638b6df-cf61-446d-b751-0de8e73f3811 (table: Port_Group) {{(pid=103422) notify /opt/stack/neutron/neutron/plugins/ml2/drivers/ovn/mech_driver/ovsdb/ovsdb_monitor.py:986}}
May 29 00:14:58.236900 np0000177335 devstack@neutron-api.service[103420]: DEBUG neutron.plugins.ml2.drivers.ovn.mech_driver.ovsdb.ovsdb_monitor [-] Hash Ring: Node 0d2d9bd36e2b5e89a9d7c4faa97ee9f4 (host: np0000177335) handling event "create" for row 8755c298-585c-45b8-bf04-8c451ed0531a (table: ACL) {{(pid=103420) notify /opt/stack/neutron/neutron/plugins/ml2/drivers/ovn/mech_driver/ovsdb/ovsdb_monitor.py:986}}
May 29 00:14:58.258649 np0000177335 devstack@neutron-api.service[103421]: INFO neutron.db.ovn_revision_numbers_db [None req-391ff855-ef4d-4442-ba90-9da0fca6b009 admin admin] Successfully bumped revision number for resource f0022cc8-1829-4279-be57-3ff866e7ab6e (type: security_groups) to 1
May 29 00:14:58.278262 np0000177335 devstack@neutron-api.service[103421]: INFO neutron.db.ovn_revision_numbers_db [None req-391ff855-ef4d-4442-ba90-9da0fca6b009 admin admin] Successfully bumped revision number for resource 6642c8ff-fa18-4b49-9de6-f3d48553086a (type: security_group_rules) to 0
May 29 00:14:58.293451 np0000177335 devstack@neutron-api.service[103421]: INFO neutron.db.ovn_revision_numbers_db [None req-391ff855-ef4d-4442-ba90-9da0fca6b009 admin admin] Successfully bumped revision number for resource 6b98d6b0-f099-41f4-9d9b-5e42f9401e9c (type: security_group_rules) to 0
May 29 00:14:58.306385 np0000177335 devstack@neutron-api.service[103421]: INFO neutron.db.ovn_revision_numbers_db [None req-391ff855-ef4d-4442-ba90-9da0fca6b009 admin admin] Successfully bumped revision number for resource 853774e2-e545-4415-8c13-f8eb603bc641 (type: security_group_rules) to 0
May 29 00:14:58.318595 np0000177335 devstack@neutron-api.service[103421]: INFO neutron.db.ovn_revision_numbers_db [None req-391ff855-ef4d-4442-ba90-9da0fca6b009 admin admin] Successfully bumped revision number for resource edb93733-2744-410a-8c24-b7241b194104 (type: security_group_rules) to 0
May 29 00:14:58.342540 np0000177335 devstack@neutron-api.service[103421]: DEBUG neutron.api.rpc.handlers.resources_rpc [None req-391ff855-ef4d-4442-ba90-9da0fca6b009 admin admin] Pushing event updated for resources: {'SecurityGroup': ['ID=f0022cc8-1829-4279-be57-3ff866e7ab6e,revision_number=1']} {{(pid=103421) push /opt/stack/neutron/neutron/api/rpc/handlers/resources_rpc.py:237}}
May 29 00:14:58.350137 np0000177335 devstack@neutron-api.service[103421]: DEBUG ovsdbapp.backend.ovs_idl.transaction [-] Running txn n=1 command(idx=0): CheckLivenessCommand(_result=None) {{(pid=103421) do_commit /opt/stack/data/venv/lib/python3.12/site-packages/ovsdbapp/backend/ovs_idl/transaction.py:89}}
May 29 00:14:58.353884 np0000177335 devstack@neutron-api.service[103423]: DEBUG neutron.plugins.ml2.drivers.ovn.mech_driver.ovsdb.ovsdb_monitor [-] Hash Ring: Node 32addd59b50c5dd1aef32966def6e18e (host: np0000177335) handling event "update" for row 3283957f-7c10-4665-895b-8b844da2eab9 (table: NB_Global) {{(pid=103423) notify /opt/stack/neutron/neutron/plugins/ml2/drivers/ovn/mech_driver/ovsdb/ovsdb_monitor.py:986}}
May 29 00:14:58.354126 np0000177335 devstack@neutron-api.service[103421]: DEBUG neutron.plugins.ml2.drivers.ovn.mech_driver.ovsdb.ovsdb_monitor [-] Hash Ring: Node 801f659f47725115b878c5b5fd90799c (host: np0000177335) handling event "update" for row 3283957f-7c10-4665-895b-8b844da2eab9 (table: NB_Global) {{(pid=103421) notify /opt/stack/neutron/neutron/plugins/ml2/drivers/ovn/mech_driver/ovsdb/ovsdb_monitor.py:986}}
May 29 00:14:58.355988 np0000177335 devstack@neutron-api.service[103423]: DEBUG neutron.plugins.ml2.drivers.ovn.mech_driver.ovsdb.ovsdb_monitor [-] Hash Ring: Node 32addd59b50c5dd1aef32966def6e18e (host: np0000177335) handling event "update" for row 3283957f-7c10-4665-895b-8b844da2eab9 (table: NB_Global) {{(pid=103423) notify /opt/stack/neutron/neutron/plugins/ml2/drivers/ovn/mech_driver/ovsdb/ovsdb_monitor.py:986}}
May 29 00:14:58.356156 np0000177335 devstack@neutron-api.service[103421]: DEBUG neutron.plugins.ml2.drivers.ovn.mech_driver.ovsdb.ovsdb_monitor [-] Hash Ring: Node 801f659f47725115b878c5b5fd90799c (host: np0000177335) handling event "update" for row 3283957f-7c10-4665-895b-8b844da2eab9 (table: NB_Global) {{(pid=103421) notify /opt/stack/neutron/neutron/plugins/ml2/drivers/ovn/mech_driver/ovsdb/ovsdb_monitor.py:986}}
May 29 00:14:58.357413 np0000177335 devstack@neutron-api.service[103423]: DEBUG neutron.plugins.ml2.drivers.ovn.mech_driver.ovsdb.ovsdb_monitor [-] Hash Ring: Node 32addd59b50c5dd1aef32966def6e18e (host: np0000177335) handling event "update" for row 3283957f-7c10-4665-895b-8b844da2eab9 (table: NB_Global) {{(pid=103423) notify /opt/stack/neutron/neutron/plugins/ml2/drivers/ovn/mech_driver/ovsdb/ovsdb_monitor.py:986}}
May 29 00:14:58.358391 np0000177335 devstack@neutron-api.service[103421]: DEBUG neutron.plugins.ml2.drivers.ovn.mech_driver.ovsdb.ovsdb_monitor [-] Hash Ring: Node 801f659f47725115b878c5b5fd90799c (host: np0000177335) handling event "update" for row 3283957f-7c10-4665-895b-8b844da2eab9 (table: NB_Global) {{(pid=103421) notify /opt/stack/neutron/neutron/plugins/ml2/drivers/ovn/mech_driver/ovsdb/ovsdb_monitor.py:986}}
May 29 00:14:58.358546 np0000177335 devstack@neutron-api.service[103420]: DEBUG neutron.plugins.ml2.drivers.ovn.mech_driver.ovsdb.ovsdb_monitor [-] ChassisAgentWriteEvent : Matched Chassis_Private, update, None None {{(pid=103420) matches /opt/stack/neutron/neutron/plugins/ml2/drivers/ovn/mech_driver/ovsdb/ovsdb_monitor.py:64}}
May 29 00:14:58.358923 np0000177335 devstack@neutron-api.service[103422]: DEBUG neutron.plugins.ml2.drivers.ovn.mech_driver.ovsdb.ovsdb_monitor [-] ChassisAgentWriteEvent : Matched Chassis_Private, update, None None {{(pid=103422) matches /opt/stack/neutron/neutron/plugins/ml2/drivers/ovn/mech_driver/ovsdb/ovsdb_monitor.py:64}}
May 29 00:14:58.359473 np0000177335 devstack@neutron-api.service[103423]: DEBUG neutron.plugins.ml2.drivers.ovn.mech_driver.ovsdb.ovsdb_monitor [-] Hash Ring: Node 32addd59b50c5dd1aef32966def6e18e (host: np0000177335) handling event "update" for row 3283957f-7c10-4665-895b-8b844da2eab9 (table: NB_Global) {{(pid=103423) notify /opt/stack/neutron/neutron/plugins/ml2/drivers/ovn/mech_driver/ovsdb/ovsdb_monitor.py:986}}
May 29 00:14:58.363146 np0000177335 devstack@neutron-api.service[103423]: DEBUG neutron.plugins.ml2.drivers.ovn.mech_driver.ovsdb.ovsdb_monitor [-] ChassisAgentWriteEvent : Matched Chassis_Private, update, None None {{(pid=103423) matches /opt/stack/neutron/neutron/plugins/ml2/drivers/ovn/mech_driver/ovsdb/ovsdb_monitor.py:64}}
May 29 00:14:58.363285 np0000177335 devstack@neutron-api.service[103421]: DEBUG neutron.api.rpc.callbacks.version_manager [None req-391ff855-ef4d-4442-ba90-9da0fca6b009 admin admin] Tracked resource versions report:
May 29 00:14:58.363285 np0000177335 devstack@neutron-api.service[103421]: pushed versions:
May 29 00:14:58.363285 np0000177335 devstack@neutron-api.service[103421]: { 'AddressGroup': {'1.2'},
May 29 00:14:58.363285 np0000177335 devstack@neutron-api.service[103421]: 'Agent': {'1.1'},
May 29 00:14:58.363285 np0000177335 devstack@neutron-api.service[103421]: 'ConntrackHelper': {'1.0'},
May 29 00:14:58.363285 np0000177335 devstack@neutron-api.service[103421]: 'LocalIPAssociation': {'1.0'},
May 29 00:14:58.363285 np0000177335 devstack@neutron-api.service[103421]: 'Log': {'1.0'},
May 29 00:14:58.363285 np0000177335 devstack@neutron-api.service[103421]: 'NDPProxy': {'1.0'},
May 29 00:14:58.363285 np0000177335 devstack@neutron-api.service[103421]: 'Network': {'1.3'},
May 29 00:14:58.363285 np0000177335 devstack@neutron-api.service[103421]: 'Port': {'1.11'},
May 29 00:14:58.363285 np0000177335 devstack@neutron-api.service[103421]: 'PortForwarding': {'1.3'},
May 29 00:14:58.363285 np0000177335 devstack@neutron-api.service[103421]: 'QosPolicy': {'1.10'},
May 29 00:14:58.363285 np0000177335 devstack@neutron-api.service[103421]: 'SecurityGroup': {'1.6'},
May 29 00:14:58.363285 np0000177335 devstack@neutron-api.service[103421]: 'SecurityGroupRule': {'1.3'},
May 29 00:14:58.363285 np0000177335 devstack@neutron-api.service[103421]: 'SubPort': {'1.0'},
May 29 00:14:58.363285 np0000177335 devstack@neutron-api.service[103421]: 'Subnet': {'1.2'},
May 29 00:14:58.363285 np0000177335 devstack@neutron-api.service[103421]: 'Trunk': {'1.1'}}
May 29 00:14:58.363285 np0000177335 devstack@neutron-api.service[103421]: consumer versions:
May 29 00:14:58.363285 np0000177335 devstack@neutron-api.service[103421]: {}
May 29 00:14:58.363285 np0000177335 devstack@neutron-api.service[103421]: {{(pid=103421) report /opt/stack/neutron/neutron/api/rpc/callbacks/version_manager.py:183}}
May 29 00:14:58.363732 np0000177335 devstack@neutron-api.service[103420]: DEBUG neutron.plugins.ml2.drivers.ovn.mech_driver.ovsdb.ovsdb_monitor [-] ChassisOVNAgentWriteEvent : Matched Chassis_Private, update, None None {{(pid=103420) matches /opt/stack/neutron/neutron/plugins/ml2/drivers/ovn/mech_driver/ovsdb/ovsdb_monitor.py:64}}
May 29 00:14:58.364977 np0000177335 devstack@neutron-api.service[103422]: DEBUG neutron.plugins.ml2.drivers.ovn.mech_driver.ovsdb.ovsdb_monitor [-] ChassisOVNAgentWriteEvent : Matched Chassis_Private, update, None None {{(pid=103422) matches /opt/stack/neutron/neutron/plugins/ml2/drivers/ovn/mech_driver/ovsdb/ovsdb_monitor.py:64}}
May 29 00:14:58.366912 np0000177335 devstack@neutron-api.service[103421]: DEBUG neutron.plugins.ml2.drivers.ovn.mech_driver.ovsdb.ovsdb_monitor [-] ChassisAgentWriteEvent : Matched Chassis_Private, update, None None {{(pid=103421) matches /opt/stack/neutron/neutron/plugins/ml2/drivers/ovn/mech_driver/ovsdb/ovsdb_monitor.py:64}}
May 29 00:14:58.368592 np0000177335 devstack@neutron-api.service[103423]: DEBUG neutron.common.ovn.hash_ring_manager [-] Allow caching, nodes 4>=4 {{(pid=103423) _wait_startup_before_caching /opt/stack/neutron/neutron/common/ovn/hash_ring_manager.py:65}}
May 29 00:14:58.368868 np0000177335 devstack@neutron-api.service[103423]: DEBUG neutron.plugins.ml2.drivers.ovn.mech_driver.ovsdb.ovsdb_monitor [-] Hash Ring: Node 32addd59b50c5dd1aef32966def6e18e (host: np0000177335) handling event "update" for row 0b0a8d8a-0b93-4b37-b2a0-0c8a1f5703bc (table: Chassis_Private) {{(pid=103423) notify /opt/stack/neutron/neutron/plugins/ml2/drivers/ovn/mech_driver/ovsdb/ovsdb_monitor.py:986}}
May 29 00:14:58.369805 np0000177335 devstack@neutron-api.service[103421]: DEBUG neutron.plugins.ml2.drivers.ovn.mech_driver.ovsdb.ovsdb_monitor [-] ChassisOVNAgentWriteEvent : Matched Chassis_Private, update, None None {{(pid=103421) matches /opt/stack/neutron/neutron/plugins/ml2/drivers/ovn/mech_driver/ovsdb/ovsdb_monitor.py:64}}
May 29 00:14:58.369970 np0000177335 devstack@neutron-api.service[103423]: DEBUG neutron.plugins.ml2.drivers.ovn.mech_driver.ovsdb.ovsdb_monitor [-] ChassisOVNAgentWriteEvent : Matched Chassis_Private, update, None None {{(pid=103423) matches /opt/stack/neutron/neutron/plugins/ml2/drivers/ovn/mech_driver/ovsdb/ovsdb_monitor.py:64}}
May 29 00:14:58.370363 np0000177335 devstack@neutron-api.service[103423]: DEBUG neutron.plugins.ml2.drivers.ovn.mech_driver.ovsdb.ovsdb_monitor [-] Hash Ring: Node 32addd59b50c5dd1aef32966def6e18e (host: np0000177335) handling event "update" for row 0b0a8d8a-0b93-4b37-b2a0-0c8a1f5703bc (table: Chassis_Private) {{(pid=103423) notify /opt/stack/neutron/neutron/plugins/ml2/drivers/ovn/mech_driver/ovsdb/ovsdb_monitor.py:986}}
May 29 00:14:58.372276 np0000177335 devstack@neutron-api.service[103421]: DEBUG neutron.plugins.ml2.drivers.ovn.mech_driver.ovsdb.ovsdb_monitor [-] Hash Ring: Node 801f659f47725115b878c5b5fd90799c (host: np0000177335) handling event "update" for row 3283957f-7c10-4665-895b-8b844da2eab9 (table: NB_Global) {{(pid=103421) notify /opt/stack/neutron/neutron/plugins/ml2/drivers/ovn/mech_driver/ovsdb/ovsdb_monitor.py:986}}
May 29 00:14:58.428392 np0000177335 devstack@neutron-api.service[103421]: DEBUG neutron.plugins.ml2.drivers.helpers [None req-391ff855-ef4d-4442-ba90-9da0fca6b009 admin admin] geneve segment allocate from pool success with {'geneve_vni': 3817} {{(pid=103421) allocate_partially_specified_segment /opt/stack/neutron/neutron/plugins/ml2/drivers/helpers.py:142}}
May 29 00:14:58.439991 np0000177335 devstack@neutron-api.service[103421]: DEBUG neutron_lib.callbacks.manager [None req-391ff855-ef4d-4442-ba90-9da0fca6b009 admin admin] Publish callbacks ['neutron.services.segments.db._add_segment_host_mapping_for_segment-8624710363810', 'neutron.plugins.ml2.plugin.Ml2Plugin._handle_segment_change-1364123'] for segment (bfef41e2-a1fd-4f99-b5bc-03dc753413e1), precommit_create {{(pid=103421) _notify_loop /opt/stack/data/venv/lib/python3.12/site-packages/neutron_lib/callbacks/manager.py:184}}
May 29 00:14:58.440128 np0000177335 devstack@neutron-api.service[103421]: INFO neutron.db.segments_db [None req-391ff855-ef4d-4442-ba90-9da0fca6b009 admin admin] Added segment bfef41e2-a1fd-4f99-b5bc-03dc753413e1 of type geneve for network a53956dd-9a6c-40d0-87a4-b75160642d41
