May 26 15:05:47.397267 np0000176659 devstack@neutron-api.service[103185]: DEBUG neutron.api.extensions [None req-d41ae7ab-4133-4494-b6c2-9a404df91f39 None None] Loading extension file: network_ha.py {{(pid=103185) _load_all_extensions_from_path /opt/stack/neutron/neutron/api/extensions.py:449}}
May 26 15:05:47.397498 np0000176659 devstack@neutron-api.service[103185]: DEBUG neutron.api.extensions [None req-d41ae7ab-4133-4494-b6c2-9a404df91f39 None None] Ext name="Network HA creation flag" alias="network_ha" description="Network high availability creation flag." updated="2023-04-27T10:00:00-00:00" {{(pid=103185) _check_extension /opt/stack/neutron/neutron/api/extensions.py:415}}
May 26 15:05:47.397662 np0000176659 devstack@neutron-api.service[103185]: INFO neutron.api.extensions [None req-d41ae7ab-4133-4494-b6c2-9a404df91f39 None None] Extension network_ha not supported by any of loaded plugins
May 26 15:05:47.397753 np0000176659 devstack@neutron-api.service[103185]: DEBUG neutron.api.extensions [None req-d41ae7ab-4133-4494-b6c2-9a404df91f39 None None] Loading extension file: network_ip_availability.py {{(pid=103185) _load_all_extensions_from_path /opt/stack/neutron/neutron/api/extensions.py:449}}
May 26 15:05:47.398034 np0000176659 devstack@neutron-api.service[103185]: DEBUG neutron.api.extensions [None req-d41ae7ab-4133-4494-b6c2-9a404df91f39 None None] Ext name="Network IP Availability" alias="network-ip-availability" description="Provides IP availability data for each network and subnet." updated="2015-09-24T00:00:00-00:00" {{(pid=103185) _check_extension /opt/stack/neutron/neutron/api/extensions.py:415}}
May 26 15:05:47.398231 np0000176659 devstack@neutron-api.service[103185]: INFO neutron.api.extensions [None req-d41ae7ab-4133-4494-b6c2-9a404df91f39 None None] Loaded extension: network-ip-availability
May 26 15:05:47.398293 np0000176659 devstack@neutron-api.service[103185]: DEBUG neutron.api.extensions [None req-d41ae7ab-4133-4494-b6c2-9a404df91f39 None None] Loading extension file: network_ip_availability_details.py {{(pid=103185) _load_all_extensions_from_path /opt/stack/neutron/neutron/api/extensions.py:449}}
May 26 15:05:47.398442 np0000176659 devstack@neutron-api.service[103184]: DEBUG neutron.manager [None req-b79c80f2-a584-4949-9775-b2543a4de6e6 None None] Successfully loaded network-ip-availability plugin. Description: Provides IP availability data for each network and subnet. {{(pid=103184) _create_and_add_service_plugin /opt/stack/neutron/neutron/manager.py:239}}
May 26 15:05:47.398529 np0000176659 devstack@neutron-api.service[103185]: DEBUG neutron.api.extensions [None req-d41ae7ab-4133-4494-b6c2-9a404df91f39 None None] Ext name="Network IP Availability Details Extension" alias="network-ip-availability-details" description="Add ip_availability_details attribute to network-ip-availabilities resource." updated="2025-10-31T00:00:00-00:00" {{(pid=103185) _check_extension /opt/stack/neutron/neutron/api/extensions.py:415}}
May 26 15:05:47.398588 np0000176659 devstack@neutron-api.service[103184]: INFO neutron.manager [None req-b79c80f2-a584-4949-9775-b2543a4de6e6 None None] Loading Plugin: flavors
May 26 15:05:47.398698 np0000176659 devstack@neutron-api.service[103185]: INFO neutron.api.extensions [None req-d41ae7ab-4133-4494-b6c2-9a404df91f39 None None] Loaded extension: network-ip-availability-details
May 26 15:05:47.398790 np0000176659 devstack@neutron-api.service[103185]: DEBUG neutron.api.extensions [None req-d41ae7ab-4133-4494-b6c2-9a404df91f39 None None] Loading extension file: network_segment_range.py {{(pid=103185) _load_all_extensions_from_path /opt/stack/neutron/neutron/api/extensions.py:449}}
May 26 15:05:47.399130 np0000176659 devstack@neutron-api.service[103185]: DEBUG neutron.api.extensions [None req-d41ae7ab-4133-4494-b6c2-9a404df91f39 None None] Ext name="Neutron Network Segment Range" alias="network-segment-range" description="Provides support for the network segment range management" updated="2018-11-29T00:00:00-00:00" {{(pid=103185) _check_extension /opt/stack/neutron/neutron/api/extensions.py:415}}
May 26 15:05:47.399304 np0000176659 devstack@neutron-api.service[103185]: INFO neutron.api.extensions [None req-d41ae7ab-4133-4494-b6c2-9a404df91f39 None None] Extension network-segment-range not supported by any of loaded plugins
May 26 15:05:47.399388 np0000176659 devstack@neutron-api.service[103185]: DEBUG neutron.api.extensions [None req-d41ae7ab-4133-4494-b6c2-9a404df91f39 None None] Loading extension file: pagination.py {{(pid=103185) _load_all_extensions_from_path /opt/stack/neutron/neutron/api/extensions.py:449}}
May 26 15:05:47.399452 np0000176659 devstack@neutron-api.service[103184]: DEBUG neutron.manager [None req-b79c80f2-a584-4949-9775-b2543a4de6e6 None None] Successfully loaded FLAVORS plugin. Description: Neutron Flavors and Service Profiles manager plugin {{(pid=103184) _create_and_add_service_plugin /opt/stack/neutron/neutron/manager.py:239}}
May 26 15:05:47.399502 np0000176659 devstack@neutron-api.service[103184]: INFO neutron.manager [None req-b79c80f2-a584-4949-9775-b2543a4de6e6 None None] Loading Plugin: revisions
May 26 15:05:47.399639 np0000176659 devstack@neutron-api.service[103185]: DEBUG neutron.api.extensions [None req-d41ae7ab-4133-4494-b6c2-9a404df91f39 None None] Ext name="Pagination support" alias="pagination" description="Extension that indicates that pagination is enabled." updated="2016-06-12T00:00:00-00:00" {{(pid=103185) _check_extension /opt/stack/neutron/neutron/api/extensions.py:415}}
May 26 15:05:47.399718 np0000176659 devstack@neutron-api.service[103185]: INFO neutron.api.extensions [None req-d41ae7ab-4133-4494-b6c2-9a404df91f39 None None] Loaded extension: pagination
May 26 15:05:47.399814 np0000176659 devstack@neutron-api.service[103185]: DEBUG neutron.api.extensions [None req-d41ae7ab-4133-4494-b6c2-9a404df91f39 None None] Loading extension file: port_device_profile.py {{(pid=103185) _load_all_extensions_from_path /opt/stack/neutron/neutron/api/extensions.py:449}}
May 26 15:05:47.400080 np0000176659 devstack@neutron-api.service[103185]: DEBUG neutron.api.extensions [None req-d41ae7ab-4133-4494-b6c2-9a404df91f39 None None] Ext name="Port device profile" alias="port-device-profile" description="Expose the port device profile (Cyborg)" updated="2020-12-17T10:00:00-00:00" {{(pid=103185) _check_extension /opt/stack/neutron/neutron/api/extensions.py:415}}
May 26 15:05:47.400251 np0000176659 devstack@neutron-api.service[103185]: INFO neutron.api.extensions [None req-d41ae7ab-4133-4494-b6c2-9a404df91f39 None None] Loaded extension: port-device-profile
May 26 15:05:47.400328 np0000176659 devstack@neutron-api.service[103185]: DEBUG neutron.api.extensions [None req-d41ae7ab-4133-4494-b6c2-9a404df91f39 None None] Loading extension file: port_hardware_offload_type.py {{(pid=103185) _load_all_extensions_from_path /opt/stack/neutron/neutron/api/extensions.py:449}}
May 26 15:05:47.400511 np0000176659 devstack@neutron-api.service[103184]: DEBUG neutron.manager [None req-b79c80f2-a584-4949-9775-b2543a4de6e6 None None] Successfully loaded revision_plugin plugin. Description: Adds revision numbers to resources. {{(pid=103184) _create_and_add_service_plugin /opt/stack/neutron/neutron/manager.py:239}}
May 26 15:05:47.400584 np0000176659 devstack@neutron-api.service[103185]: DEBUG neutron.api.extensions [None req-d41ae7ab-4133-4494-b6c2-9a404df91f39 None None] Ext name="Port hardware offload" alias="port-hardware-offload-type" description="Expose port hardware offload extension" updated="2023-05-09T10:00:00-00:00" {{(pid=103185) _check_extension /opt/stack/neutron/neutron/api/extensions.py:415}}
May 26 15:05:47.400633 np0000176659 devstack@neutron-api.service[103184]: DEBUG oslo_concurrency.lockutils [None req-b79c80f2-a584-4949-9775-b2543a4de6e6 None None] Lock "manager" "released" by "neutron.manager.NeutronManager._create_instance" :: held 4.647s {{(pid=103184) inner /opt/stack/data/venv/lib/python3.12/site-packages/oslo_concurrency/lockutils.py:543}}
May 26 15:05:47.400721 np0000176659 devstack@neutron-api.service[103185]: INFO neutron.api.extensions [None req-d41ae7ab-4133-4494-b6c2-9a404df91f39 None None] Extension port-hardware-offload-type not supported by any of loaded plugins
May 26 15:05:47.400812 np0000176659 devstack@neutron-api.service[103185]: DEBUG neutron.api.extensions [None req-d41ae7ab-4133-4494-b6c2-9a404df91f39 None None] Loading extension file: port_hint_ovs_tx_steering.py {{(pid=103185) _load_all_extensions_from_path /opt/stack/neutron/neutron/api/extensions.py:449}}
May 26 15:05:47.400890 np0000176659 devstack@neutron-api.service[103184]: DEBUG neutron.api.extensions [None req-b79c80f2-a584-4949-9775-b2543a4de6e6 None None] get_extension_paths = OrderedDict({'/opt/stack/neutron/neutron/extensions': 1}) {{(pid=103184) get_extensions_path /opt/stack/neutron/neutron/api/extensions.py:640}}
May 26 15:05:47.400991 np0000176659 devstack@neutron-api.service[103184]: INFO neutron.api.extensions [None req-b79c80f2-a584-4949-9775-b2543a4de6e6 None None] Initializing extension manager.
May 26 15:05:47.401042 np0000176659 devstack@neutron-api.service[103185]: DEBUG neutron.api.extensions [None req-d41ae7ab-4133-4494-b6c2-9a404df91f39 None None] Ext name="Port hint: Open vSwitch Tx steering" alias="port-hint-ovs-tx-steering" description="Enable Port hint: Open vSwitch Tx steering" updated="2023-01-01T00:00:00-00:00" {{(pid=103185) _check_extension /opt/stack/neutron/neutron/api/extensions.py:415}}
May 26 15:05:47.401218 np0000176659 devstack@neutron-api.service[103185]: INFO neutron.api.extensions [None req-d41ae7ab-4133-4494-b6c2-9a404df91f39 None None] Extension port-hint-ovs-tx-steering not supported by any of loaded plugins
May 26 15:05:47.401285 np0000176659 devstack@neutron-api.service[103184]: DEBUG neutron.api.extensions [None req-b79c80f2-a584-4949-9775-b2543a4de6e6 None None] Loading extension file: __init__.py {{(pid=103184) _load_all_extensions_from_path /opt/stack/neutron/neutron/api/extensions.py:449}}
May 26 15:05:47.401336 np0000176659 devstack@neutron-api.service[103185]: DEBUG neutron.api.extensions [None req-d41ae7ab-4133-4494-b6c2-9a404df91f39 None None] Loading extension file: port_hints.py {{(pid=103185) _load_all_extensions_from_path /opt/stack/neutron/neutron/api/extensions.py:449}}
May 26 15:05:47.401382 np0000176659 devstack@neutron-api.service[103184]: DEBUG neutron.api.extensions [None req-b79c80f2-a584-4949-9775-b2543a4de6e6 None None] Loading extension file: __pycache__ {{(pid=103184) _load_all_extensions_from_path /opt/stack/neutron/neutron/api/extensions.py:449}}
May 26 15:05:47.401483 np0000176659 devstack@neutron-api.service[103184]: DEBUG neutron.api.extensions [None req-b79c80f2-a584-4949-9775-b2543a4de6e6 None None] Loading extension file: aap_reject_multicast.py {{(pid=103184) _load_all_extensions_from_path /opt/stack/neutron/neutron/api/extensions.py:449}}
May 26 15:05:47.401534 np0000176659 devstack@neutron-api.service[103185]: DEBUG neutron.api.extensions [None req-d41ae7ab-4133-4494-b6c2-9a404df91f39 None None] Ext name="Port hints" alias="port-hints" description="Backend specific port hints to allow backend specific tuning" updated="2023-01-01T00:00:00-00:00" {{(pid=103185) _check_extension /opt/stack/neutron/neutron/api/extensions.py:415}}
May 26 15:05:47.401694 np0000176659 devstack@neutron-api.service[103185]: INFO neutron.api.extensions [None req-d41ae7ab-4133-4494-b6c2-9a404df91f39 None None] Extension port-hints not supported by any of loaded plugins
May 26 15:05:47.401754 np0000176659 devstack@neutron-api.service[103184]: DEBUG neutron.api.extensions [None req-b79c80f2-a584-4949-9775-b2543a4de6e6 None None] Ext name="Allowed address pairs reject multicast extension" alias="aap-reject-multicast" description="Reject multicast addresses in Allowed Address Pairs" updated="2026-04-01T00:00:00-00:00" {{(pid=103184) _check_extension /opt/stack/neutron/neutron/api/extensions.py:415}}
May 26 15:05:47.401802 np0000176659 devstack@neutron-api.service[103185]: DEBUG neutron.api.extensions [None req-d41ae7ab-4133-4494-b6c2-9a404df91f39 None None] Loading extension file: port_mac_address_override.py {{(pid=103185) _load_all_extensions_from_path /opt/stack/neutron/neutron/api/extensions.py:449}}
May 26 15:05:47.402045 np0000176659 devstack@neutron-api.service[103184]: INFO neutron.api.extensions [None req-b79c80f2-a584-4949-9775-b2543a4de6e6 None None] Extension aap-reject-multicast not supported by any of loaded plugins
May 26 15:05:47.402109 np0000176659 devstack@neutron-api.service[103185]: DEBUG neutron.api.extensions [None req-d41ae7ab-4133-4494-b6c2-9a404df91f39 None None] Ext name="Neutron Port MAC address override" alias="port-mac-override" description="Allow overriding the MAC address of a direct-physical Port via the active binding profile" updated="2022-03-18T10:00:00-00:00" {{(pid=103185) _check_extension /opt/stack/neutron/neutron/api/extensions.py:415}}
May 26 15:05:47.402160 np0000176659 devstack@neutron-api.service[103184]: DEBUG neutron.api.extensions [None req-b79c80f2-a584-4949-9775-b2543a4de6e6 None None] Loading extension file: address_group.py {{(pid=103184) _load_all_extensions_from_path /opt/stack/neutron/neutron/api/extensions.py:449}}
May 26 15:05:47.402225 np0000176659 devstack@neutron-api.service[103185]: INFO neutron.api.extensions [None req-d41ae7ab-4133-4494-b6c2-9a404df91f39 None None] Extension port-mac-override not supported by any of loaded plugins
May 26 15:05:47.402331 np0000176659 devstack@neutron-api.service[103185]: DEBUG neutron.api.extensions [None req-d41ae7ab-4133-4494-b6c2-9a404df91f39 None None] Loading extension file: port_mac_address_regenerate.py {{(pid=103185) _load_all_extensions_from_path /opt/stack/neutron/neutron/api/extensions.py:449}}
May 26 15:05:47.402461 np0000176659 devstack@neutron-api.service[103184]: DEBUG neutron.api.extensions [None req-b79c80f2-a584-4949-9775-b2543a4de6e6 None None] Ext name="Address group" alias="address-group" description="Support address group" updated="2020-07-15T10:00:00-00:00" {{(pid=103184) _check_extension /opt/stack/neutron/neutron/api/extensions.py:415}}
May 26 15:05:47.402560 np0000176659 devstack@neutron-api.service[103185]: DEBUG neutron.api.extensions [None req-d41ae7ab-4133-4494-b6c2-9a404df91f39 None None] Ext name="Neutron Port MAC address regenerate" alias="port-mac-address-regenerate" description="Network port MAC address regenerate" updated="2018-05-03T10:00:00-00:00" {{(pid=103185) _check_extension /opt/stack/neutron/neutron/api/extensions.py:415}}
May 26 15:05:47.402642 np0000176659 devstack@neutron-api.service[103184]: INFO neutron.api.extensions [None req-b79c80f2-a584-4949-9775-b2543a4de6e6 None None] Loaded extension: address-group
May 26 15:05:47.402729 np0000176659 devstack@neutron-api.service[103185]: INFO neutron.api.extensions [None req-d41ae7ab-4133-4494-b6c2-9a404df91f39 None None] Loaded extension: port-mac-address-regenerate
May 26 15:05:47.402778 np0000176659 devstack@neutron-api.service[103184]: DEBUG neutron.api.extensions [None req-b79c80f2-a584-4949-9775-b2543a4de6e6 None None] Loading extension file: address_scope.py {{(pid=103184) _load_all_extensions_from_path /opt/stack/neutron/neutron/api/extensions.py:449}}
May 26 15:05:47.402822 np0000176659 devstack@neutron-api.service[103185]: DEBUG neutron.api.extensions [None req-d41ae7ab-4133-4494-b6c2-9a404df91f39 None None] Loading extension file: port_numa_affinity_policy.py {{(pid=103185) _load_all_extensions_from_path /opt/stack/neutron/neutron/api/extensions.py:449}}
May 26 15:05:47.403064 np0000176659 devstack@neutron-api.service[103185]: DEBUG neutron.api.extensions [None req-d41ae7ab-4133-4494-b6c2-9a404df91f39 None None] Ext name="Port NUMA affinity policy" alias="port-numa-affinity-policy" description="Expose the port NUMA affinity policy" updated="2020-07-08T10:00:00-00:00" {{(pid=103185) _check_extension /opt/stack/neutron/neutron/api/extensions.py:415}}
May 26 15:05:47.403124 np0000176659 devstack@neutron-api.service[103184]: DEBUG neutron.api.extensions [None req-b79c80f2-a584-4949-9775-b2543a4de6e6 None None] Ext name="Address scope" alias="address-scope" description="Address scopes extension." updated="2015-07-26T10:00:00-00:00" {{(pid=103184) _check_extension /opt/stack/neutron/neutron/api/extensions.py:415}}
May 26 15:05:47.403235 np0000176659 devstack@neutron-api.service[103185]: INFO neutron.api.extensions [None req-d41ae7ab-4133-4494-b6c2-9a404df91f39 None None] Loaded extension: port-numa-affinity-policy
May 26 15:05:47.403291 np0000176659 devstack@neutron-api.service[103184]: INFO neutron.api.extensions [None req-b79c80f2-a584-4949-9775-b2543a4de6e6 None None] Loaded extension: address-scope
May 26 15:05:47.403337 np0000176659 devstack@neutron-api.service[103185]: DEBUG neutron.api.extensions [None req-d41ae7ab-4133-4494-b6c2-9a404df91f39 None None] Loading extension file: port_numa_affinity_policy_socket.py {{(pid=103185) _load_all_extensions_from_path /opt/stack/neutron/neutron/api/extensions.py:449}}
May 26 15:05:47.403395 np0000176659 devstack@neutron-api.service[103187]: DEBUG neutron_lib.callbacks.manager [None req-3f46dcd9-608e-4178-951e-126a7da5fe73 None None] Subscribe: > router before_delete 55550000, False {{(pid=103187) subscribe /opt/stack/data/venv/lib/python3.12/site-packages/neutron_lib/callbacks/manager.py:52}}
May 26 15:05:47.403590 np0000176659 devstack@neutron-api.service[103184]: DEBUG neutron.api.extensions [None req-b79c80f2-a584-4949-9775-b2543a4de6e6 None None] Loading extension file: admin_state_down_before_update.py {{(pid=103184) _load_all_extensions_from_path /opt/stack/neutron/neutron/api/extensions.py:449}}
May 26 15:05:47.403720 np0000176659 devstack@neutron-api.service[103187]: DEBUG neutron_lib.callbacks.manager [None req-3f46dcd9-608e-4178-951e-126a7da5fe73 None None] Subscribe: port before_update 55550000, False {{(pid=103187) subscribe /opt/stack/data/venv/lib/python3.12/site-packages/neutron_lib/callbacks/manager.py:52}}
May 26 15:05:47.403776 np0000176659 devstack@neutron-api.service[103185]: DEBUG neutron.api.extensions [None req-d41ae7ab-4133-4494-b6c2-9a404df91f39 None None] Ext name="Port NUMA affinity policy "socket"" alias="port-numa-affinity-policy-socket" description="Adds "socket" to the supported port NUMA affinity policies" updated="2024-02-09T10:00:00-00:00" {{(pid=103185) _check_extension /opt/stack/neutron/neutron/api/extensions.py:415}}
May 26 15:05:47.403870 np0000176659 devstack@neutron-api.service[103187]: DEBUG neutron_lib.callbacks.manager [None req-3f46dcd9-608e-4178-951e-126a7da5fe73 None None] Subscribe: port after_update 55550000, False {{(pid=103187) subscribe /opt/stack/data/venv/lib/python3.12/site-packages/neutron_lib/callbacks/manager.py:52}}
May 26 15:05:47.403939 np0000176659 devstack@neutron-api.service[103184]: DEBUG neutron.api.extensions [None req-b79c80f2-a584-4949-9775-b2543a4de6e6 None None] Ext name="Enforce Router's Admin State Down Before Update Extension" alias="router-admin-state-down-before-update" description="Ensure that the admin state of a router is DOWN (admin_state_up=False) before updating the distributed attribute" updated="2019-07-02T15:56:00" {{(pid=103184) _check_extension /opt/stack/neutron/neutron/api/extensions.py:415}}
May 26 15:05:47.403988 np0000176659 devstack@neutron-api.service[103187]: DEBUG neutron_lib.callbacks.manager [None req-3f46dcd9-608e-4178-951e-126a7da5fe73 None None] Subscribe: > port precommit_delete 55550000, False {{(pid=103187) subscribe /opt/stack/data/venv/lib/python3.12/site-packages/neutron_lib/callbacks/manager.py:52}}
May 26 15:05:47.404040 np0000176659 devstack@neutron-api.service[103185]: INFO neutron.api.extensions [None req-d41ae7ab-4133-4494-b6c2-9a404df91f39 None None] Loaded extension: port-numa-affinity-policy-socket
May 26 15:05:47.404085 np0000176659 devstack@neutron-api.service[103187]: DEBUG neutron_lib.callbacks.manager [None req-3f46dcd9-608e-4178-951e-126a7da5fe73 None None] Subscribe: port before_update 55550000, False {{(pid=103187) subscribe /opt/stack/data/venv/lib/python3.12/site-packages/neutron_lib/callbacks/manager.py:52}}
May 26 15:05:47.404132 np0000176659 devstack@neutron-api.service[103185]: DEBUG neutron.api.extensions [None req-d41ae7ab-4133-4494-b6c2-9a404df91f39 None None] Loading extension file: port_resource_request.py {{(pid=103185) _load_all_extensions_from_path /opt/stack/neutron/neutron/api/extensions.py:449}}
May 26 15:05:47.404184 np0000176659 devstack@neutron-api.service[103184]: INFO neutron.api.extensions [None req-b79c80f2-a584-4949-9775-b2543a4de6e6 None None] Extension router-admin-state-down-before-update not supported by any of loaded plugins
May 26 15:05:47.404229 np0000176659 devstack@neutron-api.service[103187]: DEBUG neutron_lib.callbacks.manager [None req-3f46dcd9-608e-4178-951e-126a7da5fe73 None None] Subscribe: port before_delete 55550000, False {{(pid=103187) subscribe /opt/stack/data/venv/lib/python3.12/site-packages/neutron_lib/callbacks/manager.py:52}}
May 26 15:05:47.404285 np0000176659 devstack@neutron-api.service[103184]: DEBUG neutron.api.extensions [None req-b79c80f2-a584-4949-9775-b2543a4de6e6 None None] Loading extension file: agent.py {{(pid=103184) _load_all_extensions_from_path /opt/stack/neutron/neutron/api/extensions.py:449}}
May 26 15:05:47.404438 np0000176659 devstack@neutron-api.service[103187]: DEBUG neutron_lib.callbacks.manager [None req-3f46dcd9-608e-4178-951e-126a7da5fe73 None None] Subscribe: > router precommit_create 55550000, False {{(pid=103187) subscribe /opt/stack/data/venv/lib/python3.12/site-packages/neutron_lib/callbacks/manager.py:52}}
May 26 15:05:47.404495 np0000176659 devstack@neutron-api.service[103185]: DEBUG neutron.api.extensions [None req-d41ae7ab-4133-4494-b6c2-9a404df91f39 None None] Ext name="Port Resource Request" alias="port-resource-request" description="Expose resource request to Port" updated="2018-05-08T10:00:00-00:00" {{(pid=103185) _check_extension /opt/stack/neutron/neutron/api/extensions.py:415}}
May 26 15:05:47.404542 np0000176659 devstack@neutron-api.service[103187]: DEBUG neutron_lib.callbacks.manager [None req-3f46dcd9-608e-4178-951e-126a7da5fe73 None None] Subscribe: > router precommit_create 55550000, False {{(pid=103187) subscribe /opt/stack/data/venv/lib/python3.12/site-packages/neutron_lib/callbacks/manager.py:52}}
May 26 15:05:47.404587 np0000176659 devstack@neutron-api.service[103185]: INFO neutron.api.extensions [None req-d41ae7ab-4133-4494-b6c2-9a404df91f39 None None] Extension port-resource-request not supported by any of loaded plugins
May 26 15:05:47.404628 np0000176659 devstack@neutron-api.service[103187]: DEBUG neutron_lib.callbacks.manager [None req-3f46dcd9-608e-4178-951e-126a7da5fe73 None None] Subscribe: > router precommit_update 55550000, False {{(pid=103187) subscribe /opt/stack/data/venv/lib/python3.12/site-packages/neutron_lib/callbacks/manager.py:52}}
May 26 15:05:47.404669 np0000176659 devstack@neutron-api.service[103184]: DEBUG neutron.api.extensions [None req-b79c80f2-a584-4949-9775-b2543a4de6e6 None None] Ext name="agent" alias="agent" description="The agent management extension." updated="2013-02-03T10:00:00-00:00" {{(pid=103184) _check_extension /opt/stack/neutron/neutron/api/extensions.py:415}}
May 26 15:05:47.404719 np0000176659 devstack@neutron-api.service[103185]: DEBUG neutron.api.extensions [None req-d41ae7ab-4133-4494-b6c2-9a404df91f39 None None] Loading extension file: port_resource_request_groups.py {{(pid=103185) _load_all_extensions_from_path /opt/stack/neutron/neutron/api/extensions.py:449}}
May 26 15:05:47.404767 np0000176659 devstack@neutron-api.service[103187]: DEBUG neutron_lib.callbacks.manager [None req-3f46dcd9-608e-4178-951e-126a7da5fe73 None None] Subscribe: subnet after_update 55550000, False {{(pid=103187) subscribe /opt/stack/data/venv/lib/python3.12/site-packages/neutron_lib/callbacks/manager.py:52}}
May 26 15:05:47.404814 np0000176659 devstack@neutron-api.service[103184]: INFO neutron.api.extensions [None req-b79c80f2-a584-4949-9775-b2543a4de6e6 None None] Loaded extension: agent
May 26 15:05:47.404814 np0000176659 devstack@neutron-api.service[103184]: DEBUG neutron.api.extensions [None req-b79c80f2-a584-4949-9775-b2543a4de6e6 None None] Loading extension file: agent_resources_synced.py {{(pid=103184) _load_all_extensions_from_path /opt/stack/neutron/neutron/api/extensions.py:449}}
May 26 15:05:47.404934 np0000176659 devstack@neutron-api.service[103187]: DEBUG neutron.quota.resource_registry [None req-3f46dcd9-608e-4178-951e-126a7da5fe73 None None] Tracking information for resource: router configured {{(pid=103187) set_tracked_resource /opt/stack/neutron/neutron/quota/resource_registry.py:203}}
May 26 15:05:47.404980 np0000176659 devstack@neutron-api.service[103185]: DEBUG neutron.api.extensions [None req-d41ae7ab-4133-4494-b6c2-9a404df91f39 None None] Ext name="Port Resource Request Groups" alias="port-resource-request-groups" description="Support requesting multiple groups of resources and traits from the same RP subtree in resource_request" updated="2021-08-02T10:00:00-00:00" {{(pid=103185) _check_extension /opt/stack/neutron/neutron/api/extensions.py:415}}
May 26 15:05:47.405034 np0000176659 devstack@neutron-api.service[103187]: DEBUG neutron.quota.resource_registry [None req-3f46dcd9-608e-4178-951e-126a7da5fe73 None None] Tracking information for resource: floatingip configured {{(pid=103187) set_tracked_resource /opt/stack/neutron/neutron/quota/resource_registry.py:203}}
May 26 15:05:47.405080 np0000176659 devstack@neutron-api.service[103185]: INFO neutron.api.extensions [None req-d41ae7ab-4133-4494-b6c2-9a404df91f39 None None] Extension port-resource-request-groups not supported by any of loaded plugins
May 26 15:05:47.405122 np0000176659 devstack@neutron-api.service[103187]: INFO neutron.services.ovn_l3.plugin [None req-3f46dcd9-608e-4178-951e-126a7da5fe73 None None] Starting OVNL3RouterPlugin
May 26 15:05:47.405175 np0000176659 devstack@neutron-api.service[103184]: DEBUG neutron.api.extensions [None req-b79c80f2-a584-4949-9775-b2543a4de6e6 None None] Ext name="Agent's Resource View Synced to Placement" alias="agent-resources-synced" description="Stores success/failure of last sync to Placement" updated="2018-12-19T00:00:00-00:00" {{(pid=103184) _check_extension /opt/stack/neutron/neutron/api/extensions.py:415}}
May 26 15:05:47.405224 np0000176659 devstack@neutron-api.service[103185]: DEBUG neutron.api.extensions [None req-d41ae7ab-4133-4494-b6c2-9a404df91f39 None None] Loading extension file: port_trusted_vif.py {{(pid=103185) _load_all_extensions_from_path /opt/stack/neutron/neutron/api/extensions.py:449}}
May 26 15:05:47.405275 np0000176659 devstack@neutron-api.service[103184]: INFO neutron.api.extensions [None req-b79c80f2-a584-4949-9775-b2543a4de6e6 None None] Extension agent-resources-synced not supported by any of loaded plugins
May 26 15:05:47.405321 np0000176659 devstack@neutron-api.service[103187]: DEBUG neutron_lib.callbacks.manager [None req-3f46dcd9-608e-4178-951e-126a7da5fe73 None None] Subscribe: > port_forwarding_plugin after_init 55550000, False {{(pid=103187) subscribe /opt/stack/data/venv/lib/python3.12/site-packages/neutron_lib/callbacks/manager.py:52}}
May 26 15:05:47.405370 np0000176659 devstack@neutron-api.service[103184]: DEBUG neutron.api.extensions [None req-b79c80f2-a584-4949-9775-b2543a4de6e6 None None] Loading extension file: agent_sort_key.py {{(pid=103184) _load_all_extensions_from_path /opt/stack/neutron/neutron/api/extensions.py:449}}
May 26 15:05:47.405418 np0000176659 devstack@neutron-api.service[103185]: DEBUG neutron.api.extensions [None req-d41ae7ab-4133-4494-b6c2-9a404df91f39 None None] Ext name="Port trusted vif" alias="port-trusted-vif" description="Expose port 'trusted' attribute in the API" updated="2024-07-10T10:00:00-00:00" {{(pid=103185) _check_extension /opt/stack/neutron/neutron/api/extensions.py:415}}
May 26 15:05:47.405480 np0000176659 devstack@neutron-api.service[103187]: DEBUG neutron_lib.callbacks.manager [None req-3f46dcd9-608e-4178-951e-126a7da5fe73 None None] Subscribe: > router before_create 55550100, False {{(pid=103187) subscribe /opt/stack/data/venv/lib/python3.12/site-packages/neutron_lib/callbacks/manager.py:52}}
May 26 15:05:47.405533 np0000176659 devstack@neutron-api.service[103185]: INFO neutron.api.extensions [None req-d41ae7ab-4133-4494-b6c2-9a404df91f39 None None] Extension port-trusted-vif not supported by any of loaded plugins
May 26 15:05:47.405586 np0000176659 devstack@neutron-api.service[103184]: DEBUG neutron.api.extensions [None req-b79c80f2-a584-4949-9775-b2543a4de6e6 None None] Ext name="Agents Sort Key" alias="agent_sort_key" description="Enabling the keyword sort_key for sorting in agents." updated="2013-02-03T10:00:00-00:00" {{(pid=103184) _check_extension /opt/stack/neutron/neutron/api/extensions.py:415}}
May 26 15:05:47.405631 np0000176659 devstack@neutron-api.service[103187]: DEBUG neutron_lib.callbacks.manager [None req-3f46dcd9-608e-4178-951e-126a7da5fe73 None None] Subscribe: > router precommit_delete 55550100, False {{(pid=103187) subscribe /opt/stack/data/venv/lib/python3.12/site-packages/neutron_lib/callbacks/manager.py:52}}
May 26 15:05:47.405676 np0000176659 devstack@neutron-api.service[103185]: DEBUG neutron.api.extensions [None req-d41ae7ab-4133-4494-b6c2-9a404df91f39 None None] Loading extension file: portbindings.py {{(pid=103185) _load_all_extensions_from_path /opt/stack/neutron/neutron/api/extensions.py:449}}
May 26 15:05:47.405723 np0000176659 devstack@neutron-api.service[103187]: DEBUG neutron_lib.callbacks.manager [None req-3f46dcd9-608e-4178-951e-126a7da5fe73 None None] Subscribe: > router precommit_create 55550100, False {{(pid=103187) subscribe /opt/stack/data/venv/lib/python3.12/site-packages/neutron_lib/callbacks/manager.py:52}}
May 26 15:05:47.405769 np0000176659 devstack@neutron-api.service[103184]: INFO neutron.api.extensions [None req-b79c80f2-a584-4949-9775-b2543a4de6e6 None None] Extension agent_sort_key not supported by any of loaded plugins
May 26 15:05:47.405818 np0000176659 devstack@neutron-api.service[103187]: DEBUG neutron_lib.callbacks.manager [None req-3f46dcd9-608e-4178-951e-126a7da5fe73 None None] Subscribe: > router precommit_update 55550100, False {{(pid=103187) subscribe /opt/stack/data/venv/lib/python3.12/site-packages/neutron_lib/callbacks/manager.py:52}}
May 26 15:05:47.405914 np0000176659 devstack@neutron-api.service[103185]: DEBUG neutron.api.extensions [None req-d41ae7ab-4133-4494-b6c2-9a404df91f39 None None] Ext name="Port Binding" alias="binding" description="Expose port bindings of a virtual port to external application" updated="2014-02-03T10:00:00-00:00" {{(pid=103185) _check_extension /opt/stack/neutron/neutron/api/extensions.py:415}}
May 26 15:05:47.405967 np0000176659 devstack@neutron-api.service[103184]: DEBUG neutron.api.extensions [None req-b79c80f2-a584-4949-9775-b2543a4de6e6 None None] Loading extension file: allowedaddresspairs.py {{(pid=103184) _load_all_extensions_from_path /opt/stack/neutron/neutron/api/extensions.py:449}}
May 26 15:05:47.406011 np0000176659 devstack@neutron-api.service[103185]: INFO neutron.api.extensions [None req-d41ae7ab-4133-4494-b6c2-9a404df91f39 None None] Loaded extension: binding
May 26 15:05:47.406011 np0000176659 devstack@neutron-api.service[103185]: DEBUG neutron.api.extensions [None req-d41ae7ab-4133-4494-b6c2-9a404df91f39 None None] Loading extension file: portbindings_extended.py {{(pid=103185) _load_all_extensions_from_path /opt/stack/neutron/neutron/api/extensions.py:449}}
May 26 15:05:47.406011 np0000176659 devstack@neutron-api.service[103185]: DEBUG neutron.api.extensions [None req-d41ae7ab-4133-4494-b6c2-9a404df91f39 None None] Ext name="Port Bindings Extended" alias="binding-extended" description="Expose port bindings of a virtual port to external application" updated="2017-07-17T10:00:00-00:00" {{(pid=103185) _check_extension /opt/stack/neutron/neutron/api/extensions.py:415}}
May 26 15:05:47.406183 np0000176659 devstack@neutron-api.service[103185]: INFO neutron.api.extensions [None req-d41ae7ab-4133-4494-b6c2-9a404df91f39 None None] Loaded extension: binding-extended
May 26 15:05:47.406234 np0000176659 devstack@neutron-api.service[103184]: DEBUG neutron.api.extensions [None req-b79c80f2-a584-4949-9775-b2543a4de6e6 None None] Ext name="Allowed Address Pairs" alias="allowed-address-pairs" description="Provides allowed address pairs" updated="2013-07-23T10:00:00-00:00" {{(pid=103184) _check_extension /opt/stack/neutron/neutron/api/extensions.py:415}}
May 26 15:05:47.406281 np0000176659 devstack@neutron-api.service[103185]: DEBUG neutron.api.extensions [None req-d41ae7ab-4133-4494-b6c2-9a404df91f39 None None] Loading extension file: portsecurity.py {{(pid=103185) _load_all_extensions_from_path /opt/stack/neutron/neutron/api/extensions.py:449}}
May 26 15:05:47.406456 np0000176659 devstack@neutron-api.service[103184]: INFO neutron.api.extensions [None req-b79c80f2-a584-4949-9775-b2543a4de6e6 None None] Loaded extension: allowed-address-pairs
May 26 15:05:47.406509 np0000176659 devstack@neutron-api.service[103185]: DEBUG neutron.api.extensions [None req-d41ae7ab-4133-4494-b6c2-9a404df91f39 None None] Ext name="Port Security" alias="port-security" description="Provides port security" updated="2012-07-23T10:00:00-00:00" {{(pid=103185) _check_extension /opt/stack/neutron/neutron/api/extensions.py:415}}
May 26 15:05:47.406557 np0000176659 devstack@neutron-api.service[103184]: DEBUG neutron.api.extensions [None req-b79c80f2-a584-4949-9775-b2543a4de6e6 None None] Loading extension file: auto_allocated_topology.py {{(pid=103184) _load_all_extensions_from_path /opt/stack/neutron/neutron/api/extensions.py:449}}
May 26 15:05:47.406664 np0000176659 devstack@neutron-api.service[103185]: INFO neutron.api.extensions [None req-d41ae7ab-4133-4494-b6c2-9a404df91f39 None None] Loaded extension: port-security
May 26 15:05:47.406756 np0000176659 devstack@neutron-api.service[103185]: DEBUG neutron.api.extensions [None req-d41ae7ab-4133-4494-b6c2-9a404df91f39 None None] Loading extension file: project_id.py {{(pid=103185) _load_all_extensions_from_path /opt/stack/neutron/neutron/api/extensions.py:449}}
May 26 15:05:47.406808 np0000176659 devstack@neutron-api.service[103184]: DEBUG neutron.api.extensions [None req-b79c80f2-a584-4949-9775-b2543a4de6e6 None None] Ext name="Auto Allocated Topology Services" alias="auto-allocated-topology" description="Auto Allocated Topology Services." updated="2016-01-01T00:00:00-00:00" {{(pid=103184) _check_extension /opt/stack/neutron/neutron/api/extensions.py:415}}
May 26 15:05:47.407009 np0000176659 devstack@neutron-api.service[103185]: DEBUG neutron.api.extensions [None req-d41ae7ab-4133-4494-b6c2-9a404df91f39 None None] Ext name="project_id field enabled" alias="project-id" description="Extension that indicates that project_id field is enabled." updated="2016-09-09T09:09:09-09:09" {{(pid=103185) _check_extension /opt/stack/neutron/neutron/api/extensions.py:415}}
May 26 15:05:47.407066 np0000176659 devstack@neutron-api.service[103184]: INFO neutron.api.extensions [None req-b79c80f2-a584-4949-9775-b2543a4de6e6 None None] Loaded extension: auto-allocated-topology
May 26 15:05:47.407118 np0000176659 devstack@neutron-api.service[103184]: DEBUG neutron.api.extensions [None req-b79c80f2-a584-4949-9775-b2543a4de6e6 None None] Loading extension file: availability_zone.py {{(pid=103184) _load_all_extensions_from_path /opt/stack/neutron/neutron/api/extensions.py:449}}
May 26 15:05:47.407161 np0000176659 devstack@neutron-api.service[103185]: INFO neutron.api.extensions [None req-d41ae7ab-4133-4494-b6c2-9a404df91f39 None None] Loaded extension: project-id
May 26 15:05:47.407201 np0000176659 devstack@neutron-api.service[103185]: DEBUG neutron.api.extensions [None req-d41ae7ab-4133-4494-b6c2-9a404df91f39 None None] Loading extension file: providernet.py {{(pid=103185) _load_all_extensions_from_path /opt/stack/neutron/neutron/api/extensions.py:449}}
May 26 15:05:47.407385 np0000176659 devstack@neutron-api.service[103184]: DEBUG neutron.api.extensions [None req-b79c80f2-a584-4949-9775-b2543a4de6e6 None None] Ext name="Availability Zone" alias="availability_zone" description="The availability zone extension." updated="2015-01-01T10:00:00-00:00" {{(pid=103184) _check_extension /opt/stack/neutron/neutron/api/extensions.py:415}}
May 26 15:05:47.407441 np0000176659 devstack@neutron-api.service[103185]: DEBUG neutron.api.extensions [None req-d41ae7ab-4133-4494-b6c2-9a404df91f39 None None] Ext name="Provider Network" alias="provider" description="Expose mapping of virtual networks to physical networks" updated="2012-09-07T10:00:00-00:00" {{(pid=103185) _check_extension /opt/stack/neutron/neutron/api/extensions.py:415}}
May 26 15:05:47.407557 np0000176659 devstack@neutron-api.service[103184]: INFO neutron.api.extensions [None req-b79c80f2-a584-4949-9775-b2543a4de6e6 None None] Loaded extension: availability_zone
May 26 15:05:47.407608 np0000176659 devstack@neutron-api.service[103185]: INFO neutron.api.extensions [None req-d41ae7ab-4133-4494-b6c2-9a404df91f39 None None] Loaded extension: provider
May 26 15:05:47.407659 np0000176659 devstack@neutron-api.service[103184]: DEBUG neutron.api.extensions [None req-b79c80f2-a584-4949-9775-b2543a4de6e6 None None] Loading extension file: availability_zone_filter.py {{(pid=103184) _load_all_extensions_from_path /opt/stack/neutron/neutron/api/extensions.py:449}}
May 26 15:05:47.407710 np0000176659 devstack@neutron-api.service[103185]: DEBUG neutron.api.extensions [None req-d41ae7ab-4133-4494-b6c2-9a404df91f39 None None] Loading extension file: qinq.py {{(pid=103185) _load_all_extensions_from_path /opt/stack/neutron/neutron/api/extensions.py:449}}
May 26 15:05:47.407912 np0000176659 devstack@neutron-api.service[103184]: DEBUG neutron.api.extensions [None req-b79c80f2-a584-4949-9775-b2543a4de6e6 None None] Ext name="Availability Zone Filter Extension" alias="availability_zone_filter" description="Add filter parameters to AvailabilityZone resource" updated="2018-06-22T10:00:00-00:00" {{(pid=103184) _check_extension /opt/stack/neutron/neutron/api/extensions.py:415}}
May 26 15:05:47.407975 np0000176659 devstack@neutron-api.service[103185]: DEBUG neutron.api.extensions [None req-d41ae7ab-4133-4494-b6c2-9a404df91f39 None None] Ext name="QinQ networks" alias="qinq" description="Expose network 'qinq' attribute in the API. This allows to configure network to allow vlan in vlan configuration using 0x88a8 ethertype (QinQ)." updated="2024-12-02T10:00:00-00:00" {{(pid=103185) _check_extension /opt/stack/neutron/neutron/api/extensions.py:415}}
May 26 15:05:47.408078 np0000176659 devstack@neutron-api.service[103184]: INFO neutron.api.extensions [None req-b79c80f2-a584-4949-9775-b2543a4de6e6 None None] Extension availability_zone_filter not supported by any of loaded plugins
May 26 15:05:47.408141 np0000176659 devstack@neutron-api.service[103185]: INFO neutron.api.extensions [None req-d41ae7ab-4133-4494-b6c2-9a404df91f39 None None] Loaded extension: qinq
May 26 15:05:47.408187 np0000176659 devstack@neutron-api.service[103185]: DEBUG neutron.api.extensions [None req-d41ae7ab-4133-4494-b6c2-9a404df91f39 None None] Loading extension file: qos.py {{(pid=103185) _load_all_extensions_from_path /opt/stack/neutron/neutron/api/extensions.py:449}}
May 26 15:05:47.408233 np0000176659 devstack@neutron-api.service[103184]: DEBUG neutron.api.extensions [None req-b79c80f2-a584-4949-9775-b2543a4de6e6 None None] Loading extension file: data_plane_status.py {{(pid=103184) _load_all_extensions_from_path /opt/stack/neutron/neutron/api/extensions.py:449}}
May 26 15:05:47.408399 np0000176659 devstack@neutron-api.service[103184]: DEBUG neutron.api.extensions [None req-b79c80f2-a584-4949-9775-b2543a4de6e6 None None] Ext name="Port data plane status extension" alias="data-plane-status" description="Expose status of underlying data plane" updated="2017-01-24T10:00:00-00:00" {{(pid=103184) _check_extension /opt/stack/neutron/neutron/api/extensions.py:415}}
May 26 15:05:47.408565 np0000176659 devstack@neutron-api.service[103184]: INFO neutron.api.extensions [None req-b79c80f2-a584-4949-9775-b2543a4de6e6 None None] Extension data-plane-status not supported by any of loaded plugins
May 26 15:05:47.408663 np0000176659 devstack@neutron-api.service[103184]: DEBUG neutron.api.extensions [None req-b79c80f2-a584-4949-9775-b2543a4de6e6 None None] Loading extension file: default_subnetpools.py {{(pid=103184) _load_all_extensions_from_path /opt/stack/neutron/neutron/api/extensions.py:449}}
May 26 15:05:47.408934 np0000176659 devstack@neutron-api.service[103187]: DEBUG neutron.services.provider_configuration [None req-3f46dcd9-608e-4178-951e-126a7da5fe73 None None] Service providers = [] {{(pid=103187) parse_service_provider_opt /opt/stack/neutron/neutron/services/provider_configuration.py:170}}
May 26 15:05:47.408992 np0000176659 devstack@neutron-api.service[103184]: DEBUG neutron.api.extensions [None req-b79c80f2-a584-4949-9775-b2543a4de6e6 None None] Ext name="Default Subnetpools" alias="default-subnetpools" description="Provides ability to mark and use a subnetpool as the default." updated="2016-02-18T18:00:00-00:00" {{(pid=103184) _check_extension /opt/stack/neutron/neutron/api/extensions.py:415}}
May 26 15:05:47.409039 np0000176659 devstack@neutron-api.service[103185]: DEBUG neutron.api.extensions [None req-d41ae7ab-4133-4494-b6c2-9a404df91f39 None None] Ext name="Quality of Service" alias="qos" description="The Quality of Service extension." updated="2015-06-08T10:00:00-00:00" {{(pid=103185) _check_extension /opt/stack/neutron/neutron/api/extensions.py:415}}
May 26 15:05:47.409099 np0000176659 devstack@neutron-api.service[103187]: DEBUG neutron.db.servicetype_db [None req-3f46dcd9-608e-4178-951e-126a7da5fe73 None None] Adding provider configuration for service L3_ROUTER_NAT {{(pid=103187) add_provider_configuration /opt/stack/neutron/neutron/db/servicetype_db.py:45}}
May 26 15:05:47.409145 np0000176659 devstack@neutron-api.service[103184]: INFO neutron.api.extensions [None req-b79c80f2-a584-4949-9775-b2543a4de6e6 None None] Loaded extension: default-subnetpools
May 26 15:05:47.409188 np0000176659 devstack@neutron-api.service[103184]: DEBUG neutron.api.extensions [None req-b79c80f2-a584-4949-9775-b2543a4de6e6 None None] Loading extension file: dhcpagentscheduler.py {{(pid=103184) _load_all_extensions_from_path /opt/stack/neutron/neutron/api/extensions.py:449}}
May 26 15:05:47.409242 np0000176659 devstack@neutron-api.service[103185]: INFO neutron.api.extensions [None req-d41ae7ab-4133-4494-b6c2-9a404df91f39 None None] Extension qos not supported by any of loaded plugins
May 26 15:05:47.409295 np0000176659 devstack@neutron-api.service[103185]: DEBUG neutron.api.extensions [None req-d41ae7ab-4133-4494-b6c2-9a404df91f39 None None] Loading extension file: qos_bw_limit_direction.py {{(pid=103185) _load_all_extensions_from_path /opt/stack/neutron/neutron/api/extensions.py:449}}
May 26 15:05:47.409542 np0000176659 devstack@neutron-api.service[103184]: DEBUG neutron.api.extensions [None req-b79c80f2-a584-4949-9775-b2543a4de6e6 None None] Ext name="DHCP Agent Scheduler" alias="dhcp_agent_scheduler" description="Schedule networks among dhcp agents" updated="2013-02-07T10:00:00-00:00" {{(pid=103184) _check_extension /opt/stack/neutron/neutron/api/extensions.py:415}}
May 26 15:05:47.409601 np0000176659 devstack@neutron-api.service[103185]: DEBUG neutron.api.extensions [None req-d41ae7ab-4133-4494-b6c2-9a404df91f39 None None] Ext name="Direction for QoS bandwidth limit rule" alias="qos-bw-limit-direction" description="Allow to configure QoS bandwidth limit rule with specific direction: ingress or egress" updated="2017-04-10T10:00:00-00:00" {{(pid=103185) _check_extension /opt/stack/neutron/neutron/api/extensions.py:415}}
May 26 15:05:47.409717 np0000176659 devstack@neutron-api.service[103185]: INFO neutron.api.extensions [None req-d41ae7ab-4133-4494-b6c2-9a404df91f39 None None] Extension qos-bw-limit-direction not supported by any of loaded plugins
May 26 15:05:47.409768 np0000176659 devstack@neutron-api.service[103184]: INFO neutron.api.extensions [None req-b79c80f2-a584-4949-9775-b2543a4de6e6 None None] Loaded extension: dhcp_agent_scheduler
May 26 15:05:47.409811 np0000176659 devstack@neutron-api.service[103185]: DEBUG neutron.api.extensions [None req-d41ae7ab-4133-4494-b6c2-9a404df91f39 None None] Loading extension file: qos_bw_minimum_ingress.py {{(pid=103185) _load_all_extensions_from_path /opt/stack/neutron/neutron/api/extensions.py:449}}
May 26 15:05:47.409911 np0000176659 devstack@neutron-api.service[103184]: DEBUG neutron.api.extensions [None req-b79c80f2-a584-4949-9775-b2543a4de6e6 None None] Loading extension file: dns.py {{(pid=103184) _load_all_extensions_from_path /opt/stack/neutron/neutron/api/extensions.py:449}}
May 26 15:05:47.410066 np0000176659 devstack@neutron-api.service[103185]: DEBUG neutron.api.extensions [None req-d41ae7ab-4133-4494-b6c2-9a404df91f39 None None] Ext name="Ingress direction for QoS minimum bandwidth rule" alias="qos-bw-minimum-ingress" description="Allow to configure QoS minumum bandwidth rule with ingress direction." updated="2018-07-09T10:00:00-00:00" {{(pid=103185) _check_extension /opt/stack/neutron/neutron/api/extensions.py:415}}
May 26 15:05:47.410127 np0000176659 devstack@neutron-api.service[103184]: DEBUG neutron.api.extensions [None req-b79c80f2-a584-4949-9775-b2543a4de6e6 None None] Ext name="DNS Integration" alias="dns-integration" description="Provides integration with DNS." updated="2015-08-15T18:00:00-00:00" {{(pid=103184) _check_extension /opt/stack/neutron/neutron/api/extensions.py:415}}
May 26 15:05:47.410228 np0000176659 devstack@neutron-api.service[103185]: INFO neutron.api.extensions [None req-d41ae7ab-4133-4494-b6c2-9a404df91f39 None None] Extension qos-bw-minimum-ingress not supported by any of loaded plugins
May 26 15:05:47.410263 np0000176659 devstack@neutron-api.service[103184]: INFO neutron.api.extensions [None req-b79c80f2-a584-4949-9775-b2543a4de6e6 None None] Loaded extension: dns-integration
May 26 15:05:47.410320 np0000176659 devstack@neutron-api.service[103185]: DEBUG neutron.api.extensions [None req-d41ae7ab-4133-4494-b6c2-9a404df91f39 None None] Loading extension file: qos_default.py {{(pid=103185) _load_all_extensions_from_path /opt/stack/neutron/neutron/api/extensions.py:449}}
May 26 15:05:47.410356 np0000176659 devstack@neutron-api.service[103184]: DEBUG neutron.api.extensions [None req-b79c80f2-a584-4949-9775-b2543a4de6e6 None None] Loading extension file: dns_domain_ports.py {{(pid=103184) _load_all_extensions_from_path /opt/stack/neutron/neutron/api/extensions.py:449}}
May 26 15:05:47.410462 np0000176659 devstack@neutron-api.service[103187]: DEBUG neutron_lib.callbacks.manager [None req-3f46dcd9-608e-4178-951e-126a7da5fe73 None None] Subscribe: > router precommit_create 55549900, False {{(pid=103187) subscribe /opt/stack/data/venv/lib/python3.12/site-packages/neutron_lib/callbacks/manager.py:52}}
May 26 15:05:47.410549 np0000176659 devstack@neutron-api.service[103185]: DEBUG neutron.api.extensions [None req-d41ae7ab-4133-4494-b6c2-9a404df91f39 None None] Ext name="QoS default policy" alias="qos-default" description="Expose the QoS default policy per project" updated="2017-041-06T10:00:00-00:00" {{(pid=103185) _check_extension /opt/stack/neutron/neutron/api/extensions.py:415}}
May 26 15:05:47.410583 np0000176659 devstack@neutron-api.service[103184]: DEBUG neutron.api.extensions [None req-b79c80f2-a584-4949-9775-b2543a4de6e6 None None] Ext name="dns_domain for ports" alias="dns-domain-ports" description="Allows the DNS domain to be specified for a network port." updated="2017-04-24T10:00:00-00:00" {{(pid=103184) _check_extension /opt/stack/neutron/neutron/api/extensions.py:415}}
May 26 15:05:47.410623 np0000176659 devstack@neutron-api.service[103187]: DEBUG neutron_lib.callbacks.manager [None req-3f46dcd9-608e-4178-951e-126a7da5fe73 None None] Subscribe: > router_interface after_create 55550000, False {{(pid=103187) subscribe /opt/stack/data/venv/lib/python3.12/site-packages/neutron_lib/callbacks/manager.py:52}}
May 26 15:05:47.410686 np0000176659 devstack@neutron-api.service[103187]: DEBUG neutron_lib.callbacks.manager [None req-3f46dcd9-608e-4178-951e-126a7da5fe73 None None] Subscribe: > floatingip after_create 55550000, False {{(pid=103187) subscribe /opt/stack/data/venv/lib/python3.12/site-packages/neutron_lib/callbacks/manager.py:52}}
May 26 15:05:47.410721 np0000176659 devstack@neutron-api.service[103185]: INFO neutron.api.extensions [None req-d41ae7ab-4133-4494-b6c2-9a404df91f39 None None] Extension qos-default not supported by any of loaded plugins
May 26 15:05:47.410753 np0000176659 devstack@neutron-api.service[103184]: INFO neutron.api.extensions [None req-b79c80f2-a584-4949-9775-b2543a4de6e6 None None] Loaded extension: dns-domain-ports
May 26 15:05:47.410788 np0000176659 devstack@neutron-api.service[103187]: DEBUG neutron_lib.callbacks.manager [None req-3f46dcd9-608e-4178-951e-126a7da5fe73 None None] Subscribe: > floatingip precommit_create 55550000, False {{(pid=103187) subscribe /opt/stack/data/venv/lib/python3.12/site-packages/neutron_lib/callbacks/manager.py:52}}
May 26 15:05:47.410822 np0000176659 devstack@neutron-api.service[103185]: DEBUG neutron.api.extensions [None req-d41ae7ab-4133-4494-b6c2-9a404df91f39 None None] Loading extension file: qos_fip.py {{(pid=103185) _load_all_extensions_from_path /opt/stack/neutron/neutron/api/extensions.py:449}}
