2026-08-13 02:31:37.109 7 INFO neutron.api.v2.resource [None req-7965ca24-1814-48e4-8366-5be66d76705e cd7b72be4cec439fabd49ce6e70d22ed c35790edeecc445b85a14ae6413b03e4 - - default default] show failed (client error): The resource could not be found. [pid: 7|app: 0|req: 1463/3110] 10.0.0.194 () {32 vars in 729 bytes} [Thu Aug 13 02:31:37 2026] GET /v2.0/floatingips/e2c68d93-3047-410d-9d0c-b676052869e2 => generated 144 bytes in 18 msecs (HTTP/1.1 404) 4 headers in 164 bytes (1 switches on core 0)
2026-08-13 02:31:37.122 8 INFO neutron.notifiers.nova [-] Nova event matching ['req-69072be2-ce34-4ef7-ad7f-c5bc4a0cf1b0'] response: {'name': 'network-changed', 'server_uuid': 'b28d0d4a-ceb9-4978-bffa-5323734da896', 'tag': 'c4ca8a7e-2c7e-4586-9429-3654f4054fc6', 'status': 'completed', 'code': 200} [pid: 8|app: 0|req: 1648/3111] 10.0.0.51 () {34 vars in 989 bytes} [Thu Aug 13 02:31:37 2026] GET /v2.0/ports?device_id=b28d0d4a-ceb9-4978-bffa-5323734da896 => generated 1204 bytes in 60 msecs (HTTP/1.1 200) 4 headers in 158 bytes (1 switches on core 0) [pid: 7|app: 0|req: 1464/3112] 10.0.0.51 () {34 vars in 1039 bytes} [Thu Aug 13 02:31:37 2026] GET /v2.0/security-groups?id=dabb1c12-68cb-473e-a217-d1c11170d716&fields=id&fields=name => generated 112 bytes in 31 msecs (HTTP/1.1 200) 4 headers in 157 bytes (1 switches on core 0) [pid: 8|app: 0|req: 1649/3113] 199.204.45.162 () {34 vars in 1080 bytes} [Thu Aug 13 02:31:37 2026] GET /v2.0/ports?tenant_id=c35790edeecc445b85a14ae6413b03e4&device_id=b28d0d4a-ceb9-4978-bffa-5323734da896 => generated 1473 bytes in 36 msecs (HTTP/1.1 200) 4 headers in 158 bytes (1 switches on core 0) [pid: 7|app: 0|req: 1465/3114] 199.204.45.162 () {34 vars in 986 bytes} [Thu Aug 13 02:31:37 2026] GET /v2.0/networks?id=8b8e2dca-9ec8-42c1-9d55-3dd12af23836 => generated 800 bytes in 49 msecs (HTTP/1.1 200) 4 headers in 157 bytes (1 switches on core 0) [pid: 8|app: 0|req: 1650/3115] 199.204.45.162 () {34 vars in 1058 bytes} [Thu Aug 13 02:31:37 2026] GET /v2.0/floatingips?fixed_ip_address=10.2.2.243&port_id=c4ca8a7e-2c7e-4586-9429-3654f4054fc6 => generated 19 bytes in 23 msecs (HTTP/1.1 200) 4 headers in 156 bytes (1 switches on core 0) [pid: 7|app: 0|req: 1466/3116] 199.204.45.162 () {34 vars in 1106 bytes} [Thu Aug 13 02:31:37 2026] GET /v2.0/floatingips?fixed_ip_address=fd77%3A1457%3A4cf0%3A26a8%3A%3A267&port_id=c4ca8a7e-2c7e-4586-9429-3654f4054fc6 => generated 19 bytes in 18 msecs (HTTP/1.1 200) 4 headers in 156 bytes (1 switches on core 0) [pid: 8|app: 0|req: 1651/3117] 199.204.45.162 () {34 vars in 1064 bytes} [Thu Aug 13 02:31:37 2026] GET /v2.0/subnets?id=95ebda54-e64e-4ce6-b82b-bcfe960f8ed7&id=77b468af-fa03-418c-8d25-3c11db9a4b9a => generated 1414 bytes in 34 msecs (HTTP/1.1 200) 4 headers in 158 bytes (1 switches on core 0) [pid: 7|app: 0|req: 1467/3118] 199.204.45.162 () {34 vars in 1052 bytes} [Thu Aug 13 02:31:37 2026] GET /v2.0/ports?network_id=8b8e2dca-9ec8-42c1-9d55-3dd12af23836&device_owner=network%3Adhcp => generated 1461 bytes in 33 msecs (HTTP/1.1 200) 4 headers in 158 bytes (1 switches on core 0) [pid: 8|app: 0|req: 1652/3119] 199.204.45.162 () {34 vars in 1052 bytes} [Thu Aug 13 02:31:37 2026] GET /v2.0/ports?network_id=8b8e2dca-9ec8-42c1-9d55-3dd12af23836&device_owner=network%3Adhcp => generated 1461 bytes in 38 msecs (HTTP/1.1 200) 4 headers in 158 bytes (1 switches on core 0) [pid: 7|app: 0|req: 1468/3120] 199.204.45.162 () {34 vars in 1012 bytes} [Thu Aug 13 02:31:37 2026] GET /v2.0/networks/8b8e2dca-9ec8-42c1-9d55-3dd12af23836?fields=segments => generated 14 bytes in 33 msecs (HTTP/1.1 200) 4 headers in 156 bytes (1 switches on core 0) [pid: 8|app: 0|req: 1653/3121] 199.204.45.162 () {34 vars in 1112 bytes} [Thu Aug 13 02:31:37 2026] GET /v2.0/networks/8b8e2dca-9ec8-42c1-9d55-3dd12af23836?fields=provider%3Aphysical_network&fields=provider%3Anetwork_type => generated 78 bytes in 39 msecs (HTTP/1.1 200) 4 headers in 156 bytes (1 switches on core 0) [pid: 7|app: 0|req: 1470/3124] 199.204.45.162 () {34 vars in 994 bytes} [Thu Aug 13 02:31:39 2026] GET /v2.0/ports?device_id=b28d0d4a-ceb9-4978-bffa-5323734da896 => generated 1202 bytes in 86 msecs (HTTP/1.1 200) 4 headers in 158 bytes (1 switches on core 0)
2026-08-13 02:31:39.852 8 INFO neutron_taas.services.taas.taas_plugin [req-872f4acf-9ff4-40f3-9182-95517b3ba2fd req-b5ec958e-89c9-4f85-83b6-25af4032868a cd7b72be4cec439fabd49ce6e70d22ed c35790edeecc445b85a14ae6413b03e4 - - default default] TaaS: Handle Delete Port: c4ca8a7e-2c7e-4586-9429-3654f4054fc6
2026-08-13 02:31:39.855 8 INFO neutron_taas.services.taas.tap_mirror_plugin [req-872f4acf-9ff4-40f3-9182-95517b3ba2fd req-b5ec958e-89c9-4f85-83b6-25af4032868a cd7b72be4cec439fabd49ce6e70d22ed c35790edeecc445b85a14ae6413b03e4 - - default default] Tap Mirror: Handle Delete Port: c4ca8a7e-2c7e-4586-9429-3654f4054fc6 [pid: 8|app: 0|req: 1655/3125] 199.204.45.162 () {36 vars in 997 bytes} [Thu Aug 13 02:31:39 2026] DELETE /v2.0/ports/c4ca8a7e-2c7e-4586-9429-3654f4054fc6 => generated 0 bytes in 313 msecs (HTTP/1.1 204) 3 headers in 131 bytes (1 switches on core 0)
2026-08-13 02:31:40.092 8 INFO neutron.notifiers.nova [-] Nova event matching ['req-f0365098-adab-47c3-b7ce-517a2fabbce4'] response: {'server_uuid': 'b28d0d4a-ceb9-4978-bffa-5323734da896', 'name': 'network-vif-deleted', 'tag': 'c4ca8a7e-2c7e-4586-9429-3654f4054fc6', 'status': 'completed', 'code': 200} [pid: 7|app: 0|req: 1471/3126] 10.0.0.51 () {34 vars in 989 bytes} [Thu Aug 13 02:31:42 2026] GET /v2.0/ports?device_id=b28d0d4a-ceb9-4978-bffa-5323734da896 => generated 12 bytes in 17 msecs (HTTP/1.1 200) 4 headers in 156 bytes (1 switches on core 0)
2026-08-13 02:31:47.670 8 INFO neutron_taas.services.taas.taas_plugin [None req-2832f029-1062-45d9-9f0e-6e91e3cd8a1d cd7b72be4cec439fabd49ce6e70d22ed c35790edeecc445b85a14ae6413b03e4 - - default default] TaaS: Handle Delete Port: d20bfa54-7b4d-4da9-8696-0ae6fddda3f8
2026-08-13 02:31:47.674 8 INFO neutron_taas.services.taas.tap_mirror_plugin [None req-2832f029-1062-45d9-9f0e-6e91e3cd8a1d cd7b72be4cec439fabd49ce6e70d22ed c35790edeecc445b85a14ae6413b03e4 - - default default] Tap Mirror: Handle Delete Port: d20bfa54-7b4d-4da9-8696-0ae6fddda3f8
2026-08-13 02:31:47.813 8 INFO neutron.db.l3_db [None req-2832f029-1062-45d9-9f0e-6e91e3cd8a1d cd7b72be4cec439fabd49ce6e70d22ed c35790edeecc445b85a14ae6413b03e4 - - default default] Floating IP 49383f4f-1c23-4625-92c9-b916adb99fd2 disassociated (deleted). External IP: 10.96.250.202, port: 49beea64-f413-450d-8d75-7760076c37f7. [pid: 8|app: 0|req: 1656/3127] 10.0.0.194 () {32 vars in 732 bytes} [Thu Aug 13 02:31:47 2026] DELETE /v2.0/floatingips/49383f4f-1c23-4625-92c9-b916adb99fd2 => generated 0 bytes in 553 msecs (HTTP/1.1 204) 2 headers in 112 bytes (1 switches on core 0)
2026-08-13 02:31:48.125 8 INFO neutron.notifiers.nova [-] Nova event matching ['req-3a8c9c59-ae81-4f6c-9061-41405402987e'] response: {'name': 'network-changed', 'server_uuid': '1ecefe4d-805d-44ad-9f66-e89110a14616', 'tag': '49beea64-f413-450d-8d75-7760076c37f7', 'status': 'completed', 'code': 200}
2026-08-13 02:31:48.597 7 INFO neutron.api.v2.resource [None req-8de96434-7c82-4ce0-94ab-bf97faa39ac1 cd7b72be4cec439fabd49ce6e70d22ed c35790edeecc445b85a14ae6413b03e4 - - default default] show failed (client error): The resource could not be found. [pid: 7|app: 0|req: 1472/3128] 10.0.0.194 () {32 vars in 729 bytes} [Thu Aug 13 02:31:48 2026] GET /v2.0/floatingips/49383f4f-1c23-4625-92c9-b916adb99fd2 => generated 144 bytes in 507 msecs (HTTP/1.1 404) 4 headers in 164 bytes (1 switches on core 0) [pid: 8|app: 0|req: 1657/3129] 199.204.45.162 () {34 vars in 1080 bytes} [Thu Aug 13 02:31:48 2026] GET /v2.0/ports?tenant_id=c35790edeecc445b85a14ae6413b03e4&device_id=1ecefe4d-805d-44ad-9f66-e89110a14616 => generated 1465 bytes in 36 msecs (HTTP/1.1 200) 4 headers in 158 bytes (1 switches on core 0) [pid: 7|app: 0|req: 1473/3130] 199.204.45.162 () {34 vars in 986 bytes} [Thu Aug 13 02:31:48 2026] GET /v2.0/networks?id=93720ef4-082f-4d58-bdfc-100fc9a9b70a => generated 801 bytes in 40 msecs (HTTP/1.1 200) 4 headers in 157 bytes (1 switches on core 0) [pid: 7|app: 0|req: 1474/3131] 199.204.45.162 () {34 vars in 1056 bytes} [Thu Aug 13 02:31:48 2026] GET /v2.0/floatingips?fixed_ip_address=10.2.1.18&port_id=49beea64-f413-450d-8d75-7760076c37f7 => generated 19 bytes in 17 msecs (HTTP/1.1 200) 4 headers in 156 bytes (1 switches on core 0) [pid: 7|app: 0|req: 1475/3132] 199.204.45.162 () {34 vars in 1104 bytes} [Thu Aug 13 02:31:48 2026] GET /v2.0/floatingips?fixed_ip_address=fd7b%3Af9f7%3Afff%3A4eca%3A%3A153&port_id=49beea64-f413-450d-8d75-7760076c37f7 => generated 19 bytes in 20 msecs (HTTP/1.1 200) 4 headers in 156 bytes (1 switches on core 0) [pid: 8|app: 0|req: 1658/3133] 10.0.0.51 () {34 vars in 989 bytes} [Thu Aug 13 02:31:48 2026] GET /v2.0/ports?device_id=1ecefe4d-805d-44ad-9f66-e89110a14616 => generated 1196 bytes in 78 msecs (HTTP/1.1 200) 4 headers in 158 bytes (1 switches on core 0) [pid: 7|app: 0|req: 1476/3134] 199.204.45.162 () {34 vars in 1064 bytes} [Thu Aug 13 02:31:48 2026] GET /v2.0/subnets?id=674483fe-d740-45eb-993e-ba7b994b3dd4&id=86187051-2e8c-48ef-9cf9-68c1eda9b5eb => generated 1411 bytes in 35 msecs (HTTP/1.1 200) 4 headers in 158 bytes (1 switches on core 0) [pid: 8|app: 0|req: 1659/3135] 10.0.0.51 () {34 vars in 1039 bytes} [Thu Aug 13 02:31:48 2026] GET /v2.0/security-groups?id=dabb1c12-68cb-473e-a217-d1c11170d716&fields=id&fields=name => generated 112 bytes in 33 msecs (HTTP/1.1 200) 4 headers in 157 bytes (1 switches on core 0) [pid: 7|app: 0|req: 1477/3136] 199.204.45.162 () {34 vars in 1052 bytes} [Thu Aug 13 02:31:48 2026] GET /v2.0/ports?network_id=93720ef4-082f-4d58-bdfc-100fc9a9b70a&device_owner=network%3Adhcp => generated 1457 bytes in 36 msecs (HTTP/1.1 200) 4 headers in 158 bytes (1 switches on core 0) [pid: 8|app: 0|req: 1660/3137] 199.204.45.162 () {34 vars in 1052 bytes} [Thu Aug 13 02:31:48 2026] GET /v2.0/ports?network_id=93720ef4-082f-4d58-bdfc-100fc9a9b70a&device_owner=network%3Adhcp => generated 1457 bytes in 32 msecs (HTTP/1.1 200) 4 headers in 158 bytes (1 switches on core 0) [pid: 7|app: 0|req: 1478/3138] 199.204.45.162 () {34 vars in 1012 bytes} [Thu Aug 13 02:31:48 2026] GET /v2.0/networks/93720ef4-082f-4d58-bdfc-100fc9a9b70a?fields=segments => generated 14 bytes in 49 msecs (HTTP/1.1 200) 4 headers in 156 bytes (1 switches on core 0) [pid: 8|app: 0|req: 1661/3139] 199.204.45.162 () {34 vars in 1112 bytes} [Thu Aug 13 02:31:48 2026] GET /v2.0/networks/93720ef4-082f-4d58-bdfc-100fc9a9b70a?fields=provider%3Aphysical_network&fields=provider%3Anetwork_type => generated 78 bytes in 32 msecs (HTTP/1.1 200) 4 headers in 156 bytes (1 switches on core 0) [pid: 7|app: 0|req: 1479/3140] 199.204.45.162 () {34 vars in 994 bytes} [Thu Aug 13 02:31:51 2026] GET /v2.0/ports?device_id=1ecefe4d-805d-44ad-9f66-e89110a14616 => generated 1196 bytes in 75 msecs (HTTP/1.1 200) 4 headers in 158 bytes (1 switches on core 0)
2026-08-13 02:31:51.369 8 INFO neutron_taas.services.taas.taas_plugin [req-50634c7f-4eeb-4b22-a6db-517fddee10cb req-7a73ccf2-7919-4264-8149-9ba8170b3f08 cd7b72be4cec439fabd49ce6e70d22ed c35790edeecc445b85a14ae6413b03e4 - - default default] TaaS: Handle Delete Port: 49beea64-f413-450d-8d75-7760076c37f7
2026-08-13 02:31:51.372 8 INFO neutron_taas.services.taas.tap_mirror_plugin [req-50634c7f-4eeb-4b22-a6db-517fddee10cb req-7a73ccf2-7919-4264-8149-9ba8170b3f08 cd7b72be4cec439fabd49ce6e70d22ed c35790edeecc445b85a14ae6413b03e4 - - default default] Tap Mirror: Handle Delete Port: 49beea64-f413-450d-8d75-7760076c37f7 [pid: 8|app: 0|req: 1662/3141] 199.204.45.162 () {36 vars in 997 bytes} [Thu Aug 13 02:31:51 2026] DELETE /v2.0/ports/49beea64-f413-450d-8d75-7760076c37f7 => generated 0 bytes in 328 msecs (HTTP/1.1 204) 3 headers in 131 bytes (1 switches on core 0)
2026-08-13 02:31:51.616 8 INFO neutron.notifiers.nova [-] Nova event matching ['req-fdf8fdd9-4284-40b9-8cba-852d25dc0a34'] response: {'server_uuid': '1ecefe4d-805d-44ad-9f66-e89110a14616', 'name': 'network-vif-deleted', 'tag': '49beea64-f413-450d-8d75-7760076c37f7', 'status': 'completed', 'code': 200} [pid: 7|app: 0|req: 1481/3144] 10.0.0.51 () {34 vars in 989 bytes} [Thu Aug 13 02:31:53 2026] GET /v2.0/ports?device_id=1ecefe4d-805d-44ad-9f66-e89110a14616 => generated 12 bytes in 22 msecs (HTTP/1.1 200) 4 headers in 156 bytes (1 switches on core 0) [pid: 8|app: 0|req: 1664/3145] 10.0.0.194 () {32 vars in 750 bytes} [Thu Aug 13 02:31:59 2026] DELETE /v2.0/security-group-rules/0826e1b6-861d-4234-860b-2232ad9b7f68 => generated 0 bytes in 73 msecs (HTTP/1.1 204) 2 headers in 112 bytes (1 switches on core 0)
2026-08-13 02:31:59.114 7 INFO neutron.api.v2.resource [None req-f43e3f90-ee50-4c6a-a059-451f5db54d50 cd7b72be4cec439fabd49ce6e70d22ed c35790edeecc445b85a14ae6413b03e4 - - default default] show failed (client error): The resource could not be found. [pid: 7|app: 0|req: 1482/3146] 10.0.0.194 () {32 vars in 747 bytes} [Thu Aug 13 02:31:59 2026] GET /v2.0/security-group-rules/0826e1b6-861d-4234-860b-2232ad9b7f68 => generated 155 bytes in 12 msecs (HTTP/1.1 404) 4 headers in 164 bytes (1 switches on core 0) [pid: 8|app: 0|req: 1665/3147] 10.0.0.194 () {32 vars in 750 bytes} [Thu Aug 13 02:31:59 2026] DELETE /v2.0/security-group-rules/50af7a34-b7df-4e71-be43-14ec66b98f23 => generated 0 bytes in 52 msecs (HTTP/1.1 204) 2 headers in 112 bytes (1 switches on core 0)
2026-08-13 02:31:59.189 7 INFO neutron.api.v2.resource [None req-0fd8c76e-9b70-43cf-857d-a924448d6bec cd7b72be4cec439fabd49ce6e70d22ed c35790edeecc445b85a14ae6413b03e4 - - default default] show failed (client error): The resource could not be found. [pid: 7|app: 0|req: 1483/3148] 10.0.0.194 () {32 vars in 747 bytes} [Thu Aug 13 02:31:59 2026] GET /v2.0/security-group-rules/50af7a34-b7df-4e71-be43-14ec66b98f23 => generated 155 bytes in 11 msecs (HTTP/1.1 404) 4 headers in 164 bytes (1 switches on core 0) [pid: 8|app: 0|req: 1666/3149] 10.0.0.194 () {32 vars in 750 bytes} [Thu Aug 13 02:31:59 2026] DELETE /v2.0/security-group-rules/e09e7039-0ea5-41fb-8478-7fb4a5a74709 => generated 0 bytes in 61 msecs (HTTP/1.1 204) 2 headers in 112 bytes (1 switches on core 0)
2026-08-13 02:31:59.273 7 INFO neutron.api.v2.resource [None req-42cde050-13bd-4dd9-99c9-443fcd071f4d cd7b72be4cec439fabd49ce6e70d22ed c35790edeecc445b85a14ae6413b03e4 - - default default] show failed (client error): The resource could not be found. [pid: 7|app: 0|req: 1484/3150] 10.0.0.194 () {32 vars in 747 bytes} [Thu Aug 13 02:31:59 2026] GET /v2.0/security-group-rules/e09e7039-0ea5-41fb-8478-7fb4a5a74709 => generated 155 bytes in 11 msecs (HTTP/1.1 404) 4 headers in 164 bytes (1 switches on core 0) [pid: 8|app: 0|req: 1667/3151] 10.0.0.194 () {32 vars in 750 bytes} [Thu Aug 13 02:31:59 2026] DELETE /v2.0/security-group-rules/8b48ee22-706f-4d2c-9bbe-524129ee0a20 => generated 0 bytes in 66 msecs (HTTP/1.1 204) 2 headers in 112 bytes (1 switches on core 0)
2026-08-13 02:31:59.361 7 INFO neutron.api.v2.resource [None req-bf42287d-ad25-4dcf-9352-f2667eba6e4f cd7b72be4cec439fabd49ce6e70d22ed c35790edeecc445b85a14ae6413b03e4 - - default default] show failed (client error): The resource could not be found. [pid: 7|app: 0|req: 1485/3152] 10.0.0.194 () {32 vars in 747 bytes} [Thu Aug 13 02:31:59 2026] GET /v2.0/security-group-rules/8b48ee22-706f-4d2c-9bbe-524129ee0a20 => generated 155 bytes in 14 msecs (HTTP/1.1 404) 4 headers in 164 bytes (1 switches on core 0) [pid: 8|app: 0|req: 1668/3153] 10.0.0.194 () {32 vars in 750 bytes} [Thu Aug 13 02:31:59 2026] DELETE /v2.0/security-group-rules/a74a1101-6af5-46a7-917b-8a206bcb822f => generated 0 bytes in 76 msecs (HTTP/1.1 204) 2 headers in 112 bytes (1 switches on core 0)
2026-08-13 02:31:59.463 7 INFO neutron.api.v2.resource [None req-62c7b628-cbc5-43a7-bada-fecf0865a488 cd7b72be4cec439fabd49ce6e70d22ed c35790edeecc445b85a14ae6413b03e4 - - default default] show failed (client error): The resource could not be found. [pid: 7|app: 0|req: 1486/3154] 10.0.0.194 () {32 vars in 747 bytes} [Thu Aug 13 02:31:59 2026] GET /v2.0/security-group-rules/a74a1101-6af5-46a7-917b-8a206bcb822f => generated 155 bytes in 16 msecs (HTTP/1.1 404) 4 headers in 164 bytes (1 switches on core 0) [pid: 8|app: 0|req: 1669/3155] 10.0.0.194 () {32 vars in 750 bytes} [Thu Aug 13 02:31:59 2026] DELETE /v2.0/security-group-rules/f0000d71-2164-4834-a13f-d808f0876a94 => generated 0 bytes in 70 msecs (HTTP/1.1 204) 2 headers in 112 bytes (1 switches on core 0)
2026-08-13 02:31:59.554 7 INFO neutron.api.v2.resource [None req-e8a4b388-b2bd-40c7-932c-2b41b8a0a8f8 cd7b72be4cec439fabd49ce6e70d22ed c35790edeecc445b85a14ae6413b03e4 - - default default] show failed (client error): The resource could not be found. [pid: 7|app: 0|req: 1487/3156] 10.0.0.194 () {32 vars in 747 bytes} [Thu Aug 13 02:31:59 2026] GET /v2.0/security-group-rules/f0000d71-2164-4834-a13f-d808f0876a94 => generated 155 bytes in 12 msecs (HTTP/1.1 404) 4 headers in 164 bytes (1 switches on core 0) [pid: 8|app: 0|req: 1670/3157] 10.0.0.194 () {32 vars in 750 bytes} [Thu Aug 13 02:31:59 2026] DELETE /v2.0/security-group-rules/3b917f14-2e34-4bb1-b277-eadbe6a6f93e => generated 0 bytes in 54 msecs (HTTP/1.1 204) 2 headers in 112 bytes (1 switches on core 0)
2026-08-13 02:31:59.630 7 INFO neutron.api.v2.resource [None req-41acfbd2-bfaf-442e-a7c7-2abe46e2b83c cd7b72be4cec439fabd49ce6e70d22ed c35790edeecc445b85a14ae6413b03e4 - - default default] show failed (client error): The resource could not be found. [pid: 7|app: 0|req: 1488/3158] 10.0.0.194 () {32 vars in 747 bytes} [Thu Aug 13 02:31:59 2026] GET /v2.0/security-group-rules/3b917f14-2e34-4bb1-b277-eadbe6a6f93e => generated 155 bytes in 13 msecs (HTTP/1.1 404) 4 headers in 164 bytes (1 switches on core 0) [pid: 8|app: 0|req: 1671/3159] 10.0.0.194 () {32 vars in 750 bytes} [Thu Aug 13 02:31:59 2026] DELETE /v2.0/security-group-rules/9671c520-de0e-4e7d-9655-b16a57ef436e => generated 0 bytes in 62 msecs (HTTP/1.1 204) 2 headers in 112 bytes (1 switches on core 0)
2026-08-13 02:31:59.714 7 INFO neutron.api.v2.resource [None req-25ba90db-6c33-467d-a3dd-78b1ccede82d cd7b72be4cec439fabd49ce6e70d22ed c35790edeecc445b85a14ae6413b03e4 - - default default] show failed (client error): The resource could not be found. [pid: 7|app: 0|req: 1489/3160] 10.0.0.194 () {32 vars in 747 bytes} [Thu Aug 13 02:31:59 2026] GET /v2.0/security-group-rules/9671c520-de0e-4e7d-9655-b16a57ef436e => generated 155 bytes in 11 msecs (HTTP/1.1 404) 4 headers in 164 bytes (1 switches on core 0) [pid: 8|app: 0|req: 1672/3161] 10.0.0.194 () {32 vars in 750 bytes} [Thu Aug 13 02:31:59 2026] DELETE /v2.0/security-group-rules/7ce9525e-884c-42be-94d8-283c9379edff => generated 0 bytes in 50 msecs (HTTP/1.1 204) 2 headers in 112 bytes (1 switches on core 0)
2026-08-13 02:31:59.785 7 INFO neutron.api.v2.resource [None req-32e2eb76-62ac-4b91-9cc3-a5f56b9dc4f3 cd7b72be4cec439fabd49ce6e70d22ed c35790edeecc445b85a14ae6413b03e4 - - default default] show failed (client error): The resource could not be found. [pid: 7|app: 0|req: 1490/3162] 10.0.0.194 () {32 vars in 747 bytes} [Thu Aug 13 02:31:59 2026] GET /v2.0/security-group-rules/7ce9525e-884c-42be-94d8-283c9379edff => generated 155 bytes in 12 msecs (HTTP/1.1 404) 4 headers in 164 bytes (1 switches on core 0) [pid: 8|app: 0|req: 1673/3163] 10.0.0.194 () {32 vars in 750 bytes} [Thu Aug 13 02:31:59 2026] DELETE /v2.0/security-group-rules/a68d4c9d-9800-4a47-9c5d-510355029f3c => generated 0 bytes in 52 msecs (HTTP/1.1 204) 2 headers in 112 bytes (1 switches on core 0)
2026-08-13 02:31:59.862 7 INFO neutron.api.v2.resource [None req-e7cb3d4d-7143-487a-b54e-a09f1df1b76c cd7b72be4cec439fabd49ce6e70d22ed c35790edeecc445b85a14ae6413b03e4 - - default default] show failed (client error): The resource could not be found. [pid: 7|app: 0|req: 1491/3164] 10.0.0.194 () {32 vars in 747 bytes} [Thu Aug 13 02:31:59 2026] GET /v2.0/security-group-rules/a68d4c9d-9800-4a47-9c5d-510355029f3c => generated 155 bytes in 17 msecs (HTTP/1.1 404) 4 headers in 164 bytes (1 switches on core 0) [pid: 8|app: 0|req: 1674/3165] 10.0.0.194 () {32 vars in 750 bytes} [Thu Aug 13 02:31:59 2026] DELETE /v2.0/security-group-rules/27d6fc53-fbfe-4523-97ce-a6a20b30741f => generated 0 bytes in 57 msecs (HTTP/1.1 204) 2 headers in 112 bytes (1 switches on core 0)
2026-08-13 02:31:59.941 7 INFO neutron.api.v2.resource [None req-61f64325-4250-46f1-b16e-512ab48794cb cd7b72be4cec439fabd49ce6e70d22ed c35790edeecc445b85a14ae6413b03e4 - - default default] show failed (client error): The resource could not be found. [pid: 7|app: 0|req: 1492/3166] 10.0.0.194 () {32 vars in 747 bytes} [Thu Aug 13 02:31:59 2026] GET /v2.0/security-group-rules/27d6fc53-fbfe-4523-97ce-a6a20b30741f => generated 155 bytes in 11 msecs (HTTP/1.1 404) 4 headers in 164 bytes (1 switches on core 0) [pid: 8|app: 0|req: 1675/3167] 10.0.0.194 () {32 vars in 740 bytes} [Thu Aug 13 02:31:59 2026] DELETE /v2.0/security-groups/dabb1c12-68cb-473e-a217-d1c11170d716 => generated 0 bytes in 74 msecs (HTTP/1.1 204) 2 headers in 112 bytes (1 switches on core 0)
2026-08-13 02:32:00.039 7 INFO neutron.api.v2.resource [None req-e858e844-5b4f-4d26-8c1b-7ebc80f50d3f cd7b72be4cec439fabd49ce6e70d22ed c35790edeecc445b85a14ae6413b03e4 - - default default] show failed (client error): The resource could not be found. [pid: 7|app: 0|req: 1493/3168] 10.0.0.194 () {32 vars in 737 bytes} [Thu Aug 13 02:32:00 2026] GET /v2.0/security-groups/dabb1c12-68cb-473e-a217-d1c11170d716 => generated 146 bytes in 15 msecs (HTTP/1.1 404) 4 headers in 164 bytes (1 switches on core 0)
2026-08-13 02:32:00.514 8 INFO neutron_taas.services.taas.taas_plugin [None req-f21104a5-fb6e-4f9d-8885-a269be667343 cd7b72be4cec439fabd49ce6e70d22ed c35790edeecc445b85a14ae6413b03e4 - - default default] TaaS: Handle Delete Port: e7ccfdc4-7a91-4202-afcc-75c522b50125
2026-08-13 02:32:00.518 8 INFO neutron_taas.services.taas.tap_mirror_plugin [None req-f21104a5-fb6e-4f9d-8885-a269be667343 cd7b72be4cec439fabd49ce6e70d22ed c35790edeecc445b85a14ae6413b03e4 - - default default] Tap Mirror: Handle Delete Port: e7ccfdc4-7a91-4202-afcc-75c522b50125 [pid: 8|app: 0|req: 1676/3169] 10.0.0.194 () {34 vars in 789 bytes} [Thu Aug 13 02:32:00 2026] PUT /v2.0/routers/c85ed2f9-1565-4603-b527-a69185390f04/remove_router_interface => generated 309 bytes in 958 msecs (HTTP/1.1 200) 4 headers in 157 bytes (1 switches on core 0)
2026-08-13 02:32:01.205 7 INFO neutron.api.v2.resource [None req-28c40627-1c45-43e2-af3b-979a3009e868 cd7b72be4cec439fabd49ce6e70d22ed c35790edeecc445b85a14ae6413b03e4 - - default default] remove_router_interface failed (client error): The resource could not be found. [pid: 7|app: 0|req: 1494/3170] 10.0.0.194 () {34 vars in 789 bytes} [Thu Aug 13 02:32:01 2026] PUT /v2.0/routers/c85ed2f9-1565-4603-b527-a69185390f04/remove_router_interface => generated 198 bytes in 158 msecs (HTTP/1.1 404) 4 headers in 164 bytes (1 switches on core 0)
2026-08-13 02:32:01.606 8 INFO neutron_taas.services.taas.taas_plugin [None req-17780cb9-f374-48d1-a5ac-ae359e08983b cd7b72be4cec439fabd49ce6e70d22ed c35790edeecc445b85a14ae6413b03e4 - - default default] TaaS: Handle Delete Port: e4aa4cdd-c743-4203-a029-cafd9c711369
2026-08-13 02:32:01.609 8 INFO neutron_taas.services.taas.tap_mirror_plugin [None req-17780cb9-f374-48d1-a5ac-ae359e08983b cd7b72be4cec439fabd49ce6e70d22ed c35790edeecc445b85a14ae6413b03e4 - - default default] Tap Mirror: Handle Delete Port: e4aa4cdd-c743-4203-a029-cafd9c711369 [pid: 8|app: 0|req: 1677/3171] 10.0.0.194 () {34 vars in 789 bytes} [Thu Aug 13 02:32:01 2026] PUT /v2.0/routers/c85ed2f9-1565-4603-b527-a69185390f04/remove_router_interface => generated 309 bytes in 936 msecs (HTTP/1.1 200) 4 headers in 157 bytes (1 switches on core 0)
2026-08-13 02:32:02.338 7 INFO neutron.api.v2.resource [None req-104f3fcc-5a67-4b1e-8ad4-abcabdfbc99c cd7b72be4cec439fabd49ce6e70d22ed c35790edeecc445b85a14ae6413b03e4 - - default default] remove_router_interface failed (client error): The resource could not be found. [pid: 7|app: 0|req: 1495/3172] 10.0.0.194 () {34 vars in 789 bytes} [Thu Aug 13 02:32:02 2026] PUT /v2.0/routers/c85ed2f9-1565-4603-b527-a69185390f04/remove_router_interface => generated 198 bytes in 185 msecs (HTTP/1.1 404) 4 headers in 164 bytes (1 switches on core 0)
2026-08-13 02:32:02.762 8 INFO neutron_taas.services.taas.taas_plugin [None req-9c858f9c-69c5-41e6-a9f5-0bbc6c28a1b1 cd7b72be4cec439fabd49ce6e70d22ed c35790edeecc445b85a14ae6413b03e4 - - default default] TaaS: Handle Delete Port: 55729352-3dd9-433c-8dad-75a3af8a706b
2026-08-13 02:32:02.766 8 INFO neutron_taas.services.taas.tap_mirror_plugin [None req-9c858f9c-69c5-41e6-a9f5-0bbc6c28a1b1 cd7b72be4cec439fabd49ce6e70d22ed c35790edeecc445b85a14ae6413b03e4 - - default default] Tap Mirror: Handle Delete Port: 55729352-3dd9-433c-8dad-75a3af8a706b [pid: 8|app: 0|req: 1678/3173] 10.0.0.194 () {34 vars in 789 bytes} [Thu Aug 13 02:32:02 2026] PUT /v2.0/routers/c85ed2f9-1565-4603-b527-a69185390f04/remove_router_interface => generated 309 bytes in 963 msecs (HTTP/1.1 200) 4 headers in 157 bytes (1 switches on core 0)
2026-08-13 02:32:03.471 7 INFO neutron.api.v2.resource [None req-c8b23587-e659-4004-a89d-684cbf7a7f45 cd7b72be4cec439fabd49ce6e70d22ed c35790edeecc445b85a14ae6413b03e4 - - default default] remove_router_interface failed (client error): The resource could not be found. [pid: 7|app: 0|req: 1496/3174] 10.0.0.194 () {34 vars in 789 bytes} [Thu Aug 13 02:32:03 2026] PUT /v2.0/routers/c85ed2f9-1565-4603-b527-a69185390f04/remove_router_interface => generated 198 bytes in 160 msecs (HTTP/1.1 404) 4 headers in 164 bytes (1 switches on core 0)
2026-08-13 02:32:03.663 8 INFO neutron_taas.services.taas.taas_plugin [None req-382523cc-0d85-4eaa-b104-8543bd5713d6 cd7b72be4cec439fabd49ce6e70d22ed c35790edeecc445b85a14ae6413b03e4 - - default default] TaaS: Handle Delete Port: 56eb4df1-fa45-4dd7-a771-d0e0cf8d15ec
2026-08-13 02:32:03.666 8 INFO neutron_taas.services.taas.tap_mirror_plugin [None req-382523cc-0d85-4eaa-b104-8543bd5713d6 cd7b72be4cec439fabd49ce6e70d22ed c35790edeecc445b85a14ae6413b03e4 - - default default] Tap Mirror: Handle Delete Port: 56eb4df1-fa45-4dd7-a771-d0e0cf8d15ec
2026-08-13 02:32:03.920 8 INFO neutron_taas.services.taas.taas_plugin [None req-382523cc-0d85-4eaa-b104-8543bd5713d6 cd7b72be4cec439fabd49ce6e70d22ed c35790edeecc445b85a14ae6413b03e4 - - default default] TaaS: Handle Delete Port: ab934dad-08c6-4b84-914d-5a2b7677d214
2026-08-13 02:32:03.923 8 INFO neutron_taas.services.taas.tap_mirror_plugin [None req-382523cc-0d85-4eaa-b104-8543bd5713d6 cd7b72be4cec439fabd49ce6e70d22ed c35790edeecc445b85a14ae6413b03e4 - - default default] Tap Mirror: Handle Delete Port: ab934dad-08c6-4b84-914d-5a2b7677d214
2026-08-13 02:32:04.282 8 INFO neutron.db.l3_hamode_db [None req-382523cc-0d85-4eaa-b104-8543bd5713d6 cd7b72be4cec439fabd49ce6e70d22ed c35790edeecc445b85a14ae6413b03e4 - - default default] HA network 3383a1b2-7e17-4878-a2bc-86f6d523ee76 was deleted as no HA routers are present in tenant c35790edeecc445b85a14ae6413b03e4. [pid: 8|app: 0|req: 1679/3175] 10.0.0.194 () {32 vars in 724 bytes} [Thu Aug 13 02:32:03 2026] DELETE /v2.0/routers/c85ed2f9-1565-4603-b527-a69185390f04 => generated 0 bytes in 813 msecs (HTTP/1.1 204) 2 headers in 112 bytes (1 switches on core 0)
2026-08-13 02:32:04.297 8 INFO neutron.services.segments.plugin [-] Segment c93834e6-e0ae-43f2-b7ad-874032a4e453 resource provider aggregate not found
2026-08-13 02:32:04.306 8 INFO neutron.services.segments.plugin [-] Segment c93834e6-e0ae-43f2-b7ad-874032a4e453 resource provider aggregate not found
2026-08-13 02:32:04.316 8 INFO neutron.services.segments.plugin [-] Client error retrieving segment c93834e6-e0ae-43f2-b7ad-874032a4e453 resource provider; error: Placement Client Error (4xx): {"errors": [{"status": 404, "title": "Not Found", "detail": "The resource could not be found.\n\n No resource provider with uuid c93834e6-e0ae-43f2-b7ad-874032a4e453 found for delete ", "request_id": "req-af519a29-b8b9-4940-ac92-ed2fb344a2b8"}]}
2026-08-13 02:32:04.321 8 INFO neutron.services.segments.plugin [-] Client error retrieving segment c93834e6-e0ae-43f2-b7ad-874032a4e453 resource provider; error: Placement Client Error (4xx): {"errors": [{"status": 404, "title": "Not Found", "detail": "The resource could not be found.\n\n No resource provider with uuid c93834e6-e0ae-43f2-b7ad-874032a4e453 found for delete ", "request_id": "req-739aeea4-ef24-4316-b7d2-4a9c14336c91"}]}
2026-08-13 02:32:04.323 7 INFO neutron.api.v2.resource [None req-e9815cd9-5623-4b0d-bde2-a6b26820f129 cd7b72be4cec439fabd49ce6e70d22ed c35790edeecc445b85a14ae6413b03e4 - - default default] show failed (client error): The resource could not be found. [pid: 7|app: 0|req: 1497/3176] 10.0.0.194 () {32 vars in 721 bytes} [Thu Aug 13 02:32:04 2026] GET /v2.0/routers/c85ed2f9-1565-4603-b527-a69185390f04 => generated 135 bytes in 30 msecs (HTTP/1.1 404) 4 headers in 164 bytes (1 switches on core 0) [pid: 8|app: 0|req: 1680/3177] 10.0.0.194 () {32 vars in 724 bytes} [Thu Aug 13 02:32:04 2026] DELETE /v2.0/subnets/77b468af-fa03-418c-8d25-3c11db9a4b9a => generated 0 bytes in 186 msecs (HTTP/1.1 204) 3 headers in 131 bytes (1 switches on core 0)
2026-08-13 02:32:04.541 7 INFO neutron.pecan_wsgi.hooks.translation [None req-b8510271-ecaf-4c51-9039-495caf34e2cd cd7b72be4cec439fabd49ce6e70d22ed c35790edeecc445b85a14ae6413b03e4 - - default default] GET failed (client error): The resource could not be found. [pid: 7|app: 0|req: 1498/3178] 10.0.0.194 () {32 vars in 721 bytes} [Thu Aug 13 02:32:04 2026] GET /v2.0/subnets/77b468af-fa03-418c-8d25-3c11db9a4b9a => generated 136 bytes in 21 msecs (HTTP/1.1 404) 4 headers in 164 bytes (1 switches on core 0) [pid: 8|app: 0|req: 1681/3179] 10.0.0.194 () {32 vars in 724 bytes} [Thu Aug 13 02:32:04 2026] DELETE /v2.0/subnets/95ebda54-e64e-4ce6-b82b-bcfe960f8ed7 => generated 0 bytes in 163 msecs (HTTP/1.1 204) 3 headers in 131 bytes (1 switches on core 0)
2026-08-13 02:32:04.730 7 INFO neutron.pecan_wsgi.hooks.translation [None req-829d9127-7788-49e8-99cc-1fd356f83381 cd7b72be4cec439fabd49ce6e70d22ed c35790edeecc445b85a14ae6413b03e4 - - default default] GET failed (client error): The resource could not be found. [pid: 7|app: 0|req: 1499/3180] 10.0.0.194 () {32 vars in 721 bytes} [Thu Aug 13 02:32:04 2026] GET /v2.0/subnets/95ebda54-e64e-4ce6-b82b-bcfe960f8ed7 => generated 136 bytes in 13 msecs (HTTP/1.1 404) 4 headers in 164 bytes (1 switches on core 0)
2026-08-13 02:32:04.845 8 INFO neutron_taas.services.taas.taas_plugin [None req-2ccd5b8c-ce8c-4bce-bdbc-5ad30c2eff10 cd7b72be4cec439fabd49ce6e70d22ed c35790edeecc445b85a14ae6413b03e4 - - default default] TaaS: Handle Delete Port: 08e2fb79-d436-4288-bee7-0099ca8d3072
2026-08-13 02:32:04.848 8 INFO neutron_taas.services.taas.tap_mirror_plugin [None req-2ccd5b8c-ce8c-4bce-bdbc-5ad30c2eff10 cd7b72be4cec439fabd49ce6e70d22ed c35790edeecc445b85a14ae6413b03e4 - - default default] Tap Mirror: Handle Delete Port: 08e2fb79-d436-4288-bee7-0099ca8d3072 [pid: 8|app: 0|req: 1682/3181] 10.0.0.194 () {32 vars in 726 bytes} [Thu Aug 13 02:32:04 2026] DELETE /v2.0/networks/8b8e2dca-9ec8-42c1-9d55-3dd12af23836 => generated 0 bytes in 318 msecs (HTTP/1.1 204) 3 headers in 131 bytes (1 switches on core 0)
2026-08-13 02:32:05.074 7 INFO neutron.pecan_wsgi.hooks.translation [None req-f06b6380-d812-4d93-93b8-eb0233372756 cd7b72be4cec439fabd49ce6e70d22ed c35790edeecc445b85a14ae6413b03e4 - - default default] GET failed (client error): The resource could not be found. [pid: 7|app: 0|req: 1500/3182] 10.0.0.194 () {32 vars in 723 bytes} [Thu Aug 13 02:32:05 2026] GET /v2.0/networks/8b8e2dca-9ec8-42c1-9d55-3dd12af23836 => generated 138 bytes in 15 msecs (HTTP/1.1 404) 4 headers in 164 bytes (1 switches on core 0) [pid: 8|app: 0|req: 1683/3183] 10.0.0.194 () {32 vars in 724 bytes} [Thu Aug 13 02:32:05 2026] DELETE /v2.0/subnets/674483fe-d740-45eb-993e-ba7b994b3dd4 => generated 0 bytes in 172 msecs (HTTP/1.1 204) 3 headers in 131 bytes (1 switches on core 0)
2026-08-13 02:32:05.270 7 INFO neutron.pecan_wsgi.hooks.translation [None req-d06252dd-39ab-456a-92bb-4299cc5378da cd7b72be4cec439fabd49ce6e70d22ed c35790edeecc445b85a14ae6413b03e4 - - default default] GET failed (client error): The resource could not be found. [pid: 7|app: 0|req: 1501/3184] 10.0.0.194 () {32 vars in 721 bytes} [Thu Aug 13 02:32:05 2026] GET /v2.0/subnets/674483fe-d740-45eb-993e-ba7b994b3dd4 => generated 136 bytes in 15 msecs (HTTP/1.1 404) 4 headers in 164 bytes (1 switches on core 0) [pid: 8|app: 0|req: 1684/3185] 10.0.0.194 () {32 vars in 724 bytes} [Thu Aug 13 02:32:05 2026] DELETE /v2.0/subnets/86187051-2e8c-48ef-9cf9-68c1eda9b5eb => generated 0 bytes in 197 msecs (HTTP/1.1 204) 3 headers in 131 bytes (1 switches on core 0)
2026-08-13 02:32:05.494 7 INFO neutron.pecan_wsgi.hooks.translation [None req-31161cdf-8323-44c6-ac9d-b62bf58ecb0a cd7b72be4cec439fabd49ce6e70d22ed c35790edeecc445b85a14ae6413b03e4 - - default default] GET failed (client error): The resource could not be found. [pid: 7|app: 0|req: 1502/3186] 10.0.0.194 () {32 vars in 721 bytes} [Thu Aug 13 02:32:05 2026] GET /v2.0/subnets/86187051-2e8c-48ef-9cf9-68c1eda9b5eb => generated 136 bytes in 15 msecs (HTTP/1.1 404) 4 headers in 164 bytes (1 switches on core 0)
2026-08-13 02:32:05.596 8 INFO neutron_taas.services.taas.taas_plugin [None req-d05c5ec7-6fc3-4671-9f09-974612201479 cd7b72be4cec439fabd49ce6e70d22ed c35790edeecc445b85a14ae6413b03e4 - - default default] TaaS: Handle Delete Port: 9a068e53-cf76-4746-8111-5f713f7c524a
2026-08-13 02:32:05.600 8 INFO neutron_taas.services.taas.tap_mirror_plugin [None req-d05c5ec7-6fc3-4671-9f09-974612201479 cd7b72be4cec439fabd49ce6e70d22ed c35790edeecc445b85a14ae6413b03e4 - - default default] Tap Mirror: Handle Delete Port: 9a068e53-cf76-4746-8111-5f713f7c524a [pid: 8|app: 0|req: 1685/3187] 10.0.0.194 () {32 vars in 726 bytes} [Thu Aug 13 02:32:05 2026] DELETE /v2.0/networks/93720ef4-082f-4d58-bdfc-100fc9a9b70a => generated 0 bytes in 292 msecs (HTTP/1.1 204) 3 headers in 131 bytes (1 switches on core 0)
2026-08-13 02:32:05.808 7 INFO neutron.pecan_wsgi.hooks.translation [None req-45d3d027-571f-4bc1-b1ca-d8f4361bf151 cd7b72be4cec439fabd49ce6e70d22ed c35790edeecc445b85a14ae6413b03e4 - - default default] GET failed (client error): The resource could not be found. [pid: 7|app: 0|req: 1503/3188] 10.0.0.194 () {32 vars in 723 bytes} [Thu Aug 13 02:32:05 2026] GET /v2.0/networks/93720ef4-082f-4d58-bdfc-100fc9a9b70a => generated 138 bytes in 14 msecs (HTTP/1.1 404) 4 headers in 164 bytes (1 switches on core 0) [pid: 8|app: 0|req: 1686/3189] 10.0.0.194 () {32 vars in 724 bytes} [Thu Aug 13 02:32:05 2026] DELETE /v2.0/subnets/130541b8-627c-4aaa-94ff-2b4dd7b5bfe3 => generated 0 bytes in 138 msecs (HTTP/1.1 204) 3 headers in 131 bytes (1 switches on core 0)
2026-08-13 02:32:05.976 7 INFO neutron.pecan_wsgi.hooks.translation [None req-546385bc-5335-4884-889e-ee52a95b4b4d cd7b72be4cec439fabd49ce6e70d22ed c35790edeecc445b85a14ae6413b03e4 - - default default] GET failed (client error): The resource could not be found. [pid: 7|app: 0|req: 1504/3190] 10.0.0.194 () {32 vars in 721 bytes} [Thu Aug 13 02:32:05 2026] GET /v2.0/subnets/130541b8-627c-4aaa-94ff-2b4dd7b5bfe3 => generated 136 bytes in 22 msecs (HTTP/1.1 404) 4 headers in 164 bytes (1 switches on core 0) [pid: 8|app: 0|req: 1687/3191] 10.0.0.194 () {32 vars in 724 bytes} [Thu Aug 13 02:32:05 2026] DELETE /v2.0/subnets/b75159ac-2c72-483a-9fd2-d18b090fac3d => generated 0 bytes in 190 msecs (HTTP/1.1 204) 3 headers in 131 bytes (1 switches on core 0)
2026-08-13 02:32:06.198 7 INFO neutron.pecan_wsgi.hooks.translation [None req-a570e47f-0bbf-4299-af98-c1638795633f cd7b72be4cec439fabd49ce6e70d22ed c35790edeecc445b85a14ae6413b03e4 - - default default] GET failed (client error): The resource could not be found. [pid: 7|app: 0|req: 1505/3192] 10.0.0.194 () {32 vars in 721 bytes} [Thu Aug 13 02:32:06 2026] GET /v2.0/subnets/b75159ac-2c72-483a-9fd2-d18b090fac3d => generated 136 bytes in 19 msecs (HTTP/1.1 404) 4 headers in 164 bytes (1 switches on core 0)
2026-08-13 02:32:06.292 8 INFO neutron_taas.services.taas.taas_plugin [None req-c7149cd7-b6a2-4384-837b-d2c9fdc4583a cd7b72be4cec439fabd49ce6e70d22ed c35790edeecc445b85a14ae6413b03e4 - - default default] TaaS: Handle Delete Port: 3657c648-1df3-425e-9118-b7657e467cc3
2026-08-13 02:32:06.297 8 INFO neutron_taas.services.taas.tap_mirror_plugin [None req-c7149cd7-b6a2-4384-837b-d2c9fdc4583a cd7b72be4cec439fabd49ce6e70d22ed c35790edeecc445b85a14ae6413b03e4 - - default default] Tap Mirror: Handle Delete Port: 3657c648-1df3-425e-9118-b7657e467cc3
2026-08-13 02:32:06.364 8 INFO neutron.services.segments.plugin [-] Segment db59e6be-b133-47a8-b2bf-12ace08a6619 resource provider aggregate not found
2026-08-13 02:32:06.368 8 INFO neutron.services.segments.plugin [-] Segment db59e6be-b133-47a8-b2bf-12ace08a6619 resource provider aggregate not found
2026-08-13 02:32:06.385 8 INFO neutron.services.segments.plugin [-] Client error retrieving segment db59e6be-b133-47a8-b2bf-12ace08a6619 resource provider; error: Placement Client Error (4xx): {"errors": [{"status": 404, "title": "Not Found", "detail": "The resource could not be found.\n\n No resource provider with uuid db59e6be-b133-47a8-b2bf-12ace08a6619 found for delete ", "request_id": "req-db1012ec-b38d-4bc8-99e4-07878f4136fe"}]}
2026-08-13 02:32:06.393 8 INFO neutron.services.segments.plugin [-] Client error retrieving segment db59e6be-b133-47a8-b2bf-12ace08a6619 resource provider; error: Placement Client Error (4xx): {"errors": [{"status": 404, "title": "Not Found", "detail": "The resource could not be found.\n\n No resource provider with uuid db59e6be-b133-47a8-b2bf-12ace08a6619 found for delete ", "request_id": "req-e0461c75-e4eb-46b1-a462-9ca9053501c0"}]}
2026-08-13 02:32:06.405 8 INFO neutron.services.segments.plugin [-] Segment 176b57a5-050e-401d-a2b8-e0bea8977392 resource provider aggregate not found
2026-08-13 02:32:06.416 8 INFO neutron.services.segments.plugin [-] Segment 176b57a5-050e-401d-a2b8-e0bea8977392 resource provider aggregate not found
2026-08-13 02:32:06.420 8 INFO neutron.services.segments.plugin [-] Client error retrieving segment 176b57a5-050e-401d-a2b8-e0bea8977392 resource provider; error: Placement Client Error (4xx): {"errors": [{"status": 404, "title": "Not Found", "detail": "The resource could not be found.\n\n No resource provider with uuid 176b57a5-050e-401d-a2b8-e0bea8977392 found for delete ", "request_id": "req-ee256b8b-64a6-4cb9-9a5b-ccbf31116522"}]}
2026-08-13 02:32:06.436 8 INFO neutron.services.segments.plugin [-] Client error retrieving segment 176b57a5-050e-401d-a2b8-e0bea8977392 resource provider; error: Placement Client Error (4xx): {"errors": [{"status": 404, "title": "Not Found", "detail": "The resource could not be found.\n\n No resource provider with uuid 176b57a5-050e-401d-a2b8-e0bea8977392 found for delete ", "request_id": "req-016425ec-09a9-402b-964d-fbd44a7b8208"}]} [pid: 8|app: 0|req: 1688/3193] 10.0.0.194 () {32 vars in 726 bytes} [Thu Aug 13 02:32:06 2026] DELETE /v2.0/networks/0a698781-7e6c-41c5-a572-02f66994976c => generated 0 bytes in 369 msecs (HTTP/1.1 204) 3 headers in 131 bytes (1 switches on core 0)
2026-08-13 02:32:06.597 7 INFO neutron.pecan_wsgi.hooks.translation [None req-4e73d2ff-0993-4305-a60b-755226334da6 cd7b72be4cec439fabd49ce6e70d22ed c35790edeecc445b85a14ae6413b03e4 - - default default] GET failed (client error): The resource could not be found. [pid: 7|app: 0|req: 1506/3194] 10.0.0.194 () {32 vars in 723 bytes} [Thu Aug 13 02:32:06 2026] GET /v2.0/networks/0a698781-7e6c-41c5-a572-02f66994976c => generated 138 bytes in 20 msecs (HTTP/1.1 404) 4 headers in 164 bytes (1 switches on core 0)
2026-08-13 02:32:08.445 8 INFO neutron.services.segments.plugin [-] Segment c6efd159-bf11-4ad3-bc09-6459d414d97d resource provider aggregate not found
2026-08-13 02:32:08.460 8 INFO neutron.services.segments.plugin [-] Client error retrieving segment c6efd159-bf11-4ad3-bc09-6459d414d97d resource provider; error: Placement Client Error (4xx): {"errors": [{"status": 404, "title": "Not Found", "detail": "The resource could not be found.\n\n No resource provider with uuid c6efd159-bf11-4ad3-bc09-6459d414d97d found for delete ", "request_id": "req-c98528f0-7e9b-4161-a5ca-e4b3e0ca61cc"}]}
2026-08-13 02:32:08.463 8 INFO neutron.services.segments.plugin [-] Segment c6efd159-bf11-4ad3-bc09-6459d414d97d resource provider aggregate not found
