+ COMMAND=start + start + for KEYSTONE_WSGI_SCRIPT in keystone-wsgi-public ++ type -p keystone-wsgi-public + cp -a /var/lib/openstack/bin/keystone-wsgi-public /var/www/cgi-bin/keystone/ + '[' -f /etc/apache2/envvars ']' + source /etc/apache2/envvars ++ unset HOME ++ '[' '' '!=' '' ']' ++ SUFFIX= ++ export APACHE_RUN_USER=www-data ++ APACHE_RUN_USER=www-data ++ export APACHE_RUN_GROUP=www-data ++ APACHE_RUN_GROUP=www-data ++ export APACHE_PID_FILE=/var/run/apache2/apache2.pid ++ APACHE_PID_FILE=/var/run/apache2/apache2.pid ++ export APACHE_RUN_DIR=/var/run/apache2 ++ APACHE_RUN_DIR=/var/run/apache2 ++ export APACHE_LOCK_DIR=/var/lock/apache2 ++ APACHE_LOCK_DIR=/var/lock/apache2 ++ export APACHE_LOG_DIR=/var/log/apache2 ++ APACHE_LOG_DIR=/var/log/apache2 ++ export LANG=C ++ LANG=C ++ export LANG + '[' -f /var/run/apache2/apache2.pid ']' + exec apache2 -DFOREGROUND AH00558: apache2: Could not reliably determine the server's fully qualified domain name, using 10.0.0.84. Set the 'ServerName' directive globally to suppress this message AH00558: apache2: Could not reliably determine the server's fully qualified domain name, using 10.0.0.84. Set the 'ServerName' directive globally to suppress this message
[Thu May 14 11:24:07.636039 2026] [mpm_event:notice] [pid 1:tid 140054205826944] AH00489: Apache/2.4.58 (Ubuntu) mod_wsgi/5.0.0 Python/3.12 configured -- resuming normal operations
[Thu May 14 11:24:07.636176 2026] [core:notice] [pid 1:tid 140054205826944] AH00094: Command line: 'apache2 -D FOREGROUND'
[Thu May 14 11:25:04.920913 2026] [wsgi:error] [pid 9:tid 140053569054400] /var/lib/openstack/lib/python3.12/site-packages/oslo_utils/importutils.py:77: EventletDeprecationWarning:
[Thu May 14 11:25:04.920959 2026] [wsgi:error] [pid 9:tid 140053569054400] Eventlet is deprecated. It is currently being maintained in bugfix mode, and
[Thu May 14 11:25:04.920961 2026] [wsgi:error] [pid 9:tid 140053569054400] we strongly recommend against using it for new projects.
[Thu May 14 11:25:04.920962 2026] [wsgi:error] [pid 9:tid 140053569054400]
[Thu May 14 11:25:04.920963 2026] [wsgi:error] [pid 9:tid 140053569054400] If you are already using Eventlet, we recommend migrating to a different
[Thu May 14 11:25:04.920965 2026] [wsgi:error] [pid 9:tid 140053569054400] framework. For more detail see
[Thu May 14 11:25:04.920966 2026] [wsgi:error] [pid 9:tid 140053569054400] https://eventlet.readthedocs.io/en/latest/asyncio/migration.html
[Thu May 14 11:25:04.920967 2026] [wsgi:error] [pid 9:tid 140053569054400]
[Thu May 14 11:25:04.920968 2026] [wsgi:error] [pid 9:tid 140053569054400] __import__(import_str)
[Thu May 14 11:25:04.931362 2026] [wsgi:error] [pid 12:tid 140053569054400] /var/lib/openstack/lib/python3.12/site-packages/oslo_utils/importutils.py:77: EventletDeprecationWarning:
[Thu May 14 11:25:04.931408 2026] [wsgi:error] [pid 12:tid 140053569054400] Eventlet is deprecated. It is currently being maintained in bugfix mode, and
[Thu May 14 11:25:04.931409 2026] [wsgi:error] [pid 12:tid 140053569054400] we strongly recommend against using it for new projects.
[Thu May 14 11:25:04.931411 2026] [wsgi:error] [pid 12:tid 140053569054400]
[Thu May 14 11:25:04.931412 2026] [wsgi:error] [pid 12:tid 140053569054400] If you are already using Eventlet, we recommend migrating to a different
[Thu May 14 11:25:04.931413 2026] [wsgi:error] [pid 12:tid 140053569054400] framework. For more detail see
[Thu May 14 11:25:04.931414 2026] [wsgi:error] [pid 12:tid 140053569054400] https://eventlet.readthedocs.io/en/latest/asyncio/migration.html
[Thu May 14 11:25:04.931415 2026] [wsgi:error] [pid 12:tid 140053569054400]
[Thu May 14 11:25:04.931416 2026] [wsgi:error] [pid 12:tid 140053569054400] __import__(import_str) 10.0.0.141 - - [14/May/2026:11:25:04 +0000] "GET /v3/ HTTP/1.1" 200 249 10.0.0.141 - - [14/May/2026:11:25:04 +0000] "GET /v3/ HTTP/1.1" 200 249
[Thu May 14 11:25:19.918310 2026] [wsgi:error] [pid 10:tid 140053569054400] /var/lib/openstack/lib/python3.12/site-packages/oslo_utils/importutils.py:77: EventletDeprecationWarning:
[Thu May 14 11:25:19.918364 2026] [wsgi:error] [pid 10:tid 140053569054400] Eventlet is deprecated. It is currently being maintained in bugfix mode, and
[Thu May 14 11:25:19.918365 2026] [wsgi:error] [pid 10:tid 140053569054400] we strongly recommend against using it for new projects.
[Thu May 14 11:25:19.918366 2026] [wsgi:error] [pid 10:tid 140053569054400]
[Thu May 14 11:25:19.918367 2026] [wsgi:error] [pid 10:tid 140053569054400] If you are already using Eventlet, we recommend migrating to a different
[Thu May 14 11:25:19.918369 2026] [wsgi:error] [pid 10:tid 140053569054400] framework. For more detail see
[Thu May 14 11:25:19.918370 2026] [wsgi:error] [pid 10:tid 140053569054400] https://eventlet.readthedocs.io/en/latest/asyncio/migration.html
[Thu May 14 11:25:19.918371 2026] [wsgi:error] [pid 10:tid 140053569054400]
[Thu May 14 11:25:19.918372 2026] [wsgi:error] [pid 10:tid 140053569054400] __import__(import_str) 10.0.0.212 - - [14/May/2026:11:25:19 +0000] "GET / HTTP/1.1" 300 295
[Thu May 14 11:25:25.398666 2026] [wsgi:error] [pid 11:tid 140053569054400] /var/lib/openstack/lib/python3.12/site-packages/oslo_utils/importutils.py:77: EventletDeprecationWarning:
[Thu May 14 11:25:25.398712 2026] [wsgi:error] [pid 11:tid 140053569054400] Eventlet is deprecated. It is currently being maintained in bugfix mode, and
[Thu May 14 11:25:25.398715 2026] [wsgi:error] [pid 11:tid 140053569054400] we strongly recommend against using it for new projects.
[Thu May 14 11:25:25.398716 2026] [wsgi:error] [pid 11:tid 140053569054400]
[Thu May 14 11:25:25.398718 2026] [wsgi:error] [pid 11:tid 140053569054400] If you are already using Eventlet, we recommend migrating to a different
[Thu May 14 11:25:25.398719 2026] [wsgi:error] [pid 11:tid 140053569054400] framework. For more detail see
[Thu May 14 11:25:25.398721 2026] [wsgi:error] [pid 11:tid 140053569054400] https://eventlet.readthedocs.io/en/latest/asyncio/migration.html
[Thu May 14 11:25:25.398723 2026] [wsgi:error] [pid 11:tid 140053569054400]
[Thu May 14 11:25:25.398724 2026] [wsgi:error] [pid 11:tid 140053569054400] __import__(import_str)
[Thu May 14 11:25:30.174147 2026] [wsgi:error] [pid 11:tid 140053569054400] [remote 10.0.0.212:54204] 2026-05-14 11:25:30.170 11 WARNING keystone.identity.core [None req-abbb6f38-20ad-461e-a1f1-ff135d12e57b - - - - - -] Invalid domain name (atmosphere) found in config file name: keystone.exception.DomainNotFound: Could not find domain: atmosphere.
[Thu May 14 11:25:30.240705 2026] [wsgi:error] [pid 11:tid 140053569054400] [remote 10.0.0.212:54204] 2026-05-14 11:25:30.240 11 WARNING keystone.common.password_hashing [None req-abbb6f38-20ad-461e-a1f1-ff135d12e57b - - - - - -] Truncating password to algorithm specific maximum length 72 characters.
[Thu May 14 11:25:30.528732 2026] [wsgi:error] [pid 11:tid 140053569054400] [remote 10.0.0.212:54204] 2026-05-14 11:25:30.528 11 WARNING keystone.common.fernet_utils [None req-abbb6f38-20ad-461e-a1f1-ff135d12e57b - - - - - -] key_repository is world readable: /etc/keystone/fernet-keys/ 10.0.0.212 - - [14/May/2026:11:25:24 +0000] "POST /v3/auth/tokens HTTP/1.1" 201 1360
[Thu May 14 11:25:30.875177 2026] [wsgi:error] [pid 12:tid 140053569054400] [remote 10.0.0.212:54204] 2026-05-14 11:25:30.872 12 WARNING keystone.identity.core [None req-7d656db6-eb31-43ab-b784-75d934a91734 - - - - - -] Invalid domain name (atmosphere) found in config file name: keystone.exception.DomainNotFound: Could not find domain: atmosphere. 10.0.0.212 - - [14/May/2026:11:25:30 +0000] "POST /v3/domains HTTP/1.1" 201 261 10.0.0.158 - - [14/May/2026:11:25:43 +0000] "GET / HTTP/1.1" 300 295
[Thu May 14 11:25:43.906812 2026] [wsgi:error] [pid 10:tid 140053569054400] [remote 10.0.0.158:43442] 2026-05-14 11:25:43.906 10 WARNING keystone.common.password_hashing [None req-cfd63e18-0d9e-4253-a392-ff9fea0bf2d4 - - - - - -] Truncating password to algorithm specific maximum length 72 characters.
[Thu May 14 11:25:44.182244 2026] [wsgi:error] [pid 10:tid 140053569054400] [remote 10.0.0.158:43442] 2026-05-14 11:25:44.181 10 WARNING keystone.common.fernet_utils [None req-cfd63e18-0d9e-4253-a392-ff9fea0bf2d4 - - - - - -] key_repository is world readable: /etc/keystone/fernet-keys/ 10.0.0.158 - - [14/May/2026:11:25:43 +0000] "POST /v3/auth/tokens HTTP/1.1" 201 1360 10.0.0.158 - - [14/May/2026:11:25:44 +0000] "GET /v3/roles/admin HTTP/1.1" 404 83
[Thu May 14 11:25:44.412402 2026] [wsgi:error] [pid 12:tid 140053569054400] [remote 10.0.0.158:43442] 2026-05-14 11:25:44.412 12 WARNING keystone.common.rbac_enforcer.enforcer [None req-4c0e8fb5-97da-412d-b7cb-7ee25918cd62 878ee6195c144704b5f5cf081e823da3 882e970e65d34366b10d7c8b26e652f3 - - default default] Deprecated policy rules found. Use oslopolicy-policy-generator and oslopolicy-policy-upgrade to detect and resolve deprecated policies in your configuration. 10.0.0.158 - - [14/May/2026:11:25:44 +0000] "GET /v3/roles?name=admin HTTP/1.1" 200 389
[Thu May 14 11:25:44.821213 2026] [wsgi:error] [pid 9:tid 140053569054400] [remote 10.0.0.158:43442] 2026-05-14 11:25:44.820 9 WARNING keystone.common.rbac_enforcer.enforcer [None req-4ba6f372-93bf-4c2e-8e48-318af5a21a27 878ee6195c144704b5f5cf081e823da3 882e970e65d34366b10d7c8b26e652f3 - - default default] Deprecated policy rules found. Use oslopolicy-policy-generator and oslopolicy-policy-upgrade to detect and resolve deprecated policies in your configuration. 10.0.0.158 - - [14/May/2026:11:25:44 +0000] "GET /v3/users/admin-RegionOne HTTP/1.1" 404 93
[Thu May 14 11:25:44.969067 2026] [wsgi:error] [pid 10:tid 140053569054400] [remote 10.0.0.158:43442] 2026-05-14 11:25:44.968 10 WARNING keystone.common.rbac_enforcer.enforcer [None req-3bdf4817-7be4-4549-8660-de698e6f77e5 878ee6195c144704b5f5cf081e823da3 882e970e65d34366b10d7c8b26e652f3 - - default default] Deprecated policy rules found. Use oslopolicy-policy-generator and oslopolicy-policy-upgrade to detect and resolve deprecated policies in your configuration. 10.0.0.158 - - [14/May/2026:11:25:44 +0000] "GET /v3/users?name=admin-RegionOne HTTP/1.1" 200 422
[Thu May 14 11:25:45.188025 2026] [wsgi:error] [pid 11:tid 140053569054400] [remote 10.0.0.158:43442] 2026-05-14 11:25:45.187 11 WARNING keystone.common.rbac_enforcer.enforcer [None req-f24b4cfb-e508-4c0e-b5a5-2528dc35dca8 878ee6195c144704b5f5cf081e823da3 882e970e65d34366b10d7c8b26e652f3 - - default default] Deprecated policy rules found. Use oslopolicy-policy-generator and oslopolicy-policy-upgrade to detect and resolve deprecated policies in your configuration. 10.0.0.158 - - [14/May/2026:11:25:45 +0000] "GET /v3/domains/default HTTP/1.1" 200 224 10.0.0.158 - - [14/May/2026:11:25:45 +0000] "PUT /v3/domains/default/users/878ee6195c144704b5f5cf081e823da3/roles/700512056e664b508db02cce2b99270a HTTP/1.1" 204 - 10.0.0.141 - - [14/May/2026:11:25:55 +0000] "GET / HTTP/1.1" 300 281 10.0.0.141 - - [14/May/2026:11:25:57 +0000] "GET /v3 HTTP/1.1" 200 266
[Thu May 14 11:25:57.086252 2026] [wsgi:error] [pid 11:tid 140053569054400] [remote 10.0.0.141:52896] 2026-05-14 11:25:57.086 11 WARNING keystone.common.password_hashing [None req-a1ff9647-b36c-4ec1-a054-f1fd6c80382d - - - - - -] Truncating password to algorithm specific maximum length 72 characters.
[Thu May 14 11:25:57.372568 2026] [wsgi:error] [pid 11:tid 140053569054400] [remote 10.0.0.141:52896] 2026-05-14 11:25:57.372 11 WARNING keystone.common.fernet_utils [None req-a1ff9647-b36c-4ec1-a054-f1fd6c80382d - - - - - -] key_repository is world readable: /etc/keystone/fernet-keys/ 10.0.0.141 - - [14/May/2026:11:25:57 +0000] "POST /v3/auth/tokens HTTP/1.1" 201 1360 10.0.0.141 - - [14/May/2026:11:25:57 +0000] "GET / HTTP/1.1" 300 281 10.0.0.141 - - [14/May/2026:11:25:57 +0000] "GET /v3/domains/atmosphere HTTP/1.1" 404 90 10.0.0.141 - - [14/May/2026:11:25:57 +0000] "GET /v3/domains?name=atmosphere HTTP/1.1" 200 370 10.0.0.141 - - [14/May/2026:11:25:57 +0000] "GET /v3/domains/f09ced77391f472587465503957fda3b HTTP/1.1" 200 247 10.0.0.141 - - [14/May/2026:11:25:58 +0000] "GET /v3 HTTP/1.1" 200 266
[Thu May 14 11:25:58.498077 2026] [wsgi:error] [pid 9:tid 140053569054400] [remote 10.0.0.141:52906] 2026-05-14 11:25:58.497 9 WARNING keystone.common.password_hashing [None req-9582c651-bd0d-424b-a731-bf44f268aefd - - - - - -] Truncating password to algorithm specific maximum length 72 characters.
[Thu May 14 11:25:58.780898 2026] [wsgi:error] [pid 9:tid 140053569054400] [remote 10.0.0.141:52906] 2026-05-14 11:25:58.780 9 WARNING keystone.common.fernet_utils [None req-9582c651-bd0d-424b-a731-bf44f268aefd - - - - - -] key_repository is world readable: /etc/keystone/fernet-keys/ 10.0.0.141 - - [14/May/2026:11:25:58 +0000] "POST /v3/auth/tokens HTTP/1.1" 201 1360 10.0.0.141 - - [14/May/2026:11:25:58 +0000] "GET / HTTP/1.1" 300 281 10.0.0.141 - - [14/May/2026:11:25:58 +0000] "GET /v3/OS-FEDERATION/identity_providers/atmosphere HTTP/1.1" 404 101 10.0.0.141 - - [14/May/2026:11:25:58 +0000] "GET /v3/OS-FEDERATION/identity_providers HTTP/1.1" 200 156 10.0.0.141 - - [14/May/2026:11:25:58 +0000] "PUT /v3/OS-FEDERATION/identity_providers/atmosphere HTTP/1.1" 201 342 10.0.0.141 - - [14/May/2026:11:25:59 +0000] "GET /v3 HTTP/1.1" 200 266
[Thu May 14 11:25:59.573426 2026] [wsgi:error] [pid 11:tid 140053569054400] [remote 10.0.0.141:52906] 2026-05-14 11:25:59.573 11 WARNING keystone.common.password_hashing [None req-2b9aad2f-f273-40ec-89dd-1b5598559365 - - - - - -] Truncating password to algorithm specific maximum length 72 characters.
[Thu May 14 11:25:59.852786 2026] [wsgi:error] [pid 11:tid 140053569054400] [remote 10.0.0.141:52906] 2026-05-14 11:25:59.852 11 WARNING keystone.common.fernet_utils [None req-2b9aad2f-f273-40ec-89dd-1b5598559365 - - - - - -] key_repository is world readable: /etc/keystone/fernet-keys/ 10.0.0.141 - - [14/May/2026:11:25:59 +0000] "POST /v3/auth/tokens HTTP/1.1" 201 1360 10.0.0.141 - - [14/May/2026:11:25:59 +0000] "GET / HTTP/1.1" 300 281 10.0.0.141 - - [14/May/2026:11:25:59 +0000] "GET /v3/OS-FEDERATION/mappings/atmosphere-openid HTTP/1.1" 404 98 10.0.0.141 - - [14/May/2026:11:25:59 +0000] "GET /v3/OS-FEDERATION/mappings HTTP/1.1" 200 136 10.0.0.141 - - [14/May/2026:11:25:59 +0000] "PUT /v3/OS-FEDERATION/mappings/atmosphere-openid HTTP/1.1" 201 357 10.0.0.141 - - [14/May/2026:11:26:00 +0000] "GET /v3 HTTP/1.1" 200 266
[Thu May 14 11:26:00.715241 2026] [wsgi:error] [pid 9:tid 140053569054400] [remote 10.0.0.141:52896] 2026-05-14 11:26:00.715 9 WARNING keystone.common.password_hashing [None req-d5e2cf92-8490-49fe-827c-7d2511816479 - - - - - -] Truncating password to algorithm specific maximum length 72 characters.
[Thu May 14 11:26:00.990222 2026] [wsgi:error] [pid 9:tid 140053569054400] [remote 10.0.0.141:52896] 2026-05-14 11:26:00.990 9 WARNING keystone.common.fernet_utils [None req-d5e2cf92-8490-49fe-827c-7d2511816479 - - - - - -] key_repository is world readable: /etc/keystone/fernet-keys/ 10.0.0.141 - - [14/May/2026:11:26:00 +0000] "POST /v3/auth/tokens HTTP/1.1" 201 1360 10.0.0.141 - - [14/May/2026:11:26:00 +0000] "GET / HTTP/1.1" 300 281 10.0.0.141 - - [14/May/2026:11:26:01 +0000] "GET /v3/OS-FEDERATION/identity_providers/atmosphere/protocols/openid?idp_id=atmosphere HTTP/1.1" 404 131 10.0.0.141 - - [14/May/2026:11:26:01 +0000] "GET /v3/OS-FEDERATION/identity_providers/atmosphere/protocols HTTP/1.1" 200 168 10.0.0.141 - - [14/May/2026:11:26:01 +0000] "PUT /v3/OS-FEDERATION/identity_providers/atmosphere/protocols/openid HTTP/1.1" 201 224 10.0.0.141 - - [14/May/2026:11:26:04 +0000] "GET /v3/ HTTP/1.1" 200 249 10.0.0.141 - - [14/May/2026:11:26:04 +0000] "GET /v3/ HTTP/1.1" 200 249 10.0.0.141 - - [14/May/2026:11:27:04 +0000] "GET /v3/ HTTP/1.1" 200 249 10.0.0.141 - - [14/May/2026:11:27:04 +0000] "GET /v3/ HTTP/1.1" 200 249 10.0.0.226 - - [14/May/2026:11:27:29 +0000] "GET / HTTP/1.1" 300 295
[Thu May 14 11:27:29.948306 2026] [wsgi:error] [pid 10:tid 140053569054400] [remote 10.0.0.226:58650] 2026-05-14 11:27:29.948 10 WARNING keystone.common.password_hashing [None req-f206d281-93de-4283-a864-48af609aad5e - - - - - -] Truncating password to algorithm specific maximum length 72 characters.
[Thu May 14 11:27:30.224470 2026] [wsgi:error] [pid 10:tid 140053569054400] [remote 10.0.0.226:58650] 2026-05-14 11:27:30.224 10 WARNING keystone.common.fernet_utils [None req-f206d281-93de-4283-a864-48af609aad5e - - - - - -] key_repository is world readable: /etc/keystone/fernet-keys/ 10.0.0.226 - - [14/May/2026:11:27:29 +0000] "POST /v3/auth/tokens HTTP/1.1" 201 1360 10.0.0.226 - - [14/May/2026:11:27:30 +0000] "GET /v3/services HTTP/1.1" 200 355 10.0.0.226 - - [14/May/2026:11:27:33 +0000] "GET / HTTP/1.1" 300 295
[Thu May 14 11:27:33.754018 2026] [wsgi:error] [pid 11:tid 140053569054400] [remote 10.0.0.226:58162] 2026-05-14 11:27:33.753 11 WARNING keystone.common.password_hashing [None req-03c045b6-784d-48db-9140-1fb4237e0df9 - - - - - -] Truncating password to algorithm specific maximum length 72 characters.
[Thu May 14 11:27:34.045915 2026] [wsgi:error] [pid 11:tid 140053569054400] [remote 10.0.0.226:58162] 2026-05-14 11:27:34.045 11 WARNING keystone.common.fernet_utils [None req-03c045b6-784d-48db-9140-1fb4237e0df9 - - - - - -] key_repository is world readable: /etc/keystone/fernet-keys/ 10.0.0.226 - - [14/May/2026:11:27:33 +0000] "POST /v3/auth/tokens HTTP/1.1" 201 1360 10.0.0.226 - - [14/May/2026:11:27:34 +0000] "GET /v3/services HTTP/1.1" 200 355 10.0.0.226 - - [14/May/2026:11:27:37 +0000] "GET / HTTP/1.1" 300 295
[Thu May 14 11:27:37.694415 2026] [wsgi:error] [pid 12:tid 140053569054400] [remote 10.0.0.226:58176] 2026-05-14 11:27:37.693 12 WARNING keystone.common.password_hashing [None req-5f920995-27eb-4693-adf2-ef4e5ea80035 - - - - - -] Truncating password to algorithm specific maximum length 72 characters.
[Thu May 14 11:27:37.965663 2026] [wsgi:error] [pid 12:tid 140053569054400] [remote 10.0.0.226:58176] 2026-05-14 11:27:37.965 12 WARNING keystone.common.fernet_utils [None req-5f920995-27eb-4693-adf2-ef4e5ea80035 - - - - - -] key_repository is world readable: /etc/keystone/fernet-keys/ 10.0.0.226 - - [14/May/2026:11:27:37 +0000] "POST /v3/auth/tokens HTTP/1.1" 201 1360 10.0.0.226 - - [14/May/2026:11:27:38 +0000] "GET /v3/services HTTP/1.1" 200 355 10.0.0.226 - - [14/May/2026:11:27:41 +0000] "GET / HTTP/1.1" 300 295
[Thu May 14 11:27:41.427972 2026] [wsgi:error] [pid 9:tid 140053569054400] [remote 10.0.0.226:43496] 2026-05-14 11:27:41.427 9 WARNING keystone.common.password_hashing [None req-0a6d8dd8-60e9-4712-b730-225004c89eec - - - - - -] Truncating password to algorithm specific maximum length 72 characters.
[Thu May 14 11:27:41.697072 2026] [wsgi:error] [pid 9:tid 140053569054400] [remote 10.0.0.226:43496] 2026-05-14 11:27:41.696 9 WARNING keystone.common.fernet_utils [None req-0a6d8dd8-60e9-4712-b730-225004c89eec - - - - - -] key_repository is world readable: /etc/keystone/fernet-keys/ 10.0.0.226 - - [14/May/2026:11:27:41 +0000] "POST /v3/auth/tokens HTTP/1.1" 201 1360 10.0.0.226 - - [14/May/2026:11:27:41 +0000] "POST /v3/services HTTP/1.1" 201 296 10.0.0.75 - - [14/May/2026:11:27:52 +0000] "GET / HTTP/1.1" 300 295
[Thu May 14 11:27:52.199653 2026] [wsgi:error] [pid 10:tid 140053569054400] [remote 10.0.0.75:46364] 2026-05-14 11:27:52.199 10 WARNING keystone.common.password_hashing [None req-55fe73a5-0351-49a5-9464-94de737bbd21 - - - - - -] Truncating password to algorithm specific maximum length 72 characters. 10.0.0.75 - - [14/May/2026:11:27:52 +0000] "GET / HTTP/1.1" 300 295
[Thu May 14 11:27:52.387342 2026] [wsgi:error] [pid 12:tid 140053569054400] [remote 10.0.0.75:46372] 2026-05-14 11:27:52.387 12 WARNING keystone.common.password_hashing [None req-71442342-17f1-4320-a4c8-8c3c42ad0731 - - - - - -] Truncating password to algorithm specific maximum length 72 characters. 10.0.0.75 - - [14/May/2026:11:27:52 +0000] "GET / HTTP/1.1" 300 295
[Thu May 14 11:27:52.438540 2026] [wsgi:error] [pid 9:tid 140053569054400] [remote 10.0.0.75:46382] 2026-05-14 11:27:52.438 9 WARNING keystone.common.password_hashing [None req-8b8c3952-67b4-4fc3-9683-086e62859f5b - - - - - -] Truncating password to algorithm specific maximum length 72 characters.
[Thu May 14 11:27:52.488003 2026] [wsgi:error] [pid 10:tid 140053569054400] [remote 10.0.0.75:46364] 2026-05-14 11:27:52.487 10 WARNING keystone.common.fernet_utils [None req-55fe73a5-0351-49a5-9464-94de737bbd21 - - - - - -] key_repository is world readable: /etc/keystone/fernet-keys/ 10.0.0.75 - - [14/May/2026:11:27:52 +0000] "POST /v3/auth/tokens HTTP/1.1" 201 1464 10.0.0.75 - - [14/May/2026:11:27:52 +0000] "GET /v3/services HTTP/1.1" 200 639
[Thu May 14 11:27:52.669550 2026] [wsgi:error] [pid 12:tid 140053569054400] [remote 10.0.0.75:46372] 2026-05-14 11:27:52.669 12 WARNING keystone.common.fernet_utils [None req-71442342-17f1-4320-a4c8-8c3c42ad0731 - - - - - -] key_repository is world readable: /etc/keystone/fernet-keys/ 10.0.0.75 - - [14/May/2026:11:27:52 +0000] "POST /v3/auth/tokens HTTP/1.1" 201 1464
[Thu May 14 11:27:52.718338 2026] [wsgi:error] [pid 9:tid 140053569054400] [remote 10.0.0.75:46382] 2026-05-14 11:27:52.718 9 WARNING keystone.common.fernet_utils [None req-8b8c3952-67b4-4fc3-9683-086e62859f5b - - - - - -] key_repository is world readable: /etc/keystone/fernet-keys/ 10.0.0.75 - - [14/May/2026:11:27:52 +0000] "POST /v3/auth/tokens HTTP/1.1" 201 1464 10.0.0.75 - - [14/May/2026:11:27:52 +0000] "GET /v3/services HTTP/1.1" 200 639 10.0.0.75 - - [14/May/2026:11:27:52 +0000] "GET /v3/services HTTP/1.1" 200 639 10.0.0.75 - - [14/May/2026:11:27:54 +0000] "GET / HTTP/1.1" 300 295
[Thu May 14 11:27:54.078710 2026] [wsgi:error] [pid 9:tid 140053569054400] [remote 10.0.0.75:46386] 2026-05-14 11:27:54.078 9 WARNING keystone.common.password_hashing [None req-ace36cce-0a8d-4182-a3f6-987d3faf3338 - - - - - -] Truncating password to algorithm specific maximum length 72 characters. 10.0.0.75 - - [14/May/2026:11:27:54 +0000] "GET / HTTP/1.1" 300 295
[Thu May 14 11:27:54.237812 2026] [wsgi:error] [pid 11:tid 140053569054400] [remote 10.0.0.75:46398] 2026-05-14 11:27:54.237 11 WARNING keystone.common.password_hashing [None req-078b2b58-6bcf-4b88-afc2-7953ea0574ae - - - - - -] Truncating password to algorithm specific maximum length 72 characters. 10.0.0.75 - - [14/May/2026:11:27:54 +0000] "GET / HTTP/1.1" 300 295
[Thu May 14 11:27:54.283117 2026] [wsgi:error] [pid 10:tid 140053569054400] [remote 10.0.0.75:46408] 2026-05-14 11:27:54.282 10 WARNING keystone.common.password_hashing [None req-c9506bf9-2319-4f7e-878f-990ac6202258 - - - - - -] Truncating password to algorithm specific maximum length 72 characters.
[Thu May 14 11:27:54.356177 2026] [wsgi:error] [pid 9:tid 140053569054400] [remote 10.0.0.75:46386] 2026-05-14 11:27:54.356 9 WARNING keystone.common.fernet_utils [None req-ace36cce-0a8d-4182-a3f6-987d3faf3338 - - - - - -] key_repository is world readable: /etc/keystone/fernet-keys/ 10.0.0.75 - - [14/May/2026:11:27:54 +0000] "POST /v3/auth/tokens HTTP/1.1" 201 1464 10.0.0.75 - - [14/May/2026:11:27:54 +0000] "GET /v3/endpoints HTTP/1.1" 200 1227 10.0.0.75 - - [14/May/2026:11:27:54 +0000] "GET /v3/services/c5562c8c8ae1432fae34db7f8f51ea63 HTTP/1.1" 200 233
[Thu May 14 11:27:54.511845 2026] [wsgi:error] [pid 11:tid 140053569054400] [remote 10.0.0.75:46398] 2026-05-14 11:27:54.511 11 WARNING keystone.common.fernet_utils [None req-078b2b58-6bcf-4b88-afc2-7953ea0574ae - - - - - -] key_repository is world readable: /etc/keystone/fernet-keys/ 10.0.0.75 - - [14/May/2026:11:27:54 +0000] "POST /v3/auth/tokens HTTP/1.1" 201 1464 10.0.0.75 - - [14/May/2026:11:27:54 +0000] "GET /v3/services/c5562c8c8ae1432fae34db7f8f51ea63 HTTP/1.1" 200 233 10.0.0.75 - - [14/May/2026:11:27:54 +0000] "GET /v3/services/c5562c8c8ae1432fae34db7f8f51ea63 HTTP/1.1" 200 233
[Thu May 14 11:27:54.561057 2026] [wsgi:error] [pid 10:tid 140053569054400] [remote 10.0.0.75:46408] 2026-05-14 11:27:54.560 10 WARNING keystone.common.fernet_utils [None req-c9506bf9-2319-4f7e-878f-990ac6202258 - - - - - -] key_repository is world readable: /etc/keystone/fernet-keys/ 10.0.0.75 - - [14/May/2026:11:27:54 +0000] "POST /v3/auth/tokens HTTP/1.1" 201 1464 10.0.0.75 - - [14/May/2026:11:27:54 +0000] "GET /v3/endpoints HTTP/1.1" 200 1227 10.0.0.75 - - [14/May/2026:11:27:54 +0000] "GET /v3/services/c5562c8c8ae1432fae34db7f8f51ea63 HTTP/1.1" 200 233 10.0.0.75 - - [14/May/2026:11:27:54 +0000] "GET /v3/services/c5562c8c8ae1432fae34db7f8f51ea63 HTTP/1.1" 200 233 10.0.0.75 - - [14/May/2026:11:27:54 +0000] "GET /v3/endpoints HTTP/1.1" 200 1227 10.0.0.75 - - [14/May/2026:11:27:54 +0000] "GET /v3/services/c5562c8c8ae1432fae34db7f8f51ea63 HTTP/1.1" 200 233 10.0.0.75 - - [14/May/2026:11:27:54 +0000] "GET /v3/services/c5562c8c8ae1432fae34db7f8f51ea63 HTTP/1.1" 200 233 10.0.0.75 - - [14/May/2026:11:27:54 +0000] "GET /v3/services/c5562c8c8ae1432fae34db7f8f51ea63 HTTP/1.1" 200 233 10.0.0.75 - - [14/May/2026:11:27:54 +0000] "GET /v3/services/c5562c8c8ae1432fae34db7f8f51ea63 HTTP/1.1" 200 233 10.0.0.75 - - [14/May/2026:11:27:55 +0000] "GET / HTTP/1.1" 300 295
[Thu May 14 11:27:55.900345 2026] [wsgi:error] [pid 12:tid 140053569054400] [remote 10.0.0.75:46418] 2026-05-14 11:27:55.900 12 WARNING keystone.common.password_hashing [None req-5f81436e-8943-49d6-bfdf-db57660cfa1b - - - - - -] Truncating password to algorithm specific maximum length 72 characters. 10.0.0.75 - - [14/May/2026:11:27:56 +0000] "GET / HTTP/1.1" 300 295
[Thu May 14 11:27:56.027270 2026] [wsgi:error] [pid 10:tid 140053569054400] [remote 10.0.0.75:46430] 2026-05-14 11:27:56.027 10 WARNING keystone.common.password_hashing [None req-4edf2673-d455-4f20-84a5-45ee947e54ee - - - - - -] Truncating password to algorithm specific maximum length 72 characters. 10.0.0.75 - - [14/May/2026:11:27:56 +0000] "GET / HTTP/1.1" 300 295
[Thu May 14 11:27:56.150315 2026] [wsgi:error] [pid 9:tid 140053569054400] [remote 10.0.0.75:46442] 2026-05-14 11:27:56.150 9 WARNING keystone.common.password_hashing [None req-0d54815c-8ea9-491e-a9cc-818fa2e3a098 - - - - - -] Truncating password to algorithm specific maximum length 72 characters.
[Thu May 14 11:27:56.190731 2026] [wsgi:error] [pid 12:tid 140053569054400] [remote 10.0.0.75:46418] 2026-05-14 11:27:56.190 12 WARNING keystone.common.fernet_utils [None req-5f81436e-8943-49d6-bfdf-db57660cfa1b - - - - - -] key_repository is world readable: /etc/keystone/fernet-keys/ 10.0.0.75 - - [14/May/2026:11:27:55 +0000] "POST /v3/auth/tokens HTTP/1.1" 201 1464
[Thu May 14 11:27:56.313712 2026] [wsgi:error] [pid 10:tid 140053569054400] [remote 10.0.0.75:46430] 2026-05-14 11:27:56.313 10 WARNING keystone.common.fernet_utils [None req-4edf2673-d455-4f20-84a5-45ee947e54ee - - - - - -] key_repository is world readable: /etc/keystone/fernet-keys/ 10.0.0.75 - - [14/May/2026:11:27:56 +0000] "POST /v3/auth/tokens HTTP/1.1" 201 1464 10.0.0.75 - - [14/May/2026:11:27:56 +0000] "GET /v3/services/302bc5b03e7c4fbba110fd12acb2b78b HTTP/1.1" 200 296 10.0.0.75 - - [14/May/2026:11:27:56 +0000] "GET /v3/regions/RegionOne HTTP/1.1" 200 173
[Thu May 14 11:27:56.429680 2026] [wsgi:error] [pid 9:tid 140053569054400] [remote 10.0.0.75:46442] 2026-05-14 11:27:56.429 9 WARNING keystone.common.fernet_utils [None req-0d54815c-8ea9-491e-a9cc-818fa2e3a098 - - - - - -] key_repository is world readable: /etc/keystone/fernet-keys/ 10.0.0.75 - - [14/May/2026:11:27:56 +0000] "POST /v3/auth/tokens HTTP/1.1" 201 1464 10.0.0.75 - - [14/May/2026:11:27:56 +0000] "GET /v3/services/302bc5b03e7c4fbba110fd12acb2b78b HTTP/1.1" 200 296 10.0.0.75 - - [14/May/2026:11:27:56 +0000] "GET /v3/regions/RegionOne HTTP/1.1" 200 173 10.0.0.75 - - [14/May/2026:11:27:56 +0000] "POST /v3/endpoints HTTP/1.1" 201 380 10.0.0.75 - - [14/May/2026:11:27:56 +0000] "GET /v3/services/302bc5b03e7c4fbba110fd12acb2b78b HTTP/1.1" 200 296 10.0.0.75 - - [14/May/2026:11:27:56 +0000] "GET /v3/regions/RegionOne HTTP/1.1" 200 173 10.0.0.75 - - [14/May/2026:11:27:56 +0000] "POST /v3/endpoints HTTP/1.1" 201 383 10.0.0.75 - - [14/May/2026:11:27:56 +0000] "POST /v3/endpoints HTTP/1.1" 201 370 10.0.0.75 - - [14/May/2026:11:27:57 +0000] "GET / HTTP/1.1" 300 295
[Thu May 14 11:27:57.913066 2026] [wsgi:error] [pid 12:tid 140053569054400] [remote 10.0.0.75:46456] 2026-05-14 11:27:57.912 12 WARNING keystone.common.password_hashing [None req-c521bff6-b74c-4694-bf0c-96825a1ac071 - - - - - -] Truncating password to algorithm specific maximum length 72 characters. 10.0.0.75 - - [14/May/2026:11:27:57 +0000] "GET / HTTP/1.1" 300 295
[Thu May 14 11:27:57.950438 2026] [wsgi:error] [pid 9:tid 140053569054400] [remote 10.0.0.75:46472] 2026-05-14 11:27:57.950 9 WARNING keystone.common.password_hashing [None req-e62add8e-908d-4d58-a4b4-72e6398da04d - - - - - -] Truncating password to algorithm specific maximum length 72 characters. 10.0.0.75 - - [14/May/2026:11:27:57 +0000] "GET / HTTP/1.1" 300 295
[Thu May 14 11:27:57.968011 2026] [wsgi:error] [pid 10:tid 140053569054400] [remote 10.0.0.75:46484] 2026-05-14 11:27:57.967 10 WARNING keystone.common.password_hashing [None req-2cbef8f5-2d78-48f2-99fd-09d73c4da7a9 - - - - - -] Truncating password to algorithm specific maximum length 72 characters.
[Thu May 14 11:27:58.192890 2026] [wsgi:error] [pid 12:tid 140053569054400] [remote 10.0.0.75:46456] 2026-05-14 11:27:58.192 12 WARNING keystone.common.fernet_utils [None req-c521bff6-b74c-4694-bf0c-96825a1ac071 - - - - - -] key_repository is world readable: /etc/keystone/fernet-keys/ 10.0.0.75 - - [14/May/2026:11:27:57 +0000] "POST /v3/auth/tokens HTTP/1.1" 201 1992
[Thu May 14 11:27:58.225064 2026] [wsgi:error] [pid 9:tid 140053569054400] [remote 10.0.0.75:46472] 2026-05-14 11:27:58.224 9 WARNING keystone.common.fernet_utils [None req-e62add8e-908d-4d58-a4b4-72e6398da04d - - - - - -] key_repository is world readable: /etc/keystone/fernet-keys/ 10.0.0.75 - - [14/May/2026:11:27:57 +0000] "POST /v3/auth/tokens HTTP/1.1" 201 1992
[Thu May 14 11:27:58.244733 2026] [wsgi:error] [pid 10:tid 140053569054400] [remote 10.0.0.75:46484] 2026-05-14 11:27:58.244 10 WARNING keystone.common.fernet_utils [None req-2cbef8f5-2d78-48f2-99fd-09d73c4da7a9 - - - - - -] key_repository is world readable: /etc/keystone/fernet-keys/ 10.0.0.75 - - [14/May/2026:11:27:57 +0000] "POST /v3/auth/tokens HTTP/1.1" 201 1992 10.0.0.75 - - [14/May/2026:11:27:58 +0000] "GET /v3/endpoints/5b1a8a3d7b094863937d83b2d9436dea HTTP/1.1" 200 380 10.0.0.75 - - [14/May/2026:11:27:58 +0000] "GET /v3/endpoints/87eed0b6547e44a4acf950d0e0929432 HTTP/1.1" 200 370 10.0.0.75 - - [14/May/2026:11:27:58 +0000] "GET /v3/services/302bc5b03e7c4fbba110fd12acb2b78b HTTP/1.1" 200 296 10.0.0.75 - - [14/May/2026:11:27:58 +0000] "GET /v3/services/302bc5b03e7c4fbba110fd12acb2b78b HTTP/1.1" 200 296 10.0.0.75 - - [14/May/2026:11:27:58 +0000] "GET /v3/endpoints/f931227b549449118fcc6fe48f8b1934 HTTP/1.1" 200 383 10.0.0.75 - - [14/May/2026:11:27:58 +0000] "GET /v3/services/302bc5b03e7c4fbba110fd12acb2b78b HTTP/1.1" 200 296 10.0.0.141 - - [14/May/2026:11:28:04 +0000] "GET /v3/ HTTP/1.1" 200 249 10.0.0.141 - - [14/May/2026:11:28:04 +0000] "GET /v3/ HTTP/1.1" 200 249 10.0.0.76 - - [14/May/2026:11:28:09 +0000] "GET / HTTP/1.1" 300 295
[Thu May 14 11:28:09.364392 2026] [wsgi:error] [pid 12:tid 140053569054400] [remote 10.0.0.76:41030] 2026-05-14 11:28:09.364 12 WARNING keystone.common.password_hashing [None req-17449d77-9d25-49ba-95e4-19c3b9d24721 - - - - - -] Truncating password to algorithm specific maximum length 72 characters.
[Thu May 14 11:28:09.641201 2026] [wsgi:error] [pid 12:tid 140053569054400] [remote 10.0.0.76:41030] 2026-05-14 11:28:09.641 12 WARNING keystone.common.fernet_utils [None req-17449d77-9d25-49ba-95e4-19c3b9d24721 - - - - - -] key_repository is world readable: /etc/keystone/fernet-keys/ 10.0.0.76 - - [14/May/2026:11:28:09 +0000] "POST /v3/auth/tokens HTTP/1.1" 201 1992 10.0.0.76 - - [14/May/2026:11:28:09 +0000] "POST /v3/domains HTTP/1.1" 201 284 10.0.0.76 - - [14/May/2026:11:28:11 +0000] "GET / HTTP/1.1" 300 295
[Thu May 14 11:28:11.492586 2026] [wsgi:error] [pid 10:tid 140053569054400] [remote 10.0.0.76:57280] 2026-05-14 11:28:11.492 10 WARNING keystone.common.password_hashing [None req-165312aa-1159-4b96-9b78-1ff77fbdcdf8 - - - - - -] Truncating password to algorithm specific maximum length 72 characters.
[Thu May 14 11:28:11.770995 2026] [wsgi:error] [pid 10:tid 140053569054400] [remote 10.0.0.76:57280] 2026-05-14 11:28:11.770 10 WARNING keystone.common.fernet_utils [None req-165312aa-1159-4b96-9b78-1ff77fbdcdf8 - - - - - -] key_repository is world readable: /etc/keystone/fernet-keys/ 10.0.0.76 - - [14/May/2026:11:28:11 +0000] "POST /v3/auth/tokens HTTP/1.1" 201 1992
[Thu May 14 11:28:11.957092 2026] [wsgi:error] [pid 12:tid 140053569054400] [remote 10.0.0.76:57280] 2026-05-14 11:28:11.944 12 ERROR keystone.server.flask.application [None req-1140bd5b-447b-4ade-8f0c-81284cb96b48 878ee6195c144704b5f5cf081e823da3 882e970e65d34366b10d7c8b26e652f3 - - default default] Conflict occurred attempting to store project - it is not permitted to have two projects acting as domains with the same name: service.: keystone.exception.Conflict: Conflict occurred attempting to store project - it is not permitted to have two projects acting as domains with the same name: service.
[Thu May 14 11:28:11.957123 2026] [wsgi:error] [pid 12:tid 140053569054400] [remote 10.0.0.76:57280] 2026-05-14 11:28:11.944 12 ERROR keystone.server.flask.application
Traceback (most recent call last):
[Thu May 14 11:28:11.957128 2026] [wsgi:error] [pid 12:tid 140053569054400] [remote 10.0.0.76:57280] 2026-05-14 11:28:11.944 12 ERROR keystone.server.flask.application
File "/var/lib/openstack/lib/python3.12/site-packages/sqlalchemy/engine/base.py", line 1967, in _exec_single_context
[Thu May 14 11:28:11.957130 2026] [wsgi:error] [pid 12:tid 140053569054400] [remote 10.0.0.76:57280] 2026-05-14 11:28:11.944 12 ERROR keystone.server.flask.application self.dialect.do_execute(
[Thu May 14 11:28:11.957132 2026] [wsgi:error] [pid 12:tid 140053569054400] [remote 10.0.0.76:57280] 2026-05-14 11:28:11.944 12 ERROR keystone.server.flask.application
File "/var/lib/openstack/lib/python3.12/site-packages/sqlalchemy/engine/default.py", line 952, in do_execute
[Thu May 14 11:28:11.957135 2026] [wsgi:error] [pid 12:tid 140053569054400] [remote 10.0.0.76:57280] 2026-05-14 11:28:11.944 12 ERROR keystone.server.flask.application cursor.execute(statement, parameters)
[Thu May 14 11:28:11.957137 2026] [wsgi:error] [pid 12:tid 140053569054400] [remote 10.0.0.76:57280] 2026-05-14 11:28:11.944 12 ERROR keystone.server.flask.application
File "/var/lib/openstack/lib/python3.12/site-packages/pymysql/cursors.py", line 157, in execute
[Thu May 14 11:28:11.957139 2026] [wsgi:error] [pid 12:tid 140053569054400] [remote 10.0.0.76:57280] 2026-05-14 11:28:11.944 12 ERROR keystone.server.flask.application result = self._query(query)
[Thu May 14 11:28:11.957141 2026] [wsgi:error] [pid 12:tid 140053569054400] [remote 10.0.0.76:57280] 2026-05-14 11:28:11.944 12 ERROR keystone.server.flask.application ^^^^^^^^^^^^^^^^^^
[Thu May 14 11:28:11.957143 2026] [wsgi:error] [pid 12:tid 140053569054400] [remote 10.0.0.76:57280] 2026-05-14 11:28:11.944 12 ERROR keystone.server.flask.application
File "/var/lib/openstack/lib/python3.12/site-packages/pymysql/cursors.py", line 328, in _query
[Thu May 14 11:28:11.957146 2026] [wsgi:error] [pid 12:tid 140053569054400] [remote 10.0.0.76:57280] 2026-05-14 11:28:11.944 12 ERROR keystone.server.flask.application conn.query(q)
[Thu May 14 11:28:11.957147 2026] [wsgi:error] [pid 12:tid 140053569054400] [remote 10.0.0.76:57280] 2026-05-14 11:28:11.944 12 ERROR keystone.server.flask.application
File "/var/lib/openstack/lib/python3.12/site-packages/pymysql/connections.py", line 575, in query
[Thu May 14 11:28:11.957150 2026] [wsgi:error] [pid 12:tid 140053569054400] [remote 10.0.0.76:57280] 2026-05-14 11:28:11.944 12 ERROR keystone.server.flask.application self._affected_rows = self._read_query_result(unbuffered=unbuffered)
[Thu May 14 11:28:11.957152 2026] [wsgi:error] [pid 12:tid 140053569054400] [remote 10.0.0.76:57280] 2026-05-14 11:28:11.944 12 ERROR keystone.server.flask.application ^^^^^^^^^^^^^^^^^^^^^^^^^^^^^^^^^^^^^^^^^^^^^^
[Thu May 14 11:28:11.957153 2026] [wsgi:error] [pid 12:tid 140053569054400] [remote 10.0.0.76:57280] 2026-05-14 11:28:11.944 12 ERROR keystone.server.flask.application
File "/var/lib/openstack/lib/python3.12/site-packages/pymysql/connections.py", line 826, in _read_query_result
[Thu May 14 11:28:11.957155 2026] [wsgi:error] [pid 12:tid 140053569054400] [remote 10.0.0.76:57280] 2026-05-14 11:28:11.944 12 ERROR keystone.server.flask.application result.read()
[Thu May 14 11:28:11.957159 2026] [wsgi:error] [pid 12:tid 140053569054400] [remote 10.0.0.76:57280] 2026-05-14 11:28:11.944 12 ERROR keystone.server.flask.application
File "/var/lib/openstack/lib/python3.12/site-packages/pymysql/connections.py", line 1203, in read
[Thu May 14 11:28:11.957161 2026] [wsgi:error] [pid 12:tid 140053569054400] [remote 10.0.0.76:57280] 2026-05-14 11:28:11.944 12 ERROR keystone.server.flask.application first_packet = self.connection._read_packet()
[Thu May 14 11:28:11.957163 2026] [wsgi:error] [pid 12:tid 140053569054400] [remote 10.0.0.76:57280] 2026-05-14 11:28:11.944 12 ERROR keystone.server.flask.application ^^^^^^^^^^^^^^^^^^^^^^^^^^^^^^
[Thu May 14 11:28:11.957165 2026] [wsgi:error] [pid 12:tid 140053569054400] [remote 10.0.0.76:57280] 2026-05-14 11:28:11.944 12 ERROR keystone.server.flask.application
File "/var/lib/openstack/lib/python3.12/site-packages/pymysql/connections.py", line 782, in _read_packet
[Thu May 14 11:28:11.957166 2026] [wsgi:error] [pid 12:tid 140053569054400] [remote 10.0.0.76:57280] 2026-05-14 11:28:11.944 12 ERROR keystone.server.flask.application packet.raise_for_error()
[Thu May 14 11:28:11.957168 2026] [wsgi:error] [pid 12:tid 140053569054400] [remote 10.0.0.76:57280] 2026-05-14 11:28:11.944 12 ERROR keystone.server.flask.application
File "/var/lib/openstack/lib/python3.12/site-packages/pymysql/protocol.py", line 219, in raise_for_error
[Thu May 14 11:28:11.957170 2026] [wsgi:error] [pid 12:tid 140053569054400] [remote 10.0.0.76:57280] 2026-05-14 11:28:11.944 12 ERROR keystone.server.flask.application err.raise_mysql_exception(self._data)
[Thu May 14 11:28:11.957192 2026] [wsgi:error] [pid 12:tid 140053569054400] [remote 10.0.0.76:57280] 2026-05-14 11:28:11.944 12 ERROR keystone.server.flask.application
File "/var/lib/openstack/lib/python3.12/site-packages/pymysql/err.py", line 150, in raise_mysql_exception
[Thu May 14 11:28:11.957194 2026] [wsgi:error] [pid 12:tid 140053569054400] [remote 10.0.0.76:57280] 2026-05-14 11:28:11.944 12 ERROR keystone.server.flask.application raise errorclass(errno, errval)
[Thu May 14 11:28:11.957196 2026] [wsgi:error] [pid 12:tid 140053569054400] [remote 10.0.0.76:57280] 2026-05-14 11:28:11.944 12 ERROR keystone.server.flask.application pymysql.err.IntegrityError: (1062, "Duplicate entry '<>-service' for key 'project.ixu_project_name_domain_id'")
[Thu May 14 11:28:11.957199 2026] [wsgi:error] [pid 12:tid 140053569054400] [remote 10.0.0.76:57280] 2026-05-14 11:28:11.944 12 ERROR keystone.server.flask.application
[Thu May 14 11:28:11.957201 2026] [wsgi:error] [pid 12:tid 140053569054400] [remote 10.0.0.76:57280] 2026-05-14 11:28:11.944 12 ERROR keystone.server.flask.application The above exception was the direct cause of the following exception:
[Thu May 14 11:28:11.957204 2026] [wsgi:error] [pid 12:tid 140053569054400] [remote 10.0.0.76:57280] 2026-05-14 11:28:11.944 12 ERROR keystone.server.flask.application
[Thu May 14 11:28:11.957206 2026] [wsgi:error] [pid 12:tid 140053569054400] [remote 10.0.0.76:57280] 2026-05-14 11:28:11.944 12 ERROR keystone.server.flask.application
Traceback (most recent call last):
[Thu May 14 11:28:11.957208 2026] [wsgi:error] [pid 12:tid 140053569054400] [remote 10.0.0.76:57280] 2026-05-14 11:28:11.944 12 ERROR keystone.server.flask.application
File "/var/lib/openstack/lib/python3.12/site-packages/keystone/common/sql/core.py", line 575, in wrapper
[Thu May 14 11:28:11.957210 2026] [wsgi:error] [pid 12:tid 140053569054400] [remote 10.0.0.76:57280] 2026-05-14 11:28:11.944 12 ERROR keystone.server.flask.application return method(*args, **kwargs)
[Thu May 14 11:28:11.957212 2026] [wsgi:error] [pid 12:tid 140053569054400] [remote 10.0.0.76:57280] 2026-05-14 11:28:11.944 12 ERROR keystone.server.flask.application ^^^^^^^^^^^^^^^^^^^^^^^
[Thu May 14 11:28:11.957215 2026] [wsgi:error] [pid 12:tid 140053569054400] [remote 10.0.0.76:57280] 2026-05-14 11:28:11.944 12 ERROR keystone.server.flask.application
File "/var/lib/openstack/lib/python3.12/site-packages/keystone/resource/backends/sql.py", line 278, in create_project
[Thu May 14 11:28:11.957218 2026] [wsgi:error] [pid 12:tid 140053569054400] [remote 10.0.0.76:57280] 2026-05-14 11:28:11.944 12 ERROR keystone.server.flask.application with sql.session_for_write() as session:
[Thu May 14 11:28:11.957220 2026] [wsgi:error] [pid 12:tid 140053569054400] [remote 10.0.0.76:57280] 2026-05-14 11:28:11.944 12 ERROR keystone.server.flask.application
File "/usr/lib/python3.12/contextlib.py", line 144, in __exit__
[Thu May 14 11:28:11.957223 2026] [wsgi:error] [pid 12:tid 140053569054400] [remote 10.0.0.76:57280] 2026-05-14 11:28:11.944 12 ERROR keystone.server.flask.application next(self.gen)
[Thu May 14 11:28:11.957225 2026] [wsgi:error] [pid 12:tid 140053569054400] [remote 10.0.0.76:57280] 2026-05-14 11:28:11.944 12 ERROR keystone.server.flask.application
File "/var/lib/openstack/lib/python3.12/site-packages/oslo_db/sqlalchemy/enginefacade.py", line 1175, in _transaction_scope
[Thu May 14 11:28:11.957227 2026] [wsgi:error] [pid 12:tid 140053569054400] [remote 10.0.0.76:57280] 2026-05-14 11:28:11.944 12 ERROR keystone.server.flask.application with current._produce_block(
[Thu May 14 11:28:11.957230 2026] [wsgi:error] [pid 12:tid 140053569054400] [remote 10.0.0.76:57280] 2026-05-14 11:28:11.944 12 ERROR keystone.server.flask.application
File "/usr/lib/python3.12/contextlib.py", line 144, in __exit__
[Thu May 14 11:28:11.957233 2026] [wsgi:error] [pid 12:tid 140053569054400] [remote 10.0.0.76:57280] 2026-05-14 11:28:11.944 12 ERROR keystone.server.flask.application next(self.gen)
[Thu May 14 11:28:11.957235 2026] [wsgi:error] [pid 12:tid 140053569054400] [remote 10.0.0.76:57280] 2026-05-14 11:28:11.944 12 ERROR keystone.server.flask.application
File "/var/lib/openstack/lib/python3.12/site-packages/oslo_db/sqlalchemy/enginefacade.py", line 837, in _session
[Thu May 14 11:28:11.957238 2026] [wsgi:error] [pid 12:tid 140053569054400] [remote 10.0.0.76:57280] 2026-05-14 11:28:11.944 12 ERROR keystone.server.flask.application with excutils.save_and_reraise_exception():
[Thu May 14 11:28:11.957240 2026] [wsgi:error] [pid 12:tid 140053569054400] [remote 10.0.0.76:57280] 2026-05-14 11:28:11.944 12 ERROR keystone.server.flask.application
File "/var/lib/openstack/lib/python3.12/site-packages/oslo_utils/excutils.py", line 271, in __exit__
[Thu May 14 11:28:11.957243 2026] [wsgi:error] [pid 12:tid 140053569054400] [remote 10.0.0.76:57280] 2026-05-14 11:28:11.944 12 ERROR keystone.server.flask.application self.force_reraise()
[Thu May 14 11:28:11.957246 2026] [wsgi:error] [pid 12:tid 140053569054400] [remote 10.0.0.76:57280] 2026-05-14 11:28:11.944 12 ERROR keystone.server.flask.application
File "/var/lib/openstack/lib/python3.12/site-packages/oslo_utils/excutils.py", line 233, in force_reraise
[Thu May 14 11:28:11.957249 2026] [wsgi:error] [pid 12:tid 140053569054400] [remote 10.0.0.76:57280] 2026-05-14 11:28:11.944 12 ERROR keystone.server.flask.application raise self.value
[Thu May 14 11:28:11.957254 2026] [wsgi:error] [pid 12:tid 140053569054400] [remote 10.0.0.76:57280] 2026-05-14 11:28:11.944 12 ERROR keystone.server.flask.application
File "/var/lib/openstack/lib/python3.12/site-packages/oslo_db/sqlalchemy/enginefacade.py", line 835, in _session
[Thu May 14 11:28:11.957281 2026] [wsgi:error] [pid 12:tid 140053569054400] [remote 10.0.0.76:57280] 2026-05-14 11:28:11.944 12 ERROR keystone.server.flask.application self._end_session_transaction(self.session)
[Thu May 14 11:28:11.957282 2026] [wsgi:error] [pid 12:tid 140053569054400] [remote 10.0.0.76:57280] 2026-05-14 11:28:11.944 12 ERROR keystone.server.flask.application
File "/var/lib/openstack/lib/python3.12/site-packages/oslo_db/sqlalchemy/enginefacade.py", line 748, in _end_session_transaction
[Thu May 14 11:28:11.957284 2026] [wsgi:error] [pid 12:tid 140053569054400] [remote 10.0.0.76:57280] 2026-05-14 11:28:11.944 12 ERROR keystone.server.flask.application session.commit()
[Thu May 14 11:28:11.957285 2026] [wsgi:error] [pid 12:tid 140053569054400] [remote 10.0.0.76:57280] 2026-05-14 11:28:11.944 12 ERROR keystone.server.flask.application
File "/var/lib/openstack/lib/python3.12/site-packages/sqlalchemy/orm/session.py", line 2030, in commit
[Thu May 14 11:28:11.957288 2026] [wsgi:error] [pid 12:tid 140053569054400] [remote 10.0.0.76:57280] 2026-05-14 11:28:11.944 12 ERROR keystone.server.flask.application trans.commit(_to_root=True)
[Thu May 14 11:28:11.957290 2026] [wsgi:error] [pid 12:tid 140053569054400] [remote 10.0.0.76:57280] 2026-05-14 11:28:11.944 12 ERROR keystone.server.flask.application File "", line 2, in commit
[Thu May 14 11:28:11.957291 2026] [wsgi:error] [pid 12:tid 140053569054400] [remote 10.0.0.76:57280] 2026-05-14 11:28:11.944 12 ERROR keystone.server.flask.application
File "/var/lib/openstack/lib/python3.12/site-packages/sqlalchemy/orm/state_changes.py", line 137, in _go
[Thu May 14 11:28:11.957293 2026] [wsgi:error] [pid 12:tid 140053569054400] [remote 10.0.0.76:57280] 2026-05-14 11:28:11.944 12 ERROR keystone.server.flask.application ret_value = fn(self, *arg, **kw)
[Thu May 14 11:28:11.957295 2026] [wsgi:error] [pid 12:tid 140053569054400] [remote 10.0.0.76:57280] 2026-05-14 11:28:11.944 12 ERROR keystone.server.flask.application ^^^^^^^^^^^^^^^^^^^^
[Thu May 14 11:28:11.957297 2026] [wsgi:error] [pid 12:tid 140053569054400] [remote 10.0.0.76:57280] 2026-05-14 11:28:11.944 12 ERROR keystone.server.flask.application
File "/var/lib/openstack/lib/python3.12/site-packages/sqlalchemy/orm/session.py", line 1311, in commit
[Thu May 14 11:28:11.957299 2026] [wsgi:error] [pid 12:tid 140053569054400] [remote 10.0.0.76:57280] 2026-05-14 11:28:11.944 12 ERROR keystone.server.flask.application self._prepare_impl()
[Thu May 14 11:28:11.957301 2026] [wsgi:error] [pid 12:tid 140053569054400] [remote 10.0.0.76:57280] 2026-05-14 11:28:11.944 12 ERROR keystone.server.flask.application File "", line 2, in _prepare_impl
[Thu May 14 11:28:11.957303 2026] [wsgi:error] [pid 12:tid 140053569054400] [remote 10.0.0.76:57280] 2026-05-14 11:28:11.944 12 ERROR keystone.server.flask.application
File "/var/lib/openstack/lib/python3.12/site-packages/sqlalchemy/orm/state_changes.py", line 137, in _go
[Thu May 14 11:28:11.957305 2026] [wsgi:error] [pid 12:tid 140053569054400] [remote 10.0.0.76:57280] 2026-05-14 11:28:11.944 12 ERROR keystone.server.flask.application ret_value = fn(self, *arg, **kw)
[Thu May 14 11:28:11.957307 2026] [wsgi:error] [pid 12:tid 140053569054400] [remote 10.0.0.76:57280] 2026-05-14 11:28:11.944 12 ERROR keystone.server.flask.application ^^^^^^^^^^^^^^^^^^^^
[Thu May 14 11:28:11.957309 2026] [wsgi:error] [pid 12:tid 140053569054400] [remote 10.0.0.76:57280] 2026-05-14 11:28:11.944 12 ERROR keystone.server.flask.application
File "/var/lib/openstack/lib/python3.12/site-packages/sqlalchemy/orm/session.py", line 1286, in _prepare_impl
[Thu May 14 11:28:11.957311 2026] [wsgi:error] [pid 12:tid 140053569054400] [remote 10.0.0.76:57280] 2026-05-14 11:28:11.944 12 ERROR keystone.server.flask.application self.session.flush()
[Thu May 14 11:28:11.957313 2026] [wsgi:error] [pid 12:tid 140053569054400] [remote 10.0.0.76:57280] 2026-05-14 11:28:11.944 12 ERROR keystone.server.flask.application
File "/var/lib/openstack/lib/python3.12/site-packages/sqlalchemy/orm/session.py", line 4331, in flush
[Thu May 14 11:28:11.957315 2026] [wsgi:error] [pid 12:tid 140053569054400] [remote 10.0.0.76:57280] 2026-05-14 11:28:11.944 12 ERROR keystone.server.flask.application self._flush(objects)
[Thu May 14 11:28:11.957316 2026] [wsgi:error] [pid 12:tid 140053569054400] [remote 10.0.0.76:57280] 2026-05-14 11:28:11.944 12 ERROR keystone.server.flask.application
File "/var/lib/openstack/lib/python3.12/site-packages/sqlalchemy/orm/session.py", line 4466, in _flush
[Thu May 14 11:28:11.957318 2026] [wsgi:error] [pid 12:tid 140053569054400] [remote 10.0.0.76:57280] 2026-05-14 11:28:11.944 12 ERROR keystone.server.flask.application with util.safe_reraise():
[Thu May 14 11:28:11.957320 2026] [wsgi:error] [pid 12:tid 140053569054400] [remote 10.0.0.76:57280] 2026-05-14 11:28:11.944 12 ERROR keystone.server.flask.application
File "/var/lib/openstack/lib/python3.12/site-packages/sqlalchemy/util/langhelpers.py", line 121, in __exit__
[Thu May 14 11:28:11.957323 2026] [wsgi:error] [pid 12:tid 140053569054400] [remote 10.0.0.76:57280] 2026-05-14 11:28:11.944 12 ERROR keystone.server.flask.application raise exc_value.with_traceback(exc_tb)
[Thu May 14 11:28:11.957325 2026] [wsgi:error] [pid 12:tid 140053569054400] [remote 10.0.0.76:57280] 2026-05-14 11:28:11.944 12 ERROR keystone.server.flask.application
File "/var/lib/openstack/lib/python3.12/site-packages/sqlalchemy/orm/session.py", line 4427, in _flush
[Thu May 14 11:28:11.957326 2026] [wsgi:error] [pid 12:tid 140053569054400] [remote 10.0.0.76:57280] 2026-05-14 11:28:11.944 12 ERROR keystone.server.flask.application flush_context.execute()
[Thu May 14 11:28:11.957327 2026] [wsgi:error] [pid 12:tid 140053569054400] [remote 10.0.0.76:57280] 2026-05-14 11:28:11.944 12 ERROR keystone.server.flask.application
File "/var/lib/openstack/lib/python3.12/site-packages/sqlalchemy/orm/unitofwork.py", line 466, in execute
