2026-05-14 11:50:39.514 7 INFO neutron.quota.resource_registry [None req-354f725f-e2d0-4870-a870-254f54b3fa09 - - - - - -] Creating instance of TrackedResource for resource:network
2026-05-14 11:50:39.514 7 INFO neutron.quota.resource_registry [None req-354f725f-e2d0-4870-a870-254f54b3fa09 - - - - - -] Creating instance of TrackedResource for resource:subnet
2026-05-14 11:50:39.514 7 INFO neutron.quota.resource_registry [None req-354f725f-e2d0-4870-a870-254f54b3fa09 - - - - - -] Creating instance of TrackedResource for resource:subnetpool
2026-05-14 11:50:39.514 7 INFO neutron.quota.resource_registry [None req-354f725f-e2d0-4870-a870-254f54b3fa09 - - - - - -] Creating instance of TrackedResource for resource:port
2026-05-14 11:50:39.514 8 INFO neutron.api.extensions [None req-180277f6-7aea-4fae-a035-237cd287fac9 - - - - - -] Extension l3-ndp-proxy not supported by any of loaded plugins
2026-05-14 11:50:39.515 8 INFO neutron.api.extensions [None req-180277f6-7aea-4fae-a035-237cd287fac9 - - - - - -] Loaded extension: l3-port-ip-change-not-allowed
2026-05-14 11:50:39.517 8 INFO neutron.api.extensions [None req-180277f6-7aea-4fae-a035-237cd287fac9 - - - - - -] Loaded extension: l3_agent_scheduler
2026-05-14 11:50:39.519 8 INFO neutron.api.extensions [None req-180277f6-7aea-4fae-a035-237cd287fac9 - - - - - -] Extension local_ip not supported by any of loaded plugins
2026-05-14 11:50:39.519 7 INFO neutron.quota.resource_registry [None req-354f725f-e2d0-4870-a870-254f54b3fa09 - - - - - -] Creating instance of TrackedResource for resource:router
2026-05-14 11:50:39.519 7 INFO neutron.quota.resource_registry [None req-354f725f-e2d0-4870-a870-254f54b3fa09 - - - - - -] Creating instance of TrackedResource for resource:floatingip
2026-05-14 11:50:39.520 8 INFO neutron.api.extensions [None req-180277f6-7aea-4fae-a035-237cd287fac9 - - - - - -] Extension logging not supported by any of loaded plugins
2026-05-14 11:50:39.521 8 INFO neutron.api.extensions [None req-180277f6-7aea-4fae-a035-237cd287fac9 - - - - - -] Extension metering not supported by any of loaded plugins
2026-05-14 11:50:39.522 8 INFO neutron.api.extensions [None req-180277f6-7aea-4fae-a035-237cd287fac9 - - - - - -] Extension metering_source_and_destination_fields not supported by any of loaded plugins
2026-05-14 11:50:39.522 8 INFO neutron.api.extensions [None req-180277f6-7aea-4fae-a035-237cd287fac9 - - - - - -] Loaded extension: multi-provider
2026-05-14 11:50:39.523 8 INFO neutron.api.extensions [None req-180277f6-7aea-4fae-a035-237cd287fac9 - - - - - -] Loaded extension: net-mtu
2026-05-14 11:50:39.523 8 INFO neutron.api.extensions [None req-180277f6-7aea-4fae-a035-237cd287fac9 - - - - - -] Loaded extension: net-mtu-writable
2026-05-14 11:50:39.524 8 INFO neutron.api.extensions [None req-180277f6-7aea-4fae-a035-237cd287fac9 - - - - - -] Loaded extension: network_availability_zone
2026-05-14 11:50:39.524 7 INFO neutron.quota.resource_registry [None req-354f725f-e2d0-4870-a870-254f54b3fa09 - - - - - -] Creating instance of CountableResource for resource:rbac_policy
2026-05-14 11:50:39.524 8 INFO neutron.api.extensions [None req-180277f6-7aea-4fae-a035-237cd287fac9 - - - - - -] Loaded extension: network_ha
2026-05-14 11:50:39.525 7 INFO neutron.quota.resource_registry [None req-354f725f-e2d0-4870-a870-254f54b3fa09 - - - - - -] Creating instance of TrackedResource for resource:security_group
2026-05-14 11:50:39.525 8 INFO neutron.api.extensions [None req-180277f6-7aea-4fae-a035-237cd287fac9 - - - - - -] Loaded extension: network-ip-availability
2026-05-14 11:50:39.525 7 INFO neutron.quota.resource_registry [None req-354f725f-e2d0-4870-a870-254f54b3fa09 - - - - - -] Creating instance of TrackedResource for resource:security_group_rule
2026-05-14 11:50:39.526 7 WARNING neutron.api.api_common [None req-354f725f-e2d0-4870-a870-254f54b3fa09 - - - - - -] The plugin class neutron.db.servicetype_db.ServiceTypeManager should inherit from ``ServicePluginBase`` or ``NeutronDbPluginV2``. This class needs to be refactored. Please report a Launchpad bug in https://bugs.launchpad.net/neutron.
2026-05-14 11:50:39.526 8 INFO neutron.api.extensions [None req-180277f6-7aea-4fae-a035-237cd287fac9 - - - - - -] Loaded extension: network-ip-availability-details
2026-05-14 11:50:39.526 7 INFO neutron.quota.resource_registry [None req-354f725f-e2d0-4870-a870-254f54b3fa09 - - - - - -] Creating instance of TrackedResource for resource:subnetpool
2026-05-14 11:50:39.526 7 WARNING neutron.quota.resource_registry [None req-354f725f-e2d0-4870-a870-254f54b3fa09 - - - - - -] subnetpool is already registered
2026-05-14 11:50:39.527 7 INFO neutron.quota.resource_registry [None req-354f725f-e2d0-4870-a870-254f54b3fa09 - - - - - -] Creating instance of TrackedResource for resource:subnetpool
2026-05-14 11:50:39.527 7 WARNING neutron.quota.resource_registry [None req-354f725f-e2d0-4870-a870-254f54b3fa09 - - - - - -] subnetpool is already registered
2026-05-14 11:50:39.527 8 INFO neutron.api.extensions [None req-180277f6-7aea-4fae-a035-237cd287fac9 - - - - - -] Extension network-segment-range not supported by any of loaded plugins
2026-05-14 11:50:39.527 7 INFO neutron.quota.resource_registry [None req-354f725f-e2d0-4870-a870-254f54b3fa09 - - - - - -] Creating instance of CountableResource for resource:trunk
2026-05-14 11:50:39.528 7 INFO neutron.quota.resource_registry [None req-354f725f-e2d0-4870-a870-254f54b3fa09 - - - - - -] Creating instance of CountableResource for resource:ikepolicy
2026-05-14 11:50:39.528 8 INFO neutron.api.extensions [None req-180277f6-7aea-4fae-a035-237cd287fac9 - - - - - -] Loaded extension: pagination
2026-05-14 11:50:39.528 7 INFO neutron.quota.resource_registry [None req-354f725f-e2d0-4870-a870-254f54b3fa09 - - - - - -] Creating instance of CountableResource for resource:ipsecpolicy
2026-05-14 11:50:39.529 8 INFO neutron.api.extensions [None req-180277f6-7aea-4fae-a035-237cd287fac9 - - - - - -] Loaded extension: port-device-profile
2026-05-14 11:50:39.529 7 INFO neutron.quota.resource_registry [None req-354f725f-e2d0-4870-a870-254f54b3fa09 - - - - - -] Creating instance of CountableResource for resource:endpoint_group
2026-05-14 11:50:39.529 8 INFO neutron.api.extensions [None req-180277f6-7aea-4fae-a035-237cd287fac9 - - - - - -] Extension port-hardware-offload-type not supported by any of loaded plugins
2026-05-14 11:50:39.529 7 INFO neutron.quota.resource_registry [None req-354f725f-e2d0-4870-a870-254f54b3fa09 - - - - - -] Creating instance of CountableResource for resource:vpnservice
2026-05-14 11:50:39.530 8 INFO neutron.api.extensions [None req-180277f6-7aea-4fae-a035-237cd287fac9 - - - - - -] Extension port-hint-ovs-tx-steering not supported by any of loaded plugins
2026-05-14 11:50:39.530 7 INFO neutron.quota.resource_registry [None req-354f725f-e2d0-4870-a870-254f54b3fa09 - - - - - -] Creating instance of CountableResource for resource:ipsec_site_connection
2026-05-14 11:50:39.530 7 INFO neutron.quota.resource_registry [None req-354f725f-e2d0-4870-a870-254f54b3fa09 - - - - - -] Creating instance of CountableResource for resource:ipsecpolicy
2026-05-14 11:50:39.530 7 WARNING neutron.quota.resource_registry [None req-354f725f-e2d0-4870-a870-254f54b3fa09 - - - - - -] ipsecpolicy is already registered
2026-05-14 11:50:39.530 8 INFO neutron.api.extensions [None req-180277f6-7aea-4fae-a035-237cd287fac9 - - - - - -] Extension port-hints not supported by any of loaded plugins
2026-05-14 11:50:39.530 7 INFO neutron.quota.resource_registry [None req-354f725f-e2d0-4870-a870-254f54b3fa09 - - - - - -] Creating instance of CountableResource for resource:ikepolicy
2026-05-14 11:50:39.531 8 INFO neutron.api.extensions [None req-180277f6-7aea-4fae-a035-237cd287fac9 - - - - - -] Loaded extension: port-mac-override
2026-05-14 11:50:39.531 7 WARNING neutron.quota.resource_registry [None req-354f725f-e2d0-4870-a870-254f54b3fa09 - - - - - -] ikepolicy is already registered
2026-05-14 11:50:39.531 8 INFO neutron.api.extensions [None req-180277f6-7aea-4fae-a035-237cd287fac9 - - - - - -] Loaded extension: port-mac-address-regenerate
2026-05-14 11:50:39.532 8 INFO neutron.api.extensions [None req-180277f6-7aea-4fae-a035-237cd287fac9 - - - - - -] Loaded extension: port-numa-affinity-policy
2026-05-14 11:50:39.532 7 WARNING neutron.api.api_common [None req-354f725f-e2d0-4870-a870-254f54b3fa09 - - - - - -] The plugin class builtins.NoneType should inherit from ``ServicePluginBase`` or ``NeutronDbPluginV2``. This class needs to be refactored. Please report a Launchpad bug in https://bugs.launchpad.net/neutron.
2026-05-14 11:50:39.532 7 WARNING neutron.api.api_common [None req-354f725f-e2d0-4870-a870-254f54b3fa09 - - - - - -] The plugin class builtins.NoneType should inherit from ``ServicePluginBase`` or ``NeutronDbPluginV2``. This class needs to be refactored. Please report a Launchpad bug in https://bugs.launchpad.net/neutron.
2026-05-14 11:50:39.532 8 INFO neutron.api.extensions [None req-180277f6-7aea-4fae-a035-237cd287fac9 - - - - - -] Loaded extension: port-numa-affinity-policy-socket
2026-05-14 11:50:39.532 7 WARNING neutron.api.api_common [None req-354f725f-e2d0-4870-a870-254f54b3fa09 - - - - - -] The plugin class builtins.NoneType should inherit from ``ServicePluginBase`` or ``NeutronDbPluginV2``. This class needs to be refactored. Please report a Launchpad bug in https://bugs.launchpad.net/neutron.
2026-05-14 11:50:39.533 7 WARNING neutron.api.api_common [None req-354f725f-e2d0-4870-a870-254f54b3fa09 - - - - - -] The plugin class builtins.NoneType should inherit from ``ServicePluginBase`` or ``NeutronDbPluginV2``. This class needs to be refactored. Please report a Launchpad bug in https://bugs.launchpad.net/neutron.
2026-05-14 11:50:39.533 8 INFO neutron.api.extensions [None req-180277f6-7aea-4fae-a035-237cd287fac9 - - - - - -] Loaded extension: port-resource-request
2026-05-14 11:50:39.533 7 WARNING neutron.api.api_common [None req-354f725f-e2d0-4870-a870-254f54b3fa09 - - - - - -] The plugin class builtins.NoneType should inherit from ``ServicePluginBase`` or ``NeutronDbPluginV2``. This class needs to be refactored. Please report a Launchpad bug in https://bugs.launchpad.net/neutron.
2026-05-14 11:50:39.533 8 INFO neutron.api.extensions [None req-180277f6-7aea-4fae-a035-237cd287fac9 - - - - - -] Loaded extension: port-resource-request-groups
2026-05-14 11:50:39.533 7 WARNING neutron.api.api_common [None req-354f725f-e2d0-4870-a870-254f54b3fa09 - - - - - -] The plugin class neutron.db.servicetype_db.ServiceTypeManager should inherit from ``ServicePluginBase`` or ``NeutronDbPluginV2``. This class needs to be refactored. Please report a Launchpad bug in https://bugs.launchpad.net/neutron.
2026-05-14 11:50:39.533 7 WARNING neutron.api.api_common [None req-354f725f-e2d0-4870-a870-254f54b3fa09 - - - - - -] The plugin class builtins.NoneType should inherit from ``ServicePluginBase`` or ``NeutronDbPluginV2``. This class needs to be refactored. Please report a Launchpad bug in https://bugs.launchpad.net/neutron.
2026-05-14 11:50:39.534 7 WARNING neutron.api.api_common [None req-354f725f-e2d0-4870-a870-254f54b3fa09 - - - - - -] The plugin class builtins.NoneType should inherit from ``ServicePluginBase`` or ``NeutronDbPluginV2``. This class needs to be refactored. Please report a Launchpad bug in https://bugs.launchpad.net/neutron.
2026-05-14 11:50:39.534 8 INFO neutron.api.extensions [None req-180277f6-7aea-4fae-a035-237cd287fac9 - - - - - -] Extension port-trusted-vif not supported by any of loaded plugins
2026-05-14 11:50:39.534 7 WARNING neutron.api.api_common [None req-354f725f-e2d0-4870-a870-254f54b3fa09 - - - - - -] The plugin class builtins.NoneType should inherit from ``ServicePluginBase`` or ``NeutronDbPluginV2``. This class needs to be refactored. Please report a Launchpad bug in https://bugs.launchpad.net/neutron.
2026-05-14 11:50:39.534 7 WARNING neutron.api.api_common [None req-354f725f-e2d0-4870-a870-254f54b3fa09 - - - - - -] The plugin class builtins.NoneType should inherit from ``ServicePluginBase`` or ``NeutronDbPluginV2``. This class needs to be refactored. Please report a Launchpad bug in https://bugs.launchpad.net/neutron.
2026-05-14 11:50:39.534 7 WARNING neutron.api.api_common [None req-354f725f-e2d0-4870-a870-254f54b3fa09 - - - - - -] The plugin class builtins.NoneType should inherit from ``ServicePluginBase`` or ``NeutronDbPluginV2``. This class needs to be refactored. Please report a Launchpad bug in https://bugs.launchpad.net/neutron.
2026-05-14 11:50:39.534 7 WARNING neutron.api.api_common [None req-354f725f-e2d0-4870-a870-254f54b3fa09 - - - - - -] The plugin class builtins.NoneType should inherit from ``ServicePluginBase`` or ``NeutronDbPluginV2``. This class needs to be refactored. Please report a Launchpad bug in https://bugs.launchpad.net/neutron.
2026-05-14 11:50:39.534 8 INFO neutron.api.extensions [None req-180277f6-7aea-4fae-a035-237cd287fac9 - - - - - -] Loaded extension: binding
2026-05-14 11:50:39.534 7 WARNING neutron.api.api_common [None req-354f725f-e2d0-4870-a870-254f54b3fa09 - - - - - -] The plugin class builtins.NoneType should inherit from ``ServicePluginBase`` or ``NeutronDbPluginV2``. This class needs to be refactored. Please report a Launchpad bug in https://bugs.launchpad.net/neutron.
2026-05-14 11:50:39.534 7 WARNING neutron.api.api_common [None req-354f725f-e2d0-4870-a870-254f54b3fa09 - - - - - -] The plugin class builtins.NoneType should inherit from ``ServicePluginBase`` or ``NeutronDbPluginV2``. This class needs to be refactored. Please report a Launchpad bug in https://bugs.launchpad.net/neutron.
2026-05-14 11:50:39.534 7 WARNING neutron.api.api_common [None req-354f725f-e2d0-4870-a870-254f54b3fa09 - - - - - -] The plugin class builtins.NoneType should inherit from ``ServicePluginBase`` or ``NeutronDbPluginV2``. This class needs to be refactored. Please report a Launchpad bug in https://bugs.launchpad.net/neutron.
2026-05-14 11:50:39.535 7 WARNING neutron.api.api_common [None req-354f725f-e2d0-4870-a870-254f54b3fa09 - - - - - -] The plugin class builtins.NoneType should inherit from ``ServicePluginBase`` or ``NeutronDbPluginV2``. This class needs to be refactored. Please report a Launchpad bug in https://bugs.launchpad.net/neutron.
2026-05-14 11:50:39.535 8 INFO neutron.api.extensions [None req-180277f6-7aea-4fae-a035-237cd287fac9 - - - - - -] Loaded extension: binding-extended
2026-05-14 11:50:39.535 8 INFO neutron.api.extensions [None req-180277f6-7aea-4fae-a035-237cd287fac9 - - - - - -] Loaded extension: port-security
2026-05-14 11:50:39.536 8 INFO neutron.api.extensions [None req-180277f6-7aea-4fae-a035-237cd287fac9 - - - - - -] Loaded extension: project-id
2026-05-14 11:50:39.536 8 INFO neutron.api.extensions [None req-180277f6-7aea-4fae-a035-237cd287fac9 - - - - - -] Loaded extension: provider
2026-05-14 11:50:39.537 8 INFO neutron.api.extensions [None req-180277f6-7aea-4fae-a035-237cd287fac9 - - - - - -] Extension qinq not supported by any of loaded plugins
2026-05-14 11:50:39.538 7 INFO neutron.quota.resource_registry [None req-354f725f-e2d0-4870-a870-254f54b3fa09 - - - - - -] Creating instance of TrackedResource for resource:router
2026-05-14 11:50:39.538 7 WARNING neutron.quota.resource_registry [None req-354f725f-e2d0-4870-a870-254f54b3fa09 - - - - - -] router is already registered
2026-05-14 11:50:39.538 7 INFO neutron.quota.resource_registry [None req-354f725f-e2d0-4870-a870-254f54b3fa09 - - - - - -] Creating instance of TrackedResource for resource:floatingip
2026-05-14 11:50:39.538 7 WARNING neutron.quota.resource_registry [None req-354f725f-e2d0-4870-a870-254f54b3fa09 - - - - - -] floatingip is already registered
2026-05-14 11:50:39.539 8 INFO neutron.api.extensions [None req-180277f6-7aea-4fae-a035-237cd287fac9 - - - - - -] Loaded extension: qos
2026-05-14 11:50:39.540 8 INFO neutron.api.extensions [None req-180277f6-7aea-4fae-a035-237cd287fac9 - - - - - -] Loaded extension: qos-bw-limit-direction
2026-05-14 11:50:39.540 8 INFO neutron.api.extensions [None req-180277f6-7aea-4fae-a035-237cd287fac9 - - - - - -] Loaded extension: qos-bw-minimum-ingress
2026-05-14 11:50:39.541 8 INFO neutron.api.extensions [None req-180277f6-7aea-4fae-a035-237cd287fac9 - - - - - -] Loaded extension: qos-default
2026-05-14 11:50:39.542 8 INFO neutron.api.extensions [None req-180277f6-7aea-4fae-a035-237cd287fac9 - - - - - -] Loaded extension: qos-fip
2026-05-14 11:50:39.542 8 INFO neutron.api.extensions [None req-180277f6-7aea-4fae-a035-237cd287fac9 - - - - - -] Extension qos-fip-network-policy not supported by any of loaded plugins
2026-05-14 11:50:39.542 7 INFO neutron.quota.resource_registry [None req-354f725f-e2d0-4870-a870-254f54b3fa09 - - - - - -] Creating instance of CountableResource for resource:rbac_policy
2026-05-14 11:50:39.542 7 WARNING neutron.quota.resource_registry [None req-354f725f-e2d0-4870-a870-254f54b3fa09 - - - - - -] rbac_policy is already registered
2026-05-14 11:50:39.542 8 INFO neutron.api.extensions [None req-180277f6-7aea-4fae-a035-237cd287fac9 - - - - - -] Loaded extension: qos-gateway-ip
2026-05-14 11:50:39.543 7 INFO neutron.quota.resource_registry [None req-354f725f-e2d0-4870-a870-254f54b3fa09 - - - - - -] Creating instance of TrackedResource for resource:security_group
2026-05-14 11:50:39.543 8 INFO neutron.api.extensions [None req-180277f6-7aea-4fae-a035-237cd287fac9 - - - - - -] Loaded extension: qos-port-network-policy
2026-05-14 11:50:39.543 7 WARNING neutron.quota.resource_registry [None req-354f725f-e2d0-4870-a870-254f54b3fa09 - - - - - -] security_group is already registered
2026-05-14 11:50:39.543 7 INFO neutron.quota.resource_registry [None req-354f725f-e2d0-4870-a870-254f54b3fa09 - - - - - -] Creating instance of TrackedResource for resource:security_group_rule
2026-05-14 11:50:39.544 8 INFO neutron.api.extensions [None req-180277f6-7aea-4fae-a035-237cd287fac9 - - - - - -] Loaded extension: qos-pps-minimum
2026-05-14 11:50:39.544 7 WARNING neutron.quota.resource_registry [None req-354f725f-e2d0-4870-a870-254f54b3fa09 - - - - - -] security_group_rule is already registered
2026-05-14 11:50:39.544 7 WARNING neutron.api.api_common [None req-354f725f-e2d0-4870-a870-254f54b3fa09 - - - - - -] The plugin class neutron.db.servicetype_db.ServiceTypeManager should inherit from ``ServicePluginBase`` or ``NeutronDbPluginV2``. This class needs to be refactored. Please report a Launchpad bug in https://bugs.launchpad.net/neutron.
2026-05-14 11:50:39.544 8 INFO neutron.api.extensions [None req-180277f6-7aea-4fae-a035-237cd287fac9 - - - - - -] Loaded extension: qos-pps-minimum-rule-alias
2026-05-14 11:50:39.544 7 INFO neutron.quota.resource_registry [None req-354f725f-e2d0-4870-a870-254f54b3fa09 - - - - - -] Creating instance of TrackedResource for resource:subnetpool
2026-05-14 11:50:39.545 7 WARNING neutron.quota.resource_registry [None req-354f725f-e2d0-4870-a870-254f54b3fa09 - - - - - -] subnetpool is already registered
2026-05-14 11:50:39.545 8 INFO neutron.api.extensions [None req-180277f6-7aea-4fae-a035-237cd287fac9 - - - - - -] Loaded extension: qos-pps
2026-05-14 11:50:39.545 7 INFO neutron.quota.resource_registry [None req-354f725f-e2d0-4870-a870-254f54b3fa09 - - - - - -] Creating instance of TrackedResource for resource:subnetpool
2026-05-14 11:50:39.545 7 WARNING neutron.quota.resource_registry [None req-354f725f-e2d0-4870-a870-254f54b3fa09 - - - - - -] subnetpool is already registered
2026-05-14 11:50:39.545 8 INFO neutron.api.extensions [None req-180277f6-7aea-4fae-a035-237cd287fac9 - - - - - -] Loaded extension: qos-rule-type-details
2026-05-14 11:50:39.546 7 INFO neutron.quota.resource_registry [None req-354f725f-e2d0-4870-a870-254f54b3fa09 - - - - - -] Creating instance of CountableResource for resource:trunk
2026-05-14 11:50:39.546 8 INFO neutron.api.extensions [None req-180277f6-7aea-4fae-a035-237cd287fac9 - - - - - -] Loaded extension: qos-rule-type-filter
2026-05-14 11:50:39.546 7 WARNING neutron.quota.resource_registry [None req-354f725f-e2d0-4870-a870-254f54b3fa09 - - - - - -] trunk is already registered
2026-05-14 11:50:39.546 7 INFO neutron.quota.resource_registry [None req-354f725f-e2d0-4870-a870-254f54b3fa09 - - - - - -] Creating instance of CountableResource for resource:ikepolicy
2026-05-14 11:50:39.546 7 WARNING neutron.quota.resource_registry [None req-354f725f-e2d0-4870-a870-254f54b3fa09 - - - - - -] ikepolicy is already registered
2026-05-14 11:50:39.546 8 INFO neutron.api.extensions [None req-180277f6-7aea-4fae-a035-237cd287fac9 - - - - - -] Loaded extension: qos-rules-alias
2026-05-14 11:50:39.547 7 INFO neutron.quota.resource_registry [None req-354f725f-e2d0-4870-a870-254f54b3fa09 - - - - - -] Creating instance of CountableResource for resource:ipsecpolicy
2026-05-14 11:50:39.547 7 WARNING neutron.quota.resource_registry [None req-354f725f-e2d0-4870-a870-254f54b3fa09 - - - - - -] ipsecpolicy is already registered
2026-05-14 11:50:39.547 8 INFO neutron.api.extensions [None req-180277f6-7aea-4fae-a035-237cd287fac9 - - - - - -] Loaded extension: quota-check-limit
2026-05-14 11:50:39.547 7 INFO neutron.quota.resource_registry [None req-354f725f-e2d0-4870-a870-254f54b3fa09 - - - - - -] Creating instance of CountableResource for resource:endpoint_group
2026-05-14 11:50:39.547 7 WARNING neutron.quota.resource_registry [None req-354f725f-e2d0-4870-a870-254f54b3fa09 - - - - - -] endpoint_group is already registered
2026-05-14 11:50:39.548 8 INFO neutron.api.extensions [None req-180277f6-7aea-4fae-a035-237cd287fac9 - - - - - -] Loaded extension: quota-check-limit-default
2026-05-14 11:50:39.548 7 INFO neutron.quota.resource_registry [None req-354f725f-e2d0-4870-a870-254f54b3fa09 - - - - - -] Creating instance of CountableResource for resource:vpnservice
2026-05-14 11:50:39.548 7 WARNING neutron.quota.resource_registry [None req-354f725f-e2d0-4870-a870-254f54b3fa09 - - - - - -] vpnservice is already registered
2026-05-14 11:50:39.548 7 INFO neutron.quota.resource_registry [None req-354f725f-e2d0-4870-a870-254f54b3fa09 - - - - - -] Creating instance of CountableResource for resource:ipsec_site_connection
2026-05-14 11:50:39.548 7 WARNING neutron.quota.resource_registry [None req-354f725f-e2d0-4870-a870-254f54b3fa09 - - - - - -] ipsec_site_connection is already registered
2026-05-14 11:50:39.549 7 INFO neutron.quota.resource_registry [None req-354f725f-e2d0-4870-a870-254f54b3fa09 - - - - - -] Creating instance of CountableResource for resource:ipsecpolicy
2026-05-14 11:50:39.549 7 WARNING neutron.quota.resource_registry [None req-354f725f-e2d0-4870-a870-254f54b3fa09 - - - - - -] ipsecpolicy is already registered
2026-05-14 11:50:39.549 7 INFO neutron.quota.resource_registry [None req-354f725f-e2d0-4870-a870-254f54b3fa09 - - - - - -] Creating instance of CountableResource for resource:ikepolicy
2026-05-14 11:50:39.549 7 WARNING neutron.quota.resource_registry [None req-354f725f-e2d0-4870-a870-254f54b3fa09 - - - - - -] ikepolicy is already registered
2026-05-14 11:50:39.550 8 INFO neutron.api.extensions [None req-180277f6-7aea-4fae-a035-237cd287fac9 - - - - - -] Loaded extension: quotas
2026-05-14 11:50:39.551 8 INFO neutron.api.extensions [None req-180277f6-7aea-4fae-a035-237cd287fac9 - - - - - -] Loaded extension: quota_details
2026-05-14 11:50:39.552 8 INFO neutron.api.extensions [None req-180277f6-7aea-4fae-a035-237cd287fac9 - - - - - -] Loaded extension: rbac-policies
2026-05-14 11:50:39.553 8 INFO neutron.api.extensions [None req-180277f6-7aea-4fae-a035-237cd287fac9 - - - - - -] Loaded extension: rbac-address-group
2026-05-14 11:50:39.553 8 INFO neutron.api.extensions [None req-180277f6-7aea-4fae-a035-237cd287fac9 - - - - - -] Loaded extension: rbac-address-scope
2026-05-14 11:50:39.554 8 INFO neutron.api.extensions [None req-180277f6-7aea-4fae-a035-237cd287fac9 - - - - - -] Loaded extension: rbac-security-groups
2026-05-14 11:50:39.554 8 INFO neutron.api.extensions [None req-180277f6-7aea-4fae-a035-237cd287fac9 - - - - - -] Loaded extension: rbac-subnetpool
2026-05-14 11:50:39.555 8 INFO neutron.api.extensions [None req-180277f6-7aea-4fae-a035-237cd287fac9 - - - - - -] Loaded extension: revision-if-match
2026-05-14 11:50:39.555 8 INFO neutron.api.extensions [None req-180277f6-7aea-4fae-a035-237cd287fac9 - - - - - -] Loaded extension: standard-attr-revisions
2026-05-14 11:50:39.557 8 INFO neutron.api.extensions [None req-180277f6-7aea-4fae-a035-237cd287fac9 - - - - - -] Loaded extension: router_availability_zone
2026-05-14 11:50:39.558 8 INFO neutron.api.extensions [None req-180277f6-7aea-4fae-a035-237cd287fac9 - - - - - -] Extension router-enable-snat not supported by any of loaded plugins
2026-05-14 11:50:39.558 8 INFO neutron.api.extensions [None req-180277f6-7aea-4fae-a035-237cd287fac9 - - - - - -] Extension router-service-type not supported by any of loaded plugins
2026-05-14 11:50:39.560 8 INFO neutron.api.extensions [None req-180277f6-7aea-4fae-a035-237cd287fac9 - - - - - -] Loaded extension: security-groups-default-rules
2026-05-14 11:50:39.561 8 INFO neutron.api.extensions [None req-180277f6-7aea-4fae-a035-237cd287fac9 - - - - - -] Loaded extension: security-groups-normalized-cidr
2026-05-14 11:50:39.561 8 INFO neutron.api.extensions [None req-180277f6-7aea-4fae-a035-237cd287fac9 - - - - - -] Loaded extension: port-security-groups-filtering
2026-05-14 11:50:39.562 8 INFO neutron.api.extensions [None req-180277f6-7aea-4fae-a035-237cd287fac9 - - - - - -] Loaded extension: security-groups-remote-address-group
2026-05-14 11:50:39.562 8 INFO neutron.api.extensions [None req-180277f6-7aea-4fae-a035-237cd287fac9 - - - - - -] Loaded extension: security-groups-rules-belongs-to-default-sg
2026-05-14 11:50:39.563 8 INFO neutron.api.extensions [None req-180277f6-7aea-4fae-a035-237cd287fac9 - - - - - -] Loaded extension: security-groups-shared-filtering
2026-05-14 11:50:39.567 8 INFO neutron.api.extensions [None req-180277f6-7aea-4fae-a035-237cd287fac9 - - - - - -] Loaded extension: security-group
2026-05-14 11:50:39.568 8 INFO neutron.api.extensions [None req-180277f6-7aea-4fae-a035-237cd287fac9 - - - - - -] Loaded extension: segment
2026-05-14 11:50:39.569 8 INFO neutron.api.extensions [None req-180277f6-7aea-4fae-a035-237cd287fac9 - - - - - -] Loaded extension: segments-peer-subnet-host-routes
2026-05-14 11:50:39.569 8 INFO neutron.api.extensions [None req-180277f6-7aea-4fae-a035-237cd287fac9 - - - - - -] Loaded extension: service-type
2026-05-14 11:50:39.570 8 INFO neutron.api.extensions [None req-180277f6-7aea-4fae-a035-237cd287fac9 - - - - - -] Loaded extension: sorting
2026-05-14 11:50:39.570 8 INFO neutron.api.extensions [None req-180277f6-7aea-4fae-a035-237cd287fac9 - - - - - -] Loaded extension: standard-attr-segment
2026-05-14 11:50:39.571 8 INFO neutron.api.extensions [None req-180277f6-7aea-4fae-a035-237cd287fac9 - - - - - -] Loaded extension: standard-attr-description
2026-05-14 11:50:39.571 8 INFO neutron.api.extensions [None req-180277f6-7aea-4fae-a035-237cd287fac9 - - - - - -] Loaded extension: stateful-security-group
2026-05-14 11:50:39.572 8 WARNING neutron.api.extensions [None req-180277f6-7aea-4fae-a035-237cd287fac9 - - - - - -] Did not find expected name "Stdattrs_common" in /var/lib/openstack/lib/python3.12/site-packages/neutron/extensions/stdattrs_common.py
2026-05-14 11:50:39.572 8 INFO neutron.api.extensions [None req-180277f6-7aea-4fae-a035-237cd287fac9 - - - - - -] Extension subnet-dns-publish-fixed-ip not supported by any of loaded plugins
2026-05-14 11:50:39.573 8 INFO neutron.api.extensions [None req-180277f6-7aea-4fae-a035-237cd287fac9 - - - - - -] Loaded extension: subnet-external-network
2026-05-14 11:50:39.573 8 INFO neutron.api.extensions [None req-180277f6-7aea-4fae-a035-237cd287fac9 - - - - - -] Loaded extension: subnet_onboard
2026-05-14 11:50:39.574 8 INFO neutron.api.extensions [None req-180277f6-7aea-4fae-a035-237cd287fac9 - - - - - -] Loaded extension: subnet-segmentid-writable
2026-05-14 11:50:39.574 8 INFO neutron.api.extensions [None req-180277f6-7aea-4fae-a035-237cd287fac9 - - - - - -] Loaded extension: subnet-service-types
2026-05-14 11:50:39.575 8 INFO neutron.api.extensions [None req-180277f6-7aea-4fae-a035-237cd287fac9 - - - - - -] Loaded extension: subnet_allocation
2026-05-14 11:50:39.576 8 INFO neutron.api.extensions [None req-180277f6-7aea-4fae-a035-237cd287fac9 - - - - - -] Loaded extension: subnetpool-prefix-ops
2026-05-14 11:50:39.576 8 INFO neutron.api.extensions [None req-180277f6-7aea-4fae-a035-237cd287fac9 - - - - - -] Loaded extension: tag-creation
2026-05-14 11:50:39.577 8 INFO neutron.api.extensions [None req-180277f6-7aea-4fae-a035-237cd287fac9 - - - - - -] Extension tag-ports-during-bulk-creation not supported by any of loaded plugins
2026-05-14 11:50:39.581 8 INFO neutron.api.extensions [None req-180277f6-7aea-4fae-a035-237cd287fac9 - - - - - -] Loaded extension: standard-attr-tag
2026-05-14 11:50:39.581 8 INFO neutron.api.extensions [None req-180277f6-7aea-4fae-a035-237cd287fac9 - - - - - -] Loaded extension: standard-attr-timestamp
2026-05-14 11:50:39.582 8 INFO neutron.api.extensions [None req-180277f6-7aea-4fae-a035-237cd287fac9 - - - - - -] Loaded extension: trunk
2026-05-14 11:50:39.582 8 INFO neutron.api.extensions [None req-180277f6-7aea-4fae-a035-237cd287fac9 - - - - - -] Loaded extension: trunk-details
2026-05-14 11:50:39.583 8 INFO neutron.api.extensions [None req-180277f6-7aea-4fae-a035-237cd287fac9 - - - - - -] Extension uplink-status-propagation not supported by any of loaded plugins
2026-05-14 11:50:39.583 8 INFO neutron.api.extensions [None req-180277f6-7aea-4fae-a035-237cd287fac9 - - - - - -] Extension uplink-status-propagation-updatable not supported by any of loaded plugins
2026-05-14 11:50:39.584 8 INFO neutron.api.extensions [None req-180277f6-7aea-4fae-a035-237cd287fac9 - - - - - -] Extension vlan-transparent not supported by any of loaded plugins
2026-05-14 11:50:39.585 8 INFO neutron.api.extensions [None req-180277f6-7aea-4fae-a035-237cd287fac9 - - - - - -] Loaded extension: vpn-aes-ctr
2026-05-14 11:50:39.586 8 INFO neutron.api.extensions [None req-180277f6-7aea-4fae-a035-237cd287fac9 - - - - - -] Extension vpn-agent-scheduler not supported by any of loaded plugins
2026-05-14 11:50:39.587 8 INFO neutron.api.extensions [None req-180277f6-7aea-4fae-a035-237cd287fac9 - - - - - -] Loaded extension: vpn-endpoint-groups
2026-05-14 11:50:39.588 8 INFO neutron.api.extensions [None req-180277f6-7aea-4fae-a035-237cd287fac9 - - - - - -] Loaded extension: vpn-flavors
2026-05-14 11:50:39.589 8 INFO neutron.api.extensions [None req-180277f6-7aea-4fae-a035-237cd287fac9 - - - - - -] Loaded extension: vpnaas
2026-05-14 11:50:39.590 7 WARNING keystonemiddleware._common.config [None req-354f725f-e2d0-4870-a870-254f54b3fa09 - - - - - -] The option "audit_map_file" is not known to keystonemiddleware
2026-05-14 11:50:39.591 8 INFO neutron.api.extensions [None req-180277f6-7aea-4fae-a035-237cd287fac9 - - - - - -] Loaded extension: taas
2026-05-14 11:50:39.592 8 INFO neutron.api.extensions [None req-180277f6-7aea-4fae-a035-237cd287fac9 - - - - - -] Loaded extension: tap-mirror
2026-05-14 11:50:39.593 8 INFO neutron.api.extensions [None req-180277f6-7aea-4fae-a035-237cd287fac9 - - - - - -] Loaded extension: tap-mirror-both-direction
2026-05-14 11:50:39.593 8 INFO neutron.api.extensions [None req-180277f6-7aea-4fae-a035-237cd287fac9 - - - - - -] Loaded extension: taas-vlan-filter
2026-05-14 11:50:39.596 8 INFO neutron.quota.resource_registry [None req-180277f6-7aea-4fae-a035-237cd287fac9 - - - - - -] Creating instance of TrackedResource for resource:network
2026-05-14 11:50:39.596 8 INFO neutron.quota.resource_registry [None req-180277f6-7aea-4fae-a035-237cd287fac9 - - - - - -] Creating instance of TrackedResource for resource:subnet
2026-05-14 11:50:39.596 8 INFO neutron.quota.resource_registry [None req-180277f6-7aea-4fae-a035-237cd287fac9 - - - - - -] Creating instance of TrackedResource for resource:subnetpool
2026-05-14 11:50:39.596 8 INFO neutron.quota.resource_registry [None req-180277f6-7aea-4fae-a035-237cd287fac9 - - - - - -] Creating instance of TrackedResource for resource:port
2026-05-14 11:50:39.597 7 WARNING oslo_config.cfg [None req-354f725f-e2d0-4870-a870-254f54b3fa09 - - - - - -] Deprecated: Option "auth_uri" from group "keystone_authtoken" is deprecated. Use option "www_authenticate_uri" from group "keystone_authtoken". WSGI app 0 (mountpoint='') ready in 8 seconds on interpreter 0x7f0d6d1d1668 pid: 7 (default app)
2026-05-14 11:50:39.601 8 INFO neutron.quota.resource_registry [None req-180277f6-7aea-4fae-a035-237cd287fac9 - - - - - -] Creating instance of TrackedResource for resource:router
2026-05-14 11:50:39.601 8 INFO neutron.quota.resource_registry [None req-180277f6-7aea-4fae-a035-237cd287fac9 - - - - - -] Creating instance of TrackedResource for resource:floatingip
2026-05-14 11:50:39.605 8 INFO neutron.quota.resource_registry [None req-180277f6-7aea-4fae-a035-237cd287fac9 - - - - - -] Creating instance of CountableResource for resource:rbac_policy
2026-05-14 11:50:39.606 8 INFO neutron.quota.resource_registry [None req-180277f6-7aea-4fae-a035-237cd287fac9 - - - - - -] Creating instance of TrackedResource for resource:security_group
2026-05-14 11:50:39.606 8 INFO neutron.quota.resource_registry [None req-180277f6-7aea-4fae-a035-237cd287fac9 - - - - - -] Creating instance of TrackedResource for resource:security_group_rule
2026-05-14 11:50:39.607 8 WARNING neutron.api.api_common [None req-180277f6-7aea-4fae-a035-237cd287fac9 - - - - - -] The plugin class neutron.db.servicetype_db.ServiceTypeManager should inherit from ``ServicePluginBase`` or ``NeutronDbPluginV2``. This class needs to be refactored. Please report a Launchpad bug in https://bugs.launchpad.net/neutron.
2026-05-14 11:50:39.607 8 INFO neutron.quota.resource_registry [None req-180277f6-7aea-4fae-a035-237cd287fac9 - - - - - -] Creating instance of TrackedResource for resource:subnetpool
2026-05-14 11:50:39.607 8 WARNING neutron.quota.resource_registry [None req-180277f6-7aea-4fae-a035-237cd287fac9 - - - - - -] subnetpool is already registered
2026-05-14 11:50:39.608 8 INFO neutron.quota.resource_registry [None req-180277f6-7aea-4fae-a035-237cd287fac9 - - - - - -] Creating instance of TrackedResource for resource:subnetpool
2026-05-14 11:50:39.608 8 WARNING neutron.quota.resource_registry [None req-180277f6-7aea-4fae-a035-237cd287fac9 - - - - - -] subnetpool is already registered
2026-05-14 11:50:39.608 8 INFO neutron.quota.resource_registry [None req-180277f6-7aea-4fae-a035-237cd287fac9 - - - - - -] Creating instance of CountableResource for resource:trunk
2026-05-14 11:50:39.609 8 INFO neutron.quota.resource_registry [None req-180277f6-7aea-4fae-a035-237cd287fac9 - - - - - -] Creating instance of CountableResource for resource:ikepolicy
2026-05-14 11:50:39.609 8 INFO neutron.quota.resource_registry [None req-180277f6-7aea-4fae-a035-237cd287fac9 - - - - - -] Creating instance of CountableResource for resource:ipsecpolicy
2026-05-14 11:50:39.610 8 INFO neutron.quota.resource_registry [None req-180277f6-7aea-4fae-a035-237cd287fac9 - - - - - -] Creating instance of CountableResource for resource:endpoint_group
2026-05-14 11:50:39.610 8 INFO neutron.quota.resource_registry [None req-180277f6-7aea-4fae-a035-237cd287fac9 - - - - - -] Creating instance of CountableResource for resource:vpnservice
2026-05-14 11:50:39.610 8 INFO neutron.quota.resource_registry [None req-180277f6-7aea-4fae-a035-237cd287fac9 - - - - - -] Creating instance of CountableResource for resource:ipsec_site_connection
2026-05-14 11:50:39.611 8 INFO neutron.quota.resource_registry [None req-180277f6-7aea-4fae-a035-237cd287fac9 - - - - - -] Creating instance of CountableResource for resource:ipsecpolicy
2026-05-14 11:50:39.611 8 WARNING neutron.quota.resource_registry [None req-180277f6-7aea-4fae-a035-237cd287fac9 - - - - - -] ipsecpolicy is already registered
2026-05-14 11:50:39.611 8 INFO neutron.quota.resource_registry [None req-180277f6-7aea-4fae-a035-237cd287fac9 - - - - - -] Creating instance of CountableResource for resource:ikepolicy
2026-05-14 11:50:39.611 8 WARNING neutron.quota.resource_registry [None req-180277f6-7aea-4fae-a035-237cd287fac9 - - - - - -] ikepolicy is already registered
2026-05-14 11:50:39.613 8 WARNING neutron.api.api_common [None req-180277f6-7aea-4fae-a035-237cd287fac9 - - - - - -] The plugin class builtins.NoneType should inherit from ``ServicePluginBase`` or ``NeutronDbPluginV2``. This class needs to be refactored. Please report a Launchpad bug in https://bugs.launchpad.net/neutron.
2026-05-14 11:50:39.613 8 WARNING neutron.api.api_common [None req-180277f6-7aea-4fae-a035-237cd287fac9 - - - - - -] The plugin class builtins.NoneType should inherit from ``ServicePluginBase`` or ``NeutronDbPluginV2``. This class needs to be refactored. Please report a Launchpad bug in https://bugs.launchpad.net/neutron.
2026-05-14 11:50:39.613 8 WARNING neutron.api.api_common [None req-180277f6-7aea-4fae-a035-237cd287fac9 - - - - - -] The plugin class builtins.NoneType should inherit from ``ServicePluginBase`` or ``NeutronDbPluginV2``. This class needs to be refactored. Please report a Launchpad bug in https://bugs.launchpad.net/neutron.
2026-05-14 11:50:39.613 8 WARNING neutron.api.api_common [None req-180277f6-7aea-4fae-a035-237cd287fac9 - - - - - -] The plugin class builtins.NoneType should inherit from ``ServicePluginBase`` or ``NeutronDbPluginV2``. This class needs to be refactored. Please report a Launchpad bug in https://bugs.launchpad.net/neutron.
2026-05-14 11:50:39.614 8 WARNING neutron.api.api_common [None req-180277f6-7aea-4fae-a035-237cd287fac9 - - - - - -] The plugin class builtins.NoneType should inherit from ``ServicePluginBase`` or ``NeutronDbPluginV2``. This class needs to be refactored. Please report a Launchpad bug in https://bugs.launchpad.net/neutron.
2026-05-14 11:50:39.614 8 WARNING neutron.api.api_common [None req-180277f6-7aea-4fae-a035-237cd287fac9 - - - - - -] The plugin class neutron.db.servicetype_db.ServiceTypeManager should inherit from ``ServicePluginBase`` or ``NeutronDbPluginV2``. This class needs to be refactored. Please report a Launchpad bug in https://bugs.launchpad.net/neutron.
2026-05-14 11:50:39.614 8 WARNING neutron.api.api_common [None req-180277f6-7aea-4fae-a035-237cd287fac9 - - - - - -] The plugin class builtins.NoneType should inherit from ``ServicePluginBase`` or ``NeutronDbPluginV2``. This class needs to be refactored. Please report a Launchpad bug in https://bugs.launchpad.net/neutron.
2026-05-14 11:50:39.614 8 WARNING neutron.api.api_common [None req-180277f6-7aea-4fae-a035-237cd287fac9 - - - - - -] The plugin class builtins.NoneType should inherit from ``ServicePluginBase`` or ``NeutronDbPluginV2``. This class needs to be refactored. Please report a Launchpad bug in https://bugs.launchpad.net/neutron.
2026-05-14 11:50:39.614 8 WARNING neutron.api.api_common [None req-180277f6-7aea-4fae-a035-237cd287fac9 - - - - - -] The plugin class builtins.NoneType should inherit from ``ServicePluginBase`` or ``NeutronDbPluginV2``. This class needs to be refactored. Please report a Launchpad bug in https://bugs.launchpad.net/neutron.
2026-05-14 11:50:39.614 8 WARNING neutron.api.api_common [None req-180277f6-7aea-4fae-a035-237cd287fac9 - - - - - -] The plugin class builtins.NoneType should inherit from ``ServicePluginBase`` or ``NeutronDbPluginV2``. This class needs to be refactored. Please report a Launchpad bug in https://bugs.launchpad.net/neutron.
2026-05-14 11:50:39.615 8 WARNING neutron.api.api_common [None req-180277f6-7aea-4fae-a035-237cd287fac9 - - - - - -] The plugin class builtins.NoneType should inherit from ``ServicePluginBase`` or ``NeutronDbPluginV2``. This class needs to be refactored. Please report a Launchpad bug in https://bugs.launchpad.net/neutron.
2026-05-14 11:50:39.615 8 WARNING neutron.api.api_common [None req-180277f6-7aea-4fae-a035-237cd287fac9 - - - - - -] The plugin class builtins.NoneType should inherit from ``ServicePluginBase`` or ``NeutronDbPluginV2``. This class needs to be refactored. Please report a Launchpad bug in https://bugs.launchpad.net/neutron.
2026-05-14 11:50:39.615 8 WARNING neutron.api.api_common [None req-180277f6-7aea-4fae-a035-237cd287fac9 - - - - - -] The plugin class builtins.NoneType should inherit from ``ServicePluginBase`` or ``NeutronDbPluginV2``. This class needs to be refactored. Please report a Launchpad bug in https://bugs.launchpad.net/neutron.
2026-05-14 11:50:39.615 8 WARNING neutron.api.api_common [None req-180277f6-7aea-4fae-a035-237cd287fac9 - - - - - -] The plugin class builtins.NoneType should inherit from ``ServicePluginBase`` or ``NeutronDbPluginV2``. This class needs to be refactored. Please report a Launchpad bug in https://bugs.launchpad.net/neutron.
2026-05-14 11:50:39.615 8 WARNING neutron.api.api_common [None req-180277f6-7aea-4fae-a035-237cd287fac9 - - - - - -] The plugin class builtins.NoneType should inherit from ``ServicePluginBase`` or ``NeutronDbPluginV2``. This class needs to be refactored. Please report a Launchpad bug in https://bugs.launchpad.net/neutron.
2026-05-14 11:50:39.615 8 WARNING neutron.api.api_common [None req-180277f6-7aea-4fae-a035-237cd287fac9 - - - - - -] The plugin class builtins.NoneType should inherit from ``ServicePluginBase`` or ``NeutronDbPluginV2``. This class needs to be refactored. Please report a Launchpad bug in https://bugs.launchpad.net/neutron.
2026-05-14 11:50:39.618 8 INFO neutron.quota.resource_registry [None req-180277f6-7aea-4fae-a035-237cd287fac9 - - - - - -] Creating instance of TrackedResource for resource:router
2026-05-14 11:50:39.618 8 WARNING neutron.quota.resource_registry [None req-180277f6-7aea-4fae-a035-237cd287fac9 - - - - - -] router is already registered
2026-05-14 11:50:39.619 8 INFO neutron.quota.resource_registry [None req-180277f6-7aea-4fae-a035-237cd287fac9 - - - - - -] Creating instance of TrackedResource for resource:floatingip
2026-05-14 11:50:39.619 8 WARNING neutron.quota.resource_registry [None req-180277f6-7aea-4fae-a035-237cd287fac9 - - - - - -] floatingip is already registered
2026-05-14 11:50:39.624 8 INFO neutron.quota.resource_registry [None req-180277f6-7aea-4fae-a035-237cd287fac9 - - - - - -] Creating instance of CountableResource for resource:rbac_policy
2026-05-14 11:50:39.624 8 WARNING neutron.quota.resource_registry [None req-180277f6-7aea-4fae-a035-237cd287fac9 - - - - - -] rbac_policy is already registered
2026-05-14 11:50:39.625 8 INFO neutron.quota.resource_registry [None req-180277f6-7aea-4fae-a035-237cd287fac9 - - - - - -] Creating instance of TrackedResource for resource:security_group
2026-05-14 11:50:39.625 8 WARNING neutron.quota.resource_registry [None req-180277f6-7aea-4fae-a035-237cd287fac9 - - - - - -] security_group is already registered
2026-05-14 11:50:39.625 8 INFO neutron.quota.resource_registry [None req-180277f6-7aea-4fae-a035-237cd287fac9 - - - - - -] Creating instance of TrackedResource for resource:security_group_rule
2026-05-14 11:50:39.626 8 WARNING neutron.quota.resource_registry [None req-180277f6-7aea-4fae-a035-237cd287fac9 - - - - - -] security_group_rule is already registered
2026-05-14 11:50:39.626 8 WARNING neutron.api.api_common [None req-180277f6-7aea-4fae-a035-237cd287fac9 - - - - - -] The plugin class neutron.db.servicetype_db.ServiceTypeManager should inherit from ``ServicePluginBase`` or ``NeutronDbPluginV2``. This class needs to be refactored. Please report a Launchpad bug in https://bugs.launchpad.net/neutron.
2026-05-14 11:50:39.627 8 INFO neutron.quota.resource_registry [None req-180277f6-7aea-4fae-a035-237cd287fac9 - - - - - -] Creating instance of TrackedResource for resource:subnetpool
2026-05-14 11:50:39.627 8 WARNING neutron.quota.resource_registry [None req-180277f6-7aea-4fae-a035-237cd287fac9 - - - - - -] subnetpool is already registered
2026-05-14 11:50:39.627 8 INFO neutron.quota.resource_registry [None req-180277f6-7aea-4fae-a035-237cd287fac9 - - - - - -] Creating instance of TrackedResource for resource:subnetpool
2026-05-14 11:50:39.628 8 WARNING neutron.quota.resource_registry [None req-180277f6-7aea-4fae-a035-237cd287fac9 - - - - - -] subnetpool is already registered
2026-05-14 11:50:39.628 8 INFO neutron.quota.resource_registry [None req-180277f6-7aea-4fae-a035-237cd287fac9 - - - - - -] Creating instance of CountableResource for resource:trunk
2026-05-14 11:50:39.628 8 WARNING neutron.quota.resource_registry [None req-180277f6-7aea-4fae-a035-237cd287fac9 - - - - - -] trunk is already registered
2026-05-14 11:50:39.629 8 INFO neutron.quota.resource_registry [None req-180277f6-7aea-4fae-a035-237cd287fac9 - - - - - -] Creating instance of CountableResource for resource:ikepolicy
2026-05-14 11:50:39.629 8 WARNING neutron.quota.resource_registry [None req-180277f6-7aea-4fae-a035-237cd287fac9 - - - - - -] ikepolicy is already registered
2026-05-14 11:50:39.629 8 INFO neutron.quota.resource_registry [None req-180277f6-7aea-4fae-a035-237cd287fac9 - - - - - -] Creating instance of CountableResource for resource:ipsecpolicy
2026-05-14 11:50:39.629 8 WARNING neutron.quota.resource_registry [None req-180277f6-7aea-4fae-a035-237cd287fac9 - - - - - -] ipsecpolicy is already registered
2026-05-14 11:50:39.630 8 INFO neutron.quota.resource_registry [None req-180277f6-7aea-4fae-a035-237cd287fac9 - - - - - -] Creating instance of CountableResource for resource:endpoint_group
2026-05-14 11:50:39.630 8 WARNING neutron.quota.resource_registry [None req-180277f6-7aea-4fae-a035-237cd287fac9 - - - - - -] endpoint_group is already registered
2026-05-14 11:50:39.631 8 INFO neutron.quota.resource_registry [None req-180277f6-7aea-4fae-a035-237cd287fac9 - - - - - -] Creating instance of CountableResource for resource:vpnservice
2026-05-14 11:50:39.631 8 WARNING neutron.quota.resource_registry [None req-180277f6-7aea-4fae-a035-237cd287fac9 - - - - - -] vpnservice is already registered
2026-05-14 11:50:39.631 8 INFO neutron.quota.resource_registry [None req-180277f6-7aea-4fae-a035-237cd287fac9 - - - - - -] Creating instance of CountableResource for resource:ipsec_site_connection
2026-05-14 11:50:39.631 8 WARNING neutron.quota.resource_registry [None req-180277f6-7aea-4fae-a035-237cd287fac9 - - - - - -] ipsec_site_connection is already registered
2026-05-14 11:50:39.632 8 INFO neutron.quota.resource_registry [None req-180277f6-7aea-4fae-a035-237cd287fac9 - - - - - -] Creating instance of CountableResource for resource:ipsecpolicy
2026-05-14 11:50:39.632 8 WARNING neutron.quota.resource_registry [None req-180277f6-7aea-4fae-a035-237cd287fac9 - - - - - -] ipsecpolicy is already registered
2026-05-14 11:50:39.632 8 INFO neutron.quota.resource_registry [None req-180277f6-7aea-4fae-a035-237cd287fac9 - - - - - -] Creating instance of CountableResource for resource:ikepolicy
2026-05-14 11:50:39.633 8 WARNING neutron.quota.resource_registry [None req-180277f6-7aea-4fae-a035-237cd287fac9 - - - - - -] ikepolicy is already registered
2026-05-14 11:50:39.679 8 WARNING keystonemiddleware._common.config [None req-180277f6-7aea-4fae-a035-237cd287fac9 - - - - - -] The option "audit_map_file" is not known to keystonemiddleware
2026-05-14 11:50:39.689 8 WARNING oslo_config.cfg [None req-180277f6-7aea-4fae-a035-237cd287fac9 - - - - - -] Deprecated: Option "auth_uri" from group "keystone_authtoken" is deprecated. Use option "www_authenticate_uri" from group "keystone_authtoken". WSGI app 0 (mountpoint='') ready in 8 seconds on interpreter 0x7f0d6d1d1668 pid: 8 (default app) /var/lib/openstack/lib/python3.12/site-packages/pycadf/identifier.py:70: UserWarning: Invalid uuid: unknown. To ensure interoperability, identifiers should be a valid uuid. warnings.warn(('Invalid uuid: %s. To ensure interoperability, '
2026-05-14 11:50:44.090 7 INFO neutron.pecan_wsgi.hooks.translation [None req-ef252c9d-dd13-4711-9f8f-6544c9a653cb 878ee6195c144704b5f5cf081e823da3 882e970e65d34366b10d7c8b26e652f3 - - default default] GET failed (client error): The resource could not be found. [pid: 7|app: 0|req: 4/4] 199.204.45.210 () {44 vars in 928 bytes} [Thu May 14 11:50:43 2026] GET /v2.0/networks/public => generated 108 bytes in 844 msecs (HTTP/1.1 404) 4 headers in 164 bytes (1 switches on core 0) /var/lib/openstack/lib/python3.12/site-packages/pycadf/identifier.py:70: UserWarning: Invalid uuid: unknown. To ensure interoperability, identifiers should be a valid uuid. warnings.warn(('Invalid uuid: %s. To ensure interoperability, ' [pid: 8|app: 0|req: 1/5] 199.204.45.210 () {44 vars in 950 bytes} [Thu May 14 11:50:44 2026] GET /v2.0/networks?name=public => generated 15 bytes in 344 msecs (HTTP/1.1 200) 4 headers in 156 bytes (1 switches on core 0)
2026-05-14 11:50:45.054 7 WARNING neutron.services.revisions.revision_plugin [None req-2e9f7a0f-6725-422d-ab0d-5b06af2e14a1 878ee6195c144704b5f5cf081e823da3 882e970e65d34366b10d7c8b26e652f3 - - default default] Could not find related network for resource to bump revision.
2026-05-14 11:50:45.090 7 INFO neutron.db.segments_db [None req-2e9f7a0f-6725-422d-ab0d-5b06af2e14a1 878ee6195c144704b5f5cf081e823da3 882e970e65d34366b10d7c8b26e652f3 - - default default] Added segment d43473ee-e99b-4cd3-9cc9-0a56f3dba8e0 of type flat for network 3830c254-d84b-4f0b-b293-3d69eb89c200
2026-05-14 11:50:45.181 7 INFO neutron.pecan_wsgi.hooks.translation [None req-2e9f7a0f-6725-422d-ab0d-5b06af2e14a1 878ee6195c144704b5f5cf081e823da3 882e970e65d34366b10d7c8b26e652f3 - - default default] POST failed (client error): The resource could not be found. [pid: 7|app: 0|req: 5/6] 199.204.45.210 () {48 vars in 968 bytes} [Thu May 14 11:50:44 2026] POST /v2.0/networks => generated 124 bytes in 754 msecs (HTTP/1.1 404) 4 headers in 164 bytes (1 switches on core 0)
