2026-05-08 00:33:18.309 10 INFO neutron.plugins.ml2.plugin [None req-19c09000-c697-40ab-ad22-53a8c9c4a4e4 - - - - - -] Attempt 1 to provision port f20ba0f7-65b8-4430-9060-6ae04a3a015e
2026-05-08 00:33:18.716 10 INFO neutron.db.ovn_revision_numbers_db [None req-19c09000-c697-40ab-ad22-53a8c9c4a4e4 - - - - - -] Successfully bumped revision number for resource f20ba0f7-65b8-4430-9060-6ae04a3a015e (type: ports) to 6
2026-05-08 00:33:18.816 10 INFO neutron.db.ovn_revision_numbers_db [None req-248f8d42-bda4-4ef9-97f4-2c263525bcf6 734a7f503b564a23a392ce2fdc1fba11 3415526877fa48e985b2c609def39160 - - default default] Successfully bumped revision number for resource 98b552de-b36a-4abf-8cba-d48de3a8ed8d (type: ports) to 2
2026-05-08 00:33:18.859 10 INFO neutron.db.ovn_revision_numbers_db [None req-248f8d42-bda4-4ef9-97f4-2c263525bcf6 734a7f503b564a23a392ce2fdc1fba11 3415526877fa48e985b2c609def39160 - - default default] Successfully bumped revision number for resource 77432704-b13e-4dbf-9812-1113766fee98 (type: subnets) to 0
2026-05-08 00:33:18.876 10 INFO neutron.wsgi [None req-248f8d42-bda4-4ef9-97f4-2c263525bcf6 734a7f503b564a23a392ce2fdc1fba11 3415526877fa48e985b2c609def39160 - - default default] 10.0.0.117 "POST /v2.0/subnets HTTP/1.1" status: 201 len: 801 time: 1.1671550 /var/lib/openstack/lib/python3.10/site-packages/pycadf/identifier.py:71: UserWarning: Invalid uuid: neutron. To ensure interoperability, identifiers should be a valid uuid. warnings.warn(('Invalid uuid: %s. To ensure interoperability, '
2026-05-08 00:33:19.161 10 WARNING neutron.scheduler.dhcp_agent_scheduler [None req-0cb6f281-fa50-4625-a285-75e7084daf08 734a7f503b564a23a392ce2fdc1fba11 3415526877fa48e985b2c609def39160 - - default default] No more DHCP agents
2026-05-08 00:33:19.162 10 WARNING neutron.api.rpc.agentnotifiers.dhcp_rpc_agent_api [None req-0cb6f281-fa50-4625-a285-75e7084daf08 734a7f503b564a23a392ce2fdc1fba11 3415526877fa48e985b2c609def39160 - - default default] Unable to schedule network 47f3a14e-16c5-4f93-82e1-19d898c974c8: no agents available; will retry on subsequent port and subnet creation events.
2026-05-08 00:33:19.355 9 INFO neutron.wsgi [req-fa730bfe-4e43-4832-815c-5b85ada25891 req-db807cf2-391e-4322-8116-df8fa5fc2d3f dd499259e473449e8bfe4c690ecf82cd 6f0c75cc588a4257b16834f244e844b7 - - default default] 10.0.0.107 "GET /v2.0/ports?device_id=2827046b-8cff-4966-91fd-bd5e968bd89a HTTP/1.1" status: 200 len: 1170 time: 0.0396714
2026-05-08 00:33:19.399 9 INFO neutron.wsgi [req-fa730bfe-4e43-4832-815c-5b85ada25891 req-25e20182-0a12-43a8-820b-0cd8d7b82cf1 dd499259e473449e8bfe4c690ecf82cd 6f0c75cc588a4257b16834f244e844b7 - - default default] 10.0.0.107 "GET /v2.0/security-groups?id=5aa8030f-c048-411f-a98b-82fa516a97f4&fields=id&fields=name HTTP/1.1" status: 200 len: 312 time: 0.0359645
2026-05-08 00:33:19.537 9 INFO neutron.wsgi [-] 10.0.0.117 "GET / HTTP/1.1" status: 200 len: 279 time: 0.0020590
2026-05-08 00:33:19.651 10 INFO neutron.db.ovn_revision_numbers_db [None req-0cb6f281-fa50-4625-a285-75e7084daf08 734a7f503b564a23a392ce2fdc1fba11 3415526877fa48e985b2c609def39160 - - default default] Successfully bumped revision number for resource 04ae7e46-4a50-49a8-a28b-e4450f0ef27f (type: ports) to 2
2026-05-08 00:33:19.687 10 INFO neutron.db.ovn_revision_numbers_db [None req-0cb6f281-fa50-4625-a285-75e7084daf08 734a7f503b564a23a392ce2fdc1fba11 3415526877fa48e985b2c609def39160 - - default default] Successfully bumped revision number for resource 676b8cb6-50fb-4956-a1c5-b47c32d20636 (type: subnets) to 0
2026-05-08 00:33:19.703 10 INFO neutron.wsgi [None req-0cb6f281-fa50-4625-a285-75e7084daf08 734a7f503b564a23a392ce2fdc1fba11 3415526877fa48e985b2c609def39160 - - default default] 10.0.0.117 "POST /v2.0/subnets HTTP/1.1" status: 201 len: 801 time: 0.8210745
2026-05-08 00:33:19.779 9 INFO neutron.wsgi [None req-ea798a30-ffae-4c98-920f-3b5968af0cf8 0b131456f272463f921569ac3a5db053 fdda572ff0504f479cc278ad449012fd - - default default] 10.0.0.117 "GET /v2.0/ HTTP/1.1" status: 200 len: 826 time: 0.2356768
2026-05-08 00:33:19.889 10 INFO neutron.db.ovn_revision_numbers_db [None req-233a4bea-6ccf-4b0d-b89c-9a2cbc0925a9 734a7f503b564a23a392ce2fdc1fba11 3415526877fa48e985b2c609def39160 - - default default] Successfully bumped revision number for resource 85acd58d-7702-4145-8fbd-5acbf7005ae6 (type: routers) to 1
2026-05-08 00:33:19.896 10 INFO neutron.notifiers.nova [-] Nova event matching ['req-b6ee15ee-ef22-41d4-ab4c-cdfe148c9d6d'] response: {'server_uuid': '2827046b-8cff-4966-91fd-bd5e968bd89a', 'name': 'network-vif-plugged', 'status': 'completed', 'tag': 'f20ba0f7-65b8-4430-9060-6ae04a3a015e', 'code': 200}
2026-05-08 00:33:19.896 10 INFO neutron.notifiers.nova [-] Nova event matching ['req-b6ee15ee-ef22-41d4-ab4c-cdfe148c9d6d'] response: {'server_uuid': '2827046b-8cff-4966-91fd-bd5e968bd89a', 'name': 'network-vif-plugged', 'status': 'completed', 'tag': 'f20ba0f7-65b8-4430-9060-6ae04a3a015e', 'code': 200}
2026-05-08 00:33:19.896 10 INFO neutron.notifiers.nova [-] Nova event matching ['req-b6ee15ee-ef22-41d4-ab4c-cdfe148c9d6d'] response: {'server_uuid': '2827046b-8cff-4966-91fd-bd5e968bd89a', 'name': 'network-vif-plugged', 'status': 'completed', 'tag': 'f20ba0f7-65b8-4430-9060-6ae04a3a015e', 'code': 200}
2026-05-08 00:33:19.906 10 INFO neutron.wsgi [None req-233a4bea-6ccf-4b0d-b89c-9a2cbc0925a9 734a7f503b564a23a392ce2fdc1fba11 3415526877fa48e985b2c609def39160 - - default default] 10.0.0.117 "POST /v2.0/routers HTTP/1.1" status: 201 len: 687 time: 0.1930404
2026-05-08 00:33:20.350 10 WARNING neutron.scheduler.dhcp_agent_scheduler [None req-089db350-44d6-4c77-94d5-9c3569a43f3d 734a7f503b564a23a392ce2fdc1fba11 3415526877fa48e985b2c609def39160 - - default default] No more DHCP agents
2026-05-08 00:33:20.352 10 WARNING neutron.api.rpc.agentnotifiers.dhcp_rpc_agent_api [None req-089db350-44d6-4c77-94d5-9c3569a43f3d 734a7f503b564a23a392ce2fdc1fba11 3415526877fa48e985b2c609def39160 - - default default] Unable to schedule network a04f6d07-a512-4b9d-a2ba-8525860c3a4a: no agents available; will retry on subsequent port and subnet creation events.
2026-05-08 00:33:20.489 9 WARNING neutron.plugins.ml2.drivers.ovn.mech_driver.ovsdb.ovn_client [None req-f1f241f9-f200-4e42-8034-3e52ebd18bc7 - - - - - -] No port found with ID 4958ea72-b708-443e-b21e-8fee21c46581: RuntimeError: No port found with ID 4958ea72-b708-443e-b21e-8fee21c46581
2026-05-08 00:33:20.529 10 INFO neutron.db.ovn_revision_numbers_db [None req-089db350-44d6-4c77-94d5-9c3569a43f3d 734a7f503b564a23a392ce2fdc1fba11 3415526877fa48e985b2c609def39160 - - default default] Successfully bumped revision number for resource 0d7858b9-2875-4fc0-85d3-4475a271cf7b (type: ports) to 1
2026-05-08 00:33:20.605 9 INFO neutron.db.ovn_revision_numbers_db [None req-0a8a9fc9-81cb-4070-a6b1-f911ac127d13 0463e353845149b3925bd849625498db 1d5d15bc86544c60ada5cc17c75da708 - - default default] Successfully bumped revision number for resource 38cd7c9f-c2d1-460e-a07b-7190e3c6c715 (type: security_groups) to 1
2026-05-08 00:33:20.637 9 INFO neutron.db.ovn_revision_numbers_db [None req-0a8a9fc9-81cb-4070-a6b1-f911ac127d13 0463e353845149b3925bd849625498db 1d5d15bc86544c60ada5cc17c75da708 - - default default] Successfully bumped revision number for resource 81452ee3-43eb-41de-9616-3f58503ecb5a (type: security_group_rules) to 0
2026-05-08 00:33:20.655 9 INFO neutron.db.ovn_revision_numbers_db [None req-0a8a9fc9-81cb-4070-a6b1-f911ac127d13 0463e353845149b3925bd849625498db 1d5d15bc86544c60ada5cc17c75da708 - - default default] Successfully bumped revision number for resource 819f84b4-a5db-4b77-813d-bd2c2ea7f448 (type: security_group_rules) to 0
2026-05-08 00:33:20.677 9 INFO neutron.db.ovn_revision_numbers_db [None req-0a8a9fc9-81cb-4070-a6b1-f911ac127d13 0463e353845149b3925bd849625498db 1d5d15bc86544c60ada5cc17c75da708 - - default default] Successfully bumped revision number for resource e164713b-b4a1-4027-b517-706b029146ca (type: security_group_rules) to 0
2026-05-08 00:33:20.689 9 INFO neutron.db.ovn_revision_numbers_db [None req-0a8a9fc9-81cb-4070-a6b1-f911ac127d13 0463e353845149b3925bd849625498db 1d5d15bc86544c60ada5cc17c75da708 - - default default] Successfully bumped revision number for resource ff4e5891-02cd-46b9-8d1f-76a5813e93bb (type: security_group_rules) to 0
2026-05-08 00:33:20.707 9 INFO neutron.wsgi [None req-0a8a9fc9-81cb-4070-a6b1-f911ac127d13 0463e353845149b3925bd849625498db 1d5d15bc86544c60ada5cc17c75da708 - - default default] 10.0.0.117 "GET /v2.0/security-groups?tenant_id=fdda572ff0504f479cc278ad449012fd&name=default HTTP/1.1" status: 200 len: 2996 time: 0.4332082
2026-05-08 00:33:20.931 9 INFO neutron.wsgi [None req-01a54a82-14f5-4025-8d11-059c03515918 0463e353845149b3925bd849625498db 1d5d15bc86544c60ada5cc17c75da708 - - default default] 10.0.0.117 "DELETE /v2.0/security-groups/38cd7c9f-c2d1-460e-a07b-7190e3c6c715 HTTP/1.1" status: 204 len: 168 time: 0.2184672
2026-05-08 00:33:21.247 10 INFO neutron.plugins.ml2.drivers.ovn.mech_driver.mech_driver [None req-19c09000-c697-40ab-ad22-53a8c9c4a4e4 - - - - - -] OVN reports status up for port: 0d7858b9-2875-4fc0-85d3-4475a271cf7b
2026-05-08 00:33:21.255 10 INFO neutron.plugins.ml2.plugin [None req-19c09000-c697-40ab-ad22-53a8c9c4a4e4 - - - - - -] Attempt 1 to provision port 0d7858b9-2875-4fc0-85d3-4475a271cf7b
2026-05-08 00:33:21.275 10 INFO neutron.db.ovn_revision_numbers_db [None req-089db350-44d6-4c77-94d5-9c3569a43f3d 734a7f503b564a23a392ce2fdc1fba11 3415526877fa48e985b2c609def39160 - - default default] Successfully bumped revision number for resource 0d7858b9-2875-4fc0-85d3-4475a271cf7b (type: router_ports) to 1
2026-05-08 00:33:21.541 10 INFO neutron.db.ovn_revision_numbers_db [None req-089db350-44d6-4c77-94d5-9c3569a43f3d 734a7f503b564a23a392ce2fdc1fba11 3415526877fa48e985b2c609def39160 - - default default] Successfully bumped revision number for resource 0d7858b9-2875-4fc0-85d3-4475a271cf7b (type: ports) to 1
2026-05-08 00:33:21.588 9 INFO neutron.wsgi [None req-36a62603-ea3a-45c0-b453-93eca4f01c81 a9b4ba29e6c44bb8bc890d8ab30f95e5 a6399606683c4033b1dc5ed9b5a3aa2c - - default default] 10.0.0.117 "POST /v2.0/qos/policies HTTP/1.1" status: 201 len: 558 time: 0.2210655
2026-05-08 00:33:21.619 9 INFO neutron.wsgi [None req-cf99958f-94cc-472a-97f2-b252a526c97c a9b4ba29e6c44bb8bc890d8ab30f95e5 a6399606683c4033b1dc5ed9b5a3aa2c - - default default] 10.0.0.117 "PUT /v2.0/policies/2765c3a6-e0b6-4668-9df7-1334b5a5499d/tags HTTP/1.1" status: 200 len: 218 time: 0.0245218
2026-05-08 00:33:21.627 10 WARNING neutron.scheduler.dhcp_agent_scheduler [None req-089db350-44d6-4c77-94d5-9c3569a43f3d 734a7f503b564a23a392ce2fdc1fba11 3415526877fa48e985b2c609def39160 - - default default] No more DHCP agents
2026-05-08 00:33:21.628 10 WARNING neutron.api.rpc.agentnotifiers.dhcp_rpc_agent_api [None req-089db350-44d6-4c77-94d5-9c3569a43f3d 734a7f503b564a23a392ce2fdc1fba11 3415526877fa48e985b2c609def39160 - - default default] Unable to schedule network a04f6d07-a512-4b9d-a2ba-8525860c3a4a: no agents available; will retry on subsequent port and subnet creation events.
2026-05-08 00:33:21.640 10 INFO neutron.db.ovn_revision_numbers_db [None req-19c09000-c697-40ab-ad22-53a8c9c4a4e4 - - - - - -] Successfully bumped revision number for resource 0d7858b9-2875-4fc0-85d3-4475a271cf7b (type: ports) to 2
2026-05-08 00:33:21.645 9 INFO neutron.wsgi [None req-6ca3a01c-cd85-4396-9cc9-f0dd11befea7 a9b4ba29e6c44bb8bc890d8ab30f95e5 a6399606683c4033b1dc5ed9b5a3aa2c - - default default] 10.0.0.117 "GET /v2.0/policies/2765c3a6-e0b6-4668-9df7-1334b5a5499d/tags HTTP/1.1" status: 200 len: 218 time: 0.0194836
2026-05-08 00:33:21.672 9 INFO neutron.wsgi [None req-df5eb41e-313b-492c-9fa9-3a6c39b306d3 a9b4ba29e6c44bb8bc890d8ab30f95e5 a6399606683c4033b1dc5ed9b5a3aa2c - - default default] 10.0.0.117 "PUT /v2.0/policies/2765c3a6-e0b6-4668-9df7-1334b5a5499d/tags/green HTTP/1.1" status: 201 len: 201 time: 0.0227492
2026-05-08 00:33:21.692 9 INFO neutron.wsgi [None req-8238f24e-b23e-4356-97c8-10e34aa08dfa a9b4ba29e6c44bb8bc890d8ab30f95e5 a6399606683c4033b1dc5ed9b5a3aa2c - - default default] 10.0.0.117 "GET /v2.0/policies/2765c3a6-e0b6-4668-9df7-1334b5a5499d/tags HTTP/1.1" status: 200 len: 227 time: 0.0142047
2026-05-08 00:33:21.714 9 INFO neutron.wsgi [None req-17bb2936-06da-4251-9a3f-d3e7eef13ed9 a9b4ba29e6c44bb8bc890d8ab30f95e5 a6399606683c4033b1dc5ed9b5a3aa2c - - default default] 10.0.0.117 "PUT /v2.0/policies/2765c3a6-e0b6-4668-9df7-1334b5a5499d/tags/red HTTP/1.1" status: 201 len: 201 time: 0.0146973
2026-05-08 00:33:21.729 9 INFO neutron.wsgi [None req-9a9161e3-2eb0-41c6-921b-58f0c88acc30 a9b4ba29e6c44bb8bc890d8ab30f95e5 a6399606683c4033b1dc5ed9b5a3aa2c - - default default] 10.0.0.117 "GET /v2.0/policies/2765c3a6-e0b6-4668-9df7-1334b5a5499d/tags HTTP/1.1" status: 200 len: 227 time: 0.0111816
2026-05-08 00:33:21.755 9 INFO neutron.wsgi [None req-eb283414-e615-42ea-a176-63fe9c53ee9e a9b4ba29e6c44bb8bc890d8ab30f95e5 a6399606683c4033b1dc5ed9b5a3aa2c - - default default] 10.0.0.117 "PUT /v2.0/policies/2765c3a6-e0b6-4668-9df7-1334b5a5499d/tags/black.or.white HTTP/1.1" status: 201 len: 201 time: 0.0223203
2026-05-08 00:33:21.772 9 INFO neutron.wsgi [None req-27c9b1a3-5d06-41ce-94cc-feef3613cce2 a9b4ba29e6c44bb8bc890d8ab30f95e5 a6399606683c4033b1dc5ed9b5a3aa2c - - default default] 10.0.0.117 "GET /v2.0/policies/2765c3a6-e0b6-4668-9df7-1334b5a5499d/tags HTTP/1.1" status: 200 len: 245 time: 0.0138249
2026-05-08 00:33:21.801 9 INFO neutron.wsgi [None req-3359b53a-8c5d-41fb-bdf4-9f81d4e8941b a9b4ba29e6c44bb8bc890d8ab30f95e5 a6399606683c4033b1dc5ed9b5a3aa2c - - default default] 10.0.0.117 "PUT /v2.0/policies/2765c3a6-e0b6-4668-9df7-1334b5a5499d/tags HTTP/1.1" status: 200 len: 230 time: 0.0251532
2026-05-08 00:33:21.813 10 INFO neutron.db.ovn_revision_numbers_db [None req-19c09000-c697-40ab-ad22-53a8c9c4a4e4 - - - - - -] Successfully bumped revision number for resource 0d7858b9-2875-4fc0-85d3-4475a271cf7b (type: router_ports) to 2
2026-05-08 00:33:21.816 9 INFO neutron.wsgi [None req-027580e8-6474-4119-89bd-369c5da23d93 a9b4ba29e6c44bb8bc890d8ab30f95e5 a6399606683c4033b1dc5ed9b5a3aa2c - - default default] 10.0.0.117 "GET /v2.0/policies/2765c3a6-e0b6-4668-9df7-1334b5a5499d/tags HTTP/1.1" status: 200 len: 230 time: 0.0118825
2026-05-08 00:33:21.839 9 INFO neutron.wsgi [None req-f0211d33-d27c-4075-9e71-36c3935624d8 a9b4ba29e6c44bb8bc890d8ab30f95e5 a6399606683c4033b1dc5ed9b5a3aa2c - - default default] 10.0.0.117 "GET /v2.0/policies/2765c3a6-e0b6-4668-9df7-1334b5a5499d/tags/red HTTP/1.1" status: 204 len: 168 time: 0.0163805
2026-05-08 00:33:21.863 9 INFO neutron.api.v2.resource [None req-d88fc5ed-a8f3-49a7-bb92-17e65ea0fc76 a9b4ba29e6c44bb8bc890d8ab30f95e5 a6399606683c4033b1dc5ed9b5a3aa2c - - default default] show failed (client error): The resource could not be found.
2026-05-08 00:33:21.864 9 INFO neutron.wsgi [None req-d88fc5ed-a8f3-49a7-bb92-17e65ea0fc76 a9b4ba29e6c44bb8bc890d8ab30f95e5 a6399606683c4033b1dc5ed9b5a3aa2c - - default default] 10.0.0.117 "GET /v2.0/policies/2765c3a6-e0b6-4668-9df7-1334b5a5499d/tags/green HTTP/1.1" status: 404 len: 299 time: 0.0135655
2026-05-08 00:33:21.876 10 INFO neutron.db.ovn_revision_numbers_db [None req-089db350-44d6-4c77-94d5-9c3569a43f3d 734a7f503b564a23a392ce2fdc1fba11 3415526877fa48e985b2c609def39160 - - default default] Successfully bumped revision number for resource 0d7858b9-2875-4fc0-85d3-4475a271cf7b (type: router_ports) to 2
2026-05-08 00:33:21.879 10 INFO neutron.wsgi [None req-089db350-44d6-4c77-94d5-9c3569a43f3d 734a7f503b564a23a392ce2fdc1fba11 3415526877fa48e985b2c609def39160 - - default default] 10.0.0.117 "PUT /v2.0/routers/85acd58d-7702-4145-8fbd-5acbf7005ae6/add_router_interface HTTP/1.1" status: 200 len: 503 time: 1.9674947
2026-05-08 00:33:21.902 9 INFO neutron.wsgi [None req-5a5c1438-789b-4cc9-b99d-980d1c07f283 a9b4ba29e6c44bb8bc890d8ab30f95e5 a6399606683c4033b1dc5ed9b5a3aa2c - - default default] 10.0.0.117 "DELETE /v2.0/policies/2765c3a6-e0b6-4668-9df7-1334b5a5499d/tags/red HTTP/1.1" status: 204 len: 168 time: 0.0341535
2026-05-08 00:33:21.920 9 INFO neutron.wsgi [None req-9da8b319-cfe3-4361-b609-fe00d4c46bea a9b4ba29e6c44bb8bc890d8ab30f95e5 a6399606683c4033b1dc5ed9b5a3aa2c - - default default] 10.0.0.117 "GET /v2.0/policies/2765c3a6-e0b6-4668-9df7-1334b5a5499d/tags HTTP/1.1" status: 200 len: 223 time: 0.0131705
2026-05-08 00:33:21.963 9 INFO neutron.wsgi [None req-cccadc98-4e44-48f3-a014-e2a296580222 734a7f503b564a23a392ce2fdc1fba11 3415526877fa48e985b2c609def39160 - - default default] 10.0.0.117 "GET /v2.0/ports/0d7858b9-2875-4fc0-85d3-4475a271cf7b HTTP/1.1" status: 200 len: 1137 time: 0.0776510
2026-05-08 00:33:21.969 10 INFO neutron.api.v2.resource [None req-6cf6a9f4-96f8-434e-8c32-0094b41d235e a9b4ba29e6c44bb8bc890d8ab30f95e5 a6399606683c4033b1dc5ed9b5a3aa2c - - default default] delete failed (client error): The resource could not be found.
2026-05-08 00:33:21.971 10 INFO neutron.wsgi [None req-6cf6a9f4-96f8-434e-8c32-0094b41d235e a9b4ba29e6c44bb8bc890d8ab30f95e5 a6399606683c4033b1dc5ed9b5a3aa2c - - default default] 10.0.0.117 "DELETE /v2.0/policies/2765c3a6-e0b6-4668-9df7-1334b5a5499d/tags/green HTTP/1.1" status: 404 len: 299 time: 0.0466294
2026-05-08 00:33:22.039 9 INFO neutron.wsgi [None req-91f39e10-a8f8-4eb0-8abb-bb1ab1abb90f a9b4ba29e6c44bb8bc890d8ab30f95e5 a6399606683c4033b1dc5ed9b5a3aa2c - - default default] 10.0.0.117 "DELETE /v2.0/policies/2765c3a6-e0b6-4668-9df7-1334b5a5499d/tags HTTP/1.1" status: 204 len: 168 time: 0.0643537
2026-05-08 00:33:22.077 9 INFO neutron.wsgi [None req-13578b33-0b95-4c60-9d75-d85ff656d743 a9b4ba29e6c44bb8bc890d8ab30f95e5 a6399606683c4033b1dc5ed9b5a3aa2c - - default default] 10.0.0.117 "GET /v2.0/policies/2765c3a6-e0b6-4668-9df7-1334b5a5499d/tags HTTP/1.1" status: 200 len: 205 time: 0.0324230
2026-05-08 00:33:22.218 10 INFO neutron.wsgi [None req-c6838749-6520-4761-a2bc-908178ffdb31 a9b4ba29e6c44bb8bc890d8ab30f95e5 a6399606683c4033b1dc5ed9b5a3aa2c - - default default] 10.0.0.117 "DELETE /v2.0/qos/policies/2765c3a6-e0b6-4668-9df7-1334b5a5499d HTTP/1.1" status: 204 len: 168 time: 0.1353970
2026-05-08 00:33:22.488 9 WARNING neutron.scheduler.dhcp_agent_scheduler [None req-a5fd217c-a6eb-46d2-ab80-eda6ac759dc5 734a7f503b564a23a392ce2fdc1fba11 3415526877fa48e985b2c609def39160 - - default default] No more DHCP agents
2026-05-08 00:33:22.490 9 WARNING neutron.api.rpc.agentnotifiers.dhcp_rpc_agent_api [None req-a5fd217c-a6eb-46d2-ab80-eda6ac759dc5 734a7f503b564a23a392ce2fdc1fba11 3415526877fa48e985b2c609def39160 - - default default] Unable to schedule network 47f3a14e-16c5-4f93-82e1-19d898c974c8: no agents available; will retry on subsequent port and subnet creation events.
2026-05-08 00:33:22.888 9 INFO neutron.db.ovn_revision_numbers_db [None req-a5fd217c-a6eb-46d2-ab80-eda6ac759dc5 734a7f503b564a23a392ce2fdc1fba11 3415526877fa48e985b2c609def39160 - - default default] Successfully bumped revision number for resource f3ae8989-c295-4e97-8822-c915d0ef8be7 (type: ports) to 1
2026-05-08 00:33:23.149 10 INFO neutron.db.ovn_revision_numbers_db [None req-152245ac-ec19-4091-8426-aacfa46a274a 0463e353845149b3925bd849625498db 1d5d15bc86544c60ada5cc17c75da708 - - default default] Successfully bumped revision number for resource f7a4678f-ebc2-4d57-af68-ef77e47afa9b (type: security_groups) to 1
2026-05-08 00:33:23.171 10 INFO neutron.db.ovn_revision_numbers_db [None req-152245ac-ec19-4091-8426-aacfa46a274a 0463e353845149b3925bd849625498db 1d5d15bc86544c60ada5cc17c75da708 - - default default] Successfully bumped revision number for resource 435a5688-daa0-44c9-b4ed-ce897cb91a63 (type: security_group_rules) to 0
2026-05-08 00:33:23.185 10 INFO neutron.db.ovn_revision_numbers_db [None req-152245ac-ec19-4091-8426-aacfa46a274a 0463e353845149b3925bd849625498db 1d5d15bc86544c60ada5cc17c75da708 - - default default] Successfully bumped revision number for resource 4b262361-93bf-421e-8027-c2848da77b3c (type: security_group_rules) to 0
2026-05-08 00:33:23.198 10 INFO neutron.db.ovn_revision_numbers_db [None req-152245ac-ec19-4091-8426-aacfa46a274a 0463e353845149b3925bd849625498db 1d5d15bc86544c60ada5cc17c75da708 - - default default] Successfully bumped revision number for resource 977ece4c-a588-445d-8a59-f31fe16c10e7 (type: security_group_rules) to 0
2026-05-08 00:33:23.210 10 INFO neutron.db.ovn_revision_numbers_db [None req-152245ac-ec19-4091-8426-aacfa46a274a 0463e353845149b3925bd849625498db 1d5d15bc86544c60ada5cc17c75da708 - - default default] Successfully bumped revision number for resource d843c57c-47ee-4287-b0dd-7fd092ef6aa8 (type: security_group_rules) to 0
2026-05-08 00:33:23.231 10 INFO neutron.wsgi [None req-152245ac-ec19-4091-8426-aacfa46a274a 0463e353845149b3925bd849625498db 1d5d15bc86544c60ada5cc17c75da708 - - default default] 10.0.0.117 "GET /v2.0/security-groups?tenant_id=a6399606683c4033b1dc5ed9b5a3aa2c&name=default HTTP/1.1" status: 200 len: 2996 time: 0.3374221
2026-05-08 00:33:23.330 9 INFO neutron.db.ovn_revision_numbers_db [None req-a5fd217c-a6eb-46d2-ab80-eda6ac759dc5 734a7f503b564a23a392ce2fdc1fba11 3415526877fa48e985b2c609def39160 - - default default] Successfully bumped revision number for resource f3ae8989-c295-4e97-8822-c915d0ef8be7 (type: router_ports) to 1
2026-05-08 00:33:23.433 10 INFO neutron.wsgi [None req-4d440d1f-f168-412b-9147-59a8c8e6c639 0463e353845149b3925bd849625498db 1d5d15bc86544c60ada5cc17c75da708 - - default default] 10.0.0.117 "DELETE /v2.0/security-groups/f7a4678f-ebc2-4d57-af68-ef77e47afa9b HTTP/1.1" status: 204 len: 168 time: 0.1965804
2026-05-08 00:33:23.490 9 INFO neutron.db.ovn_revision_numbers_db [None req-a5fd217c-a6eb-46d2-ab80-eda6ac759dc5 734a7f503b564a23a392ce2fdc1fba11 3415526877fa48e985b2c609def39160 - - default default] Successfully bumped revision number for resource f3ae8989-c295-4e97-8822-c915d0ef8be7 (type: ports) to 1
2026-05-08 00:33:23.551 9 WARNING neutron.scheduler.dhcp_agent_scheduler [None req-a5fd217c-a6eb-46d2-ab80-eda6ac759dc5 734a7f503b564a23a392ce2fdc1fba11 3415526877fa48e985b2c609def39160 - - default default] No more DHCP agents
2026-05-08 00:33:23.552 9 WARNING neutron.api.rpc.agentnotifiers.dhcp_rpc_agent_api [None req-a5fd217c-a6eb-46d2-ab80-eda6ac759dc5 734a7f503b564a23a392ce2fdc1fba11 3415526877fa48e985b2c609def39160 - - default default] Unable to schedule network 47f3a14e-16c5-4f93-82e1-19d898c974c8: no agents available; will retry on subsequent port and subnet creation events.
2026-05-08 00:33:23.688 10 INFO neutron.db.ovn_revision_numbers_db [None req-33f90564-f999-4623-a966-294280022299 0463e353845149b3925bd849625498db 1d5d15bc86544c60ada5cc17c75da708 - - default default] Successfully bumped revision number for resource 60acde21-6a0a-4aec-9ab1-114b53b26832 (type: security_groups) to 1
2026-05-08 00:33:23.703 10 INFO neutron.db.ovn_revision_numbers_db [None req-33f90564-f999-4623-a966-294280022299 0463e353845149b3925bd849625498db 1d5d15bc86544c60ada5cc17c75da708 - - default default] Successfully bumped revision number for resource 12525413-856e-4c8b-8f3c-78f2bd016f72 (type: security_group_rules) to 0
2026-05-08 00:33:23.716 10 INFO neutron.db.ovn_revision_numbers_db [None req-33f90564-f999-4623-a966-294280022299 0463e353845149b3925bd849625498db 1d5d15bc86544c60ada5cc17c75da708 - - default default] Successfully bumped revision number for resource 24ea4acf-4dc3-4aa4-8ea1-e66b71cc0b57 (type: security_group_rules) to 0
2026-05-08 00:33:23.723 9 INFO neutron.db.ovn_revision_numbers_db [None req-a5fd217c-a6eb-46d2-ab80-eda6ac759dc5 734a7f503b564a23a392ce2fdc1fba11 3415526877fa48e985b2c609def39160 - - default default] Successfully bumped revision number for resource f3ae8989-c295-4e97-8822-c915d0ef8be7 (type: router_ports) to 1
2026-05-08 00:33:23.725 9 INFO neutron.wsgi [None req-a5fd217c-a6eb-46d2-ab80-eda6ac759dc5 734a7f503b564a23a392ce2fdc1fba11 3415526877fa48e985b2c609def39160 - - default default] 10.0.0.117 "PUT /v2.0/routers/85acd58d-7702-4145-8fbd-5acbf7005ae6/add_router_interface HTTP/1.1" status: 200 len: 503 time: 1.7571054
2026-05-08 00:33:23.729 10 INFO neutron.db.ovn_revision_numbers_db [None req-33f90564-f999-4623-a966-294280022299 0463e353845149b3925bd849625498db 1d5d15bc86544c60ada5cc17c75da708 - - default default] Successfully bumped revision number for resource 51bc00fe-9ae5-4a2b-8556-09c2d07323da (type: security_group_rules) to 0
2026-05-08 00:33:23.755 10 INFO neutron.db.ovn_revision_numbers_db [None req-33f90564-f999-4623-a966-294280022299 0463e353845149b3925bd849625498db 1d5d15bc86544c60ada5cc17c75da708 - - default default] Successfully bumped revision number for resource ddbc5b9f-9e42-4d48-9335-c10b8e0a6219 (type: security_group_rules) to 0
2026-05-08 00:33:23.763 10 INFO neutron.wsgi [None req-e56f005d-1be8-429b-9b0f-dc1fe4e79960 734a7f503b564a23a392ce2fdc1fba11 3415526877fa48e985b2c609def39160 - - default default] 10.0.0.117 "GET /v2.0/ports/f3ae8989-c295-4e97-8822-c915d0ef8be7 HTTP/1.1" status: 200 len: 1135 time: 0.0320587
2026-05-08 00:33:23.779 10 INFO neutron.wsgi [None req-33f90564-f999-4623-a966-294280022299 0463e353845149b3925bd849625498db 1d5d15bc86544c60ada5cc17c75da708 - - default default] 10.0.0.117 "GET /v2.0/security-groups?tenant_id=cd3aabf1a5c94ab0aabebeb3192406e8&name=default HTTP/1.1" status: 200 len: 2996 time: 0.1902831
2026-05-08 00:33:23.880 9 INFO neutron.wsgi [None req-3bfcade5-d186-4995-bd71-57f25f731938 734a7f503b564a23a392ce2fdc1fba11 3415526877fa48e985b2c609def39160 - - default default] 10.0.0.117 "GET /v2.0/ports/f3ae8989-c295-4e97-8822-c915d0ef8be7 HTTP/1.1" status: 200 len: 1135 time: 0.1122339
2026-05-08 00:33:23.991 10 INFO neutron.wsgi [None req-11163c06-eb5c-4524-89a8-59a30dca1129 0463e353845149b3925bd849625498db 1d5d15bc86544c60ada5cc17c75da708 - - default default] 10.0.0.117 "DELETE /v2.0/security-groups/60acde21-6a0a-4aec-9ab1-114b53b26832 HTTP/1.1" status: 204 len: 168 time: 0.2068295
2026-05-08 00:33:24.942 9 INFO neutron.wsgi [None req-b3f0b471-b45a-443f-94fa-c21a40a9de28 734a7f503b564a23a392ce2fdc1fba11 3415526877fa48e985b2c609def39160 - - default default] 10.0.0.117 "GET /v2.0/ports/f3ae8989-c295-4e97-8822-c915d0ef8be7 HTTP/1.1" status: 200 len: 1135 time: 0.0571642
2026-05-08 00:33:25.809 10 INFO neutron.wsgi [-] 10.0.0.213 "GET / HTTP/1.1" status: 200 len: 247 time: 0.0026383
2026-05-08 00:33:25.809 9 INFO neutron.wsgi [-] 10.0.0.213 "GET / HTTP/1.1" status: 200 len: 247 time: 0.0026693
2026-05-08 00:33:25.989 9 INFO neutron.wsgi [None req-4e589fa3-f815-4664-a5ad-85ed048c4f93 734a7f503b564a23a392ce2fdc1fba11 3415526877fa48e985b2c609def39160 - - default default] 10.0.0.117 "GET /v2.0/ports/f3ae8989-c295-4e97-8822-c915d0ef8be7 HTTP/1.1" status: 200 len: 1135 time: 0.0403333
2026-05-08 00:33:26.666 10 WARNING neutron.plugins.ml2.drivers.ovn.mech_driver.ovsdb.ovn_client [None req-19c09000-c697-40ab-ad22-53a8c9c4a4e4 - - - - - -] No hosting information found for port 0d7858b9-2875-4fc0-85d3-4475a271cf7b: RuntimeError: No hosting information found for port 0d7858b9-2875-4fc0-85d3-4475a271cf7b
2026-05-08 00:33:26.667 10 INFO neutron.plugins.ml2.drivers.ovn.mech_driver.mech_driver [None req-19c09000-c697-40ab-ad22-53a8c9c4a4e4 - - - - - -] OVN reports status up for port: f3ae8989-c295-4e97-8822-c915d0ef8be7
2026-05-08 00:33:26.673 10 INFO neutron.plugins.ml2.plugin [None req-19c09000-c697-40ab-ad22-53a8c9c4a4e4 - - - - - -] Attempt 1 to provision port f3ae8989-c295-4e97-8822-c915d0ef8be7
2026-05-08 00:33:26.886 10 INFO neutron.db.ovn_revision_numbers_db [None req-b977221d-052e-49db-be19-f894d816dde7 0463e353845149b3925bd849625498db 1d5d15bc86544c60ada5cc17c75da708 - - default default] Successfully bumped revision number for resource e96dc328-03a1-45c8-b025-7af0c55f9f3b (type: security_groups) to 1
2026-05-08 00:33:26.911 10 INFO neutron.db.ovn_revision_numbers_db [None req-b977221d-052e-49db-be19-f894d816dde7 0463e353845149b3925bd849625498db 1d5d15bc86544c60ada5cc17c75da708 - - default default] Successfully bumped revision number for resource 55400f3c-762a-4c7a-bf01-c345c455822e (type: security_group_rules) to 0
2026-05-08 00:33:26.940 10 INFO neutron.db.ovn_revision_numbers_db [None req-b977221d-052e-49db-be19-f894d816dde7 0463e353845149b3925bd849625498db 1d5d15bc86544c60ada5cc17c75da708 - - default default] Successfully bumped revision number for resource 74a86a2b-c6ee-446a-af9e-d6d6a0f0b07a (type: security_group_rules) to 0
2026-05-08 00:33:26.965 10 INFO neutron.db.ovn_revision_numbers_db [None req-b977221d-052e-49db-be19-f894d816dde7 0463e353845149b3925bd849625498db 1d5d15bc86544c60ada5cc17c75da708 - - default default] Successfully bumped revision number for resource 7ee7f6ee-a63c-49cd-bf3c-de3ffef6c543 (type: security_group_rules) to 0
2026-05-08 00:33:26.977 10 INFO neutron.db.ovn_revision_numbers_db [None req-b977221d-052e-49db-be19-f894d816dde7 0463e353845149b3925bd849625498db 1d5d15bc86544c60ada5cc17c75da708 - - default default] Successfully bumped revision number for resource a3005ac2-a01f-4c5f-be56-5ca4664d8a11 (type: security_group_rules) to 0
2026-05-08 00:33:27.018 10 INFO neutron.wsgi [None req-b977221d-052e-49db-be19-f894d816dde7 0463e353845149b3925bd849625498db 1d5d15bc86544c60ada5cc17c75da708 - - default default] 10.0.0.117 "GET /v2.0/security-groups?tenant_id=567ab889eeef4792b90163f50f400679&name=default HTTP/1.1" status: 200 len: 2996 time: 0.5182536
2026-05-08 00:33:27.034 9 INFO neutron.wsgi [None req-9670b8a6-a393-4177-954a-e34d84ac651c 734a7f503b564a23a392ce2fdc1fba11 3415526877fa48e985b2c609def39160 - - default default] 10.0.0.117 "GET /v2.0/ports/f3ae8989-c295-4e97-8822-c915d0ef8be7 HTTP/1.1" status: 200 len: 1137 time: 0.0393689
2026-05-08 00:33:27.038 10 INFO neutron.db.ovn_revision_numbers_db [None req-19c09000-c697-40ab-ad22-53a8c9c4a4e4 - - - - - -] Successfully bumped revision number for resource f3ae8989-c295-4e97-8822-c915d0ef8be7 (type: ports) to 2
2026-05-08 00:33:27.208 10 INFO neutron.db.ovn_revision_numbers_db [None req-19c09000-c697-40ab-ad22-53a8c9c4a4e4 - - - - - -] Successfully bumped revision number for resource f3ae8989-c295-4e97-8822-c915d0ef8be7 (type: router_ports) to 2
2026-05-08 00:33:27.333 10 INFO neutron.wsgi [None req-e9deee96-50d9-4bd6-9480-10981101711a 0463e353845149b3925bd849625498db 1d5d15bc86544c60ada5cc17c75da708 - - default default] 10.0.0.117 "DELETE /v2.0/security-groups/e96dc328-03a1-45c8-b025-7af0c55f9f3b HTTP/1.1" status: 204 len: 168 time: 0.3084295
2026-05-08 00:33:27.404 10 INFO neutron.wsgi [None req-24308f64-05bd-41b7-b3e1-31bf651f0d52 e03324afe1e54a4ead79be24d38241f6 49b80a365ea1451fa117470efaa6baa7 - - default default] 10.0.0.117 "POST /v2.0/subnetpools HTTP/1.1" status: 201 len: 715 time: 0.1073189
2026-05-08 00:33:27.462 10 INFO neutron.wsgi [None req-c31d16da-220f-4623-b529-17883f2aef83 e03324afe1e54a4ead79be24d38241f6 49b80a365ea1451fa117470efaa6baa7 - - default default] 10.0.0.117 "PUT /v2.0/subnetpools/616ddf7e-559a-4707-9232-d322f2acc5ca/tags HTTP/1.1" status: 200 len: 218 time: 0.0517635
2026-05-08 00:33:27.491 10 INFO neutron.wsgi [None req-f09949e4-6095-423f-a051-6a7469073b6f e03324afe1e54a4ead79be24d38241f6 49b80a365ea1451fa117470efaa6baa7 - - default default] 10.0.0.117 "GET /v2.0/subnetpools/616ddf7e-559a-4707-9232-d322f2acc5ca/tags HTTP/1.1" status: 200 len: 218 time: 0.0232937
2026-05-08 00:33:27.555 10 INFO neutron.wsgi [None req-e13d57e8-5f0d-4985-b7c4-60bbe5e1a47a e03324afe1e54a4ead79be24d38241f6 49b80a365ea1451fa117470efaa6baa7 - - default default] 10.0.0.117 "PUT /v2.0/subnetpools/616ddf7e-559a-4707-9232-d322f2acc5ca/tags/green HTTP/1.1" status: 201 len: 201 time: 0.0584178
2026-05-08 00:33:27.591 10 INFO neutron.db.ovn_revision_numbers_db [None req-082df560-9de0-4ac6-a4b7-676a7f0e2f8f 0463e353845149b3925bd849625498db 1d5d15bc86544c60ada5cc17c75da708 - - default default] Successfully bumped revision number for resource 31a01c4f-490b-49fc-a052-c34b11ee5acb (type: security_groups) to 1
2026-05-08 00:33:27.604 9 INFO neutron.wsgi [None req-b7e73e05-eaea-4178-b5d5-03759d60834e e03324afe1e54a4ead79be24d38241f6 49b80a365ea1451fa117470efaa6baa7 - - default default] 10.0.0.117 "GET /v2.0/subnetpools/616ddf7e-559a-4707-9232-d322f2acc5ca/tags HTTP/1.1" status: 200 len: 227 time: 0.0442128
2026-05-08 00:33:27.605 10 INFO neutron.db.ovn_revision_numbers_db [None req-082df560-9de0-4ac6-a4b7-676a7f0e2f8f 0463e353845149b3925bd849625498db 1d5d15bc86544c60ada5cc17c75da708 - - default default] Successfully bumped revision number for resource 00b89435-bb14-4e5a-8d69-c25af46ec556 (type: security_group_rules) to 0
2026-05-08 00:33:27.621 10 INFO neutron.db.ovn_revision_numbers_db [None req-082df560-9de0-4ac6-a4b7-676a7f0e2f8f 0463e353845149b3925bd849625498db 1d5d15bc86544c60ada5cc17c75da708 - - default default] Successfully bumped revision number for resource 1dbc4bfd-4b48-4a08-9dcf-e518a1be6fbb (type: security_group_rules) to 0
2026-05-08 00:33:27.630 9 INFO neutron.wsgi [None req-4af37a44-a348-4937-9d73-382e4184e0cf e03324afe1e54a4ead79be24d38241f6 49b80a365ea1451fa117470efaa6baa7 - - default default] 10.0.0.117 "PUT /v2.0/subnetpools/616ddf7e-559a-4707-9232-d322f2acc5ca/tags/red HTTP/1.1" status: 201 len: 201 time: 0.0203545
2026-05-08 00:33:27.633 10 INFO neutron.db.ovn_revision_numbers_db [None req-082df560-9de0-4ac6-a4b7-676a7f0e2f8f 0463e353845149b3925bd849625498db 1d5d15bc86544c60ada5cc17c75da708 - - default default] Successfully bumped revision number for resource 4eef2eb4-c690-4067-a773-cd841960a076 (type: security_group_rules) to 0
2026-05-08 00:33:27.656 10 INFO neutron.db.ovn_revision_numbers_db [None req-082df560-9de0-4ac6-a4b7-676a7f0e2f8f 0463e353845149b3925bd849625498db 1d5d15bc86544c60ada5cc17c75da708 - - default default] Successfully bumped revision number for resource 7e1f31b8-0f86-4c7b-9626-846c111a5c2c (type: security_group_rules) to 0
2026-05-08 00:33:27.661 10 INFO neutron.wsgi [None req-30d362ff-e1ea-4cd6-8d7c-46bd46a86c11 e03324afe1e54a4ead79be24d38241f6 49b80a365ea1451fa117470efaa6baa7 - - default default] 10.0.0.117 "GET /v2.0/subnetpools/616ddf7e-559a-4707-9232-d322f2acc5ca/tags HTTP/1.1" status: 200 len: 227 time: 0.0242844
2026-05-08 00:33:27.683 10 INFO neutron.wsgi [None req-082df560-9de0-4ac6-a4b7-676a7f0e2f8f 0463e353845149b3925bd849625498db 1d5d15bc86544c60ada5cc17c75da708 - - default default] 10.0.0.117 "GET /v2.0/security-groups?tenant_id=527b7dff589e4abd9caefec401807962&name=default HTTP/1.1" status: 200 len: 2996 time: 0.2525022
2026-05-08 00:33:27.702 10 INFO neutron.wsgi [None req-deb4f8ad-cd5e-46e8-b7ec-b295b7a2ee0c e03324afe1e54a4ead79be24d38241f6 49b80a365ea1451fa117470efaa6baa7 - - default default] 10.0.0.117 "PUT /v2.0/subnetpools/616ddf7e-559a-4707-9232-d322f2acc5ca/tags/black.or.white HTTP/1.1" status: 201 len: 201 time: 0.0333304
2026-05-08 00:33:27.730 10 INFO neutron.wsgi [None req-39fea604-fcf7-4233-93db-58f35d3e26b5 e03324afe1e54a4ead79be24d38241f6 49b80a365ea1451fa117470efaa6baa7 - - default default] 10.0.0.117 "GET /v2.0/subnetpools/616ddf7e-559a-4707-9232-d322f2acc5ca/tags HTTP/1.1" status: 200 len: 245 time: 0.0224597
2026-05-08 00:33:27.753 9 INFO neutron.wsgi [None req-d3a5e5ff-2e84-433a-82bd-722694a3cd84 734a7f503b564a23a392ce2fdc1fba11 3415526877fa48e985b2c609def39160 - - default default] 10.0.0.117 "PUT /v2.0/routers/85acd58d-7702-4145-8fbd-5acbf7005ae6/remove_router_interface HTTP/1.1" status: 200 len: 503 time: 0.7137163
2026-05-08 00:33:27.778 10 INFO neutron.wsgi [None req-2eb915ed-edda-4633-a83b-e2c73a265b64 e03324afe1e54a4ead79be24d38241f6 49b80a365ea1451fa117470efaa6baa7 - - default default] 10.0.0.117 "PUT /v2.0/subnetpools/616ddf7e-559a-4707-9232-d322f2acc5ca/tags HTTP/1.1" status: 200 len: 230 time: 0.0425127
2026-05-08 00:33:27.806 10 INFO neutron.wsgi [None req-c998b3c2-10f7-45f4-b3a1-62beb5afe8c7 e03324afe1e54a4ead79be24d38241f6 49b80a365ea1451fa117470efaa6baa7 - - default default] 10.0.0.117 "GET /v2.0/subnetpools/616ddf7e-559a-4707-9232-d322f2acc5ca/tags HTTP/1.1" status: 200 len: 230 time: 0.0233479 /var/lib/openstack/lib/python3.10/site-packages/pycadf/identifier.py:71: UserWarning: Invalid uuid: neutron. To ensure interoperability, identifiers should be a valid uuid. warnings.warn(('Invalid uuid: %s. To ensure interoperability, '
2026-05-08 00:33:27.836 9 INFO neutron.wsgi [None req-5239cf37-3de6-479f-9158-40d478f18a5b e03324afe1e54a4ead79be24d38241f6 49b80a365ea1451fa117470efaa6baa7 - - default default] 10.0.0.117 "GET /v2.0/subnetpools/616ddf7e-559a-4707-9232-d322f2acc5ca/tags/red HTTP/1.1" status: 204 len: 168 time: 0.0242438
2026-05-08 00:33:27.865 10 INFO neutron.api.v2.resource [None req-414cc45e-5a18-49c9-a24f-b8931944c96d e03324afe1e54a4ead79be24d38241f6 49b80a365ea1451fa117470efaa6baa7 - - default default] show failed (client error): The resource could not be found.
2026-05-08 00:33:27.866 10 INFO neutron.wsgi [None req-414cc45e-5a18-49c9-a24f-b8931944c96d e03324afe1e54a4ead79be24d38241f6 49b80a365ea1451fa117470efaa6baa7 - - default default] 10.0.0.117 "GET /v2.0/subnetpools/616ddf7e-559a-4707-9232-d322f2acc5ca/tags/green HTTP/1.1" status: 404 len: 299 time: 0.0245709
2026-05-08 00:33:27.870 10 INFO neutron.wsgi [None req-c7a3cc6a-9bf3-49d0-aae3-801ef5eb500c 734a7f503b564a23a392ce2fdc1fba11 3415526877fa48e985b2c609def39160 - - default default] 10.0.0.117 "GET /v2.0/ports/0d7858b9-2875-4fc0-85d3-4475a271cf7b HTTP/1.1" status: 200 len: 1137 time: 0.1132092
2026-05-08 00:33:27.909 9 INFO neutron.wsgi [None req-b19bcfcb-07e3-464e-8998-afd9e1efcfb1 e03324afe1e54a4ead79be24d38241f6 49b80a365ea1451fa117470efaa6baa7 - - default default] 10.0.0.117 "DELETE /v2.0/subnetpools/616ddf7e-559a-4707-9232-d322f2acc5ca/tags/red HTTP/1.1" status: 204 len: 168 time: 0.0383198
2026-05-08 00:33:27.950 9 INFO neutron.wsgi [None req-9fa5d78b-6662-4405-a9fd-39cd357194d4 e03324afe1e54a4ead79be24d38241f6 49b80a365ea1451fa117470efaa6baa7 - - default default] 10.0.0.117 "GET /v2.0/subnetpools/616ddf7e-559a-4707-9232-d322f2acc5ca/tags HTTP/1.1" status: 200 len: 223 time: 0.0300367
2026-05-08 00:33:27.992 9 INFO neutron.wsgi [None req-4fb0a8ab-da14-4118-b6eb-1af6ca17e178 0463e353845149b3925bd849625498db 1d5d15bc86544c60ada5cc17c75da708 - - default default] 10.0.0.117 "DELETE /v2.0/security-groups/31a01c4f-490b-49fc-a052-c34b11ee5acb HTTP/1.1" status: 204 len: 168 time: 0.3032720
2026-05-08 00:33:27.994 9 INFO neutron.api.v2.resource [None req-0cb5f236-7997-4ef3-ba7d-b66e4a844966 e03324afe1e54a4ead79be24d38241f6 49b80a365ea1451fa117470efaa6baa7 - - default default] delete failed (client error): The resource could not be found.
2026-05-08 00:33:27.995 9 INFO neutron.wsgi [None req-0cb5f236-7997-4ef3-ba7d-b66e4a844966 e03324afe1e54a4ead79be24d38241f6 49b80a365ea1451fa117470efaa6baa7 - - default default] 10.0.0.117 "DELETE /v2.0/subnetpools/616ddf7e-559a-4707-9232-d322f2acc5ca/tags/green HTTP/1.1" status: 404 len: 299 time: 0.0377877
2026-05-08 00:33:28.038 9 INFO neutron.wsgi [None req-806c14b6-2ff8-4b78-a861-f4bb7ed36384 e03324afe1e54a4ead79be24d38241f6 49b80a365ea1451fa117470efaa6baa7 - - default default] 10.0.0.117 "DELETE /v2.0/subnetpools/616ddf7e-559a-4707-9232-d322f2acc5ca/tags HTTP/1.1" status: 204 len: 168 time: 0.0355823
2026-05-08 00:33:28.066 9 INFO neutron.wsgi [None req-5efbf6d2-c593-4f8e-8444-effc71077dc8 e03324afe1e54a4ead79be24d38241f6 49b80a365ea1451fa117470efaa6baa7 - - default default] 10.0.0.117 "GET /v2.0/subnetpools/616ddf7e-559a-4707-9232-d322f2acc5ca/tags HTTP/1.1" status: 200 len: 205 time: 0.0221822
2026-05-08 00:33:28.122 9 INFO neutron.wsgi [None req-1d5dfc06-502e-4f63-91ea-e3ca8cf5dc1a e03324afe1e54a4ead79be24d38241f6 49b80a365ea1451fa117470efaa6baa7 - - default default] 10.0.0.117 "DELETE /v2.0/subnetpools/616ddf7e-559a-4707-9232-d322f2acc5ca HTTP/1.1" status: 204 len: 168 time: 0.0501957
2026-05-08 00:33:28.605 10 INFO neutron.wsgi [None req-5e62dafd-7c89-4e62-91bb-e9d7c23fe48e 734a7f503b564a23a392ce2fdc1fba11 3415526877fa48e985b2c609def39160 - - default default] 10.0.0.117 "PUT /v2.0/routers/85acd58d-7702-4145-8fbd-5acbf7005ae6/remove_router_interface HTTP/1.1" status: 200 len: 503 time: 0.7299786 /var/lib/openstack/lib/python3.10/site-packages/pycadf/identifier.py:71: UserWarning: Invalid uuid: neutron. To ensure interoperability, identifiers should be a valid uuid. warnings.warn(('Invalid uuid: %s. To ensure interoperability, '
2026-05-08 00:33:28.635 10 INFO neutron.wsgi [None req-63cd5150-3510-420f-b341-3352e5217e70 734a7f503b564a23a392ce2fdc1fba11 3415526877fa48e985b2c609def39160 - - default default] 10.0.0.117 "GET /v2.0/ports?device_id=85acd58d-7702-4145-8fbd-5acbf7005ae6 HTTP/1.1" status: 200 len: 205 time: 0.0256035
2026-05-08 00:33:28.886 10 INFO neutron.wsgi [req-9c8fa515-a5a7-4bb8-a0a6-56079cf42559 req-d910743c-bf0c-422e-8436-ebf58ae5e3e5 3f8b8309b3ca466c8c300f1c89d3bcec f141bb3719024ae29a6a7b9890274bf6 - - 0447f99a6f7b4f63bba8b724b57b4524 0447f99a6f7b4f63bba8b724b57b4524] 10.0.0.241 "GET /v2.0/ports?device_id=2827046b-8cff-4966-91fd-bd5e968bd89a HTTP/1.1" status: 200 len: 1409 time: 0.0421662
2026-05-08 00:33:28.899 10 INFO neutron.wsgi [None req-6eb319be-1731-4e16-9fb6-b60c9b855b67 734a7f503b564a23a392ce2fdc1fba11 3415526877fa48e985b2c609def39160 - - default default] 10.0.0.117 "DELETE /v2.0/routers/85acd58d-7702-4145-8fbd-5acbf7005ae6 HTTP/1.1" status: 204 len: 168 time: 0.2584286
2026-05-08 00:33:28.933 10 INFO neutron.wsgi [req-9c8fa515-a5a7-4bb8-a0a6-56079cf42559 req-3ebbebc0-eb54-4589-8c42-316de2b98daa 3f8b8309b3ca466c8c300f1c89d3bcec f141bb3719024ae29a6a7b9890274bf6 - - 0447f99a6f7b4f63bba8b724b57b4524 0447f99a6f7b4f63bba8b724b57b4524] 10.0.0.241 "GET /v2.0/security-groups?id=5aa8030f-c048-411f-a98b-82fa516a97f4&fields=id&fields=name HTTP/1.1" status: 200 len: 312 time: 0.0431099
2026-05-08 00:33:29.170 9 INFO neutron.wsgi [None req-62c11c13-2e16-4731-a57b-30f701f557bc 734a7f503b564a23a392ce2fdc1fba11 3415526877fa48e985b2c609def39160 - - default default] 10.0.0.117 "DELETE /v2.0/subnets/676b8cb6-50fb-4956-a1c5-b47c32d20636 HTTP/1.1" status: 204 len: 168 time: 0.2637980
2026-05-08 00:33:29.175 9 INFO neutron.db.ovn_revision_numbers_db [None req-b631cde3-532e-4f6c-be2d-5fb5c67a2e41 0463e353845149b3925bd849625498db 1d5d15bc86544c60ada5cc17c75da708 - - default default] Successfully bumped revision number for resource 4a6ba052-5066-48ef-b6e2-9251b7e73cbf (type: security_groups) to 1
2026-05-08 00:33:29.196 9 INFO neutron.db.ovn_revision_numbers_db [None req-b631cde3-532e-4f6c-be2d-5fb5c67a2e41 0463e353845149b3925bd849625498db 1d5d15bc86544c60ada5cc17c75da708 - - default default] Successfully bumped revision number for resource 1723008e-7797-4143-85e7-36aa6b229515 (type: security_group_rules) to 0
2026-05-08 00:33:29.218 9 INFO neutron.db.ovn_revision_numbers_db [None req-b631cde3-532e-4f6c-be2d-5fb5c67a2e41 0463e353845149b3925bd849625498db 1d5d15bc86544c60ada5cc17c75da708 - - default default] Successfully bumped revision number for resource 65a829ac-b7e9-440b-9991-4b72739ed26e (type: security_group_rules) to 0
2026-05-08 00:33:29.231 9 INFO neutron.db.ovn_revision_numbers_db [None req-b631cde3-532e-4f6c-be2d-5fb5c67a2e41 0463e353845149b3925bd849625498db 1d5d15bc86544c60ada5cc17c75da708 - - default default] Successfully bumped revision number for resource 768918ab-f390-43a8-a501-c0d75626d317 (type: security_group_rules) to 0
2026-05-08 00:33:29.242 9 INFO neutron.db.ovn_revision_numbers_db [None req-b631cde3-532e-4f6c-be2d-5fb5c67a2e41 0463e353845149b3925bd849625498db 1d5d15bc86544c60ada5cc17c75da708 - - default default] Successfully bumped revision number for resource cb66314b-ccd8-4ea0-a0d0-dcddb1aa3c3a (type: security_group_rules) to 0
2026-05-08 00:33:29.261 9 INFO neutron.wsgi [None req-b631cde3-532e-4f6c-be2d-5fb5c67a2e41 0463e353845149b3925bd849625498db 1d5d15bc86544c60ada5cc17c75da708 - - default default] 10.0.0.117 "GET /v2.0/security-groups?tenant_id=49b80a365ea1451fa117470efaa6baa7&name=default HTTP/1.1" status: 200 len: 2996 time: 0.3848968
2026-05-08 00:33:29.470 10 INFO neutron.wsgi [None req-65c352e8-997c-4f6f-91e3-2addf07e1479 734a7f503b564a23a392ce2fdc1fba11 3415526877fa48e985b2c609def39160 - - default default] 10.0.0.117 "DELETE /v2.0/subnets/77432704-b13e-4dbf-9812-1113766fee98 HTTP/1.1" status: 204 len: 168 time: 0.2944021
2026-05-08 00:33:29.475 9 INFO neutron.wsgi [None req-e169ebda-ea4d-4e64-8cad-9ffa3010ebed 0463e353845149b3925bd849625498db 1d5d15bc86544c60ada5cc17c75da708 - - default default] 10.0.0.117 "DELETE /v2.0/security-groups/4a6ba052-5066-48ef-b6e2-9251b7e73cbf HTTP/1.1" status: 204 len: 168 time: 0.2086060
2026-05-08 00:33:29.722 10 INFO neutron.db.ovn_revision_numbers_db [None req-5b3abf35-d164-4b89-bf9a-0a137dce32db 0463e353845149b3925bd849625498db 1d5d15bc86544c60ada5cc17c75da708 - - default default] Successfully bumped revision number for resource f12a1144-ef99-4713-830d-8f462a651362 (type: security_groups) to 1
2026-05-08 00:33:29.739 10 INFO neutron.db.ovn_revision_numbers_db [None req-5b3abf35-d164-4b89-bf9a-0a137dce32db 0463e353845149b3925bd849625498db 1d5d15bc86544c60ada5cc17c75da708 - - default default] Successfully bumped revision number for resource 44f9147e-6721-4e1c-a23c-5589697dff98 (type: security_group_rules) to 0
2026-05-08 00:33:29.753 10 INFO neutron.db.ovn_revision_numbers_db [None req-5b3abf35-d164-4b89-bf9a-0a137dce32db 0463e353845149b3925bd849625498db 1d5d15bc86544c60ada5cc17c75da708 - - default default] Successfully bumped revision number for resource 7f5734ff-3dc5-4bf5-a19b-c368a4a418aa (type: security_group_rules) to 0
2026-05-08 00:33:29.770 10 INFO neutron.db.ovn_revision_numbers_db [None req-5b3abf35-d164-4b89-bf9a-0a137dce32db 0463e353845149b3925bd849625498db 1d5d15bc86544c60ada5cc17c75da708 - - default default] Successfully bumped revision number for resource a7e9b5e9-c227-4005-8fe8-01720cff1f98 (type: security_group_rules) to 0
2026-05-08 00:33:29.784 10 INFO neutron.db.ovn_revision_numbers_db [None req-5b3abf35-d164-4b89-bf9a-0a137dce32db 0463e353845149b3925bd849625498db 1d5d15bc86544c60ada5cc17c75da708 - - default default] Successfully bumped revision number for resource bef7b91b-fe5f-435c-872d-24e404c43ca9 (type: security_group_rules) to 0
2026-05-08 00:33:29.807 10 INFO neutron.wsgi [None req-5b3abf35-d164-4b89-bf9a-0a137dce32db 0463e353845149b3925bd849625498db 1d5d15bc86544c60ada5cc17c75da708 - - default default] 10.0.0.117 "GET /v2.0/security-groups?tenant_id=2353bf7e45334d18bc1ab4f85419d52c&name=default HTTP/1.1" status: 200 len: 2996 time: 0.2035239
2026-05-08 00:33:29.840 9 INFO neutron.services.segments.plugin [-] Segment 6eeda9a7-edc5-4c66-b3bd-c77e5bc9dc5f resource provider aggregate not found
2026-05-08 00:33:29.845 9 INFO neutron.services.segments.plugin [-] Segment 6eeda9a7-edc5-4c66-b3bd-c77e5bc9dc5f resource provider aggregate not found
2026-05-08 00:33:29.862 9 INFO neutron.services.segments.plugin [-] Segment 6eeda9a7-edc5-4c66-b3bd-c77e5bc9dc5f resource provider not found; error: Placement Client Error (4xx): {"errors": [{"status": 404, "title": "Not Found", "detail": "The resource could not be found.\n\n No resource provider with uuid 6eeda9a7-edc5-4c66-b3bd-c77e5bc9dc5f found for delete ", "request_id": "req-a63a8ed5-eb67-4548-a999-271531cf3812"}]}
2026-05-08 00:33:29.864 9 INFO neutron.services.segments.plugin [-] Segment 6eeda9a7-edc5-4c66-b3bd-c77e5bc9dc5f resource provider not found; error: Placement Client Error (4xx): {"errors": [{"status": 404, "title": "Not Found", "detail": "The resource could not be found.\n\n No resource provider with uuid 6eeda9a7-edc5-4c66-b3bd-c77e5bc9dc5f found for delete ", "request_id": "req-d55dfb29-587a-4dac-9518-88faa2d6b0ec"}]}
2026-05-08 00:33:29.896 9 INFO neutron.wsgi [None req-7af2a7fe-7d59-4005-adda-1384fc9da2f1 734a7f503b564a23a392ce2fdc1fba11 3415526877fa48e985b2c609def39160 - - default default] 10.0.0.117 "DELETE /v2.0/networks/47f3a14e-16c5-4f93-82e1-19d898c974c8 HTTP/1.1" status: 204 len: 168 time: 0.4194710
2026-05-08 00:33:30.082 10 INFO neutron.wsgi [None req-990de105-4d1b-461a-95a4-41020ed8baf3 0463e353845149b3925bd849625498db 1d5d15bc86544c60ada5cc17c75da708 - - default default] 10.0.0.117 "DELETE /v2.0/security-groups/f12a1144-ef99-4713-830d-8f462a651362 HTTP/1.1" status: 204 len: 168 time: 0.2696660
2026-05-08 00:33:30.270 10 INFO neutron.services.segments.plugin [-] Segment 37807613-6756-4c32-9f25-aab1284d28f3 resource provider aggregate not found
2026-05-08 00:33:30.282 10 INFO neutron.services.segments.plugin [-] Segment 37807613-6756-4c32-9f25-aab1284d28f3 resource provider aggregate not found
2026-05-08 00:33:30.292 10 INFO neutron.services.segments.plugin [-] Segment 37807613-6756-4c32-9f25-aab1284d28f3 resource provider not found; error: Placement Client Error (4xx): {"errors": [{"status": 404, "title": "Not Found", "detail": "The resource could not be found.\n\n No resource provider with uuid 37807613-6756-4c32-9f25-aab1284d28f3 found for delete ", "request_id": "req-72f37c97-9d36-4a2c-9feb-d423e235d988"}]}
2026-05-08 00:33:30.299 10 INFO neutron.services.segments.plugin [-] Segment 37807613-6756-4c32-9f25-aab1284d28f3 resource provider not found; error: Placement Client Error (4xx): {"errors": [{"status": 404, "title": "Not Found", "detail": "The resource could not be found.\n\n No resource provider with uuid 37807613-6756-4c32-9f25-aab1284d28f3 found for delete ", "request_id": "req-f2cc7e2e-808c-4479-81ac-389d1ec18144"}]}
2026-05-08 00:33:30.319 10 INFO neutron.wsgi [None req-7223ec63-e303-4ba5-afba-020258ea2978 734a7f503b564a23a392ce2fdc1fba11 3415526877fa48e985b2c609def39160 - - default default] 10.0.0.117 "DELETE /v2.0/networks/a04f6d07-a512-4b9d-a2ba-8525860c3a4a HTTP/1.1" status: 204 len: 168 time: 0.4187965
2026-05-08 00:33:30.424 9 INFO neutron.db.segments_db [None req-87dcbf6d-3e35-4abb-bac7-250e80d253a4 734a7f503b564a23a392ce2fdc1fba11 3415526877fa48e985b2c609def39160 - - default default] Added segment 288a868b-47a8-432c-83ee-b3a69d44b6ba of type geneve for network ece7f800-0a18-49c2-a1e0-b4e2e2d27b46
