2026-05-08 00:34:34.597 10 INFO neutron.wsgi [req-825e0539-7e54-4c73-848d-0caa2027748d req-6c296d19-c86e-42f2-838f-5858990fd5eb 3f8b8309b3ca466c8c300f1c89d3bcec f141bb3719024ae29a6a7b9890274bf6 - - 0447f99a6f7b4f63bba8b724b57b4524 0447f99a6f7b4f63bba8b724b57b4524] 10.0.0.107 "GET /v2.0/networks/2fb8d6ee-8797-4e55-a20b-af18d80b3c60?fields=provider%3Aphysical_network&fields=provider%3Anetwork_type HTTP/1.1" status: 200 len: 277 time: 0.0924003
2026-05-08 00:34:34.841 9 INFO neutron.wsgi [req-65b2a2c2-612d-4e22-8ca8-e38c8064bedc req-453760c4-00d8-41b6-89b8-10ea69d19fc6 3f8b8309b3ca466c8c300f1c89d3bcec f141bb3719024ae29a6a7b9890274bf6 - - 0447f99a6f7b4f63bba8b724b57b4524 0447f99a6f7b4f63bba8b724b57b4524] 199.204.45.140 "GET /v2.0/networks/8e2fa504-ea41-4c77-9dc5-cbd843e6d74b?fields=segments HTTP/1.1" status: 200 len: 212 time: 0.4626250
2026-05-08 00:34:34.845 9 INFO neutron.wsgi [None req-6982abea-dd1f-4304-9189-dbc952b96e41 0463e353845149b3925bd849625498db 1d5d15bc86544c60ada5cc17c75da708 - - default default] 10.0.0.117 "DELETE /v2.0/networks/8a6cf75a-25ca-4ea4-93a6-f626a793a5b4 HTTP/1.1" status: 204 len: 168 time: 1.0793235
2026-05-08 00:34:34.882 10 INFO neutron.wsgi [req-994ef29f-6e01-4538-b2db-2dc7946dc28a req-f409b9ab-f253-4133-b92d-4c2692e8ce53 cf8adbd87da2496f9fd8738549069a43 27035b6a927844888ba419c7cca09a9e - - default default] 10.0.0.107 "GET /v2.0/ports?device_id=038329e2-ad1c-4276-9b36-0291ec406b43 HTTP/1.1" status: 200 len: 210 time: 0.0288613
2026-05-08 00:34:34.885 9 INFO neutron.wsgi [req-3222cad8-50ed-4040-97b2-f7d5e519e6a3 req-ff053fc5-ec69-4185-9dea-fcbe5ceb8a32 7ee119496a774624be67962696af42e5 40750107f99244649b20ea9a73e24bee - - default default] 10.0.0.107 "GET /v2.0/ports?tenant_id=40750107f99244649b20ea9a73e24bee&fields=id HTTP/1.1" status: 200 len: 348 time: 0.4760535
2026-05-08 00:34:34.910 9 INFO neutron.wsgi [req-65b2a2c2-612d-4e22-8ca8-e38c8064bedc req-def9d718-ed8e-4766-a973-00aa88fb2348 3f8b8309b3ca466c8c300f1c89d3bcec f141bb3719024ae29a6a7b9890274bf6 - - 0447f99a6f7b4f63bba8b724b57b4524 0447f99a6f7b4f63bba8b724b57b4524] 199.204.45.140 "GET /v2.0/networks/8e2fa504-ea41-4c77-9dc5-cbd843e6d74b?fields=provider%3Aphysical_network&fields=provider%3Anetwork_type HTTP/1.1" status: 200 len: 277 time: 0.0588834
2026-05-08 00:34:34.967 9 INFO neutron.wsgi [req-3222cad8-50ed-4040-97b2-f7d5e519e6a3 req-438a7780-4bff-4103-9758-3b91e7d8ef5a 3f8b8309b3ca466c8c300f1c89d3bcec f141bb3719024ae29a6a7b9890274bf6 - - 0447f99a6f7b4f63bba8b724b57b4524 0447f99a6f7b4f63bba8b724b57b4524] 10.0.0.107 "GET /v2.0/networks/785de392-5a38-4088-aec8-53c588d452f1?fields=segments HTTP/1.1" status: 200 len: 212 time: 0.0528634
2026-05-08 00:34:35.035 9 INFO neutron.wsgi [req-3222cad8-50ed-4040-97b2-f7d5e519e6a3 req-1aac096d-c9d0-45ae-b32c-dbc4a70b245f 3f8b8309b3ca466c8c300f1c89d3bcec f141bb3719024ae29a6a7b9890274bf6 - - 0447f99a6f7b4f63bba8b724b57b4524 0447f99a6f7b4f63bba8b724b57b4524] 10.0.0.107 "GET /v2.0/networks/785de392-5a38-4088-aec8-53c588d452f1?fields=provider%3Aphysical_network&fields=provider%3Anetwork_type HTTP/1.1" status: 200 len: 277 time: 0.0600746
2026-05-08 00:34:35.114 10 INFO neutron.wsgi [None req-4bb62a2b-39e7-4e1a-923c-d164d0d4ac4e 80c09946f5e54825a5009823f685bdaa 86223c0ac993400bbc73220b6be247d9 - - default default] 10.0.0.117 "DELETE /v2.0/networks/68f2d1d8-532c-4238-856c-b1c9fc1a03d4 HTTP/1.1" status: 204 len: 168 time: 0.6171057
2026-05-08 00:34:35.163 9 INFO neutron.wsgi [None req-e34b3065-915c-44e1-af4b-a5aea00817e4 0463e353845149b3925bd849625498db 1d5d15bc86544c60ada5cc17c75da708 - - default default] 10.0.0.117 "GET /v2.0/security-groups?tenant_id=7ad7f7049cf24df3908e173f35e53b2b&name=default HTTP/1.1" status: 200 len: 2996 time: 0.0537636
2026-05-08 00:34:35.196 10 INFO neutron.wsgi [req-deea3180-553d-4950-869d-3f7d011d13d7 req-cd47bed4-6a84-49c3-a603-c896ef8877a6 7ee119496a774624be67962696af42e5 40750107f99244649b20ea9a73e24bee - - default default] 10.0.0.107 "GET /v2.0/ports?device_id=5e89e3e9-5225-4af6-b848-2a9db2d6bdd6 HTTP/1.1" status: 200 len: 210 time: 0.0300388
2026-05-08 00:34:35.396 9 INFO neutron.wsgi [None req-d7b819e1-ceb1-4acf-babc-a75dc211c81b 0463e353845149b3925bd849625498db 1d5d15bc86544c60ada5cc17c75da708 - - default default] 10.0.0.117 "DELETE /v2.0/security-groups/c7c82bf7-1c15-4faa-84b7-dda1a26214aa HTTP/1.1" status: 204 len: 168 time: 0.2260735
2026-05-08 00:34:35.541 10 INFO neutron.services.segments.plugin [-] Segment 87071814-7c7d-4c62-bdaf-fd6ec4200a2f resource provider aggregate not found
2026-05-08 00:34:35.553 10 INFO neutron.services.segments.plugin [-] Segment 87071814-7c7d-4c62-bdaf-fd6ec4200a2f resource provider aggregate not found
2026-05-08 00:34:35.564 10 INFO neutron.services.segments.plugin [-] Segment 87071814-7c7d-4c62-bdaf-fd6ec4200a2f resource provider not found; error: Placement Client Error (4xx): {"errors": [{"status": 404, "title": "Not Found", "detail": "The resource could not be found.\n\n No resource provider with uuid 87071814-7c7d-4c62-bdaf-fd6ec4200a2f found for delete ", "request_id": "req-09f6b0af-2b49-42dc-9513-17406c57e466"}]}
2026-05-08 00:34:35.577 10 INFO neutron.services.segments.plugin [-] Segment 87071814-7c7d-4c62-bdaf-fd6ec4200a2f resource provider not found; error: Placement Client Error (4xx): {"errors": [{"status": 404, "title": "Not Found", "detail": "The resource could not be found.\n\n No resource provider with uuid 87071814-7c7d-4c62-bdaf-fd6ec4200a2f found for delete ", "request_id": "req-c0abb406-618f-4521-8119-6ad537f1e1e0"}]}
2026-05-08 00:34:35.815 9 INFO neutron.wsgi [req-825e0539-7e54-4c73-848d-0caa2027748d req-0e63a4bf-35a0-45c4-bfb8-1a59071d223e cf8adbd87da2496f9fd8738549069a43 27035b6a927844888ba419c7cca09a9e - - default default] 199.204.45.140 "GET /v2.0/networks?id=2fb8d6ee-8797-4e55-a20b-af18d80b3c60 HTTP/1.1" status: 200 len: 904 time: 0.1216753
2026-05-08 00:34:35.896 9 INFO neutron.wsgi [req-825e0539-7e54-4c73-848d-0caa2027748d req-167c9acc-4161-4798-931e-e6472f3938b7 cf8adbd87da2496f9fd8738549069a43 27035b6a927844888ba419c7cca09a9e - - default default] 199.204.45.140 "GET /v2.0/security-groups?fields=id&fields=name&tenant_id=27035b6a927844888ba419c7cca09a9e HTTP/1.1" status: 200 len: 378 time: 0.0679948
2026-05-08 00:34:35.943 10 INFO neutron.wsgi [None req-b8bf4257-27ac-4816-8a20-e180646a7be7 0463e353845149b3925bd849625498db 1d5d15bc86544c60ada5cc17c75da708 - - default default] 10.0.0.117 "GET /v2.0/security-groups?tenant_id=86223c0ac993400bbc73220b6be247d9&name=default HTTP/1.1" status: 200 len: 2996 time: 0.2855670
2026-05-08 00:34:36.108 10 INFO neutron.wsgi [req-3222cad8-50ed-4040-97b2-f7d5e519e6a3 req-eedce823-704c-4bbc-afe8-af9d1c16cddc 7ee119496a774624be67962696af42e5 40750107f99244649b20ea9a73e24bee - - default default] 199.204.45.140 "GET /v2.0/networks?id=785de392-5a38-4088-aec8-53c588d452f1 HTTP/1.1" status: 200 len: 860 time: 0.0807056
2026-05-08 00:34:36.190 10 INFO neutron.wsgi [req-3222cad8-50ed-4040-97b2-f7d5e519e6a3 req-6a51e60b-6a23-493e-8a47-651647a162e2 7ee119496a774624be67962696af42e5 40750107f99244649b20ea9a73e24bee - - default default] 199.204.45.140 "GET /v2.0/security-groups?fields=id&fields=name&tenant_id=40750107f99244649b20ea9a73e24bee HTTP/1.1" status: 200 len: 472 time: 0.0546052
2026-05-08 00:34:36.242 10 INFO neutron.wsgi [None req-fbbdf761-75f5-4d6c-91dd-d3ae17af82c4 0463e353845149b3925bd849625498db 1d5d15bc86544c60ada5cc17c75da708 - - default default] 10.0.0.117 "DELETE /v2.0/security-groups/581b5612-6f30-4096-9d02-baf42897347e HTTP/1.1" status: 204 len: 168 time: 0.2934587
2026-05-08 00:34:36.316 9 INFO neutron.wsgi [req-55ce0c81-ac5b-49e2-97d4-0243ba21a731 req-3add1efc-e5e5-4dda-bf28-36eb6ad1f6c6 7ee119496a774624be67962696af42e5 40750107f99244649b20ea9a73e24bee - - default default] 10.0.0.107 "GET /v2.0/ports?device_id=5e89e3e9-5225-4af6-b848-2a9db2d6bdd6 HTTP/1.1" status: 200 len: 210 time: 0.0398872
2026-05-08 00:34:36.404 9 WARNING neutron.scheduler.dhcp_agent_scheduler [req-825e0539-7e54-4c73-848d-0caa2027748d req-1769b239-da42-47ef-aaf0-992aa92383e2 cf8adbd87da2496f9fd8738549069a43 27035b6a927844888ba419c7cca09a9e - - default default] No more DHCP agents
2026-05-08 00:34:36.411 9 WARNING neutron.api.rpc.agentnotifiers.dhcp_rpc_agent_api [req-825e0539-7e54-4c73-848d-0caa2027748d req-1769b239-da42-47ef-aaf0-992aa92383e2 cf8adbd87da2496f9fd8738549069a43 27035b6a927844888ba419c7cca09a9e - - default default] Unable to schedule network 2fb8d6ee-8797-4e55-a20b-af18d80b3c60: no agents available; will retry on subsequent port and subnet creation events.
2026-05-08 00:34:36.604 10 WARNING neutron.scheduler.dhcp_agent_scheduler [req-3222cad8-50ed-4040-97b2-f7d5e519e6a3 req-f665d3ee-8de0-4238-b711-b29a30baa8cf 7ee119496a774624be67962696af42e5 40750107f99244649b20ea9a73e24bee - - default default] No more DHCP agents
2026-05-08 00:34:36.606 10 WARNING neutron.api.rpc.agentnotifiers.dhcp_rpc_agent_api [req-3222cad8-50ed-4040-97b2-f7d5e519e6a3 req-f665d3ee-8de0-4238-b711-b29a30baa8cf 7ee119496a774624be67962696af42e5 40750107f99244649b20ea9a73e24bee - - default default] Unable to schedule network 785de392-5a38-4088-aec8-53c588d452f1: no agents available; will retry on subsequent port and subnet creation events.
2026-05-08 00:34:36.610 9 INFO neutron.db.ovn_revision_numbers_db [req-825e0539-7e54-4c73-848d-0caa2027748d req-1769b239-da42-47ef-aaf0-992aa92383e2 cf8adbd87da2496f9fd8738549069a43 27035b6a927844888ba419c7cca09a9e - - default default] Successfully bumped revision number for resource a7f0014b-90e1-46e6-a84f-c7c29a8dfde3 (type: ports) to 1
2026-05-08 00:34:36.633 9 INFO neutron.wsgi [req-825e0539-7e54-4c73-848d-0caa2027748d req-1769b239-da42-47ef-aaf0-992aa92383e2 cf8adbd87da2496f9fd8738549069a43 27035b6a927844888ba419c7cca09a9e - - default default] 199.204.45.140 "POST /v2.0/ports HTTP/1.1" status: 201 len: 1388 time: 0.7084844 /var/lib/openstack/lib/python3.10/site-packages/pycadf/identifier.py:71: UserWarning: Invalid uuid: neutron. To ensure interoperability, identifiers should be a valid uuid. warnings.warn(('Invalid uuid: %s. To ensure interoperability, '
2026-05-08 00:34:36.791 10 INFO neutron.db.ovn_revision_numbers_db [req-3222cad8-50ed-4040-97b2-f7d5e519e6a3 req-f665d3ee-8de0-4238-b711-b29a30baa8cf 7ee119496a774624be67962696af42e5 40750107f99244649b20ea9a73e24bee - - default default] Successfully bumped revision number for resource 451f1139-acc8-43db-86fb-137b0970c38d (type: ports) to 1
2026-05-08 00:34:36.818 10 INFO neutron.wsgi [req-3222cad8-50ed-4040-97b2-f7d5e519e6a3 req-f665d3ee-8de0-4238-b711-b29a30baa8cf 7ee119496a774624be67962696af42e5 40750107f99244649b20ea9a73e24bee - - default default] 199.204.45.140 "POST /v2.0/ports HTTP/1.1" status: 201 len: 1158 time: 0.6048195 /var/lib/openstack/lib/python3.10/site-packages/pycadf/identifier.py:71: UserWarning: Invalid uuid: neutron. To ensure interoperability, identifiers should be a valid uuid. warnings.warn(('Invalid uuid: %s. To ensure interoperability, '
2026-05-08 00:34:37.152 9 INFO neutron.db.ovn_revision_numbers_db [req-825e0539-7e54-4c73-848d-0caa2027748d req-aab1e76f-2f0a-4476-8d52-f3d45ca8696e 3f8b8309b3ca466c8c300f1c89d3bcec f141bb3719024ae29a6a7b9890274bf6 - - 0447f99a6f7b4f63bba8b724b57b4524 0447f99a6f7b4f63bba8b724b57b4524] Successfully bumped revision number for resource a7f0014b-90e1-46e6-a84f-c7c29a8dfde3 (type: ports) to 2
2026-05-08 00:34:37.307 10 INFO neutron.db.ovn_revision_numbers_db [req-3222cad8-50ed-4040-97b2-f7d5e519e6a3 req-35d1393b-876c-423b-81c9-f0795ba877f4 3f8b8309b3ca466c8c300f1c89d3bcec f141bb3719024ae29a6a7b9890274bf6 - - 0447f99a6f7b4f63bba8b724b57b4524 0447f99a6f7b4f63bba8b724b57b4524] Successfully bumped revision number for resource 451f1139-acc8-43db-86fb-137b0970c38d (type: ports) to 2
2026-05-08 00:34:37.392 9 INFO neutron.db.ovn_revision_numbers_db [req-825e0539-7e54-4c73-848d-0caa2027748d req-aab1e76f-2f0a-4476-8d52-f3d45ca8696e 3f8b8309b3ca466c8c300f1c89d3bcec f141bb3719024ae29a6a7b9890274bf6 - - 0447f99a6f7b4f63bba8b724b57b4524 0447f99a6f7b4f63bba8b724b57b4524] Successfully bumped revision number for resource a7f0014b-90e1-46e6-a84f-c7c29a8dfde3 (type: ports) to 2 /var/lib/openstack/lib/python3.10/site-packages/pycadf/identifier.py:71: UserWarning: Invalid uuid: neutron. To ensure interoperability, identifiers should be a valid uuid. warnings.warn(('Invalid uuid: %s. To ensure interoperability, '
2026-05-08 00:34:37.427 9 INFO neutron.wsgi [req-825e0539-7e54-4c73-848d-0caa2027748d req-aab1e76f-2f0a-4476-8d52-f3d45ca8696e 3f8b8309b3ca466c8c300f1c89d3bcec f141bb3719024ae29a6a7b9890274bf6 - - 0447f99a6f7b4f63bba8b724b57b4524 0447f99a6f7b4f63bba8b724b57b4524] 199.204.45.140 "PUT /v2.0/ports/a7f0014b-90e1-46e6-a84f-c7c29a8dfde3 HTTP/1.1" status: 200 len: 1605 time: 0.7855153
2026-05-08 00:34:37.489 9 INFO neutron.notifiers.nova [-] Nova event matching ['req-94f50627-bbfe-400b-9e17-770d67aae3c7'] response: {'name': 'network-changed', 'server_uuid': '038329e2-ad1c-4276-9b36-0291ec406b43', 'tag': 'a7f0014b-90e1-46e6-a84f-c7c29a8dfde3', 'status': 'completed', 'code': 200} /var/lib/openstack/lib/python3.10/site-packages/pycadf/identifier.py:71: UserWarning: Invalid uuid: neutron. To ensure interoperability, identifiers should be a valid uuid. warnings.warn(('Invalid uuid: %s. To ensure interoperability, '
2026-05-08 00:34:37.513 10 INFO neutron.wsgi [req-f61620d5-3053-4e1b-bfb2-60156022f8ad req-150084f4-9dc5-4098-bcbc-8632ecbca699 7ee119496a774624be67962696af42e5 40750107f99244649b20ea9a73e24bee - - default default] 10.0.0.107 "GET /v2.0/ports?device_id=5e89e3e9-5225-4af6-b848-2a9db2d6bdd6 HTTP/1.1" status: 200 len: 1168 time: 0.1222026
2026-05-08 00:34:37.528 9 INFO neutron.wsgi [req-825e0539-7e54-4c73-848d-0caa2027748d req-06bc91a6-6318-423b-a760-cc12fd95671d 3f8b8309b3ca466c8c300f1c89d3bcec f141bb3719024ae29a6a7b9890274bf6 - - 0447f99a6f7b4f63bba8b724b57b4524 0447f99a6f7b4f63bba8b724b57b4524] 199.204.45.140 "GET /v2.0/ports?tenant_id=27035b6a927844888ba419c7cca09a9e&device_id=038329e2-ad1c-4276-9b36-0291ec406b43 HTTP/1.1" status: 200 len: 1636 time: 0.0429249
2026-05-08 00:34:37.569 9 INFO neutron.wsgi [req-825e0539-7e54-4c73-848d-0caa2027748d req-48f7b232-f65b-40f7-9bc1-dffd0a9e22c8 3f8b8309b3ca466c8c300f1c89d3bcec f141bb3719024ae29a6a7b9890274bf6 - - 0447f99a6f7b4f63bba8b724b57b4524 0447f99a6f7b4f63bba8b724b57b4524] 199.204.45.140 "GET /v2.0/floatingips?fixed_ip_address=10.2.2.157&port_id=a7f0014b-90e1-46e6-a84f-c7c29a8dfde3 HTTP/1.1" status: 200 len: 217 time: 0.0237725
2026-05-08 00:34:37.605 10 INFO neutron.wsgi [req-f61620d5-3053-4e1b-bfb2-60156022f8ad req-113b1110-f896-4198-aeda-842323807aa8 7ee119496a774624be67962696af42e5 40750107f99244649b20ea9a73e24bee - - default default] 10.0.0.107 "GET /v2.0/security-groups?id=648a3a8b-8a8d-435b-be41-1d4806c4a97b&fields=id&fields=name HTTP/1.1" status: 200 len: 312 time: 0.0819271
2026-05-08 00:34:37.607 9 INFO neutron.wsgi [req-825e0539-7e54-4c73-848d-0caa2027748d req-d17e2121-6383-4ce5-8c94-a7cc9740201e 3f8b8309b3ca466c8c300f1c89d3bcec f141bb3719024ae29a6a7b9890274bf6 - - 0447f99a6f7b4f63bba8b724b57b4524 0447f99a6f7b4f63bba8b724b57b4524] 199.204.45.140 "GET /v2.0/floatingips?fixed_ip_address=fd77%3A1457%3A4cf0%3A26a8%3A%3A42&port_id=a7f0014b-90e1-46e6-a84f-c7c29a8dfde3 HTTP/1.1" status: 200 len: 217 time: 0.0281808
2026-05-08 00:34:37.642 10 INFO neutron.db.ovn_revision_numbers_db [req-3222cad8-50ed-4040-97b2-f7d5e519e6a3 req-35d1393b-876c-423b-81c9-f0795ba877f4 3f8b8309b3ca466c8c300f1c89d3bcec f141bb3719024ae29a6a7b9890274bf6 - - 0447f99a6f7b4f63bba8b724b57b4524 0447f99a6f7b4f63bba8b724b57b4524] Successfully bumped revision number for resource 451f1139-acc8-43db-86fb-137b0970c38d (type: ports) to 2
2026-05-08 00:34:37.644 9 INFO neutron.wsgi [req-825e0539-7e54-4c73-848d-0caa2027748d req-d4095bd4-b601-42ac-9dd8-260ee6e7ea9a 3f8b8309b3ca466c8c300f1c89d3bcec f141bb3719024ae29a6a7b9890274bf6 - - 0447f99a6f7b4f63bba8b724b57b4524 0447f99a6f7b4f63bba8b724b57b4524] 199.204.45.140 "GET /v2.0/subnets?id=8128c33b-2876-4c99-b581-020802ca0ef9&id=fc248fb1-2ff3-4dca-ac09-251992365999 HTTP/1.1" status: 200 len: 1566 time: 0.0310376
2026-05-08 00:34:37.657 10 INFO neutron.wsgi [req-3222cad8-50ed-4040-97b2-f7d5e519e6a3 req-35d1393b-876c-423b-81c9-f0795ba877f4 3f8b8309b3ca466c8c300f1c89d3bcec f141bb3719024ae29a6a7b9890274bf6 - - 0447f99a6f7b4f63bba8b724b57b4524 0447f99a6f7b4f63bba8b724b57b4524] 199.204.45.140 "PUT /v2.0/ports/451f1139-acc8-43db-86fb-137b0970c38d HTTP/1.1" status: 200 len: 1376 time: 0.8330815
2026-05-08 00:34:37.671 9 INFO neutron.wsgi [req-825e0539-7e54-4c73-848d-0caa2027748d req-37613e2a-8631-47cc-b96c-be4aece9d7ec 3f8b8309b3ca466c8c300f1c89d3bcec f141bb3719024ae29a6a7b9890274bf6 - - 0447f99a6f7b4f63bba8b724b57b4524 0447f99a6f7b4f63bba8b724b57b4524] 199.204.45.140 "GET /v2.0/ports?network_id=2fb8d6ee-8797-4e55-a20b-af18d80b3c60&device_owner=network%3Adhcp HTTP/1.1" status: 200 len: 210 time: 0.0231211
2026-05-08 00:34:37.702 10 INFO neutron.notifiers.nova [-] Nova event matching ['req-edc3b984-ede0-4f85-82a4-e28978c86034'] response: {'name': 'network-changed', 'server_uuid': '5e89e3e9-5225-4af6-b848-2a9db2d6bdd6', 'tag': '451f1139-acc8-43db-86fb-137b0970c38d', 'status': 'completed', 'code': 200} /var/lib/openstack/lib/python3.10/site-packages/pycadf/identifier.py:71: UserWarning: Invalid uuid: neutron. To ensure interoperability, identifiers should be a valid uuid. warnings.warn(('Invalid uuid: %s. To ensure interoperability, '
2026-05-08 00:34:37.718 9 INFO neutron.wsgi [req-825e0539-7e54-4c73-848d-0caa2027748d req-0238cb20-2083-4b70-b153-d03620a61c2b 3f8b8309b3ca466c8c300f1c89d3bcec f141bb3719024ae29a6a7b9890274bf6 - - 0447f99a6f7b4f63bba8b724b57b4524 0447f99a6f7b4f63bba8b724b57b4524] 199.204.45.140 "GET /v2.0/ports?network_id=2fb8d6ee-8797-4e55-a20b-af18d80b3c60&device_owner=network%3Adhcp HTTP/1.1" status: 200 len: 210 time: 0.0381837
2026-05-08 00:34:37.783 10 INFO neutron.wsgi [req-3222cad8-50ed-4040-97b2-f7d5e519e6a3 req-46806776-6983-40b9-b498-f749784f5bbc 3f8b8309b3ca466c8c300f1c89d3bcec f141bb3719024ae29a6a7b9890274bf6 - - 0447f99a6f7b4f63bba8b724b57b4524 0447f99a6f7b4f63bba8b724b57b4524] 199.204.45.140 "GET /v2.0/ports?tenant_id=40750107f99244649b20ea9a73e24bee&device_id=5e89e3e9-5225-4af6-b848-2a9db2d6bdd6 HTTP/1.1" status: 200 len: 1407 time: 0.0783429
2026-05-08 00:34:37.789 9 INFO neutron.wsgi [req-825e0539-7e54-4c73-848d-0caa2027748d req-0a491395-2236-4841-a618-a090806b909e 3f8b8309b3ca466c8c300f1c89d3bcec f141bb3719024ae29a6a7b9890274bf6 - - 0447f99a6f7b4f63bba8b724b57b4524 0447f99a6f7b4f63bba8b724b57b4524] 199.204.45.140 "GET /v2.0/networks/2fb8d6ee-8797-4e55-a20b-af18d80b3c60?fields=segments HTTP/1.1" status: 200 len: 212 time: 0.0645161
2026-05-08 00:34:37.838 10 INFO neutron.wsgi [req-3222cad8-50ed-4040-97b2-f7d5e519e6a3 req-c6074224-eafb-4378-bd4e-01cae7b31940 3f8b8309b3ca466c8c300f1c89d3bcec f141bb3719024ae29a6a7b9890274bf6 - - 0447f99a6f7b4f63bba8b724b57b4524 0447f99a6f7b4f63bba8b724b57b4524] 199.204.45.140 "GET /v2.0/floatingips?fixed_ip_address=10.100.0.7&port_id=451f1139-acc8-43db-86fb-137b0970c38d HTTP/1.1" status: 200 len: 217 time: 0.0485640
2026-05-08 00:34:37.888 9 INFO neutron.wsgi [req-825e0539-7e54-4c73-848d-0caa2027748d req-e0bb5b41-a80f-4380-b441-9f7680b08c53 3f8b8309b3ca466c8c300f1c89d3bcec f141bb3719024ae29a6a7b9890274bf6 - - 0447f99a6f7b4f63bba8b724b57b4524 0447f99a6f7b4f63bba8b724b57b4524] 199.204.45.140 "GET /v2.0/networks/2fb8d6ee-8797-4e55-a20b-af18d80b3c60?fields=provider%3Aphysical_network&fields=provider%3Anetwork_type HTTP/1.1" status: 200 len: 277 time: 0.0946498
2026-05-08 00:34:37.908 10 INFO neutron.wsgi [req-3222cad8-50ed-4040-97b2-f7d5e519e6a3 req-0d76324a-0025-441d-814b-3f800cabd4db 3f8b8309b3ca466c8c300f1c89d3bcec f141bb3719024ae29a6a7b9890274bf6 - - 0447f99a6f7b4f63bba8b724b57b4524 0447f99a6f7b4f63bba8b724b57b4524] 199.204.45.140 "GET /v2.0/subnets?id=fd1c1b54-828d-473a-a70c-bd3e8ca6f2ff HTTP/1.1" status: 200 len: 853 time: 0.0532448
2026-05-08 00:34:37.956 10 INFO neutron.wsgi [req-3222cad8-50ed-4040-97b2-f7d5e519e6a3 req-89bb2886-a501-485b-a652-db93eef76db8 3f8b8309b3ca466c8c300f1c89d3bcec f141bb3719024ae29a6a7b9890274bf6 - - 0447f99a6f7b4f63bba8b724b57b4524 0447f99a6f7b4f63bba8b724b57b4524] 199.204.45.140 "GET /v2.0/ports?network_id=785de392-5a38-4088-aec8-53c588d452f1&device_owner=network%3Adhcp HTTP/1.1" status: 200 len: 210 time: 0.0397468
2026-05-08 00:34:37.984 9 INFO neutron.wsgi [req-81004780-45a3-442b-9cab-477ca77cc7a4 req-7408fcfc-f225-49ca-9148-36fc03737cc7 3f8b8309b3ca466c8c300f1c89d3bcec f141bb3719024ae29a6a7b9890274bf6 - - 0447f99a6f7b4f63bba8b724b57b4524 0447f99a6f7b4f63bba8b724b57b4524] 199.204.45.140 "GET /v2.0/ports?tenant_id=27035b6a927844888ba419c7cca09a9e&device_id=038329e2-ad1c-4276-9b36-0291ec406b43 HTTP/1.1" status: 200 len: 1636 time: 0.0352969
2026-05-08 00:34:38.039 10 INFO neutron.wsgi [req-3222cad8-50ed-4040-97b2-f7d5e519e6a3 req-9fb9ae15-2787-4280-b95c-fac2c33047f1 3f8b8309b3ca466c8c300f1c89d3bcec f141bb3719024ae29a6a7b9890274bf6 - - 0447f99a6f7b4f63bba8b724b57b4524 0447f99a6f7b4f63bba8b724b57b4524] 199.204.45.140 "GET /v2.0/networks/785de392-5a38-4088-aec8-53c588d452f1?fields=segments HTTP/1.1" status: 200 len: 212 time: 0.0736876
2026-05-08 00:34:38.101 9 INFO neutron.wsgi [req-81004780-45a3-442b-9cab-477ca77cc7a4 req-f80db19f-98bc-4349-a530-94e5d5be1b31 3f8b8309b3ca466c8c300f1c89d3bcec f141bb3719024ae29a6a7b9890274bf6 - - 0447f99a6f7b4f63bba8b724b57b4524 0447f99a6f7b4f63bba8b724b57b4524] 199.204.45.140 "GET /v2.0/networks?id=2fb8d6ee-8797-4e55-a20b-af18d80b3c60 HTTP/1.1" status: 200 len: 1003 time: 0.1129384
2026-05-08 00:34:38.109 10 INFO neutron.plugins.ml2.drivers.ovn.mech_driver.mech_driver [None req-19c09000-c697-40ab-ad22-53a8c9c4a4e4 - - - - - -] OVN reports status up for port: a7f0014b-90e1-46e6-a84f-c7c29a8dfde3
2026-05-08 00:34:38.128 10 INFO neutron.plugins.ml2.plugin [None req-19c09000-c697-40ab-ad22-53a8c9c4a4e4 - - - - - -] Attempt 1 to provision port a7f0014b-90e1-46e6-a84f-c7c29a8dfde3
2026-05-08 00:34:38.145 10 INFO neutron.wsgi [req-3222cad8-50ed-4040-97b2-f7d5e519e6a3 req-87d3bd18-d88b-4f53-bbe2-fd74829d39a6 3f8b8309b3ca466c8c300f1c89d3bcec f141bb3719024ae29a6a7b9890274bf6 - - 0447f99a6f7b4f63bba8b724b57b4524 0447f99a6f7b4f63bba8b724b57b4524] 199.204.45.140 "GET /v2.0/networks/785de392-5a38-4088-aec8-53c588d452f1?fields=provider%3Aphysical_network&fields=provider%3Anetwork_type HTTP/1.1" status: 200 len: 277 time: 0.0988765
2026-05-08 00:34:38.147 9 INFO neutron.wsgi [req-81004780-45a3-442b-9cab-477ca77cc7a4 req-d5bd1fb8-e7ee-42a3-bbd4-6f72f50065ff 3f8b8309b3ca466c8c300f1c89d3bcec f141bb3719024ae29a6a7b9890274bf6 - - 0447f99a6f7b4f63bba8b724b57b4524 0447f99a6f7b4f63bba8b724b57b4524] 199.204.45.140 "GET /v2.0/floatingips?fixed_ip_address=10.2.2.157&port_id=a7f0014b-90e1-46e6-a84f-c7c29a8dfde3 HTTP/1.1" status: 200 len: 217 time: 0.0330260
2026-05-08 00:34:38.186 9 INFO neutron.wsgi [req-81004780-45a3-442b-9cab-477ca77cc7a4 req-a6e88800-8377-498d-b146-829a5d1351a3 3f8b8309b3ca466c8c300f1c89d3bcec f141bb3719024ae29a6a7b9890274bf6 - - 0447f99a6f7b4f63bba8b724b57b4524 0447f99a6f7b4f63bba8b724b57b4524] 199.204.45.140 "GET /v2.0/floatingips?fixed_ip_address=fd77%3A1457%3A4cf0%3A26a8%3A%3A42&port_id=a7f0014b-90e1-46e6-a84f-c7c29a8dfde3 HTTP/1.1" status: 200 len: 217 time: 0.0301154
2026-05-08 00:34:38.234 10 INFO neutron.wsgi [req-1d75ee6b-8a36-4c98-921e-9a22f0594a20 req-a52a2871-3bd9-4610-a448-558ab76178e3 3f8b8309b3ca466c8c300f1c89d3bcec f141bb3719024ae29a6a7b9890274bf6 - - 0447f99a6f7b4f63bba8b724b57b4524 0447f99a6f7b4f63bba8b724b57b4524] 10.0.0.241 "GET /v2.0/ports?device_id=d78a6e37-8b89-4e18-9798-03e235d169fc HTTP/1.1" status: 200 len: 1638 time: 0.0694430
2026-05-08 00:34:38.251 10 INFO neutron.wsgi [req-c7543757-7a6f-46f8-81b9-e9692497f26c req-21eb9026-b09a-4929-b209-d7cd7333fa95 3f8b8309b3ca466c8c300f1c89d3bcec f141bb3719024ae29a6a7b9890274bf6 - - 0447f99a6f7b4f63bba8b724b57b4524 0447f99a6f7b4f63bba8b724b57b4524] 199.204.45.140 "GET /v2.0/ports?tenant_id=40750107f99244649b20ea9a73e24bee&device_id=5e89e3e9-5225-4af6-b848-2a9db2d6bdd6 HTTP/1.1" status: 200 len: 1407 time: 0.0551708
2026-05-08 00:34:38.264 9 INFO neutron.wsgi [req-81004780-45a3-442b-9cab-477ca77cc7a4 req-3945eb24-4370-47d1-8326-32ac559c2f34 3f8b8309b3ca466c8c300f1c89d3bcec f141bb3719024ae29a6a7b9890274bf6 - - 0447f99a6f7b4f63bba8b724b57b4524 0447f99a6f7b4f63bba8b724b57b4524] 199.204.45.140 "GET /v2.0/subnets?id=8128c33b-2876-4c99-b581-020802ca0ef9&id=fc248fb1-2ff3-4dca-ac09-251992365999 HTTP/1.1" status: 200 len: 1566 time: 0.0688353
2026-05-08 00:34:38.294 9 INFO neutron.wsgi [req-81004780-45a3-442b-9cab-477ca77cc7a4 req-7ca40bbd-944c-4919-9a3c-7522996ee5cd 3f8b8309b3ca466c8c300f1c89d3bcec f141bb3719024ae29a6a7b9890274bf6 - - 0447f99a6f7b4f63bba8b724b57b4524 0447f99a6f7b4f63bba8b724b57b4524] 199.204.45.140 "GET /v2.0/ports?network_id=2fb8d6ee-8797-4e55-a20b-af18d80b3c60&device_owner=network%3Adhcp HTTP/1.1" status: 200 len: 210 time: 0.0258708
2026-05-08 00:34:38.328 9 INFO neutron.wsgi [req-81004780-45a3-442b-9cab-477ca77cc7a4 req-b063bbcc-f6b5-4c9f-a263-a1f4993e0688 3f8b8309b3ca466c8c300f1c89d3bcec f141bb3719024ae29a6a7b9890274bf6 - - 0447f99a6f7b4f63bba8b724b57b4524 0447f99a6f7b4f63bba8b724b57b4524] 199.204.45.140 "GET /v2.0/ports?network_id=2fb8d6ee-8797-4e55-a20b-af18d80b3c60&device_owner=network%3Adhcp HTTP/1.1" status: 200 len: 210 time: 0.0258021
2026-05-08 00:34:38.332 10 INFO neutron.wsgi [req-1d75ee6b-8a36-4c98-921e-9a22f0594a20 req-79c50708-9929-4397-8407-d5dead298c10 3f8b8309b3ca466c8c300f1c89d3bcec f141bb3719024ae29a6a7b9890274bf6 - - 0447f99a6f7b4f63bba8b724b57b4524 0447f99a6f7b4f63bba8b724b57b4524] 10.0.0.241 "GET /v2.0/security-groups?id=58a1ef27-19f1-453f-84a1-fe28c7bd42c2&fields=id&fields=name HTTP/1.1" status: 200 len: 311 time: 0.0914588
2026-05-08 00:34:38.365 10 INFO neutron.wsgi [req-c7543757-7a6f-46f8-81b9-e9692497f26c req-ba934670-f958-41a8-a801-f7d0d5da6fb6 3f8b8309b3ca466c8c300f1c89d3bcec f141bb3719024ae29a6a7b9890274bf6 - - 0447f99a6f7b4f63bba8b724b57b4524 0447f99a6f7b4f63bba8b724b57b4524] 199.204.45.140 "GET /v2.0/networks?id=785de392-5a38-4088-aec8-53c588d452f1 HTTP/1.1" status: 200 len: 959 time: 0.1047859
2026-05-08 00:34:38.369 9 INFO neutron.plugins.ml2.drivers.ovn.mech_driver.mech_driver [None req-f1f241f9-f200-4e42-8034-3e52ebd18bc7 - - - - - -] OVN reports status up for port: 451f1139-acc8-43db-86fb-137b0970c38d
2026-05-08 00:34:38.403 9 INFO neutron.plugins.ml2.plugin [None req-f1f241f9-f200-4e42-8034-3e52ebd18bc7 - - - - - -] Attempt 1 to provision port 451f1139-acc8-43db-86fb-137b0970c38d
2026-05-08 00:34:38.409 10 INFO neutron.wsgi [req-c7543757-7a6f-46f8-81b9-e9692497f26c req-2d42df66-3a1f-420d-a554-66eab551bedb 3f8b8309b3ca466c8c300f1c89d3bcec f141bb3719024ae29a6a7b9890274bf6 - - 0447f99a6f7b4f63bba8b724b57b4524 0447f99a6f7b4f63bba8b724b57b4524] 199.204.45.140 "GET /v2.0/floatingips?fixed_ip_address=10.100.0.7&port_id=451f1139-acc8-43db-86fb-137b0970c38d HTTP/1.1" status: 200 len: 217 time: 0.0310011
2026-05-08 00:34:38.438 9 INFO neutron.wsgi [req-81004780-45a3-442b-9cab-477ca77cc7a4 req-a8ea104c-4b28-437e-8828-a636889114fa 3f8b8309b3ca466c8c300f1c89d3bcec f141bb3719024ae29a6a7b9890274bf6 - - 0447f99a6f7b4f63bba8b724b57b4524 0447f99a6f7b4f63bba8b724b57b4524] 199.204.45.140 "GET /v2.0/networks/2fb8d6ee-8797-4e55-a20b-af18d80b3c60?fields=segments HTTP/1.1" status: 200 len: 212 time: 0.0973275
2026-05-08 00:34:38.462 10 INFO neutron.wsgi [req-c7543757-7a6f-46f8-81b9-e9692497f26c req-0a6eece9-5873-4020-894f-b0765c799cab 3f8b8309b3ca466c8c300f1c89d3bcec f141bb3719024ae29a6a7b9890274bf6 - - 0447f99a6f7b4f63bba8b724b57b4524 0447f99a6f7b4f63bba8b724b57b4524] 199.204.45.140 "GET /v2.0/subnets?id=fd1c1b54-828d-473a-a70c-bd3e8ca6f2ff HTTP/1.1" status: 200 len: 853 time: 0.0463300
2026-05-08 00:34:38.500 10 INFO neutron.wsgi [req-c7543757-7a6f-46f8-81b9-e9692497f26c req-5ff2d3ea-ea1f-46ee-a694-004023c8af52 3f8b8309b3ca466c8c300f1c89d3bcec f141bb3719024ae29a6a7b9890274bf6 - - 0447f99a6f7b4f63bba8b724b57b4524 0447f99a6f7b4f63bba8b724b57b4524] 199.204.45.140 "GET /v2.0/ports?network_id=785de392-5a38-4088-aec8-53c588d452f1&device_owner=network%3Adhcp HTTP/1.1" status: 200 len: 210 time: 0.0251267
2026-05-08 00:34:38.572 9 INFO neutron.wsgi [req-81004780-45a3-442b-9cab-477ca77cc7a4 req-3d4c2b05-3044-4f92-af06-bd2087413aa8 3f8b8309b3ca466c8c300f1c89d3bcec f141bb3719024ae29a6a7b9890274bf6 - - 0447f99a6f7b4f63bba8b724b57b4524 0447f99a6f7b4f63bba8b724b57b4524] 199.204.45.140 "GET /v2.0/networks/2fb8d6ee-8797-4e55-a20b-af18d80b3c60?fields=provider%3Aphysical_network&fields=provider%3Anetwork_type HTTP/1.1" status: 200 len: 277 time: 0.1279113
2026-05-08 00:34:38.603 10 INFO neutron.wsgi [req-c7543757-7a6f-46f8-81b9-e9692497f26c req-4e6e75ee-76f1-4877-8036-bd5e1edc88bf 3f8b8309b3ca466c8c300f1c89d3bcec f141bb3719024ae29a6a7b9890274bf6 - - 0447f99a6f7b4f63bba8b724b57b4524 0447f99a6f7b4f63bba8b724b57b4524] 199.204.45.140 "GET /v2.0/networks/785de392-5a38-4088-aec8-53c588d452f1?fields=segments HTTP/1.1" status: 200 len: 212 time: 0.0949037
2026-05-08 00:34:38.617 10 INFO neutron.db.ovn_revision_numbers_db [None req-19c09000-c697-40ab-ad22-53a8c9c4a4e4 - - - - - -] Successfully bumped revision number for resource a7f0014b-90e1-46e6-a84f-c7c29a8dfde3 (type: ports) to 4
2026-05-08 00:34:38.681 9 INFO neutron.db.ovn_revision_numbers_db [None req-75f687cd-7aa6-4b56-a870-9c8783ea3183 aeff74e284c3405d857f7a53b4e472cd 61d90e6635394861a4777e74102c069c - - default default] Successfully bumped revision number for resource d8d82916-537f-4468-a2f6-27c9e7c5b5df (type: security_groups) to 1
2026-05-08 00:34:38.704 9 INFO neutron.db.ovn_revision_numbers_db [None req-75f687cd-7aa6-4b56-a870-9c8783ea3183 aeff74e284c3405d857f7a53b4e472cd 61d90e6635394861a4777e74102c069c - - default default] Successfully bumped revision number for resource 11fb87f0-fefe-4604-a98a-53e5716c4019 (type: security_group_rules) to 0
2026-05-08 00:34:38.724 9 INFO neutron.db.ovn_revision_numbers_db [None req-75f687cd-7aa6-4b56-a870-9c8783ea3183 aeff74e284c3405d857f7a53b4e472cd 61d90e6635394861a4777e74102c069c - - default default] Successfully bumped revision number for resource a289cc99-0505-45dd-927d-fec314cc2293 (type: security_group_rules) to 0
2026-05-08 00:34:38.749 9 INFO neutron.db.ovn_revision_numbers_db [None req-75f687cd-7aa6-4b56-a870-9c8783ea3183 aeff74e284c3405d857f7a53b4e472cd 61d90e6635394861a4777e74102c069c - - default default] Successfully bumped revision number for resource a3c67941-5e79-4eb3-8805-d927d901379f (type: security_group_rules) to 0
2026-05-08 00:34:38.773 9 INFO neutron.db.ovn_revision_numbers_db [None req-75f687cd-7aa6-4b56-a870-9c8783ea3183 aeff74e284c3405d857f7a53b4e472cd 61d90e6635394861a4777e74102c069c - - default default] Successfully bumped revision number for resource d927e701-8b6b-4cb8-845b-bbdbe640b99d (type: security_group_rules) to 0
2026-05-08 00:34:38.831 9 INFO neutron.db.ovn_revision_numbers_db [None req-f1f241f9-f200-4e42-8034-3e52ebd18bc7 - - - - - -] Successfully bumped revision number for resource 451f1139-acc8-43db-86fb-137b0970c38d (type: ports) to 4
2026-05-08 00:34:38.909 9 INFO neutron.db.ovn_revision_numbers_db [None req-75f687cd-7aa6-4b56-a870-9c8783ea3183 aeff74e284c3405d857f7a53b4e472cd 61d90e6635394861a4777e74102c069c - - default default] Successfully bumped revision number for resource d4b7bb23-52a6-498f-a9dd-c4667040bcd3 (type: security_groups) to 1
2026-05-08 00:34:38.922 9 INFO neutron.db.ovn_revision_numbers_db [None req-75f687cd-7aa6-4b56-a870-9c8783ea3183 aeff74e284c3405d857f7a53b4e472cd 61d90e6635394861a4777e74102c069c - - default default] Successfully bumped revision number for resource 6f7008e6-b289-486c-9dd6-271ecd74f0bc (type: security_group_rules) to 0
2026-05-08 00:34:38.936 9 INFO neutron.db.ovn_revision_numbers_db [None req-75f687cd-7aa6-4b56-a870-9c8783ea3183 aeff74e284c3405d857f7a53b4e472cd 61d90e6635394861a4777e74102c069c - - default default] Successfully bumped revision number for resource bc12a850-7a4a-4685-9b7e-1c50431f989a (type: security_group_rules) to 0
2026-05-08 00:34:38.954 9 INFO neutron.wsgi [None req-75f687cd-7aa6-4b56-a870-9c8783ea3183 aeff74e284c3405d857f7a53b4e472cd 61d90e6635394861a4777e74102c069c - - default default] 10.0.0.117 "POST /v2.0/security-groups HTTP/1.1" status: 201 len: 1760 time: 0.8150654 /var/lib/openstack/lib/python3.10/site-packages/pycadf/identifier.py:71: UserWarning: Invalid uuid: neutron. To ensure interoperability, identifiers should be a valid uuid. warnings.warn(('Invalid uuid: %s. To ensure interoperability, '
2026-05-08 00:34:39.012 9 INFO neutron.wsgi [None req-0751dcce-5cf7-4239-9617-5373f58f39b3 aeff74e284c3405d857f7a53b4e472cd 61d90e6635394861a4777e74102c069c - - default default] 10.0.0.117 "GET /v2.0/security-groups HTTP/1.1" status: 200 len: 4538 time: 0.0497706
2026-05-08 00:34:39.059 10 INFO neutron.wsgi [req-1be61d2c-427a-4ffb-8f2a-3ef2c859b468 req-a26e7953-2f6d-4139-9507-8fe18a262459 7ee119496a774624be67962696af42e5 40750107f99244649b20ea9a73e24bee - - default default] 10.0.0.107 "GET /v2.0/ports?device_id=5e89e3e9-5225-4af6-b848-2a9db2d6bdd6 HTTP/1.1" status: 200 len: 1170 time: 0.0531228 /var/lib/openstack/lib/python3.10/site-packages/pycadf/identifier.py:71: UserWarning: Invalid uuid: neutron. To ensure interoperability, identifiers should be a valid uuid. warnings.warn(('Invalid uuid: %s. To ensure interoperability, '
2026-05-08 00:34:39.089 10 INFO neutron.wsgi [req-c7543757-7a6f-46f8-81b9-e9692497f26c req-f83c641b-339b-4e28-a664-e29b399dcf5d 3f8b8309b3ca466c8c300f1c89d3bcec f141bb3719024ae29a6a7b9890274bf6 - - 0447f99a6f7b4f63bba8b724b57b4524 0447f99a6f7b4f63bba8b724b57b4524] 199.204.45.140 "GET /v2.0/networks/785de392-5a38-4088-aec8-53c588d452f1?fields=provider%3Aphysical_network&fields=provider%3Anetwork_type HTTP/1.1" status: 200 len: 277 time: 0.4824147
2026-05-08 00:34:39.104 9 INFO neutron.db.ovn_revision_numbers_db [None req-32a6e6b2-2b1a-4807-83be-2201db120b00 aeff74e284c3405d857f7a53b4e472cd 61d90e6635394861a4777e74102c069c - - default default] Successfully bumped revision number for resource d4b7bb23-52a6-498f-a9dd-c4667040bcd3 (type: security_groups) to 2
2026-05-08 00:34:39.108 9 INFO neutron.wsgi [None req-32a6e6b2-2b1a-4807-83be-2201db120b00 aeff74e284c3405d857f7a53b4e472cd 61d90e6635394861a4777e74102c069c - - default default] 10.0.0.117 "PUT /v2.0/security-groups/d4b7bb23-52a6-498f-a9dd-c4667040bcd3 HTTP/1.1" status: 200 len: 1793 time: 0.0904548
2026-05-08 00:34:39.112 10 INFO neutron.wsgi [req-1be61d2c-427a-4ffb-8f2a-3ef2c859b468 req-a22a224f-ba90-44a8-b0eb-afb1ea642d6b 7ee119496a774624be67962696af42e5 40750107f99244649b20ea9a73e24bee - - default default] 10.0.0.107 "GET /v2.0/security-groups?id=648a3a8b-8a8d-435b-be41-1d4806c4a97b&fields=id&fields=name HTTP/1.1" status: 200 len: 312 time: 0.0438337
2026-05-08 00:34:39.153 10 INFO neutron.wsgi [None req-5cc3aec4-d94c-4c65-bd99-15c503e5c576 aeff74e284c3405d857f7a53b4e472cd 61d90e6635394861a4777e74102c069c - - default default] 10.0.0.117 "GET /v2.0/security-groups/d4b7bb23-52a6-498f-a9dd-c4667040bcd3 HTTP/1.1" status: 200 len: 1793 time: 0.0350859
2026-05-08 00:34:39.269 10 INFO neutron.wsgi [None req-949f053b-d9b3-4b50-8a8f-4908afeaeaba aeff74e284c3405d857f7a53b4e472cd 61d90e6635394861a4777e74102c069c - - default default] 10.0.0.117 "DELETE /v2.0/security-groups/d4b7bb23-52a6-498f-a9dd-c4667040bcd3 HTTP/1.1" status: 204 len: 168 time: 0.1101847
2026-05-08 00:34:39.312 10 INFO neutron.wsgi [None req-368a864e-3de6-4acf-aa33-4ad947068ba5 aeff74e284c3405d857f7a53b4e472cd 61d90e6635394861a4777e74102c069c - - default default] 10.0.0.117 "GET /v2.0/security-groups HTTP/1.1" status: 200 len: 2996 time: 0.0372279
2026-05-08 00:34:39.330 10 INFO neutron.api.v2.resource [None req-ad7f8f05-824f-48d3-ac78-bd66fa017011 aeff74e284c3405d857f7a53b4e472cd 61d90e6635394861a4777e74102c069c - - default default] delete failed (client error): The resource could not be found.
2026-05-08 00:34:39.332 10 INFO neutron.wsgi [None req-ad7f8f05-824f-48d3-ac78-bd66fa017011 aeff74e284c3405d857f7a53b4e472cd 61d90e6635394861a4777e74102c069c - - default default] 10.0.0.117 "DELETE /v2.0/security-groups/d4b7bb23-52a6-498f-a9dd-c4667040bcd3 HTTP/1.1" status: 404 len: 347 time: 0.0141540
2026-05-08 00:34:39.452 9 INFO neutron.db.ovn_revision_numbers_db [None req-fac10272-4ec2-4831-8643-f303daa2fed9 aeff74e284c3405d857f7a53b4e472cd 61d90e6635394861a4777e74102c069c - - default default] Successfully bumped revision number for resource 428f97e0-19cf-4505-bb04-ef6c6946e0e8 (type: security_groups) to 1
2026-05-08 00:34:39.465 9 INFO neutron.db.ovn_revision_numbers_db [None req-fac10272-4ec2-4831-8643-f303daa2fed9 aeff74e284c3405d857f7a53b4e472cd 61d90e6635394861a4777e74102c069c - - default default] Successfully bumped revision number for resource 253f86f6-331d-49d7-92a1-8bf1195650aa (type: security_group_rules) to 0
2026-05-08 00:34:39.481 9 INFO neutron.db.ovn_revision_numbers_db [None req-fac10272-4ec2-4831-8643-f303daa2fed9 aeff74e284c3405d857f7a53b4e472cd 61d90e6635394861a4777e74102c069c - - default default] Successfully bumped revision number for resource 8a1e9797-ff16-47c6-9e18-07dbb2e60b7c (type: security_group_rules) to 0
2026-05-08 00:34:39.505 9 INFO neutron.wsgi [None req-fac10272-4ec2-4831-8643-f303daa2fed9 aeff74e284c3405d857f7a53b4e472cd 61d90e6635394861a4777e74102c069c - - default default] 10.0.0.117 "POST /v2.0/security-groups HTTP/1.1" status: 201 len: 1759 time: 0.1658072
2026-05-08 00:34:39.518 9 INFO neutron.notifiers.nova [-] Nova event matching ['req-36cca761-f4b5-466c-926b-49c31aa9c9bf'] response: {'server_uuid': '5e89e3e9-5225-4af6-b848-2a9db2d6bdd6', 'name': 'network-vif-plugged', 'status': 'completed', 'tag': '451f1139-acc8-43db-86fb-137b0970c38d', 'code': 200}
2026-05-08 00:34:39.519 9 INFO neutron.notifiers.nova [-] Nova event matching ['req-36cca761-f4b5-466c-926b-49c31aa9c9bf'] response: {'server_uuid': '5e89e3e9-5225-4af6-b848-2a9db2d6bdd6', 'name': 'network-vif-plugged', 'status': 'completed', 'tag': '451f1139-acc8-43db-86fb-137b0970c38d', 'code': 200}
2026-05-08 00:34:39.619 9 INFO neutron.db.ovn_revision_numbers_db [None req-8ddf67d8-afc3-4a7a-ae92-6b75e9596e09 aeff74e284c3405d857f7a53b4e472cd 61d90e6635394861a4777e74102c069c - - default default] Successfully bumped revision number for resource bca919ac-5c18-48a0-a2d5-d3ec8ecf0288 (type: security_group_rules) to 0
2026-05-08 00:34:39.643 9 INFO neutron.wsgi [None req-8ddf67d8-afc3-4a7a-ae92-6b75e9596e09 aeff74e284c3405d857f7a53b4e472cd 61d90e6635394861a4777e74102c069c - - default default] 10.0.0.117 "POST /v2.0/security-group-rules HTTP/1.1" status: 201 len: 768 time: 0.1335540
2026-05-08 00:34:39.677 9 INFO neutron.wsgi [None req-f36bfc64-2b95-48eb-8dda-da2b3f228035 aeff74e284c3405d857f7a53b4e472cd 61d90e6635394861a4777e74102c069c - - default default] 10.0.0.117 "GET /v2.0/security-group-rules/bca919ac-5c18-48a0-a2d5-d3ec8ecf0288 HTTP/1.1" status: 200 len: 763 time: 0.0219650
2026-05-08 00:34:39.734 9 INFO neutron.wsgi [None req-021f4255-dbef-48fb-b676-9e6b12228ae5 aeff74e284c3405d857f7a53b4e472cd 61d90e6635394861a4777e74102c069c - - default default] 10.0.0.117 "GET /v2.0/security-group-rules HTTP/1.1" status: 200 len: 4113 time: 0.0517771
2026-05-08 00:34:39.754 10 INFO neutron.notifiers.nova [-] Nova event matching ['req-2e513dbc-6c5e-4334-bfc3-52bdcaa8fe38'] response: {'server_uuid': '038329e2-ad1c-4276-9b36-0291ec406b43', 'name': 'network-vif-plugged', 'status': 'completed', 'tag': 'a7f0014b-90e1-46e6-a84f-c7c29a8dfde3', 'code': 200}
2026-05-08 00:34:39.755 10 INFO neutron.notifiers.nova [-] Nova event matching ['req-2e513dbc-6c5e-4334-bfc3-52bdcaa8fe38'] response: {'server_uuid': '038329e2-ad1c-4276-9b36-0291ec406b43', 'name': 'network-vif-plugged', 'status': 'completed', 'tag': 'a7f0014b-90e1-46e6-a84f-c7c29a8dfde3', 'code': 200}
2026-05-08 00:34:39.913 10 INFO neutron.wsgi [None req-779dad5f-0780-4d1d-82fe-6004bb910d8e aeff74e284c3405d857f7a53b4e472cd 61d90e6635394861a4777e74102c069c - - default default] 10.0.0.117 "DELETE /v2.0/security-group-rules/bca919ac-5c18-48a0-a2d5-d3ec8ecf0288 HTTP/1.1" status: 204 len: 168 time: 0.1670589
2026-05-08 00:34:39.969 10 INFO neutron.wsgi [None req-94a25c8a-5551-4532-b729-12f7e88ae39c aeff74e284c3405d857f7a53b4e472cd 61d90e6635394861a4777e74102c069c - - default default] 10.0.0.117 "GET /v2.0/security-group-rules HTTP/1.1" status: 200 len: 3567 time: 0.0507381
2026-05-08 00:34:40.059 9 INFO neutron.wsgi [req-d0ff7c2c-48f4-4c24-94d8-75aa504d6425 req-7759a443-970b-4d26-ae8d-5c61163d9ef7 cf8adbd87da2496f9fd8738549069a43 27035b6a927844888ba419c7cca09a9e - - default default] 10.0.0.107 "GET /v2.0/ports?device_id=038329e2-ad1c-4276-9b36-0291ec406b43 HTTP/1.1" status: 200 len: 1400 time: 0.0932345
2026-05-08 00:34:40.084 10 INFO neutron.db.ovn_revision_numbers_db [None req-b3e7fd35-ac81-4993-873e-d0f4a5320a61 aeff74e284c3405d857f7a53b4e472cd 61d90e6635394861a4777e74102c069c - - default default] Successfully bumped revision number for resource 36533fdf-857e-4c2f-b99a-4d1a2d5556c6 (type: security_group_rules) to 0
2026-05-08 00:34:40.115 10 INFO neutron.wsgi [None req-b3e7fd35-ac81-4993-873e-d0f4a5320a61 aeff74e284c3405d857f7a53b4e472cd 61d90e6635394861a4777e74102c069c - - default default] 10.0.0.117 "POST /v2.0/security-group-rules HTTP/1.1" status: 201 len: 768 time: 0.1401842
2026-05-08 00:34:40.122 9 INFO neutron.wsgi [req-d0ff7c2c-48f4-4c24-94d8-75aa504d6425 req-23b90521-cc66-43da-af95-c8ac9204a110 cf8adbd87da2496f9fd8738549069a43 27035b6a927844888ba419c7cca09a9e - - default default] 10.0.0.107 "GET /v2.0/security-groups?id=58a1ef27-19f1-453f-84a1-fe28c7bd42c2&fields=id&fields=name HTTP/1.1" status: 200 len: 311 time: 0.0508580
2026-05-08 00:34:40.148 10 INFO neutron.wsgi [None req-2cf8bb28-a759-4c2e-a9a4-3e838e8a39f7 aeff74e284c3405d857f7a53b4e472cd 61d90e6635394861a4777e74102c069c - - default default] 10.0.0.117 "GET /v2.0/security-group-rules/36533fdf-857e-4c2f-b99a-4d1a2d5556c6 HTTP/1.1" status: 200 len: 763 time: 0.0244246
2026-05-08 00:34:40.221 10 INFO neutron.wsgi [None req-67b2d634-0576-460a-9813-2c49fc34b282 aeff74e284c3405d857f7a53b4e472cd 61d90e6635394861a4777e74102c069c - - default default] 10.0.0.117 "GET /v2.0/security-group-rules HTTP/1.1" status: 200 len: 4113 time: 0.0631990
2026-05-08 00:34:40.239 10 INFO neutron.wsgi [req-ba7ecdb6-18c1-4b9c-b9d7-d924a3c20970 req-dd35a0b5-9ab3-4be1-939a-5c727f579a86 7ee119496a774624be67962696af42e5 40750107f99244649b20ea9a73e24bee - - default default] 10.0.0.107 "GET /v2.0/ports?device_id=5e89e3e9-5225-4af6-b848-2a9db2d6bdd6 HTTP/1.1" status: 200 len: 1170 time: 0.0477760
2026-05-08 00:34:40.292 10 INFO neutron.wsgi [req-ba7ecdb6-18c1-4b9c-b9d7-d924a3c20970 req-77ec8a3c-b96f-4bd3-adf6-8f46ed038757 7ee119496a774624be67962696af42e5 40750107f99244649b20ea9a73e24bee - - default default] 10.0.0.107 "GET /v2.0/security-groups?id=648a3a8b-8a8d-435b-be41-1d4806c4a97b&fields=id&fields=name HTTP/1.1" status: 200 len: 312 time: 0.0442197
2026-05-08 00:34:40.359 10 INFO neutron.wsgi [None req-3eca2976-8c4f-40ca-b8ca-5a889e444b8f aeff74e284c3405d857f7a53b4e472cd 61d90e6635394861a4777e74102c069c - - default default] 10.0.0.117 "DELETE /v2.0/security-group-rules/36533fdf-857e-4c2f-b99a-4d1a2d5556c6 HTTP/1.1" status: 204 len: 168 time: 0.1321752
2026-05-08 00:34:40.412 10 INFO neutron.wsgi [None req-9dd8761f-9710-4e88-aaaf-c2c4ceb53c03 aeff74e284c3405d857f7a53b4e472cd 61d90e6635394861a4777e74102c069c - - default default] 10.0.0.117 "GET /v2.0/security-group-rules HTTP/1.1" status: 200 len: 3567 time: 0.0455806
2026-05-08 00:34:40.442 10 INFO neutron.db.securitygroups_db [None req-8eea485f-2bce-4e73-aa76-c603d50fd8cf aeff74e284c3405d857f7a53b4e472cd 61d90e6635394861a4777e74102c069c - - default default] Project 61d90e6635394861a4777e74102c069c added a security group rule with legacy IPv6 ICMP protocol name icmp, ipv6-icmp should be used instead. It was automatically converted.
2026-05-08 00:34:40.476 9 INFO neutron.wsgi [req-c2f7b4e3-5f26-4574-ab07-d27d60677be8 req-d68c157a-6fa4-4d1e-b626-48c05e913fed 7ee119496a774624be67962696af42e5 40750107f99244649b20ea9a73e24bee - - default default] 10.0.0.107 "GET /v2.0/ports?device_id=5e89e3e9-5225-4af6-b848-2a9db2d6bdd6 HTTP/1.1" status: 200 len: 1170 time: 0.1000421
2026-05-08 00:34:40.529 9 INFO neutron.wsgi [req-c2f7b4e3-5f26-4574-ab07-d27d60677be8 req-bd360551-68eb-4168-84ed-e50d2e6c019e 7ee119496a774624be67962696af42e5 40750107f99244649b20ea9a73e24bee - - default default] 10.0.0.107 "GET /v2.0/security-groups?id=648a3a8b-8a8d-435b-be41-1d4806c4a97b&fields=id&fields=name HTTP/1.1" status: 200 len: 312 time: 0.0392070
2026-05-08 00:34:40.587 10 INFO neutron.db.ovn_revision_numbers_db [None req-8eea485f-2bce-4e73-aa76-c603d50fd8cf aeff74e284c3405d857f7a53b4e472cd 61d90e6635394861a4777e74102c069c - - default default] Successfully bumped revision number for resource d07ba374-5075-4f7f-94ad-ee6c9bd9ec26 (type: security_group_rules) to 0
2026-05-08 00:34:40.616 9 INFO neutron.wsgi [None req-1b7415ef-1b42-4a9c-bd3f-8c668db477d8 62899b6eb68946aaac0341c23b350cd8 7298685a578441689e72d27f0144620a - - default default] 10.0.0.117 "GET /v2.0/ports?device_id=5e89e3e9-5225-4af6-b848-2a9db2d6bdd6 HTTP/1.1" status: 200 len: 1404 time: 0.0502641
2026-05-08 00:34:40.628 10 INFO neutron.wsgi [None req-8eea485f-2bce-4e73-aa76-c603d50fd8cf aeff74e284c3405d857f7a53b4e472cd 61d90e6635394861a4777e74102c069c - - default default] 10.0.0.117 "POST /v2.0/security-group-rules HTTP/1.1" status: 201 len: 774 time: 0.2103460
2026-05-08 00:34:40.664 10 INFO neutron.wsgi [None req-abfb3651-fc8d-4afd-859e-368edb84ba2b aeff74e284c3405d857f7a53b4e472cd 61d90e6635394861a4777e74102c069c - - default default] 10.0.0.117 "GET /v2.0/security-group-rules/d07ba374-5075-4f7f-94ad-ee6c9bd9ec26 HTTP/1.1" status: 200 len: 769 time: 0.0293872
2026-05-08 00:34:40.713 10 INFO neutron.wsgi [None req-105a2a2f-92ca-4dd7-894b-6b2a20282b26 aeff74e284c3405d857f7a53b4e472cd 61d90e6635394861a4777e74102c069c - - default default] 10.0.0.117 "GET /v2.0/security-group-rules HTTP/1.1" status: 200 len: 4119 time: 0.0443342
2026-05-08 00:34:40.808 9 INFO neutron.wsgi [-] 10.0.0.213 "GET / HTTP/1.1" status: 200 len: 247 time: 0.0017571
2026-05-08 00:34:40.810 9 INFO neutron.wsgi [-] 10.0.0.213 "GET / HTTP/1.1" status: 200 len: 247 time: 0.0014346
2026-05-08 00:34:40.844 10 INFO neutron.wsgi [None req-e7ebcce8-07b0-4bd9-8f00-12d00a0d040c aeff74e284c3405d857f7a53b4e472cd 61d90e6635394861a4777e74102c069c - - default default] 10.0.0.117 "DELETE /v2.0/security-group-rules/d07ba374-5075-4f7f-94ad-ee6c9bd9ec26 HTTP/1.1" status: 204 len: 168 time: 0.1262350
2026-05-08 00:34:40.865 9 INFO neutron.db.l3_db [None req-0b53b937-8ee1-4556-97b1-3664e7558252 7ee119496a774624be67962696af42e5 40750107f99244649b20ea9a73e24bee - - default default] Floating IP 3ad48d24-c6c0-4442-920b-783047047a8a associated. External IP: 10.96.250.220, port: 451f1139-acc8-43db-86fb-137b0970c38d.
2026-05-08 00:34:40.887 10 INFO neutron.wsgi [None req-c7f0da13-173e-4584-bce0-fa297e5457d5 aeff74e284c3405d857f7a53b4e472cd 61d90e6635394861a4777e74102c069c - - default default] 10.0.0.117 "GET /v2.0/security-group-rules HTTP/1.1" status: 200 len: 3567 time: 0.0385053
2026-05-08 00:34:41.064 9 INFO neutron.db.ovn_revision_numbers_db [None req-0b53b937-8ee1-4556-97b1-3664e7558252 7ee119496a774624be67962696af42e5 40750107f99244649b20ea9a73e24bee - - default default] Successfully bumped revision number for resource 3ad48d24-c6c0-4442-920b-783047047a8a (type: floatingips) to 4
2026-05-08 00:34:41.081 10 INFO neutron.wsgi [None req-edd66516-81ec-4ea3-abef-7b2a1f6c73e9 aeff74e284c3405d857f7a53b4e472cd 61d90e6635394861a4777e74102c069c - - default default] 10.0.0.117 "DELETE /v2.0/security-groups/428f97e0-19cf-4505-bb04-ef6c6946e0e8 HTTP/1.1" status: 204 len: 168 time: 0.1887786
2026-05-08 00:34:41.136 9 INFO neutron.wsgi [None req-1402a924-6b19-4028-ae6b-8f9433b0ddd0 aeff74e284c3405d857f7a53b4e472cd 61d90e6635394861a4777e74102c069c - - default default] 10.0.0.117 "GET /v2.0/security-groups HTTP/1.1" status: 200 len: 2996 time: 0.0508525
2026-05-08 00:34:41.187 9 INFO neutron.wsgi [None req-e580271e-fd27-474c-b072-90824f764916 aeff74e284c3405d857f7a53b4e472cd 61d90e6635394861a4777e74102c069c - - default default] 10.0.0.117 "GET /v2.0/security-groups HTTP/1.1" status: 200 len: 2996 time: 0.0466871
2026-05-08 00:34:41.194 9 INFO neutron.db.ovn_revision_numbers_db [None req-0b53b937-8ee1-4556-97b1-3664e7558252 7ee119496a774624be67962696af42e5 40750107f99244649b20ea9a73e24bee - - default default] Successfully bumped revision number for resource 3ad48d24-c6c0-4442-920b-783047047a8a (type: floatingips) to 5
2026-05-08 00:34:41.226 9 INFO neutron.wsgi [None req-0b53b937-8ee1-4556-97b1-3664e7558252 7ee119496a774624be67962696af42e5 40750107f99244649b20ea9a73e24bee - - default default] 10.0.0.117 "PUT /v2.0/floatingips/3ad48d24-c6c0-4442-920b-783047047a8a HTTP/1.1" status: 200 len: 1049 time: 0.5981672
2026-05-08 00:34:41.272 9 INFO neutron.wsgi [None req-e240fe0a-e5aa-4d02-88da-291f4fefa9a1 7ee119496a774624be67962696af42e5 40750107f99244649b20ea9a73e24bee - - default default] 10.0.0.117 "GET /v2.0/floatingips/3ad48d24-c6c0-4442-920b-783047047a8a HTTP/1.1" status: 200 len: 1051 time: 0.0385473
2026-05-08 00:34:41.554 9 INFO neutron.notifiers.nova [-] Nova event matching ['req-246a514e-a07c-4c2d-b76b-509161b32819'] response: {'name': 'network-changed', 'server_uuid': '5e89e3e9-5225-4af6-b848-2a9db2d6bdd6', 'tag': '451f1139-acc8-43db-86fb-137b0970c38d', 'status': 'completed', 'code': 200} /var/lib/openstack/lib/python3.10/site-packages/pycadf/identifier.py:71: UserWarning: Invalid uuid: neutron. To ensure interoperability, identifiers should be a valid uuid. warnings.warn(('Invalid uuid: %s. To ensure interoperability, '
