2026-05-08 00:32:02.868 10 INFO neutron.services.segments.plugin [-] Segment 98c921cd-1325-4af0-8e61-bc25befbd5ce resource provider not found; error: Placement Client Error (4xx): {"errors": [{"status": 404, "title": "Not Found", "detail": "The resource could not be found.\n\n No resource provider with uuid 98c921cd-1325-4af0-8e61-bc25befbd5ce found for delete ", "request_id": "req-89721bfe-f778-43d8-9445-37607cf1ff77"}]}
2026-05-08 00:32:02.869 10 INFO neutron.services.segments.plugin [-] Segment 98c921cd-1325-4af0-8e61-bc25befbd5ce resource provider not found; error: Placement Client Error (4xx): {"errors": [{"status": 404, "title": "Not Found", "detail": "The resource could not be found.\n\n No resource provider with uuid 98c921cd-1325-4af0-8e61-bc25befbd5ce found for delete ", "request_id": "req-8871f91d-f393-4221-98fa-703624377b3a"}]}
2026-05-08 00:32:02.915 10 INFO neutron.wsgi [None req-5fd9bf74-cd9b-4113-917f-4f401b4730c5 bfdc38189849420282928dd1871baa9f 6d4ed677d24f413a88ae54c03d970d83 - - default default] 10.0.0.117 "DELETE /v2.0/networks/ec31bdf7-b4ad-42ae-9444-00382e5e41fd HTTP/1.1" status: 204 len: 168 time: 0.4522779
2026-05-08 00:32:02.921 10 INFO neutron.plugins.ml2.drivers.ovn.mech_driver.mech_driver [None req-19c09000-c697-40ab-ad22-53a8c9c4a4e4 - - - - - -] OVN reports status down for port: 2851dd2a-17e4-40a5-849b-6d2660936651
2026-05-08 00:32:02.942 10 INFO neutron.wsgi [req-67ecd284-2f2d-42ac-abcb-75d6a88e9887 req-aac885ed-f747-45c4-967f-20529751a5cc 0fb40b06839f4c78ba8ee0b69fbea403 0b2993e83ede4f8f980db4a667b5029e - - default default] 10.0.0.107 "GET /v2.0/ports?device_id=5771df6f-e733-46c8-b3ed-9a16ad29badb HTTP/1.1" status: 200 len: 1174 time: 0.0641537
2026-05-08 00:32:03.000 10 INFO neutron.wsgi [req-67ecd284-2f2d-42ac-abcb-75d6a88e9887 req-78c974c1-be9c-4e4b-9339-30f060067495 0fb40b06839f4c78ba8ee0b69fbea403 0b2993e83ede4f8f980db4a667b5029e - - default default] 10.0.0.107 "GET /v2.0/security-groups?id=82ef8835-3ce3-44dc-b252-b4ad7a17d1ae&fields=id&fields=name HTTP/1.1" status: 200 len: 311 time: 0.0479629
2026-05-08 00:32:03.233 10 INFO neutron.db.ovn_revision_numbers_db [None req-19c09000-c697-40ab-ad22-53a8c9c4a4e4 - - - - - -] Successfully bumped revision number for resource 2851dd2a-17e4-40a5-849b-6d2660936651 (type: ports) to 5
2026-05-08 00:32:03.295 9 INFO neutron.services.segments.plugin [-] Segment 96c4203d-26bc-49a7-b38d-b849514ba11f resource provider aggregate not found
2026-05-08 00:32:03.298 10 INFO neutron.wsgi [req-53829fc7-85b7-4597-bf34-4e7384530aad req-8a90581e-f581-44b7-8047-1790e199be6a 0fb40b06839f4c78ba8ee0b69fbea403 0b2993e83ede4f8f980db4a667b5029e - - default default] 199.204.45.140 "GET /v2.0/ports?device_id=5771df6f-e733-46c8-b3ed-9a16ad29badb HTTP/1.1" status: 200 len: 1172 time: 0.0492272
2026-05-08 00:32:03.300 9 INFO neutron.services.segments.plugin [-] Segment 96c4203d-26bc-49a7-b38d-b849514ba11f resource provider aggregate not found /var/lib/openstack/lib/python3.10/site-packages/pycadf/identifier.py:71: UserWarning: Invalid uuid: neutron. To ensure interoperability, identifiers should be a valid uuid. warnings.warn(('Invalid uuid: %s. To ensure interoperability, '
2026-05-08 00:32:03.313 9 INFO neutron.services.segments.plugin [-] Segment 96c4203d-26bc-49a7-b38d-b849514ba11f resource provider not found; error: Placement Client Error (4xx): {"errors": [{"status": 404, "title": "Not Found", "detail": "The resource could not be found.\n\n No resource provider with uuid 96c4203d-26bc-49a7-b38d-b849514ba11f found for delete ", "request_id": "req-c2b71d77-726a-46f0-9716-0511fb6aee66"}]}
2026-05-08 00:32:03.315 9 INFO neutron.services.segments.plugin [-] Segment 96c4203d-26bc-49a7-b38d-b849514ba11f resource provider not found; error: Placement Client Error (4xx): {"errors": [{"status": 404, "title": "Not Found", "detail": "The resource could not be found.\n\n No resource provider with uuid 96c4203d-26bc-49a7-b38d-b849514ba11f found for delete ", "request_id": "req-17e39916-02e4-4ade-91de-8bfc74100f65"}]}
2026-05-08 00:32:03.331 9 INFO neutron.wsgi [None req-6c245d7e-e36f-4738-a697-1534696dbe81 bfdc38189849420282928dd1871baa9f 6d4ed677d24f413a88ae54c03d970d83 - - default default] 10.0.0.117 "DELETE /v2.0/networks/33009e0c-98a6-4b01-9363-74f1a6df175b HTTP/1.1" status: 204 len: 168 time: 0.4047198
2026-05-08 00:32:03.688 9 INFO neutron.wsgi [req-a767ef58-e9d7-4bb7-8876-82b0a2bed34f req-19b4b898-2cea-4eb9-87a7-19ee28836664 dcc34a1e3ce5420eb040fe1f9617d18e 6a86b9aca98a465fb419ccf81c6c54b0 - - default default] 10.0.0.107 "GET /v2.0/ports?device_id=a4c50d65-e1f6-41db-b457-5486bc82349e HTTP/1.1" status: 200 len: 1170 time: 0.0512102
2026-05-08 00:32:03.722 9 INFO neutron.wsgi [None req-58655fb4-7d7d-4d42-84f4-4eeb27ed7074 bfdc38189849420282928dd1871baa9f 6d4ed677d24f413a88ae54c03d970d83 - - default default] 10.0.0.117 "DELETE /v2.0/networks/0db70e59-198c-4b29-bd93-06e7a7fb5750 HTTP/1.1" status: 204 len: 168 time: 0.3818519
2026-05-08 00:32:03.769 9 INFO neutron.wsgi [req-a767ef58-e9d7-4bb7-8876-82b0a2bed34f req-87cf2568-89ff-48d8-a5de-bc874dd23374 dcc34a1e3ce5420eb040fe1f9617d18e 6a86b9aca98a465fb419ccf81c6c54b0 - - default default] 10.0.0.107 "GET /v2.0/security-groups?id=9e316118-087f-4381-92f0-1d994ac64a21&fields=id&fields=name HTTP/1.1" status: 200 len: 313 time: 0.0718570
2026-05-08 00:32:03.837 10 INFO neutron.db.l3_db [req-53829fc7-85b7-4597-bf34-4e7384530aad req-bea47248-270e-4170-bddc-0e18b7784bcd 0fb40b06839f4c78ba8ee0b69fbea403 0b2993e83ede4f8f980db4a667b5029e - - default default] Floating IP b185d3b4-35b3-4f8c-bedf-2898fa5473d8 disassociated. External IP: 10.96.250.206, port: 2851dd2a-17e4-40a5-849b-6d2660936651. /var/lib/openstack/lib/python3.10/site-packages/pycadf/identifier.py:71: UserWarning: Invalid uuid: neutron. To ensure interoperability, identifiers should be a valid uuid. warnings.warn(('Invalid uuid: %s. To ensure interoperability, '
2026-05-08 00:32:03.994 10 INFO neutron.wsgi [req-07ab8a8c-cb60-4a11-91da-b0df84af4af8 req-69befbda-e5c8-489a-8a1f-aadda41712d8 dcc34a1e3ce5420eb040fe1f9617d18e 6a86b9aca98a465fb419ccf81c6c54b0 - - default default] 10.0.0.107 "GET /v2.0/ports?device_id=a4c50d65-e1f6-41db-b457-5486bc82349e HTTP/1.1" status: 200 len: 1170 time: 0.1156964
2026-05-08 00:32:03.995 10 INFO neutron.notifiers.nova [-] Nova event matching ['req-d8df4b4a-e199-4100-9717-63cff1ea7892'] response: {'name': 'network-changed', 'server_uuid': '5771df6f-e733-46c8-b3ed-9a16ad29badb', 'tag': '2851dd2a-17e4-40a5-849b-6d2660936651', 'status': 'completed', 'code': 200}
2026-05-08 00:32:03.995 10 INFO neutron.notifiers.nova [-] Nova event matching ['req-d8df4b4a-e199-4100-9717-63cff1ea7892'] response: {'server_uuid': '5771df6f-e733-46c8-b3ed-9a16ad29badb', 'name': 'network-vif-unplugged', 'status': 'completed', 'tag': '2851dd2a-17e4-40a5-849b-6d2660936651', 'code': 200}
2026-05-08 00:32:03.995 10 INFO neutron.notifiers.nova [-] Nova event matching ['req-d8df4b4a-e199-4100-9717-63cff1ea7892'] response: {'server_uuid': '5771df6f-e733-46c8-b3ed-9a16ad29badb', 'name': 'network-vif-plugged', 'status': 'completed', 'tag': '2851dd2a-17e4-40a5-849b-6d2660936651', 'code': 200}
2026-05-08 00:32:04.114 9 INFO neutron.wsgi [req-bbfd27df-1a03-4889-a780-8fce2b8fcbe0 req-b2ac91fa-8686-4e19-9139-7b2adacc0f4f 3f8b8309b3ca466c8c300f1c89d3bcec f141bb3719024ae29a6a7b9890274bf6 - - 0447f99a6f7b4f63bba8b724b57b4524 0447f99a6f7b4f63bba8b724b57b4524] 199.204.45.140 "GET /v2.0/ports?tenant_id=0b2993e83ede4f8f980db4a667b5029e&device_id=5771df6f-e733-46c8-b3ed-9a16ad29badb HTTP/1.1" status: 200 len: 1411 time: 0.0947719
2026-05-08 00:32:04.119 10 INFO neutron.wsgi [req-53829fc7-85b7-4597-bf34-4e7384530aad req-bea47248-270e-4170-bddc-0e18b7784bcd 0fb40b06839f4c78ba8ee0b69fbea403 0b2993e83ede4f8f980db4a667b5029e - - default default] 199.204.45.140 "DELETE /v2.0/ports/2851dd2a-17e4-40a5-849b-6d2660936651 HTTP/1.1" status: 204 len: 173 time: 0.8148034
2026-05-08 00:32:04.131 9 INFO neutron.wsgi [req-a536c4b2-7480-44b3-be64-b40698b4186e req-6cbed321-b7de-4055-af2e-40330f0d3862 0fb40b06839f4c78ba8ee0b69fbea403 0b2993e83ede4f8f980db4a667b5029e - - default default] 10.0.0.107 "GET /v2.0/ports?device_id=5771df6f-e733-46c8-b3ed-9a16ad29badb HTTP/1.1" status: 200 len: 210 time: 0.0409157
2026-05-08 00:32:04.136 9 INFO neutron.notifiers.nova [-] Nova event matching ['req-4a2bccdc-1320-4f03-83ac-c19d5b59aca5'] response: {'server_uuid': 'a4c50d65-e1f6-41db-b457-5486bc82349e', 'name': 'network-vif-plugged', 'status': 'completed', 'tag': '3fde51fd-ecbd-4d03-8931-1f43239fed2a', 'code': 200}
2026-05-08 00:32:04.190 9 INFO neutron.wsgi [None req-2657148d-c511-4adb-86af-3904ef6d8432 bfdc38189849420282928dd1871baa9f 6d4ed677d24f413a88ae54c03d970d83 - - default default] 10.0.0.117 "DELETE /v2.0/networks/459112c4-8aef-43be-9a2f-ab1f8f05ffe4 HTTP/1.1" status: 204 len: 168 time: 0.4608002
2026-05-08 00:32:04.206 9 INFO neutron.wsgi [req-bbfd27df-1a03-4889-a780-8fce2b8fcbe0 req-44828ca7-9639-4139-a1e3-e5be44211ba5 3f8b8309b3ca466c8c300f1c89d3bcec f141bb3719024ae29a6a7b9890274bf6 - - 0447f99a6f7b4f63bba8b724b57b4524 0447f99a6f7b4f63bba8b724b57b4524] 199.204.45.140 "GET /v2.0/networks?id=74af1962-9fd6-425d-854b-4ffe1cb5635d HTTP/1.1" status: 200 len: 973 time: 0.0782921
2026-05-08 00:32:04.234 9 INFO neutron.wsgi [req-bbfd27df-1a03-4889-a780-8fce2b8fcbe0 req-622c6f8e-90c7-40e5-a3da-263a73a20434 3f8b8309b3ca466c8c300f1c89d3bcec f141bb3719024ae29a6a7b9890274bf6 - - 0447f99a6f7b4f63bba8b724b57b4524 0447f99a6f7b4f63bba8b724b57b4524] 199.204.45.140 "GET /v2.0/floatingips?fixed_ip_address=10.100.0.12&port_id=2851dd2a-17e4-40a5-849b-6d2660936651 HTTP/1.1" status: 200 len: 217 time: 0.0225945
2026-05-08 00:32:04.265 10 INFO neutron.db.l3_db [None req-5020504e-f844-4f40-b0d5-2bc97105c4f4 dcc34a1e3ce5420eb040fe1f9617d18e 6a86b9aca98a465fb419ccf81c6c54b0 - - default default] Floating IP 2cbd9db4-4fb7-4704-a92d-68ec17c6d785 associated. External IP: 10.96.250.204, port: 3fde51fd-ecbd-4d03-8931-1f43239fed2a.
2026-05-08 00:32:04.274 9 INFO neutron.wsgi [req-bbfd27df-1a03-4889-a780-8fce2b8fcbe0 req-eff5d15e-1358-4268-a30b-e2cc79a8f4f7 3f8b8309b3ca466c8c300f1c89d3bcec f141bb3719024ae29a6a7b9890274bf6 - - 0447f99a6f7b4f63bba8b724b57b4524 0447f99a6f7b4f63bba8b724b57b4524] 199.204.45.140 "GET /v2.0/subnets?id=089d1982-1c11-4e9c-bb8b-268cfd9f3ec2 HTTP/1.1" status: 200 len: 869 time: 0.0321150
2026-05-08 00:32:04.322 9 INFO neutron.wsgi [req-bbfd27df-1a03-4889-a780-8fce2b8fcbe0 req-dada462e-02bc-4c32-b8e7-3046b0b157b5 3f8b8309b3ca466c8c300f1c89d3bcec f141bb3719024ae29a6a7b9890274bf6 - - 0447f99a6f7b4f63bba8b724b57b4524 0447f99a6f7b4f63bba8b724b57b4524] 199.204.45.140 "GET /v2.0/ports?network_id=74af1962-9fd6-425d-854b-4ffe1cb5635d&device_owner=network%3Adhcp HTTP/1.1" status: 200 len: 210 time: 0.0357583
2026-05-08 00:32:04.408 9 INFO neutron.wsgi [req-bbfd27df-1a03-4889-a780-8fce2b8fcbe0 req-4ca9f7b0-d6ef-4432-8e21-86121d8978d0 3f8b8309b3ca466c8c300f1c89d3bcec f141bb3719024ae29a6a7b9890274bf6 - - 0447f99a6f7b4f63bba8b724b57b4524 0447f99a6f7b4f63bba8b724b57b4524] 199.204.45.140 "GET /v2.0/networks/74af1962-9fd6-425d-854b-4ffe1cb5635d?fields=segments HTTP/1.1" status: 200 len: 212 time: 0.0714242
2026-05-08 00:32:04.486 9 INFO neutron.wsgi [req-bbfd27df-1a03-4889-a780-8fce2b8fcbe0 req-12602012-91fd-4545-b890-1d6a42671c2a 3f8b8309b3ca466c8c300f1c89d3bcec f141bb3719024ae29a6a7b9890274bf6 - - 0447f99a6f7b4f63bba8b724b57b4524 0447f99a6f7b4f63bba8b724b57b4524] 199.204.45.140 "GET /v2.0/networks/74af1962-9fd6-425d-854b-4ffe1cb5635d?fields=provider%3Aphysical_network&fields=provider%3Anetwork_type HTTP/1.1" status: 200 len: 277 time: 0.0658138
2026-05-08 00:32:04.511 10 INFO neutron.db.ovn_revision_numbers_db [None req-5020504e-f844-4f40-b0d5-2bc97105c4f4 dcc34a1e3ce5420eb040fe1f9617d18e 6a86b9aca98a465fb419ccf81c6c54b0 - - default default] Successfully bumped revision number for resource 2cbd9db4-4fb7-4704-a92d-68ec17c6d785 (type: floatingips) to 1
2026-05-08 00:32:04.642 10 INFO neutron.db.ovn_revision_numbers_db [None req-5020504e-f844-4f40-b0d5-2bc97105c4f4 dcc34a1e3ce5420eb040fe1f9617d18e 6a86b9aca98a465fb419ccf81c6c54b0 - - default default] Successfully bumped revision number for resource 2cbd9db4-4fb7-4704-a92d-68ec17c6d785 (type: floatingips) to 2
2026-05-08 00:32:04.677 10 INFO neutron.wsgi [None req-5020504e-f844-4f40-b0d5-2bc97105c4f4 dcc34a1e3ce5420eb040fe1f9617d18e 6a86b9aca98a465fb419ccf81c6c54b0 - - default default] 10.0.0.117 "PUT /v2.0/floatingips/2cbd9db4-4fb7-4704-a92d-68ec17c6d785 HTTP/1.1" status: 200 len: 1049 time: 0.6720643 /var/lib/openstack/lib/python3.10/site-packages/pycadf/identifier.py:71: UserWarning: Invalid uuid: neutron. To ensure interoperability, identifiers should be a valid uuid. warnings.warn(('Invalid uuid: %s. To ensure interoperability, '
2026-05-08 00:32:04.758 10 INFO neutron.wsgi [req-47a68373-ad6b-48e6-869c-0b7cab297667 req-8c427de1-306c-4e9c-95f1-b1d21daf2015 dcc34a1e3ce5420eb040fe1f9617d18e 6a86b9aca98a465fb419ccf81c6c54b0 - - default default] 10.0.0.107 "GET /v2.0/ports?device_id=a4c50d65-e1f6-41db-b457-5486bc82349e HTTP/1.1" status: 200 len: 1170 time: 0.0378478
2026-05-08 00:32:04.843 9 INFO neutron.wsgi [None req-95010e8a-b053-477e-8f56-6075aa49c210 0463e353845149b3925bd849625498db 1d5d15bc86544c60ada5cc17c75da708 - - default default] 10.0.0.117 "GET /v2.0/security-groups?tenant_id=6d4ed677d24f413a88ae54c03d970d83&name=default HTTP/1.1" status: 200 len: 2996 time: 0.0900278
2026-05-08 00:32:04.848 10 INFO neutron.wsgi [req-377fc70c-aa07-445b-ab48-dad26dca17e3 req-8deee0f9-297d-43e9-b9c4-ee689649cf57 3f8b8309b3ca466c8c300f1c89d3bcec f141bb3719024ae29a6a7b9890274bf6 - - 0447f99a6f7b4f63bba8b724b57b4524 0447f99a6f7b4f63bba8b724b57b4524] 10.0.0.241 "GET /v2.0/ports?device_id=e55206d3-a495-40de-892b-dbff2f6e7955 HTTP/1.1" status: 200 len: 1409 time: 0.2137680
2026-05-08 00:32:04.851 10 INFO neutron.wsgi [req-47a68373-ad6b-48e6-869c-0b7cab297667 req-1d15a7ed-5ab9-4074-9f02-5d5af3ad22b1 dcc34a1e3ce5420eb040fe1f9617d18e 6a86b9aca98a465fb419ccf81c6c54b0 - - default default] 10.0.0.107 "GET /v2.0/security-groups?id=9e316118-087f-4381-92f0-1d994ac64a21&fields=id&fields=name HTTP/1.1" status: 200 len: 313 time: 0.0850968
2026-05-08 00:32:04.904 10 INFO neutron.wsgi [req-377fc70c-aa07-445b-ab48-dad26dca17e3 req-68de981d-882f-48f1-827a-f21134272e0c 3f8b8309b3ca466c8c300f1c89d3bcec f141bb3719024ae29a6a7b9890274bf6 - - 0447f99a6f7b4f63bba8b724b57b4524 0447f99a6f7b4f63bba8b724b57b4524] 10.0.0.241 "GET /v2.0/security-groups?id=af583080-332a-4013-9447-63991bfecc7d&fields=id&fields=name HTTP/1.1" status: 200 len: 312 time: 0.0464866
2026-05-08 00:32:05.108 9 INFO neutron.wsgi [None req-ff4689a4-d9a8-4276-bd28-9e23f6fb0bfb 0463e353845149b3925bd849625498db 1d5d15bc86544c60ada5cc17c75da708 - - default default] 10.0.0.117 "DELETE /v2.0/security-groups/d6023c77-ea6c-42ed-9a10-f4b2c1ab6c2e HTTP/1.1" status: 204 len: 168 time: 0.2597303
2026-05-08 00:32:05.191 9 INFO neutron.wsgi [req-290b06ae-0d5a-4737-87fe-636fabaf33f6 req-1e3bdf2d-ccae-4425-8e69-266a8cb1ba27 dcc34a1e3ce5420eb040fe1f9617d18e 6a86b9aca98a465fb419ccf81c6c54b0 - - default default] 10.0.0.107 "GET /v2.0/ports?device_id=a4c50d65-e1f6-41db-b457-5486bc82349e HTTP/1.1" status: 200 len: 1170 time: 0.0473597
2026-05-08 00:32:05.209 9 INFO neutron.plugins.ml2.drivers.ovn.mech_driver.mech_driver [None req-f1f241f9-f200-4e42-8034-3e52ebd18bc7 - - - - - -] OVN reports status down for port: 3fde51fd-ecbd-4d03-8931-1f43239fed2a
2026-05-08 00:32:05.273 9 INFO neutron.wsgi [req-290b06ae-0d5a-4737-87fe-636fabaf33f6 req-f87787e4-1699-48d5-a08c-d78fe21409e0 dcc34a1e3ce5420eb040fe1f9617d18e 6a86b9aca98a465fb419ccf81c6c54b0 - - default default] 10.0.0.107 "GET /v2.0/security-groups?id=9e316118-087f-4381-92f0-1d994ac64a21&fields=id&fields=name HTTP/1.1" status: 200 len: 313 time: 0.0766933
2026-05-08 00:32:05.341 9 INFO neutron.services.segments.plugin [-] Segment 31c2142d-3d3b-4b3f-8c4c-670e9d25c06a resource provider aggregate not found
2026-05-08 00:32:05.351 9 INFO neutron.services.segments.plugin [-] Segment 31c2142d-3d3b-4b3f-8c4c-670e9d25c06a resource provider aggregate not found
2026-05-08 00:32:05.369 9 INFO neutron.services.segments.plugin [-] Segment 31c2142d-3d3b-4b3f-8c4c-670e9d25c06a resource provider not found; error: Placement Client Error (4xx): {"errors": [{"status": 404, "title": "Not Found", "detail": "The resource could not be found.\n\n No resource provider with uuid 31c2142d-3d3b-4b3f-8c4c-670e9d25c06a found for delete ", "request_id": "req-5ef2411c-fecc-4384-a401-dfc80cd7e638"}]}
2026-05-08 00:32:05.373 9 INFO neutron.services.segments.plugin [-] Segment 31c2142d-3d3b-4b3f-8c4c-670e9d25c06a resource provider not found; error: Placement Client Error (4xx): {"errors": [{"status": 404, "title": "Not Found", "detail": "The resource could not be found.\n\n No resource provider with uuid 31c2142d-3d3b-4b3f-8c4c-670e9d25c06a found for delete ", "request_id": "req-34f7595c-3d0c-4406-b426-b524b38957e0"}]}
2026-05-08 00:32:05.383 9 INFO neutron.services.segments.plugin [-] Segment be271b8c-d497-49be-b80d-a23c28c77e1a resource provider aggregate not found
2026-05-08 00:32:05.399 9 INFO neutron.services.segments.plugin [-] Segment be271b8c-d497-49be-b80d-a23c28c77e1a resource provider aggregate not found
2026-05-08 00:32:05.405 9 INFO neutron.services.segments.plugin [-] Segment be271b8c-d497-49be-b80d-a23c28c77e1a resource provider not found; error: Placement Client Error (4xx): {"errors": [{"status": 404, "title": "Not Found", "detail": "The resource could not be found.\n\n No resource provider with uuid be271b8c-d497-49be-b80d-a23c28c77e1a found for delete ", "request_id": "req-b61ad553-9450-41c4-951c-cf8d2eec5aea"}]}
2026-05-08 00:32:05.415 9 INFO neutron.services.segments.plugin [-] Segment be271b8c-d497-49be-b80d-a23c28c77e1a resource provider not found; error: Placement Client Error (4xx): {"errors": [{"status": 404, "title": "Not Found", "detail": "The resource could not be found.\n\n No resource provider with uuid be271b8c-d497-49be-b80d-a23c28c77e1a found for delete ", "request_id": "req-c9a22168-88ed-4d3d-95a1-71e5e41ed25e"}]}
2026-05-08 00:32:05.465 9 INFO neutron.wsgi [None req-80db3802-3199-4f7f-8373-d37d0684a420 0fb40b06839f4c78ba8ee0b69fbea403 0b2993e83ede4f8f980db4a667b5029e - - default default] 10.0.0.117 "DELETE /v2.0/security-groups/82ef8835-3ce3-44dc-b252-b4ad7a17d1ae HTTP/1.1" status: 204 len: 168 time: 0.2165759
2026-05-08 00:32:05.485 10 INFO neutron.api.v2.resource [None req-49608218-87c1-458a-86c4-c4a1e2713bed 0fb40b06839f4c78ba8ee0b69fbea403 0b2993e83ede4f8f980db4a667b5029e - - default default] show failed (client error): The resource could not be found.
2026-05-08 00:32:05.486 10 INFO neutron.wsgi [None req-49608218-87c1-458a-86c4-c4a1e2713bed 0fb40b06839f4c78ba8ee0b69fbea403 0b2993e83ede4f8f980db4a667b5029e - - default default] 10.0.0.117 "GET /v2.0/security-groups/82ef8835-3ce3-44dc-b252-b4ad7a17d1ae HTTP/1.1" status: 404 len: 347 time: 0.0157983
2026-05-08 00:32:05.523 9 INFO neutron.wsgi [req-8b308d09-5a21-4f3f-a0fd-876671fb2256 req-494f6b19-4924-4219-a9ab-8ba67464754c dcc34a1e3ce5420eb040fe1f9617d18e 6a86b9aca98a465fb419ccf81c6c54b0 - - default default] 199.204.45.140 "GET /v2.0/ports?device_id=a4c50d65-e1f6-41db-b457-5486bc82349e HTTP/1.1" status: 200 len: 1168 time: 0.0483279
2026-05-08 00:32:05.665 9 INFO neutron.db.ovn_revision_numbers_db [None req-f1f241f9-f200-4e42-8034-3e52ebd18bc7 - - - - - -] Successfully bumped revision number for resource 3fde51fd-ecbd-4d03-8931-1f43239fed2a (type: ports) to 5
2026-05-08 00:32:05.929 10 INFO neutron.wsgi [None req-8dbd0a23-c3ae-4295-9e71-1af82ae98461 0fb40b06839f4c78ba8ee0b69fbea403 0b2993e83ede4f8f980db4a667b5029e - - default default] 10.0.0.117 "DELETE /v2.0/floatingips/b185d3b4-35b3-4f8c-bedf-2898fa5473d8 HTTP/1.1" status: 204 len: 168 time: 0.4387910 /var/lib/openstack/lib/python3.10/site-packages/pycadf/identifier.py:71: UserWarning: Invalid uuid: neutron. To ensure interoperability, identifiers should be a valid uuid. warnings.warn(('Invalid uuid: %s. To ensure interoperability, '
2026-05-08 00:32:05.993 10 INFO neutron.wsgi [None req-ef843335-3c73-4566-9653-9f39e20d8578 0463e353845149b3925bd849625498db 1d5d15bc86544c60ada5cc17c75da708 - - default default] 10.0.0.54 "GET /v2.0/networks HTTP/1.1" status: 200 len: 4642 time: 0.1798112
2026-05-08 00:32:06.033 10 INFO neutron.notifiers.nova [-] Nova event matching ['req-01445c31-acd2-4156-9067-5b7e1f624356'] response: {'server_uuid': '5771df6f-e733-46c8-b3ed-9a16ad29badb', 'name': 'network-vif-deleted', 'tag': '2851dd2a-17e4-40a5-849b-6d2660936651', 'status': 'completed', 'code': 200}
2026-05-08 00:32:06.034 10 INFO neutron.notifiers.nova [-] Nova event matching ['req-01445c31-acd2-4156-9067-5b7e1f624356'] response: {'name': 'network-changed', 'server_uuid': 'a4c50d65-e1f6-41db-b457-5486bc82349e', 'tag': '3fde51fd-ecbd-4d03-8931-1f43239fed2a', 'status': 'completed', 'code': 200}
2026-05-08 00:32:06.088 10 INFO neutron.wsgi [None req-efb7d904-815a-4c94-967a-b3a447387d62 0463e353845149b3925bd849625498db 1d5d15bc86544c60ada5cc17c75da708 - - default default] 10.0.0.54 "GET /v2.0/security-groups HTTP/1.1" status: 200 len: 30622 time: 0.0865386
2026-05-08 00:32:06.091 9 INFO neutron.db.l3_db [req-8b308d09-5a21-4f3f-a0fd-876671fb2256 req-f118486d-d223-4bb0-b4c3-336066cb8404 dcc34a1e3ce5420eb040fe1f9617d18e 6a86b9aca98a465fb419ccf81c6c54b0 - - default default] Floating IP 2cbd9db4-4fb7-4704-a92d-68ec17c6d785 disassociated. External IP: 10.96.250.204, port: 3fde51fd-ecbd-4d03-8931-1f43239fed2a.
2026-05-08 00:32:06.130 10 INFO neutron.wsgi [req-66f4d8c3-7f41-4a00-a832-a01e65da4cd8 req-74a84809-399b-40da-873a-ace469351090 3f8b8309b3ca466c8c300f1c89d3bcec f141bb3719024ae29a6a7b9890274bf6 - - 0447f99a6f7b4f63bba8b724b57b4524 0447f99a6f7b4f63bba8b724b57b4524] 199.204.45.140 "GET /v2.0/ports?tenant_id=6a86b9aca98a465fb419ccf81c6c54b0&device_id=a4c50d65-e1f6-41db-b457-5486bc82349e HTTP/1.1" status: 200 len: 1407 time: 0.0788805 /var/lib/openstack/lib/python3.10/site-packages/pycadf/identifier.py:71: UserWarning: Invalid uuid: neutron. To ensure interoperability, identifiers should be a valid uuid. warnings.warn(('Invalid uuid: %s. To ensure interoperability, '
2026-05-08 00:32:06.179 9 INFO neutron.notifiers.nova [-] Nova event matching ['req-0c0ad760-33d4-4d27-9f4c-6da1721ea2fb'] response: {'server_uuid': 'a4c50d65-e1f6-41db-b457-5486bc82349e', 'name': 'network-vif-unplugged', 'status': 'completed', 'tag': '3fde51fd-ecbd-4d03-8931-1f43239fed2a', 'code': 200}
2026-05-08 00:32:06.180 9 INFO neutron.notifiers.nova [-] Nova event matching ['req-0c0ad760-33d4-4d27-9f4c-6da1721ea2fb'] response: {'server_uuid': 'a4c50d65-e1f6-41db-b457-5486bc82349e', 'name': 'network-vif-plugged', 'status': 'completed', 'tag': '3fde51fd-ecbd-4d03-8931-1f43239fed2a', 'code': 200}
2026-05-08 00:32:06.193 10 INFO neutron.wsgi [None req-b793cd45-433d-461f-88c1-35e8e0f2610c 0463e353845149b3925bd849625498db 1d5d15bc86544c60ada5cc17c75da708 - - default default] 10.0.0.54 "GET /v2.0/subnets HTTP/1.1" status: 200 len: 3420 time: 0.0688577
2026-05-08 00:32:06.278 10 INFO neutron.wsgi [req-66f4d8c3-7f41-4a00-a832-a01e65da4cd8 req-5b42d0b3-3ebd-44ab-afa6-ae47e457ca6a 3f8b8309b3ca466c8c300f1c89d3bcec f141bb3719024ae29a6a7b9890274bf6 - - 0447f99a6f7b4f63bba8b724b57b4524 0447f99a6f7b4f63bba8b724b57b4524] 199.204.45.140 "GET /v2.0/networks?id=d2992d40-924e-4d4d-8e62-7d550b2decb3 HTTP/1.1" status: 200 len: 978 time: 0.1398721
2026-05-08 00:32:06.313 10 INFO neutron.wsgi [req-66f4d8c3-7f41-4a00-a832-a01e65da4cd8 req-83fec5c3-6716-4cf8-941c-b358b96414ce 3f8b8309b3ca466c8c300f1c89d3bcec f141bb3719024ae29a6a7b9890274bf6 - - 0447f99a6f7b4f63bba8b724b57b4524 0447f99a6f7b4f63bba8b724b57b4524] 199.204.45.140 "GET /v2.0/floatingips?fixed_ip_address=10.100.0.9&port_id=3fde51fd-ecbd-4d03-8931-1f43239fed2a HTTP/1.1" status: 200 len: 217 time: 0.0257821
2026-05-08 00:32:06.354 10 INFO neutron.wsgi [None req-92365262-b831-4ad9-b371-18e24e21223b 0463e353845149b3925bd849625498db 1d5d15bc86544c60ada5cc17c75da708 - - default default] 10.0.0.54 "GET /v2.0/routers HTTP/1.1" status: 200 len: 2223 time: 0.1576221
2026-05-08 00:32:06.365 10 INFO neutron.wsgi [req-66f4d8c3-7f41-4a00-a832-a01e65da4cd8 req-a9274839-c72b-453e-a578-f91e955e400d 3f8b8309b3ca466c8c300f1c89d3bcec f141bb3719024ae29a6a7b9890274bf6 - - 0447f99a6f7b4f63bba8b724b57b4524 0447f99a6f7b4f63bba8b724b57b4524] 199.204.45.140 "GET /v2.0/subnets?id=9017e4ea-8d5d-44a8-a932-74e477411bfe HTTP/1.1" status: 200 len: 873 time: 0.0409935
2026-05-08 00:32:06.379 10 INFO neutron.wsgi [None req-3a70128a-e695-4699-bc8c-3cbb11084edd 0463e353845149b3925bd849625498db 1d5d15bc86544c60ada5cc17c75da708 - - default default] 10.0.0.54 "GET /v2.0/agents?binary=ovn-controller HTTP/1.1" status: 200 len: 591 time: 0.0237846
2026-05-08 00:32:06.383 9 INFO neutron.wsgi [req-8b308d09-5a21-4f3f-a0fd-876671fb2256 req-f118486d-d223-4bb0-b4c3-336066cb8404 dcc34a1e3ce5420eb040fe1f9617d18e 6a86b9aca98a465fb419ccf81c6c54b0 - - default default] 199.204.45.140 "DELETE /v2.0/ports/3fde51fd-ecbd-4d03-8931-1f43239fed2a HTTP/1.1" status: 204 len: 173 time: 0.8518009
2026-05-08 00:32:06.399 10 INFO neutron.wsgi [req-4379af6b-0bf8-4bfd-8123-c97387e723b0 req-8330c18b-a4f0-46f5-a9a9-de9225687093 dcc34a1e3ce5420eb040fe1f9617d18e 6a86b9aca98a465fb419ccf81c6c54b0 - - default default] 10.0.0.107 "GET /v2.0/ports?device_id=a4c50d65-e1f6-41db-b457-5486bc82349e HTTP/1.1" status: 200 len: 210 time: 0.0323801
2026-05-08 00:32:06.404 10 INFO neutron.wsgi [None req-067716f4-7227-457c-a34f-a888ba30d72a 0463e353845149b3925bd849625498db 1d5d15bc86544c60ada5cc17c75da708 - - default default] 10.0.0.54 "GET /v2.0/network-ip-availabilities HTTP/1.1" status: 200 len: 2738 time: 0.0229478
2026-05-08 00:32:06.415 10 INFO neutron.wsgi [req-66f4d8c3-7f41-4a00-a832-a01e65da4cd8 req-1a6d9f2f-bef8-449b-8619-7d6748107885 3f8b8309b3ca466c8c300f1c89d3bcec f141bb3719024ae29a6a7b9890274bf6 - - 0447f99a6f7b4f63bba8b724b57b4524 0447f99a6f7b4f63bba8b724b57b4524] 199.204.45.140 "GET /v2.0/ports?network_id=d2992d40-924e-4d4d-8e62-7d550b2decb3&device_owner=network%3Adhcp HTTP/1.1" status: 200 len: 210 time: 0.0348299
2026-05-08 00:32:06.454 10 INFO neutron.wsgi [None req-e7e1b2cb-1c2b-4b75-94e1-6640144e1217 0463e353845149b3925bd849625498db 1d5d15bc86544c60ada5cc17c75da708 - - default default] 10.0.0.54 "GET /v2.0/ports HTTP/1.1" status: 200 len: 18213 time: 0.0444891
2026-05-08 00:32:06.478 10 INFO neutron.wsgi [None req-9fc52a6f-7932-43a6-b855-e890fb37ab01 0463e353845149b3925bd849625498db 1d5d15bc86544c60ada5cc17c75da708 - - default default] 10.0.0.54 "GET /v2.0/agents HTTP/1.1" status: 200 len: 997 time: 0.0123703
2026-05-08 00:32:06.511 10 INFO neutron.wsgi [None req-f599bdb5-db89-45bf-9d82-54d2a8e8af75 0463e353845149b3925bd849625498db 1d5d15bc86544c60ada5cc17c75da708 - - default default] 10.0.0.54 "GET /v2.0/subnets HTTP/1.1" status: 200 len: 3420 time: 0.0321510
2026-05-08 00:32:06.513 10 INFO neutron.wsgi [req-66f4d8c3-7f41-4a00-a832-a01e65da4cd8 req-f15d5569-e030-41ff-9649-465680c629a2 3f8b8309b3ca466c8c300f1c89d3bcec f141bb3719024ae29a6a7b9890274bf6 - - 0447f99a6f7b4f63bba8b724b57b4524 0447f99a6f7b4f63bba8b724b57b4524] 199.204.45.140 "GET /v2.0/networks/d2992d40-924e-4d4d-8e62-7d550b2decb3?fields=segments HTTP/1.1" status: 200 len: 212 time: 0.0851605
2026-05-08 00:32:06.521 10 INFO neutron.wsgi [None req-a9f0ea30-6126-4628-ba61-4d007b13a744 0463e353845149b3925bd849625498db 1d5d15bc86544c60ada5cc17c75da708 - - default default] 10.0.0.54 "GET /v2.0/subnetpools HTTP/1.1" status: 200 len: 193 time: 0.0080078
2026-05-08 00:32:06.587 10 INFO neutron.wsgi [None req-306341de-a0aa-4ca3-a939-86ee1600fb8c 0463e353845149b3925bd849625498db 1d5d15bc86544c60ada5cc17c75da708 - - default default] 10.0.0.54 "GET /v2.0/floatingips HTTP/1.1" status: 200 len: 1574 time: 0.0652468
2026-05-08 00:32:06.607 10 INFO neutron.wsgi [req-66f4d8c3-7f41-4a00-a832-a01e65da4cd8 req-7a3f5586-8201-41b3-95c9-f0b191d348e9 3f8b8309b3ca466c8c300f1c89d3bcec f141bb3719024ae29a6a7b9890274bf6 - - 0447f99a6f7b4f63bba8b724b57b4524 0447f99a6f7b4f63bba8b724b57b4524] 199.204.45.140 "GET /v2.0/networks/d2992d40-924e-4d4d-8e62-7d550b2decb3?fields=provider%3Aphysical_network&fields=provider%3Anetwork_type HTTP/1.1" status: 200 len: 277 time: 0.0815706
2026-05-08 00:32:07.207 9 INFO neutron.db.ovn_revision_numbers_db [None req-cb70d948-aa87-4c8f-93da-a0994c836f72 62d34d50c0194b90b0e96bf325f75fc3 c50e0cb5aee443d08b8adb0340ed9ed5 - - default default] Successfully bumped revision number for resource d3b29260-69ef-4841-9369-00318759f7a4 (type: security_groups) to 1
2026-05-08 00:32:07.243 9 INFO neutron.db.ovn_revision_numbers_db [None req-cb70d948-aa87-4c8f-93da-a0994c836f72 62d34d50c0194b90b0e96bf325f75fc3 c50e0cb5aee443d08b8adb0340ed9ed5 - - default default] Successfully bumped revision number for resource 2cf6c85a-5de3-443f-b6cf-358dca958971 (type: security_group_rules) to 0
2026-05-08 00:32:07.261 9 INFO neutron.db.ovn_revision_numbers_db [None req-cb70d948-aa87-4c8f-93da-a0994c836f72 62d34d50c0194b90b0e96bf325f75fc3 c50e0cb5aee443d08b8adb0340ed9ed5 - - default default] Successfully bumped revision number for resource 56b9500f-67b1-42d2-a33e-190ad6330b47 (type: security_group_rules) to 0
2026-05-08 00:32:07.281 9 INFO neutron.db.ovn_revision_numbers_db [None req-cb70d948-aa87-4c8f-93da-a0994c836f72 62d34d50c0194b90b0e96bf325f75fc3 c50e0cb5aee443d08b8adb0340ed9ed5 - - default default] Successfully bumped revision number for resource 5f024c18-f2bd-4d22-a399-f78a230bc108 (type: security_group_rules) to 0
2026-05-08 00:32:07.305 9 INFO neutron.db.ovn_revision_numbers_db [None req-cb70d948-aa87-4c8f-93da-a0994c836f72 62d34d50c0194b90b0e96bf325f75fc3 c50e0cb5aee443d08b8adb0340ed9ed5 - - default default] Successfully bumped revision number for resource 9987b308-db2c-4d97-91bd-f4b6857dd87e (type: security_group_rules) to 0
2026-05-08 00:32:07.384 9 INFO neutron.db.segments_db [None req-cb70d948-aa87-4c8f-93da-a0994c836f72 62d34d50c0194b90b0e96bf325f75fc3 c50e0cb5aee443d08b8adb0340ed9ed5 - - default default] Added segment 6916f778-a39b-41f9-831a-552b5e34997d of type geneve for network 2dea3d27-47ff-4085-b352-e87e00667b90
2026-05-08 00:32:07.395 9 INFO neutron.wsgi [None req-1906f821-7dee-46d7-9b62-bf3259d7e09f 0463e353845149b3925bd849625498db 1d5d15bc86544c60ada5cc17c75da708 - - default default] 10.0.0.117 "PUT /v2.0/routers/69f2c9da-8abc-4976-b9e3-1e489e960b6b/remove_router_interface HTTP/1.1" status: 200 len: 503 time: 1.4627430 /var/lib/openstack/lib/python3.10/site-packages/pycadf/identifier.py:71: UserWarning: Invalid uuid: neutron. To ensure interoperability, identifiers should be a valid uuid. warnings.warn(('Invalid uuid: %s. To ensure interoperability, '
2026-05-08 00:32:07.574 9 INFO neutron.db.ovn_revision_numbers_db [None req-cb70d948-aa87-4c8f-93da-a0994c836f72 62d34d50c0194b90b0e96bf325f75fc3 c50e0cb5aee443d08b8adb0340ed9ed5 - - default default] Successfully bumped revision number for resource 2dea3d27-47ff-4085-b352-e87e00667b90 (type: networks) to 1
2026-05-08 00:32:07.607 15 INFO neutron.plugins.ml2.drivers.ovn.mech_driver.ovsdb.maintenance [None req-3b2d6c6b-ba43-48ad-99dc-77ae7a9617dd - - - - - -] Maintenance task: Synchronization finished (took 0.96 seconds)
2026-05-08 00:32:07.695 9 INFO neutron.wsgi [None req-7e8395cd-52e8-4090-af83-712214dc0fae dcc34a1e3ce5420eb040fe1f9617d18e 6a86b9aca98a465fb419ccf81c6c54b0 - - default default] 10.0.0.117 "DELETE /v2.0/security-groups/9e316118-087f-4381-92f0-1d994ac64a21 HTTP/1.1" status: 204 len: 168 time: 0.2019000
2026-05-08 00:32:07.716 10 INFO neutron.api.v2.resource [None req-eaf81708-ffe9-4768-8cbc-8518b74a0227 dcc34a1e3ce5420eb040fe1f9617d18e 6a86b9aca98a465fb419ccf81c6c54b0 - - default default] show failed (client error): The resource could not be found.
2026-05-08 00:32:07.717 10 INFO neutron.wsgi [None req-eaf81708-ffe9-4768-8cbc-8518b74a0227 dcc34a1e3ce5420eb040fe1f9617d18e 6a86b9aca98a465fb419ccf81c6c54b0 - - default default] 10.0.0.117 "GET /v2.0/security-groups/9e316118-087f-4381-92f0-1d994ac64a21 HTTP/1.1" status: 404 len: 347 time: 0.0163293
2026-05-08 00:32:07.782 9 WARNING neutron.scheduler.dhcp_agent_scheduler [None req-cb70d948-aa87-4c8f-93da-a0994c836f72 62d34d50c0194b90b0e96bf325f75fc3 c50e0cb5aee443d08b8adb0340ed9ed5 - - default default] No more DHCP agents
2026-05-08 00:32:07.786 9 WARNING neutron.api.rpc.agentnotifiers.dhcp_rpc_agent_api [None req-cb70d948-aa87-4c8f-93da-a0994c836f72 62d34d50c0194b90b0e96bf325f75fc3 c50e0cb5aee443d08b8adb0340ed9ed5 - - default default] Unable to schedule network 2dea3d27-47ff-4085-b352-e87e00667b90: no agents available; will retry on subsequent port and subnet creation events.
2026-05-08 00:32:07.886 9 INFO neutron.db.ovn_revision_numbers_db [None req-cb70d948-aa87-4c8f-93da-a0994c836f72 62d34d50c0194b90b0e96bf325f75fc3 c50e0cb5aee443d08b8adb0340ed9ed5 - - default default] Successfully bumped revision number for resource 6ffc4112-6def-4c17-b639-2faefeda5c10 (type: ports) to 1
2026-05-08 00:32:07.919 9 INFO neutron.wsgi [None req-cb70d948-aa87-4c8f-93da-a0994c836f72 62d34d50c0194b90b0e96bf325f75fc3 c50e0cb5aee443d08b8adb0340ed9ed5 - - default default] 10.0.0.117 "POST /v2.0/networks HTTP/1.1" status: 201 len: 846 time: 1.1112096
2026-05-08 00:32:08.316 10 INFO neutron.wsgi [None req-fa3783b3-b500-4453-ac97-f6cc5a1a14ac 0463e353845149b3925bd849625498db 1d5d15bc86544c60ada5cc17c75da708 - - default default] 10.0.0.117 "DELETE /v2.0/routers/69f2c9da-8abc-4976-b9e3-1e489e960b6b HTTP/1.1" status: 204 len: 168 time: 0.9153812
2026-05-08 00:32:08.326 9 INFO neutron.notifiers.nova [-] Nova event matching ['req-34951d96-f087-46b6-ad99-a39391d032bf'] response: {'server_uuid': 'a4c50d65-e1f6-41db-b457-5486bc82349e', 'name': 'network-vif-deleted', 'tag': '3fde51fd-ecbd-4d03-8931-1f43239fed2a', 'status': 'completed', 'code': 200}
2026-05-08 00:32:08.450 9 INFO neutron.wsgi [None req-1f7bb2e2-b9c5-4c67-aff8-29fa835cfe47 dcc34a1e3ce5420eb040fe1f9617d18e 6a86b9aca98a465fb419ccf81c6c54b0 - - default default] 10.0.0.117 "DELETE /v2.0/floatingips/2cbd9db4-4fb7-4704-a92d-68ec17c6d785 HTTP/1.1" status: 204 len: 168 time: 0.7203865
2026-05-08 00:32:08.461 9 WARNING neutron.scheduler.dhcp_agent_scheduler [None req-c53cd1b7-fab3-431a-babc-266036e40079 62d34d50c0194b90b0e96bf325f75fc3 c50e0cb5aee443d08b8adb0340ed9ed5 - - default default] No more DHCP agents /var/lib/openstack/lib/python3.10/site-packages/pycadf/identifier.py:71: UserWarning: Invalid uuid: neutron. To ensure interoperability, identifiers should be a valid uuid. warnings.warn(('Invalid uuid: %s. To ensure interoperability, '
2026-05-08 00:32:08.469 9 WARNING neutron.api.rpc.agentnotifiers.dhcp_rpc_agent_api [None req-c53cd1b7-fab3-431a-babc-266036e40079 62d34d50c0194b90b0e96bf325f75fc3 c50e0cb5aee443d08b8adb0340ed9ed5 - - default default] Unable to schedule network 2dea3d27-47ff-4085-b352-e87e00667b90: no agents available; will retry on subsequent port and subnet creation events.
2026-05-08 00:32:08.526 10 INFO neutron.wsgi [None req-5f21473e-63f9-4b7b-8f2f-303dd86781c2 0463e353845149b3925bd849625498db 1d5d15bc86544c60ada5cc17c75da708 - - default default] 10.0.0.117 "DELETE /v2.0/subnets/089d1982-1c11-4e9c-bb8b-268cfd9f3ec2 HTTP/1.1" status: 204 len: 168 time: 0.2044873
2026-05-08 00:32:08.578 9 INFO neutron.db.ovn_revision_numbers_db [None req-c53cd1b7-fab3-431a-babc-266036e40079 62d34d50c0194b90b0e96bf325f75fc3 c50e0cb5aee443d08b8adb0340ed9ed5 - - default default] Successfully bumped revision number for resource f9c0df66-fe6a-4dd5-8ca9-ec184f5c965c (type: ports) to 1
2026-05-08 00:32:08.607 9 INFO neutron.wsgi [None req-c53cd1b7-fab3-431a-babc-266036e40079 62d34d50c0194b90b0e96bf325f75fc3 c50e0cb5aee443d08b8adb0340ed9ed5 - - default default] 10.0.0.117 "POST /v2.0/ports HTTP/1.1" status: 201 len: 978 time: 0.6829169
2026-05-08 00:32:08.730 10 INFO neutron.db.segments_db [None req-0ab12ef7-608e-4688-a928-f7beae6dbf6b 62d34d50c0194b90b0e96bf325f75fc3 c50e0cb5aee443d08b8adb0340ed9ed5 - - default default] Added segment d60f1c99-e5aa-48bd-bfa8-51442443b4aa of type geneve for network ee3a087c-6076-423f-8b75-da4ff9338bab
2026-05-08 00:32:08.937 10 INFO neutron.db.ovn_revision_numbers_db [None req-0ab12ef7-608e-4688-a928-f7beae6dbf6b 62d34d50c0194b90b0e96bf325f75fc3 c50e0cb5aee443d08b8adb0340ed9ed5 - - default default] Successfully bumped revision number for resource ee3a087c-6076-423f-8b75-da4ff9338bab (type: networks) to 1
2026-05-08 00:32:08.985 10 INFO neutron.services.segments.plugin [-] Segment 14cb676c-9f49-4b68-98d5-9ae685d6a256 resource provider aggregate not found
2026-05-08 00:32:08.990 10 INFO neutron.services.segments.plugin [-] Segment 14cb676c-9f49-4b68-98d5-9ae685d6a256 resource provider aggregate not found
2026-05-08 00:32:09.006 10 INFO neutron.services.segments.plugin [-] Segment 14cb676c-9f49-4b68-98d5-9ae685d6a256 resource provider not found; error: Placement Client Error (4xx): {"errors": [{"status": 404, "title": "Not Found", "detail": "The resource could not be found.\n\n No resource provider with uuid 14cb676c-9f49-4b68-98d5-9ae685d6a256 found for delete ", "request_id": "req-c2efccbe-b841-4a20-a2b2-177ebbbea7e8"}]}
2026-05-08 00:32:09.008 10 INFO neutron.services.segments.plugin [-] Segment 14cb676c-9f49-4b68-98d5-9ae685d6a256 resource provider not found; error: Placement Client Error (4xx): {"errors": [{"status": 404, "title": "Not Found", "detail": "The resource could not be found.\n\n No resource provider with uuid 14cb676c-9f49-4b68-98d5-9ae685d6a256 found for delete ", "request_id": "req-a361216c-3269-4fd6-a6ee-0d472c920e75"}]}
2026-05-08 00:32:09.042 10 INFO neutron.wsgi [None req-0e3cf96b-ad98-4b67-baa4-7712697b4998 0463e353845149b3925bd849625498db 1d5d15bc86544c60ada5cc17c75da708 - - default default] 10.0.0.117 "DELETE /v2.0/networks/74af1962-9fd6-425d-854b-4ffe1cb5635d HTTP/1.1" status: 204 len: 168 time: 0.5121236
2026-05-08 00:32:09.159 10 WARNING neutron.scheduler.dhcp_agent_scheduler [None req-0ab12ef7-608e-4688-a928-f7beae6dbf6b 62d34d50c0194b90b0e96bf325f75fc3 c50e0cb5aee443d08b8adb0340ed9ed5 - - default default] No more DHCP agents
2026-05-08 00:32:09.162 10 WARNING neutron.api.rpc.agentnotifiers.dhcp_rpc_agent_api [None req-0ab12ef7-608e-4688-a928-f7beae6dbf6b 62d34d50c0194b90b0e96bf325f75fc3 c50e0cb5aee443d08b8adb0340ed9ed5 - - default default] Unable to schedule network ee3a087c-6076-423f-8b75-da4ff9338bab: no agents available; will retry on subsequent port and subnet creation events. /var/lib/openstack/lib/python3.10/site-packages/pycadf/identifier.py:71: UserWarning: Invalid uuid: neutron. To ensure interoperability, identifiers should be a valid uuid. warnings.warn(('Invalid uuid: %s. To ensure interoperability, '
2026-05-08 00:32:09.243 10 INFO neutron.db.ovn_revision_numbers_db [None req-0ab12ef7-608e-4688-a928-f7beae6dbf6b 62d34d50c0194b90b0e96bf325f75fc3 c50e0cb5aee443d08b8adb0340ed9ed5 - - default default] Successfully bumped revision number for resource 71a6744a-d7d6-4237-b9f4-6b14c032afd7 (type: ports) to 1
2026-05-08 00:32:09.266 10 INFO neutron.wsgi [None req-0ab12ef7-608e-4688-a928-f7beae6dbf6b 62d34d50c0194b90b0e96bf325f75fc3 c50e0cb5aee443d08b8adb0340ed9ed5 - - default default] 10.0.0.117 "POST /v2.0/networks HTTP/1.1" status: 201 len: 834 time: 0.6520286
2026-05-08 00:32:09.278 9 INFO neutron.wsgi [None req-a788059f-0fbc-427a-aa58-a857683d8173 0463e353845149b3925bd849625498db 1d5d15bc86544c60ada5cc17c75da708 - - default default] 10.0.0.117 "GET /v2.0/security-groups?tenant_id=0b2993e83ede4f8f980db4a667b5029e&name=default HTTP/1.1" status: 200 len: 2996 time: 0.0762861
2026-05-08 00:32:09.467 10 INFO neutron.wsgi [None req-28f8bde3-2bbf-4499-a335-b8d27e34b373 0463e353845149b3925bd849625498db 1d5d15bc86544c60ada5cc17c75da708 - - default default] 10.0.0.117 "DELETE /v2.0/security-groups/f197a9d6-84b9-4c77-a1f9-c8742471cbec HTTP/1.1" status: 204 len: 168 time: 0.1844778
2026-05-08 00:32:09.581 9 INFO neutron.wsgi [None req-a8464b72-771c-41fa-a683-6975ee8a5c72 0463e353845149b3925bd849625498db 1d5d15bc86544c60ada5cc17c75da708 - - default default] 10.0.0.117 "PUT /v2.0/routers/67838937-989f-42be-bbda-bcfbce9e3ad6/remove_router_interface HTTP/1.1" status: 200 len: 503 time: 1.1188591 /var/lib/openstack/lib/python3.10/site-packages/pycadf/identifier.py:71: UserWarning: Invalid uuid: neutron. To ensure interoperability, identifiers should be a valid uuid. warnings.warn(('Invalid uuid: %s. To ensure interoperability, '
2026-05-08 00:32:09.623 9 WARNING neutron.scheduler.dhcp_agent_scheduler [None req-3be28a37-fe18-4402-b0d4-601d4f682848 62d34d50c0194b90b0e96bf325f75fc3 c50e0cb5aee443d08b8adb0340ed9ed5 - - default default] No more DHCP agents
2026-05-08 00:32:09.625 10 INFO neutron.wsgi [req-49f9f318-66ab-4523-a9b1-d6934e0eb456 req-d6c792bb-7b5d-4cd0-951e-dbbce5d7d148 f7326ac6f4524b669bd782504f9773ef 4bf5e44dd4fa4d7c8e8075d1a267b10e - - default default] 10.0.0.107 "GET /v2.0/ports?device_id=e55206d3-a495-40de-892b-dbff2f6e7955 HTTP/1.1" status: 200 len: 1170 time: 0.1144149
2026-05-08 00:32:09.627 9 WARNING neutron.api.rpc.agentnotifiers.dhcp_rpc_agent_api [None req-3be28a37-fe18-4402-b0d4-601d4f682848 62d34d50c0194b90b0e96bf325f75fc3 c50e0cb5aee443d08b8adb0340ed9ed5 - - default default] Unable to schedule network ee3a087c-6076-423f-8b75-da4ff9338bab: no agents available; will retry on subsequent port and subnet creation events.
2026-05-08 00:32:09.674 9 INFO neutron.db.ovn_revision_numbers_db [None req-3be28a37-fe18-4402-b0d4-601d4f682848 62d34d50c0194b90b0e96bf325f75fc3 c50e0cb5aee443d08b8adb0340ed9ed5 - - default default] Successfully bumped revision number for resource da23aa72-9e32-49fd-8f99-b74dd348a388 (type: subnets) to 0
2026-05-08 00:32:09.720 9 INFO neutron.wsgi [None req-3be28a37-fe18-4402-b0d4-601d4f682848 62d34d50c0194b90b0e96bf325f75fc3 c50e0cb5aee443d08b8adb0340ed9ed5 - - default default] 10.0.0.117 "POST /v2.0/subnets HTTP/1.1" status: 201 len: 821 time: 0.4389043
2026-05-08 00:32:09.854 9 INFO neutron.wsgi [req-23d39acd-070b-47c7-b678-6ba5038c5920 req-c9ade8a4-24a7-4116-8081-bce5d81542fe f7326ac6f4524b669bd782504f9773ef 4bf5e44dd4fa4d7c8e8075d1a267b10e - - default default] 10.0.0.107 "GET /v2.0/ports/04c9ce8e-6097-4150-9f4c-def090260109 HTTP/1.1" status: 200 len: 1167 time: 0.1733239
2026-05-08 00:32:10.044 10 INFO neutron.wsgi [req-062a87a6-68ff-49c0-897b-91a6f76c2ff8 req-d57c7091-b210-472a-99bb-da103af38f13 f7326ac6f4524b669bd782504f9773ef 4bf5e44dd4fa4d7c8e8075d1a267b10e - - default default] 199.204.45.140 "GET /v2.0/subnets?network_id=2fd8d540-88b5-4d1b-a5ec-d3f5de705125 HTTP/1.1" status: 200 len: 859 time: 0.0513911
2026-05-08 00:32:10.103 10 INFO neutron.wsgi [req-062a87a6-68ff-49c0-897b-91a6f76c2ff8 req-582fafcb-28a1-48e9-8262-c12e318d023b f7326ac6f4524b669bd782504f9773ef 4bf5e44dd4fa4d7c8e8075d1a267b10e - - default default] 199.204.45.140 "GET /v2.0/ports?device_id=e55206d3-a495-40de-892b-dbff2f6e7955&device_owner=compute%3Anova&network_id=2fd8d540-88b5-4d1b-a5ec-d3f5de705125 HTTP/1.1" status: 200 len: 1170 time: 0.0543189
2026-05-08 00:32:10.185 9 WARNING neutron.scheduler.dhcp_agent_scheduler [None req-1783580b-f824-4ead-88bb-023cbf898823 62d34d50c0194b90b0e96bf325f75fc3 c50e0cb5aee443d08b8adb0340ed9ed5 - - default default] No more DHCP agents
2026-05-08 00:32:10.189 9 WARNING neutron.api.rpc.agentnotifiers.dhcp_rpc_agent_api [None req-1783580b-f824-4ead-88bb-023cbf898823 62d34d50c0194b90b0e96bf325f75fc3 c50e0cb5aee443d08b8adb0340ed9ed5 - - default default] Unable to schedule network ee3a087c-6076-423f-8b75-da4ff9338bab: no agents available; will retry on subsequent port and subnet creation events.
2026-05-08 00:32:10.588 10 INFO neutron.db.ovn_revision_numbers_db [req-062a87a6-68ff-49c0-897b-91a6f76c2ff8 req-7c2096ac-9037-4642-a99a-c6a3e3a00b29 f7326ac6f4524b669bd782504f9773ef 4bf5e44dd4fa4d7c8e8075d1a267b10e - - default default] Successfully bumped revision number for resource 04c9ce8e-6097-4150-9f4c-def090260109 (type: ports) to 5
2026-05-08 00:32:10.601 10 INFO neutron.wsgi [req-062a87a6-68ff-49c0-897b-91a6f76c2ff8 req-7c2096ac-9037-4642-a99a-c6a3e3a00b29 f7326ac6f4524b669bd782504f9773ef 4bf5e44dd4fa4d7c8e8075d1a267b10e - - default default] 199.204.45.140 "PUT /v2.0/ports/04c9ce8e-6097-4150-9f4c-def090260109 HTTP/1.1" status: 200 len: 1349 time: 0.4930439 /var/lib/openstack/lib/python3.10/site-packages/pycadf/identifier.py:71: UserWarning: Invalid uuid: neutron. To ensure interoperability, identifiers should be a valid uuid. warnings.warn(('Invalid uuid: %s. To ensure interoperability, '
2026-05-08 00:32:10.645 10 INFO neutron.notifiers.nova [-] Nova event matching ['req-44ad8cca-4063-471d-860d-d519bb25bfc9'] response: {'name': 'network-changed', 'server_uuid': 'e55206d3-a495-40de-892b-dbff2f6e7955', 'tag': '04c9ce8e-6097-4150-9f4c-def090260109', 'status': 'completed', 'code': 200}
2026-05-08 00:32:10.660 10 INFO neutron.wsgi [req-062a87a6-68ff-49c0-897b-91a6f76c2ff8 req-207397db-1210-4fa4-b407-6b8387e3550c 3f8b8309b3ca466c8c300f1c89d3bcec f141bb3719024ae29a6a7b9890274bf6 - - 0447f99a6f7b4f63bba8b724b57b4524 0447f99a6f7b4f63bba8b724b57b4524] 199.204.45.140 "GET /v2.0/ports?tenant_id=4bf5e44dd4fa4d7c8e8075d1a267b10e&device_id=e55206d3-a495-40de-892b-dbff2f6e7955 HTTP/1.1" status: 200 len: 1590 time: 0.0353484
2026-05-08 00:32:10.663 9 INFO neutron.db.ovn_revision_numbers_db [None req-1783580b-f824-4ead-88bb-023cbf898823 62d34d50c0194b90b0e96bf325f75fc3 c50e0cb5aee443d08b8adb0340ed9ed5 - - default default] Successfully bumped revision number for resource b1d12ad8-c914-451a-9fe5-31b697e0ed0e (type: ports) to 1
2026-05-08 00:32:10.691 9 INFO neutron.wsgi [None req-837eb76d-362d-4aeb-983c-2ce37991753c 0463e353845149b3925bd849625498db 1d5d15bc86544c60ada5cc17c75da708 - - default default] 10.0.0.117 "DELETE /v2.0/routers/67838937-989f-42be-bbda-bcfbce9e3ad6 HTTP/1.1" status: 204 len: 168 time: 1.0955307
2026-05-08 00:32:10.694 9 INFO neutron.wsgi [None req-1783580b-f824-4ead-88bb-023cbf898823 62d34d50c0194b90b0e96bf325f75fc3 c50e0cb5aee443d08b8adb0340ed9ed5 - - default default] 10.0.0.117 "POST /v2.0/ports HTTP/1.1" status: 201 len: 1164 time: 0.9667668 /var/lib/openstack/lib/python3.10/site-packages/pycadf/identifier.py:71: UserWarning: Invalid uuid: neutron. To ensure interoperability, identifiers should be a valid uuid. warnings.warn(('Invalid uuid: %s. To ensure interoperability, '
2026-05-08 00:32:10.743 10 INFO neutron.wsgi [req-062a87a6-68ff-49c0-897b-91a6f76c2ff8 req-450f7cff-1f1e-4c43-9805-574c19227bdc 3f8b8309b3ca466c8c300f1c89d3bcec f141bb3719024ae29a6a7b9890274bf6 - - 0447f99a6f7b4f63bba8b724b57b4524 0447f99a6f7b4f63bba8b724b57b4524] 199.204.45.140 "GET /v2.0/networks?id=2fd8d540-88b5-4d1b-a5ec-d3f5de705125 HTTP/1.1" status: 200 len: 981 time: 0.0771165
2026-05-08 00:32:10.774 10 INFO neutron.wsgi [req-062a87a6-68ff-49c0-897b-91a6f76c2ff8 req-c4dcaf11-f73e-46d0-97e8-c9f782a4ccfa 3f8b8309b3ca466c8c300f1c89d3bcec f141bb3719024ae29a6a7b9890274bf6 - - 0447f99a6f7b4f63bba8b724b57b4524 0447f99a6f7b4f63bba8b724b57b4524] 199.204.45.140 "GET /v2.0/floatingips?fixed_ip_address=10.100.0.12&port_id=04c9ce8e-6097-4150-9f4c-def090260109 HTTP/1.1" status: 200 len: 217 time: 0.0248659
2026-05-08 00:32:10.807 10 INFO neutron.wsgi [-] 10.0.0.213 "GET / HTTP/1.1" status: 200 len: 247 time: 0.0012097
2026-05-08 00:32:10.809 10 INFO neutron.wsgi [-] 10.0.0.213 "GET / HTTP/1.1" status: 200 len: 247 time: 0.0008647
2026-05-08 00:32:10.827 10 INFO neutron.wsgi [req-062a87a6-68ff-49c0-897b-91a6f76c2ff8 req-4928a0be-deb3-4f12-90b4-c3a3f463a2df 3f8b8309b3ca466c8c300f1c89d3bcec f141bb3719024ae29a6a7b9890274bf6 - - 0447f99a6f7b4f63bba8b724b57b4524 0447f99a6f7b4f63bba8b724b57b4524] 199.204.45.140 "GET /v2.0/floatingips?fixed_ip_address=10.100.0.5&port_id=04c9ce8e-6097-4150-9f4c-def090260109 HTTP/1.1" status: 200 len: 1059 time: 0.0464478
2026-05-08 00:32:10.891 10 INFO neutron.wsgi [req-062a87a6-68ff-49c0-897b-91a6f76c2ff8 req-f5da858c-83f8-4722-a4ac-ad3d31b7a45f 3f8b8309b3ca466c8c300f1c89d3bcec f141bb3719024ae29a6a7b9890274bf6 - - 0447f99a6f7b4f63bba8b724b57b4524 0447f99a6f7b4f63bba8b724b57b4524] 199.204.45.140 "GET /v2.0/subnets?id=fb8d179b-141d-4d7f-9114-052417c2dd31 HTTP/1.1" status: 200 len: 877 time: 0.0494528
2026-05-08 00:32:10.893 9 INFO neutron.wsgi [None req-f34d156d-8aeb-4a24-96c3-33def981a5dc 0463e353845149b3925bd849625498db 1d5d15bc86544c60ada5cc17c75da708 - - default default] 10.0.0.117 "DELETE /v2.0/subnets/9017e4ea-8d5d-44a8-a932-74e477411bfe HTTP/1.1" status: 204 len: 168 time: 0.1969533
2026-05-08 00:32:10.927 10 INFO neutron.wsgi [req-062a87a6-68ff-49c0-897b-91a6f76c2ff8 req-b88bc2d6-a9c7-4e6b-b701-8c45e0a12663 3f8b8309b3ca466c8c300f1c89d3bcec f141bb3719024ae29a6a7b9890274bf6 - - 0447f99a6f7b4f63bba8b724b57b4524 0447f99a6f7b4f63bba8b724b57b4524] 199.204.45.140 "GET /v2.0/ports?network_id=2fd8d540-88b5-4d1b-a5ec-d3f5de705125&device_owner=network%3Adhcp HTTP/1.1" status: 200 len: 210 time: 0.0280759
2026-05-08 00:32:11.009 10 INFO neutron.wsgi [req-062a87a6-68ff-49c0-897b-91a6f76c2ff8 req-96caccee-61ad-40bf-b3fd-8f0c594be731 3f8b8309b3ca466c8c300f1c89d3bcec f141bb3719024ae29a6a7b9890274bf6 - - 0447f99a6f7b4f63bba8b724b57b4524 0447f99a6f7b4f63bba8b724b57b4524] 199.204.45.140 "GET /v2.0/networks/2fd8d540-88b5-4d1b-a5ec-d3f5de705125?fields=segments HTTP/1.1" status: 200 len: 212 time: 0.0654290
2026-05-08 00:32:11.075 10 INFO neutron.wsgi [None req-4180ee20-ae84-43de-846e-0e0fe812687e 62d34d50c0194b90b0e96bf325f75fc3 c50e0cb5aee443d08b8adb0340ed9ed5 - - default default] 10.0.0.117 "DELETE /v2.0/ports/b1d12ad8-c914-451a-9fe5-31b697e0ed0e HTTP/1.1" status: 204 len: 168 time: 0.3633268
