2026-05-08 00:34:25.532 9 INFO neutron.db.ovn_revision_numbers_db [None req-7f26550b-c19c-4b1b-8f86-ceaebfe54ddd 0463e353845149b3925bd849625498db 1d5d15bc86544c60ada5cc17c75da708 - - default default] Successfully bumped revision number for resource 80159e9a-3e34-47b2-8718-13977d40ac73 (type: security_group_rules) to 0
2026-05-08 00:34:25.546 9 INFO neutron.db.ovn_revision_numbers_db [None req-7f26550b-c19c-4b1b-8f86-ceaebfe54ddd 0463e353845149b3925bd849625498db 1d5d15bc86544c60ada5cc17c75da708 - - default default] Successfully bumped revision number for resource e7d978e2-123d-4a7a-a289-03a76f5bdb14 (type: security_group_rules) to 0
2026-05-08 00:34:25.568 9 INFO neutron.wsgi [None req-7f26550b-c19c-4b1b-8f86-ceaebfe54ddd 0463e353845149b3925bd849625498db 1d5d15bc86544c60ada5cc17c75da708 - - default default] 10.0.0.117 "GET /v2.0/security-groups?tenant_id=19da4b4fb4e340c4927cc26dfe1bf1e6&name=default HTTP/1.1" status: 200 len: 2996 time: 0.2958772
2026-05-08 00:34:25.794 9 INFO neutron.wsgi [None req-f6079000-bf16-4970-9ea1-92ff2cd73adf 0463e353845149b3925bd849625498db 1d5d15bc86544c60ada5cc17c75da708 - - default default] 10.0.0.117 "DELETE /v2.0/security-groups/d8bf6e87-2f7d-47d5-9ad5-74d5667f4f98 HTTP/1.1" status: 204 len: 168 time: 0.2206042
2026-05-08 00:34:25.809 9 INFO neutron.wsgi [-] 10.0.0.213 "GET / HTTP/1.1" status: 200 len: 247 time: 0.0027342
2026-05-08 00:34:25.812 9 INFO neutron.wsgi [-] 10.0.0.213 "GET / HTTP/1.1" status: 200 len: 247 time: 0.0020578
2026-05-08 00:34:25.867 10 WARNING neutron.plugins.ml2.drivers.ovn.mech_driver.ovsdb.ovn_client [None req-19c09000-c697-40ab-ad22-53a8c9c4a4e4 - - - - - -] No hosting information found for port 77fe4234-c948-410c-a600-ada92f48c694: RuntimeError: No hosting information found for port 77fe4234-c948-410c-a600-ada92f48c694
2026-05-08 00:34:25.868 10 INFO neutron.plugins.ml2.drivers.ovn.mech_driver.mech_driver [None req-19c09000-c697-40ab-ad22-53a8c9c4a4e4 - - - - - -] OVN reports status up for port: bb513a36-e041-4be6-aac7-be61675f0f1e
2026-05-08 00:34:25.877 10 INFO neutron.plugins.ml2.plugin [None req-19c09000-c697-40ab-ad22-53a8c9c4a4e4 - - - - - -] Attempt 1 to provision port bb513a36-e041-4be6-aac7-be61675f0f1e
2026-05-08 00:34:25.984 10 INFO neutron.notifiers.nova [-] Nova event matching ['req-c0cf5e5e-b1bd-4d2c-83ae-391c3dd6a7f6'] response: {'server_uuid': '487a5889-1c42-4b5f-b5f4-e90dcc3ccd6e', 'name': 'network-vif-plugged', 'status': 'completed', 'tag': 'bb513a36-e041-4be6-aac7-be61675f0f1e', 'code': 200}
2026-05-08 00:34:26.007 9 INFO neutron.db.ovn_revision_numbers_db [None req-941de9d7-6d1a-46d2-ae5c-07872df9786a 0463e353845149b3925bd849625498db 1d5d15bc86544c60ada5cc17c75da708 - - default default] Successfully bumped revision number for resource 32b51bac-6dc0-4f25-97ed-9f8e5fb56c1a (type: security_groups) to 1
2026-05-08 00:34:26.028 9 INFO neutron.db.ovn_revision_numbers_db [None req-941de9d7-6d1a-46d2-ae5c-07872df9786a 0463e353845149b3925bd849625498db 1d5d15bc86544c60ada5cc17c75da708 - - default default] Successfully bumped revision number for resource 105d4330-3674-4c34-96f2-9e0fecb415e0 (type: security_group_rules) to 0
2026-05-08 00:34:26.048 9 INFO neutron.db.ovn_revision_numbers_db [None req-941de9d7-6d1a-46d2-ae5c-07872df9786a 0463e353845149b3925bd849625498db 1d5d15bc86544c60ada5cc17c75da708 - - default default] Successfully bumped revision number for resource 30313a3c-b310-493a-b455-66e1960a4b5a (type: security_group_rules) to 0
2026-05-08 00:34:26.068 10 INFO neutron.wsgi [req-b2ac2103-2ee3-4182-a379-d8c3e7e8d723 req-28d22423-c9c9-4909-b0f1-ff4292a447ea 28e8ddf6119347d7bd387750dbd67bc8 7ad7f7049cf24df3908e173f35e53b2b - - default default] 10.0.0.107 "GET /v2.0/ports?device_id=487a5889-1c42-4b5f-b5f4-e90dcc3ccd6e HTTP/1.1" status: 200 len: 1174 time: 0.0392210
2026-05-08 00:34:26.078 9 INFO neutron.db.ovn_revision_numbers_db [None req-941de9d7-6d1a-46d2-ae5c-07872df9786a 0463e353845149b3925bd849625498db 1d5d15bc86544c60ada5cc17c75da708 - - default default] Successfully bumped revision number for resource 5ca3787f-6aa6-4edf-9b8e-200752887ae0 (type: security_group_rules) to 0
2026-05-08 00:34:26.097 9 INFO neutron.db.ovn_revision_numbers_db [None req-941de9d7-6d1a-46d2-ae5c-07872df9786a 0463e353845149b3925bd849625498db 1d5d15bc86544c60ada5cc17c75da708 - - default default] Successfully bumped revision number for resource bddfdfc8-ab59-4818-ad49-062cf0294305 (type: security_group_rules) to 0
2026-05-08 00:34:26.112 9 INFO neutron.wsgi [req-5a46f64c-2754-401a-b217-ace8d511eabd req-02df9799-8a8c-4988-af93-c31efb087d82 cf8adbd87da2496f9fd8738549069a43 27035b6a927844888ba419c7cca09a9e - - default default] 10.0.0.107 "GET /v2.0/ports?device_id=d78a6e37-8b89-4e18-9798-03e235d169fc HTTP/1.1" status: 200 len: 1398 time: 0.0945232
2026-05-08 00:34:26.127 9 INFO neutron.wsgi [None req-941de9d7-6d1a-46d2-ae5c-07872df9786a 0463e353845149b3925bd849625498db 1d5d15bc86544c60ada5cc17c75da708 - - default default] 10.0.0.117 "GET /v2.0/security-groups?tenant_id=21cd23ea0f924945ab963078129c347c&name=default HTTP/1.1" status: 200 len: 2996 time: 0.2312455
2026-05-08 00:34:26.166 9 INFO neutron.wsgi [req-5a46f64c-2754-401a-b217-ace8d511eabd req-fa6b964b-a506-4846-90c3-4f2af48ca38e cf8adbd87da2496f9fd8738549069a43 27035b6a927844888ba419c7cca09a9e - - default default] 10.0.0.107 "GET /v2.0/security-groups?id=58a1ef27-19f1-453f-84a1-fe28c7bd42c2&fields=id&fields=name HTTP/1.1" status: 200 len: 311 time: 0.0460093
2026-05-08 00:34:26.346 9 INFO neutron.wsgi [None req-cb63e4f9-1fac-48a5-8090-3908cd4de76f 0463e353845149b3925bd849625498db 1d5d15bc86544c60ada5cc17c75da708 - - default default] 10.0.0.117 "DELETE /v2.0/security-groups/32b51bac-6dc0-4f25-97ed-9f8e5fb56c1a HTTP/1.1" status: 204 len: 168 time: 0.2125463
2026-05-08 00:34:26.421 10 INFO neutron.wsgi [req-b2ac2103-2ee3-4182-a379-d8c3e7e8d723 req-df09bb1f-9be6-40ec-aa8b-a7028b9dbbcb 28e8ddf6119347d7bd387750dbd67bc8 7ad7f7049cf24df3908e173f35e53b2b - - default default] 10.0.0.107 "GET /v2.0/security-groups?id=c7c82bf7-1c15-4faa-84b7-dda1a26214aa&fields=id&fields=name HTTP/1.1" status: 200 len: 286 time: 0.3450177
2026-05-08 00:34:26.437 10 INFO neutron.wsgi [req-bfebc717-4a43-47ed-a476-c79d6107c682 req-ad5defa8-3c22-4639-993a-34ac232c3c0b 3f8b8309b3ca466c8c300f1c89d3bcec f141bb3719024ae29a6a7b9890274bf6 - - 0447f99a6f7b4f63bba8b724b57b4524 0447f99a6f7b4f63bba8b724b57b4524] 10.0.0.241 "GET /v2.0/ports?device_id=91c734ae-d607-4a13-a8a9-75f7c17c77dc HTTP/1.1" status: 200 len: 1413 time: 0.0449207
2026-05-08 00:34:26.469 10 INFO neutron.db.ovn_revision_numbers_db [None req-19c09000-c697-40ab-ad22-53a8c9c4a4e4 - - - - - -] Successfully bumped revision number for resource bb513a36-e041-4be6-aac7-be61675f0f1e (type: ports) to 4
2026-05-08 00:34:26.497 10 INFO neutron.wsgi [req-bfebc717-4a43-47ed-a476-c79d6107c682 req-2b4179a8-0725-4be5-b91a-ed3d520d12aa 3f8b8309b3ca466c8c300f1c89d3bcec f141bb3719024ae29a6a7b9890274bf6 - - 0447f99a6f7b4f63bba8b724b57b4524 0447f99a6f7b4f63bba8b724b57b4524] 10.0.0.241 "GET /v2.0/security-groups?id=1afae015-2428-467a-acb9-fd2768548a23&fields=id&fields=name HTTP/1.1" status: 200 len: 313 time: 0.0503695
2026-05-08 00:34:26.516 10 INFO neutron.plugins.ml2.drivers.ovn.mech_driver.mech_driver [None req-19c09000-c697-40ab-ad22-53a8c9c4a4e4 - - - - - -] OVN reports status up for port: f6e6c5af-ffa2-4ba6-bd96-94895752849b
2026-05-08 00:34:26.528 10 INFO neutron.plugins.ml2.plugin [None req-19c09000-c697-40ab-ad22-53a8c9c4a4e4 - - - - - -] Attempt 1 to provision port f6e6c5af-ffa2-4ba6-bd96-94895752849b
2026-05-08 00:34:26.782 10 INFO neutron.db.ovn_revision_numbers_db [None req-19c09000-c697-40ab-ad22-53a8c9c4a4e4 - - - - - -] Successfully bumped revision number for resource f6e6c5af-ffa2-4ba6-bd96-94895752849b (type: ports) to 4 /var/lib/openstack/lib/python3.10/site-packages/pycadf/identifier.py:71: UserWarning: Invalid uuid: neutron. To ensure interoperability, identifiers should be a valid uuid. warnings.warn(('Invalid uuid: %s. To ensure interoperability, '
2026-05-08 00:34:27.568 10 INFO neutron.wsgi [req-d2f06cba-c4d4-47a0-915d-af4cb01c73d6 req-a5f69e29-4a80-409f-901f-e917754bf71b 28e8ddf6119347d7bd387750dbd67bc8 7ad7f7049cf24df3908e173f35e53b2b - - default default] 10.0.0.107 "GET /v2.0/ports?device_id=487a5889-1c42-4b5f-b5f4-e90dcc3ccd6e HTTP/1.1" status: 200 len: 1174 time: 0.0763357
2026-05-08 00:34:27.616 10 INFO neutron.wsgi [req-d2f06cba-c4d4-47a0-915d-af4cb01c73d6 req-1e50b983-52ea-41f4-8d96-f298f87a2fa4 28e8ddf6119347d7bd387750dbd67bc8 7ad7f7049cf24df3908e173f35e53b2b - - default default] 10.0.0.107 "GET /v2.0/security-groups?id=c7c82bf7-1c15-4faa-84b7-dda1a26214aa&fields=id&fields=name HTTP/1.1" status: 200 len: 286 time: 0.0396504
2026-05-08 00:34:28.036 10 INFO neutron.notifiers.nova [-] Nova event matching ['req-e653ba4b-f4e6-4474-8abb-3ec442f0e831'] response: {'server_uuid': '487a5889-1c42-4b5f-b5f4-e90dcc3ccd6e', 'name': 'network-vif-plugged', 'status': 'completed', 'tag': 'bb513a36-e041-4be6-aac7-be61675f0f1e', 'code': 200}
2026-05-08 00:34:28.036 10 INFO neutron.notifiers.nova [-] Nova event matching ['req-e653ba4b-f4e6-4474-8abb-3ec442f0e831'] response: {'server_uuid': 'd78a6e37-8b89-4e18-9798-03e235d169fc', 'name': 'network-vif-plugged', 'status': 'completed', 'tag': 'f6e6c5af-ffa2-4ba6-bd96-94895752849b', 'code': 200}
2026-05-08 00:34:28.037 10 INFO neutron.notifiers.nova [-] Nova event matching ['req-e653ba4b-f4e6-4474-8abb-3ec442f0e831'] response: {'server_uuid': 'd78a6e37-8b89-4e18-9798-03e235d169fc', 'name': 'network-vif-plugged', 'status': 'completed', 'tag': 'f6e6c5af-ffa2-4ba6-bd96-94895752849b', 'code': 200}
2026-05-08 00:34:28.124 10 INFO neutron.plugins.ml2.drivers.ovn.mech_driver.mech_driver [None req-19c09000-c697-40ab-ad22-53a8c9c4a4e4 - - - - - -] OVN reports status down for port: bb513a36-e041-4be6-aac7-be61675f0f1e
2026-05-08 00:34:28.179 9 INFO neutron.wsgi [req-e8866ec1-caca-4802-a1e0-7ad70ee5fe94 req-816f76be-b68f-4b87-8763-cf1e3072c375 28e8ddf6119347d7bd387750dbd67bc8 7ad7f7049cf24df3908e173f35e53b2b - - default default] 10.0.0.107 "GET /v2.0/ports?device_id=487a5889-1c42-4b5f-b5f4-e90dcc3ccd6e HTTP/1.1" status: 200 len: 1174 time: 0.1026635
2026-05-08 00:34:28.254 9 INFO neutron.wsgi [req-e8866ec1-caca-4802-a1e0-7ad70ee5fe94 req-5a2d3863-cbd1-48b6-a493-2d5797184e03 28e8ddf6119347d7bd387750dbd67bc8 7ad7f7049cf24df3908e173f35e53b2b - - default default] 10.0.0.107 "GET /v2.0/security-groups?id=c7c82bf7-1c15-4faa-84b7-dda1a26214aa&fields=id&fields=name HTTP/1.1" status: 200 len: 286 time: 0.0642085
2026-05-08 00:34:28.467 10 INFO neutron.db.ovn_revision_numbers_db [None req-19c09000-c697-40ab-ad22-53a8c9c4a4e4 - - - - - -] Successfully bumped revision number for resource bb513a36-e041-4be6-aac7-be61675f0f1e (type: ports) to 5
2026-05-08 00:34:28.472 9 INFO neutron.wsgi [req-61e3b66e-3e64-4ae7-bb59-496343012764 req-fb5a155b-23a2-4d3b-855f-5723e9490c95 28e8ddf6119347d7bd387750dbd67bc8 7ad7f7049cf24df3908e173f35e53b2b - - default default] 199.204.45.140 "GET /v2.0/ports?device_id=487a5889-1c42-4b5f-b5f4-e90dcc3ccd6e HTTP/1.1" status: 200 len: 1172 time: 0.0475895
2026-05-08 00:34:28.600 10 INFO neutron.db.ovn_revision_numbers_db [None req-5a27c690-86af-4230-9571-c1d4795ae205 80c09946f5e54825a5009823f685bdaa 86223c0ac993400bbc73220b6be247d9 - - default default] Successfully bumped revision number for resource 581b5612-6f30-4096-9d02-baf42897347e (type: security_groups) to 1
2026-05-08 00:34:28.613 10 INFO neutron.db.ovn_revision_numbers_db [None req-5a27c690-86af-4230-9571-c1d4795ae205 80c09946f5e54825a5009823f685bdaa 86223c0ac993400bbc73220b6be247d9 - - default default] Successfully bumped revision number for resource 08fdba8a-7b4e-4219-8064-1d3d59e780f2 (type: security_group_rules) to 0
2026-05-08 00:34:28.627 10 INFO neutron.db.ovn_revision_numbers_db [None req-5a27c690-86af-4230-9571-c1d4795ae205 80c09946f5e54825a5009823f685bdaa 86223c0ac993400bbc73220b6be247d9 - - default default] Successfully bumped revision number for resource 0a382001-ba70-4fbb-be67-cc22cc2e7ed7 (type: security_group_rules) to 0
2026-05-08 00:34:28.647 10 INFO neutron.db.ovn_revision_numbers_db [None req-5a27c690-86af-4230-9571-c1d4795ae205 80c09946f5e54825a5009823f685bdaa 86223c0ac993400bbc73220b6be247d9 - - default default] Successfully bumped revision number for resource 752b3c2f-44d3-464f-aaf1-24b3d62f26d5 (type: security_group_rules) to 0
2026-05-08 00:34:28.661 10 INFO neutron.db.ovn_revision_numbers_db [None req-5a27c690-86af-4230-9571-c1d4795ae205 80c09946f5e54825a5009823f685bdaa 86223c0ac993400bbc73220b6be247d9 - - default default] Successfully bumped revision number for resource d838c39f-b950-4b6a-a3b4-211e12f2b1cf (type: security_group_rules) to 0
2026-05-08 00:34:28.710 10 INFO neutron.db.segments_db [None req-5a27c690-86af-4230-9571-c1d4795ae205 80c09946f5e54825a5009823f685bdaa 86223c0ac993400bbc73220b6be247d9 - - default default] Added segment 87071814-7c7d-4c62-bdaf-fd6ec4200a2f of type geneve for network 68f2d1d8-532c-4238-856c-b1c9fc1a03d4
2026-05-08 00:34:28.800 9 INFO neutron.wsgi [req-61e3b66e-3e64-4ae7-bb59-496343012764 req-97ace74f-af03-44e0-8080-f9e5ab3161d5 28e8ddf6119347d7bd387750dbd67bc8 7ad7f7049cf24df3908e173f35e53b2b - - default default] 199.204.45.140 "DELETE /v2.0/ports/bb513a36-e041-4be6-aac7-be61675f0f1e HTTP/1.1" status: 204 len: 173 time: 0.3210084
2026-05-08 00:34:28.843 9 INFO neutron.notifiers.nova [-] Nova event matching ['req-24f052c8-b6c5-42b2-9302-41e745608d06'] response: {'server_uuid': '487a5889-1c42-4b5f-b5f4-e90dcc3ccd6e', 'name': 'network-vif-deleted', 'tag': 'bb513a36-e041-4be6-aac7-be61675f0f1e', 'status': 'completed', 'code': 200}
2026-05-08 00:34:28.865 10 INFO neutron.db.ovn_revision_numbers_db [None req-5a27c690-86af-4230-9571-c1d4795ae205 80c09946f5e54825a5009823f685bdaa 86223c0ac993400bbc73220b6be247d9 - - default default] Successfully bumped revision number for resource 68f2d1d8-532c-4238-856c-b1c9fc1a03d4 (type: networks) to 1
2026-05-08 00:34:29.019 10 WARNING neutron.scheduler.dhcp_agent_scheduler [None req-5a27c690-86af-4230-9571-c1d4795ae205 80c09946f5e54825a5009823f685bdaa 86223c0ac993400bbc73220b6be247d9 - - default default] No more DHCP agents
2026-05-08 00:34:29.020 10 WARNING neutron.api.rpc.agentnotifiers.dhcp_rpc_agent_api [None req-5a27c690-86af-4230-9571-c1d4795ae205 80c09946f5e54825a5009823f685bdaa 86223c0ac993400bbc73220b6be247d9 - - default default] Unable to schedule network 68f2d1d8-532c-4238-856c-b1c9fc1a03d4: no agents available; will retry on subsequent port and subnet creation events.
2026-05-08 00:34:29.091 10 INFO neutron.db.ovn_revision_numbers_db [None req-5a27c690-86af-4230-9571-c1d4795ae205 80c09946f5e54825a5009823f685bdaa 86223c0ac993400bbc73220b6be247d9 - - default default] Successfully bumped revision number for resource 0d415e0b-4454-4064-a82b-4272995bd814 (type: ports) to 1
2026-05-08 00:34:29.113 10 INFO neutron.wsgi [None req-5a27c690-86af-4230-9571-c1d4795ae205 80c09946f5e54825a5009823f685bdaa 86223c0ac993400bbc73220b6be247d9 - - default default] 10.0.0.117 "POST /v2.0/networks HTTP/1.1" status: 201 len: 841 time: 0.9443645 /var/lib/openstack/lib/python3.10/site-packages/pycadf/identifier.py:71: UserWarning: Invalid uuid: neutron. To ensure interoperability, identifiers should be a valid uuid. warnings.warn(('Invalid uuid: %s. To ensure interoperability, '
2026-05-08 00:34:29.354 10 WARNING neutron.scheduler.dhcp_agent_scheduler [None req-615d5392-7921-4c2b-b66b-463284600f3e 80c09946f5e54825a5009823f685bdaa 86223c0ac993400bbc73220b6be247d9 - - default default] No more DHCP agents
2026-05-08 00:34:29.356 10 WARNING neutron.api.rpc.agentnotifiers.dhcp_rpc_agent_api [None req-615d5392-7921-4c2b-b66b-463284600f3e 80c09946f5e54825a5009823f685bdaa 86223c0ac993400bbc73220b6be247d9 - - default default] Unable to schedule network 68f2d1d8-532c-4238-856c-b1c9fc1a03d4: no agents available; will retry on subsequent port and subnet creation events.
2026-05-08 00:34:29.676 9 INFO neutron.wsgi [None req-180ab9ee-7176-4f12-bab1-72546da9afb9 62899b6eb68946aaac0341c23b350cd8 7298685a578441689e72d27f0144620a - - default default] 10.0.0.117 "GET /v2.0/ports?project_id=40750107f99244649b20ea9a73e24bee&network_id=785de392-5a38-4088-aec8-53c588d452f1 HTTP/1.1" status: 200 len: 3514 time: 0.0643196
2026-05-08 00:34:29.870 10 INFO neutron.db.ovn_revision_numbers_db [None req-615d5392-7921-4c2b-b66b-463284600f3e 80c09946f5e54825a5009823f685bdaa 86223c0ac993400bbc73220b6be247d9 - - default default] Successfully bumped revision number for resource 0d415e0b-4454-4064-a82b-4272995bd814 (type: ports) to 2
2026-05-08 00:34:29.917 10 INFO neutron.db.ovn_revision_numbers_db [None req-615d5392-7921-4c2b-b66b-463284600f3e 80c09946f5e54825a5009823f685bdaa 86223c0ac993400bbc73220b6be247d9 - - default default] Successfully bumped revision number for resource 6f2ba5fb-f19d-4f9a-8275-8241c919d711 (type: subnets) to 0
2026-05-08 00:34:29.933 10 INFO neutron.wsgi [None req-615d5392-7921-4c2b-b66b-463284600f3e 80c09946f5e54825a5009823f685bdaa 86223c0ac993400bbc73220b6be247d9 - - default default] 10.0.0.117 "POST /v2.0/subnets HTTP/1.1" status: 201 len: 816 time: 0.7869964
2026-05-08 00:34:29.944 9 INFO neutron.wsgi [None req-ea2f21f3-1078-4270-99b7-878736385159 62899b6eb68946aaac0341c23b350cd8 7298685a578441689e72d27f0144620a - - default default] 10.0.0.117 "GET /v2.0/subnets?network_id=599c20c8-755e-492a-8bdb-db4f1baaae13 HTTP/1.1" status: 200 len: 838 time: 0.0516164
2026-05-08 00:34:30.055 10 INFO neutron.db.segments_db [None req-39127c42-9f4b-460a-a205-badc6b13d228 80c09946f5e54825a5009823f685bdaa 86223c0ac993400bbc73220b6be247d9 - - default default] Added segment 9bb09290-6ec6-49cd-86c8-3f30b6338308 of type geneve for network 8bfa795b-bdeb-4464-a23e-11bb9cac8618
2026-05-08 00:34:30.077 10 INFO neutron.notifiers.nova [-] Nova event matching ['req-fb5a3e05-522d-4308-8fe2-b70d0a9d8290'] response: {'server_uuid': '487a5889-1c42-4b5f-b5f4-e90dcc3ccd6e', 'name': 'network-vif-unplugged', 'status': 'completed', 'tag': 'bb513a36-e041-4be6-aac7-be61675f0f1e', 'code': 200}
2026-05-08 00:34:30.078 10 INFO neutron.notifiers.nova [-] Nova event matching ['req-fb5a3e05-522d-4308-8fe2-b70d0a9d8290'] response: {'server_uuid': '487a5889-1c42-4b5f-b5f4-e90dcc3ccd6e', 'name': 'network-vif-plugged', 'status': 'completed', 'tag': 'bb513a36-e041-4be6-aac7-be61675f0f1e', 'code': 200}
2026-05-08 00:34:30.293 10 INFO neutron.db.ovn_revision_numbers_db [None req-39127c42-9f4b-460a-a205-badc6b13d228 80c09946f5e54825a5009823f685bdaa 86223c0ac993400bbc73220b6be247d9 - - default default] Successfully bumped revision number for resource 8bfa795b-bdeb-4464-a23e-11bb9cac8618 (type: networks) to 1
2026-05-08 00:34:30.296 10 INFO neutron.db.l3_db [None req-f21829d6-a9aa-4003-8884-9a7efcab1914 7ee119496a774624be67962696af42e5 40750107f99244649b20ea9a73e24bee - - default default] Floating IP 3ad48d24-c6c0-4442-920b-783047047a8a disassociated. External IP: 10.96.250.220, port: 1bd7cc8c-d37f-4507-80f2-d7e7b91c74ce.
2026-05-08 00:34:30.351 10 INFO neutron.db.ovn_revision_numbers_db [None req-f21829d6-a9aa-4003-8884-9a7efcab1914 7ee119496a774624be67962696af42e5 40750107f99244649b20ea9a73e24bee - - default default] Successfully bumped revision number for resource 3ad48d24-c6c0-4442-920b-783047047a8a (type: floatingips) to 2
2026-05-08 00:34:30.450 10 INFO neutron.wsgi [None req-f21829d6-a9aa-4003-8884-9a7efcab1914 7ee119496a774624be67962696af42e5 40750107f99244649b20ea9a73e24bee - - default default] 10.0.0.117 "PUT /v2.0/floatingips/3ad48d24-c6c0-4442-920b-783047047a8a HTTP/1.1" status: 200 len: 748 time: 0.3582654
2026-05-08 00:34:30.501 10 INFO neutron.wsgi [None req-cceb35b1-3c4a-4f22-a6a1-63fcaadb8574 7ee119496a774624be67962696af42e5 40750107f99244649b20ea9a73e24bee - - default default] 10.0.0.117 "GET /v2.0/floatingips/3ad48d24-c6c0-4442-920b-783047047a8a HTTP/1.1" status: 200 len: 746 time: 0.0442240
2026-05-08 00:34:30.624 10 WARNING neutron.scheduler.dhcp_agent_scheduler [None req-39127c42-9f4b-460a-a205-badc6b13d228 80c09946f5e54825a5009823f685bdaa 86223c0ac993400bbc73220b6be247d9 - - default default] No more DHCP agents
2026-05-08 00:34:30.628 10 WARNING neutron.api.rpc.agentnotifiers.dhcp_rpc_agent_api [None req-39127c42-9f4b-460a-a205-badc6b13d228 80c09946f5e54825a5009823f685bdaa 86223c0ac993400bbc73220b6be247d9 - - default default] Unable to schedule network 8bfa795b-bdeb-4464-a23e-11bb9cac8618: no agents available; will retry on subsequent port and subnet creation events.
2026-05-08 00:34:30.737 10 INFO neutron.db.ovn_revision_numbers_db [None req-39127c42-9f4b-460a-a205-badc6b13d228 80c09946f5e54825a5009823f685bdaa 86223c0ac993400bbc73220b6be247d9 - - default default] Successfully bumped revision number for resource ba248d5b-814a-45d5-a31e-b659f34e68f0 (type: ports) to 1
2026-05-08 00:34:30.768 10 INFO neutron.wsgi [None req-39127c42-9f4b-460a-a205-badc6b13d228 80c09946f5e54825a5009823f685bdaa 86223c0ac993400bbc73220b6be247d9 - - default default] 10.0.0.117 "POST /v2.0/networks HTTP/1.1" status: 201 len: 842 time: 0.8258803 /var/lib/openstack/lib/python3.10/site-packages/pycadf/identifier.py:71: UserWarning: Invalid uuid: neutron. To ensure interoperability, identifiers should be a valid uuid. warnings.warn(('Invalid uuid: %s. To ensure interoperability, '
2026-05-08 00:34:31.000 9 INFO neutron.db.ovn_revision_numbers_db [None req-23c69e41-dcd8-45c9-825b-cf5171d952d4 80c09946f5e54825a5009823f685bdaa 86223c0ac993400bbc73220b6be247d9 - - default default] Successfully bumped revision number for resource 8bfa795b-bdeb-4464-a23e-11bb9cac8618 (type: networks) to 2
2026-05-08 00:34:31.005 9 INFO neutron.wsgi [None req-23c69e41-dcd8-45c9-825b-cf5171d952d4 80c09946f5e54825a5009823f685bdaa 86223c0ac993400bbc73220b6be247d9 - - default default] 10.0.0.117 "PUT /v2.0/networks/8bfa795b-bdeb-4464-a23e-11bb9cac8618 HTTP/1.1" status: 200 len: 792 time: 0.2283669
2026-05-08 00:34:31.302 9 WARNING neutron.scheduler.dhcp_agent_scheduler [None req-61dab4ec-f7f3-4249-8317-a2ed5331c0cf 80c09946f5e54825a5009823f685bdaa 86223c0ac993400bbc73220b6be247d9 - - default default] No more DHCP agents
2026-05-08 00:34:31.305 9 WARNING neutron.api.rpc.agentnotifiers.dhcp_rpc_agent_api [None req-61dab4ec-f7f3-4249-8317-a2ed5331c0cf 80c09946f5e54825a5009823f685bdaa 86223c0ac993400bbc73220b6be247d9 - - default default] Unable to schedule network 8bfa795b-bdeb-4464-a23e-11bb9cac8618: no agents available; will retry on subsequent port and subnet creation events.
2026-05-08 00:34:31.414 9 INFO neutron.wsgi [req-304c5ced-f1ca-4c77-b6e9-6c15b46a6951 req-c70914fe-5c29-4e36-9a7f-128d3a85a04f cf8adbd87da2496f9fd8738549069a43 27035b6a927844888ba419c7cca09a9e - - default default] 10.0.0.107 "GET /v2.0/ports?device_id=d78a6e37-8b89-4e18-9798-03e235d169fc HTTP/1.1" status: 200 len: 1400 time: 0.1530035
2026-05-08 00:34:31.479 9 INFO neutron.wsgi [req-304c5ced-f1ca-4c77-b6e9-6c15b46a6951 req-61d5ba27-cbca-4d75-ab3b-0ccd9b8f89ba cf8adbd87da2496f9fd8738549069a43 27035b6a927844888ba419c7cca09a9e - - default default] 10.0.0.107 "GET /v2.0/security-groups?id=58a1ef27-19f1-453f-84a1-fe28c7bd42c2&fields=id&fields=name HTTP/1.1" status: 200 len: 311 time: 0.0506270
2026-05-08 00:34:31.579 9 INFO neutron.wsgi [None req-cdb0ec6b-cad2-4b05-9df6-db76d4f3f1ae cf8adbd87da2496f9fd8738549069a43 27035b6a927844888ba419c7cca09a9e - - default default] 10.0.0.117 "GET /v2.0/ports?network_id=8e2fa504-ea41-4c77-9dc5-cbd843e6d74b&mac_address=fa%3A16%3A3e%3A25%3A9f%3Af4 HTTP/1.1" status: 200 len: 1395 time: 0.0625229
2026-05-08 00:34:31.742 10 INFO neutron.db.ovn_revision_numbers_db [None req-0c8fd1dd-8f17-41b6-bf0c-0819151f35e7 7ee119496a774624be67962696af42e5 40750107f99244649b20ea9a73e24bee - - default default] Successfully bumped revision number for resource 648a3a8b-8a8d-435b-be41-1d4806c4a97b (type: security_groups) to 1
2026-05-08 00:34:31.759 10 INFO neutron.db.ovn_revision_numbers_db [None req-0c8fd1dd-8f17-41b6-bf0c-0819151f35e7 7ee119496a774624be67962696af42e5 40750107f99244649b20ea9a73e24bee - - default default] Successfully bumped revision number for resource 032abd98-aaca-4a28-9dae-827939f37167 (type: security_group_rules) to 0
2026-05-08 00:34:31.781 10 INFO neutron.db.ovn_revision_numbers_db [None req-0c8fd1dd-8f17-41b6-bf0c-0819151f35e7 7ee119496a774624be67962696af42e5 40750107f99244649b20ea9a73e24bee - - default default] Successfully bumped revision number for resource c9eca8c3-2d76-411b-b136-8a2f6810f529 (type: security_group_rules) to 0
2026-05-08 00:34:31.846 10 INFO neutron.wsgi [None req-27ffe2f9-485a-4778-b040-8af2ed45da2b 0463e353845149b3925bd849625498db 1d5d15bc86544c60ada5cc17c75da708 - - default default] 10.0.0.117 "PUT /v2.0/routers/ab21e1f5-259a-4705-ab75-27fc37141468/remove_router_interface HTTP/1.1" status: 200 len: 503 time: 1.2938418
2026-05-08 00:34:31.852 10 INFO neutron.wsgi [None req-0c8fd1dd-8f17-41b6-bf0c-0819151f35e7 7ee119496a774624be67962696af42e5 40750107f99244649b20ea9a73e24bee - - default default] 10.0.0.117 "POST /v2.0/security-groups HTTP/1.1" status: 201 len: 1809 time: 0.2919023 /var/lib/openstack/lib/python3.10/site-packages/pycadf/identifier.py:71: UserWarning: Invalid uuid: neutron. To ensure interoperability, identifiers should be a valid uuid. warnings.warn(('Invalid uuid: %s. To ensure interoperability, '
2026-05-08 00:34:31.974 9 WARNING neutron.scheduler.dhcp_agent_scheduler [None req-3284d738-0a15-459f-91d0-c357b320add0 cf8adbd87da2496f9fd8738549069a43 27035b6a927844888ba419c7cca09a9e - - default default] No more DHCP agents
2026-05-08 00:34:31.979 9 WARNING neutron.api.rpc.agentnotifiers.dhcp_rpc_agent_api [None req-3284d738-0a15-459f-91d0-c357b320add0 cf8adbd87da2496f9fd8738549069a43 27035b6a927844888ba419c7cca09a9e - - default default] Unable to schedule network 599c20c8-755e-492a-8bdb-db4f1baaae13: no agents available; will retry on subsequent port and subnet creation events.
2026-05-08 00:34:31.981 10 INFO neutron.db.ovn_revision_numbers_db [None req-8d2fb3db-9207-4325-957a-064dab974a26 7ee119496a774624be67962696af42e5 40750107f99244649b20ea9a73e24bee - - default default] Successfully bumped revision number for resource 828a4721-82b5-43cf-8fe0-08d619b20bf8 (type: security_group_rules) to 0
2026-05-08 00:34:32.001 9 INFO neutron.db.ovn_revision_numbers_db [None req-61dab4ec-f7f3-4249-8317-a2ed5331c0cf 80c09946f5e54825a5009823f685bdaa 86223c0ac993400bbc73220b6be247d9 - - default default] Successfully bumped revision number for resource ba248d5b-814a-45d5-a31e-b659f34e68f0 (type: ports) to 2
2026-05-08 00:34:32.009 10 INFO neutron.wsgi [None req-8d2fb3db-9207-4325-957a-064dab974a26 7ee119496a774624be67962696af42e5 40750107f99244649b20ea9a73e24bee - - default default] 10.0.0.117 "POST /v2.0/security-group-rules HTTP/1.1" status: 201 len: 764 time: 0.1511555
2026-05-08 00:34:32.062 9 INFO neutron.db.ovn_revision_numbers_db [None req-61dab4ec-f7f3-4249-8317-a2ed5331c0cf 80c09946f5e54825a5009823f685bdaa 86223c0ac993400bbc73220b6be247d9 - - default default] Successfully bumped revision number for resource 1f0529a7-690c-4b1a-9c07-0f6c30b744a0 (type: subnets) to 0
2026-05-08 00:34:32.097 9 INFO neutron.wsgi [None req-61dab4ec-f7f3-4249-8317-a2ed5331c0cf 80c09946f5e54825a5009823f685bdaa 86223c0ac993400bbc73220b6be247d9 - - default default] 10.0.0.117 "POST /v2.0/subnets HTTP/1.1" status: 201 len: 801 time: 1.0854948
2026-05-08 00:34:32.134 10 INFO neutron.notifiers.nova [-] Nova event matching ['req-ef2a7ff6-bb0c-4567-8db7-011ba9010fc3'] response: {'name': 'network-changed', 'server_uuid': '91c734ae-d607-4a13-a8a9-75f7c17c77dc', 'tag': '1bd7cc8c-d37f-4507-80f2-d7e7b91c74ce', 'status': 'completed', 'code': 200}
2026-05-08 00:34:32.173 10 INFO neutron.db.ovn_revision_numbers_db [None req-4eb348fe-f295-4f78-a184-ad4fcec4f836 7ee119496a774624be67962696af42e5 40750107f99244649b20ea9a73e24bee - - default default] Successfully bumped revision number for resource 0bb50cae-6605-4b4a-b4fa-cd0be5684c76 (type: security_group_rules) to 0
2026-05-08 00:34:32.202 10 INFO neutron.wsgi [None req-4eb348fe-f295-4f78-a184-ad4fcec4f836 7ee119496a774624be67962696af42e5 40750107f99244649b20ea9a73e24bee - - default default] 10.0.0.117 "POST /v2.0/security-group-rules HTTP/1.1" status: 201 len: 763 time: 0.1893752
2026-05-08 00:34:32.697 9 INFO neutron.wsgi [req-adfa0b1f-4589-4960-a96e-baea58f42626 req-789ed94e-a207-4c9f-b7f4-905ea6e1ed1a 3f8b8309b3ca466c8c300f1c89d3bcec f141bb3719024ae29a6a7b9890274bf6 - - 0447f99a6f7b4f63bba8b724b57b4524 0447f99a6f7b4f63bba8b724b57b4524] 199.204.45.140 "GET /v2.0/ports?tenant_id=40750107f99244649b20ea9a73e24bee&device_id=91c734ae-d607-4a13-a8a9-75f7c17c77dc HTTP/1.1" status: 200 len: 1413 time: 0.5344045
2026-05-08 00:34:32.771 10 INFO neutron.db.ovn_revision_numbers_db [None req-b44d6b32-d571-45cc-b61e-9498b8ed6c81 7ee119496a774624be67962696af42e5 40750107f99244649b20ea9a73e24bee - - default default] Successfully bumped revision number for resource 94a77b8a-c41c-4e6f-a79e-e7a038d67592 (type: security_group_rules) to 0
2026-05-08 00:34:32.811 10 INFO neutron.wsgi [None req-b44d6b32-d571-45cc-b61e-9498b8ed6c81 7ee119496a774624be67962696af42e5 40750107f99244649b20ea9a73e24bee - - default default] 10.0.0.117 "POST /v2.0/security-group-rules HTTP/1.1" status: 201 len: 769 time: 0.6027763
2026-05-08 00:34:32.837 9 INFO neutron.wsgi [req-adfa0b1f-4589-4960-a96e-baea58f42626 req-ae707e33-b598-48f5-a89f-78c13e2e2cb0 3f8b8309b3ca466c8c300f1c89d3bcec f141bb3719024ae29a6a7b9890274bf6 - - 0447f99a6f7b4f63bba8b724b57b4524 0447f99a6f7b4f63bba8b724b57b4524] 199.204.45.140 "GET /v2.0/networks?id=785de392-5a38-4088-aec8-53c588d452f1 HTTP/1.1" status: 200 len: 959 time: 0.1304507
2026-05-08 00:34:32.839 10 INFO neutron.db.ovn_revision_numbers_db [None req-851c487d-7426-4830-be07-4fb6895e8852 80c09946f5e54825a5009823f685bdaa 86223c0ac993400bbc73220b6be247d9 - - default default] Successfully bumped revision number for resource 1f0529a7-690c-4b1a-9c07-0f6c30b744a0 (type: subnets) to 1
2026-05-08 00:34:32.842 10 INFO neutron.wsgi [None req-851c487d-7426-4830-be07-4fb6895e8852 80c09946f5e54825a5009823f685bdaa 86223c0ac993400bbc73220b6be247d9 - - default default] 10.0.0.117 "PUT /v2.0/subnets/1f0529a7-690c-4b1a-9c07-0f6c30b744a0 HTTP/1.1" status: 200 len: 806 time: 0.7388701
2026-05-08 00:34:32.885 9 INFO neutron.wsgi [req-adfa0b1f-4589-4960-a96e-baea58f42626 req-9ef21cef-fc76-49ed-b524-744b81b19315 3f8b8309b3ca466c8c300f1c89d3bcec f141bb3719024ae29a6a7b9890274bf6 - - 0447f99a6f7b4f63bba8b724b57b4524 0447f99a6f7b4f63bba8b724b57b4524] 199.204.45.140 "GET /v2.0/floatingips?fixed_ip_address=10.100.0.14&port_id=1bd7cc8c-d37f-4507-80f2-d7e7b91c74ce HTTP/1.1" status: 200 len: 217 time: 0.0304663
2026-05-08 00:34:32.978 9 INFO neutron.wsgi [req-adfa0b1f-4589-4960-a96e-baea58f42626 req-eba23149-cc38-4dcf-b9ef-1724880754a7 3f8b8309b3ca466c8c300f1c89d3bcec f141bb3719024ae29a6a7b9890274bf6 - - 0447f99a6f7b4f63bba8b724b57b4524 0447f99a6f7b4f63bba8b724b57b4524] 199.204.45.140 "GET /v2.0/subnets?id=fd1c1b54-828d-473a-a70c-bd3e8ca6f2ff HTTP/1.1" status: 200 len: 853 time: 0.0803876
2026-05-08 00:34:32.996 10 INFO neutron.db.ovn_revision_numbers_db [None req-68255cd2-a8fc-4e97-826f-d83f11b7d740 7ee119496a774624be67962696af42e5 40750107f99244649b20ea9a73e24bee - - default default] Successfully bumped revision number for resource 96544500-58e1-4069-afd4-fd6da9519800 (type: security_group_rules) to 0
2026-05-08 00:34:33.032 10 INFO neutron.wsgi [None req-68255cd2-a8fc-4e97-826f-d83f11b7d740 7ee119496a774624be67962696af42e5 40750107f99244649b20ea9a73e24bee - - default default] 10.0.0.117 "POST /v2.0/security-group-rules HTTP/1.1" status: 201 len: 768 time: 0.2145133
2026-05-08 00:34:33.036 9 INFO neutron.wsgi [req-adfa0b1f-4589-4960-a96e-baea58f42626 req-ed5a1b57-7bb4-4790-ac67-242d59fe1d37 3f8b8309b3ca466c8c300f1c89d3bcec f141bb3719024ae29a6a7b9890274bf6 - - 0447f99a6f7b4f63bba8b724b57b4524 0447f99a6f7b4f63bba8b724b57b4524] 199.204.45.140 "GET /v2.0/ports?network_id=785de392-5a38-4088-aec8-53c588d452f1&device_owner=network%3Adhcp HTTP/1.1" status: 200 len: 210 time: 0.0405583
2026-05-08 00:34:33.087 10 INFO neutron.db.securitygroups_db [None req-ae72c53a-7fee-4263-bdd8-0277849708fe 7ee119496a774624be67962696af42e5 40750107f99244649b20ea9a73e24bee - - default default] Project 40750107f99244649b20ea9a73e24bee added a security group rule with legacy IPv6 ICMP protocol name icmp, ipv6-icmp should be used instead. It was automatically converted.
2026-05-08 00:34:33.137 9 INFO neutron.wsgi [req-adfa0b1f-4589-4960-a96e-baea58f42626 req-178b4f83-7159-4c7d-a73b-97794187e684 3f8b8309b3ca466c8c300f1c89d3bcec f141bb3719024ae29a6a7b9890274bf6 - - 0447f99a6f7b4f63bba8b724b57b4524 0447f99a6f7b4f63bba8b724b57b4524] 199.204.45.140 "GET /v2.0/networks/785de392-5a38-4088-aec8-53c588d452f1?fields=segments HTTP/1.1" status: 200 len: 212 time: 0.0913937
2026-05-08 00:34:33.208 10 INFO neutron.db.ovn_revision_numbers_db [None req-ae72c53a-7fee-4263-bdd8-0277849708fe 7ee119496a774624be67962696af42e5 40750107f99244649b20ea9a73e24bee - - default default] Successfully bumped revision number for resource bf5c5570-1470-425e-9369-9075b6802ffa (type: security_group_rules) to 0
2026-05-08 00:34:33.241 9 INFO neutron.db.l3_db [None req-3284d738-0a15-459f-91d0-c357b320add0 cf8adbd87da2496f9fd8738549069a43 27035b6a927844888ba419c7cca09a9e - - default default] Floating IP c47014a8-f842-41bd-a0b8-0cd6b353743a associated. External IP: 10.96.250.213, port: f6e6c5af-ffa2-4ba6-bd96-94895752849b.
2026-05-08 00:34:33.249 10 INFO neutron.wsgi [None req-ae72c53a-7fee-4263-bdd8-0277849708fe 7ee119496a774624be67962696af42e5 40750107f99244649b20ea9a73e24bee - - default default] 10.0.0.117 "POST /v2.0/security-group-rules HTTP/1.1" status: 201 len: 774 time: 0.2069306
2026-05-08 00:34:33.282 9 INFO neutron.wsgi [req-adfa0b1f-4589-4960-a96e-baea58f42626 req-6811b6c0-4dd9-4d75-82b4-ade1292b3435 3f8b8309b3ca466c8c300f1c89d3bcec f141bb3719024ae29a6a7b9890274bf6 - - 0447f99a6f7b4f63bba8b724b57b4524 0447f99a6f7b4f63bba8b724b57b4524] 199.204.45.140 "GET /v2.0/networks/785de392-5a38-4088-aec8-53c588d452f1?fields=provider%3Aphysical_network&fields=provider%3Anetwork_type HTTP/1.1" status: 200 len: 277 time: 0.1327968
2026-05-08 00:34:33.288 10 INFO neutron.db.securitygroups_db [None req-6c0b6ec0-3795-4521-84a9-3123b910852e 7ee119496a774624be67962696af42e5 40750107f99244649b20ea9a73e24bee - - default default] Project 40750107f99244649b20ea9a73e24bee added a security group rule with legacy IPv6 ICMP protocol name icmp, ipv6-icmp should be used instead. It was automatically converted.
2026-05-08 00:34:33.442 9 INFO neutron.wsgi [None req-2a7ffc38-baf1-42ad-867e-7d49efb10b72 0463e353845149b3925bd849625498db 1d5d15bc86544c60ada5cc17c75da708 - - default default] 10.0.0.117 "DELETE /v2.0/routers/ab21e1f5-259a-4705-ab75-27fc37141468 HTTP/1.1" status: 204 len: 168 time: 1.5881505
2026-05-08 00:34:33.443 10 INFO neutron.db.ovn_revision_numbers_db [None req-6c0b6ec0-3795-4521-84a9-3123b910852e 7ee119496a774624be67962696af42e5 40750107f99244649b20ea9a73e24bee - - default default] Successfully bumped revision number for resource e8c01780-ca95-4d19-bd17-a184be1fdba8 (type: security_group_rules) to 0
2026-05-08 00:34:33.493 10 INFO neutron.services.segments.plugin [-] Segment 9bb09290-6ec6-49cd-86c8-3f30b6338308 resource provider aggregate not found
2026-05-08 00:34:33.497 10 INFO neutron.services.segments.plugin [-] Segment 9bb09290-6ec6-49cd-86c8-3f30b6338308 resource provider aggregate not found
2026-05-08 00:34:33.505 10 INFO neutron.wsgi [None req-6c0b6ec0-3795-4521-84a9-3123b910852e 7ee119496a774624be67962696af42e5 40750107f99244649b20ea9a73e24bee - - default default] 10.0.0.117 "POST /v2.0/security-group-rules HTTP/1.1" status: 201 len: 773 time: 0.2467582
2026-05-08 00:34:33.512 10 INFO neutron.services.segments.plugin [-] Segment 9bb09290-6ec6-49cd-86c8-3f30b6338308 resource provider not found; error: Placement Client Error (4xx): {"errors": [{"status": 404, "title": "Not Found", "detail": "The resource could not be found.\n\n No resource provider with uuid 9bb09290-6ec6-49cd-86c8-3f30b6338308 found for delete ", "request_id": "req-d57334c2-2359-457a-aaeb-bef58bb041cb"}]}
2026-05-08 00:34:33.515 10 INFO neutron.services.segments.plugin [-] Segment 9bb09290-6ec6-49cd-86c8-3f30b6338308 resource provider not found; error: Placement Client Error (4xx): {"errors": [{"status": 404, "title": "Not Found", "detail": "The resource could not be found.\n\n No resource provider with uuid 9bb09290-6ec6-49cd-86c8-3f30b6338308 found for delete ", "request_id": "req-8bf2c9b3-6f72-4cbc-9b0d-746fcd5aeb0d"}]}
2026-05-08 00:34:33.553 10 INFO neutron.wsgi [None req-e9a22ca3-4f7f-4656-8695-03ecd9c635c6 80c09946f5e54825a5009823f685bdaa 86223c0ac993400bbc73220b6be247d9 - - default default] 10.0.0.117 "DELETE /v2.0/networks/8bfa795b-bdeb-4464-a23e-11bb9cac8618 HTTP/1.1" status: 204 len: 168 time: 0.7042971 /var/lib/openstack/lib/python3.10/site-packages/pycadf/identifier.py:71: UserWarning: Invalid uuid: neutron. To ensure interoperability, identifiers should be a valid uuid. warnings.warn(('Invalid uuid: %s. To ensure interoperability, '
2026-05-08 00:34:33.586 9 INFO neutron.pecan_wsgi.hooks.translation [None req-a202f501-9256-4a29-b311-2f961946dfb5 80c09946f5e54825a5009823f685bdaa 86223c0ac993400bbc73220b6be247d9 - - default default] DELETE failed (client error): The resource could not be found.
2026-05-08 00:34:33.589 9 INFO neutron.wsgi [None req-a202f501-9256-4a29-b311-2f961946dfb5 80c09946f5e54825a5009823f685bdaa 86223c0ac993400bbc73220b6be247d9 - - default default] 10.0.0.117 "DELETE /v2.0/networks/8bfa795b-bdeb-4464-a23e-11bb9cac8618 HTTP/1.1" status: 404 len: 339 time: 0.0306401
2026-05-08 00:34:33.621 9 INFO neutron.db.ovn_revision_numbers_db [None req-3284d738-0a15-459f-91d0-c357b320add0 cf8adbd87da2496f9fd8738549069a43 27035b6a927844888ba419c7cca09a9e - - default default] Successfully bumped revision number for resource c47014a8-f842-41bd-a0b8-0cd6b353743a (type: floatingips) to 0
2026-05-08 00:34:33.672 10 INFO neutron.wsgi [None req-355e57ac-fc74-4c94-abc0-8d3f98e5cffc 80c09946f5e54825a5009823f685bdaa 86223c0ac993400bbc73220b6be247d9 - - default default] 10.0.0.117 "GET /v2.0/networks?router%3Aexternal=True HTTP/1.1" status: 200 len: 845 time: 0.0766025
2026-05-08 00:34:33.718 10 INFO neutron.wsgi [None req-49a2c8ca-3ab8-4e94-badc-faa2a1f373b3 80c09946f5e54825a5009823f685bdaa 86223c0ac993400bbc73220b6be247d9 - - default default] 10.0.0.117 "GET /v2.0/subnets?network_id=599c20c8-755e-492a-8bdb-db4f1baaae13 HTTP/1.1" status: 200 len: 820 time: 0.0397155
2026-05-08 00:34:33.728 10 INFO neutron.wsgi [None req-fadc9e9a-57a1-4281-8476-aeaf765284ae 80c09946f5e54825a5009823f685bdaa 86223c0ac993400bbc73220b6be247d9 - - default default] 10.0.0.117 "GET /v2.0/extensions HTTP/1.1" status: 200 len: 16520 time: 0.0059762
2026-05-08 00:34:33.748 9 INFO neutron.db.ovn_revision_numbers_db [None req-3284d738-0a15-459f-91d0-c357b320add0 cf8adbd87da2496f9fd8738549069a43 27035b6a927844888ba419c7cca09a9e - - default default] Successfully bumped revision number for resource c47014a8-f842-41bd-a0b8-0cd6b353743a (type: floatingips) to 1
2026-05-08 00:34:33.760 9 INFO neutron.wsgi [None req-57052506-4693-4094-8143-e30b91069223 0463e353845149b3925bd849625498db 1d5d15bc86544c60ada5cc17c75da708 - - default default] 10.0.0.117 "DELETE /v2.0/subnets/ea55a02f-bb00-4a12-a17d-7f28ff79da9f HTTP/1.1" status: 204 len: 168 time: 0.3146272
2026-05-08 00:34:33.816 10 INFO neutron.wsgi [None req-b29f0416-81ec-4402-b6b3-404c38dcddf8 80c09946f5e54825a5009823f685bdaa 86223c0ac993400bbc73220b6be247d9 - - default default] 10.0.0.117 "GET /v2.0/networks HTTP/1.1" status: 200 len: 1502 time: 0.0808177
2026-05-08 00:34:33.818 9 INFO neutron.wsgi [None req-3284d738-0a15-459f-91d0-c357b320add0 cf8adbd87da2496f9fd8738549069a43 27035b6a927844888ba419c7cca09a9e - - default default] 10.0.0.117 "POST /v2.0/floatingips HTTP/1.1" status: 201 len: 1054 time: 2.2335148
2026-05-08 00:34:33.864 9 INFO neutron.notifiers.nova [-] Nova event matching ['req-5a7951af-2dfa-4c09-b7e9-6b2745ea5099'] response: {'name': 'network-changed', 'server_uuid': 'd78a6e37-8b89-4e18-9798-03e235d169fc', 'tag': 'f6e6c5af-ffa2-4ba6-bd96-94895752849b', 'status': 'completed', 'code': 200}
2026-05-08 00:34:33.871 10 INFO neutron.wsgi [None req-2c98e239-b0af-4ea5-8955-16e5107ff777 80c09946f5e54825a5009823f685bdaa 86223c0ac993400bbc73220b6be247d9 - - default default] 10.0.0.117 "GET /v2.0/subnets HTTP/1.1" status: 200 len: 1428 time: 0.0472481
2026-05-08 00:34:33.961 9 INFO neutron.wsgi [req-65b2a2c2-612d-4e22-8ca8-e38c8064bedc req-960b04dd-80e4-48cb-b346-ed124053799b 3f8b8309b3ca466c8c300f1c89d3bcec f141bb3719024ae29a6a7b9890274bf6 - - 0447f99a6f7b4f63bba8b724b57b4524 0447f99a6f7b4f63bba8b724b57b4524] 199.204.45.140 "GET /v2.0/ports?tenant_id=27035b6a927844888ba419c7cca09a9e&device_id=d78a6e37-8b89-4e18-9798-03e235d169fc HTTP/1.1" status: 200 len: 1638 time: 0.0698192
2026-05-08 00:34:33.962 10 INFO neutron.wsgi [req-825e0539-7e54-4c73-848d-0caa2027748d req-34b2a9df-0674-4174-9cb1-938ed97cfe28 cf8adbd87da2496f9fd8738549069a43 27035b6a927844888ba419c7cca09a9e - - default default] 10.0.0.107 "GET /v2.0/security-groups?name=tempest-lb_member_SG-1650081739&fields=id&tenant_id=27035b6a927844888ba419c7cca09a9e HTTP/1.1" status: 200 len: 267 time: 0.0665329
2026-05-08 00:34:34.022 10 INFO neutron.wsgi [None req-f460482c-c576-4da3-ac14-b9e55b0b5b6e 7ee119496a774624be67962696af42e5 40750107f99244649b20ea9a73e24bee - - default default] 10.0.0.117 "GET /v2.0/networks HTTP/1.1" status: 200 len: 1493 time: 0.1484978
2026-05-08 00:34:34.048 9 INFO neutron.wsgi [None req-86ed4410-9141-4718-a962-39f1a365c858 80c09946f5e54825a5009823f685bdaa 86223c0ac993400bbc73220b6be247d9 - - default default] 10.0.0.117 "GET /v2.0/networks/68f2d1d8-532c-4238-856c-b1c9fc1a03d4 HTTP/1.1" status: 200 len: 861 time: 0.1684656
2026-05-08 00:34:34.067 10 INFO neutron.wsgi [req-825e0539-7e54-4c73-848d-0caa2027748d req-f3270a2c-346f-4f3c-b917-edf052e79e02 cf8adbd87da2496f9fd8738549069a43 27035b6a927844888ba419c7cca09a9e - - default default] 10.0.0.107 "GET /v2.0/networks?id=2fb8d6ee-8797-4e55-a20b-af18d80b3c60 HTTP/1.1" status: 200 len: 904 time: 0.0937014
2026-05-08 00:34:34.082 9 INFO neutron.wsgi [req-65b2a2c2-612d-4e22-8ca8-e38c8064bedc req-a9327a58-f7bd-405b-be11-edaccdc69b51 3f8b8309b3ca466c8c300f1c89d3bcec f141bb3719024ae29a6a7b9890274bf6 - - 0447f99a6f7b4f63bba8b724b57b4524 0447f99a6f7b4f63bba8b724b57b4524] 199.204.45.140 "GET /v2.0/networks?id=8e2fa504-ea41-4c77-9dc5-cbd843e6d74b HTTP/1.1" status: 200 len: 1003 time: 0.1079395
2026-05-08 00:34:34.089 10 INFO neutron.wsgi [req-825e0539-7e54-4c73-848d-0caa2027748d req-e329b9f4-de49-4466-b926-d243537c1dd5 cf8adbd87da2496f9fd8738549069a43 27035b6a927844888ba419c7cca09a9e - - default default] 10.0.0.107 "GET /v2.0/quotas/27035b6a927844888ba419c7cca09a9e HTTP/1.1" status: 200 len: 386 time: 0.0138474
2026-05-08 00:34:34.097 10 INFO neutron.wsgi [None req-d768a2bc-d913-48a9-bf6f-59e0df5ff81e 80c09946f5e54825a5009823f685bdaa 86223c0ac993400bbc73220b6be247d9 - - default default] 10.0.0.117 "GET /v2.0/subnets/6f2ba5fb-f19d-4f9a-8275-8241c919d711 HTTP/1.1" status: 200 len: 811 time: 0.0413325
2026-05-08 00:34:34.133 10 INFO neutron.pecan_wsgi.hooks.translation [None req-4a9c0245-663a-4e61-b035-fcdef839b53e 80c09946f5e54825a5009823f685bdaa 86223c0ac993400bbc73220b6be247d9 - - default default] DELETE failed (client error): The resource could not be found.
2026-05-08 00:34:34.135 10 INFO neutron.wsgi [None req-4a9c0245-663a-4e61-b035-fcdef839b53e 80c09946f5e54825a5009823f685bdaa 86223c0ac993400bbc73220b6be247d9 - - default default] 10.0.0.117 "DELETE /v2.0/subnets/1f0529a7-690c-4b1a-9c07-0f6c30b744a0 HTTP/1.1" status: 404 len: 337 time: 0.0300961
2026-05-08 00:34:34.164 10 INFO neutron.pecan_wsgi.hooks.translation [None req-23a31322-1274-4e47-badd-0ab592baba2a 80c09946f5e54825a5009823f685bdaa 86223c0ac993400bbc73220b6be247d9 - - default default] DELETE failed (client error): The resource could not be found.
2026-05-08 00:34:34.167 10 INFO neutron.wsgi [None req-23a31322-1274-4e47-badd-0ab592baba2a 80c09946f5e54825a5009823f685bdaa 86223c0ac993400bbc73220b6be247d9 - - default default] 10.0.0.117 "DELETE /v2.0/networks/8bfa795b-bdeb-4464-a23e-11bb9cac8618 HTTP/1.1" status: 404 len: 339 time: 0.0256977
2026-05-08 00:34:34.170 9 INFO neutron.wsgi [req-65b2a2c2-612d-4e22-8ca8-e38c8064bedc req-33beeb46-17c3-436b-a3f9-d85b2ddc92d7 3f8b8309b3ca466c8c300f1c89d3bcec f141bb3719024ae29a6a7b9890274bf6 - - 0447f99a6f7b4f63bba8b724b57b4524 0447f99a6f7b4f63bba8b724b57b4524] 199.204.45.140 "GET /v2.0/floatingips?fixed_ip_address=10.2.1.244&port_id=f6e6c5af-ffa2-4ba6-bd96-94895752849b HTTP/1.1" status: 200 len: 1059 time: 0.0797863
2026-05-08 00:34:34.176 9 INFO neutron.wsgi [req-3222cad8-50ed-4040-97b2-f7d5e519e6a3 req-75b52569-d4f5-445c-b3e9-976ed97e7d56 7ee119496a774624be67962696af42e5 40750107f99244649b20ea9a73e24bee - - default default] 10.0.0.107 "GET /v2.0/security-groups?name=tempest-secgroup-smoke-856023621&fields=id&tenant_id=40750107f99244649b20ea9a73e24bee HTTP/1.1" status: 200 len: 267 time: 0.0759277
2026-05-08 00:34:34.210 9 INFO neutron.wsgi [req-65b2a2c2-612d-4e22-8ca8-e38c8064bedc req-de6a98e7-96a5-411f-8558-6f84a99e9b84 3f8b8309b3ca466c8c300f1c89d3bcec f141bb3719024ae29a6a7b9890274bf6 - - 0447f99a6f7b4f63bba8b724b57b4524 0447f99a6f7b4f63bba8b724b57b4524] 199.204.45.140 "GET /v2.0/floatingips?fixed_ip_address=fd7b%3Af9f7%3Afff%3A4eca%3A%3A20d&port_id=f6e6c5af-ffa2-4ba6-bd96-94895752849b HTTP/1.1" status: 200 len: 217 time: 0.0339580
2026-05-08 00:34:34.299 9 INFO neutron.wsgi [req-65b2a2c2-612d-4e22-8ca8-e38c8064bedc req-52989ecd-80ac-427b-afb4-61f487a11787 3f8b8309b3ca466c8c300f1c89d3bcec f141bb3719024ae29a6a7b9890274bf6 - - 0447f99a6f7b4f63bba8b724b57b4524 0447f99a6f7b4f63bba8b724b57b4524] 199.204.45.140 "GET /v2.0/subnets?id=51b800ed-fa69-4e5b-8e9c-ad142e686208&id=35deced2-967c-45ff-800b-71ab4657421c HTTP/1.1" status: 200 len: 1563 time: 0.0779018
2026-05-08 00:34:34.331 9 INFO neutron.wsgi [req-65b2a2c2-612d-4e22-8ca8-e38c8064bedc req-66d8106a-90e1-4ea8-8668-4775a517d0bf 3f8b8309b3ca466c8c300f1c89d3bcec f141bb3719024ae29a6a7b9890274bf6 - - 0447f99a6f7b4f63bba8b724b57b4524 0447f99a6f7b4f63bba8b724b57b4524] 199.204.45.140 "GET /v2.0/ports?network_id=8e2fa504-ea41-4c77-9dc5-cbd843e6d74b&device_owner=network%3Adhcp HTTP/1.1" status: 200 len: 210 time: 0.0256722
2026-05-08 00:34:34.339 9 INFO neutron.wsgi [req-3222cad8-50ed-4040-97b2-f7d5e519e6a3 req-4e73a396-28ec-4df5-8c96-fb45ffab9afc 7ee119496a774624be67962696af42e5 40750107f99244649b20ea9a73e24bee - - default default] 10.0.0.107 "GET /v2.0/networks?id=785de392-5a38-4088-aec8-53c588d452f1 HTTP/1.1" status: 200 len: 860 time: 0.1540067
2026-05-08 00:34:34.367 9 INFO neutron.wsgi [req-65b2a2c2-612d-4e22-8ca8-e38c8064bedc req-c682991c-d2f9-4aa1-97f3-19c0071e6d18 3f8b8309b3ca466c8c300f1c89d3bcec f141bb3719024ae29a6a7b9890274bf6 - - 0447f99a6f7b4f63bba8b724b57b4524 0447f99a6f7b4f63bba8b724b57b4524] 199.204.45.140 "GET /v2.0/ports?network_id=8e2fa504-ea41-4c77-9dc5-cbd843e6d74b&device_owner=network%3Adhcp HTTP/1.1" status: 200 len: 210 time: 0.0257943
2026-05-08 00:34:34.384 10 INFO neutron.wsgi [req-825e0539-7e54-4c73-848d-0caa2027748d req-42560e46-e99d-4b67-a65d-2e0a2e3bb031 cf8adbd87da2496f9fd8738549069a43 27035b6a927844888ba419c7cca09a9e - - default default] 10.0.0.107 "GET /v2.0/ports?tenant_id=27035b6a927844888ba419c7cca09a9e&fields=id HTTP/1.1" status: 200 len: 532 time: 0.2870531
2026-05-08 00:34:34.397 9 INFO neutron.wsgi [req-3222cad8-50ed-4040-97b2-f7d5e519e6a3 req-97f0299e-f70c-41bb-aab4-de7820172b96 7ee119496a774624be67962696af42e5 40750107f99244649b20ea9a73e24bee - - default default] 10.0.0.107 "GET /v2.0/quotas/40750107f99244649b20ea9a73e24bee HTTP/1.1" status: 200 len: 386 time: 0.0471354
2026-05-08 00:34:34.418 9 INFO neutron.services.segments.plugin [-] Segment f6672036-74ca-4e3b-8fb0-5d4782f119d7 resource provider aggregate not found
2026-05-08 00:34:34.423 9 INFO neutron.services.segments.plugin [-] Segment f6672036-74ca-4e3b-8fb0-5d4782f119d7 resource provider aggregate not found
2026-05-08 00:34:34.443 9 INFO neutron.services.segments.plugin [-] Segment f6672036-74ca-4e3b-8fb0-5d4782f119d7 resource provider not found; error: Placement Client Error (4xx): {"errors": [{"status": 404, "title": "Not Found", "detail": "The resource could not be found.\n\n No resource provider with uuid f6672036-74ca-4e3b-8fb0-5d4782f119d7 found for delete ", "request_id": "req-d02b8c33-5303-49d3-8c41-ab8776089b36"}]}
2026-05-08 00:34:34.450 9 INFO neutron.services.segments.plugin [-] Segment f6672036-74ca-4e3b-8fb0-5d4782f119d7 resource provider not found; error: Placement Client Error (4xx): {"errors": [{"status": 404, "title": "Not Found", "detail": "The resource could not be found.\n\n No resource provider with uuid f6672036-74ca-4e3b-8fb0-5d4782f119d7 found for delete ", "request_id": "req-931af992-439b-41ca-9558-5da17c9aa486"}]}
2026-05-08 00:34:34.490 10 INFO neutron.wsgi [None req-95d78c24-9cab-4b4a-87a8-584d59f56390 80c09946f5e54825a5009823f685bdaa 86223c0ac993400bbc73220b6be247d9 - - default default] 10.0.0.117 "DELETE /v2.0/subnets/6f2ba5fb-f19d-4f9a-8275-8241c919d711 HTTP/1.1" status: 204 len: 168 time: 0.3166380
2026-05-08 00:34:34.495 10 INFO neutron.wsgi [req-825e0539-7e54-4c73-848d-0caa2027748d req-3ce327e4-a4c5-4cec-9eb6-fbec84e9edd3 3f8b8309b3ca466c8c300f1c89d3bcec f141bb3719024ae29a6a7b9890274bf6 - - 0447f99a6f7b4f63bba8b724b57b4524 0447f99a6f7b4f63bba8b724b57b4524] 10.0.0.107 "GET /v2.0/networks/2fb8d6ee-8797-4e55-a20b-af18d80b3c60?fields=segments HTTP/1.1" status: 200 len: 212 time: 0.0810745
