2026-05-08 00:34:01.258 9 INFO neutron.wsgi [req-c800804b-4a18-4d89-ad0f-8d1238a6ff1e req-beb4a344-2b50-4b41-acc4-bae509e23845 3f8b8309b3ca466c8c300f1c89d3bcec f141bb3719024ae29a6a7b9890274bf6 - - 0447f99a6f7b4f63bba8b724b57b4524 0447f99a6f7b4f63bba8b724b57b4524] 199.204.45.140 "GET /v2.0/ports?tenant_id=40750107f99244649b20ea9a73e24bee&device_id=91c734ae-d607-4a13-a8a9-75f7c17c77dc HTTP/1.1" status: 200 len: 1411 time: 0.0425565
2026-05-08 00:34:01.293 9 INFO neutron.wsgi [req-c800804b-4a18-4d89-ad0f-8d1238a6ff1e req-bf837c7b-e501-4019-ae19-ac36f039bac1 3f8b8309b3ca466c8c300f1c89d3bcec f141bb3719024ae29a6a7b9890274bf6 - - 0447f99a6f7b4f63bba8b724b57b4524 0447f99a6f7b4f63bba8b724b57b4524] 199.204.45.140 "GET /v2.0/floatingips?fixed_ip_address=10.100.0.14&port_id=1bd7cc8c-d37f-4507-80f2-d7e7b91c74ce HTTP/1.1" status: 200 len: 217 time: 0.0246973
2026-05-08 00:34:01.326 10 WARNING neutron.plugins.ml2.drivers.ovn.mech_driver.ovsdb.ovn_client [None req-19c09000-c697-40ab-ad22-53a8c9c4a4e4 - - - - - -] No hosting information found for port 9c26d52a-e222-4a27-84b4-cf772aa31602: RuntimeError: No hosting information found for port 9c26d52a-e222-4a27-84b4-cf772aa31602
2026-05-08 00:34:01.327 10 INFO neutron.plugins.ml2.drivers.ovn.mech_driver.mech_driver [None req-19c09000-c697-40ab-ad22-53a8c9c4a4e4 - - - - - -] OVN reports status up for port: f3554c46-0c70-47cc-828a-b4c738eb3c15
2026-05-08 00:34:01.342 10 INFO neutron.plugins.ml2.plugin [None req-19c09000-c697-40ab-ad22-53a8c9c4a4e4 - - - - - -] Attempt 1 to provision port f3554c46-0c70-47cc-828a-b4c738eb3c15
2026-05-08 00:34:01.367 9 INFO neutron.wsgi [req-c800804b-4a18-4d89-ad0f-8d1238a6ff1e req-2fdb4eab-8312-4163-ab69-db0bdc18d0e0 3f8b8309b3ca466c8c300f1c89d3bcec f141bb3719024ae29a6a7b9890274bf6 - - 0447f99a6f7b4f63bba8b724b57b4524 0447f99a6f7b4f63bba8b724b57b4524] 199.204.45.140 "GET /v2.0/subnets?id=fd1c1b54-828d-473a-a70c-bd3e8ca6f2ff HTTP/1.1" status: 200 len: 853 time: 0.0654716
2026-05-08 00:34:01.410 9 INFO neutron.wsgi [req-c800804b-4a18-4d89-ad0f-8d1238a6ff1e req-da9a168a-e169-4728-99ae-e2206473e410 3f8b8309b3ca466c8c300f1c89d3bcec f141bb3719024ae29a6a7b9890274bf6 - - 0447f99a6f7b4f63bba8b724b57b4524 0447f99a6f7b4f63bba8b724b57b4524] 199.204.45.140 "GET /v2.0/ports?network_id=785de392-5a38-4088-aec8-53c588d452f1&device_owner=network%3Adhcp HTTP/1.1" status: 200 len: 210 time: 0.0292885
2026-05-08 00:34:01.465 9 INFO neutron.wsgi [req-6c2a5dda-c7ea-40b5-89ca-c859e5073022 req-27fd7c34-2f16-4a32-92c2-3da6f4bde2fa ab2226d253a94addb33f4d4d484d9875 a67f88ef717443879b63689d659331fe - - default default] 10.0.0.107 "GET /v2.0/ports?device_id=5258f7a3-b426-4340-8dd5-742ca14eb567 HTTP/1.1" status: 200 len: 1168 time: 0.1767404
2026-05-08 00:34:01.482 10 INFO neutron.wsgi [req-493df190-9b83-4a3e-b524-17731cdb7f4c req-6d37dcd5-4b84-4481-96af-102941d24391 7ee119496a774624be67962696af42e5 40750107f99244649b20ea9a73e24bee - - default default] 10.0.0.107 "GET /v2.0/ports?device_id=91c734ae-d607-4a13-a8a9-75f7c17c77dc HTTP/1.1" status: 200 len: 1172 time: 0.0638785
2026-05-08 00:34:01.517 9 INFO neutron.db.ovn_revision_numbers_db [None req-fc1775ec-f788-4670-b9c4-ec4a264bd211 0463e353845149b3925bd849625498db 1d5d15bc86544c60ada5cc17c75da708 - - default default] Successfully bumped revision number for resource 13aaa90c-3dc8-46b3-a6a0-9ebf5bc86a44 (type: router_ports) to 1
2026-05-08 00:34:01.520 9 INFO neutron.wsgi [None req-fc1775ec-f788-4670-b9c4-ec4a264bd211 0463e353845149b3925bd849625498db 1d5d15bc86544c60ada5cc17c75da708 - - default default] 10.0.0.117 "PUT /v2.0/routers/ab21e1f5-259a-4705-ab75-27fc37141468/add_router_interface HTTP/1.1" status: 200 len: 503 time: 4.1144917
2026-05-08 00:34:01.528 9 INFO neutron.wsgi [req-c800804b-4a18-4d89-ad0f-8d1238a6ff1e req-683e1f5a-2648-45a3-9ca3-92523b6ac0eb 3f8b8309b3ca466c8c300f1c89d3bcec f141bb3719024ae29a6a7b9890274bf6 - - 0447f99a6f7b4f63bba8b724b57b4524 0447f99a6f7b4f63bba8b724b57b4524] 199.204.45.140 "GET /v2.0/networks/785de392-5a38-4088-aec8-53c588d452f1?fields=segments HTTP/1.1" status: 200 len: 212 time: 0.1079450
2026-05-08 00:34:01.551 9 INFO neutron.wsgi [req-6c2a5dda-c7ea-40b5-89ca-c859e5073022 req-4c6f1779-9bbe-43e3-baba-3b9085a98beb ab2226d253a94addb33f4d4d484d9875 a67f88ef717443879b63689d659331fe - - default default] 10.0.0.107 "GET /v2.0/security-groups?id=823345fa-8f73-4cc4-b42d-ccee62335ee1&fields=id&fields=name HTTP/1.1" status: 200 len: 286 time: 0.0709217
2026-05-08 00:34:01.579 10 INFO neutron.wsgi [req-493df190-9b83-4a3e-b524-17731cdb7f4c req-50533617-7537-46f8-bd34-b8e236ee41bb 7ee119496a774624be67962696af42e5 40750107f99244649b20ea9a73e24bee - - default default] 10.0.0.107 "GET /v2.0/security-groups?id=1afae015-2428-467a-acb9-fd2768548a23&fields=id&fields=name HTTP/1.1" status: 200 len: 313 time: 0.0866065
2026-05-08 00:34:01.604 10 INFO neutron.notifiers.nova [-] Nova event matching ['req-f0c2cd96-8614-4b83-bed2-e63fb22d37e6'] response: {'server_uuid': '5258f7a3-b426-4340-8dd5-742ca14eb567', 'name': 'network-vif-plugged', 'status': 'completed', 'tag': 'f3554c46-0c70-47cc-828a-b4c738eb3c15', 'code': 200}
2026-05-08 00:34:01.624 9 INFO neutron.wsgi [req-c800804b-4a18-4d89-ad0f-8d1238a6ff1e req-c7f83b87-ff34-4c45-8915-809ef8fa7c8f 3f8b8309b3ca466c8c300f1c89d3bcec f141bb3719024ae29a6a7b9890274bf6 - - 0447f99a6f7b4f63bba8b724b57b4524 0447f99a6f7b4f63bba8b724b57b4524] 199.204.45.140 "GET /v2.0/networks/785de392-5a38-4088-aec8-53c588d452f1?fields=provider%3Aphysical_network&fields=provider%3Anetwork_type HTTP/1.1" status: 200 len: 277 time: 0.0876958
2026-05-08 00:34:01.645 10 INFO neutron.db.ovn_revision_numbers_db [None req-8b2b660f-45c9-449b-86d1-25735e57b744 cf8adbd87da2496f9fd8738549069a43 27035b6a927844888ba419c7cca09a9e - - default default] Successfully bumped revision number for resource f0bc119c-f771-4c03-829f-32573c7a19bd (type: router_ports) to 1
2026-05-08 00:34:01.648 10 INFO neutron.wsgi [None req-8b2b660f-45c9-449b-86d1-25735e57b744 cf8adbd87da2496f9fd8738549069a43 27035b6a927844888ba419c7cca09a9e - - default default] 10.0.0.117 "PUT /v2.0/routers/c7b9e07b-7b22-4eda-85e0-63c74bd7762d/add_router_interface HTTP/1.1" status: 200 len: 503 time: 2.9623313
2026-05-08 00:34:01.733 9 INFO neutron.wsgi [req-18bba946-0a6a-4510-88cf-91117394d637 req-1b75cc83-ee93-4ecb-9419-045611fe2860 3f8b8309b3ca466c8c300f1c89d3bcec f141bb3719024ae29a6a7b9890274bf6 - - 0447f99a6f7b4f63bba8b724b57b4524 0447f99a6f7b4f63bba8b724b57b4524] 199.204.45.140 "GET /v2.0/ports?tenant_id=40750107f99244649b20ea9a73e24bee&device_id=91c734ae-d607-4a13-a8a9-75f7c17c77dc HTTP/1.1" status: 200 len: 1411 time: 0.0584328
2026-05-08 00:34:01.846 9 INFO neutron.wsgi [req-18bba946-0a6a-4510-88cf-91117394d637 req-3c8af450-fe3a-4ed7-90a3-ef6e5b909629 3f8b8309b3ca466c8c300f1c89d3bcec f141bb3719024ae29a6a7b9890274bf6 - - 0447f99a6f7b4f63bba8b724b57b4524 0447f99a6f7b4f63bba8b724b57b4524] 199.204.45.140 "GET /v2.0/networks?id=785de392-5a38-4088-aec8-53c588d452f1 HTTP/1.1" status: 200 len: 959 time: 0.1063206
2026-05-08 00:34:01.870 10 INFO neutron.db.ovn_revision_numbers_db [None req-19c09000-c697-40ab-ad22-53a8c9c4a4e4 - - - - - -] Successfully bumped revision number for resource f3554c46-0c70-47cc-828a-b4c738eb3c15 (type: ports) to 4
2026-05-08 00:34:01.905 9 INFO neutron.wsgi [req-18bba946-0a6a-4510-88cf-91117394d637 req-3bfd177f-9e1d-483a-8784-a334780c4a58 3f8b8309b3ca466c8c300f1c89d3bcec f141bb3719024ae29a6a7b9890274bf6 - - 0447f99a6f7b4f63bba8b724b57b4524 0447f99a6f7b4f63bba8b724b57b4524] 199.204.45.140 "GET /v2.0/floatingips?fixed_ip_address=10.100.0.14&port_id=1bd7cc8c-d37f-4507-80f2-d7e7b91c74ce HTTP/1.1" status: 200 len: 217 time: 0.0525477
2026-05-08 00:34:01.950 10 INFO neutron.plugins.ml2.drivers.ovn.mech_driver.mech_driver [None req-19c09000-c697-40ab-ad22-53a8c9c4a4e4 - - - - - -] OVN reports status up for port: 13aaa90c-3dc8-46b3-a6a0-9ebf5bc86a44
2026-05-08 00:34:01.960 10 INFO neutron.plugins.ml2.plugin [None req-19c09000-c697-40ab-ad22-53a8c9c4a4e4 - - - - - -] Attempt 1 to provision port 13aaa90c-3dc8-46b3-a6a0-9ebf5bc86a44
2026-05-08 00:34:01.962 9 INFO neutron.wsgi [req-18bba946-0a6a-4510-88cf-91117394d637 req-19a2bf2e-0ab6-4968-bce4-05c8eafefc2f 3f8b8309b3ca466c8c300f1c89d3bcec f141bb3719024ae29a6a7b9890274bf6 - - 0447f99a6f7b4f63bba8b724b57b4524 0447f99a6f7b4f63bba8b724b57b4524] 199.204.45.140 "GET /v2.0/subnets?id=fd1c1b54-828d-473a-a70c-bd3e8ca6f2ff HTTP/1.1" status: 200 len: 853 time: 0.0448673
2026-05-08 00:34:01.997 9 INFO neutron.wsgi [req-18bba946-0a6a-4510-88cf-91117394d637 req-ed3bd4fe-8dbd-47f9-bef7-f2bbba2d539d 3f8b8309b3ca466c8c300f1c89d3bcec f141bb3719024ae29a6a7b9890274bf6 - - 0447f99a6f7b4f63bba8b724b57b4524 0447f99a6f7b4f63bba8b724b57b4524] 199.204.45.140 "GET /v2.0/ports?network_id=785de392-5a38-4088-aec8-53c588d452f1&device_owner=network%3Adhcp HTTP/1.1" status: 200 len: 210 time: 0.0288961
2026-05-08 00:34:02.117 9 INFO neutron.wsgi [req-18bba946-0a6a-4510-88cf-91117394d637 req-6d2cba1e-b7a4-4447-882e-0c449a256392 3f8b8309b3ca466c8c300f1c89d3bcec f141bb3719024ae29a6a7b9890274bf6 - - 0447f99a6f7b4f63bba8b724b57b4524 0447f99a6f7b4f63bba8b724b57b4524] 199.204.45.140 "GET /v2.0/networks/785de392-5a38-4088-aec8-53c588d452f1?fields=segments HTTP/1.1" status: 200 len: 212 time: 0.1134093
2026-05-08 00:34:02.208 9 INFO neutron.wsgi [req-18bba946-0a6a-4510-88cf-91117394d637 req-00f3641b-1cee-4ef4-b5a7-b1f33c06c70c 3f8b8309b3ca466c8c300f1c89d3bcec f141bb3719024ae29a6a7b9890274bf6 - - 0447f99a6f7b4f63bba8b724b57b4524 0447f99a6f7b4f63bba8b724b57b4524] 199.204.45.140 "GET /v2.0/networks/785de392-5a38-4088-aec8-53c588d452f1?fields=provider%3Aphysical_network&fields=provider%3Anetwork_type HTTP/1.1" status: 200 len: 277 time: 0.0797255
2026-05-08 00:34:02.310 10 INFO neutron.db.ovn_revision_numbers_db [None req-19c09000-c697-40ab-ad22-53a8c9c4a4e4 - - - - - -] Successfully bumped revision number for resource 13aaa90c-3dc8-46b3-a6a0-9ebf5bc86a44 (type: ports) to 2
2026-05-08 00:34:02.339 9 WARNING neutron.scheduler.dhcp_agent_scheduler [None req-7f804ed3-e0ab-4839-8327-be08fab18bf0 cf8adbd87da2496f9fd8738549069a43 27035b6a927844888ba419c7cca09a9e - - default default] No more DHCP agents
2026-05-08 00:34:02.341 9 WARNING neutron.api.rpc.agentnotifiers.dhcp_rpc_agent_api [None req-7f804ed3-e0ab-4839-8327-be08fab18bf0 cf8adbd87da2496f9fd8738549069a43 27035b6a927844888ba419c7cca09a9e - - default default] Unable to schedule network 8e2fa504-ea41-4c77-9dc5-cbd843e6d74b: no agents available; will retry on subsequent port and subnet creation events.
2026-05-08 00:34:02.422 10 INFO neutron.db.ovn_revision_numbers_db [None req-19c09000-c697-40ab-ad22-53a8c9c4a4e4 - - - - - -] Successfully bumped revision number for resource 13aaa90c-3dc8-46b3-a6a0-9ebf5bc86a44 (type: router_ports) to 2
2026-05-08 00:34:02.508 9 INFO neutron.db.ovn_revision_numbers_db [None req-7f804ed3-e0ab-4839-8327-be08fab18bf0 cf8adbd87da2496f9fd8738549069a43 27035b6a927844888ba419c7cca09a9e - - default default] Successfully bumped revision number for resource 9412d30d-8a15-49cd-b7d9-f4e80d35e049 (type: ports) to 1 /var/lib/openstack/lib/python3.10/site-packages/pycadf/identifier.py:71: UserWarning: Invalid uuid: neutron. To ensure interoperability, identifiers should be a valid uuid. warnings.warn(('Invalid uuid: %s. To ensure interoperability, '
2026-05-08 00:34:02.666 10 INFO neutron.wsgi [req-00bca3e7-bc92-43dd-85b0-1771e5346243 req-04201dd3-4ced-42aa-8cd9-476a1b01182d ab2226d253a94addb33f4d4d484d9875 a67f88ef717443879b63689d659331fe - - default default] 10.0.0.107 "GET /v2.0/ports?device_id=5258f7a3-b426-4340-8dd5-742ca14eb567 HTTP/1.1" status: 200 len: 1170 time: 0.0395336
2026-05-08 00:34:02.698 9 INFO neutron.wsgi [req-d62d570c-a716-408d-a020-6075f33a2dec req-e09afedd-a4e8-4e75-bae8-bebd2e383887 7ee119496a774624be67962696af42e5 40750107f99244649b20ea9a73e24bee - - default default] 10.0.0.107 "GET /v2.0/ports?device_id=91c734ae-d607-4a13-a8a9-75f7c17c77dc HTTP/1.1" status: 200 len: 1172 time: 0.0415983
2026-05-08 00:34:02.707 10 INFO neutron.wsgi [req-00bca3e7-bc92-43dd-85b0-1771e5346243 req-13b01745-c75b-4925-8b8f-3c2a78522227 ab2226d253a94addb33f4d4d484d9875 a67f88ef717443879b63689d659331fe - - default default] 10.0.0.107 "GET /v2.0/security-groups?id=823345fa-8f73-4cc4-b42d-ccee62335ee1&fields=id&fields=name HTTP/1.1" status: 200 len: 286 time: 0.0357511
2026-05-08 00:34:02.744 9 INFO neutron.wsgi [req-d62d570c-a716-408d-a020-6075f33a2dec req-292f30dd-ab3e-43f2-b1e7-5add5781bdb5 7ee119496a774624be67962696af42e5 40750107f99244649b20ea9a73e24bee - - default default] 10.0.0.107 "GET /v2.0/security-groups?id=1afae015-2428-467a-acb9-fd2768548a23&fields=id&fields=name HTTP/1.1" status: 200 len: 313 time: 0.0396078
2026-05-08 00:34:03.152 10 INFO neutron.wsgi [req-cfc48b72-27d6-472a-a07d-92c2856e56bc req-0bc49e44-23b2-47eb-9a2d-9c8bf483e731 ab2226d253a94addb33f4d4d484d9875 a67f88ef717443879b63689d659331fe - - default default] 10.0.0.107 "GET /v2.0/ports?device_id=5258f7a3-b426-4340-8dd5-742ca14eb567 HTTP/1.1" status: 200 len: 1170 time: 0.1123288
2026-05-08 00:34:03.198 10 INFO neutron.wsgi [req-cfc48b72-27d6-472a-a07d-92c2856e56bc req-0aee0c70-f539-45ca-b6b8-a0c8374e9247 ab2226d253a94addb33f4d4d484d9875 a67f88ef717443879b63689d659331fe - - default default] 10.0.0.107 "GET /v2.0/security-groups?id=823345fa-8f73-4cc4-b42d-ccee62335ee1&fields=id&fields=name HTTP/1.1" status: 200 len: 286 time: 0.0369341
2026-05-08 00:34:03.414 9 INFO neutron.wsgi [req-fd7ada1d-9e1d-4792-adba-83999fce148c req-e763bd50-7e49-4287-a23a-2764f92328fc ab2226d253a94addb33f4d4d484d9875 a67f88ef717443879b63689d659331fe - - default default] 199.204.45.140 "GET /v2.0/ports?device_id=5258f7a3-b426-4340-8dd5-742ca14eb567 HTTP/1.1" status: 200 len: 1170 time: 0.0496361
2026-05-08 00:34:03.467 9 INFO neutron.db.ovn_revision_numbers_db [None req-7f804ed3-e0ab-4839-8327-be08fab18bf0 cf8adbd87da2496f9fd8738549069a43 27035b6a927844888ba419c7cca09a9e - - default default] Successfully bumped revision number for resource 9412d30d-8a15-49cd-b7d9-f4e80d35e049 (type: router_ports) to 1
2026-05-08 00:34:03.642 10 INFO neutron.notifiers.nova [-] Nova event matching ['req-f86f94b4-15fd-488b-9a2e-f0510f3ce388'] response: {'server_uuid': '5258f7a3-b426-4340-8dd5-742ca14eb567', 'name': 'network-vif-plugged', 'status': 'completed', 'tag': 'f3554c46-0c70-47cc-828a-b4c738eb3c15', 'code': 200}
2026-05-08 00:34:03.674 9 INFO neutron.db.ovn_revision_numbers_db [None req-7f804ed3-e0ab-4839-8327-be08fab18bf0 cf8adbd87da2496f9fd8738549069a43 27035b6a927844888ba419c7cca09a9e - - default default] Successfully bumped revision number for resource 9412d30d-8a15-49cd-b7d9-f4e80d35e049 (type: ports) to 1
2026-05-08 00:34:03.755 9 WARNING neutron.scheduler.dhcp_agent_scheduler [None req-7f804ed3-e0ab-4839-8327-be08fab18bf0 cf8adbd87da2496f9fd8738549069a43 27035b6a927844888ba419c7cca09a9e - - default default] No more DHCP agents
2026-05-08 00:34:03.766 9 WARNING neutron.api.rpc.agentnotifiers.dhcp_rpc_agent_api [None req-7f804ed3-e0ab-4839-8327-be08fab18bf0 cf8adbd87da2496f9fd8738549069a43 27035b6a927844888ba419c7cca09a9e - - default default] Unable to schedule network 8e2fa504-ea41-4c77-9dc5-cbd843e6d74b: no agents available; will retry on subsequent port and subnet creation events.
2026-05-08 00:34:03.795 9 INFO neutron.wsgi [req-fd7ada1d-9e1d-4792-adba-83999fce148c req-41f90a47-4f53-4d38-8147-6458802e273d ab2226d253a94addb33f4d4d484d9875 a67f88ef717443879b63689d659331fe - - default default] 199.204.45.140 "DELETE /v2.0/ports/f3554c46-0c70-47cc-828a-b4c738eb3c15 HTTP/1.1" status: 204 len: 173 time: 0.3757491
2026-05-08 00:34:03.837 10 INFO neutron.wsgi [req-c56c8b42-d311-48d6-9c4e-b5ef87575597 req-6f5c9acf-7ae3-4528-933f-d9b52e140453 28e8ddf6119347d7bd387750dbd67bc8 7ad7f7049cf24df3908e173f35e53b2b - - default default] 10.0.0.107 "GET /v2.0/networks?id=8a6cf75a-25ca-4ea4-93a6-f626a793a5b4 HTTP/1.1" status: 200 len: 871 time: 0.0691826
2026-05-08 00:34:03.861 9 INFO neutron.wsgi [req-b6b7629f-767f-4b48-b59c-7076b28d1283 req-90c9bd2c-6af2-44c8-9e84-81fbbfad876e 7ee119496a774624be67962696af42e5 40750107f99244649b20ea9a73e24bee - - default default] 10.0.0.107 "GET /v2.0/ports?device_id=91c734ae-d607-4a13-a8a9-75f7c17c77dc HTTP/1.1" status: 200 len: 1172 time: 0.0455050
2026-05-08 00:34:03.862 10 INFO neutron.wsgi [req-c56c8b42-d311-48d6-9c4e-b5ef87575597 req-c86ec7e5-cdbf-4ab3-af52-b00cfa6a7be5 28e8ddf6119347d7bd387750dbd67bc8 7ad7f7049cf24df3908e173f35e53b2b - - default default] 10.0.0.107 "GET /v2.0/quotas/7ad7f7049cf24df3908e173f35e53b2b HTTP/1.1" status: 200 len: 386 time: 0.0151949
2026-05-08 00:34:03.919 9 INFO neutron.wsgi [req-b6b7629f-767f-4b48-b59c-7076b28d1283 req-40b48308-78be-4597-9635-9c0074a64590 7ee119496a774624be67962696af42e5 40750107f99244649b20ea9a73e24bee - - default default] 10.0.0.107 "GET /v2.0/security-groups?id=1afae015-2428-467a-acb9-fd2768548a23&fields=id&fields=name HTTP/1.1" status: 200 len: 313 time: 0.0523024
2026-05-08 00:34:03.962 9 INFO neutron.notifiers.nova [-] Nova event matching ['req-58721172-f97d-4bf4-9248-f4aeb518d693'] response: {'server_uuid': '5258f7a3-b426-4340-8dd5-742ca14eb567', 'name': 'network-vif-deleted', 'tag': 'f3554c46-0c70-47cc-828a-b4c738eb3c15', 'status': 'completed', 'code': 200}
2026-05-08 00:34:03.978 10 INFO neutron.wsgi [req-c56c8b42-d311-48d6-9c4e-b5ef87575597 req-596f9b42-2fa7-4bfb-96b9-0a09319b447e 28e8ddf6119347d7bd387750dbd67bc8 7ad7f7049cf24df3908e173f35e53b2b - - default default] 10.0.0.107 "GET /v2.0/ports?tenant_id=7ad7f7049cf24df3908e173f35e53b2b&fields=id HTTP/1.1" status: 200 len: 302 time: 0.1098697
2026-05-08 00:34:04.039 10 INFO neutron.wsgi [req-c56c8b42-d311-48d6-9c4e-b5ef87575597 req-123511d4-c278-4737-886e-33229885a93a 3f8b8309b3ca466c8c300f1c89d3bcec f141bb3719024ae29a6a7b9890274bf6 - - 0447f99a6f7b4f63bba8b724b57b4524 0447f99a6f7b4f63bba8b724b57b4524] 10.0.0.107 "GET /v2.0/networks/8a6cf75a-25ca-4ea4-93a6-f626a793a5b4?fields=segments HTTP/1.1" status: 200 len: 212 time: 0.0521884
2026-05-08 00:34:04.117 10 INFO neutron.wsgi [req-c56c8b42-d311-48d6-9c4e-b5ef87575597 req-03489b6a-6cd0-4ef1-b842-b4de5a08007b 3f8b8309b3ca466c8c300f1c89d3bcec f141bb3719024ae29a6a7b9890274bf6 - - 0447f99a6f7b4f63bba8b724b57b4524 0447f99a6f7b4f63bba8b724b57b4524] 10.0.0.107 "GET /v2.0/networks/8a6cf75a-25ca-4ea4-93a6-f626a793a5b4?fields=provider%3Aphysical_network&fields=provider%3Anetwork_type HTTP/1.1" status: 200 len: 277 time: 0.0708308
2026-05-08 00:34:04.118 9 INFO neutron.db.ovn_revision_numbers_db [None req-7f804ed3-e0ab-4839-8327-be08fab18bf0 cf8adbd87da2496f9fd8738549069a43 27035b6a927844888ba419c7cca09a9e - - default default] Successfully bumped revision number for resource 9412d30d-8a15-49cd-b7d9-f4e80d35e049 (type: router_ports) to 1
2026-05-08 00:34:04.121 9 INFO neutron.wsgi [None req-7f804ed3-e0ab-4839-8327-be08fab18bf0 cf8adbd87da2496f9fd8738549069a43 27035b6a927844888ba419c7cca09a9e - - default default] 10.0.0.117 "PUT /v2.0/routers/c7b9e07b-7b22-4eda-85e0-63c74bd7762d/add_router_interface HTTP/1.1" status: 200 len: 503 time: 2.4645224
2026-05-08 00:34:04.278 9 INFO neutron.wsgi [req-33a54131-7900-43ff-98fe-9aa1636db11a req-bad25db2-7909-4593-a014-aa6694ed75af 28e8ddf6119347d7bd387750dbd67bc8 7ad7f7049cf24df3908e173f35e53b2b - - default default] 10.0.0.107 "GET /v2.0/ports?device_id=487a5889-1c42-4b5f-b5f4-e90dcc3ccd6e HTTP/1.1" status: 200 len: 210 time: 0.0347223
2026-05-08 00:34:04.688 10 WARNING neutron.scheduler.dhcp_agent_scheduler [None req-476ded62-c62f-4607-a7f1-176348b6bf00 cf8adbd87da2496f9fd8738549069a43 27035b6a927844888ba419c7cca09a9e - - default default] No more DHCP agents
2026-05-08 00:34:04.691 10 WARNING neutron.api.rpc.agentnotifiers.dhcp_rpc_agent_api [None req-476ded62-c62f-4607-a7f1-176348b6bf00 cf8adbd87da2496f9fd8738549069a43 27035b6a927844888ba419c7cca09a9e - - default default] Unable to schedule network 2fb8d6ee-8797-4e55-a20b-af18d80b3c60: no agents available; will retry on subsequent port and subnet creation events.
2026-05-08 00:34:04.889 10 INFO neutron.db.ovn_revision_numbers_db [None req-476ded62-c62f-4607-a7f1-176348b6bf00 cf8adbd87da2496f9fd8738549069a43 27035b6a927844888ba419c7cca09a9e - - default default] Successfully bumped revision number for resource 77fe4234-c948-410c-a600-ada92f48c694 (type: ports) to 1
2026-05-08 00:34:05.088 9 INFO neutron.wsgi [req-c56c8b42-d311-48d6-9c4e-b5ef87575597 req-19479f4f-4e70-44e7-b7a5-101ae5c24c93 28e8ddf6119347d7bd387750dbd67bc8 7ad7f7049cf24df3908e173f35e53b2b - - default default] 199.204.45.140 "GET /v2.0/networks?id=8a6cf75a-25ca-4ea4-93a6-f626a793a5b4 HTTP/1.1" status: 200 len: 871 time: 0.1143401
2026-05-08 00:34:05.146 10 INFO neutron.wsgi [req-2db0f025-47ba-4025-b43c-54910b8848da req-97c3b83a-b5c0-4a83-bd17-4971bbb91c11 7ee119496a774624be67962696af42e5 40750107f99244649b20ea9a73e24bee - - default default] 10.0.0.107 "GET /v2.0/ports?device_id=91c734ae-d607-4a13-a8a9-75f7c17c77dc HTTP/1.1" status: 200 len: 1172 time: 0.1360698
2026-05-08 00:34:05.209 10 INFO neutron.wsgi [req-2db0f025-47ba-4025-b43c-54910b8848da req-d613b40e-55de-4044-94fc-49195725ab25 7ee119496a774624be67962696af42e5 40750107f99244649b20ea9a73e24bee - - default default] 10.0.0.107 "GET /v2.0/security-groups?id=1afae015-2428-467a-acb9-fd2768548a23&fields=id&fields=name HTTP/1.1" status: 200 len: 313 time: 0.0573740
2026-05-08 00:34:05.391 9 INFO neutron.wsgi [req-9196863b-2cb6-4b42-95d0-881be1648a96 req-4dda0222-89c6-41cc-95e1-9fa65b4ad313 28e8ddf6119347d7bd387750dbd67bc8 7ad7f7049cf24df3908e173f35e53b2b - - default default] 10.0.0.107 "GET /v2.0/ports?device_id=487a5889-1c42-4b5f-b5f4-e90dcc3ccd6e HTTP/1.1" status: 200 len: 210 time: 0.0348320
2026-05-08 00:34:05.523 10 INFO neutron.db.ovn_revision_numbers_db [None req-476ded62-c62f-4607-a7f1-176348b6bf00 cf8adbd87da2496f9fd8738549069a43 27035b6a927844888ba419c7cca09a9e - - default default] Successfully bumped revision number for resource 77fe4234-c948-410c-a600-ada92f48c694 (type: router_ports) to 1
2026-05-08 00:34:05.605 9 WARNING neutron.scheduler.dhcp_agent_scheduler [req-c56c8b42-d311-48d6-9c4e-b5ef87575597 req-b3a4a064-f6c6-4571-9634-b2a3394a227f 28e8ddf6119347d7bd387750dbd67bc8 7ad7f7049cf24df3908e173f35e53b2b - - default default] No more DHCP agents
2026-05-08 00:34:05.610 9 WARNING neutron.api.rpc.agentnotifiers.dhcp_rpc_agent_api [req-c56c8b42-d311-48d6-9c4e-b5ef87575597 req-b3a4a064-f6c6-4571-9634-b2a3394a227f 28e8ddf6119347d7bd387750dbd67bc8 7ad7f7049cf24df3908e173f35e53b2b - - default default] Unable to schedule network 8a6cf75a-25ca-4ea4-93a6-f626a793a5b4: no agents available; will retry on subsequent port and subnet creation events.
2026-05-08 00:34:05.688 10 INFO neutron.db.ovn_revision_numbers_db [None req-476ded62-c62f-4607-a7f1-176348b6bf00 cf8adbd87da2496f9fd8738549069a43 27035b6a927844888ba419c7cca09a9e - - default default] Successfully bumped revision number for resource 77fe4234-c948-410c-a600-ada92f48c694 (type: ports) to 1
2026-05-08 00:34:05.758 9 INFO neutron.wsgi [None req-96e36e25-53b2-4fc2-b733-96f030d460ec 0463e353845149b3925bd849625498db 1d5d15bc86544c60ada5cc17c75da708 - - default default] 10.0.0.117 "PUT /v2.0/routers/af2bb47d-e616-45c9-82d4-e751bff62f6a/remove_router_interface HTTP/1.1" status: 200 len: 503 time: 1.4875784
2026-05-08 00:34:05.778 10 WARNING neutron.scheduler.dhcp_agent_scheduler [None req-476ded62-c62f-4607-a7f1-176348b6bf00 cf8adbd87da2496f9fd8738549069a43 27035b6a927844888ba419c7cca09a9e - - default default] No more DHCP agents
2026-05-08 00:34:05.807 10 WARNING neutron.api.rpc.agentnotifiers.dhcp_rpc_agent_api [None req-476ded62-c62f-4607-a7f1-176348b6bf00 cf8adbd87da2496f9fd8738549069a43 27035b6a927844888ba419c7cca09a9e - - default default] Unable to schedule network 2fb8d6ee-8797-4e55-a20b-af18d80b3c60: no agents available; will retry on subsequent port and subnet creation events.
2026-05-08 00:34:05.855 9 INFO neutron.db.ovn_revision_numbers_db [req-c56c8b42-d311-48d6-9c4e-b5ef87575597 req-b3a4a064-f6c6-4571-9634-b2a3394a227f 28e8ddf6119347d7bd387750dbd67bc8 7ad7f7049cf24df3908e173f35e53b2b - - default default] Successfully bumped revision number for resource bb513a36-e041-4be6-aac7-be61675f0f1e (type: ports) to 1
2026-05-08 00:34:05.892 9 INFO neutron.wsgi [req-c56c8b42-d311-48d6-9c4e-b5ef87575597 req-b3a4a064-f6c6-4571-9634-b2a3394a227f 28e8ddf6119347d7bd387750dbd67bc8 7ad7f7049cf24df3908e173f35e53b2b - - default default] 199.204.45.140 "POST /v2.0/ports HTTP/1.1" status: 201 len: 1162 time: 0.7845447 /var/lib/openstack/lib/python3.10/site-packages/pycadf/identifier.py:71: UserWarning: Invalid uuid: neutron. To ensure interoperability, identifiers should be a valid uuid. warnings.warn(('Invalid uuid: %s. To ensure interoperability, '
2026-05-08 00:34:06.268 10 INFO neutron.wsgi [None req-97791712-dac9-485e-bb83-24de0e25b1fa 0463e353845149b3925bd849625498db 1d5d15bc86544c60ada5cc17c75da708 - - default default] 10.0.0.54 "GET /v2.0/networks HTTP/1.1" status: 200 len: 6985 time: 0.4666345
2026-05-08 00:34:06.325 10 INFO neutron.wsgi [req-e42303cf-ccf8-4d72-ad3c-a551d87b1102 req-7ab7d636-e6f0-49c7-a2e6-586bacd90748 7ee119496a774624be67962696af42e5 40750107f99244649b20ea9a73e24bee - - default default] 10.0.0.107 "GET /v2.0/ports?device_id=91c734ae-d607-4a13-a8a9-75f7c17c77dc HTTP/1.1" status: 200 len: 1172 time: 0.0557311
2026-05-08 00:34:06.339 10 INFO neutron.wsgi [None req-cdd3d8a9-6b6b-4ab6-ad80-37b7060b9e18 0463e353845149b3925bd849625498db 1d5d15bc86544c60ada5cc17c75da708 - - default default] 10.0.0.54 "GET /v2.0/agents HTTP/1.1" status: 200 len: 997 time: 0.0597079
2026-05-08 00:34:06.343 9 INFO neutron.db.ovn_revision_numbers_db [req-c56c8b42-d311-48d6-9c4e-b5ef87575597 req-648eb7fc-7e88-40d4-848d-68777b4a00ad 3f8b8309b3ca466c8c300f1c89d3bcec f141bb3719024ae29a6a7b9890274bf6 - - 0447f99a6f7b4f63bba8b724b57b4524 0447f99a6f7b4f63bba8b724b57b4524] Successfully bumped revision number for resource bb513a36-e041-4be6-aac7-be61675f0f1e (type: ports) to 2
2026-05-08 00:34:06.430 10 INFO neutron.wsgi [None req-13f96a66-3db1-4be3-acb2-572d73cc2587 0463e353845149b3925bd849625498db 1d5d15bc86544c60ada5cc17c75da708 - - default default] 10.0.0.54 "GET /v2.0/subnets HTTP/1.1" status: 200 len: 7449 time: 0.0844920
2026-05-08 00:34:06.455 10 INFO neutron.wsgi [req-e42303cf-ccf8-4d72-ad3c-a551d87b1102 req-d28d98c1-181a-4cf9-a8ef-7657a9a457f2 7ee119496a774624be67962696af42e5 40750107f99244649b20ea9a73e24bee - - default default] 10.0.0.107 "GET /v2.0/security-groups?id=1afae015-2428-467a-acb9-fd2768548a23&fields=id&fields=name HTTP/1.1" status: 200 len: 313 time: 0.1218989
2026-05-08 00:34:06.458 10 INFO neutron.wsgi [None req-141a1aba-0163-4c58-9553-bd91fd91f4ea 0463e353845149b3925bd849625498db 1d5d15bc86544c60ada5cc17c75da708 - - default default] 10.0.0.54 "GET /v2.0/subnetpools HTTP/1.1" status: 200 len: 193 time: 0.0213294 /var/lib/openstack/lib/python3.10/site-packages/pycadf/identifier.py:71: UserWarning: Invalid uuid: neutron. To ensure interoperability, identifiers should be a valid uuid. warnings.warn(('Invalid uuid: %s. To ensure interoperability, '
2026-05-08 00:34:06.487 10 INFO neutron.wsgi [None req-b6ab594c-a8d3-4435-9741-73c8f3b25b81 0463e353845149b3925bd849625498db 1d5d15bc86544c60ada5cc17c75da708 - - default default] 10.0.0.54 "GET /v2.0/floatingips HTTP/1.1" status: 200 len: 193 time: 0.0285032
2026-05-08 00:34:06.597 10 INFO neutron.wsgi [None req-5fe78ea2-c0b0-4483-8344-7769ace75417 0463e353845149b3925bd849625498db 1d5d15bc86544c60ada5cc17c75da708 - - default default] 10.0.0.54 "GET /v2.0/security-groups HTTP/1.1" status: 200 len: 33017 time: 0.1095865
2026-05-08 00:34:06.651 10 INFO neutron.wsgi [None req-82322958-739b-48c0-a8c7-f678b959f21f 0463e353845149b3925bd849625498db 1d5d15bc86544c60ada5cc17c75da708 - - default default] 10.0.0.54 "GET /v2.0/network-ip-availabilities HTTP/1.1" status: 200 len: 4762 time: 0.0444088
2026-05-08 00:34:06.712 10 INFO neutron.wsgi [None req-a485d90f-6e10-41f1-848a-02b949ba870b 0463e353845149b3925bd849625498db 1d5d15bc86544c60ada5cc17c75da708 - - default default] 10.0.0.54 "GET /v2.0/ports HTTP/1.1" status: 200 len: 23755 time: 0.0559096
2026-05-08 00:34:06.789 10 INFO neutron.db.ovn_revision_numbers_db [None req-476ded62-c62f-4607-a7f1-176348b6bf00 cf8adbd87da2496f9fd8738549069a43 27035b6a927844888ba419c7cca09a9e - - default default] Successfully bumped revision number for resource 77fe4234-c948-410c-a600-ada92f48c694 (type: router_ports) to 1
2026-05-08 00:34:06.791 10 INFO neutron.wsgi [None req-476ded62-c62f-4607-a7f1-176348b6bf00 cf8adbd87da2496f9fd8738549069a43 27035b6a927844888ba419c7cca09a9e - - default default] 10.0.0.117 "PUT /v2.0/routers/c7b9e07b-7b22-4eda-85e0-63c74bd7762d/add_router_interface HTTP/1.1" status: 200 len: 503 time: 2.6637347
2026-05-08 00:34:06.827 10 INFO neutron.wsgi [None req-8bc7858d-fa20-4c24-a442-5a5e53c1be8f 0463e353845149b3925bd849625498db 1d5d15bc86544c60ada5cc17c75da708 - - default default] 10.0.0.54 "GET /v2.0/routers HTTP/1.1" status: 200 len: 2686 time: 0.0985692
2026-05-08 00:34:06.849 10 INFO neutron.wsgi [None req-dbaa09ba-bedf-499f-9f83-d0730bf6ccee 0463e353845149b3925bd849625498db 1d5d15bc86544c60ada5cc17c75da708 - - default default] 10.0.0.54 "GET /v2.0/agents?binary=ovn-controller HTTP/1.1" status: 200 len: 591 time: 0.0117037
2026-05-08 00:34:06.874 9 INFO neutron.wsgi [req-3833129a-7490-43c0-8f02-ceaa629fa152 req-f27a4f55-3a4c-478c-ba05-12b10d72884f 28e8ddf6119347d7bd387750dbd67bc8 7ad7f7049cf24df3908e173f35e53b2b - - default default] 10.0.0.107 "GET /v2.0/ports?device_id=487a5889-1c42-4b5f-b5f4-e90dcc3ccd6e HTTP/1.1" status: 200 len: 1172 time: 0.3972800 /var/lib/openstack/lib/python3.10/site-packages/pycadf/identifier.py:71: UserWarning: Invalid uuid: neutron. To ensure interoperability, identifiers should be a valid uuid. warnings.warn(('Invalid uuid: %s. To ensure interoperability, '
2026-05-08 00:34:06.911 9 INFO neutron.db.ovn_revision_numbers_db [req-c56c8b42-d311-48d6-9c4e-b5ef87575597 req-648eb7fc-7e88-40d4-848d-68777b4a00ad 3f8b8309b3ca466c8c300f1c89d3bcec f141bb3719024ae29a6a7b9890274bf6 - - 0447f99a6f7b4f63bba8b724b57b4524 0447f99a6f7b4f63bba8b724b57b4524] Successfully bumped revision number for resource bb513a36-e041-4be6-aac7-be61675f0f1e (type: ports) to 2
2026-05-08 00:34:06.919 10 INFO neutron.wsgi [None req-4ce98ce2-3c13-4e31-9cf8-0e3d1790d0fe 0463e353845149b3925bd849625498db 1d5d15bc86544c60ada5cc17c75da708 - - default default] 10.0.0.54 "GET /v2.0/subnets HTTP/1.1" status: 200 len: 7449 time: 0.0692787
2026-05-08 00:34:06.925 9 INFO neutron.wsgi [req-3833129a-7490-43c0-8f02-ceaa629fa152 req-4e99313f-e6de-430e-917e-e497854cb6b6 28e8ddf6119347d7bd387750dbd67bc8 7ad7f7049cf24df3908e173f35e53b2b - - default default] 10.0.0.107 "GET /v2.0/security-groups?id=c7c82bf7-1c15-4faa-84b7-dda1a26214aa&fields=id&fields=name HTTP/1.1" status: 200 len: 286 time: 0.0395606
2026-05-08 00:34:06.934 9 INFO neutron.wsgi [req-c56c8b42-d311-48d6-9c4e-b5ef87575597 req-648eb7fc-7e88-40d4-848d-68777b4a00ad 3f8b8309b3ca466c8c300f1c89d3bcec f141bb3719024ae29a6a7b9890274bf6 - - 0447f99a6f7b4f63bba8b724b57b4524 0447f99a6f7b4f63bba8b724b57b4524] 199.204.45.140 "PUT /v2.0/ports/bb513a36-e041-4be6-aac7-be61675f0f1e HTTP/1.1" status: 200 len: 1380 time: 1.0315919
2026-05-08 00:34:06.974 9 INFO neutron.notifiers.nova [-] Nova event matching ['req-02d20227-83a7-44ab-9332-563d3e766b49'] response: {'name': 'network-changed', 'server_uuid': '487a5889-1c42-4b5f-b5f4-e90dcc3ccd6e', 'tag': 'bb513a36-e041-4be6-aac7-be61675f0f1e', 'status': 'completed', 'code': 200}
2026-05-08 00:34:07.009 9 INFO neutron.wsgi [req-c56c8b42-d311-48d6-9c4e-b5ef87575597 req-41010f2d-aa91-47f9-9a5c-3677f1089916 3f8b8309b3ca466c8c300f1c89d3bcec f141bb3719024ae29a6a7b9890274bf6 - - 0447f99a6f7b4f63bba8b724b57b4524 0447f99a6f7b4f63bba8b724b57b4524] 199.204.45.140 "GET /v2.0/ports?tenant_id=7ad7f7049cf24df3908e173f35e53b2b&device_id=487a5889-1c42-4b5f-b5f4-e90dcc3ccd6e HTTP/1.1" status: 200 len: 1411 time: 0.0281832
2026-05-08 00:34:07.042 9 INFO neutron.wsgi [req-c56c8b42-d311-48d6-9c4e-b5ef87575597 req-9deba60f-8bd2-4831-aa4e-1c8755ce4c7f 3f8b8309b3ca466c8c300f1c89d3bcec f141bb3719024ae29a6a7b9890274bf6 - - 0447f99a6f7b4f63bba8b724b57b4524 0447f99a6f7b4f63bba8b724b57b4524] 199.204.45.140 "GET /v2.0/floatingips?fixed_ip_address=10.100.0.13&port_id=bb513a36-e041-4be6-aac7-be61675f0f1e HTTP/1.1" status: 200 len: 217 time: 0.0223441
2026-05-08 00:34:07.047 10 INFO neutron.db.ovn_revision_numbers_db [None req-05a8ee6d-e0c9-4eb0-af53-76a7a6d2df81 cf8adbd87da2496f9fd8738549069a43 27035b6a927844888ba419c7cca09a9e - - default default] Successfully bumped revision number for resource 58a1ef27-19f1-453f-84a1-fe28c7bd42c2 (type: security_groups) to 1
2026-05-08 00:34:07.071 10 INFO neutron.db.ovn_revision_numbers_db [None req-05a8ee6d-e0c9-4eb0-af53-76a7a6d2df81 cf8adbd87da2496f9fd8738549069a43 27035b6a927844888ba419c7cca09a9e - - default default] Successfully bumped revision number for resource 51fc3f41-33b8-4895-bfa8-ae63446f58c7 (type: security_group_rules) to 0
2026-05-08 00:34:07.080 9 INFO neutron.wsgi [req-c56c8b42-d311-48d6-9c4e-b5ef87575597 req-4553bdc8-528f-4c43-87a5-b82b20ee95e0 3f8b8309b3ca466c8c300f1c89d3bcec f141bb3719024ae29a6a7b9890274bf6 - - 0447f99a6f7b4f63bba8b724b57b4524 0447f99a6f7b4f63bba8b724b57b4524] 199.204.45.140 "GET /v2.0/subnets?id=ea55a02f-bb00-4a12-a17d-7f28ff79da9f HTTP/1.1" status: 200 len: 865 time: 0.0300145
2026-05-08 00:34:07.103 10 INFO neutron.db.ovn_revision_numbers_db [None req-05a8ee6d-e0c9-4eb0-af53-76a7a6d2df81 cf8adbd87da2496f9fd8738549069a43 27035b6a927844888ba419c7cca09a9e - - default default] Successfully bumped revision number for resource 6e8ac0b8-ed75-41ef-b971-10dc3041478a (type: security_group_rules) to 0
2026-05-08 00:34:07.108 9 INFO neutron.wsgi [req-c56c8b42-d311-48d6-9c4e-b5ef87575597 req-0420568f-fb16-4261-875e-cb3d9a889f53 3f8b8309b3ca466c8c300f1c89d3bcec f141bb3719024ae29a6a7b9890274bf6 - - 0447f99a6f7b4f63bba8b724b57b4524 0447f99a6f7b4f63bba8b724b57b4524] 199.204.45.140 "GET /v2.0/ports?network_id=8a6cf75a-25ca-4ea4-93a6-f626a793a5b4&device_owner=network%3Adhcp HTTP/1.1" status: 200 len: 210 time: 0.0208845
2026-05-08 00:34:07.134 10 INFO neutron.wsgi [None req-05a8ee6d-e0c9-4eb0-af53-76a7a6d2df81 cf8adbd87da2496f9fd8738549069a43 27035b6a927844888ba419c7cca09a9e - - default default] 10.0.0.117 "POST /v2.0/security-groups HTTP/1.1" status: 201 len: 1764 time: 0.2736769
2026-05-08 00:34:07.180 10 INFO neutron.wsgi [None req-703528d9-670c-41e4-81fc-530c0ed1792f 0463e353845149b3925bd849625498db 1d5d15bc86544c60ada5cc17c75da708 - - default default] 10.0.0.117 "DELETE /v2.0/routers/af2bb47d-e616-45c9-82d4-e751bff62f6a HTTP/1.1" status: 204 len: 168 time: 1.4152944
2026-05-08 00:34:07.181 9 INFO neutron.wsgi [req-c56c8b42-d311-48d6-9c4e-b5ef87575597 req-7661b022-f45f-4df7-bd77-43483c7ca11e 3f8b8309b3ca466c8c300f1c89d3bcec f141bb3719024ae29a6a7b9890274bf6 - - 0447f99a6f7b4f63bba8b724b57b4524 0447f99a6f7b4f63bba8b724b57b4524] 199.204.45.140 "GET /v2.0/networks/8a6cf75a-25ca-4ea4-93a6-f626a793a5b4?fields=segments HTTP/1.1" status: 200 len: 212 time: 0.0647614
2026-05-08 00:34:07.269 10 INFO neutron.db.ovn_revision_numbers_db [None req-13c806f4-946a-434d-a663-7b8b13aedf44 cf8adbd87da2496f9fd8738549069a43 27035b6a927844888ba419c7cca09a9e - - default default] Successfully bumped revision number for resource 8d70ba16-0b78-409a-93da-491cb5207017 (type: security_group_rules) to 0
2026-05-08 00:34:07.283 9 INFO neutron.wsgi [req-c56c8b42-d311-48d6-9c4e-b5ef87575597 req-500b9a46-fb75-4b01-9598-82d9a06cb7f0 3f8b8309b3ca466c8c300f1c89d3bcec f141bb3719024ae29a6a7b9890274bf6 - - 0447f99a6f7b4f63bba8b724b57b4524 0447f99a6f7b4f63bba8b724b57b4524] 199.204.45.140 "GET /v2.0/networks/8a6cf75a-25ca-4ea4-93a6-f626a793a5b4?fields=provider%3Aphysical_network&fields=provider%3Anetwork_type HTTP/1.1" status: 200 len: 277 time: 0.0852070
2026-05-08 00:34:07.296 10 INFO neutron.wsgi [None req-13c806f4-946a-434d-a663-7b8b13aedf44 cf8adbd87da2496f9fd8738549069a43 27035b6a927844888ba419c7cca09a9e - - default default] 10.0.0.117 "POST /v2.0/security-group-rules HTTP/1.1" status: 201 len: 764 time: 0.1539576
2026-05-08 00:34:07.403 9 INFO neutron.wsgi [req-a780986e-5fb5-47ba-aa57-81043eb9045c req-40e9fc27-cc2d-4bc2-a8f6-f7d1a9c0c071 3f8b8309b3ca466c8c300f1c89d3bcec f141bb3719024ae29a6a7b9890274bf6 - - 0447f99a6f7b4f63bba8b724b57b4524 0447f99a6f7b4f63bba8b724b57b4524] 199.204.45.140 "GET /v2.0/ports?tenant_id=7ad7f7049cf24df3908e173f35e53b2b&device_id=487a5889-1c42-4b5f-b5f4-e90dcc3ccd6e HTTP/1.1" status: 200 len: 1411 time: 0.0707843
2026-05-08 00:34:07.487 9 INFO neutron.wsgi [None req-e0d95f15-4b0a-4225-932e-21bcdaa715de 0463e353845149b3925bd849625498db 1d5d15bc86544c60ada5cc17c75da708 - - default default] 10.0.0.117 "DELETE /v2.0/subnets/19b4f802-a620-43af-a1f5-76f433ab81c1 HTTP/1.1" status: 204 len: 168 time: 0.2952127
2026-05-08 00:34:07.513 9 INFO neutron.wsgi [req-a780986e-5fb5-47ba-aa57-81043eb9045c req-d6f38853-3761-4040-bf71-5dec1906aa8c 3f8b8309b3ca466c8c300f1c89d3bcec f141bb3719024ae29a6a7b9890274bf6 - - 0447f99a6f7b4f63bba8b724b57b4524 0447f99a6f7b4f63bba8b724b57b4524] 199.204.45.140 "GET /v2.0/networks?id=8a6cf75a-25ca-4ea4-93a6-f626a793a5b4 HTTP/1.1" status: 200 len: 970 time: 0.1037996
2026-05-08 00:34:07.561 9 INFO neutron.wsgi [req-a780986e-5fb5-47ba-aa57-81043eb9045c req-7a7f7cde-1528-4f99-bc88-6875353309a7 3f8b8309b3ca466c8c300f1c89d3bcec f141bb3719024ae29a6a7b9890274bf6 - - 0447f99a6f7b4f63bba8b724b57b4524 0447f99a6f7b4f63bba8b724b57b4524] 199.204.45.140 "GET /v2.0/floatingips?fixed_ip_address=10.100.0.13&port_id=bb513a36-e041-4be6-aac7-be61675f0f1e HTTP/1.1" status: 200 len: 217 time: 0.0364156
2026-05-08 00:34:07.582 9 INFO neutron.db.ovn_revision_numbers_db [None req-3317826c-e470-49c5-908b-708a83f3ac6c cf8adbd87da2496f9fd8738549069a43 27035b6a927844888ba419c7cca09a9e - - default default] Successfully bumped revision number for resource 243ce761-1e68-4bae-ac5c-92689f21197e (type: security_group_rules) to 0
2026-05-08 00:34:07.652 9 INFO neutron.wsgi [req-a780986e-5fb5-47ba-aa57-81043eb9045c req-bba99ce5-9320-44fd-a0e2-239601c32e7d 3f8b8309b3ca466c8c300f1c89d3bcec f141bb3719024ae29a6a7b9890274bf6 - - 0447f99a6f7b4f63bba8b724b57b4524 0447f99a6f7b4f63bba8b724b57b4524] 199.204.45.140 "GET /v2.0/subnets?id=ea55a02f-bb00-4a12-a17d-7f28ff79da9f HTTP/1.1" status: 200 len: 865 time: 0.0718422
2026-05-08 00:34:07.656 9 INFO neutron.wsgi [None req-3317826c-e470-49c5-908b-708a83f3ac6c cf8adbd87da2496f9fd8738549069a43 27035b6a927844888ba419c7cca09a9e - - default default] 10.0.0.117 "POST /v2.0/security-group-rules HTTP/1.1" status: 201 len: 764 time: 0.3533351
2026-05-08 00:34:07.692 9 INFO neutron.wsgi [req-a780986e-5fb5-47ba-aa57-81043eb9045c req-868044d3-de28-46e3-b3b8-955b21f193a4 3f8b8309b3ca466c8c300f1c89d3bcec f141bb3719024ae29a6a7b9890274bf6 - - 0447f99a6f7b4f63bba8b724b57b4524 0447f99a6f7b4f63bba8b724b57b4524] 199.204.45.140 "GET /v2.0/ports?network_id=8a6cf75a-25ca-4ea4-93a6-f626a793a5b4&device_owner=network%3Adhcp HTTP/1.1" status: 200 len: 210 time: 0.0325930
2026-05-08 00:34:07.720 9 INFO neutron.wsgi [req-3338a094-b044-4eeb-9b44-9b1d7d8a726d req-7eee1fa0-cd43-48b3-b02f-cbeaaf2ad41e 7ee119496a774624be67962696af42e5 40750107f99244649b20ea9a73e24bee - - default default] 10.0.0.107 "GET /v2.0/ports?device_id=91c734ae-d607-4a13-a8a9-75f7c17c77dc HTTP/1.1" status: 200 len: 1172 time: 0.1822333
2026-05-08 00:34:07.790 10 WARNING neutron.plugins.ml2.drivers.ovn.mech_driver.ovsdb.ovn_client [None req-19c09000-c697-40ab-ad22-53a8c9c4a4e4 - - - - - -] No hosting information found for port 13aaa90c-3dc8-46b3-a6a0-9ebf5bc86a44: RuntimeError: No hosting information found for port 13aaa90c-3dc8-46b3-a6a0-9ebf5bc86a44
2026-05-08 00:34:07.791 10 INFO neutron.plugins.ml2.drivers.ovn.mech_driver.mech_driver [None req-19c09000-c697-40ab-ad22-53a8c9c4a4e4 - - - - - -] OVN reports status up for port: f0bc119c-f771-4c03-829f-32573c7a19bd
2026-05-08 00:34:07.807 10 INFO neutron.plugins.ml2.plugin [None req-19c09000-c697-40ab-ad22-53a8c9c4a4e4 - - - - - -] Attempt 1 to provision port f0bc119c-f771-4c03-829f-32573c7a19bd
2026-05-08 00:34:07.817 10 INFO neutron.db.ovn_revision_numbers_db [None req-618254a5-7652-4843-828e-af7f0aa30e75 cf8adbd87da2496f9fd8738549069a43 27035b6a927844888ba419c7cca09a9e - - default default] Successfully bumped revision number for resource 6e3ea45b-f8c0-427e-96b5-0683fd0436bd (type: security_group_rules) to 0
2026-05-08 00:34:07.841 9 INFO neutron.wsgi [req-a780986e-5fb5-47ba-aa57-81043eb9045c req-51b2a85a-0387-46e1-b599-4078ccde8aee 3f8b8309b3ca466c8c300f1c89d3bcec f141bb3719024ae29a6a7b9890274bf6 - - 0447f99a6f7b4f63bba8b724b57b4524 0447f99a6f7b4f63bba8b724b57b4524] 199.204.45.140 "GET /v2.0/networks/8a6cf75a-25ca-4ea4-93a6-f626a793a5b4?fields=segments HTTP/1.1" status: 200 len: 212 time: 0.1392641
2026-05-08 00:34:07.848 9 INFO neutron.wsgi [req-3338a094-b044-4eeb-9b44-9b1d7d8a726d req-2efd060d-f73e-48cf-a896-20f2b73522a7 7ee119496a774624be67962696af42e5 40750107f99244649b20ea9a73e24bee - - default default] 10.0.0.107 "GET /v2.0/security-groups?id=1afae015-2428-467a-acb9-fd2768548a23&fields=id&fields=name HTTP/1.1" status: 200 len: 313 time: 0.1191587
2026-05-08 00:34:07.857 10 INFO neutron.wsgi [None req-618254a5-7652-4843-828e-af7f0aa30e75 cf8adbd87da2496f9fd8738549069a43 27035b6a927844888ba419c7cca09a9e - - default default] 10.0.0.117 "POST /v2.0/security-group-rules HTTP/1.1" status: 201 len: 766 time: 0.1937990
2026-05-08 00:34:07.980 9 INFO neutron.wsgi [req-a780986e-5fb5-47ba-aa57-81043eb9045c req-b92f7995-f619-412d-a4b4-e81154420a9b 3f8b8309b3ca466c8c300f1c89d3bcec f141bb3719024ae29a6a7b9890274bf6 - - 0447f99a6f7b4f63bba8b724b57b4524 0447f99a6f7b4f63bba8b724b57b4524] 199.204.45.140 "GET /v2.0/networks/8a6cf75a-25ca-4ea4-93a6-f626a793a5b4?fields=provider%3Aphysical_network&fields=provider%3Anetwork_type HTTP/1.1" status: 200 len: 277 time: 0.1154678
2026-05-08 00:34:08.080 10 INFO neutron.wsgi [req-81f11896-90d4-46ae-86ef-f159b027b1d7 req-9f252ce6-4926-41e2-b5e1-19a9f31c36cb 28e8ddf6119347d7bd387750dbd67bc8 7ad7f7049cf24df3908e173f35e53b2b - - default default] 10.0.0.107 "GET /v2.0/ports?device_id=487a5889-1c42-4b5f-b5f4-e90dcc3ccd6e HTTP/1.1" status: 200 len: 1172 time: 0.0813129
2026-05-08 00:34:08.081 9 INFO neutron.services.segments.plugin [-] Segment 602de394-a207-4d83-a632-30d7b98a9377 resource provider aggregate not found
2026-05-08 00:34:08.089 9 INFO neutron.services.segments.plugin [-] Segment 602de394-a207-4d83-a632-30d7b98a9377 resource provider aggregate not found
2026-05-08 00:34:08.099 9 INFO neutron.services.segments.plugin [-] Segment 602de394-a207-4d83-a632-30d7b98a9377 resource provider not found; error: Placement Client Error (4xx): {"errors": [{"status": 404, "title": "Not Found", "detail": "The resource could not be found.\n\n No resource provider with uuid 602de394-a207-4d83-a632-30d7b98a9377 found for delete ", "request_id": "req-a7674798-12f2-4109-92e9-4ecabb2c43b6"}]}
2026-05-08 00:34:08.108 9 INFO neutron.services.segments.plugin [-] Segment 602de394-a207-4d83-a632-30d7b98a9377 resource provider not found; error: Placement Client Error (4xx): {"errors": [{"status": 404, "title": "Not Found", "detail": "The resource could not be found.\n\n No resource provider with uuid 602de394-a207-4d83-a632-30d7b98a9377 found for delete ", "request_id": "req-513a7099-7793-4af4-9552-4d12b0dbba51"}]}
2026-05-08 00:34:08.135 9 INFO neutron.wsgi [None req-c6db943c-a816-405d-88ea-dbd3245fcd84 0463e353845149b3925bd849625498db 1d5d15bc86544c60ada5cc17c75da708 - - default default] 10.0.0.117 "DELETE /v2.0/networks/3dfce576-787b-4ba8-84c6-b7ab57a15207 HTTP/1.1" status: 204 len: 168 time: 0.6429806
2026-05-08 00:34:08.136 9 INFO neutron.db.ovn_revision_numbers_db [None req-1c9f1e21-14ea-492b-9367-5294c899f9e3 cf8adbd87da2496f9fd8738549069a43 27035b6a927844888ba419c7cca09a9e - - default default] Successfully bumped revision number for resource 06970a98-6587-4ca7-8c8f-b5e60f020129 (type: security_group_rules) to 0
2026-05-08 00:34:08.159 10 INFO neutron.wsgi [req-81f11896-90d4-46ae-86ef-f159b027b1d7 req-23dbb5e7-46bf-499b-b6be-64de81a1e94f 28e8ddf6119347d7bd387750dbd67bc8 7ad7f7049cf24df3908e173f35e53b2b - - default default] 10.0.0.107 "GET /v2.0/security-groups?id=c7c82bf7-1c15-4faa-84b7-dda1a26214aa&fields=id&fields=name HTTP/1.1" status: 200 len: 286 time: 0.0692830
2026-05-08 00:34:08.190 9 INFO neutron.wsgi [None req-1c9f1e21-14ea-492b-9367-5294c899f9e3 cf8adbd87da2496f9fd8738549069a43 27035b6a927844888ba419c7cca09a9e - - default default] 10.0.0.117 "POST /v2.0/security-group-rules HTTP/1.1" status: 201 len: 768 time: 0.3228016
2026-05-08 00:34:08.199 10 INFO neutron.db.ovn_revision_numbers_db [None req-19c09000-c697-40ab-ad22-53a8c9c4a4e4 - - - - - -] Successfully bumped revision number for resource f0bc119c-f771-4c03-829f-32573c7a19bd (type: ports) to 2
2026-05-08 00:34:08.296 9 INFO neutron.wsgi [None req-39c3b6e8-ff11-47bd-96dd-b842fefb28e4 0463e353845149b3925bd849625498db 1d5d15bc86544c60ada5cc17c75da708 - - default default] 10.0.0.117 "GET /v2.0/security-groups?tenant_id=a67f88ef717443879b63689d659331fe&name=default HTTP/1.1" status: 200 len: 2996 time: 0.0506976
2026-05-08 00:34:08.334 10 INFO neutron.db.ovn_revision_numbers_db [None req-19c09000-c697-40ab-ad22-53a8c9c4a4e4 - - - - - -] Successfully bumped revision number for resource f0bc119c-f771-4c03-829f-32573c7a19bd (type: router_ports) to 2
2026-05-08 00:34:08.360 9 INFO neutron.db.ovn_revision_numbers_db [None req-9eff2df8-bfa8-49a6-996c-c9db2a2608a8 cf8adbd87da2496f9fd8738549069a43 27035b6a927844888ba419c7cca09a9e - - default default] Successfully bumped revision number for resource 4aed92d3-8601-4a17-97b6-b5ef25926747 (type: security_group_rules) to 0
2026-05-08 00:34:08.395 9 INFO neutron.wsgi [None req-9eff2df8-bfa8-49a6-996c-c9db2a2608a8 cf8adbd87da2496f9fd8738549069a43 27035b6a927844888ba419c7cca09a9e - - default default] 10.0.0.117 "POST /v2.0/security-group-rules HTTP/1.1" status: 201 len: 768 time: 0.1986887
2026-05-08 00:34:08.529 9 INFO neutron.wsgi [None req-c116b663-6a6f-42ec-bb7a-052d726c3cb7 0463e353845149b3925bd849625498db 1d5d15bc86544c60ada5cc17c75da708 - - default default] 10.0.0.117 "DELETE /v2.0/security-groups/823345fa-8f73-4cc4-b42d-ccee62335ee1 HTTP/1.1" status: 204 len: 168 time: 0.2219372
2026-05-08 00:34:08.563 10 INFO neutron.db.ovn_revision_numbers_db [None req-7fefe038-d702-476a-9563-80ad16c8dec3 cf8adbd87da2496f9fd8738549069a43 27035b6a927844888ba419c7cca09a9e - - default default] Successfully bumped revision number for resource 0ffdc040-da9b-49f6-9ced-82828ae93631 (type: security_group_rules) to 0
2026-05-08 00:34:08.592 10 INFO neutron.wsgi [None req-7fefe038-d702-476a-9563-80ad16c8dec3 cf8adbd87da2496f9fd8738549069a43 27035b6a927844888ba419c7cca09a9e - - default default] 10.0.0.117 "POST /v2.0/security-group-rules HTTP/1.1" status: 201 len: 764 time: 0.1907880
2026-05-08 00:34:08.741 10 INFO neutron.db.ovn_revision_numbers_db [None req-280f442c-fdc9-4435-85e6-0bf80e506396 cf8adbd87da2496f9fd8738549069a43 27035b6a927844888ba419c7cca09a9e - - default default] Successfully bumped revision number for resource 94387813-c47e-463d-93df-0a3dfbb07269 (type: security_group_rules) to 0
2026-05-08 00:34:08.766 10 INFO neutron.wsgi [None req-280f442c-fdc9-4435-85e6-0bf80e506396 cf8adbd87da2496f9fd8738549069a43 27035b6a927844888ba419c7cca09a9e - - default default] 10.0.0.117 "POST /v2.0/security-group-rules HTTP/1.1" status: 201 len: 764 time: 0.1685114
2026-05-08 00:34:08.945 10 INFO neutron.db.ovn_revision_numbers_db [None req-0c88f2f1-8d63-40f0-9c83-90bf45177de3 cf8adbd87da2496f9fd8738549069a43 27035b6a927844888ba419c7cca09a9e - - default default] Successfully bumped revision number for resource e0390569-947a-461a-b192-6c8720b58728 (type: security_group_rules) to 0
2026-05-08 00:34:08.970 10 INFO neutron.wsgi [None req-0c88f2f1-8d63-40f0-9c83-90bf45177de3 cf8adbd87da2496f9fd8738549069a43 27035b6a927844888ba419c7cca09a9e - - default default] 10.0.0.117 "POST /v2.0/security-group-rules HTTP/1.1" status: 201 len: 764 time: 0.1982844
2026-05-08 00:34:08.975 9 INFO neutron.wsgi [req-dad5cb7f-dfb1-4580-891f-aad90eb79fec req-8991812a-a387-42fd-934f-1fbf4ad10f9e 7ee119496a774624be67962696af42e5 40750107f99244649b20ea9a73e24bee - - default default] 10.0.0.107 "GET /v2.0/ports?device_id=91c734ae-d607-4a13-a8a9-75f7c17c77dc HTTP/1.1" status: 200 len: 1172 time: 0.0431402
2026-05-08 00:34:09.015 9 INFO neutron.wsgi [req-dad5cb7f-dfb1-4580-891f-aad90eb79fec req-4b02032d-b927-470d-8fbb-082d2a40089c 7ee119496a774624be67962696af42e5 40750107f99244649b20ea9a73e24bee - - default default] 10.0.0.107 "GET /v2.0/security-groups?id=1afae015-2428-467a-acb9-fd2768548a23&fields=id&fields=name HTTP/1.1" status: 200 len: 313 time: 0.0341609
2026-05-08 00:34:09.101 10 INFO neutron.db.ovn_revision_numbers_db [None req-a9df54cb-7d09-43ae-9046-d1057f83c733 cf8adbd87da2496f9fd8738549069a43 27035b6a927844888ba419c7cca09a9e - - default default] Successfully bumped revision number for resource 601eab58-5933-4126-a0c5-3cdaa0582010 (type: security_group_rules) to 0
2026-05-08 00:34:09.124 10 INFO neutron.wsgi [None req-a9df54cb-7d09-43ae-9046-d1057f83c733 cf8adbd87da2496f9fd8738549069a43 27035b6a927844888ba419c7cca09a9e - - default default] 10.0.0.117 "POST /v2.0/security-group-rules HTTP/1.1" status: 201 len: 766 time: 0.1489882
2026-05-08 00:34:09.271 10 INFO neutron.db.ovn_revision_numbers_db [None req-ab9f0d86-783d-49d4-bdeb-f28177e3d7d9 cf8adbd87da2496f9fd8738549069a43 27035b6a927844888ba419c7cca09a9e - - default default] Successfully bumped revision number for resource 605504f1-f2d4-48b5-b6ac-a7f9b4d84c51 (type: security_group_rules) to 0
