2026-05-08 00:33:30.588 9 INFO neutron.db.ovn_revision_numbers_db [None req-87dcbf6d-3e35-4abb-bac7-250e80d253a4 734a7f503b564a23a392ce2fdc1fba11 3415526877fa48e985b2c609def39160 - - default default] Successfully bumped revision number for resource ece7f800-0a18-49c2-a1e0-b4e2e2d27b46 (type: networks) to 1
2026-05-08 00:33:30.829 9 WARNING neutron.scheduler.dhcp_agent_scheduler [None req-87dcbf6d-3e35-4abb-bac7-250e80d253a4 734a7f503b564a23a392ce2fdc1fba11 3415526877fa48e985b2c609def39160 - - default default] No more DHCP agents
2026-05-08 00:33:30.832 9 WARNING neutron.api.rpc.agentnotifiers.dhcp_rpc_agent_api [None req-87dcbf6d-3e35-4abb-bac7-250e80d253a4 734a7f503b564a23a392ce2fdc1fba11 3415526877fa48e985b2c609def39160 - - default default] Unable to schedule network ece7f800-0a18-49c2-a1e0-b4e2e2d27b46: no agents available; will retry on subsequent port and subnet creation events.
2026-05-08 00:33:30.926 9 INFO neutron.db.ovn_revision_numbers_db [None req-87dcbf6d-3e35-4abb-bac7-250e80d253a4 734a7f503b564a23a392ce2fdc1fba11 3415526877fa48e985b2c609def39160 - - default default] Successfully bumped revision number for resource 60371e0e-8888-41db-b4e6-461912527308 (type: ports) to 1
2026-05-08 00:33:30.956 9 INFO neutron.wsgi [None req-87dcbf6d-3e35-4abb-bac7-250e80d253a4 734a7f503b564a23a392ce2fdc1fba11 3415526877fa48e985b2c609def39160 - - default default] 10.0.0.117 "POST /v2.0/networks HTTP/1.1" status: 201 len: 828 time: 0.6311102
2026-05-08 00:33:31.225 9 WARNING neutron.scheduler.dhcp_agent_scheduler [None req-31fbb394-5118-4568-8d17-6ff0fb528fea 734a7f503b564a23a392ce2fdc1fba11 3415526877fa48e985b2c609def39160 - - default default] No more DHCP agents
2026-05-08 00:33:31.227 9 WARNING neutron.api.rpc.agentnotifiers.dhcp_rpc_agent_api [None req-31fbb394-5118-4568-8d17-6ff0fb528fea 734a7f503b564a23a392ce2fdc1fba11 3415526877fa48e985b2c609def39160 - - default default] Unable to schedule network ece7f800-0a18-49c2-a1e0-b4e2e2d27b46: no agents available; will retry on subsequent port and subnet creation events.
2026-05-08 00:33:31.792 9 INFO neutron.db.ovn_revision_numbers_db [None req-31fbb394-5118-4568-8d17-6ff0fb528fea 734a7f503b564a23a392ce2fdc1fba11 3415526877fa48e985b2c609def39160 - - default default] Successfully bumped revision number for resource 60371e0e-8888-41db-b4e6-461912527308 (type: ports) to 2
2026-05-08 00:33:31.849 9 INFO neutron.db.ovn_revision_numbers_db [None req-31fbb394-5118-4568-8d17-6ff0fb528fea 734a7f503b564a23a392ce2fdc1fba11 3415526877fa48e985b2c609def39160 - - default default] Successfully bumped revision number for resource a788dc05-84ea-4fc5-b469-a8585b55a774 (type: subnets) to 0
2026-05-08 00:33:31.872 9 INFO neutron.wsgi [None req-31fbb394-5118-4568-8d17-6ff0fb528fea 734a7f503b564a23a392ce2fdc1fba11 3415526877fa48e985b2c609def39160 - - default default] 10.0.0.117 "POST /v2.0/subnets HTTP/1.1" status: 201 len: 801 time: 0.9116230
2026-05-08 00:33:32.479 10 INFO neutron.db.ovn_revision_numbers_db [None req-17c8f840-4ccd-4db2-a6be-90761c7d15fc 734a7f503b564a23a392ce2fdc1fba11 3415526877fa48e985b2c609def39160 - - default default] Successfully bumped revision number for resource a6cbd13a-c3b3-492e-bc73-982ae26a9a36 (type: routers) to 1
2026-05-08 00:33:32.496 10 INFO neutron.wsgi [None req-17c8f840-4ccd-4db2-a6be-90761c7d15fc 734a7f503b564a23a392ce2fdc1fba11 3415526877fa48e985b2c609def39160 - - default default] 10.0.0.117 "POST /v2.0/routers HTTP/1.1" status: 201 len: 686 time: 0.6164124
2026-05-08 00:33:32.624 10 WARNING neutron.plugins.ml2.drivers.ovn.mech_driver.ovsdb.ovn_client [None req-19c09000-c697-40ab-ad22-53a8c9c4a4e4 - - - - - -] No port found with ID f3ae8989-c295-4e97-8822-c915d0ef8be7: RuntimeError: No port found with ID f3ae8989-c295-4e97-8822-c915d0ef8be7
2026-05-08 00:33:32.842 10 WARNING neutron.scheduler.dhcp_agent_scheduler [None req-b2e7c170-c488-460b-8a83-5919e39d653c 734a7f503b564a23a392ce2fdc1fba11 3415526877fa48e985b2c609def39160 - - default default] No more DHCP agents
2026-05-08 00:33:32.845 10 WARNING neutron.api.rpc.agentnotifiers.dhcp_rpc_agent_api [None req-b2e7c170-c488-460b-8a83-5919e39d653c 734a7f503b564a23a392ce2fdc1fba11 3415526877fa48e985b2c609def39160 - - default default] Unable to schedule network ece7f800-0a18-49c2-a1e0-b4e2e2d27b46: no agents available; will retry on subsequent port and subnet creation events.
2026-05-08 00:33:32.985 10 INFO neutron.db.ovn_revision_numbers_db [None req-b2e7c170-c488-460b-8a83-5919e39d653c 734a7f503b564a23a392ce2fdc1fba11 3415526877fa48e985b2c609def39160 - - default default] Successfully bumped revision number for resource 954ecf2f-7b51-4b34-977a-51b3af3f5e6e (type: ports) to 1
2026-05-08 00:33:33.017 10 INFO neutron.wsgi [None req-b2e7c170-c488-460b-8a83-5919e39d653c 734a7f503b564a23a392ce2fdc1fba11 3415526877fa48e985b2c609def39160 - - default default] 10.0.0.117 "POST /v2.0/ports HTTP/1.1" status: 201 len: 1146 time: 0.5168774
2026-05-08 00:33:33.411 10 INFO neutron.plugins.ml2.drivers.ovn.mech_driver.mech_driver [None req-19c09000-c697-40ab-ad22-53a8c9c4a4e4 - - - - - -] OVN reports status up for port: 954ecf2f-7b51-4b34-977a-51b3af3f5e6e
2026-05-08 00:33:33.419 10 INFO neutron.plugins.ml2.plugin [None req-19c09000-c697-40ab-ad22-53a8c9c4a4e4 - - - - - -] Attempt 1 to provision port 954ecf2f-7b51-4b34-977a-51b3af3f5e6e
2026-05-08 00:33:33.431 9 INFO neutron.db.ovn_revision_numbers_db [None req-36aa2e4a-81d3-41b8-9a44-e0919820faf2 734a7f503b564a23a392ce2fdc1fba11 3415526877fa48e985b2c609def39160 - - default default] Successfully bumped revision number for resource 954ecf2f-7b51-4b34-977a-51b3af3f5e6e (type: router_ports) to 2 /var/lib/openstack/lib/python3.10/site-packages/pycadf/identifier.py:71: UserWarning: Invalid uuid: neutron. To ensure interoperability, identifiers should be a valid uuid. warnings.warn(('Invalid uuid: %s. To ensure interoperability, '
2026-05-08 00:33:33.615 9 INFO neutron.db.ovn_revision_numbers_db [None req-36aa2e4a-81d3-41b8-9a44-e0919820faf2 734a7f503b564a23a392ce2fdc1fba11 3415526877fa48e985b2c609def39160 - - default default] Successfully bumped revision number for resource 954ecf2f-7b51-4b34-977a-51b3af3f5e6e (type: ports) to 2
2026-05-08 00:33:33.730 10 INFO neutron.db.ovn_revision_numbers_db [None req-19c09000-c697-40ab-ad22-53a8c9c4a4e4 - - - - - -] Successfully bumped revision number for resource 954ecf2f-7b51-4b34-977a-51b3af3f5e6e (type: ports) to 3
2026-05-08 00:33:33.803 10 INFO neutron.db.ovn_revision_numbers_db [None req-e65baf03-4c66-483d-8526-7e50a8b348f0 71e7c2fba81b40da98cf1a47efd05ae6 be797eb5b5a049a897c68f84371e0d0e - - default default] Successfully bumped revision number for resource 971b93bb-5f13-4940-a9eb-fa104d209d08 (type: security_groups) to 1
2026-05-08 00:33:33.820 10 INFO neutron.db.ovn_revision_numbers_db [None req-e65baf03-4c66-483d-8526-7e50a8b348f0 71e7c2fba81b40da98cf1a47efd05ae6 be797eb5b5a049a897c68f84371e0d0e - - default default] Successfully bumped revision number for resource 4d16ae50-eae4-44e4-961d-c6298ea0d2ca (type: security_group_rules) to 0
2026-05-08 00:33:33.841 10 INFO neutron.db.ovn_revision_numbers_db [None req-e65baf03-4c66-483d-8526-7e50a8b348f0 71e7c2fba81b40da98cf1a47efd05ae6 be797eb5b5a049a897c68f84371e0d0e - - default default] Successfully bumped revision number for resource 7ea6719f-29b6-4da7-8277-23d3d2f084e3 (type: security_group_rules) to 0
2026-05-08 00:33:33.872 10 INFO neutron.db.ovn_revision_numbers_db [None req-e65baf03-4c66-483d-8526-7e50a8b348f0 71e7c2fba81b40da98cf1a47efd05ae6 be797eb5b5a049a897c68f84371e0d0e - - default default] Successfully bumped revision number for resource a1df978a-66ef-42c8-9240-b12fe30bc815 (type: security_group_rules) to 0
2026-05-08 00:33:33.887 10 INFO neutron.db.ovn_revision_numbers_db [None req-19c09000-c697-40ab-ad22-53a8c9c4a4e4 - - - - - -] Successfully bumped revision number for resource 954ecf2f-7b51-4b34-977a-51b3af3f5e6e (type: router_ports) to 3
2026-05-08 00:33:33.909 10 INFO neutron.db.ovn_revision_numbers_db [None req-e65baf03-4c66-483d-8526-7e50a8b348f0 71e7c2fba81b40da98cf1a47efd05ae6 be797eb5b5a049a897c68f84371e0d0e - - default default] Successfully bumped revision number for resource a25defea-1b5c-49be-80f1-958cbee297eb (type: security_group_rules) to 0
2026-05-08 00:33:33.958 10 INFO neutron.db.segments_db [None req-e65baf03-4c66-483d-8526-7e50a8b348f0 71e7c2fba81b40da98cf1a47efd05ae6 be797eb5b5a049a897c68f84371e0d0e - - default default] Added segment cb6c3a84-ddc8-4ac1-af91-a08e448e2e91 of type geneve for network 220a03eb-b78a-43a7-b7b4-ae7e5c6f7f52
2026-05-08 00:33:34.109 10 INFO neutron.db.ovn_revision_numbers_db [None req-e65baf03-4c66-483d-8526-7e50a8b348f0 71e7c2fba81b40da98cf1a47efd05ae6 be797eb5b5a049a897c68f84371e0d0e - - default default] Successfully bumped revision number for resource 220a03eb-b78a-43a7-b7b4-ae7e5c6f7f52 (type: networks) to 1
2026-05-08 00:33:34.218 9 INFO neutron.db.ovn_revision_numbers_db [None req-36aa2e4a-81d3-41b8-9a44-e0919820faf2 734a7f503b564a23a392ce2fdc1fba11 3415526877fa48e985b2c609def39160 - - default default] Successfully bumped revision number for resource 954ecf2f-7b51-4b34-977a-51b3af3f5e6e (type: ports) to 3
2026-05-08 00:33:34.269 10 WARNING neutron.scheduler.dhcp_agent_scheduler [None req-e65baf03-4c66-483d-8526-7e50a8b348f0 71e7c2fba81b40da98cf1a47efd05ae6 be797eb5b5a049a897c68f84371e0d0e - - default default] No more DHCP agents
2026-05-08 00:33:34.272 10 WARNING neutron.api.rpc.agentnotifiers.dhcp_rpc_agent_api [None req-e65baf03-4c66-483d-8526-7e50a8b348f0 71e7c2fba81b40da98cf1a47efd05ae6 be797eb5b5a049a897c68f84371e0d0e - - default default] Unable to schedule network 220a03eb-b78a-43a7-b7b4-ae7e5c6f7f52: no agents available; will retry on subsequent port and subnet creation events.
2026-05-08 00:33:34.287 9 WARNING neutron.scheduler.dhcp_agent_scheduler [None req-36aa2e4a-81d3-41b8-9a44-e0919820faf2 734a7f503b564a23a392ce2fdc1fba11 3415526877fa48e985b2c609def39160 - - default default] No more DHCP agents
2026-05-08 00:33:34.288 9 WARNING neutron.api.rpc.agentnotifiers.dhcp_rpc_agent_api [None req-36aa2e4a-81d3-41b8-9a44-e0919820faf2 734a7f503b564a23a392ce2fdc1fba11 3415526877fa48e985b2c609def39160 - - default default] Unable to schedule network ece7f800-0a18-49c2-a1e0-b4e2e2d27b46: no agents available; will retry on subsequent port and subnet creation events.
2026-05-08 00:33:34.342 10 INFO neutron.db.ovn_revision_numbers_db [None req-e65baf03-4c66-483d-8526-7e50a8b348f0 71e7c2fba81b40da98cf1a47efd05ae6 be797eb5b5a049a897c68f84371e0d0e - - default default] Successfully bumped revision number for resource d8086c43-6b6c-4b99-b0be-d5c0754d9520 (type: ports) to 1
2026-05-08 00:33:34.362 10 INFO neutron.wsgi [None req-e65baf03-4c66-483d-8526-7e50a8b348f0 71e7c2fba81b40da98cf1a47efd05ae6 be797eb5b5a049a897c68f84371e0d0e - - default default] 10.0.0.117 "POST /v2.0/networks HTTP/1.1" status: 201 len: 830 time: 0.9396350 /var/lib/openstack/lib/python3.10/site-packages/pycadf/identifier.py:71: UserWarning: Invalid uuid: neutron. To ensure interoperability, identifiers should be a valid uuid. warnings.warn(('Invalid uuid: %s. To ensure interoperability, '
2026-05-08 00:33:34.598 10 WARNING neutron.scheduler.dhcp_agent_scheduler [None req-70e18a75-a7d2-42cb-bbaa-8c24c010ecf8 71e7c2fba81b40da98cf1a47efd05ae6 be797eb5b5a049a897c68f84371e0d0e - - default default] No more DHCP agents
2026-05-08 00:33:34.600 10 WARNING neutron.api.rpc.agentnotifiers.dhcp_rpc_agent_api [None req-70e18a75-a7d2-42cb-bbaa-8c24c010ecf8 71e7c2fba81b40da98cf1a47efd05ae6 be797eb5b5a049a897c68f84371e0d0e - - default default] Unable to schedule network 220a03eb-b78a-43a7-b7b4-ae7e5c6f7f52: no agents available; will retry on subsequent port and subnet creation events.
2026-05-08 00:33:34.680 10 INFO neutron.db.ovn_revision_numbers_db [None req-70e18a75-a7d2-42cb-bbaa-8c24c010ecf8 71e7c2fba81b40da98cf1a47efd05ae6 be797eb5b5a049a897c68f84371e0d0e - - default default] Successfully bumped revision number for resource 2e5f4b70-76a2-462c-a13b-bd41ca8bf3d8 (type: ports) to 1
2026-05-08 00:33:34.718 10 INFO neutron.wsgi [None req-70e18a75-a7d2-42cb-bbaa-8c24c010ecf8 71e7c2fba81b40da98cf1a47efd05ae6 be797eb5b5a049a897c68f84371e0d0e - - default default] 10.0.0.117 "POST /v2.0/ports HTTP/1.1" status: 201 len: 942 time: 0.3504913 /var/lib/openstack/lib/python3.10/site-packages/pycadf/identifier.py:71: UserWarning: Invalid uuid: neutron. To ensure interoperability, identifiers should be a valid uuid. warnings.warn(('Invalid uuid: %s. To ensure interoperability, '
2026-05-08 00:33:34.936 9 INFO neutron.db.ovn_revision_numbers_db [None req-36aa2e4a-81d3-41b8-9a44-e0919820faf2 734a7f503b564a23a392ce2fdc1fba11 3415526877fa48e985b2c609def39160 - - default default] Successfully bumped revision number for resource 954ecf2f-7b51-4b34-977a-51b3af3f5e6e (type: router_ports) to 3
2026-05-08 00:33:34.939 9 INFO neutron.wsgi [None req-36aa2e4a-81d3-41b8-9a44-e0919820faf2 734a7f503b564a23a392ce2fdc1fba11 3415526877fa48e985b2c609def39160 - - default default] 10.0.0.117 "PUT /v2.0/routers/a6cbd13a-c3b3-492e-bc73-982ae26a9a36/add_router_interface HTTP/1.1" status: 200 len: 503 time: 1.9153821 /var/lib/openstack/lib/python3.10/site-packages/pycadf/identifier.py:71: UserWarning: Invalid uuid: neutron. To ensure interoperability, identifiers should be a valid uuid. warnings.warn(('Invalid uuid: %s. To ensure interoperability, '
2026-05-08 00:33:34.983 9 INFO neutron.wsgi [None req-cd645a0f-2ad9-44c6-acf4-485082a334c5 734a7f503b564a23a392ce2fdc1fba11 3415526877fa48e985b2c609def39160 - - default default] 10.0.0.117 "GET /v2.0/ports/954ecf2f-7b51-4b34-977a-51b3af3f5e6e HTTP/1.1" status: 200 len: 1204 time: 0.0372050
2026-05-08 00:33:35.039 10 INFO neutron.wsgi [None req-5a835fac-4ed4-4f0e-80ed-4984849970f1 71e7c2fba81b40da98cf1a47efd05ae6 be797eb5b5a049a897c68f84371e0d0e - - default default] 10.0.0.117 "POST /v2.0/trunks HTTP/1.1" status: 201 len: 608 time: 0.3161039
2026-05-08 00:33:35.096 10 INFO neutron.wsgi [None req-bd56e65e-1742-48c3-8c20-2602e0821afa 71e7c2fba81b40da98cf1a47efd05ae6 be797eb5b5a049a897c68f84371e0d0e - - default default] 10.0.0.117 "PUT /v2.0/trunks/7064f3b3-8216-49fb-bed7-0871b16d190c/tags HTTP/1.1" status: 200 len: 218 time: 0.0411301 /var/lib/openstack/lib/python3.10/site-packages/pycadf/identifier.py:71: UserWarning: Invalid uuid: neutron. To ensure interoperability, identifiers should be a valid uuid. warnings.warn(('Invalid uuid: %s. To ensure interoperability, '
2026-05-08 00:33:35.143 10 INFO neutron.wsgi [req-f5ea6b9c-5225-45de-afd1-1172708af4b9 req-06e9e3bf-ddd5-44f7-9a0e-9a429f2beb92 dd499259e473449e8bfe4c690ecf82cd 6f0c75cc588a4257b16834f244e844b7 - - default default] 10.0.0.107 "GET /v2.0/ports?device_id=2827046b-8cff-4966-91fd-bd5e968bd89a HTTP/1.1" status: 200 len: 1170 time: 0.1012595
2026-05-08 00:33:35.145 9 INFO neutron.wsgi [None req-eea4d5e2-d12f-4f70-9646-8b8a6146832b 71e7c2fba81b40da98cf1a47efd05ae6 be797eb5b5a049a897c68f84371e0d0e - - default default] 10.0.0.117 "GET /v2.0/trunks/7064f3b3-8216-49fb-bed7-0871b16d190c/tags HTTP/1.1" status: 200 len: 218 time: 0.0430248
2026-05-08 00:33:35.192 10 INFO neutron.wsgi [None req-13814421-c719-4d16-9ff2-a7f91ca4972e 71e7c2fba81b40da98cf1a47efd05ae6 be797eb5b5a049a897c68f84371e0d0e - - default default] 10.0.0.117 "PUT /v2.0/trunks/7064f3b3-8216-49fb-bed7-0871b16d190c/tags/green HTTP/1.1" status: 201 len: 201 time: 0.0420268
2026-05-08 00:33:35.201 10 INFO neutron.wsgi [req-f5ea6b9c-5225-45de-afd1-1172708af4b9 req-009ea0e1-4b91-4925-9a43-5b8792ca1218 dd499259e473449e8bfe4c690ecf82cd 6f0c75cc588a4257b16834f244e844b7 - - default default] 10.0.0.107 "GET /v2.0/security-groups?id=5aa8030f-c048-411f-a98b-82fa516a97f4&fields=id&fields=name HTTP/1.1" status: 200 len: 312 time: 0.0439098
2026-05-08 00:33:35.220 9 INFO neutron.wsgi [None req-a710af05-8e85-4ecf-aa66-d23ac9dfcceb 71e7c2fba81b40da98cf1a47efd05ae6 be797eb5b5a049a897c68f84371e0d0e - - default default] 10.0.0.117 "GET /v2.0/trunks/7064f3b3-8216-49fb-bed7-0871b16d190c/tags HTTP/1.1" status: 200 len: 227 time: 0.0215547
2026-05-08 00:33:35.247 10 INFO neutron.wsgi [None req-d021836c-9aa9-4e73-bde6-825cd7540807 71e7c2fba81b40da98cf1a47efd05ae6 be797eb5b5a049a897c68f84371e0d0e - - default default] 10.0.0.117 "PUT /v2.0/trunks/7064f3b3-8216-49fb-bed7-0871b16d190c/tags/red HTTP/1.1" status: 201 len: 201 time: 0.0204535
2026-05-08 00:33:35.267 10 INFO neutron.wsgi [None req-9ced7f49-4995-4c83-9577-18d6908839dd 71e7c2fba81b40da98cf1a47efd05ae6 be797eb5b5a049a897c68f84371e0d0e - - default default] 10.0.0.117 "GET /v2.0/trunks/7064f3b3-8216-49fb-bed7-0871b16d190c/tags HTTP/1.1" status: 200 len: 227 time: 0.0143771
2026-05-08 00:33:35.298 10 INFO neutron.wsgi [None req-4f0defee-b995-477b-bcf8-daf85498019b 71e7c2fba81b40da98cf1a47efd05ae6 be797eb5b5a049a897c68f84371e0d0e - - default default] 10.0.0.117 "PUT /v2.0/trunks/7064f3b3-8216-49fb-bed7-0871b16d190c/tags/black.or.white HTTP/1.1" status: 201 len: 201 time: 0.0250521
2026-05-08 00:33:35.318 10 INFO neutron.wsgi [None req-8d83cdb9-8428-4fc7-8151-3b69215fc507 71e7c2fba81b40da98cf1a47efd05ae6 be797eb5b5a049a897c68f84371e0d0e - - default default] 10.0.0.117 "GET /v2.0/trunks/7064f3b3-8216-49fb-bed7-0871b16d190c/tags HTTP/1.1" status: 200 len: 245 time: 0.0145338
2026-05-08 00:33:35.349 10 INFO neutron.wsgi [None req-81ee3680-cc69-4138-add0-43fb9f7a0ffe 71e7c2fba81b40da98cf1a47efd05ae6 be797eb5b5a049a897c68f84371e0d0e - - default default] 10.0.0.117 "PUT /v2.0/trunks/7064f3b3-8216-49fb-bed7-0871b16d190c/tags HTTP/1.1" status: 200 len: 230 time: 0.0258951
2026-05-08 00:33:35.367 10 INFO neutron.wsgi [None req-b48ffeaa-4f06-4a9c-a209-4efb402a4300 71e7c2fba81b40da98cf1a47efd05ae6 be797eb5b5a049a897c68f84371e0d0e - - default default] 10.0.0.117 "GET /v2.0/trunks/7064f3b3-8216-49fb-bed7-0871b16d190c/tags HTTP/1.1" status: 200 len: 230 time: 0.0138686
2026-05-08 00:33:35.390 10 INFO neutron.wsgi [None req-6931b98a-552d-4e5c-91f3-907c27e3e325 71e7c2fba81b40da98cf1a47efd05ae6 be797eb5b5a049a897c68f84371e0d0e - - default default] 10.0.0.117 "GET /v2.0/trunks/7064f3b3-8216-49fb-bed7-0871b16d190c/tags/red HTTP/1.1" status: 204 len: 168 time: 0.0170178
2026-05-08 00:33:35.421 10 INFO neutron.api.v2.resource [None req-eebf2f5c-7d78-4aec-8cd0-960b35406631 71e7c2fba81b40da98cf1a47efd05ae6 be797eb5b5a049a897c68f84371e0d0e - - default default] show failed (client error): The resource could not be found.
2026-05-08 00:33:35.423 10 INFO neutron.wsgi [None req-eebf2f5c-7d78-4aec-8cd0-960b35406631 71e7c2fba81b40da98cf1a47efd05ae6 be797eb5b5a049a897c68f84371e0d0e - - default default] 10.0.0.117 "GET /v2.0/trunks/7064f3b3-8216-49fb-bed7-0871b16d190c/tags/green HTTP/1.1" status: 404 len: 299 time: 0.0277951
2026-05-08 00:33:35.441 10 INFO neutron.wsgi [req-f9117c7d-5c42-4a2b-933f-d8873188eb9f req-0c687596-8209-4237-ba10-f89adf9fcd6c dd499259e473449e8bfe4c690ecf82cd 6f0c75cc588a4257b16834f244e844b7 - - default default] 10.0.0.107 "GET /v2.0/ports?device_id=2827046b-8cff-4966-91fd-bd5e968bd89a HTTP/1.1" status: 200 len: 1170 time: 0.0448928
2026-05-08 00:33:35.488 10 INFO neutron.wsgi [None req-6f1d8621-7e55-4134-9e60-ba0f785006eb 71e7c2fba81b40da98cf1a47efd05ae6 be797eb5b5a049a897c68f84371e0d0e - - default default] 10.0.0.117 "DELETE /v2.0/trunks/7064f3b3-8216-49fb-bed7-0871b16d190c/tags/red HTTP/1.1" status: 204 len: 168 time: 0.0613875
2026-05-08 00:33:35.517 10 INFO neutron.wsgi [req-f9117c7d-5c42-4a2b-933f-d8873188eb9f req-e783a348-6fc5-431a-af63-dbaae7323a63 dd499259e473449e8bfe4c690ecf82cd 6f0c75cc588a4257b16834f244e844b7 - - default default] 10.0.0.107 "GET /v2.0/security-groups?id=5aa8030f-c048-411f-a98b-82fa516a97f4&fields=id&fields=name HTTP/1.1" status: 200 len: 312 time: 0.0674410
2026-05-08 00:33:35.520 10 INFO neutron.wsgi [None req-768018a2-36b7-42ea-be5d-5e056abf36bc 71e7c2fba81b40da98cf1a47efd05ae6 be797eb5b5a049a897c68f84371e0d0e - - default default] 10.0.0.117 "GET /v2.0/trunks/7064f3b3-8216-49fb-bed7-0871b16d190c/tags HTTP/1.1" status: 200 len: 223 time: 0.0257797
2026-05-08 00:33:35.551 10 INFO neutron.api.v2.resource [None req-08d38285-bb96-4712-88f9-2acc8a705404 71e7c2fba81b40da98cf1a47efd05ae6 be797eb5b5a049a897c68f84371e0d0e - - default default] delete failed (client error): The resource could not be found.
2026-05-08 00:33:35.552 10 INFO neutron.wsgi [None req-08d38285-bb96-4712-88f9-2acc8a705404 71e7c2fba81b40da98cf1a47efd05ae6 be797eb5b5a049a897c68f84371e0d0e - - default default] 10.0.0.117 "DELETE /v2.0/trunks/7064f3b3-8216-49fb-bed7-0871b16d190c/tags/green HTTP/1.1" status: 404 len: 299 time: 0.0261903
2026-05-08 00:33:35.609 10 INFO neutron.wsgi [None req-f26581b4-1e22-481f-826f-4e45dec5e2d8 71e7c2fba81b40da98cf1a47efd05ae6 be797eb5b5a049a897c68f84371e0d0e - - default default] 10.0.0.117 "DELETE /v2.0/trunks/7064f3b3-8216-49fb-bed7-0871b16d190c/tags HTTP/1.1" status: 204 len: 168 time: 0.0525148
2026-05-08 00:33:35.640 10 INFO neutron.wsgi [None req-3a664c32-7ee7-4fe2-96b0-ca647838729d 71e7c2fba81b40da98cf1a47efd05ae6 be797eb5b5a049a897c68f84371e0d0e - - default default] 10.0.0.117 "GET /v2.0/trunks/7064f3b3-8216-49fb-bed7-0871b16d190c/tags HTTP/1.1" status: 200 len: 205 time: 0.0209224
2026-05-08 00:33:35.681 9 INFO neutron.wsgi [None req-8c692d20-ca1c-4ec8-97a0-9da452e35f3c 71e7c2fba81b40da98cf1a47efd05ae6 be797eb5b5a049a897c68f84371e0d0e - - default default] 10.0.0.117 "GET /v2.0/trunks/7064f3b3-8216-49fb-bed7-0871b16d190c HTTP/1.1" status: 200 len: 603 time: 0.0294633
2026-05-08 00:33:35.719 9 INFO neutron.wsgi [None req-e3465b99-bfa9-4368-a766-4b597317e1ca 734a7f503b564a23a392ce2fdc1fba11 3415526877fa48e985b2c609def39160 - - default default] 10.0.0.117 "PUT /v2.0/routers/a6cbd13a-c3b3-492e-bc73-982ae26a9a36/remove_router_interface HTTP/1.1" status: 200 len: 503 time: 0.7275274 /var/lib/openstack/lib/python3.10/site-packages/pycadf/identifier.py:71: UserWarning: Invalid uuid: neutron. To ensure interoperability, identifiers should be a valid uuid. warnings.warn(('Invalid uuid: %s. To ensure interoperability, '
2026-05-08 00:33:35.849 9 INFO neutron.wsgi [req-8009a819-8f10-471b-a802-e59b09a972d3 req-42f81b2d-41ad-4a4c-b626-090c0411f705 dd499259e473449e8bfe4c690ecf82cd 6f0c75cc588a4257b16834f244e844b7 - - default default] 199.204.45.140 "GET /v2.0/ports?device_id=2827046b-8cff-4966-91fd-bd5e968bd89a HTTP/1.1" status: 200 len: 1170 time: 0.1285963
2026-05-08 00:33:35.858 10 INFO neutron.api.v2.resource [None req-92f61cde-2d96-408f-9248-b42f67524be4 734a7f503b564a23a392ce2fdc1fba11 3415526877fa48e985b2c609def39160 - - default default] remove_router_interface failed (client error): The resource could not be found.
2026-05-08 00:33:35.859 10 INFO neutron.wsgi [None req-92f61cde-2d96-408f-9248-b42f67524be4 734a7f503b564a23a392ce2fdc1fba11 3415526877fa48e985b2c609def39160 - - default default] 10.0.0.117 "PUT /v2.0/routers/a6cbd13a-c3b3-492e-bc73-982ae26a9a36/remove_router_interface HTTP/1.1" status: 404 len: 398 time: 0.1334817
2026-05-08 00:33:35.872 10 INFO neutron.wsgi [None req-96f4cdad-3d62-4218-8a61-ac63dc72fc8a 71e7c2fba81b40da98cf1a47efd05ae6 be797eb5b5a049a897c68f84371e0d0e - - default default] 10.0.0.117 "GET /v2.0/ports/2e5f4b70-76a2-462c-a13b-bd41ca8bf3d8 HTTP/1.1" status: 200 len: 1020 time: 0.1832254
2026-05-08 00:33:35.893 9 INFO neutron.wsgi [None req-42a87151-ca5e-4810-8c93-ff19f8efb4fb 734a7f503b564a23a392ce2fdc1fba11 3415526877fa48e985b2c609def39160 - - default default] 10.0.0.117 "GET /v2.0/ports?device_id=a6cbd13a-c3b3-492e-bc73-982ae26a9a36 HTTP/1.1" status: 200 len: 205 time: 0.0264688
2026-05-08 00:33:35.965 10 INFO neutron.wsgi [None req-295ff4bb-24ab-4f49-a4c4-abceed1d3be9 71e7c2fba81b40da98cf1a47efd05ae6 be797eb5b5a049a897c68f84371e0d0e - - default default] 10.0.0.117 "DELETE /v2.0/trunks/7064f3b3-8216-49fb-bed7-0871b16d190c HTTP/1.1" status: 204 len: 168 time: 0.0878375
2026-05-08 00:33:36.176 9 INFO neutron.wsgi [None req-b40d7a9b-a487-47fd-a4b9-a124cf6e0630 734a7f503b564a23a392ce2fdc1fba11 3415526877fa48e985b2c609def39160 - - default default] 10.0.0.117 "DELETE /v2.0/routers/a6cbd13a-c3b3-492e-bc73-982ae26a9a36 HTTP/1.1" status: 204 len: 168 time: 0.2762947
2026-05-08 00:33:36.213 10 INFO neutron.wsgi [None req-d532422b-79bb-47f5-b5c3-51e04cb8c591 71e7c2fba81b40da98cf1a47efd05ae6 be797eb5b5a049a897c68f84371e0d0e - - default default] 10.0.0.117 "DELETE /v2.0/ports/2e5f4b70-76a2-462c-a13b-bd41ca8bf3d8 HTTP/1.1" status: 204 len: 168 time: 0.2387283
2026-05-08 00:33:36.322 9 INFO neutron.db.l3_db [req-8009a819-8f10-471b-a802-e59b09a972d3 req-ca15f36f-db97-4645-96de-9b9238da6619 dd499259e473449e8bfe4c690ecf82cd 6f0c75cc588a4257b16834f244e844b7 - - default default] Floating IP a8e27137-8bd7-4cb6-b99b-3647181108ce disassociated. External IP: 10.96.250.201, port: f20ba0f7-65b8-4430-9060-6ae04a3a015e.
2026-05-08 00:33:36.490 9 INFO neutron.wsgi [req-8009a819-8f10-471b-a802-e59b09a972d3 req-ca15f36f-db97-4645-96de-9b9238da6619 dd499259e473449e8bfe4c690ecf82cd 6f0c75cc588a4257b16834f244e844b7 - - default default] 199.204.45.140 "DELETE /v2.0/ports/f20ba0f7-65b8-4430-9060-6ae04a3a015e HTTP/1.1" status: 204 len: 173 time: 0.6351900
2026-05-08 00:33:36.544 9 INFO neutron.notifiers.nova [-] Nova event matching ['req-6e55d7c9-18f5-41fb-92bc-ed2061cbc892'] response: {'server_uuid': '2827046b-8cff-4966-91fd-bd5e968bd89a', 'name': 'network-vif-deleted', 'tag': 'f20ba0f7-65b8-4430-9060-6ae04a3a015e', 'status': 'completed', 'code': 200}
2026-05-08 00:33:36.626 10 INFO neutron.wsgi [req-6fe01ea8-13cd-4c9d-9e97-7cdbd1fe1e46 req-da62cfb4-ac60-493a-af21-33c8420919dc dd499259e473449e8bfe4c690ecf82cd 6f0c75cc588a4257b16834f244e844b7 - - default default] 10.0.0.107 "GET /v2.0/ports?device_id=2827046b-8cff-4966-91fd-bd5e968bd89a HTTP/1.1" status: 200 len: 210 time: 0.0363610
2026-05-08 00:33:36.696 10 INFO neutron.wsgi [None req-b06d0c6f-7334-4c8a-940c-3a5869e4543e 734a7f503b564a23a392ce2fdc1fba11 3415526877fa48e985b2c609def39160 - - default default] 10.0.0.117 "DELETE /v2.0/subnets/a788dc05-84ea-4fc5-b469-a8585b55a774 HTTP/1.1" status: 204 len: 168 time: 0.5119677
2026-05-08 00:33:36.851 10 INFO neutron.services.segments.plugin [-] Segment cb6c3a84-ddc8-4ac1-af91-a08e448e2e91 resource provider aggregate not found
2026-05-08 00:33:36.856 10 INFO neutron.services.segments.plugin [-] Segment cb6c3a84-ddc8-4ac1-af91-a08e448e2e91 resource provider aggregate not found
2026-05-08 00:33:36.869 10 INFO neutron.services.segments.plugin [-] Segment cb6c3a84-ddc8-4ac1-af91-a08e448e2e91 resource provider not found; error: Placement Client Error (4xx): {"errors": [{"status": 404, "title": "Not Found", "detail": "The resource could not be found.\n\n No resource provider with uuid cb6c3a84-ddc8-4ac1-af91-a08e448e2e91 found for delete ", "request_id": "req-775904a3-f3fe-4184-8aea-75efe54bc93d"}]}
2026-05-08 00:33:36.871 10 INFO neutron.services.segments.plugin [-] Segment cb6c3a84-ddc8-4ac1-af91-a08e448e2e91 resource provider not found; error: Placement Client Error (4xx): {"errors": [{"status": 404, "title": "Not Found", "detail": "The resource could not be found.\n\n No resource provider with uuid cb6c3a84-ddc8-4ac1-af91-a08e448e2e91 found for delete ", "request_id": "req-d7c94a9a-8926-4032-b18d-d4d34d3b5762"}]}
2026-05-08 00:33:36.894 10 INFO neutron.wsgi [None req-b0cfdf8d-c796-4a34-ba48-e0a01d559968 71e7c2fba81b40da98cf1a47efd05ae6 be797eb5b5a049a897c68f84371e0d0e - - default default] 10.0.0.117 "DELETE /v2.0/networks/220a03eb-b78a-43a7-b7b4-ae7e5c6f7f52 HTTP/1.1" status: 204 len: 168 time: 0.6747174
2026-05-08 00:33:37.105 9 INFO neutron.services.segments.plugin [-] Segment 288a868b-47a8-432c-83ee-b3a69d44b6ba resource provider aggregate not found
2026-05-08 00:33:37.110 9 INFO neutron.services.segments.plugin [-] Segment 288a868b-47a8-432c-83ee-b3a69d44b6ba resource provider aggregate not found
2026-05-08 00:33:37.128 9 INFO neutron.services.segments.plugin [-] Segment 288a868b-47a8-432c-83ee-b3a69d44b6ba resource provider not found; error: Placement Client Error (4xx): {"errors": [{"status": 404, "title": "Not Found", "detail": "The resource could not be found.\n\n No resource provider with uuid 288a868b-47a8-432c-83ee-b3a69d44b6ba found for delete ", "request_id": "req-e96ea4c7-2edc-420a-b556-d8489ada02b2"}]}
2026-05-08 00:33:37.132 9 INFO neutron.services.segments.plugin [-] Segment 288a868b-47a8-432c-83ee-b3a69d44b6ba resource provider not found; error: Placement Client Error (4xx): {"errors": [{"status": 404, "title": "Not Found", "detail": "The resource could not be found.\n\n No resource provider with uuid 288a868b-47a8-432c-83ee-b3a69d44b6ba found for delete ", "request_id": "req-c5ce88db-1580-4ba5-9b4b-724a542eb631"}]}
2026-05-08 00:33:37.166 9 INFO neutron.wsgi [None req-3cc4bc2b-cbc2-462a-99c1-a97d82ec36a0 734a7f503b564a23a392ce2fdc1fba11 3415526877fa48e985b2c609def39160 - - default default] 10.0.0.117 "DELETE /v2.0/networks/ece7f800-0a18-49c2-a1e0-b4e2e2d27b46 HTTP/1.1" status: 204 len: 168 time: 0.4609084
2026-05-08 00:33:37.263 9 INFO neutron.db.segments_db [None req-b3957adb-c1dd-456a-a0e8-dff79718644e 734a7f503b564a23a392ce2fdc1fba11 3415526877fa48e985b2c609def39160 - - default default] Added segment 552c9b6f-944e-43eb-a60c-1f259323bd33 of type geneve for network ea16f800-5861-4cf8-92b4-a812662fab5d
2026-05-08 00:33:37.405 9 INFO neutron.db.ovn_revision_numbers_db [None req-b3957adb-c1dd-456a-a0e8-dff79718644e 734a7f503b564a23a392ce2fdc1fba11 3415526877fa48e985b2c609def39160 - - default default] Successfully bumped revision number for resource ea16f800-5861-4cf8-92b4-a812662fab5d (type: networks) to 1
2026-05-08 00:33:37.569 9 WARNING neutron.scheduler.dhcp_agent_scheduler [None req-b3957adb-c1dd-456a-a0e8-dff79718644e 734a7f503b564a23a392ce2fdc1fba11 3415526877fa48e985b2c609def39160 - - default default] No more DHCP agents
2026-05-08 00:33:37.572 9 WARNING neutron.api.rpc.agentnotifiers.dhcp_rpc_agent_api [None req-b3957adb-c1dd-456a-a0e8-dff79718644e 734a7f503b564a23a392ce2fdc1fba11 3415526877fa48e985b2c609def39160 - - default default] Unable to schedule network ea16f800-5861-4cf8-92b4-a812662fab5d: no agents available; will retry on subsequent port and subnet creation events.
2026-05-08 00:33:37.667 9 INFO neutron.db.ovn_revision_numbers_db [None req-b3957adb-c1dd-456a-a0e8-dff79718644e 734a7f503b564a23a392ce2fdc1fba11 3415526877fa48e985b2c609def39160 - - default default] Successfully bumped revision number for resource 2015c64a-f896-4b8a-a244-78a066acf5e0 (type: ports) to 1
2026-05-08 00:33:37.705 9 INFO neutron.wsgi [None req-b3957adb-c1dd-456a-a0e8-dff79718644e 734a7f503b564a23a392ce2fdc1fba11 3415526877fa48e985b2c609def39160 - - default default] 10.0.0.117 "POST /v2.0/networks HTTP/1.1" status: 201 len: 828 time: 0.5302892
2026-05-08 00:33:37.727 10 INFO neutron.wsgi [None req-55bd0391-c5e5-4629-a1dc-458d88bd6abc 0463e353845149b3925bd849625498db 1d5d15bc86544c60ada5cc17c75da708 - - default default] 10.0.0.117 "GET /v2.0/security-groups?tenant_id=be797eb5b5a049a897c68f84371e0d0e&name=default HTTP/1.1" status: 200 len: 2996 time: 0.1460364
2026-05-08 00:33:37.872 10 INFO neutron.wsgi [None req-e245ded9-96d7-4618-8a92-b84867ad6bd5 dd499259e473449e8bfe4c690ecf82cd 6f0c75cc588a4257b16834f244e844b7 - - default default] 10.0.0.117 "DELETE /v2.0/security-groups/5aa8030f-c048-411f-a98b-82fa516a97f4 HTTP/1.1" status: 204 len: 168 time: 0.1534758
2026-05-08 00:33:37.901 9 INFO neutron.api.v2.resource [None req-6a6467d6-ada9-4496-998c-a1c12a1fbe83 dd499259e473449e8bfe4c690ecf82cd 6f0c75cc588a4257b16834f244e844b7 - - default default] show failed (client error): The resource could not be found.
2026-05-08 00:33:37.902 9 INFO neutron.wsgi [None req-6a6467d6-ada9-4496-998c-a1c12a1fbe83 dd499259e473449e8bfe4c690ecf82cd 6f0c75cc588a4257b16834f244e844b7 - - default default] 10.0.0.117 "GET /v2.0/security-groups/5aa8030f-c048-411f-a98b-82fa516a97f4 HTTP/1.1" status: 404 len: 347 time: 0.0233538
2026-05-08 00:33:37.941 10 INFO neutron.wsgi [None req-985d874f-42ae-460f-9df1-3427cb9b8f2c 0463e353845149b3925bd849625498db 1d5d15bc86544c60ada5cc17c75da708 - - default default] 10.0.0.117 "DELETE /v2.0/security-groups/971b93bb-5f13-4940-a9eb-fa104d209d08 HTTP/1.1" status: 204 len: 168 time: 0.1948483
2026-05-08 00:33:37.999 9 WARNING neutron.scheduler.dhcp_agent_scheduler [None req-0e633669-7b0a-4b06-9f2d-d6ec98c6825a 734a7f503b564a23a392ce2fdc1fba11 3415526877fa48e985b2c609def39160 - - default default] No more DHCP agents
2026-05-08 00:33:38.006 9 WARNING neutron.api.rpc.agentnotifiers.dhcp_rpc_agent_api [None req-0e633669-7b0a-4b06-9f2d-d6ec98c6825a 734a7f503b564a23a392ce2fdc1fba11 3415526877fa48e985b2c609def39160 - - default default] Unable to schedule network ea16f800-5861-4cf8-92b4-a812662fab5d: no agents available; will retry on subsequent port and subnet creation events.
2026-05-08 00:33:38.163 10 INFO neutron.db.ovn_revision_numbers_db [None req-8911d26d-eebb-4a85-9f41-d3d6f49c849d 0463e353845149b3925bd849625498db 1d5d15bc86544c60ada5cc17c75da708 - - default default] Successfully bumped revision number for resource 07322765-82af-4c7e-81d5-63d35a543b20 (type: security_groups) to 1
2026-05-08 00:33:38.178 10 INFO neutron.db.ovn_revision_numbers_db [None req-8911d26d-eebb-4a85-9f41-d3d6f49c849d 0463e353845149b3925bd849625498db 1d5d15bc86544c60ada5cc17c75da708 - - default default] Successfully bumped revision number for resource 20958645-ad76-433f-85cd-68c66774d975 (type: security_group_rules) to 0
2026-05-08 00:33:38.191 10 INFO neutron.db.ovn_revision_numbers_db [None req-8911d26d-eebb-4a85-9f41-d3d6f49c849d 0463e353845149b3925bd849625498db 1d5d15bc86544c60ada5cc17c75da708 - - default default] Successfully bumped revision number for resource 21081c96-6808-47fa-9196-161bca707c6e (type: security_group_rules) to 0
2026-05-08 00:33:38.209 10 INFO neutron.db.ovn_revision_numbers_db [None req-8911d26d-eebb-4a85-9f41-d3d6f49c849d 0463e353845149b3925bd849625498db 1d5d15bc86544c60ada5cc17c75da708 - - default default] Successfully bumped revision number for resource 86e7d3a0-ed1d-43ec-8eb9-8661c688615c (type: security_group_rules) to 0
2026-05-08 00:33:38.226 10 INFO neutron.db.ovn_revision_numbers_db [None req-8911d26d-eebb-4a85-9f41-d3d6f49c849d 0463e353845149b3925bd849625498db 1d5d15bc86544c60ada5cc17c75da708 - - default default] Successfully bumped revision number for resource 93215bf3-73d3-4c31-a5b7-2b42bd5408e6 (type: security_group_rules) to 0
2026-05-08 00:33:38.245 10 INFO neutron.wsgi [None req-8911d26d-eebb-4a85-9f41-d3d6f49c849d 0463e353845149b3925bd849625498db 1d5d15bc86544c60ada5cc17c75da708 - - default default] 10.0.0.117 "GET /v2.0/security-groups?tenant_id=394f5ab98f0046b58ea466ec5f930b6c&name=default HTTP/1.1" status: 200 len: 2996 time: 0.1864803
2026-05-08 00:33:38.420 9 INFO neutron.wsgi [None req-dda51488-c517-43ca-9dce-2992783a05c6 dd499259e473449e8bfe4c690ecf82cd 6f0c75cc588a4257b16834f244e844b7 - - default default] 10.0.0.117 "DELETE /v2.0/floatingips/a8e27137-8bd7-4cb6-b99b-3647181108ce HTTP/1.1" status: 204 len: 168 time: 0.5113740
2026-05-08 00:33:38.472 10 INFO neutron.wsgi [None req-cf864951-506a-4e55-8d34-20de76cad0e1 0463e353845149b3925bd849625498db 1d5d15bc86544c60ada5cc17c75da708 - - default default] 10.0.0.117 "DELETE /v2.0/security-groups/07322765-82af-4c7e-81d5-63d35a543b20 HTTP/1.1" status: 204 len: 168 time: 0.2218838
2026-05-08 00:33:38.615 9 INFO neutron.db.ovn_revision_numbers_db [None req-0e633669-7b0a-4b06-9f2d-d6ec98c6825a 734a7f503b564a23a392ce2fdc1fba11 3415526877fa48e985b2c609def39160 - - default default] Successfully bumped revision number for resource 2015c64a-f896-4b8a-a244-78a066acf5e0 (type: ports) to 2
2026-05-08 00:33:38.651 9 INFO neutron.db.ovn_revision_numbers_db [None req-0e633669-7b0a-4b06-9f2d-d6ec98c6825a 734a7f503b564a23a392ce2fdc1fba11 3415526877fa48e985b2c609def39160 - - default default] Successfully bumped revision number for resource 76ae260a-03c4-43d0-ab9e-0e8c1d6e1e75 (type: subnets) to 0
2026-05-08 00:33:38.671 9 INFO neutron.wsgi [None req-0e633669-7b0a-4b06-9f2d-d6ec98c6825a 734a7f503b564a23a392ce2fdc1fba11 3415526877fa48e985b2c609def39160 - - default default] 10.0.0.117 "POST /v2.0/subnets HTTP/1.1" status: 201 len: 801 time: 0.9600363
2026-05-08 00:33:38.847 9 INFO neutron.db.ovn_revision_numbers_db [None req-38013ef4-a6e3-4e8d-88c5-0de292ab3fcf 734a7f503b564a23a392ce2fdc1fba11 3415526877fa48e985b2c609def39160 - - default default] Successfully bumped revision number for resource 82556825-de56-4ecc-8a46-b26feeed44f0 (type: routers) to 1
2026-05-08 00:33:38.866 9 INFO neutron.wsgi [None req-38013ef4-a6e3-4e8d-88c5-0de292ab3fcf 734a7f503b564a23a392ce2fdc1fba11 3415526877fa48e985b2c609def39160 - - default default] 10.0.0.117 "POST /v2.0/routers HTTP/1.1" status: 201 len: 687 time: 0.1896167
2026-05-08 00:33:39.453 10 INFO neutron.wsgi [None req-1beda1b9-e270-49d2-aa12-bc09b874f885 0463e353845149b3925bd849625498db 1d5d15bc86544c60ada5cc17c75da708 - - default default] 10.0.0.117 "PUT /v2.0/routers/6561f998-2bfd-44ed-8f36-d72112c8edd9/remove_router_interface HTTP/1.1" status: 200 len: 503 time: 1.0273957
2026-05-08 00:33:39.605 9 WARNING neutron.scheduler.dhcp_agent_scheduler [None req-4c94858a-d1e5-4caa-915b-b0a613116e57 734a7f503b564a23a392ce2fdc1fba11 3415526877fa48e985b2c609def39160 - - default default] No more DHCP agents
2026-05-08 00:33:39.611 9 WARNING neutron.api.rpc.agentnotifiers.dhcp_rpc_agent_api [None req-4c94858a-d1e5-4caa-915b-b0a613116e57 734a7f503b564a23a392ce2fdc1fba11 3415526877fa48e985b2c609def39160 - - default default] Unable to schedule network ea16f800-5861-4cf8-92b4-a812662fab5d: no agents available; will retry on subsequent port and subnet creation events.
2026-05-08 00:33:39.769 10 WARNING neutron.plugins.ml2.drivers.ovn.mech_driver.ovsdb.ovn_client [None req-19c09000-c697-40ab-ad22-53a8c9c4a4e4 - - - - - -] No port found with ID 954ecf2f-7b51-4b34-977a-51b3af3f5e6e: RuntimeError: No port found with ID 954ecf2f-7b51-4b34-977a-51b3af3f5e6e
2026-05-08 00:33:39.769 10 INFO neutron.plugins.ml2.drivers.ovn.mech_driver.mech_driver [None req-19c09000-c697-40ab-ad22-53a8c9c4a4e4 - - - - - -] OVN reports status down for port: f20ba0f7-65b8-4430-9060-6ae04a3a015e
2026-05-08 00:33:39.836 9 INFO neutron.db.ovn_revision_numbers_db [None req-4c94858a-d1e5-4caa-915b-b0a613116e57 734a7f503b564a23a392ce2fdc1fba11 3415526877fa48e985b2c609def39160 - - default default] Successfully bumped revision number for resource 9facd725-2f73-422f-b6e1-e2bdb1640701 (type: ports) to 1
2026-05-08 00:33:40.300 9 INFO neutron.wsgi [None req-04a80ffb-8dc0-4f12-9794-067cccc49757 0463e353845149b3925bd849625498db 1d5d15bc86544c60ada5cc17c75da708 - - default default] 10.0.0.117 "DELETE /v2.0/routers/6561f998-2bfd-44ed-8f36-d72112c8edd9 HTTP/1.1" status: 204 len: 168 time: 0.8415861 /var/lib/openstack/lib/python3.10/site-packages/pycadf/identifier.py:71: UserWarning: Invalid uuid: neutron. To ensure interoperability, identifiers should be a valid uuid. warnings.warn(('Invalid uuid: %s. To ensure interoperability, '
2026-05-08 00:33:40.370 9 INFO neutron.plugins.ml2.drivers.ovn.mech_driver.mech_driver [None req-f1f241f9-f200-4e42-8034-3e52ebd18bc7 - - - - - -] OVN reports status up for port: 9facd725-2f73-422f-b6e1-e2bdb1640701
2026-05-08 00:33:40.387 9 INFO neutron.plugins.ml2.plugin [None req-f1f241f9-f200-4e42-8034-3e52ebd18bc7 - - - - - -] Attempt 1 to provision port 9facd725-2f73-422f-b6e1-e2bdb1640701
2026-05-08 00:33:40.409 9 INFO neutron.db.ovn_revision_numbers_db [None req-4c94858a-d1e5-4caa-915b-b0a613116e57 734a7f503b564a23a392ce2fdc1fba11 3415526877fa48e985b2c609def39160 - - default default] Successfully bumped revision number for resource 9facd725-2f73-422f-b6e1-e2bdb1640701 (type: router_ports) to 1
2026-05-08 00:33:40.537 10 INFO neutron.wsgi [None req-5e9ac63e-391c-43f1-9cd9-4c7d0102f1c0 0463e353845149b3925bd849625498db 1d5d15bc86544c60ada5cc17c75da708 - - default default] 10.0.0.117 "DELETE /v2.0/subnets/2a9badcf-c2bf-458b-baf6-b6878824a35c HTTP/1.1" status: 204 len: 168 time: 0.2284610
2026-05-08 00:33:40.639 9 INFO neutron.db.ovn_revision_numbers_db [None req-4c94858a-d1e5-4caa-915b-b0a613116e57 734a7f503b564a23a392ce2fdc1fba11 3415526877fa48e985b2c609def39160 - - default default] Successfully bumped revision number for resource 9facd725-2f73-422f-b6e1-e2bdb1640701 (type: ports) to 1
2026-05-08 00:33:40.741 9 WARNING neutron.scheduler.dhcp_agent_scheduler [None req-4c94858a-d1e5-4caa-915b-b0a613116e57 734a7f503b564a23a392ce2fdc1fba11 3415526877fa48e985b2c609def39160 - - default default] No more DHCP agents
2026-05-08 00:33:40.743 9 WARNING neutron.api.rpc.agentnotifiers.dhcp_rpc_agent_api [None req-4c94858a-d1e5-4caa-915b-b0a613116e57 734a7f503b564a23a392ce2fdc1fba11 3415526877fa48e985b2c609def39160 - - default default] Unable to schedule network ea16f800-5861-4cf8-92b4-a812662fab5d: no agents available; will retry on subsequent port and subnet creation events.
2026-05-08 00:33:40.761 9 INFO neutron.db.ovn_revision_numbers_db [None req-f1f241f9-f200-4e42-8034-3e52ebd18bc7 - - - - - -] Successfully bumped revision number for resource 9facd725-2f73-422f-b6e1-e2bdb1640701 (type: ports) to 2
2026-05-08 00:33:40.810 10 INFO neutron.wsgi [-] 10.0.0.213 "GET / HTTP/1.1" status: 200 len: 247 time: 0.0018554
2026-05-08 00:33:40.812 10 INFO neutron.wsgi [-] 10.0.0.213 "GET / HTTP/1.1" status: 200 len: 247 time: 0.0012460
2026-05-08 00:33:40.887 10 INFO neutron.services.segments.plugin [-] Segment c707a8bf-cde0-487c-8178-237e8d7ef544 resource provider aggregate not found
2026-05-08 00:33:40.895 10 INFO neutron.services.segments.plugin [-] Segment c707a8bf-cde0-487c-8178-237e8d7ef544 resource provider aggregate not found
2026-05-08 00:33:40.912 10 INFO neutron.services.segments.plugin [-] Segment c707a8bf-cde0-487c-8178-237e8d7ef544 resource provider not found; error: Placement Client Error (4xx): {"errors": [{"status": 404, "title": "Not Found", "detail": "The resource could not be found.\n\n No resource provider with uuid c707a8bf-cde0-487c-8178-237e8d7ef544 found for delete ", "request_id": "req-3fc4778a-670a-423c-adf2-b2fb8104eaa8"}]}
2026-05-08 00:33:40.919 10 INFO neutron.services.segments.plugin [-] Segment c707a8bf-cde0-487c-8178-237e8d7ef544 resource provider not found; error: Placement Client Error (4xx): {"errors": [{"status": 404, "title": "Not Found", "detail": "The resource could not be found.\n\n No resource provider with uuid c707a8bf-cde0-487c-8178-237e8d7ef544 found for delete ", "request_id": "req-13072d62-c494-40b4-81c7-cfb87b9c9561"}]}
2026-05-08 00:33:40.934 9 INFO neutron.db.ovn_revision_numbers_db [None req-f1f241f9-f200-4e42-8034-3e52ebd18bc7 - - - - - -] Successfully bumped revision number for resource 9facd725-2f73-422f-b6e1-e2bdb1640701 (type: router_ports) to 2
2026-05-08 00:33:40.951 10 INFO neutron.wsgi [None req-5f6ee8c3-8410-4ed4-8ded-95eb5bc1041e 0463e353845149b3925bd849625498db 1d5d15bc86544c60ada5cc17c75da708 - - default default] 10.0.0.117 "DELETE /v2.0/networks/51909e4c-118e-415b-8a2c-3a33d69dbdae HTTP/1.1" status: 204 len: 168 time: 0.4079907
2026-05-08 00:33:41.029 9 INFO neutron.db.ovn_revision_numbers_db [None req-4c94858a-d1e5-4caa-915b-b0a613116e57 734a7f503b564a23a392ce2fdc1fba11 3415526877fa48e985b2c609def39160 - - default default] Successfully bumped revision number for resource 9facd725-2f73-422f-b6e1-e2bdb1640701 (type: router_ports) to 2
2026-05-08 00:33:41.032 9 INFO neutron.wsgi [None req-4c94858a-d1e5-4caa-915b-b0a613116e57 734a7f503b564a23a392ce2fdc1fba11 3415526877fa48e985b2c609def39160 - - default default] 10.0.0.117 "PUT /v2.0/routers/82556825-de56-4ecc-8a46-b26feeed44f0/add_router_interface HTTP/1.1" status: 200 len: 503 time: 2.1581438
2026-05-08 00:33:41.142 10 INFO neutron.wsgi [None req-3ffb5b49-52db-470e-9774-03c8a7148d61 0463e353845149b3925bd849625498db 1d5d15bc86544c60ada5cc17c75da708 - - default default] 10.0.0.117 "GET /v2.0/security-groups?tenant_id=6f0c75cc588a4257b16834f244e844b7&name=default HTTP/1.1" status: 200 len: 2996 time: 0.0384676
2026-05-08 00:33:41.353 10 INFO neutron.wsgi [None req-b84a235b-5efa-4b3a-b9a6-3945b8c57a3a 0463e353845149b3925bd849625498db 1d5d15bc86544c60ada5cc17c75da708 - - default default] 10.0.0.117 "DELETE /v2.0/security-groups/3569bf03-0682-4b31-a662-5ceb691a5d89 HTTP/1.1" status: 204 len: 168 time: 0.2054482
2026-05-08 00:33:41.368 9 INFO neutron.wsgi [None req-30ab4fd7-cf08-4a1d-8c1a-306ae67c3509 734a7f503b564a23a392ce2fdc1fba11 3415526877fa48e985b2c609def39160 - - default default] 10.0.0.117 "GET /v2.0/ports/9facd725-2f73-422f-b6e1-e2bdb1640701 HTTP/1.1" status: 200 len: 1137 time: 0.3321002
2026-05-08 00:33:41.405 9 INFO neutron.wsgi [None req-a1fa2f5a-b53a-4187-8f03-7642f0f47bfa 734a7f503b564a23a392ce2fdc1fba11 3415526877fa48e985b2c609def39160 - - default default] 10.0.0.117 "GET /v2.0/ports/9facd725-2f73-422f-b6e1-e2bdb1640701 HTTP/1.1" status: 200 len: 1137 time: 0.0318563
2026-05-08 00:33:41.557 10 INFO neutron.db.ovn_revision_numbers_db [None req-b601cf8e-695d-430d-8bd0-2e849b588d79 0463e353845149b3925bd849625498db 1d5d15bc86544c60ada5cc17c75da708 - - default default] Successfully bumped revision number for resource d6f17abf-fc50-46c0-9b0e-a45eaaf152d3 (type: security_groups) to 1
2026-05-08 00:33:41.571 10 INFO neutron.db.ovn_revision_numbers_db [None req-b601cf8e-695d-430d-8bd0-2e849b588d79 0463e353845149b3925bd849625498db 1d5d15bc86544c60ada5cc17c75da708 - - default default] Successfully bumped revision number for resource 19f715a1-b20f-4379-9db2-9860bd776908 (type: security_group_rules) to 0
2026-05-08 00:33:41.586 10 INFO neutron.db.ovn_revision_numbers_db [None req-b601cf8e-695d-430d-8bd0-2e849b588d79 0463e353845149b3925bd849625498db 1d5d15bc86544c60ada5cc17c75da708 - - default default] Successfully bumped revision number for resource 2c86723e-8f22-430c-b750-72fc42e04e2e (type: security_group_rules) to 0
2026-05-08 00:33:41.601 10 INFO neutron.db.ovn_revision_numbers_db [None req-b601cf8e-695d-430d-8bd0-2e849b588d79 0463e353845149b3925bd849625498db 1d5d15bc86544c60ada5cc17c75da708 - - default default] Successfully bumped revision number for resource 53b4bb1b-8f12-426b-81e2-c80ffc94e1c7 (type: security_group_rules) to 0
2026-05-08 00:33:41.614 10 INFO neutron.db.ovn_revision_numbers_db [None req-b601cf8e-695d-430d-8bd0-2e849b588d79 0463e353845149b3925bd849625498db 1d5d15bc86544c60ada5cc17c75da708 - - default default] Successfully bumped revision number for resource b12e7440-a9d4-413d-b7d7-162ee5fd2910 (type: security_group_rules) to 0
2026-05-08 00:33:41.634 10 INFO neutron.wsgi [None req-b601cf8e-695d-430d-8bd0-2e849b588d79 0463e353845149b3925bd849625498db 1d5d15bc86544c60ada5cc17c75da708 - - default default] 10.0.0.117 "GET /v2.0/security-groups?tenant_id=ac072747c03e46f1847001cda13c0536&name=default HTTP/1.1" status: 200 len: 2996 time: 0.3114746
2026-05-08 00:33:41.827 10 INFO neutron.wsgi [None req-b5f4e087-a577-404b-bf0b-43d75d0ecfe9 0463e353845149b3925bd849625498db 1d5d15bc86544c60ada5cc17c75da708 - - default default] 10.0.0.117 "DELETE /v2.0/security-groups/d6f17abf-fc50-46c0-9b0e-a45eaaf152d3 HTTP/1.1" status: 204 len: 168 time: 0.1875916
2026-05-08 00:33:42.122 9 INFO neutron.wsgi [None req-40d1ab2e-b660-4484-b5e3-d4d54a0d669d 734a7f503b564a23a392ce2fdc1fba11 3415526877fa48e985b2c609def39160 - - default default] 10.0.0.117 "PUT /v2.0/routers/82556825-de56-4ecc-8a46-b26feeed44f0/remove_router_interface HTTP/1.1" status: 200 len: 503 time: 0.7112644 /var/lib/openstack/lib/python3.10/site-packages/pycadf/identifier.py:71: UserWarning: Invalid uuid: neutron. To ensure interoperability, identifiers should be a valid uuid. warnings.warn(('Invalid uuid: %s. To ensure interoperability, '
2026-05-08 00:33:42.164 9 INFO neutron.wsgi [None req-426c4929-4d38-4f95-9ccb-da8f090cdf91 734a7f503b564a23a392ce2fdc1fba11 3415526877fa48e985b2c609def39160 - - default default] 10.0.0.117 "GET /v2.0/ports?device_id=82556825-de56-4ecc-8a46-b26feeed44f0 HTTP/1.1" status: 200 len: 205 time: 0.0371296
2026-05-08 00:33:42.425 10 INFO neutron.wsgi [None req-f717a565-72a3-4c33-ad38-1ff84f6a0ca1 734a7f503b564a23a392ce2fdc1fba11 3415526877fa48e985b2c609def39160 - - default default] 10.0.0.117 "DELETE /v2.0/routers/82556825-de56-4ecc-8a46-b26feeed44f0 HTTP/1.1" status: 204 len: 168 time: 0.2538853
2026-05-08 00:33:42.648 10 INFO neutron.wsgi [None req-c9096172-0838-4583-a027-f7f0a797d3d7 734a7f503b564a23a392ce2fdc1fba11 3415526877fa48e985b2c609def39160 - - default default] 10.0.0.117 "DELETE /v2.0/subnets/76ae260a-03c4-43d0-ab9e-0e8c1d6e1e75 HTTP/1.1" status: 204 len: 168 time: 0.2151966
2026-05-08 00:33:43.018 10 INFO neutron.services.segments.plugin [-] Segment 552c9b6f-944e-43eb-a60c-1f259323bd33 resource provider aggregate not found
2026-05-08 00:33:43.024 10 INFO neutron.services.segments.plugin [-] Segment 552c9b6f-944e-43eb-a60c-1f259323bd33 resource provider aggregate not found
2026-05-08 00:33:43.040 10 INFO neutron.services.segments.plugin [-] Segment 552c9b6f-944e-43eb-a60c-1f259323bd33 resource provider not found; error: Placement Client Error (4xx): {"errors": [{"status": 404, "title": "Not Found", "detail": "The resource could not be found.\n\n No resource provider with uuid 552c9b6f-944e-43eb-a60c-1f259323bd33 found for delete ", "request_id": "req-cf630311-d455-42e6-b126-0522f04ed166"}]}
2026-05-08 00:33:43.043 10 INFO neutron.services.segments.plugin [-] Segment 552c9b6f-944e-43eb-a60c-1f259323bd33 resource provider not found; error: Placement Client Error (4xx): {"errors": [{"status": 404, "title": "Not Found", "detail": "The resource could not be found.\n\n No resource provider with uuid 552c9b6f-944e-43eb-a60c-1f259323bd33 found for delete ", "request_id": "req-1abaffd0-da40-474c-aed2-51f5f7eb6672"}]}
