2026-05-08 00:28:06.032 10 INFO neutron.wsgi [None req-0883f01f-239a-4232-81b9-4031401735d9 0463e353845149b3925bd849625498db 1d5d15bc86544c60ada5cc17c75da708 - - default default] 10.0.0.54 "GET /v2.0/subnets HTTP/1.1" status: 200 len: 1437 time: 0.0349019
2026-05-08 00:28:06.047 10 INFO neutron.wsgi [None req-9bd3c47f-8791-4a86-8135-a84598c99f0c 0463e353845149b3925bd849625498db 1d5d15bc86544c60ada5cc17c75da708 - - default default] 10.0.0.54 "GET /v2.0/floatingips HTTP/1.1" status: 200 len: 193 time: 0.0147994
2026-05-08 00:28:06.095 10 INFO neutron.wsgi [None req-3e1550dd-7871-4492-824c-af51ee17a764 0463e353845149b3925bd849625498db 1d5d15bc86544c60ada5cc17c75da708 - - default default] 10.0.0.54 "GET /v2.0/security-groups HTTP/1.1" status: 200 len: 16803 time: 0.0466127
2026-05-08 00:28:06.117 10 INFO neutron.wsgi [None req-07e4b3cf-1ec5-49a0-b62a-4519a71b780e 0463e353845149b3925bd849625498db 1d5d15bc86544c60ada5cc17c75da708 - - default default] 10.0.0.54 "GET /v2.0/agents HTTP/1.1" status: 200 len: 997 time: 0.0152750
2026-05-08 00:28:06.129 10 INFO neutron.wsgi [None req-d22cba25-a9a6-4f4a-8916-bbded209b9c7 0463e353845149b3925bd849625498db 1d5d15bc86544c60ada5cc17c75da708 - - default default] 10.0.0.54 "GET /v2.0/network-ip-availabilities HTTP/1.1" status: 200 len: 1280 time: 0.0109565
2026-05-08 00:28:06.161 10 INFO neutron.wsgi [None req-34610bcd-2472-4c8f-85ca-2739909b5189 0463e353845149b3925bd849625498db 1d5d15bc86544c60ada5cc17c75da708 - - default default] 10.0.0.54 "GET /v2.0/subnets HTTP/1.1" status: 200 len: 1437 time: 0.0305357
2026-05-08 00:28:06.170 10 INFO neutron.wsgi [None req-61da21ec-64bd-4cbc-9f1d-1d7420a0b685 0463e353845149b3925bd849625498db 1d5d15bc86544c60ada5cc17c75da708 - - default default] 10.0.0.54 "GET /v2.0/subnetpools HTTP/1.1" status: 200 len: 193 time: 0.0079947
2026-05-08 00:28:10.809 9 INFO neutron.wsgi [-] 10.0.0.213 "GET / HTTP/1.1" status: 200 len: 247 time: 0.0032167
2026-05-08 00:28:10.814 9 INFO neutron.wsgi [-] 10.0.0.213 "GET / HTTP/1.1" status: 200 len: 247 time: 0.0031137
2026-05-08 00:28:11.853 9 INFO neutron.wsgi [None req-1fdb4210-ffee-4c50-8831-201abaa31053 0463e353845149b3925bd849625498db 1d5d15bc86544c60ada5cc17c75da708 - - default default] 199.204.45.140,10.0.0.213 "GET /v2.0/networks HTTP/1.1" status: 200 len: 2349 time: 0.1000719
2026-05-08 00:28:12.786 9 INFO neutron.wsgi [None req-0b21e20b-b67d-4779-a5f9-ff417914e4a1 0463e353845149b3925bd849625498db 1d5d15bc86544c60ada5cc17c75da708 - - default default] 199.204.45.140,10.0.0.213 "GET /v2.0/subnets HTTP/1.1" status: 200 len: 1437 time: 0.0682647
2026-05-08 00:28:12.860 9 INFO neutron.wsgi [None req-b24be8ea-8c5a-4102-a88f-1720690be09a 0463e353845149b3925bd849625498db 1d5d15bc86544c60ada5cc17c75da708 - - default default] 199.204.45.140,10.0.0.213 "GET /v2.0/networks HTTP/1.1" status: 200 len: 2349 time: 0.0666897
2026-05-08 00:28:13.997 9 INFO neutron.wsgi [None req-84c79299-bece-410c-8094-12d037213368 0463e353845149b3925bd849625498db 1d5d15bc86544c60ada5cc17c75da708 - - default default] 199.204.45.140,10.0.0.213 "GET /v2.0/security-groups?tenant_id=1d5d15bc86544c60ada5cc17c75da708 HTTP/1.1" status: 200 len: 10161 time: 0.0845821
2026-05-08 00:28:15.116 9 INFO neutron.wsgi [None req-5b18161e-a7f7-4a61-bed0-daed2a632755 0463e353845149b3925bd849625498db 1d5d15bc86544c60ada5cc17c75da708 - - default default] 199.204.45.140,10.0.0.213 "GET /v2.0/security-groups?tenant_id=1d5d15bc86544c60ada5cc17c75da708 HTTP/1.1" status: 200 len: 10161 time: 0.0806942
2026-05-08 00:28:15.943 9 INFO neutron.wsgi [None req-7aeacecf-8830-4534-be05-58bba7c92ab1 0463e353845149b3925bd849625498db 1d5d15bc86544c60ada5cc17c75da708 - - default default] 199.204.45.140,10.0.0.213 "GET /v2.0/security-groups?tenant_id=1d5d15bc86544c60ada5cc17c75da708 HTTP/1.1" status: 200 len: 10161 time: 0.0822115
2026-05-08 00:28:16.804 9 INFO neutron.wsgi [None req-58b5e724-3f11-48ff-9264-ae32cae6bbf0 0463e353845149b3925bd849625498db 1d5d15bc86544c60ada5cc17c75da708 - - default default] 199.204.45.140,10.0.0.213 "GET /v2.0/security-groups?tenant_id=1d5d15bc86544c60ada5cc17c75da708 HTTP/1.1" status: 200 len: 10161 time: 0.0810432
2026-05-08 00:28:17.640 9 INFO neutron.wsgi [None req-0243b6b2-8328-4a36-9abf-22faae58f8e7 0463e353845149b3925bd849625498db 1d5d15bc86544c60ada5cc17c75da708 - - default default] 199.204.45.140,10.0.0.213 "GET /v2.0/security-groups?tenant_id=1d5d15bc86544c60ada5cc17c75da708 HTTP/1.1" status: 200 len: 10161 time: 0.0978749
2026-05-08 00:28:18.477 9 INFO neutron.wsgi [None req-0e8b3f5f-dc2e-412f-8f60-60d250b85cd3 0463e353845149b3925bd849625498db 1d5d15bc86544c60ada5cc17c75da708 - - default default] 199.204.45.140,10.0.0.213 "GET /v2.0/security-groups?tenant_id=1d5d15bc86544c60ada5cc17c75da708 HTTP/1.1" status: 200 len: 10161 time: 0.0842562
2026-05-08 00:28:19.661 9 INFO neutron.wsgi [None req-e6ef4885-62bf-4825-a644-e6932aa5a1e5 0463e353845149b3925bd849625498db 1d5d15bc86544c60ada5cc17c75da708 - - default default] 199.204.45.140,10.0.0.213 "GET /v2.0/security-groups HTTP/1.1" status: 200 len: 16803 time: 0.0808480
2026-05-08 00:28:19.721 9 INFO neutron.wsgi [None req-d1c557a5-bb8c-4dc8-a7fb-cd3694f927c1 0463e353845149b3925bd849625498db 1d5d15bc86544c60ada5cc17c75da708 - - default default] 199.204.45.140,10.0.0.213 "GET /v2.0/ports HTTP/1.1" status: 200 len: 5351 time: 0.0471199
2026-05-08 00:28:25.809 9 INFO neutron.wsgi [-] 10.0.0.213 "GET / HTTP/1.1" status: 200 len: 247 time: 0.0027971
2026-05-08 00:28:25.811 10 INFO neutron.wsgi [-] 10.0.0.213 "GET / HTTP/1.1" status: 200 len: 247 time: 0.0041716
2026-05-08 00:28:26.706 9 INFO neutron.pecan_wsgi.hooks.translation [None req-cb0078dc-9664-4a02-9c91-5114aa33df63 0463e353845149b3925bd849625498db 1d5d15bc86544c60ada5cc17c75da708 - - default default] GET failed (client error): The resource could not be found.
2026-05-08 00:28:26.708 9 INFO neutron.wsgi [None req-cb0078dc-9664-4a02-9c91-5114aa33df63 0463e353845149b3925bd849625498db 1d5d15bc86544c60ada5cc17c75da708 - - default default] 199.204.45.140,10.0.0.213 "GET /v2.0/ports/octavia-health-manager-port-instance HTTP/1.1" status: 404 len: 314 time: 0.0637252
2026-05-08 00:28:26.736 9 INFO neutron.wsgi [None req-d55bd06c-f9a7-4de5-bcde-7a46f4b74343 0463e353845149b3925bd849625498db 1d5d15bc86544c60ada5cc17c75da708 - - default default] 199.204.45.140,10.0.0.213 "GET /v2.0/ports?name=octavia-health-manager-port-instance HTTP/1.1" status: 200 len: 1399 time: 0.0253456
2026-05-08 00:28:28.293 9 INFO neutron.wsgi [None req-339f1f1e-88bd-44b0-a833-d042c80b81be 0463e353845149b3925bd849625498db 1d5d15bc86544c60ada5cc17c75da708 - - default default] 199.204.45.140,10.0.0.213 "GET /v2.0/ports HTTP/1.1" status: 200 len: 5351 time: 0.0818522
2026-05-08 00:28:29.351 9 INFO neutron.wsgi [None req-c97eda0a-27d6-42e3-8c11-c2576cccda09 0463e353845149b3925bd849625498db 1d5d15bc86544c60ada5cc17c75da708 - - default default] 199.204.45.140,10.0.0.213 "GET /v2.0/security-groups?tenant_id=1d5d15bc86544c60ada5cc17c75da708 HTTP/1.1" status: 200 len: 10161 time: 0.0843070
2026-05-08 00:28:30.276 9 INFO neutron.wsgi [None req-c2f841da-3e0c-43a7-a05a-17addec5843c 0463e353845149b3925bd849625498db 1d5d15bc86544c60ada5cc17c75da708 - - default default] 199.204.45.140,10.0.0.213 "GET /v2.0/security-groups?tenant_id=1d5d15bc86544c60ada5cc17c75da708 HTTP/1.1" status: 200 len: 10161 time: 0.0849228
2026-05-08 00:28:31.118 9 INFO neutron.wsgi [None req-92326059-3b35-48a7-8185-80bbb286c62d 0463e353845149b3925bd849625498db 1d5d15bc86544c60ada5cc17c75da708 - - default default] 199.204.45.140,10.0.0.213 "GET /v2.0/security-groups?tenant_id=1d5d15bc86544c60ada5cc17c75da708 HTTP/1.1" status: 200 len: 10161 time: 0.0852604
2026-05-08 00:28:40.807 9 INFO neutron.wsgi [-] 10.0.0.213 "GET / HTTP/1.1" status: 200 len: 247 time: 0.0017517
2026-05-08 00:28:40.810 10 INFO neutron.wsgi [-] 10.0.0.213 "GET / HTTP/1.1" status: 200 len: 247 time: 0.0038810
2026-05-08 00:28:41.730 9 INFO neutron.wsgi [None req-4dbd0dbd-6d4a-411e-bcb0-6f47e245cc0f 0463e353845149b3925bd849625498db 1d5d15bc86544c60ada5cc17c75da708 - - default default] 199.204.45.140,10.0.0.213 "GET /v2.0/quotas/1d5d15bc86544c60ada5cc17c75da708 HTTP/1.1" status: 200 len: 361 time: 0.0121417
2026-05-08 00:28:55.809 9 INFO neutron.wsgi [-] 10.0.0.213 "GET / HTTP/1.1" status: 200 len: 247 time: 0.0026004
2026-05-08 00:28:55.809 10 INFO neutron.wsgi [-] 10.0.0.213 "GET / HTTP/1.1" status: 200 len: 247 time: 0.0029440
2026-05-08 00:29:05.864 10 INFO neutron.wsgi [None req-1ad2cf6e-e095-4c47-8c76-870b4dca488c 0463e353845149b3925bd849625498db 1d5d15bc86544c60ada5cc17c75da708 - - default default] 10.0.0.54 "GET /v2.0/subnets HTTP/1.1" status: 200 len: 1437 time: 0.1331615
2026-05-08 00:29:05.891 10 INFO neutron.wsgi [None req-b21a9fed-3f7f-4855-b21b-07db09cd451e 0463e353845149b3925bd849625498db 1d5d15bc86544c60ada5cc17c75da708 - - default default] 10.0.0.54 "GET /v2.0/subnets HTTP/1.1" status: 200 len: 1437 time: 0.0262485
2026-05-08 00:29:05.915 10 INFO neutron.wsgi [None req-e2b61108-bab4-4a0f-a6c4-596e2f0c29b5 0463e353845149b3925bd849625498db 1d5d15bc86544c60ada5cc17c75da708 - - default default] 10.0.0.54 "GET /v2.0/subnetpools HTTP/1.1" status: 200 len: 193 time: 0.0227098
2026-05-08 00:29:05.925 10 INFO neutron.wsgi [None req-4e666649-b6cc-4f57-94b9-27c47875d828 0463e353845149b3925bd849625498db 1d5d15bc86544c60ada5cc17c75da708 - - default default] 10.0.0.54 "GET /v2.0/network-ip-availabilities HTTP/1.1" status: 200 len: 1280 time: 0.0099232
2026-05-08 00:29:05.991 10 INFO neutron.wsgi [None req-26b3e2e5-8639-4e52-a172-a503684775aa 0463e353845149b3925bd849625498db 1d5d15bc86544c60ada5cc17c75da708 - - default default] 10.0.0.54 "GET /v2.0/networks HTTP/1.1" status: 200 len: 2349 time: 0.0647643
2026-05-08 00:29:06.025 10 INFO neutron.wsgi [None req-709cffe5-03bf-4b37-bdd0-c661a0ce9478 0463e353845149b3925bd849625498db 1d5d15bc86544c60ada5cc17c75da708 - - default default] 10.0.0.54 "GET /v2.0/agents HTTP/1.1" status: 200 len: 997 time: 0.0320768
2026-05-08 00:29:06.047 10 INFO neutron.wsgi [None req-8deb1dbe-9d73-4b80-b6bd-c2e9ed8169c9 0463e353845149b3925bd849625498db 1d5d15bc86544c60ada5cc17c75da708 - - default default] 10.0.0.54 "GET /v2.0/floatingips HTTP/1.1" status: 200 len: 193 time: 0.0205634
2026-05-08 00:29:06.096 10 INFO neutron.wsgi [None req-5c6bea0f-2cf9-4585-9a0c-5b9f884ab61d 0463e353845149b3925bd849625498db 1d5d15bc86544c60ada5cc17c75da708 - - default default] 10.0.0.54 "GET /v2.0/security-groups HTTP/1.1" status: 200 len: 16803 time: 0.0454416
2026-05-08 00:29:06.130 10 INFO neutron.wsgi [None req-9eca2bca-f11a-4e43-99ad-d296156f94f6 0463e353845149b3925bd849625498db 1d5d15bc86544c60ada5cc17c75da708 - - default default] 10.0.0.54 "GET /v2.0/ports HTTP/1.1" status: 200 len: 5351 time: 0.0287337
2026-05-08 00:29:06.156 10 INFO neutron.wsgi [None req-ddd681a0-22a9-4d5b-9e6a-4c5673462be7 0463e353845149b3925bd849625498db 1d5d15bc86544c60ada5cc17c75da708 - - default default] 10.0.0.54 "GET /v2.0/routers HTTP/1.1" status: 200 len: 189 time: 0.0214443
2026-05-08 00:29:06.166 10 INFO neutron.wsgi [None req-b6fae9f8-5f0c-4a39-bcb6-af3c72493e24 0463e353845149b3925bd849625498db 1d5d15bc86544c60ada5cc17c75da708 - - default default] 10.0.0.54 "GET /v2.0/agents?binary=ovn-controller HTTP/1.1" status: 200 len: 591 time: 0.0093751
2026-05-08 00:29:10.809 10 INFO neutron.wsgi [-] 10.0.0.213 "GET / HTTP/1.1" status: 200 len: 247 time: 0.0026820
2026-05-08 00:29:10.810 9 INFO neutron.wsgi [-] 10.0.0.213 "GET / HTTP/1.1" status: 200 len: 247 time: 0.0028386
2026-05-08 00:29:25.809 10 INFO neutron.wsgi [-] 10.0.0.213 "GET / HTTP/1.1" status: 200 len: 247 time: 0.0025005
2026-05-08 00:29:25.813 10 INFO neutron.wsgi [-] 10.0.0.213 "GET / HTTP/1.1" status: 200 len: 247 time: 0.0023770
2026-05-08 00:29:32.000 9 INFO neutron.wsgi [None req-5b4a143f-be97-4ef4-b879-019a2b22ed13 0463e353845149b3925bd849625498db 1d5d15bc86544c60ada5cc17c75da708 - - default default] 199.204.45.140,10.0.0.213 "GET /v2.0/security-groups?tenant_id=f141bb3719024ae29a6a7b9890274bf6 HTTP/1.1" status: 200 len: 6838 time: 0.0983515
2026-05-08 00:29:33.015 9 INFO neutron.wsgi [None req-f3bc7305-70c8-4bb7-9517-bc3e7ea64eff 0463e353845149b3925bd849625498db 1d5d15bc86544c60ada5cc17c75da708 - - default default] 199.204.45.140,10.0.0.213 "GET /v2.0/security-groups?tenant_id=f141bb3719024ae29a6a7b9890274bf6 HTTP/1.1" status: 200 len: 6838 time: 0.1070395
2026-05-08 00:29:33.864 9 INFO neutron.wsgi [None req-112b5791-2d0e-40c8-a415-487a76b45c63 0463e353845149b3925bd849625498db 1d5d15bc86544c60ada5cc17c75da708 - - default default] 199.204.45.140,10.0.0.213 "GET /v2.0/security-groups?tenant_id=f141bb3719024ae29a6a7b9890274bf6 HTTP/1.1" status: 200 len: 6838 time: 0.0814171
2026-05-08 00:29:34.728 9 INFO neutron.wsgi [None req-9eaf3249-d6f0-40d8-ade8-709854de98eb 0463e353845149b3925bd849625498db 1d5d15bc86544c60ada5cc17c75da708 - - default default] 199.204.45.140,10.0.0.213 "GET /v2.0/security-groups?tenant_id=f141bb3719024ae29a6a7b9890274bf6 HTTP/1.1" status: 200 len: 6838 time: 0.0772021
2026-05-08 00:29:35.682 9 INFO neutron.wsgi [None req-e0da915f-d593-453f-92cf-467f6d8e0e4b 0463e353845149b3925bd849625498db 1d5d15bc86544c60ada5cc17c75da708 - - default default] 199.204.45.140,10.0.0.213 "GET /v2.0/security-groups?tenant_id=f141bb3719024ae29a6a7b9890274bf6 HTTP/1.1" status: 200 len: 6838 time: 0.0770981
2026-05-08 00:29:40.808 10 INFO neutron.wsgi [-] 10.0.0.213 "GET / HTTP/1.1" status: 200 len: 247 time: 0.0024657
2026-05-08 00:29:40.810 9 INFO neutron.wsgi [-] 10.0.0.213 "GET / HTTP/1.1" status: 200 len: 247 time: 0.0029311
2026-05-08 00:29:43.055 9 INFO neutron.wsgi [None req-137e0fb8-714d-42aa-95eb-41e6186842f1 0463e353845149b3925bd849625498db 1d5d15bc86544c60ada5cc17c75da708 - - default default] 199.204.45.140,10.0.0.213 "GET /v2.0/quotas/f141bb3719024ae29a6a7b9890274bf6 HTTP/1.1" status: 200 len: 361 time: 0.0118268
2026-05-08 00:29:55.809 10 INFO neutron.wsgi [-] 10.0.0.213 "GET / HTTP/1.1" status: 200 len: 247 time: 0.0027862
2026-05-08 00:29:55.810 9 INFO neutron.wsgi [-] 10.0.0.213 "GET / HTTP/1.1" status: 200 len: 247 time: 0.0026653
2026-05-08 00:30:05.895 10 INFO neutron.wsgi [None req-d3abd9b2-0bad-4682-aad0-d9d8b622df05 0463e353845149b3925bd849625498db 1d5d15bc86544c60ada5cc17c75da708 - - default default] 10.0.0.54 "GET /v2.0/floatingips HTTP/1.1" status: 200 len: 193 time: 0.1200416
2026-05-08 00:30:05.929 10 INFO neutron.wsgi [None req-ff129de0-0243-4d71-a7c9-5845823b4fe6 0463e353845149b3925bd849625498db 1d5d15bc86544c60ada5cc17c75da708 - - default default] 10.0.0.54 "GET /v2.0/routers HTTP/1.1" status: 200 len: 189 time: 0.0327728
2026-05-08 00:30:05.970 10 INFO neutron.wsgi [None req-2b88fa96-4a89-407c-9949-d61ab4d3f509 0463e353845149b3925bd849625498db 1d5d15bc86544c60ada5cc17c75da708 - - default default] 10.0.0.54 "GET /v2.0/agents?binary=ovn-controller HTTP/1.1" status: 200 len: 591 time: 0.0406861
2026-05-08 00:30:06.020 10 INFO neutron.wsgi [None req-ec5b6ee7-0645-4264-9a38-ea64c39a6f41 0463e353845149b3925bd849625498db 1d5d15bc86544c60ada5cc17c75da708 - - default default] 10.0.0.54 "GET /v2.0/subnets HTTP/1.1" status: 200 len: 1437 time: 0.0488653
2026-05-08 00:30:06.040 10 INFO neutron.wsgi [None req-20a38ae4-f197-4a06-8140-9f5cb0c65d17 0463e353845149b3925bd849625498db 1d5d15bc86544c60ada5cc17c75da708 - - default default] 10.0.0.54 "GET /v2.0/subnetpools HTTP/1.1" status: 200 len: 193 time: 0.0181680
2026-05-08 00:30:06.081 10 INFO neutron.wsgi [None req-7fdb5ae5-414c-4a16-9969-de162f500144 0463e353845149b3925bd849625498db 1d5d15bc86544c60ada5cc17c75da708 - - default default] 10.0.0.54 "GET /v2.0/subnets HTTP/1.1" status: 200 len: 1437 time: 0.0406699
2026-05-08 00:30:06.160 10 INFO neutron.wsgi [None req-ee9e0325-eae0-4efc-b410-714060b560a3 0463e353845149b3925bd849625498db 1d5d15bc86544c60ada5cc17c75da708 - - default default] 10.0.0.54 "GET /v2.0/security-groups HTTP/1.1" status: 200 len: 16803 time: 0.0767629
2026-05-08 00:30:06.180 10 INFO neutron.wsgi [None req-53ee18ca-b628-4f0e-a37b-06da20a75134 0463e353845149b3925bd849625498db 1d5d15bc86544c60ada5cc17c75da708 - - default default] 10.0.0.54 "GET /v2.0/network-ip-availabilities HTTP/1.1" status: 200 len: 1280 time: 0.0147960
2026-05-08 00:30:06.268 10 INFO neutron.wsgi [None req-acce9f5a-ca00-4719-bd3b-d0430c1c5260 0463e353845149b3925bd849625498db 1d5d15bc86544c60ada5cc17c75da708 - - default default] 10.0.0.54 "GET /v2.0/networks HTTP/1.1" status: 200 len: 2349 time: 0.0865512
2026-05-08 00:30:06.310 10 INFO neutron.wsgi [None req-394ebdc4-0d76-4f66-9253-f1bd5323113d 0463e353845149b3925bd849625498db 1d5d15bc86544c60ada5cc17c75da708 - - default default] 10.0.0.54 "GET /v2.0/ports HTTP/1.1" status: 200 len: 5351 time: 0.0401013
2026-05-08 00:30:06.325 10 INFO neutron.wsgi [None req-9743f448-be7b-4de2-8f48-559af9619bb7 0463e353845149b3925bd849625498db 1d5d15bc86544c60ada5cc17c75da708 - - default default] 10.0.0.54 "GET /v2.0/agents HTTP/1.1" status: 200 len: 997 time: 0.0114319
2026-05-08 00:30:10.809 9 INFO neutron.wsgi [-] 10.0.0.213 "GET / HTTP/1.1" status: 200 len: 247 time: 0.0026433
2026-05-08 00:30:10.810 10 INFO neutron.wsgi [-] 10.0.0.213 "GET / HTTP/1.1" status: 200 len: 247 time: 0.0033755
2026-05-08 00:30:25.809 10 INFO neutron.wsgi [-] 10.0.0.213 "GET / HTTP/1.1" status: 200 len: 247 time: 0.0027175
2026-05-08 00:30:25.918 10 INFO neutron.wsgi [-] 10.0.0.213 "GET / HTTP/1.1" status: 200 len: 247 time: 0.1074176
2026-05-08 00:30:33.933 9 INFO neutron.wsgi [None req-d2329c4a-62ab-4f30-ae2b-af50730b97f9 0463e353845149b3925bd849625498db 1d5d15bc86544c60ada5cc17c75da708 - - default default] 199.204.45.140,10.0.0.213 "GET /v2.0/networks HTTP/1.1" status: 200 len: 2349 time: 0.1047275
2026-05-08 00:30:40.809 10 INFO neutron.wsgi [-] 10.0.0.213 "GET / HTTP/1.1" status: 200 len: 247 time: 0.0023921
2026-05-08 00:30:40.811 9 INFO neutron.wsgi [-] 10.0.0.213 "GET / HTTP/1.1" status: 200 len: 247 time: 0.0033643
2026-05-08 00:30:55.809 9 INFO neutron.wsgi [-] 10.0.0.213 "GET / HTTP/1.1" status: 200 len: 247 time: 0.0024652
2026-05-08 00:30:55.811 10 INFO neutron.wsgi [-] 10.0.0.213 "GET / HTTP/1.1" status: 200 len: 247 time: 0.0041399
2026-05-08 00:31:05.895 10 INFO neutron.wsgi [None req-2593a04c-fc7b-43fb-a45c-2c707fb8c190 0463e353845149b3925bd849625498db 1d5d15bc86544c60ada5cc17c75da708 - - default default] 10.0.0.54 "GET /v2.0/routers HTTP/1.1" status: 200 len: 189 time: 0.1196308
2026-05-08 00:31:05.950 10 INFO neutron.wsgi [None req-765482aa-d8b9-4c0b-a9e9-2219246a76b6 0463e353845149b3925bd849625498db 1d5d15bc86544c60ada5cc17c75da708 - - default default] 10.0.0.54 "GET /v2.0/agents?binary=ovn-controller HTTP/1.1" status: 200 len: 591 time: 0.0541670
2026-05-08 00:31:06.004 10 INFO neutron.wsgi [None req-317293ac-f109-4dc0-8997-b5d8be011c65 0463e353845149b3925bd849625498db 1d5d15bc86544c60ada5cc17c75da708 - - default default] 10.0.0.54 "GET /v2.0/security-groups HTTP/1.1" status: 200 len: 16803 time: 0.0526474
2026-05-08 00:31:06.055 10 INFO neutron.wsgi [None req-b74343ca-322b-4037-b601-565a09a2aa1e 0463e353845149b3925bd849625498db 1d5d15bc86544c60ada5cc17c75da708 - - default default] 10.0.0.54 "GET /v2.0/subnets HTTP/1.1" status: 200 len: 1437 time: 0.0323229
2026-05-08 00:31:06.096 10 INFO neutron.wsgi [None req-0c3dfd68-d06d-479d-a8a4-f136ba5cbbcc 0463e353845149b3925bd849625498db 1d5d15bc86544c60ada5cc17c75da708 - - default default] 10.0.0.54 "GET /v2.0/ports HTTP/1.1" status: 200 len: 5351 time: 0.0404007
2026-05-08 00:31:06.110 10 INFO neutron.wsgi [None req-79f857ff-7eb2-4107-af2a-505646844dc9 0463e353845149b3925bd849625498db 1d5d15bc86544c60ada5cc17c75da708 - - default default] 10.0.0.54 "GET /v2.0/network-ip-availabilities HTTP/1.1" status: 200 len: 1280 time: 0.0106640
2026-05-08 00:31:06.129 10 INFO neutron.wsgi [None req-fd0514e9-d68e-4406-992f-b3894b5adbfa 0463e353845149b3925bd849625498db 1d5d15bc86544c60ada5cc17c75da708 - - default default] 10.0.0.54 "GET /v2.0/floatingips HTTP/1.1" status: 200 len: 193 time: 0.0173347
2026-05-08 00:31:06.155 10 INFO neutron.wsgi [None req-b2c9f542-1013-4ed8-8932-8dcb98fdade1 0463e353845149b3925bd849625498db 1d5d15bc86544c60ada5cc17c75da708 - - default default] 10.0.0.54 "GET /v2.0/subnets HTTP/1.1" status: 200 len: 1437 time: 0.0247791
2026-05-08 00:31:06.169 10 INFO neutron.wsgi [None req-74af2b6b-3489-4521-95fa-2fc9bedaf6bd 0463e353845149b3925bd849625498db 1d5d15bc86544c60ada5cc17c75da708 - - default default] 10.0.0.54 "GET /v2.0/subnetpools HTTP/1.1" status: 200 len: 193 time: 0.0097170
2026-05-08 00:31:06.182 10 INFO neutron.wsgi [None req-e25d6f86-637a-4563-b033-e19dccd25118 0463e353845149b3925bd849625498db 1d5d15bc86544c60ada5cc17c75da708 - - default default] 10.0.0.54 "GET /v2.0/agents HTTP/1.1" status: 200 len: 997 time: 0.0108647
2026-05-08 00:31:06.237 10 INFO neutron.wsgi [None req-9e2f3b71-0fe4-4d6d-a509-6d9a189cb7e4 0463e353845149b3925bd849625498db 1d5d15bc86544c60ada5cc17c75da708 - - default default] 10.0.0.54 "GET /v2.0/networks HTTP/1.1" status: 200 len: 2349 time: 0.0545712
2026-05-08 00:31:10.810 10 INFO neutron.wsgi [-] 10.0.0.213 "GET / HTTP/1.1" status: 200 len: 247 time: 0.0029721
2026-05-08 00:31:10.810 9 INFO neutron.wsgi [-] 10.0.0.213 "GET / HTTP/1.1" status: 200 len: 247 time: 0.0027823
2026-05-08 00:31:13.047 10 INFO neutron.wsgi [None req-2c183e08-f016-4811-b971-9b547312651b 0463e353845149b3925bd849625498db 1d5d15bc86544c60ada5cc17c75da708 - - default default] 10.0.0.117 "GET /v2.0/networks HTTP/1.1" status: 200 len: 2368 time: 0.0957868
2026-05-08 00:31:14.287 9 INFO neutron.wsgi [None req-ab5f45e3-da1f-415c-858b-d6fef091fa6f 0463e353845149b3925bd849625498db 1d5d15bc86544c60ada5cc17c75da708 - - default default] 10.0.0.117 "GET /v2.0/floatingips HTTP/1.1" status: 200 len: 212 time: 0.0362177
2026-05-08 00:31:14.344 9 INFO neutron.wsgi [None req-e4656bce-ddff-4302-b300-bc9b3f4bc3f7 0463e353845149b3925bd849625498db 1d5d15bc86544c60ada5cc17c75da708 - - default default] 10.0.0.117 "GET /v2.0/routers HTTP/1.1" status: 200 len: 208 time: 0.0514081
2026-05-08 00:31:14.377 9 INFO neutron.wsgi [None req-19c2d5a0-a5b5-4fad-85b0-433175495b8c 0463e353845149b3925bd849625498db 1d5d15bc86544c60ada5cc17c75da708 - - default default] 10.0.0.117 "GET /v2.0/ports HTTP/1.1" status: 200 len: 5370 time: 0.0294878
2026-05-08 00:31:14.413 9 INFO neutron.wsgi [None req-b23155bd-1f8a-4594-8e7f-5bfa24bc03ac 0463e353845149b3925bd849625498db 1d5d15bc86544c60ada5cc17c75da708 - - default default] 10.0.0.117 "GET /v2.0/subnets HTTP/1.1" status: 200 len: 1456 time: 0.0311019
2026-05-08 00:31:14.493 9 INFO neutron.wsgi [None req-a4123aeb-e9e2-4c21-b79d-436bc90d2638 0463e353845149b3925bd849625498db 1d5d15bc86544c60ada5cc17c75da708 - - default default] 10.0.0.117 "GET /v2.0/networks HTTP/1.1" status: 200 len: 2368 time: 0.0752931
2026-05-08 00:31:14.547 9 INFO neutron.wsgi [None req-85bc3240-550b-404e-b2d3-da5092ed6828 0463e353845149b3925bd849625498db 1d5d15bc86544c60ada5cc17c75da708 - - default default] 10.0.0.117 "GET /v2.0/security-groups HTTP/1.1" status: 200 len: 16822 time: 0.0481279
2026-05-08 00:31:14.564 9 INFO neutron.wsgi [None req-cafc4828-a87c-4543-bce4-9182b754031a 0463e353845149b3925bd849625498db 1d5d15bc86544c60ada5cc17c75da708 - - default default] 10.0.0.117 "GET /v2.0/subnetpools HTTP/1.1" status: 200 len: 212 time: 0.0127184
2026-05-08 00:31:25.809 9 INFO neutron.wsgi [-] 10.0.0.213 "GET / HTTP/1.1" status: 200 len: 247 time: 0.0025818
2026-05-08 00:31:25.813 10 INFO neutron.wsgi [-] 10.0.0.213 "GET / HTTP/1.1" status: 200 len: 247 time: 0.0028298
2026-05-08 00:31:26.140 9 INFO neutron.db.ovn_revision_numbers_db [None req-4f503192-6eb3-4063-99ef-0f4a48906506 0463e353845149b3925bd849625498db 1d5d15bc86544c60ada5cc17c75da708 - - default default] Successfully bumped revision number for resource ccbf9ef5-b9bc-4d60-bd61-91949cf36fe6 (type: security_groups) to 1
2026-05-08 00:31:26.157 9 INFO neutron.db.ovn_revision_numbers_db [None req-4f503192-6eb3-4063-99ef-0f4a48906506 0463e353845149b3925bd849625498db 1d5d15bc86544c60ada5cc17c75da708 - - default default] Successfully bumped revision number for resource 0fe37d2c-03fc-4277-968b-2f0e89a4ac01 (type: security_group_rules) to 0
2026-05-08 00:31:26.178 9 INFO neutron.db.ovn_revision_numbers_db [None req-4f503192-6eb3-4063-99ef-0f4a48906506 0463e353845149b3925bd849625498db 1d5d15bc86544c60ada5cc17c75da708 - - default default] Successfully bumped revision number for resource 69e2fee4-50b5-4606-b7a2-0681dbde39f1 (type: security_group_rules) to 0
2026-05-08 00:31:26.190 9 INFO neutron.db.ovn_revision_numbers_db [None req-38e7881a-d193-47b0-afc2-238271a9dcbe 0463e353845149b3925bd849625498db 1d5d15bc86544c60ada5cc17c75da708 - - default default] Successfully bumped revision number for resource 3bd6b78b-d972-4392-a420-fb422df328d8 (type: security_groups) to 1
2026-05-08 00:31:26.203 9 INFO neutron.db.ovn_revision_numbers_db [None req-4f503192-6eb3-4063-99ef-0f4a48906506 0463e353845149b3925bd849625498db 1d5d15bc86544c60ada5cc17c75da708 - - default default] Successfully bumped revision number for resource c2791e67-7643-4d29-b029-7ac3590822c9 (type: security_group_rules) to 0
2026-05-08 00:31:26.208 9 INFO neutron.db.ovn_revision_numbers_db [None req-38e7881a-d193-47b0-afc2-238271a9dcbe 0463e353845149b3925bd849625498db 1d5d15bc86544c60ada5cc17c75da708 - - default default] Successfully bumped revision number for resource 0bafb1df-0a2f-42e2-a812-ae403ac25829 (type: security_group_rules) to 0
2026-05-08 00:31:26.217 9 INFO neutron.db.ovn_revision_numbers_db [None req-4f503192-6eb3-4063-99ef-0f4a48906506 0463e353845149b3925bd849625498db 1d5d15bc86544c60ada5cc17c75da708 - - default default] Successfully bumped revision number for resource f2863a6a-ad19-40c3-af28-04f78b7b0cd7 (type: security_group_rules) to 0
2026-05-08 00:31:26.221 9 INFO neutron.db.ovn_revision_numbers_db [None req-38e7881a-d193-47b0-afc2-238271a9dcbe 0463e353845149b3925bd849625498db 1d5d15bc86544c60ada5cc17c75da708 - - default default] Successfully bumped revision number for resource 3f13a504-eaf3-4dcc-8f9f-362d7dc30a2f (type: security_group_rules) to 0
2026-05-08 00:31:26.239 9 INFO neutron.db.ovn_revision_numbers_db [None req-38e7881a-d193-47b0-afc2-238271a9dcbe 0463e353845149b3925bd849625498db 1d5d15bc86544c60ada5cc17c75da708 - - default default] Successfully bumped revision number for resource 5b703dc9-4fdb-487e-b656-d20e16109d0b (type: security_group_rules) to 0
2026-05-08 00:31:26.255 9 INFO neutron.db.ovn_revision_numbers_db [None req-38e7881a-d193-47b0-afc2-238271a9dcbe 0463e353845149b3925bd849625498db 1d5d15bc86544c60ada5cc17c75da708 - - default default] Successfully bumped revision number for resource f3e6e5a5-0159-42dd-b437-8e30bb9d202b (type: security_group_rules) to 0
2026-05-08 00:31:26.279 9 INFO neutron.db.segments_db [None req-4f503192-6eb3-4063-99ef-0f4a48906506 0463e353845149b3925bd849625498db 1d5d15bc86544c60ada5cc17c75da708 - - default default] Added segment 928a00f8-2cb9-4eff-87fe-cf3439f004e2 of type geneve for network b83a1088-ab99-4226-907f-3d53f49f2463
2026-05-08 00:31:26.311 9 INFO neutron.db.segments_db [None req-38e7881a-d193-47b0-afc2-238271a9dcbe 0463e353845149b3925bd849625498db 1d5d15bc86544c60ada5cc17c75da708 - - default default] Added segment ac012c6c-61a1-45c0-8aa0-391da28d7239 of type geneve for network 92474ced-b30a-42e2-a3c9-c4efb5f71f2a
2026-05-08 00:31:26.499 9 INFO neutron.db.ovn_revision_numbers_db [None req-4f503192-6eb3-4063-99ef-0f4a48906506 0463e353845149b3925bd849625498db 1d5d15bc86544c60ada5cc17c75da708 - - default default] Successfully bumped revision number for resource b83a1088-ab99-4226-907f-3d53f49f2463 (type: networks) to 1
2026-05-08 00:31:26.550 9 INFO neutron.db.ovn_revision_numbers_db [None req-38e7881a-d193-47b0-afc2-238271a9dcbe 0463e353845149b3925bd849625498db 1d5d15bc86544c60ada5cc17c75da708 - - default default] Successfully bumped revision number for resource 92474ced-b30a-42e2-a3c9-c4efb5f71f2a (type: networks) to 1
2026-05-08 00:31:26.715 9 WARNING neutron.scheduler.dhcp_agent_scheduler [None req-4f503192-6eb3-4063-99ef-0f4a48906506 0463e353845149b3925bd849625498db 1d5d15bc86544c60ada5cc17c75da708 - - default default] No more DHCP agents
2026-05-08 00:31:26.717 9 WARNING neutron.api.rpc.agentnotifiers.dhcp_rpc_agent_api [None req-4f503192-6eb3-4063-99ef-0f4a48906506 0463e353845149b3925bd849625498db 1d5d15bc86544c60ada5cc17c75da708 - - default default] Unable to schedule network b83a1088-ab99-4226-907f-3d53f49f2463: no agents available; will retry on subsequent port and subnet creation events.
2026-05-08 00:31:26.745 9 WARNING neutron.scheduler.dhcp_agent_scheduler [None req-38e7881a-d193-47b0-afc2-238271a9dcbe 0463e353845149b3925bd849625498db 1d5d15bc86544c60ada5cc17c75da708 - - default default] No more DHCP agents
2026-05-08 00:31:26.746 9 WARNING neutron.api.rpc.agentnotifiers.dhcp_rpc_agent_api [None req-38e7881a-d193-47b0-afc2-238271a9dcbe 0463e353845149b3925bd849625498db 1d5d15bc86544c60ada5cc17c75da708 - - default default] Unable to schedule network 92474ced-b30a-42e2-a3c9-c4efb5f71f2a: no agents available; will retry on subsequent port and subnet creation events.
2026-05-08 00:31:26.807 10 INFO neutron.db.ovn_revision_numbers_db [None req-63a593f6-74a1-4d33-b30f-af6775be7728 0463e353845149b3925bd849625498db 1d5d15bc86544c60ada5cc17c75da708 - - default default] Successfully bumped revision number for resource 4a59a9ea-08e9-4764-a66f-70acd1a56da2 (type: security_groups) to 1
2026-05-08 00:31:26.826 10 INFO neutron.db.ovn_revision_numbers_db [None req-63a593f6-74a1-4d33-b30f-af6775be7728 0463e353845149b3925bd849625498db 1d5d15bc86544c60ada5cc17c75da708 - - default default] Successfully bumped revision number for resource 737419fd-1512-452a-8f50-ce01b025f110 (type: security_group_rules) to 0
2026-05-08 00:31:26.831 9 INFO neutron.db.ovn_revision_numbers_db [None req-4f503192-6eb3-4063-99ef-0f4a48906506 0463e353845149b3925bd849625498db 1d5d15bc86544c60ada5cc17c75da708 - - default default] Successfully bumped revision number for resource 5f59bb82-390f-4c0a-8eb9-ba93d6d9bf5b (type: ports) to 1
2026-05-08 00:31:26.838 10 INFO neutron.db.ovn_revision_numbers_db [None req-63a593f6-74a1-4d33-b30f-af6775be7728 0463e353845149b3925bd849625498db 1d5d15bc86544c60ada5cc17c75da708 - - default default] Successfully bumped revision number for resource 847687ec-ebe4-4fd5-b89e-2e44c9323e9c (type: security_group_rules) to 0
2026-05-08 00:31:26.844 9 INFO neutron.db.ovn_revision_numbers_db [None req-38e7881a-d193-47b0-afc2-238271a9dcbe 0463e353845149b3925bd849625498db 1d5d15bc86544c60ada5cc17c75da708 - - default default] Successfully bumped revision number for resource 3cebcef8-17d3-4c67-8501-7339b2c1d66d (type: ports) to 1
2026-05-08 00:31:26.848 10 INFO neutron.db.ovn_revision_numbers_db [None req-63a593f6-74a1-4d33-b30f-af6775be7728 0463e353845149b3925bd849625498db 1d5d15bc86544c60ada5cc17c75da708 - - default default] Successfully bumped revision number for resource b479c5b1-205a-4bb3-a773-43c0e3ddcac0 (type: security_group_rules) to 0
2026-05-08 00:31:26.855 9 INFO neutron.wsgi [None req-4f503192-6eb3-4063-99ef-0f4a48906506 0463e353845149b3925bd849625498db 1d5d15bc86544c60ada5cc17c75da708 - - default default] 10.0.0.117 "POST /v2.0/networks HTTP/1.1" status: 201 len: 950 time: 0.9851079
2026-05-08 00:31:26.863 9 INFO neutron.wsgi [None req-38e7881a-d193-47b0-afc2-238271a9dcbe 0463e353845149b3925bd849625498db 1d5d15bc86544c60ada5cc17c75da708 - - default default] 10.0.0.117 "POST /v2.0/networks HTTP/1.1" status: 201 len: 947 time: 0.9426928
2026-05-08 00:31:26.874 10 INFO neutron.db.ovn_revision_numbers_db [None req-63a593f6-74a1-4d33-b30f-af6775be7728 0463e353845149b3925bd849625498db 1d5d15bc86544c60ada5cc17c75da708 - - default default] Successfully bumped revision number for resource ecdf4386-b1f6-44ab-a4f0-8b7a9e1e91bc (type: security_group_rules) to 0
2026-05-08 00:31:26.908 10 INFO neutron.wsgi [None req-63a593f6-74a1-4d33-b30f-af6775be7728 0463e353845149b3925bd849625498db 1d5d15bc86544c60ada5cc17c75da708 - - default default] 10.0.0.117 "GET /v2.0/security-groups?tenant_id=c5e27c557bf04393bfac11ca65a485cd&name=default HTTP/1.1" status: 200 len: 2992 time: 0.3419671
2026-05-08 00:31:27.022 9 WARNING neutron.scheduler.dhcp_agent_scheduler [None req-17a8c132-1b38-4cf9-9a10-734b1e731a32 0463e353845149b3925bd849625498db 1d5d15bc86544c60ada5cc17c75da708 - - default default] No more DHCP agents
2026-05-08 00:31:27.024 9 WARNING neutron.api.rpc.agentnotifiers.dhcp_rpc_agent_api [None req-17a8c132-1b38-4cf9-9a10-734b1e731a32 0463e353845149b3925bd849625498db 1d5d15bc86544c60ada5cc17c75da708 - - default default] Unable to schedule network 92474ced-b30a-42e2-a3c9-c4efb5f71f2a: no agents available; will retry on subsequent port and subnet creation events.
2026-05-08 00:31:27.045 10 WARNING neutron.scheduler.dhcp_agent_scheduler [None req-7d392e9f-6f4a-44ca-bb8b-ed3e7a105ebc 0463e353845149b3925bd849625498db 1d5d15bc86544c60ada5cc17c75da708 - - default default] No more DHCP agents
2026-05-08 00:31:27.051 10 WARNING neutron.api.rpc.agentnotifiers.dhcp_rpc_agent_api [None req-7d392e9f-6f4a-44ca-bb8b-ed3e7a105ebc 0463e353845149b3925bd849625498db 1d5d15bc86544c60ada5cc17c75da708 - - default default] Unable to schedule network b83a1088-ab99-4226-907f-3d53f49f2463: no agents available; will retry on subsequent port and subnet creation events.
2026-05-08 00:31:27.225 10 INFO neutron.wsgi [None req-495fdd3e-979a-497c-825d-5ea0e3c8b2b5 0463e353845149b3925bd849625498db 1d5d15bc86544c60ada5cc17c75da708 - - default default] 10.0.0.117 "DELETE /v2.0/security-groups/4a59a9ea-08e9-4764-a66f-70acd1a56da2 HTTP/1.1" status: 204 len: 168 time: 0.3116045
2026-05-08 00:31:27.488 10 INFO neutron.db.ovn_revision_numbers_db [None req-cbd8a34e-76c8-4db1-a121-81cc1233f9c8 0463e353845149b3925bd849625498db 1d5d15bc86544c60ada5cc17c75da708 - - default default] Successfully bumped revision number for resource d995a8d4-2cdf-4ae0-88ce-30cfbc86126d (type: security_groups) to 1
2026-05-08 00:31:27.510 10 INFO neutron.db.ovn_revision_numbers_db [None req-cbd8a34e-76c8-4db1-a121-81cc1233f9c8 0463e353845149b3925bd849625498db 1d5d15bc86544c60ada5cc17c75da708 - - default default] Successfully bumped revision number for resource 0be5235a-e656-4e7b-b959-aed222474131 (type: security_group_rules) to 0
2026-05-08 00:31:27.534 10 INFO neutron.db.ovn_revision_numbers_db [None req-cbd8a34e-76c8-4db1-a121-81cc1233f9c8 0463e353845149b3925bd849625498db 1d5d15bc86544c60ada5cc17c75da708 - - default default] Successfully bumped revision number for resource 57fb0a46-1b29-451f-b298-43c9ccbb6985 (type: security_group_rules) to 0
2026-05-08 00:31:27.565 10 INFO neutron.db.ovn_revision_numbers_db [None req-cbd8a34e-76c8-4db1-a121-81cc1233f9c8 0463e353845149b3925bd849625498db 1d5d15bc86544c60ada5cc17c75da708 - - default default] Successfully bumped revision number for resource 69d41592-8be5-4d1f-b227-f44f50ddea06 (type: security_group_rules) to 0
2026-05-08 00:31:27.585 10 INFO neutron.db.ovn_revision_numbers_db [None req-cbd8a34e-76c8-4db1-a121-81cc1233f9c8 0463e353845149b3925bd849625498db 1d5d15bc86544c60ada5cc17c75da708 - - default default] Successfully bumped revision number for resource 74ef13f3-a582-4ffb-a093-b8bf18b19169 (type: security_group_rules) to 0
2026-05-08 00:31:27.587 10 INFO neutron.db.ovn_revision_numbers_db [None req-7d392e9f-6f4a-44ca-bb8b-ed3e7a105ebc 0463e353845149b3925bd849625498db 1d5d15bc86544c60ada5cc17c75da708 - - default default] Successfully bumped revision number for resource 5f59bb82-390f-4c0a-8eb9-ba93d6d9bf5b (type: ports) to 2
2026-05-08 00:31:27.612 10 INFO neutron.wsgi [None req-cbd8a34e-76c8-4db1-a121-81cc1233f9c8 0463e353845149b3925bd849625498db 1d5d15bc86544c60ada5cc17c75da708 - - default default] 10.0.0.117 "GET /v2.0/security-groups?tenant_id=dbddc141c6384cda83f4ee890aa8247b&name=default HTTP/1.1" status: 200 len: 2992 time: 0.3703327
2026-05-08 00:31:27.640 10 INFO neutron.db.ovn_revision_numbers_db [None req-7d392e9f-6f4a-44ca-bb8b-ed3e7a105ebc 0463e353845149b3925bd849625498db 1d5d15bc86544c60ada5cc17c75da708 - - default default] Successfully bumped revision number for resource 244a73f1-4625-43f8-842b-53812e43f029 (type: subnets) to 0
2026-05-08 00:31:27.653 10 INFO neutron.wsgi [None req-7d392e9f-6f4a-44ca-bb8b-ed3e7a105ebc 0463e353845149b3925bd849625498db 1d5d15bc86544c60ada5cc17c75da708 - - default default] 10.0.0.117 "POST /v2.0/subnets HTTP/1.1" status: 201 len: 870 time: 0.7927990
2026-05-08 00:31:27.669 9 INFO neutron.db.ovn_revision_numbers_db [None req-17a8c132-1b38-4cf9-9a10-734b1e731a32 0463e353845149b3925bd849625498db 1d5d15bc86544c60ada5cc17c75da708 - - default default] Successfully bumped revision number for resource 3cebcef8-17d3-4c67-8501-7339b2c1d66d (type: ports) to 2
2026-05-08 00:31:27.733 9 INFO neutron.db.ovn_revision_numbers_db [None req-17a8c132-1b38-4cf9-9a10-734b1e731a32 0463e353845149b3925bd849625498db 1d5d15bc86544c60ada5cc17c75da708 - - default default] Successfully bumped revision number for resource 91878323-94bb-4f5d-9767-959458b38b4a (type: subnets) to 0
2026-05-08 00:31:27.763 9 INFO neutron.wsgi [None req-17a8c132-1b38-4cf9-9a10-734b1e731a32 0463e353845149b3925bd849625498db 1d5d15bc86544c60ada5cc17c75da708 - - default default] 10.0.0.117 "POST /v2.0/subnets HTTP/1.1" status: 201 len: 867 time: 0.8942523
2026-05-08 00:31:27.807 10 INFO neutron.wsgi [None req-45f981e9-a426-429d-8b25-7171ba6d1c39 0463e353845149b3925bd849625498db 1d5d15bc86544c60ada5cc17c75da708 - - default default] 10.0.0.117 "DELETE /v2.0/security-groups/d995a8d4-2cdf-4ae0-88ce-30cfbc86126d HTTP/1.1" status: 204 len: 168 time: 0.1898379
2026-05-08 00:31:28.124 9 WARNING neutron.scheduler.dhcp_agent_scheduler [None req-7106b81f-c493-4120-8974-ca9c0c24a1f2 0463e353845149b3925bd849625498db 1d5d15bc86544c60ada5cc17c75da708 - - default default] No more DHCP agents
2026-05-08 00:31:28.142 9 WARNING neutron.api.rpc.agentnotifiers.dhcp_rpc_agent_api [None req-7106b81f-c493-4120-8974-ca9c0c24a1f2 0463e353845149b3925bd849625498db 1d5d15bc86544c60ada5cc17c75da708 - - default default] Unable to schedule network 599c20c8-755e-492a-8bdb-db4f1baaae13: no agents available; will retry on subsequent port and subnet creation events.
2026-05-08 00:31:28.278 9 INFO neutron.db.ovn_revision_numbers_db [None req-7106b81f-c493-4120-8974-ca9c0c24a1f2 0463e353845149b3925bd849625498db 1d5d15bc86544c60ada5cc17c75da708 - - default default] Successfully bumped revision number for resource c42ae025-3b8b-4bb6-947a-1880e94ee928 (type: ports) to 1
2026-05-08 00:31:28.388 10 WARNING neutron.scheduler.dhcp_agent_scheduler [None req-0030cc61-7861-41b1-8703-6efaefdfb74e 0463e353845149b3925bd849625498db 1d5d15bc86544c60ada5cc17c75da708 - - default default] No more DHCP agents
2026-05-08 00:31:28.391 10 WARNING neutron.api.rpc.agentnotifiers.dhcp_rpc_agent_api [None req-0030cc61-7861-41b1-8703-6efaefdfb74e 0463e353845149b3925bd849625498db 1d5d15bc86544c60ada5cc17c75da708 - - default default] Unable to schedule network 599c20c8-755e-492a-8bdb-db4f1baaae13: no agents available; will retry on subsequent port and subnet creation events.
2026-05-08 00:31:28.514 10 INFO neutron.db.ovn_revision_numbers_db [None req-0030cc61-7861-41b1-8703-6efaefdfb74e 0463e353845149b3925bd849625498db 1d5d15bc86544c60ada5cc17c75da708 - - default default] Successfully bumped revision number for resource 01c17069-0cea-485e-a47d-5198b2e454b1 (type: ports) to 1
2026-05-08 00:31:28.590 9 INFO neutron.plugins.ml2.drivers.ovn.mech_driver.ovsdb.extensions.qos [None req-7106b81f-c493-4120-8974-ca9c0c24a1f2 0463e353845149b3925bd849625498db 1d5d15bc86544c60ada5cc17c75da708 - - default default] Starting OVNClientQosExtension
2026-05-08 00:31:28.792 10 INFO neutron.plugins.ml2.drivers.ovn.mech_driver.ovsdb.extensions.qos [None req-0030cc61-7861-41b1-8703-6efaefdfb74e 0463e353845149b3925bd849625498db 1d5d15bc86544c60ada5cc17c75da708 - - default default] Starting OVNClientQosExtension
2026-05-08 00:31:28.894 9 INFO neutron.plugins.ml2.drivers.ovn.mech_driver.mech_driver [None req-f1f241f9-f200-4e42-8034-3e52ebd18bc7 - - - - - -] OVN reports status up for port: c42ae025-3b8b-4bb6-947a-1880e94ee928
2026-05-08 00:31:28.914 9 INFO neutron.plugins.ml2.plugin [None req-f1f241f9-f200-4e42-8034-3e52ebd18bc7 - - - - - -] Attempt 1 to provision port c42ae025-3b8b-4bb6-947a-1880e94ee928
2026-05-08 00:31:28.916 9 INFO neutron.plugins.ml2.drivers.ovn.mech_driver.ovsdb.ovsdb_monitor [-] Router 4070a683-963c-41e1-b13e-3f1ff64f29e3 is bound to host instance
2026-05-08 00:31:28.958 9 INFO neutron.db.ovn_revision_numbers_db [None req-7106b81f-c493-4120-8974-ca9c0c24a1f2 0463e353845149b3925bd849625498db 1d5d15bc86544c60ada5cc17c75da708 - - default default] Successfully bumped revision number for resource c42ae025-3b8b-4bb6-947a-1880e94ee928 (type: router_ports) to 1
2026-05-08 00:31:29.084 9 INFO neutron.db.ovn_revision_numbers_db [None req-7106b81f-c493-4120-8974-ca9c0c24a1f2 0463e353845149b3925bd849625498db 1d5d15bc86544c60ada5cc17c75da708 - - default default] Successfully bumped revision number for resource 4070a683-963c-41e1-b13e-3f1ff64f29e3 (type: routers) to 2
2026-05-08 00:31:29.116 9 INFO neutron.wsgi [None req-7106b81f-c493-4120-8974-ca9c0c24a1f2 0463e353845149b3925bd849625498db 1d5d15bc86544c60ada5cc17c75da708 - - default default] 10.0.0.117 "POST /v2.0/routers HTTP/1.1" status: 201 len: 881 time: 1.4568863
2026-05-08 00:31:29.152 10 INFO neutron.db.ovn_revision_numbers_db [None req-0030cc61-7861-41b1-8703-6efaefdfb74e 0463e353845149b3925bd849625498db 1d5d15bc86544c60ada5cc17c75da708 - - default default] Successfully bumped revision number for resource 01c17069-0cea-485e-a47d-5198b2e454b1 (type: router_ports) to 1
2026-05-08 00:31:29.352 10 INFO neutron.db.ovn_revision_numbers_db [None req-0030cc61-7861-41b1-8703-6efaefdfb74e 0463e353845149b3925bd849625498db 1d5d15bc86544c60ada5cc17c75da708 - - default default] Successfully bumped revision number for resource 088c5cb4-a529-44e1-95ac-717e158ccb46 (type: routers) to 2
2026-05-08 00:31:29.368 10 INFO neutron.wsgi [None req-0030cc61-7861-41b1-8703-6efaefdfb74e 0463e353845149b3925bd849625498db 1d5d15bc86544c60ada5cc17c75da708 - - default default] 10.0.0.117 "POST /v2.0/routers HTTP/1.1" status: 201 len: 878 time: 1.5870848
2026-05-08 00:31:29.469 9 INFO neutron.db.ovn_revision_numbers_db [None req-2a1f10d2-b89f-4951-bbe7-024c3fbe7383 - - - - - -] Successfully bumped revision number for resource c42ae025-3b8b-4bb6-947a-1880e94ee928 (type: ports) to 1
2026-05-08 00:31:29.541 10 INFO neutron.db.ovn_revision_numbers_db [None req-2c0fd7ae-4d5c-4c3d-9c1b-31d2cf5bbe5d 0463e353845149b3925bd849625498db 1d5d15bc86544c60ada5cc17c75da708 - - default default] Successfully bumped revision number for resource 5c5d20c0-2966-41bf-899c-64927c279a43 (type: security_groups) to 1
2026-05-08 00:31:29.572 10 INFO neutron.db.ovn_revision_numbers_db [None req-2c0fd7ae-4d5c-4c3d-9c1b-31d2cf5bbe5d 0463e353845149b3925bd849625498db 1d5d15bc86544c60ada5cc17c75da708 - - default default] Successfully bumped revision number for resource 11c21e11-fadc-44db-9ce2-df32eb4d4c96 (type: security_group_rules) to 0
2026-05-08 00:31:29.613 10 INFO neutron.db.ovn_revision_numbers_db [None req-2c0fd7ae-4d5c-4c3d-9c1b-31d2cf5bbe5d 0463e353845149b3925bd849625498db 1d5d15bc86544c60ada5cc17c75da708 - - default default] Successfully bumped revision number for resource 20642284-5c29-4c26-8a61-dfd6578a0c9d (type: security_group_rules) to 0
2026-05-08 00:31:29.644 10 INFO neutron.db.ovn_revision_numbers_db [None req-2c0fd7ae-4d5c-4c3d-9c1b-31d2cf5bbe5d 0463e353845149b3925bd849625498db 1d5d15bc86544c60ada5cc17c75da708 - - default default] Successfully bumped revision number for resource 8c25f0e8-07ff-44c0-aeb9-dba10094c6ee (type: security_group_rules) to 0
2026-05-08 00:31:29.668 10 INFO neutron.db.ovn_revision_numbers_db [None req-2c0fd7ae-4d5c-4c3d-9c1b-31d2cf5bbe5d 0463e353845149b3925bd849625498db 1d5d15bc86544c60ada5cc17c75da708 - - default default] Successfully bumped revision number for resource cc0353ff-a25c-4ecf-abcf-46e64892e007 (type: security_group_rules) to 0
2026-05-08 00:31:29.743 10 INFO neutron.db.segments_db [None req-2c0fd7ae-4d5c-4c3d-9c1b-31d2cf5bbe5d 0463e353845149b3925bd849625498db 1d5d15bc86544c60ada5cc17c75da708 - - default default] Added segment 4c83b766-785a-4710-9c4f-af4d09953374 of type geneve for network 2fd8d540-88b5-4d1b-a5ec-d3f5de705125
2026-05-08 00:31:29.790 9 INFO neutron.db.ovn_revision_numbers_db [None req-2a1f10d2-b89f-4951-bbe7-024c3fbe7383 - - - - - -] Successfully bumped revision number for resource c42ae025-3b8b-4bb6-947a-1880e94ee928 (type: router_ports) to 3
2026-05-08 00:31:29.915 10 WARNING neutron.scheduler.dhcp_agent_scheduler [None req-b5add75f-582d-4f4d-ac7f-7146f1f478d8 0463e353845149b3925bd849625498db 1d5d15bc86544c60ada5cc17c75da708 - - default default] No more DHCP agents
2026-05-08 00:31:29.928 10 WARNING neutron.api.rpc.agentnotifiers.dhcp_rpc_agent_api [None req-b5add75f-582d-4f4d-ac7f-7146f1f478d8 0463e353845149b3925bd849625498db 1d5d15bc86544c60ada5cc17c75da708 - - default default] Unable to schedule network b83a1088-ab99-4226-907f-3d53f49f2463: no agents available; will retry on subsequent port and subnet creation events.
2026-05-08 00:31:29.960 10 INFO neutron.db.ovn_revision_numbers_db [None req-2c0fd7ae-4d5c-4c3d-9c1b-31d2cf5bbe5d 0463e353845149b3925bd849625498db 1d5d15bc86544c60ada5cc17c75da708 - - default default] Successfully bumped revision number for resource 2fd8d540-88b5-4d1b-a5ec-d3f5de705125 (type: networks) to 1
2026-05-08 00:31:30.030 9 INFO neutron.db.ovn_revision_numbers_db [None req-2a1f10d2-b89f-4951-bbe7-024c3fbe7383 - - - - - -] Successfully bumped revision number for resource c42ae025-3b8b-4bb6-947a-1880e94ee928 (type: ports) to 2
2026-05-08 00:31:30.089 10 WARNING neutron.scheduler.dhcp_agent_scheduler [None req-4a92da7c-1e34-48e9-8e52-b9f3c88316fa 0463e353845149b3925bd849625498db 1d5d15bc86544c60ada5cc17c75da708 - - default default] No more DHCP agents
2026-05-08 00:31:30.098 10 WARNING neutron.api.rpc.agentnotifiers.dhcp_rpc_agent_api [None req-4a92da7c-1e34-48e9-8e52-b9f3c88316fa 0463e353845149b3925bd849625498db 1d5d15bc86544c60ada5cc17c75da708 - - default default] Unable to schedule network 92474ced-b30a-42e2-a3c9-c4efb5f71f2a: no agents available; will retry on subsequent port and subnet creation events.
2026-05-08 00:31:30.282 10 INFO neutron.db.ovn_revision_numbers_db [None req-b5add75f-582d-4f4d-ac7f-7146f1f478d8 0463e353845149b3925bd849625498db 1d5d15bc86544c60ada5cc17c75da708 - - default default] Successfully bumped revision number for resource cb0f0a58-4413-4900-97a7-73ded1ea4288 (type: ports) to 1
2026-05-08 00:31:30.286 9 INFO neutron.db.ovn_revision_numbers_db [None req-2a1f10d2-b89f-4951-bbe7-024c3fbe7383 - - - - - -] Successfully bumped revision number for resource c42ae025-3b8b-4bb6-947a-1880e94ee928 (type: ports) to 4
2026-05-08 00:31:30.315 10 WARNING neutron.scheduler.dhcp_agent_scheduler [None req-2c0fd7ae-4d5c-4c3d-9c1b-31d2cf5bbe5d 0463e353845149b3925bd849625498db 1d5d15bc86544c60ada5cc17c75da708 - - default default] No more DHCP agents
2026-05-08 00:31:30.318 10 WARNING neutron.api.rpc.agentnotifiers.dhcp_rpc_agent_api [None req-2c0fd7ae-4d5c-4c3d-9c1b-31d2cf5bbe5d 0463e353845149b3925bd849625498db 1d5d15bc86544c60ada5cc17c75da708 - - default default] Unable to schedule network 2fd8d540-88b5-4d1b-a5ec-d3f5de705125: no agents available; will retry on subsequent port and subnet creation events.
2026-05-08 00:31:30.490 9 INFO neutron.db.ovn_revision_numbers_db [None req-2a1f10d2-b89f-4951-bbe7-024c3fbe7383 - - - - - -] Successfully bumped revision number for resource c42ae025-3b8b-4bb6-947a-1880e94ee928 (type: router_ports) to 4
2026-05-08 00:31:30.493 10 INFO neutron.db.ovn_revision_numbers_db [None req-4a92da7c-1e34-48e9-8e52-b9f3c88316fa 0463e353845149b3925bd849625498db 1d5d15bc86544c60ada5cc17c75da708 - - default default] Successfully bumped revision number for resource 1f8dac35-ec1b-42cb-b20d-93c13013f7d1 (type: ports) to 1
2026-05-08 00:31:30.503 10 INFO neutron.db.ovn_revision_numbers_db [None req-2c0fd7ae-4d5c-4c3d-9c1b-31d2cf5bbe5d 0463e353845149b3925bd849625498db 1d5d15bc86544c60ada5cc17c75da708 - - default default] Successfully bumped revision number for resource 920f187b-179d-4c14-8568-507e7d75b215 (type: ports) to 1
2026-05-08 00:31:30.516 9 INFO neutron.plugins.ml2.drivers.ovn.mech_driver.ovsdb.ovsdb_monitor [None req-2a1f10d2-b89f-4951-bbe7-024c3fbe7383 - - - - - -] Router 088c5cb4-a529-44e1-95ac-717e158ccb46 is bound to host instance
2026-05-08 00:31:30.548 10 INFO neutron.wsgi [None req-2c0fd7ae-4d5c-4c3d-9c1b-31d2cf5bbe5d 0463e353845149b3925bd849625498db 1d5d15bc86544c60ada5cc17c75da708 - - default default] 10.0.0.117 "POST /v2.0/networks HTTP/1.1" status: 201 len: 953 time: 1.4916229
2026-05-08 00:31:30.750 9 WARNING neutron.scheduler.dhcp_agent_scheduler [None req-621dffbb-59f5-436e-b42c-452d6438049a 0463e353845149b3925bd849625498db 1d5d15bc86544c60ada5cc17c75da708 - - default default] No more DHCP agents
2026-05-08 00:31:30.752 9 WARNING neutron.api.rpc.agentnotifiers.dhcp_rpc_agent_api [None req-621dffbb-59f5-436e-b42c-452d6438049a 0463e353845149b3925bd849625498db 1d5d15bc86544c60ada5cc17c75da708 - - default default] Unable to schedule network 2fd8d540-88b5-4d1b-a5ec-d3f5de705125: no agents available; will retry on subsequent port and subnet creation events.
2026-05-08 00:31:30.962 10 INFO neutron.db.ovn_revision_numbers_db [None req-b5add75f-582d-4f4d-ac7f-7146f1f478d8 0463e353845149b3925bd849625498db 1d5d15bc86544c60ada5cc17c75da708 - - default default] Successfully bumped revision number for resource cb0f0a58-4413-4900-97a7-73ded1ea4288 (type: router_ports) to 1
