2026-05-08 00:31:55.238 9 INFO neutron.db.ovn_revision_numbers_db [req-887418f8-1c57-4d1c-bf7a-c58876bd9b51 req-156e130f-d2aa-40db-994f-72bb952daa45 3f8b8309b3ca466c8c300f1c89d3bcec f141bb3719024ae29a6a7b9890274bf6 - - 0447f99a6f7b4f63bba8b724b57b4524 0447f99a6f7b4f63bba8b724b57b4524] Successfully bumped revision number for resource 2851dd2a-17e4-40a5-849b-6d2660936651 (type: ports) to 2
2026-05-08 00:31:55.266 9 INFO neutron.wsgi [req-887418f8-1c57-4d1c-bf7a-c58876bd9b51 req-156e130f-d2aa-40db-994f-72bb952daa45 3f8b8309b3ca466c8c300f1c89d3bcec f141bb3719024ae29a6a7b9890274bf6 - - 0447f99a6f7b4f63bba8b724b57b4524 0447f99a6f7b4f63bba8b724b57b4524] 199.204.45.140 "PUT /v2.0/ports/2851dd2a-17e4-40a5-849b-6d2660936651 HTTP/1.1" status: 200 len: 1380 time: 0.9339871
2026-05-08 00:31:55.351 9 INFO neutron.wsgi [req-887418f8-1c57-4d1c-bf7a-c58876bd9b51 req-6504251f-04b2-4e38-ba99-aa58269163e5 3f8b8309b3ca466c8c300f1c89d3bcec f141bb3719024ae29a6a7b9890274bf6 - - 0447f99a6f7b4f63bba8b724b57b4524 0447f99a6f7b4f63bba8b724b57b4524] 199.204.45.140 "GET /v2.0/ports?tenant_id=0b2993e83ede4f8f980db4a667b5029e&device_id=5771df6f-e733-46c8-b3ed-9a16ad29badb HTTP/1.1" status: 200 len: 1411 time: 0.0408695
2026-05-08 00:31:55.385 9 INFO neutron.wsgi [req-887418f8-1c57-4d1c-bf7a-c58876bd9b51 req-df81df00-eead-4336-90e4-dcbcf381d23f 3f8b8309b3ca466c8c300f1c89d3bcec f141bb3719024ae29a6a7b9890274bf6 - - 0447f99a6f7b4f63bba8b724b57b4524 0447f99a6f7b4f63bba8b724b57b4524] 199.204.45.140 "GET /v2.0/floatingips?fixed_ip_address=10.100.0.12&port_id=2851dd2a-17e4-40a5-849b-6d2660936651 HTTP/1.1" status: 200 len: 217 time: 0.0287442
2026-05-08 00:31:55.436 9 INFO neutron.wsgi [req-887418f8-1c57-4d1c-bf7a-c58876bd9b51 req-976d61f2-99e4-46e5-bfbd-35421d38d553 3f8b8309b3ca466c8c300f1c89d3bcec f141bb3719024ae29a6a7b9890274bf6 - - 0447f99a6f7b4f63bba8b724b57b4524 0447f99a6f7b4f63bba8b724b57b4524] 199.204.45.140 "GET /v2.0/subnets?id=089d1982-1c11-4e9c-bb8b-268cfd9f3ec2 HTTP/1.1" status: 200 len: 869 time: 0.0457218
2026-05-08 00:31:55.466 9 INFO neutron.wsgi [req-887418f8-1c57-4d1c-bf7a-c58876bd9b51 req-d4139b88-b5bc-4b6b-b2de-e26e4f938ced 3f8b8309b3ca466c8c300f1c89d3bcec f141bb3719024ae29a6a7b9890274bf6 - - 0447f99a6f7b4f63bba8b724b57b4524 0447f99a6f7b4f63bba8b724b57b4524] 199.204.45.140 "GET /v2.0/ports?network_id=74af1962-9fd6-425d-854b-4ffe1cb5635d&device_owner=network%3Adhcp HTTP/1.1" status: 200 len: 210 time: 0.0252738
2026-05-08 00:31:55.557 9 INFO neutron.notifiers.nova [-] Nova event matching ['req-a3e03ce1-932a-4ab2-b096-d0d8737ce2e1'] response: {'name': 'network-changed', 'server_uuid': 'e55206d3-a495-40de-892b-dbff2f6e7955', 'tag': '04c9ce8e-6097-4150-9f4c-def090260109', 'status': 'completed', 'code': 200}
2026-05-08 00:31:55.558 9 INFO neutron.notifiers.nova [-] Nova event matching ['req-a3e03ce1-932a-4ab2-b096-d0d8737ce2e1'] response: {'name': 'network-changed', 'server_uuid': '5771df6f-e733-46c8-b3ed-9a16ad29badb', 'tag': '2851dd2a-17e4-40a5-849b-6d2660936651', 'status': 'completed', 'code': 200}
2026-05-08 00:31:55.587 9 INFO neutron.wsgi [req-887418f8-1c57-4d1c-bf7a-c58876bd9b51 req-9ee305fb-6b95-463b-acde-5d7b84140dc9 3f8b8309b3ca466c8c300f1c89d3bcec f141bb3719024ae29a6a7b9890274bf6 - - 0447f99a6f7b4f63bba8b724b57b4524 0447f99a6f7b4f63bba8b724b57b4524] 199.204.45.140 "GET /v2.0/networks/74af1962-9fd6-425d-854b-4ffe1cb5635d?fields=segments HTTP/1.1" status: 200 len: 212 time: 0.1123729
2026-05-08 00:31:55.638 10 INFO neutron.wsgi [req-92e704b2-e492-415d-9952-993a5e531951 req-204f7500-985f-4dcf-915e-2deb73942c7b 3f8b8309b3ca466c8c300f1c89d3bcec f141bb3719024ae29a6a7b9890274bf6 - - 0447f99a6f7b4f63bba8b724b57b4524 0447f99a6f7b4f63bba8b724b57b4524] 199.204.45.140 "GET /v2.0/ports?tenant_id=4bf5e44dd4fa4d7c8e8075d1a267b10e&device_id=e55206d3-a495-40de-892b-dbff2f6e7955 HTTP/1.1" status: 200 len: 1409 time: 0.0532155
2026-05-08 00:31:55.686 9 INFO neutron.services.segments.plugin [-] Segment 8a41cb28-92dd-43dc-ac8b-911b30ca5738 resource provider aggregate not found
2026-05-08 00:31:55.693 9 INFO neutron.services.segments.plugin [-] Segment 8a41cb28-92dd-43dc-ac8b-911b30ca5738 resource provider aggregate not found
2026-05-08 00:31:55.702 9 INFO neutron.wsgi [req-887418f8-1c57-4d1c-bf7a-c58876bd9b51 req-15865f62-1a2b-4aea-bcc1-048257ad6ead 3f8b8309b3ca466c8c300f1c89d3bcec f141bb3719024ae29a6a7b9890274bf6 - - 0447f99a6f7b4f63bba8b724b57b4524 0447f99a6f7b4f63bba8b724b57b4524] 199.204.45.140 "GET /v2.0/networks/74af1962-9fd6-425d-854b-4ffe1cb5635d?fields=provider%3Aphysical_network&fields=provider%3Anetwork_type HTTP/1.1" status: 200 len: 277 time: 0.1107819
2026-05-08 00:31:55.708 9 INFO neutron.services.segments.plugin [-] Segment 8a41cb28-92dd-43dc-ac8b-911b30ca5738 resource provider not found; error: Placement Client Error (4xx): {"errors": [{"status": 404, "title": "Not Found", "detail": "The resource could not be found.\n\n No resource provider with uuid 8a41cb28-92dd-43dc-ac8b-911b30ca5738 found for delete ", "request_id": "req-92e48d5a-ab97-41a4-a5f9-7d086bc68147"}]}
2026-05-08 00:31:55.720 9 INFO neutron.services.segments.plugin [-] Segment 8a41cb28-92dd-43dc-ac8b-911b30ca5738 resource provider not found; error: Placement Client Error (4xx): {"errors": [{"status": 404, "title": "Not Found", "detail": "The resource could not be found.\n\n No resource provider with uuid 8a41cb28-92dd-43dc-ac8b-911b30ca5738 found for delete ", "request_id": "req-36bb1e88-133a-4956-8c1b-fc5271afc57a"}]}
2026-05-08 00:31:55.725 10 INFO neutron.wsgi [req-92e704b2-e492-415d-9952-993a5e531951 req-cfb0c6e7-767d-4391-8f72-6608ad1851b7 3f8b8309b3ca466c8c300f1c89d3bcec f141bb3719024ae29a6a7b9890274bf6 - - 0447f99a6f7b4f63bba8b724b57b4524 0447f99a6f7b4f63bba8b724b57b4524] 199.204.45.140 "GET /v2.0/networks?id=2fd8d540-88b5-4d1b-a5ec-d3f5de705125 HTTP/1.1" status: 200 len: 981 time: 0.0805597
2026-05-08 00:31:55.741 9 INFO neutron.wsgi [None req-912dca36-52ab-4909-bf64-b482ea40516e bfdc38189849420282928dd1871baa9f 6d4ed677d24f413a88ae54c03d970d83 - - default default] 10.0.0.117 "DELETE /v2.0/networks/56f82a52-92af-46a2-acdb-79e0cfdb4840 HTTP/1.1" status: 204 len: 168 time: 0.5298631
2026-05-08 00:31:55.809 9 INFO neutron.wsgi [-] 10.0.0.213 "GET / HTTP/1.1" status: 200 len: 247 time: 0.0022812
2026-05-08 00:31:55.811 9 INFO neutron.wsgi [-] 10.0.0.213 "GET / HTTP/1.1" status: 200 len: 247 time: 0.0012355
2026-05-08 00:31:55.830 10 INFO neutron.wsgi [req-92e704b2-e492-415d-9952-993a5e531951 req-5679ac9c-8c48-437b-b8b0-a4acad06b37f 3f8b8309b3ca466c8c300f1c89d3bcec f141bb3719024ae29a6a7b9890274bf6 - - 0447f99a6f7b4f63bba8b724b57b4524 0447f99a6f7b4f63bba8b724b57b4524] 199.204.45.140 "GET /v2.0/floatingips?fixed_ip_address=10.100.0.5&port_id=04c9ce8e-6097-4150-9f4c-def090260109 HTTP/1.1" status: 200 len: 1059 time: 0.0934298
2026-05-08 00:31:55.859 10 INFO neutron.wsgi [None req-88ffb096-5edb-4ab1-852a-0fe4d434c79b bfdc38189849420282928dd1871baa9f 6d4ed677d24f413a88ae54c03d970d83 - - default default] 10.0.0.117 "GET /v2.0/networks HTTP/1.1" status: 200 len: 845 time: 0.1123083
2026-05-08 00:31:55.886 10 INFO neutron.wsgi [req-92e704b2-e492-415d-9952-993a5e531951 req-7aff11fe-48a6-4db8-815d-400032f962ca 3f8b8309b3ca466c8c300f1c89d3bcec f141bb3719024ae29a6a7b9890274bf6 - - 0447f99a6f7b4f63bba8b724b57b4524 0447f99a6f7b4f63bba8b724b57b4524] 199.204.45.140 "GET /v2.0/subnets?id=fb8d179b-141d-4d7f-9114-052417c2dd31 HTTP/1.1" status: 200 len: 877 time: 0.0478301
2026-05-08 00:31:55.924 10 INFO neutron.wsgi [req-92e704b2-e492-415d-9952-993a5e531951 req-f2b76abf-b1c5-43d3-80c8-6a64d2c5c1e8 3f8b8309b3ca466c8c300f1c89d3bcec f141bb3719024ae29a6a7b9890274bf6 - - 0447f99a6f7b4f63bba8b724b57b4524 0447f99a6f7b4f63bba8b724b57b4524] 199.204.45.140 "GET /v2.0/ports?network_id=2fd8d540-88b5-4d1b-a5ec-d3f5de705125&device_owner=network%3Adhcp HTTP/1.1" status: 200 len: 210 time: 0.0304663
2026-05-08 00:31:56.003 9 INFO neutron.db.segments_db [None req-67c9a2e2-647f-46ea-8615-48eb47dc3a2c bfdc38189849420282928dd1871baa9f 6d4ed677d24f413a88ae54c03d970d83 - - default default] Added segment be271b8c-d497-49be-b80d-a23c28c77e1a of type geneve for network 459112c4-8aef-43be-9a2f-ab1f8f05ffe4
2026-05-08 00:31:56.011 10 INFO neutron.wsgi [req-92e704b2-e492-415d-9952-993a5e531951 req-bd7f8e88-7fa9-4dc2-97ec-6952e9cf6628 3f8b8309b3ca466c8c300f1c89d3bcec f141bb3719024ae29a6a7b9890274bf6 - - 0447f99a6f7b4f63bba8b724b57b4524 0447f99a6f7b4f63bba8b724b57b4524] 199.204.45.140 "GET /v2.0/networks/2fd8d540-88b5-4d1b-a5ec-d3f5de705125?fields=segments HTTP/1.1" status: 200 len: 212 time: 0.0761981
2026-05-08 00:31:56.092 10 INFO neutron.wsgi [req-92e704b2-e492-415d-9952-993a5e531951 req-8fafcf33-0756-4352-a503-3bf754b4c178 3f8b8309b3ca466c8c300f1c89d3bcec f141bb3719024ae29a6a7b9890274bf6 - - 0447f99a6f7b4f63bba8b724b57b4524 0447f99a6f7b4f63bba8b724b57b4524] 199.204.45.140 "GET /v2.0/networks/2fd8d540-88b5-4d1b-a5ec-d3f5de705125?fields=provider%3Aphysical_network&fields=provider%3Anetwork_type HTTP/1.1" status: 200 len: 277 time: 0.0710983
2026-05-08 00:31:56.113 9 INFO neutron.wsgi [req-f6dbb4ec-e13f-4dd7-b03d-4c07b74ad961 req-dff87802-0a81-4e22-845a-82d19764ea6f 0fb40b06839f4c78ba8ee0b69fbea403 0b2993e83ede4f8f980db4a667b5029e - - default default] 10.0.0.107 "GET /v2.0/ports?device_id=5771df6f-e733-46c8-b3ed-9a16ad29badb HTTP/1.1" status: 200 len: 1172 time: 0.0428913
2026-05-08 00:31:56.172 10 INFO neutron.wsgi [req-92e704b2-e492-415d-9952-993a5e531951 req-7d4f882b-a911-4df8-a5a1-1757203615b2 3f8b8309b3ca466c8c300f1c89d3bcec f141bb3719024ae29a6a7b9890274bf6 - - 0447f99a6f7b4f63bba8b724b57b4524 0447f99a6f7b4f63bba8b724b57b4524] 199.204.45.140 "GET /v2.0/ports?tenant_id=0b2993e83ede4f8f980db4a667b5029e&device_id=5771df6f-e733-46c8-b3ed-9a16ad29badb HTTP/1.1" status: 200 len: 1411 time: 0.0366967
2026-05-08 00:31:56.186 9 INFO neutron.wsgi [req-f6dbb4ec-e13f-4dd7-b03d-4c07b74ad961 req-4445f67e-8c72-4f33-bb34-c791d0e04b71 0fb40b06839f4c78ba8ee0b69fbea403 0b2993e83ede4f8f980db4a667b5029e - - default default] 10.0.0.107 "GET /v2.0/security-groups?id=82ef8835-3ce3-44dc-b252-b4ad7a17d1ae&fields=id&fields=name HTTP/1.1" status: 200 len: 311 time: 0.0669203
2026-05-08 00:31:56.203 9 INFO neutron.db.ovn_revision_numbers_db [None req-67c9a2e2-647f-46ea-8615-48eb47dc3a2c bfdc38189849420282928dd1871baa9f 6d4ed677d24f413a88ae54c03d970d83 - - default default] Successfully bumped revision number for resource 459112c4-8aef-43be-9a2f-ab1f8f05ffe4 (type: networks) to 1
2026-05-08 00:31:56.261 10 INFO neutron.wsgi [req-92e704b2-e492-415d-9952-993a5e531951 req-498d2b08-e053-4e4c-8fe9-315e7bb32284 3f8b8309b3ca466c8c300f1c89d3bcec f141bb3719024ae29a6a7b9890274bf6 - - 0447f99a6f7b4f63bba8b724b57b4524 0447f99a6f7b4f63bba8b724b57b4524] 199.204.45.140 "GET /v2.0/networks?id=74af1962-9fd6-425d-854b-4ffe1cb5635d HTTP/1.1" status: 200 len: 973 time: 0.0819209
2026-05-08 00:31:56.302 10 INFO neutron.wsgi [req-92e704b2-e492-415d-9952-993a5e531951 req-00faadb2-1175-4755-a01c-b711564bd808 3f8b8309b3ca466c8c300f1c89d3bcec f141bb3719024ae29a6a7b9890274bf6 - - 0447f99a6f7b4f63bba8b724b57b4524 0447f99a6f7b4f63bba8b724b57b4524] 199.204.45.140 "GET /v2.0/floatingips?fixed_ip_address=10.100.0.12&port_id=2851dd2a-17e4-40a5-849b-6d2660936651 HTTP/1.1" status: 200 len: 217 time: 0.0341768
2026-05-08 00:31:56.345 10 INFO neutron.wsgi [req-92e704b2-e492-415d-9952-993a5e531951 req-68ba10b3-cc1a-45c5-894d-ab4d4954efe2 3f8b8309b3ca466c8c300f1c89d3bcec f141bb3719024ae29a6a7b9890274bf6 - - 0447f99a6f7b4f63bba8b724b57b4524 0447f99a6f7b4f63bba8b724b57b4524] 199.204.45.140 "GET /v2.0/subnets?id=089d1982-1c11-4e9c-bb8b-268cfd9f3ec2 HTTP/1.1" status: 200 len: 869 time: 0.0369897
2026-05-08 00:31:56.391 10 INFO neutron.wsgi [req-92e704b2-e492-415d-9952-993a5e531951 req-3db69187-d82a-4a65-b1a4-a4182357a419 3f8b8309b3ca466c8c300f1c89d3bcec f141bb3719024ae29a6a7b9890274bf6 - - 0447f99a6f7b4f63bba8b724b57b4524 0447f99a6f7b4f63bba8b724b57b4524] 199.204.45.140 "GET /v2.0/ports?network_id=74af1962-9fd6-425d-854b-4ffe1cb5635d&device_owner=network%3Adhcp HTTP/1.1" status: 200 len: 210 time: 0.0336828
2026-05-08 00:31:56.434 9 WARNING neutron.scheduler.dhcp_agent_scheduler [None req-67c9a2e2-647f-46ea-8615-48eb47dc3a2c bfdc38189849420282928dd1871baa9f 6d4ed677d24f413a88ae54c03d970d83 - - default default] No more DHCP agents
2026-05-08 00:31:56.437 9 WARNING neutron.api.rpc.agentnotifiers.dhcp_rpc_agent_api [None req-67c9a2e2-647f-46ea-8615-48eb47dc3a2c bfdc38189849420282928dd1871baa9f 6d4ed677d24f413a88ae54c03d970d83 - - default default] Unable to schedule network 459112c4-8aef-43be-9a2f-ab1f8f05ffe4: no agents available; will retry on subsequent port and subnet creation events.
2026-05-08 00:31:56.514 10 INFO neutron.wsgi [req-92e704b2-e492-415d-9952-993a5e531951 req-62583b8b-ec36-44b2-84c3-dd698b535629 3f8b8309b3ca466c8c300f1c89d3bcec f141bb3719024ae29a6a7b9890274bf6 - - 0447f99a6f7b4f63bba8b724b57b4524 0447f99a6f7b4f63bba8b724b57b4524] 199.204.45.140 "GET /v2.0/networks/74af1962-9fd6-425d-854b-4ffe1cb5635d?fields=segments HTTP/1.1" status: 200 len: 212 time: 0.1125400
2026-05-08 00:31:56.526 9 INFO neutron.db.ovn_revision_numbers_db [None req-67c9a2e2-647f-46ea-8615-48eb47dc3a2c bfdc38189849420282928dd1871baa9f 6d4ed677d24f413a88ae54c03d970d83 - - default default] Successfully bumped revision number for resource 1f2242e4-544c-48b2-b806-936b29742adc (type: ports) to 1
2026-05-08 00:31:56.549 9 INFO neutron.wsgi [None req-67c9a2e2-647f-46ea-8615-48eb47dc3a2c bfdc38189849420282928dd1871baa9f 6d4ed677d24f413a88ae54c03d970d83 - - default default] 10.0.0.117 "POST /v2.0/networks HTTP/1.1" status: 201 len: 848 time: 0.6819444
2026-05-08 00:31:56.593 10 INFO neutron.wsgi [req-92e704b2-e492-415d-9952-993a5e531951 req-b5585fe3-95b6-48ea-a8d0-6597204eeeb5 3f8b8309b3ca466c8c300f1c89d3bcec f141bb3719024ae29a6a7b9890274bf6 - - 0447f99a6f7b4f63bba8b724b57b4524 0447f99a6f7b4f63bba8b724b57b4524] 199.204.45.140 "GET /v2.0/networks/74af1962-9fd6-425d-854b-4ffe1cb5635d?fields=provider%3Aphysical_network&fields=provider%3Anetwork_type HTTP/1.1" status: 200 len: 277 time: 0.0723343
2026-05-08 00:31:56.667 9 INFO neutron.db.segments_db [None req-184cc0bb-cbe5-4ee4-b996-2e62bca56cd1 bfdc38189849420282928dd1871baa9f 6d4ed677d24f413a88ae54c03d970d83 - - default default] Added segment 31c2142d-3d3b-4b3f-8c4c-670e9d25c06a of type geneve for network 0db70e59-198c-4b29-bd93-06e7a7fb5750
2026-05-08 00:31:56.811 9 INFO neutron.db.ovn_revision_numbers_db [None req-184cc0bb-cbe5-4ee4-b996-2e62bca56cd1 bfdc38189849420282928dd1871baa9f 6d4ed677d24f413a88ae54c03d970d83 - - default default] Successfully bumped revision number for resource 0db70e59-198c-4b29-bd93-06e7a7fb5750 (type: networks) to 1
2026-05-08 00:31:56.991 9 WARNING neutron.scheduler.dhcp_agent_scheduler [None req-184cc0bb-cbe5-4ee4-b996-2e62bca56cd1 bfdc38189849420282928dd1871baa9f 6d4ed677d24f413a88ae54c03d970d83 - - default default] No more DHCP agents
2026-05-08 00:31:56.994 9 WARNING neutron.api.rpc.agentnotifiers.dhcp_rpc_agent_api [None req-184cc0bb-cbe5-4ee4-b996-2e62bca56cd1 bfdc38189849420282928dd1871baa9f 6d4ed677d24f413a88ae54c03d970d83 - - default default] Unable to schedule network 0db70e59-198c-4b29-bd93-06e7a7fb5750: no agents available; will retry on subsequent port and subnet creation events.
2026-05-08 00:31:57.093 9 INFO neutron.db.ovn_revision_numbers_db [None req-184cc0bb-cbe5-4ee4-b996-2e62bca56cd1 bfdc38189849420282928dd1871baa9f 6d4ed677d24f413a88ae54c03d970d83 - - default default] Successfully bumped revision number for resource 1f3c5e2f-0d57-4b6e-b2d9-10f955a0f41d (type: ports) to 1
2026-05-08 00:31:57.114 9 INFO neutron.wsgi [None req-184cc0bb-cbe5-4ee4-b996-2e62bca56cd1 bfdc38189849420282928dd1871baa9f 6d4ed677d24f413a88ae54c03d970d83 - - default default] 10.0.0.117 "POST /v2.0/networks HTTP/1.1" status: 201 len: 847 time: 0.5556426
2026-05-08 00:31:57.155 10 INFO neutron.wsgi [req-a4a18226-8417-49a0-8023-4ef774563d12 req-5060e84c-0130-4af1-a4ce-24fd411b529e dcc34a1e3ce5420eb040fe1f9617d18e 6a86b9aca98a465fb419ccf81c6c54b0 - - default default] 10.0.0.107 "GET /v2.0/security-groups?name=tempest-securitygroup--1467090951&fields=id&tenant_id=6a86b9aca98a465fb419ccf81c6c54b0 HTTP/1.1" status: 200 len: 267 time: 0.0383835
2026-05-08 00:31:57.247 10 INFO neutron.wsgi [req-a4a18226-8417-49a0-8023-4ef774563d12 req-fe09e1fe-1a29-4ff1-aa0b-22b9ed2f517f dcc34a1e3ce5420eb040fe1f9617d18e 6a86b9aca98a465fb419ccf81c6c54b0 - - default default] 10.0.0.107 "GET /v2.0/networks?id=d2992d40-924e-4d4d-8e62-7d550b2decb3 HTTP/1.1" status: 200 len: 879 time: 0.0834682
2026-05-08 00:31:57.268 10 INFO neutron.wsgi [req-a4a18226-8417-49a0-8023-4ef774563d12 req-aea82e96-4722-426d-aa89-5a462e1020ed dcc34a1e3ce5420eb040fe1f9617d18e 6a86b9aca98a465fb419ccf81c6c54b0 - - default default] 10.0.0.107 "GET /v2.0/quotas/6a86b9aca98a465fb419ccf81c6c54b0 HTTP/1.1" status: 200 len: 386 time: 0.0123038
2026-05-08 00:31:57.349 9 INFO neutron.wsgi [req-a7009135-d388-4cde-b941-1f78b31e03a9 req-795a8964-5b76-425d-bd85-3566ddfcda0c 0fb40b06839f4c78ba8ee0b69fbea403 0b2993e83ede4f8f980db4a667b5029e - - default default] 10.0.0.107 "GET /v2.0/ports?device_id=5771df6f-e733-46c8-b3ed-9a16ad29badb HTTP/1.1" status: 200 len: 1172 time: 0.1067083
2026-05-08 00:31:57.360 10 INFO neutron.wsgi [req-a4a18226-8417-49a0-8023-4ef774563d12 req-8d5231e4-2d92-4b11-8fc2-ec4b129e2ee7 dcc34a1e3ce5420eb040fe1f9617d18e 6a86b9aca98a465fb419ccf81c6c54b0 - - default default] 10.0.0.107 "GET /v2.0/ports?tenant_id=6a86b9aca98a465fb419ccf81c6c54b0&fields=id HTTP/1.1" status: 200 len: 302 time: 0.0854216
2026-05-08 00:31:57.407 9 INFO neutron.wsgi [req-a7009135-d388-4cde-b941-1f78b31e03a9 req-e526825d-7fc0-4db1-9216-5f1ce9813a99 0fb40b06839f4c78ba8ee0b69fbea403 0b2993e83ede4f8f980db4a667b5029e - - default default] 10.0.0.107 "GET /v2.0/security-groups?id=82ef8835-3ce3-44dc-b252-b4ad7a17d1ae&fields=id&fields=name HTTP/1.1" status: 200 len: 311 time: 0.0435510
2026-05-08 00:31:57.440 10 INFO neutron.wsgi [req-a4a18226-8417-49a0-8023-4ef774563d12 req-d3f2d710-33a1-42c0-a8d3-a3ba4284a845 3f8b8309b3ca466c8c300f1c89d3bcec f141bb3719024ae29a6a7b9890274bf6 - - 0447f99a6f7b4f63bba8b724b57b4524 0447f99a6f7b4f63bba8b724b57b4524] 10.0.0.107 "GET /v2.0/networks/d2992d40-924e-4d4d-8e62-7d550b2decb3?fields=segments HTTP/1.1" status: 200 len: 212 time: 0.0667973
2026-05-08 00:31:57.504 10 INFO neutron.wsgi [req-a4a18226-8417-49a0-8023-4ef774563d12 req-a1f7116f-b080-41bc-8766-8ff7a313ad41 3f8b8309b3ca466c8c300f1c89d3bcec f141bb3719024ae29a6a7b9890274bf6 - - 0447f99a6f7b4f63bba8b724b57b4524 0447f99a6f7b4f63bba8b724b57b4524] 10.0.0.107 "GET /v2.0/networks/d2992d40-924e-4d4d-8e62-7d550b2decb3?fields=provider%3Aphysical_network&fields=provider%3Anetwork_type HTTP/1.1" status: 200 len: 277 time: 0.0573883
2026-05-08 00:31:57.562 9 WARNING neutron.scheduler.dhcp_agent_scheduler [None req-d184a946-6f6d-42ac-914f-07b8176dd6cc bfdc38189849420282928dd1871baa9f 6d4ed677d24f413a88ae54c03d970d83 - - default default] No more DHCP agents
2026-05-08 00:31:57.563 9 WARNING neutron.api.rpc.agentnotifiers.dhcp_rpc_agent_api [None req-d184a946-6f6d-42ac-914f-07b8176dd6cc bfdc38189849420282928dd1871baa9f 6d4ed677d24f413a88ae54c03d970d83 - - default default] Unable to schedule network 459112c4-8aef-43be-9a2f-ab1f8f05ffe4: no agents available; will retry on subsequent port and subnet creation events.
2026-05-08 00:31:57.634 9 INFO neutron.db.ovn_revision_numbers_db [None req-d184a946-6f6d-42ac-914f-07b8176dd6cc bfdc38189849420282928dd1871baa9f 6d4ed677d24f413a88ae54c03d970d83 - - default default] Successfully bumped revision number for resource e084a673-c1da-4145-b979-1ec6abf1785f (type: ports) to 1
2026-05-08 00:31:57.658 9 WARNING neutron.scheduler.dhcp_agent_scheduler [None req-d184a946-6f6d-42ac-914f-07b8176dd6cc bfdc38189849420282928dd1871baa9f 6d4ed677d24f413a88ae54c03d970d83 - - default default] No more DHCP agents
2026-05-08 00:31:57.661 9 WARNING neutron.api.rpc.agentnotifiers.dhcp_rpc_agent_api [None req-d184a946-6f6d-42ac-914f-07b8176dd6cc bfdc38189849420282928dd1871baa9f 6d4ed677d24f413a88ae54c03d970d83 - - default default] Unable to schedule network 0db70e59-198c-4b29-bd93-06e7a7fb5750: no agents available; will retry on subsequent port and subnet creation events.
2026-05-08 00:31:57.741 9 INFO neutron.db.ovn_revision_numbers_db [None req-d184a946-6f6d-42ac-914f-07b8176dd6cc bfdc38189849420282928dd1871baa9f 6d4ed677d24f413a88ae54c03d970d83 - - default default] Successfully bumped revision number for resource 9e8e1088-6de8-4b91-81ed-fef243ae137b (type: ports) to 1
2026-05-08 00:31:57.767 9 INFO neutron.wsgi [None req-d184a946-6f6d-42ac-914f-07b8176dd6cc bfdc38189849420282928dd1871baa9f 6d4ed677d24f413a88ae54c03d970d83 - - default default] 10.0.0.117 "POST /v2.0/ports HTTP/1.1" status: 201 len: 1706 time: 0.6474180 /var/lib/openstack/lib/python3.10/site-packages/pycadf/identifier.py:71: UserWarning: Invalid uuid: neutron. To ensure interoperability, identifiers should be a valid uuid. warnings.warn(('Invalid uuid: %s. To ensure interoperability, '
2026-05-08 00:31:57.788 9 INFO neutron.wsgi [req-2a7335b1-e975-4ba5-b6d5-51edc74a930c req-8499f9c4-6aa5-456a-9028-fa0981c72c54 dcc34a1e3ce5420eb040fe1f9617d18e 6a86b9aca98a465fb419ccf81c6c54b0 - - default default] 10.0.0.107 "GET /v2.0/ports?device_id=a4c50d65-e1f6-41db-b457-5486bc82349e HTTP/1.1" status: 200 len: 210 time: 0.0256164
2026-05-08 00:31:57.915 10 INFO neutron.wsgi [None req-3e23ceaa-01a8-474b-9686-66fe16e44949 bfdc38189849420282928dd1871baa9f 6d4ed677d24f413a88ae54c03d970d83 - - default default] 10.0.0.117 "GET /v2.0/ports HTTP/1.1" status: 200 len: 3213 time: 0.1417272
2026-05-08 00:31:58.227 10 INFO neutron.wsgi [None req-3cba447f-5a70-40b2-84d4-1a08b0f8def8 bfdc38189849420282928dd1871baa9f 6d4ed677d24f413a88ae54c03d970d83 - - default default] 10.0.0.117 "DELETE /v2.0/ports/e084a673-c1da-4145-b979-1ec6abf1785f HTTP/1.1" status: 204 len: 168 time: 0.3073161
2026-05-08 00:31:58.567 10 INFO neutron.wsgi [req-a4a18226-8417-49a0-8023-4ef774563d12 req-72815291-4a97-4773-8bf0-9e10345f1794 dcc34a1e3ce5420eb040fe1f9617d18e 6a86b9aca98a465fb419ccf81c6c54b0 - - default default] 199.204.45.140 "GET /v2.0/networks?id=d2992d40-924e-4d4d-8e62-7d550b2decb3 HTTP/1.1" status: 200 len: 879 time: 0.1397655
2026-05-08 00:31:58.578 10 INFO neutron.wsgi [None req-58577e53-d685-475e-88b7-e9b65dea6bc9 bfdc38189849420282928dd1871baa9f 6d4ed677d24f413a88ae54c03d970d83 - - default default] 10.0.0.117 "DELETE /v2.0/ports/9e8e1088-6de8-4b91-81ed-fef243ae137b HTTP/1.1" status: 204 len: 168 time: 0.3459220
2026-05-08 00:31:58.612 10 INFO neutron.wsgi [req-7aabd961-aa3d-4b7e-b428-b2a52524a260 req-3aaf40ad-84a0-4825-a334-342397204a79 0fb40b06839f4c78ba8ee0b69fbea403 0b2993e83ede4f8f980db4a667b5029e - - default default] 10.0.0.107 "GET /v2.0/ports?device_id=5771df6f-e733-46c8-b3ed-9a16ad29badb HTTP/1.1" status: 200 len: 1172 time: 0.1350646
2026-05-08 00:31:58.630 10 INFO neutron.wsgi [req-a4a18226-8417-49a0-8023-4ef774563d12 req-dcf3afc5-80b4-44b9-8c99-cfde4e77ad42 dcc34a1e3ce5420eb040fe1f9617d18e 6a86b9aca98a465fb419ccf81c6c54b0 - - default default] 199.204.45.140 "GET /v2.0/security-groups?fields=id&fields=name&tenant_id=6a86b9aca98a465fb419ccf81c6c54b0 HTTP/1.1" status: 200 len: 380 time: 0.0490456
2026-05-08 00:31:58.679 10 INFO neutron.wsgi [req-7aabd961-aa3d-4b7e-b428-b2a52524a260 req-5978765f-78c7-46b5-8ba7-15e19d061e45 0fb40b06839f4c78ba8ee0b69fbea403 0b2993e83ede4f8f980db4a667b5029e - - default default] 10.0.0.107 "GET /v2.0/security-groups?id=82ef8835-3ce3-44dc-b252-b4ad7a17d1ae&fields=id&fields=name HTTP/1.1" status: 200 len: 311 time: 0.0585606
2026-05-08 00:31:58.704 9 INFO neutron.wsgi [None req-8f74bdd3-6149-428b-8045-8e3213bbb7cc bfdc38189849420282928dd1871baa9f 6d4ed677d24f413a88ae54c03d970d83 - - default default] 10.0.0.117 "GET /v2.0/ports HTTP/1.1" status: 200 len: 1718 time: 0.1157746
2026-05-08 00:31:58.792 9 INFO neutron.db.segments_db [None req-48b0eb07-63ed-4d08-af40-3d44cb43ec50 bfdc38189849420282928dd1871baa9f 6d4ed677d24f413a88ae54c03d970d83 - - default default] Added segment 96c4203d-26bc-49a7-b38d-b849514ba11f of type geneve for network 33009e0c-98a6-4b01-9363-74f1a6df175b
2026-05-08 00:31:58.881 9 INFO neutron.wsgi [req-2353a3bf-17b3-4111-98fb-ff3de52d8399 req-a902dc99-299f-4765-9388-776cb594ae70 dcc34a1e3ce5420eb040fe1f9617d18e 6a86b9aca98a465fb419ccf81c6c54b0 - - default default] 10.0.0.107 "GET /v2.0/ports?device_id=a4c50d65-e1f6-41db-b457-5486bc82349e HTTP/1.1" status: 200 len: 210 time: 0.0214243
2026-05-08 00:31:58.938 9 INFO neutron.db.ovn_revision_numbers_db [None req-48b0eb07-63ed-4d08-af40-3d44cb43ec50 bfdc38189849420282928dd1871baa9f 6d4ed677d24f413a88ae54c03d970d83 - - default default] Successfully bumped revision number for resource 33009e0c-98a6-4b01-9363-74f1a6df175b (type: networks) to 1
2026-05-08 00:31:59.115 9 WARNING neutron.scheduler.dhcp_agent_scheduler [None req-48b0eb07-63ed-4d08-af40-3d44cb43ec50 bfdc38189849420282928dd1871baa9f 6d4ed677d24f413a88ae54c03d970d83 - - default default] No more DHCP agents
2026-05-08 00:31:59.118 9 WARNING neutron.api.rpc.agentnotifiers.dhcp_rpc_agent_api [None req-48b0eb07-63ed-4d08-af40-3d44cb43ec50 bfdc38189849420282928dd1871baa9f 6d4ed677d24f413a88ae54c03d970d83 - - default default] Unable to schedule network 33009e0c-98a6-4b01-9363-74f1a6df175b: no agents available; will retry on subsequent port and subnet creation events.
2026-05-08 00:31:59.204 10 WARNING neutron.scheduler.dhcp_agent_scheduler [req-a4a18226-8417-49a0-8023-4ef774563d12 req-eec00324-9dd7-4aad-a53b-95b125a5e7e3 dcc34a1e3ce5420eb040fe1f9617d18e 6a86b9aca98a465fb419ccf81c6c54b0 - - default default] No more DHCP agents
2026-05-08 00:31:59.206 9 INFO neutron.db.ovn_revision_numbers_db [None req-48b0eb07-63ed-4d08-af40-3d44cb43ec50 bfdc38189849420282928dd1871baa9f 6d4ed677d24f413a88ae54c03d970d83 - - default default] Successfully bumped revision number for resource 8aad4a3c-445d-43a3-b956-2dc7d0b85de2 (type: ports) to 1
2026-05-08 00:31:59.207 10 WARNING neutron.api.rpc.agentnotifiers.dhcp_rpc_agent_api [req-a4a18226-8417-49a0-8023-4ef774563d12 req-eec00324-9dd7-4aad-a53b-95b125a5e7e3 dcc34a1e3ce5420eb040fe1f9617d18e 6a86b9aca98a465fb419ccf81c6c54b0 - - default default] Unable to schedule network d2992d40-924e-4d4d-8e62-7d550b2decb3: no agents available; will retry on subsequent port and subnet creation events.
2026-05-08 00:31:59.226 9 INFO neutron.wsgi [None req-48b0eb07-63ed-4d08-af40-3d44cb43ec50 bfdc38189849420282928dd1871baa9f 6d4ed677d24f413a88ae54c03d970d83 - - default default] 10.0.0.117 "POST /v2.0/networks HTTP/1.1" status: 201 len: 849 time: 0.5171444
2026-05-08 00:31:59.313 10 WARNING neutron.plugins.ml2.drivers.ovn.mech_driver.ovsdb.ovn_client [None req-19c09000-c697-40ab-ad22-53a8c9c4a4e4 - - - - - -] No hosting information found for port 805423b5-8c6f-4bf6-b36d-654945e986d6: RuntimeError: No hosting information found for port 805423b5-8c6f-4bf6-b36d-654945e986d6
2026-05-08 00:31:59.313 10 INFO neutron.plugins.ml2.drivers.ovn.mech_driver.mech_driver [None req-19c09000-c697-40ab-ad22-53a8c9c4a4e4 - - - - - -] OVN reports status up for port: 2851dd2a-17e4-40a5-849b-6d2660936651
2026-05-08 00:31:59.326 9 INFO neutron.db.segments_db [None req-db30147e-0a90-47ab-ac76-b2f6167addcb bfdc38189849420282928dd1871baa9f 6d4ed677d24f413a88ae54c03d970d83 - - default default] Added segment 98c921cd-1325-4af0-8e61-bc25befbd5ce of type geneve for network ec31bdf7-b4ad-42ae-9444-00382e5e41fd
2026-05-08 00:31:59.333 10 INFO neutron.plugins.ml2.plugin [None req-19c09000-c697-40ab-ad22-53a8c9c4a4e4 - - - - - -] Attempt 1 to provision port 2851dd2a-17e4-40a5-849b-6d2660936651
2026-05-08 00:31:59.413 10 INFO neutron.db.ovn_revision_numbers_db [req-a4a18226-8417-49a0-8023-4ef774563d12 req-eec00324-9dd7-4aad-a53b-95b125a5e7e3 dcc34a1e3ce5420eb040fe1f9617d18e 6a86b9aca98a465fb419ccf81c6c54b0 - - default default] Successfully bumped revision number for resource 3fde51fd-ecbd-4d03-8931-1f43239fed2a (type: ports) to 1
2026-05-08 00:31:59.464 10 INFO neutron.wsgi [req-a4a18226-8417-49a0-8023-4ef774563d12 req-eec00324-9dd7-4aad-a53b-95b125a5e7e3 dcc34a1e3ce5420eb040fe1f9617d18e 6a86b9aca98a465fb419ccf81c6c54b0 - - default default] 199.204.45.140 "POST /v2.0/ports HTTP/1.1" status: 201 len: 1158 time: 0.8277218 /var/lib/openstack/lib/python3.10/site-packages/pycadf/identifier.py:71: UserWarning: Invalid uuid: neutron. To ensure interoperability, identifiers should be a valid uuid. warnings.warn(('Invalid uuid: %s. To ensure interoperability, '
2026-05-08 00:31:59.488 9 INFO neutron.db.ovn_revision_numbers_db [None req-db30147e-0a90-47ab-ac76-b2f6167addcb bfdc38189849420282928dd1871baa9f 6d4ed677d24f413a88ae54c03d970d83 - - default default] Successfully bumped revision number for resource ec31bdf7-b4ad-42ae-9444-00382e5e41fd (type: networks) to 1
2026-05-08 00:31:59.657 9 WARNING neutron.scheduler.dhcp_agent_scheduler [None req-db30147e-0a90-47ab-ac76-b2f6167addcb bfdc38189849420282928dd1871baa9f 6d4ed677d24f413a88ae54c03d970d83 - - default default] No more DHCP agents
2026-05-08 00:31:59.660 9 WARNING neutron.api.rpc.agentnotifiers.dhcp_rpc_agent_api [None req-db30147e-0a90-47ab-ac76-b2f6167addcb bfdc38189849420282928dd1871baa9f 6d4ed677d24f413a88ae54c03d970d83 - - default default] Unable to schedule network ec31bdf7-b4ad-42ae-9444-00382e5e41fd: no agents available; will retry on subsequent port and subnet creation events.
2026-05-08 00:31:59.734 10 INFO neutron.db.ovn_revision_numbers_db [None req-19c09000-c697-40ab-ad22-53a8c9c4a4e4 - - - - - -] Successfully bumped revision number for resource 2851dd2a-17e4-40a5-849b-6d2660936651 (type: ports) to 4
2026-05-08 00:31:59.736 9 INFO neutron.db.ovn_revision_numbers_db [None req-db30147e-0a90-47ab-ac76-b2f6167addcb bfdc38189849420282928dd1871baa9f 6d4ed677d24f413a88ae54c03d970d83 - - default default] Successfully bumped revision number for resource 86d05490-d62b-4ab7-b2ce-041042f0aaf2 (type: ports) to 1
2026-05-08 00:31:59.759 9 INFO neutron.wsgi [None req-db30147e-0a90-47ab-ac76-b2f6167addcb bfdc38189849420282928dd1871baa9f 6d4ed677d24f413a88ae54c03d970d83 - - default default] 10.0.0.117 "POST /v2.0/networks HTTP/1.1" status: 201 len: 848 time: 0.5276899
2026-05-08 00:31:59.815 10 INFO neutron.wsgi [req-ed5c9eb5-214f-4a95-b517-892ee0d69269 req-1de0edd5-54eb-4083-8224-7c2bb8cb9e7e 0fb40b06839f4c78ba8ee0b69fbea403 0b2993e83ede4f8f980db4a667b5029e - - default default] 10.0.0.107 "GET /v2.0/ports?device_id=5771df6f-e733-46c8-b3ed-9a16ad29badb HTTP/1.1" status: 200 len: 1174 time: 0.0747664 /var/lib/openstack/lib/python3.10/site-packages/pycadf/identifier.py:71: UserWarning: Invalid uuid: neutron. To ensure interoperability, identifiers should be a valid uuid. warnings.warn(('Invalid uuid: %s. To ensure interoperability, '
2026-05-08 00:31:59.872 10 INFO neutron.wsgi [req-ed5c9eb5-214f-4a95-b517-892ee0d69269 req-a7a2e8e8-b647-4e57-ac51-39cf035653d1 0fb40b06839f4c78ba8ee0b69fbea403 0b2993e83ede4f8f980db4a667b5029e - - default default] 10.0.0.107 "GET /v2.0/security-groups?id=82ef8835-3ce3-44dc-b252-b4ad7a17d1ae&fields=id&fields=name HTTP/1.1" status: 200 len: 311 time: 0.0456970
2026-05-08 00:31:59.899 10 INFO neutron.notifiers.nova [-] Nova event matching ['req-7c9db630-d764-4174-baa2-8d7f5c88ad23'] response: {'server_uuid': '5771df6f-e733-46c8-b3ed-9a16ad29badb', 'name': 'network-vif-plugged', 'status': 'completed', 'tag': '2851dd2a-17e4-40a5-849b-6d2660936651', 'code': 200} /var/lib/openstack/lib/python3.10/site-packages/pycadf/identifier.py:71: UserWarning: Invalid uuid: neutron. To ensure interoperability, identifiers should be a valid uuid. warnings.warn(('Invalid uuid: %s. To ensure interoperability, '
2026-05-08 00:32:00.025 10 INFO neutron.wsgi [req-16eefd5e-ddd4-47db-ab73-a2a005002663 req-69ac9aeb-e47c-4b0d-8092-3e1193c2b44a dcc34a1e3ce5420eb040fe1f9617d18e 6a86b9aca98a465fb419ccf81c6c54b0 - - default default] 10.0.0.107 "GET /v2.0/ports?device_id=a4c50d65-e1f6-41db-b457-5486bc82349e HTTP/1.1" status: 200 len: 1168 time: 0.0442030
2026-05-08 00:32:00.107 10 INFO neutron.wsgi [req-16eefd5e-ddd4-47db-ab73-a2a005002663 req-b2d7b33a-12a2-47a0-8fc6-f690d49ab08e dcc34a1e3ce5420eb040fe1f9617d18e 6a86b9aca98a465fb419ccf81c6c54b0 - - default default] 10.0.0.107 "GET /v2.0/security-groups?id=9e316118-087f-4381-92f0-1d994ac64a21&fields=id&fields=name HTTP/1.1" status: 200 len: 313 time: 0.0731041
2026-05-08 00:32:00.133 10 INFO neutron.db.ovn_revision_numbers_db [req-a4a18226-8417-49a0-8023-4ef774563d12 req-5a4d2e69-0c81-43c0-bd6f-4089ff2f0f69 3f8b8309b3ca466c8c300f1c89d3bcec f141bb3719024ae29a6a7b9890274bf6 - - 0447f99a6f7b4f63bba8b724b57b4524 0447f99a6f7b4f63bba8b724b57b4524] Successfully bumped revision number for resource 3fde51fd-ecbd-4d03-8931-1f43239fed2a (type: ports) to 2
2026-05-08 00:32:00.344 10 INFO neutron.db.ovn_revision_numbers_db [req-a4a18226-8417-49a0-8023-4ef774563d12 req-5a4d2e69-0c81-43c0-bd6f-4089ff2f0f69 3f8b8309b3ca466c8c300f1c89d3bcec f141bb3719024ae29a6a7b9890274bf6 - - 0447f99a6f7b4f63bba8b724b57b4524 0447f99a6f7b4f63bba8b724b57b4524] Successfully bumped revision number for resource 3fde51fd-ecbd-4d03-8931-1f43239fed2a (type: ports) to 2
2026-05-08 00:32:00.359 10 INFO neutron.wsgi [req-a4a18226-8417-49a0-8023-4ef774563d12 req-5a4d2e69-0c81-43c0-bd6f-4089ff2f0f69 3f8b8309b3ca466c8c300f1c89d3bcec f141bb3719024ae29a6a7b9890274bf6 - - 0447f99a6f7b4f63bba8b724b57b4524 0447f99a6f7b4f63bba8b724b57b4524] 199.204.45.140 "PUT /v2.0/ports/3fde51fd-ecbd-4d03-8931-1f43239fed2a HTTP/1.1" status: 200 len: 1376 time: 0.8874421 /var/lib/openstack/lib/python3.10/site-packages/pycadf/identifier.py:71: UserWarning: Invalid uuid: neutron. To ensure interoperability, identifiers should be a valid uuid. warnings.warn(('Invalid uuid: %s. To ensure interoperability, '
2026-05-08 00:32:00.433 10 INFO neutron.wsgi [req-a4a18226-8417-49a0-8023-4ef774563d12 req-a708e13e-6e32-4891-b5b6-cfef89b97369 3f8b8309b3ca466c8c300f1c89d3bcec f141bb3719024ae29a6a7b9890274bf6 - - 0447f99a6f7b4f63bba8b724b57b4524 0447f99a6f7b4f63bba8b724b57b4524] 199.204.45.140 "GET /v2.0/ports?tenant_id=6a86b9aca98a465fb419ccf81c6c54b0&device_id=a4c50d65-e1f6-41db-b457-5486bc82349e HTTP/1.1" status: 200 len: 1407 time: 0.0365653
2026-05-08 00:32:00.442 9 WARNING neutron.scheduler.dhcp_agent_scheduler [None req-b00e9938-812f-4c9b-b932-29a22e1be36e bfdc38189849420282928dd1871baa9f 6d4ed677d24f413a88ae54c03d970d83 - - default default] No more DHCP agents
2026-05-08 00:32:00.444 9 WARNING neutron.api.rpc.agentnotifiers.dhcp_rpc_agent_api [None req-b00e9938-812f-4c9b-b932-29a22e1be36e bfdc38189849420282928dd1871baa9f 6d4ed677d24f413a88ae54c03d970d83 - - default default] Unable to schedule network 33009e0c-98a6-4b01-9363-74f1a6df175b: no agents available; will retry on subsequent port and subnet creation events.
2026-05-08 00:32:00.463 10 INFO neutron.wsgi [req-a4a18226-8417-49a0-8023-4ef774563d12 req-6a8135aa-9644-4938-9072-1170f446a658 3f8b8309b3ca466c8c300f1c89d3bcec f141bb3719024ae29a6a7b9890274bf6 - - 0447f99a6f7b4f63bba8b724b57b4524 0447f99a6f7b4f63bba8b724b57b4524] 199.204.45.140 "GET /v2.0/floatingips?fixed_ip_address=10.100.0.9&port_id=3fde51fd-ecbd-4d03-8931-1f43239fed2a HTTP/1.1" status: 200 len: 217 time: 0.0237277
2026-05-08 00:32:00.496 10 INFO neutron.wsgi [req-a4a18226-8417-49a0-8023-4ef774563d12 req-6dbd11cf-5a27-4fe1-8841-049ad02bfba2 3f8b8309b3ca466c8c300f1c89d3bcec f141bb3719024ae29a6a7b9890274bf6 - - 0447f99a6f7b4f63bba8b724b57b4524 0447f99a6f7b4f63bba8b724b57b4524] 199.204.45.140 "GET /v2.0/subnets?id=9017e4ea-8d5d-44a8-a932-74e477411bfe HTTP/1.1" status: 200 len: 873 time: 0.0265419
2026-05-08 00:32:00.527 10 INFO neutron.wsgi [req-a4a18226-8417-49a0-8023-4ef774563d12 req-20bac269-8b56-414a-91c4-006579c4f21e 3f8b8309b3ca466c8c300f1c89d3bcec f141bb3719024ae29a6a7b9890274bf6 - - 0447f99a6f7b4f63bba8b724b57b4524 0447f99a6f7b4f63bba8b724b57b4524] 199.204.45.140 "GET /v2.0/ports?network_id=d2992d40-924e-4d4d-8e62-7d550b2decb3&device_owner=network%3Adhcp HTTP/1.1" status: 200 len: 210 time: 0.0204480
2026-05-08 00:32:00.607 10 INFO neutron.wsgi [req-a4a18226-8417-49a0-8023-4ef774563d12 req-66f1a68d-b175-4cb2-af49-66893a59be48 3f8b8309b3ca466c8c300f1c89d3bcec f141bb3719024ae29a6a7b9890274bf6 - - 0447f99a6f7b4f63bba8b724b57b4524 0447f99a6f7b4f63bba8b724b57b4524] 199.204.45.140 "GET /v2.0/networks/d2992d40-924e-4d4d-8e62-7d550b2decb3?fields=segments HTTP/1.1" status: 200 len: 212 time: 0.0720637
2026-05-08 00:32:00.695 10 INFO neutron.wsgi [req-a4a18226-8417-49a0-8023-4ef774563d12 req-134aa830-c377-493e-89f6-094547142fc6 3f8b8309b3ca466c8c300f1c89d3bcec f141bb3719024ae29a6a7b9890274bf6 - - 0447f99a6f7b4f63bba8b724b57b4524 0447f99a6f7b4f63bba8b724b57b4524] 199.204.45.140 "GET /v2.0/networks/d2992d40-924e-4d4d-8e62-7d550b2decb3?fields=provider%3Aphysical_network&fields=provider%3Anetwork_type HTTP/1.1" status: 200 len: 277 time: 0.0810311
2026-05-08 00:32:00.972 9 INFO neutron.db.ovn_revision_numbers_db [None req-b00e9938-812f-4c9b-b932-29a22e1be36e bfdc38189849420282928dd1871baa9f 6d4ed677d24f413a88ae54c03d970d83 - - default default] Successfully bumped revision number for resource 8aad4a3c-445d-43a3-b956-2dc7d0b85de2 (type: ports) to 2
2026-05-08 00:32:01.001 10 INFO neutron.wsgi [req-76cb44b8-f523-4f39-9943-fd3b26f4aa6b req-483352f8-ebaf-4c67-aa86-055c4ad9b3ec 0fb40b06839f4c78ba8ee0b69fbea403 0b2993e83ede4f8f980db4a667b5029e - - default default] 10.0.0.107 "GET /v2.0/ports?device_id=5771df6f-e733-46c8-b3ed-9a16ad29badb HTTP/1.1" status: 200 len: 1174 time: 0.0598769
2026-05-08 00:32:01.008 9 INFO neutron.db.ovn_revision_numbers_db [None req-b00e9938-812f-4c9b-b932-29a22e1be36e bfdc38189849420282928dd1871baa9f 6d4ed677d24f413a88ae54c03d970d83 - - default default] Successfully bumped revision number for resource 54fc38d8-1b9b-4db7-97a9-4fe6c8fe55a5 (type: subnets) to 0
2026-05-08 00:32:01.043 9 WARNING neutron.scheduler.dhcp_agent_scheduler [None req-b00e9938-812f-4c9b-b932-29a22e1be36e bfdc38189849420282928dd1871baa9f 6d4ed677d24f413a88ae54c03d970d83 - - default default] No more DHCP agents
2026-05-08 00:32:01.046 9 WARNING neutron.api.rpc.agentnotifiers.dhcp_rpc_agent_api [None req-b00e9938-812f-4c9b-b932-29a22e1be36e bfdc38189849420282928dd1871baa9f 6d4ed677d24f413a88ae54c03d970d83 - - default default] Unable to schedule network ec31bdf7-b4ad-42ae-9444-00382e5e41fd: no agents available; will retry on subsequent port and subnet creation events.
2026-05-08 00:32:01.051 10 INFO neutron.wsgi [req-76cb44b8-f523-4f39-9943-fd3b26f4aa6b req-b6f38409-683b-45c2-9f9e-dd18d34d188b 0fb40b06839f4c78ba8ee0b69fbea403 0b2993e83ede4f8f980db4a667b5029e - - default default] 10.0.0.107 "GET /v2.0/security-groups?id=82ef8835-3ce3-44dc-b252-b4ad7a17d1ae&fields=id&fields=name HTTP/1.1" status: 200 len: 311 time: 0.0396523
2026-05-08 00:32:01.176 9 INFO neutron.wsgi [req-0d39d494-2814-4428-a0e0-8539e054768a req-8cbecc99-7468-4c19-b133-79bb7cfecdaa 0fb40b06839f4c78ba8ee0b69fbea403 0b2993e83ede4f8f980db4a667b5029e - - default default] 10.0.0.107 "GET /v2.0/ports?device_id=5771df6f-e733-46c8-b3ed-9a16ad29badb HTTP/1.1" status: 200 len: 1174 time: 0.0459635
2026-05-08 00:32:01.258 10 INFO neutron.wsgi [req-cd7f9cce-92e5-4f10-822a-97577305957b req-421d2242-1fa0-4980-89c9-e9b85f197211 dcc34a1e3ce5420eb040fe1f9617d18e 6a86b9aca98a465fb419ccf81c6c54b0 - - default default] 10.0.0.107 "GET /v2.0/ports?device_id=a4c50d65-e1f6-41db-b457-5486bc82349e HTTP/1.1" status: 200 len: 1168 time: 0.0644736
2026-05-08 00:32:01.328 10 INFO neutron.wsgi [req-cd7f9cce-92e5-4f10-822a-97577305957b req-582e1ca2-c723-49eb-97d6-4cce676e6b7b dcc34a1e3ce5420eb040fe1f9617d18e 6a86b9aca98a465fb419ccf81c6c54b0 - - default default] 10.0.0.107 "GET /v2.0/security-groups?id=9e316118-087f-4381-92f0-1d994ac64a21&fields=id&fields=name HTTP/1.1" status: 200 len: 313 time: 0.0598650
2026-05-08 00:32:01.575 9 INFO neutron.db.ovn_revision_numbers_db [None req-b00e9938-812f-4c9b-b932-29a22e1be36e bfdc38189849420282928dd1871baa9f 6d4ed677d24f413a88ae54c03d970d83 - - default default] Successfully bumped revision number for resource 86d05490-d62b-4ab7-b2ce-041042f0aaf2 (type: ports) to 2
2026-05-08 00:32:01.608 9 INFO neutron.db.ovn_revision_numbers_db [None req-b00e9938-812f-4c9b-b932-29a22e1be36e bfdc38189849420282928dd1871baa9f 6d4ed677d24f413a88ae54c03d970d83 - - default default] Successfully bumped revision number for resource 654a1572-286e-4203-aa9a-6ebe5b2ce714 (type: subnets) to 0
2026-05-08 00:32:01.643 9 INFO neutron.wsgi [None req-b00e9938-812f-4c9b-b932-29a22e1be36e bfdc38189849420282928dd1871baa9f 6d4ed677d24f413a88ae54c03d970d83 - - default default] 10.0.0.117 "POST /v2.0/subnets HTTP/1.1" status: 201 len: 1425 time: 1.8488352
2026-05-08 00:32:01.713 9 INFO neutron.wsgi [None req-b141b5c6-f907-491d-8338-7e87c9c557d3 bfdc38189849420282928dd1871baa9f 6d4ed677d24f413a88ae54c03d970d83 - - default default] 10.0.0.117 "GET /v2.0/subnets HTTP/1.1" status: 200 len: 2033 time: 0.0654998
2026-05-08 00:32:01.809 10 INFO neutron.db.l3_db [None req-3c812961-c98d-4185-97cf-16d7550281e8 0fb40b06839f4c78ba8ee0b69fbea403 0b2993e83ede4f8f980db4a667b5029e - - default default] Floating IP b185d3b4-35b3-4f8c-bedf-2898fa5473d8 associated. External IP: 10.96.250.206, port: 2851dd2a-17e4-40a5-849b-6d2660936651.
2026-05-08 00:32:01.857 9 INFO neutron.plugins.ml2.drivers.ovn.mech_driver.mech_driver [None req-f1f241f9-f200-4e42-8034-3e52ebd18bc7 - - - - - -] OVN reports status up for port: 3fde51fd-ecbd-4d03-8931-1f43239fed2a
2026-05-08 00:32:01.878 9 INFO neutron.plugins.ml2.plugin [None req-f1f241f9-f200-4e42-8034-3e52ebd18bc7 - - - - - -] Attempt 1 to provision port 3fde51fd-ecbd-4d03-8931-1f43239fed2a
2026-05-08 00:32:01.953 10 INFO neutron.notifiers.nova [-] Nova event matching ['req-2915b96f-a8dd-4a44-b72f-23281ca23a5f'] response: {'server_uuid': '5771df6f-e733-46c8-b3ed-9a16ad29badb', 'name': 'network-vif-plugged', 'status': 'completed', 'tag': '2851dd2a-17e4-40a5-849b-6d2660936651', 'code': 200}
2026-05-08 00:32:01.954 10 INFO neutron.notifiers.nova [-] Nova event matching ['req-2915b96f-a8dd-4a44-b72f-23281ca23a5f'] response: {'name': 'network-changed', 'server_uuid': 'a4c50d65-e1f6-41db-b457-5486bc82349e', 'tag': '3fde51fd-ecbd-4d03-8931-1f43239fed2a', 'status': 'completed', 'code': 200}
2026-05-08 00:32:02.017 10 INFO neutron.wsgi [req-03873548-7c86-4f15-aa53-cf7d5e884db7 req-0d9f04f0-85b0-4333-a99e-0fb9c4642bd5 3f8b8309b3ca466c8c300f1c89d3bcec f141bb3719024ae29a6a7b9890274bf6 - - 0447f99a6f7b4f63bba8b724b57b4524 0447f99a6f7b4f63bba8b724b57b4524] 199.204.45.140 "GET /v2.0/ports?tenant_id=6a86b9aca98a465fb419ccf81c6c54b0&device_id=a4c50d65-e1f6-41db-b457-5486bc82349e HTTP/1.1" status: 200 len: 1407 time: 0.0443277
2026-05-08 00:32:02.078 9 INFO neutron.notifiers.nova [-] Nova event matching ['req-01661a48-127e-4b58-a6e3-a1d2719eca2f'] response: {'server_uuid': 'a4c50d65-e1f6-41db-b457-5486bc82349e', 'name': 'network-vif-plugged', 'status': 'completed', 'tag': '3fde51fd-ecbd-4d03-8931-1f43239fed2a', 'code': 200}
2026-05-08 00:32:02.093 9 INFO neutron.wsgi [None req-90cb7afb-e393-4a40-b445-2d6de14b785c bfdc38189849420282928dd1871baa9f 6d4ed677d24f413a88ae54c03d970d83 - - default default] 10.0.0.117 "DELETE /v2.0/subnets/54fc38d8-1b9b-4db7-97a9-4fe6c8fe55a5 HTTP/1.1" status: 204 len: 168 time: 0.3572049
2026-05-08 00:32:02.158 10 INFO neutron.wsgi [req-03873548-7c86-4f15-aa53-cf7d5e884db7 req-477472bf-f0f4-4d16-a926-943f82b82e0d 3f8b8309b3ca466c8c300f1c89d3bcec f141bb3719024ae29a6a7b9890274bf6 - - 0447f99a6f7b4f63bba8b724b57b4524 0447f99a6f7b4f63bba8b724b57b4524] 199.204.45.140 "GET /v2.0/networks?id=d2992d40-924e-4d4d-8e62-7d550b2decb3 HTTP/1.1" status: 200 len: 978 time: 0.1324515 /var/lib/openstack/lib/python3.10/site-packages/pycadf/identifier.py:71: UserWarning: Invalid uuid: neutron. To ensure interoperability, identifiers should be a valid uuid. warnings.warn(('Invalid uuid: %s. To ensure interoperability, '
2026-05-08 00:32:02.202 10 INFO neutron.wsgi [req-03873548-7c86-4f15-aa53-cf7d5e884db7 req-659daa63-5bb2-44ae-b451-85744d643251 3f8b8309b3ca466c8c300f1c89d3bcec f141bb3719024ae29a6a7b9890274bf6 - - 0447f99a6f7b4f63bba8b724b57b4524 0447f99a6f7b4f63bba8b724b57b4524] 199.204.45.140 "GET /v2.0/floatingips?fixed_ip_address=10.100.0.9&port_id=3fde51fd-ecbd-4d03-8931-1f43239fed2a HTTP/1.1" status: 200 len: 217 time: 0.0337605
2026-05-08 00:32:02.216 10 INFO neutron.db.ovn_revision_numbers_db [None req-3c812961-c98d-4185-97cf-16d7550281e8 0fb40b06839f4c78ba8ee0b69fbea403 0b2993e83ede4f8f980db4a667b5029e - - default default] Successfully bumped revision number for resource b185d3b4-35b3-4f8c-bedf-2898fa5473d8 (type: floatingips) to 1
2026-05-08 00:32:02.246 10 INFO neutron.wsgi [req-03873548-7c86-4f15-aa53-cf7d5e884db7 req-ed5a83a4-ed3a-4b12-b7fe-cea6fbadcf47 3f8b8309b3ca466c8c300f1c89d3bcec f141bb3719024ae29a6a7b9890274bf6 - - 0447f99a6f7b4f63bba8b724b57b4524 0447f99a6f7b4f63bba8b724b57b4524] 199.204.45.140 "GET /v2.0/subnets?id=9017e4ea-8d5d-44a8-a932-74e477411bfe HTTP/1.1" status: 200 len: 873 time: 0.0412924
2026-05-08 00:32:02.285 10 INFO neutron.wsgi [req-03873548-7c86-4f15-aa53-cf7d5e884db7 req-c6ef770d-3a19-414e-9f03-d0bbab3e851e 3f8b8309b3ca466c8c300f1c89d3bcec f141bb3719024ae29a6a7b9890274bf6 - - 0447f99a6f7b4f63bba8b724b57b4524 0447f99a6f7b4f63bba8b724b57b4524] 199.204.45.140 "GET /v2.0/ports?network_id=d2992d40-924e-4d4d-8e62-7d550b2decb3&device_owner=network%3Adhcp HTTP/1.1" status: 200 len: 210 time: 0.0312901
2026-05-08 00:32:02.317 9 INFO neutron.db.ovn_revision_numbers_db [None req-f1f241f9-f200-4e42-8034-3e52ebd18bc7 - - - - - -] Successfully bumped revision number for resource 3fde51fd-ecbd-4d03-8931-1f43239fed2a (type: ports) to 4
2026-05-08 00:32:02.359 10 INFO neutron.db.ovn_revision_numbers_db [None req-3c812961-c98d-4185-97cf-16d7550281e8 0fb40b06839f4c78ba8ee0b69fbea403 0b2993e83ede4f8f980db4a667b5029e - - default default] Successfully bumped revision number for resource b185d3b4-35b3-4f8c-bedf-2898fa5473d8 (type: floatingips) to 2
2026-05-08 00:32:02.366 10 INFO neutron.wsgi [req-03873548-7c86-4f15-aa53-cf7d5e884db7 req-ec6eecb5-7739-4641-bd78-335c07e96c29 3f8b8309b3ca466c8c300f1c89d3bcec f141bb3719024ae29a6a7b9890274bf6 - - 0447f99a6f7b4f63bba8b724b57b4524 0447f99a6f7b4f63bba8b724b57b4524] 199.204.45.140 "GET /v2.0/networks/d2992d40-924e-4d4d-8e62-7d550b2decb3?fields=segments HTTP/1.1" status: 200 len: 212 time: 0.0751696
2026-05-08 00:32:02.381 9 INFO neutron.wsgi [None req-0cdb768b-f750-45c7-ac96-669426839a90 bfdc38189849420282928dd1871baa9f 6d4ed677d24f413a88ae54c03d970d83 - - default default] 10.0.0.117 "DELETE /v2.0/subnets/654a1572-286e-4203-aa9a-6ebe5b2ce714 HTTP/1.1" status: 204 len: 168 time: 0.2835450 /var/lib/openstack/lib/python3.10/site-packages/pycadf/identifier.py:71: UserWarning: Invalid uuid: neutron. To ensure interoperability, identifiers should be a valid uuid. warnings.warn(('Invalid uuid: %s. To ensure interoperability, '
2026-05-08 00:32:02.391 10 INFO neutron.wsgi [None req-3c812961-c98d-4185-97cf-16d7550281e8 0fb40b06839f4c78ba8ee0b69fbea403 0b2993e83ede4f8f980db4a667b5029e - - default default] 10.0.0.117 "PUT /v2.0/floatingips/b185d3b4-35b3-4f8c-bedf-2898fa5473d8 HTTP/1.1" status: 200 len: 1050 time: 1.2029486
2026-05-08 00:32:02.424 10 INFO neutron.wsgi [req-03873548-7c86-4f15-aa53-cf7d5e884db7 req-8517736a-72c2-445a-b2da-238261db8d8f 3f8b8309b3ca466c8c300f1c89d3bcec f141bb3719024ae29a6a7b9890274bf6 - - 0447f99a6f7b4f63bba8b724b57b4524 0447f99a6f7b4f63bba8b724b57b4524] 199.204.45.140 "GET /v2.0/networks/d2992d40-924e-4d4d-8e62-7d550b2decb3?fields=provider%3Aphysical_network&fields=provider%3Anetwork_type HTTP/1.1" status: 200 len: 277 time: 0.0519412
2026-05-08 00:32:02.453 9 INFO neutron.wsgi [None req-96368703-bbdb-4b7a-92db-9b97385dde1e bfdc38189849420282928dd1871baa9f 6d4ed677d24f413a88ae54c03d970d83 - - default default] 10.0.0.117 "GET /v2.0/subnets HTTP/1.1" status: 200 len: 820 time: 0.0669024
2026-05-08 00:32:02.510 10 INFO neutron.wsgi [req-111f8e04-861b-4ff7-8073-db7f964b9869 req-5729d7e7-3ae8-45f8-a564-9e432395340c 0fb40b06839f4c78ba8ee0b69fbea403 0b2993e83ede4f8f980db4a667b5029e - - default default] 10.0.0.107 "GET /v2.0/ports?device_id=5771df6f-e733-46c8-b3ed-9a16ad29badb HTTP/1.1" status: 200 len: 1174 time: 0.0669577
2026-05-08 00:32:02.529 9 INFO neutron.wsgi [req-ddd94bd4-b623-49bc-88b7-55c47fef28f2 req-29dd5162-a779-4da9-81ac-e3eacb4e689c dcc34a1e3ce5420eb040fe1f9617d18e 6a86b9aca98a465fb419ccf81c6c54b0 - - default default] 10.0.0.107 "GET /v2.0/ports?device_id=a4c50d65-e1f6-41db-b457-5486bc82349e HTTP/1.1" status: 200 len: 1170 time: 0.1339371
2026-05-08 00:32:02.570 10 INFO neutron.wsgi [req-111f8e04-861b-4ff7-8073-db7f964b9869 req-7c7da58a-9f5b-46a4-a94b-0ba5268f8f79 0fb40b06839f4c78ba8ee0b69fbea403 0b2993e83ede4f8f980db4a667b5029e - - default default] 10.0.0.107 "GET /v2.0/security-groups?id=82ef8835-3ce3-44dc-b252-b4ad7a17d1ae&fields=id&fields=name HTTP/1.1" status: 200 len: 311 time: 0.0420470
2026-05-08 00:32:02.573 9 INFO neutron.wsgi [req-ddd94bd4-b623-49bc-88b7-55c47fef28f2 req-ce034bd6-be65-4ced-b0d3-63f775ab9d81 dcc34a1e3ce5420eb040fe1f9617d18e 6a86b9aca98a465fb419ccf81c6c54b0 - - default default] 10.0.0.107 "GET /v2.0/security-groups?id=9e316118-087f-4381-92f0-1d994ac64a21&fields=id&fields=name HTTP/1.1" status: 200 len: 313 time: 0.0362499
2026-05-08 00:32:02.847 10 INFO neutron.services.segments.plugin [-] Segment 98c921cd-1325-4af0-8e61-bc25befbd5ce resource provider aggregate not found
2026-05-08 00:32:02.853 10 INFO neutron.services.segments.plugin [-] Segment 98c921cd-1325-4af0-8e61-bc25befbd5ce resource provider aggregate not found
