2026-05-08 00:35:22.487 9 INFO neutron.wsgi [None req-533db4a7-48bb-4cdd-85e8-06525e700e48 62f172c41c25400da70324ecaee68fec 1f716583e5884da2a952f66b28c1f2d5 - - default default] 10.0.0.117 "DELETE /v2.0/qos/policies/be86290f-f0ab-458a-beb4-b26a493f4e1b HTTP/1.1" status: 204 len: 168 time: 0.0913658
2026-05-08 00:35:22.571 9 INFO neutron.wsgi [None req-5194df3d-b86c-41e5-9633-db142231052c 62f172c41c25400da70324ecaee68fec 1f716583e5884da2a952f66b28c1f2d5 - - default default] 10.0.0.117 "DELETE /v2.0/qos/policies/d8a05163-5b69-4a60-9a93-9d002d5384fb HTTP/1.1" status: 204 len: 168 time: 0.0761909
2026-05-08 00:35:22.652 9 INFO neutron.wsgi [None req-18aaf9c4-23c6-4d8f-8135-4aa543ea645d 62f172c41c25400da70324ecaee68fec 1f716583e5884da2a952f66b28c1f2d5 - - default default] 10.0.0.117 "DELETE /v2.0/qos/policies/e526ce72-a302-4e50-b614-811fbc1be40d HTTP/1.1" status: 204 len: 168 time: 0.0712554
2026-05-08 00:35:23.445 9 INFO neutron.wsgi [req-2a9337d8-4486-457e-b179-4fac30855b51 req-a16378a2-1d0a-4842-8c5f-6f761149568e 9af4b457f9bb4d93b04e0acc47d30d4c 8aea4f600305452d9ae4204ea76fc717 - - default default] 10.0.0.107 "GET /v2.0/ports?device_id=0053fec6-19fe-4937-8401-958b84958cbb HTTP/1.1" status: 200 len: 1210 time: 0.1324806
2026-05-08 00:35:23.495 9 INFO neutron.wsgi [req-2a9337d8-4486-457e-b179-4fac30855b51 req-c7d821a0-3c6e-4368-8a13-85c64cfcaa79 9af4b457f9bb4d93b04e0acc47d30d4c 8aea4f600305452d9ae4204ea76fc717 - - default default] 10.0.0.107 "GET /v2.0/security-groups?id=7b3a6b62-18e1-441f-b58c-0377c6400a7a&id=606a556d-163f-4fec-99be-99ba9d9aeee8&fields=id&fields=name HTTP/1.1" status: 200 len: 406 time: 0.0416427
2026-05-08 00:35:23.595 10 INFO neutron.wsgi [req-05af73d9-153d-4efa-a52e-76b4e8cccfad req-832d3882-4a2b-433e-8ebc-4eb64a952aae 9af4b457f9bb4d93b04e0acc47d30d4c 8aea4f600305452d9ae4204ea76fc717 - - default default] 10.0.0.107 "GET /v2.0/ports?device_id=0053fec6-19fe-4937-8401-958b84958cbb HTTP/1.1" status: 200 len: 1210 time: 0.0388331
2026-05-08 00:35:23.860 10 INFO neutron.db.l3_db [None req-4737dabf-e1cd-467a-bc0e-d47a61e64f2a 9af4b457f9bb4d93b04e0acc47d30d4c 8aea4f600305452d9ae4204ea76fc717 - - default default] Floating IP c429fb11-8c82-4954-a194-93f8a3ed2dec associated. External IP: 10.96.250.219, port: e234c8f8-7477-4d73-bff1-8bdd8aa33172.
2026-05-08 00:35:23.877 9 INFO neutron.db.ovn_revision_numbers_db [None req-80c9f02a-47e6-4462-9047-3c43a0d44558 0463e353845149b3925bd849625498db 1d5d15bc86544c60ada5cc17c75da708 - - default default] Successfully bumped revision number for resource ff0a86c5-baba-42cd-8e63-5f089fd2cc94 (type: security_groups) to 1
2026-05-08 00:35:23.898 9 INFO neutron.db.ovn_revision_numbers_db [None req-80c9f02a-47e6-4462-9047-3c43a0d44558 0463e353845149b3925bd849625498db 1d5d15bc86544c60ada5cc17c75da708 - - default default] Successfully bumped revision number for resource 4d6fd397-1ab1-4e15-8094-4a90c4f5b241 (type: security_group_rules) to 0
2026-05-08 00:35:23.912 9 INFO neutron.db.ovn_revision_numbers_db [None req-80c9f02a-47e6-4462-9047-3c43a0d44558 0463e353845149b3925bd849625498db 1d5d15bc86544c60ada5cc17c75da708 - - default default] Successfully bumped revision number for resource 4de363ee-e961-4896-9f4a-889b5b9c15fb (type: security_group_rules) to 0
2026-05-08 00:35:23.925 9 INFO neutron.db.ovn_revision_numbers_db [None req-80c9f02a-47e6-4462-9047-3c43a0d44558 0463e353845149b3925bd849625498db 1d5d15bc86544c60ada5cc17c75da708 - - default default] Successfully bumped revision number for resource 7d9bb7d8-54a3-4118-acf4-3f60b90a5ff5 (type: security_group_rules) to 0
2026-05-08 00:35:23.939 9 INFO neutron.db.ovn_revision_numbers_db [None req-80c9f02a-47e6-4462-9047-3c43a0d44558 0463e353845149b3925bd849625498db 1d5d15bc86544c60ada5cc17c75da708 - - default default] Successfully bumped revision number for resource d90b9484-0913-49bd-bd51-c9c14e525012 (type: security_group_rules) to 0
2026-05-08 00:35:23.961 9 INFO neutron.wsgi [None req-80c9f02a-47e6-4462-9047-3c43a0d44558 0463e353845149b3925bd849625498db 1d5d15bc86544c60ada5cc17c75da708 - - default default] 10.0.0.117 "GET /v2.0/security-groups?tenant_id=c8f116a4dd2241f3826a149bedc35d30&name=default HTTP/1.1" status: 200 len: 2996 time: 0.3818095
2026-05-08 00:35:24.096 10 INFO neutron.db.ovn_revision_numbers_db [None req-4737dabf-e1cd-467a-bc0e-d47a61e64f2a 9af4b457f9bb4d93b04e0acc47d30d4c 8aea4f600305452d9ae4204ea76fc717 - - default default] Successfully bumped revision number for resource c429fb11-8c82-4954-a194-93f8a3ed2dec (type: floatingips) to 1
2026-05-08 00:35:24.171 9 INFO neutron.wsgi [None req-193d70aa-52b9-4a46-9b61-1d79a4e1ebd5 0463e353845149b3925bd849625498db 1d5d15bc86544c60ada5cc17c75da708 - - default default] 10.0.0.117 "DELETE /v2.0/security-groups/ff0a86c5-baba-42cd-8e63-5f089fd2cc94 HTTP/1.1" status: 204 len: 168 time: 0.2038286
2026-05-08 00:35:24.249 10 INFO neutron.db.ovn_revision_numbers_db [None req-4737dabf-e1cd-467a-bc0e-d47a61e64f2a 9af4b457f9bb4d93b04e0acc47d30d4c 8aea4f600305452d9ae4204ea76fc717 - - default default] Successfully bumped revision number for resource c429fb11-8c82-4954-a194-93f8a3ed2dec (type: floatingips) to 2
2026-05-08 00:35:24.286 10 INFO neutron.wsgi [None req-4737dabf-e1cd-467a-bc0e-d47a61e64f2a 9af4b457f9bb4d93b04e0acc47d30d4c 8aea4f600305452d9ae4204ea76fc717 - - default default] 10.0.0.117 "PUT /v2.0/floatingips/c429fb11-8c82-4954-a194-93f8a3ed2dec HTTP/1.1" status: 200 len: 1049 time: 0.6804111
2026-05-08 00:35:24.329 10 INFO neutron.notifiers.nova [-] Nova event matching ['req-eca2a003-e57c-4fd2-8921-fd81336c74b1'] response: {'name': 'network-changed', 'server_uuid': '0053fec6-19fe-4937-8401-958b84958cbb', 'tag': 'e234c8f8-7477-4d73-bff1-8bdd8aa33172', 'status': 'completed', 'code': 200} /var/lib/openstack/lib/python3.10/site-packages/pycadf/identifier.py:71: UserWarning: Invalid uuid: neutron. To ensure interoperability, identifiers should be a valid uuid. warnings.warn(('Invalid uuid: %s. To ensure interoperability, '
2026-05-08 00:35:24.385 10 INFO neutron.wsgi [req-00112687-61fd-48af-ba26-443022d3ddae req-1b168ffd-c35d-4511-b9a2-d6bd8b99f657 3f8b8309b3ca466c8c300f1c89d3bcec f141bb3719024ae29a6a7b9890274bf6 - - 0447f99a6f7b4f63bba8b724b57b4524 0447f99a6f7b4f63bba8b724b57b4524] 199.204.45.140 "GET /v2.0/ports?tenant_id=8aea4f600305452d9ae4204ea76fc717&device_id=0053fec6-19fe-4937-8401-958b84958cbb HTTP/1.1" status: 200 len: 1448 time: 0.0395536
2026-05-08 00:35:24.442 9 INFO neutron.db.ovn_revision_numbers_db [None req-198f6ff7-69e7-46b7-90ff-ab6d2f0570b4 0463e353845149b3925bd849625498db 1d5d15bc86544c60ada5cc17c75da708 - - default default] Successfully bumped revision number for resource f36877d1-8d0f-4b57-a1c2-899930f77ebd (type: security_groups) to 1
2026-05-08 00:35:24.468 9 INFO neutron.db.ovn_revision_numbers_db [None req-198f6ff7-69e7-46b7-90ff-ab6d2f0570b4 0463e353845149b3925bd849625498db 1d5d15bc86544c60ada5cc17c75da708 - - default default] Successfully bumped revision number for resource 0bc68d47-0459-4c25-a2f1-42e7ec753007 (type: security_group_rules) to 0
2026-05-08 00:35:24.473 10 INFO neutron.wsgi [req-00112687-61fd-48af-ba26-443022d3ddae req-4878b479-4a84-4b59-94b8-ca3e297bfa9c 3f8b8309b3ca466c8c300f1c89d3bcec f141bb3719024ae29a6a7b9890274bf6 - - 0447f99a6f7b4f63bba8b724b57b4524 0447f99a6f7b4f63bba8b724b57b4524] 199.204.45.140 "GET /v2.0/networks?id=4aba4ec7-a0e0-4bf4-9e28-be8f809de7ae HTTP/1.1" status: 200 len: 971 time: 0.0838759
2026-05-08 00:35:24.482 9 INFO neutron.db.ovn_revision_numbers_db [None req-198f6ff7-69e7-46b7-90ff-ab6d2f0570b4 0463e353845149b3925bd849625498db 1d5d15bc86544c60ada5cc17c75da708 - - default default] Successfully bumped revision number for resource 9bc3f0e7-7019-4ce8-8112-ba6abcc9f65d (type: security_group_rules) to 0
2026-05-08 00:35:24.494 9 INFO neutron.db.ovn_revision_numbers_db [None req-198f6ff7-69e7-46b7-90ff-ab6d2f0570b4 0463e353845149b3925bd849625498db 1d5d15bc86544c60ada5cc17c75da708 - - default default] Successfully bumped revision number for resource b21e8bc5-ffea-4f2b-a288-176157db4a36 (type: security_group_rules) to 0
2026-05-08 00:35:24.511 9 INFO neutron.db.ovn_revision_numbers_db [None req-198f6ff7-69e7-46b7-90ff-ab6d2f0570b4 0463e353845149b3925bd849625498db 1d5d15bc86544c60ada5cc17c75da708 - - default default] Successfully bumped revision number for resource bc95f174-09da-4da0-93a2-ead8553d0659 (type: security_group_rules) to 0
2026-05-08 00:35:24.524 10 INFO neutron.wsgi [req-00112687-61fd-48af-ba26-443022d3ddae req-fd205e35-f71b-4fc7-a3f9-8e8b722e916a 3f8b8309b3ca466c8c300f1c89d3bcec f141bb3719024ae29a6a7b9890274bf6 - - 0447f99a6f7b4f63bba8b724b57b4524 0447f99a6f7b4f63bba8b724b57b4524] 199.204.45.140 "GET /v2.0/floatingips?fixed_ip_address=10.100.0.4&port_id=e234c8f8-7477-4d73-bff1-8bdd8aa33172 HTTP/1.1" status: 200 len: 1059 time: 0.0406525
2026-05-08 00:35:24.539 9 INFO neutron.wsgi [None req-198f6ff7-69e7-46b7-90ff-ab6d2f0570b4 0463e353845149b3925bd849625498db 1d5d15bc86544c60ada5cc17c75da708 - - default default] 10.0.0.117 "GET /v2.0/security-groups?tenant_id=4cb70741f74f4dee8205233c5f4777d6&name=default HTTP/1.1" status: 200 len: 2996 time: 0.2166491
2026-05-08 00:35:24.559 10 INFO neutron.wsgi [req-00112687-61fd-48af-ba26-443022d3ddae req-1541a6a9-796c-466a-b952-6adbcad46124 3f8b8309b3ca466c8c300f1c89d3bcec f141bb3719024ae29a6a7b9890274bf6 - - 0447f99a6f7b4f63bba8b724b57b4524 0447f99a6f7b4f63bba8b724b57b4524] 199.204.45.140 "GET /v2.0/subnets?id=640a3432-e3bd-4e02-ace8-1fde96dfed47 HTTP/1.1" status: 200 len: 866 time: 0.0288429
2026-05-08 00:35:24.604 10 INFO neutron.wsgi [req-00112687-61fd-48af-ba26-443022d3ddae req-1f35fe81-cb15-49aa-80ac-3c844ef326b3 3f8b8309b3ca466c8c300f1c89d3bcec f141bb3719024ae29a6a7b9890274bf6 - - 0447f99a6f7b4f63bba8b724b57b4524 0447f99a6f7b4f63bba8b724b57b4524] 199.204.45.140 "GET /v2.0/ports?network_id=4aba4ec7-a0e0-4bf4-9e28-be8f809de7ae&device_owner=network%3Adhcp HTTP/1.1" status: 200 len: 210 time: 0.0244489
2026-05-08 00:35:24.672 10 INFO neutron.wsgi [req-00112687-61fd-48af-ba26-443022d3ddae req-3fdb5f84-34d7-4591-8962-48e27bca0f25 3f8b8309b3ca466c8c300f1c89d3bcec f141bb3719024ae29a6a7b9890274bf6 - - 0447f99a6f7b4f63bba8b724b57b4524 0447f99a6f7b4f63bba8b724b57b4524] 199.204.45.140 "GET /v2.0/networks/4aba4ec7-a0e0-4bf4-9e28-be8f809de7ae?fields=segments HTTP/1.1" status: 200 len: 212 time: 0.0575516
2026-05-08 00:35:24.738 10 INFO neutron.wsgi [req-00112687-61fd-48af-ba26-443022d3ddae req-1fa6fda1-2316-4b58-a90c-a2222abe4963 3f8b8309b3ca466c8c300f1c89d3bcec f141bb3719024ae29a6a7b9890274bf6 - - 0447f99a6f7b4f63bba8b724b57b4524 0447f99a6f7b4f63bba8b724b57b4524] 199.204.45.140 "GET /v2.0/networks/4aba4ec7-a0e0-4bf4-9e28-be8f809de7ae?fields=provider%3Aphysical_network&fields=provider%3Anetwork_type HTTP/1.1" status: 200 len: 277 time: 0.0581169
2026-05-08 00:35:24.747 9 INFO neutron.wsgi [None req-ad59854d-5eaa-4dfa-b3bb-796be331166b 0463e353845149b3925bd849625498db 1d5d15bc86544c60ada5cc17c75da708 - - default default] 10.0.0.117 "DELETE /v2.0/security-groups/f36877d1-8d0f-4b57-a1c2-899930f77ebd HTTP/1.1" status: 204 len: 168 time: 0.2010508
2026-05-08 00:35:24.960 10 INFO neutron.db.ovn_revision_numbers_db [None req-6d9803f7-55ae-4762-8e6a-ab9272cf35f4 0463e353845149b3925bd849625498db 1d5d15bc86544c60ada5cc17c75da708 - - default default] Successfully bumped revision number for resource 1413856c-b8c3-4c92-995e-f50dbea49ebb (type: security_groups) to 1
2026-05-08 00:35:24.973 10 INFO neutron.db.ovn_revision_numbers_db [None req-6d9803f7-55ae-4762-8e6a-ab9272cf35f4 0463e353845149b3925bd849625498db 1d5d15bc86544c60ada5cc17c75da708 - - default default] Successfully bumped revision number for resource 2699cf9c-9181-4480-8b54-a851fb3c8e61 (type: security_group_rules) to 0
2026-05-08 00:35:24.987 10 INFO neutron.db.ovn_revision_numbers_db [None req-6d9803f7-55ae-4762-8e6a-ab9272cf35f4 0463e353845149b3925bd849625498db 1d5d15bc86544c60ada5cc17c75da708 - - default default] Successfully bumped revision number for resource 43663255-d6e2-4504-a739-72c1f2e41a16 (type: security_group_rules) to 0
2026-05-08 00:35:25.000 10 INFO neutron.db.ovn_revision_numbers_db [None req-6d9803f7-55ae-4762-8e6a-ab9272cf35f4 0463e353845149b3925bd849625498db 1d5d15bc86544c60ada5cc17c75da708 - - default default] Successfully bumped revision number for resource 4e7e673d-fbac-4335-9d34-f54eed223727 (type: security_group_rules) to 0
2026-05-08 00:35:25.015 10 INFO neutron.db.ovn_revision_numbers_db [None req-6d9803f7-55ae-4762-8e6a-ab9272cf35f4 0463e353845149b3925bd849625498db 1d5d15bc86544c60ada5cc17c75da708 - - default default] Successfully bumped revision number for resource 5ea2b2bf-a646-4e9c-b279-03494a0f6aee (type: security_group_rules) to 0
2026-05-08 00:35:25.039 10 INFO neutron.wsgi [None req-6d9803f7-55ae-4762-8e6a-ab9272cf35f4 0463e353845149b3925bd849625498db 1d5d15bc86544c60ada5cc17c75da708 - - default default] 10.0.0.117 "GET /v2.0/security-groups?tenant_id=1f716583e5884da2a952f66b28c1f2d5&name=default HTTP/1.1" status: 200 len: 2996 time: 0.2026052
2026-05-08 00:35:25.285 10 INFO neutron.wsgi [None req-0779b0fb-0788-43bd-b0e9-98d19a90c648 0463e353845149b3925bd849625498db 1d5d15bc86544c60ada5cc17c75da708 - - default default] 10.0.0.117 "DELETE /v2.0/security-groups/1413856c-b8c3-4c92-995e-f50dbea49ebb HTTP/1.1" status: 204 len: 168 time: 0.2402253
2026-05-08 00:35:25.811 10 INFO neutron.wsgi [-] 10.0.0.213 "GET / HTTP/1.1" status: 200 len: 247 time: 0.0035341
2026-05-08 00:35:25.812 9 INFO neutron.wsgi [-] 10.0.0.213 "GET / HTTP/1.1" status: 200 len: 247 time: 0.0043628
2026-05-08 00:35:27.453 9 INFO neutron.db.ovn_revision_numbers_db [None req-3f8aa7d0-39e5-4da9-a38b-5c743965cac2 978fab8b8a354d93a3303737790714b0 2b5348d5cec147d1a5635dc53c892c3e - - default default] Successfully bumped revision number for resource c53f315a-785d-4c59-831c-a0afbb4b4bcb (type: routers) to 1
2026-05-08 00:35:27.469 9 INFO neutron.wsgi [None req-3f8aa7d0-39e5-4da9-a38b-5c743965cac2 978fab8b8a354d93a3303737790714b0 2b5348d5cec147d1a5635dc53c892c3e - - default default] 10.0.0.117 "POST /v2.0/routers HTTP/1.1" status: 201 len: 654 time: 0.3387041
2026-05-08 00:35:27.680 9 INFO neutron.db.ovn_revision_numbers_db [None req-15a938f5-5fa5-437b-9424-57e1c76ed712 978fab8b8a354d93a3303737790714b0 2b5348d5cec147d1a5635dc53c892c3e - - default default] Successfully bumped revision number for resource 4a0eb078-af31-45fb-883a-ec17d6781e51 (type: routers) to 1
2026-05-08 00:35:27.698 9 INFO neutron.wsgi [None req-15a938f5-5fa5-437b-9424-57e1c76ed712 978fab8b8a354d93a3303737790714b0 2b5348d5cec147d1a5635dc53c892c3e - - default default] 10.0.0.117 "POST /v2.0/routers HTTP/1.1" status: 201 len: 654 time: 0.2256124
2026-05-08 00:35:28.106 9 INFO neutron.db.ovn_revision_numbers_db [None req-0d07b575-469a-41f5-a70e-e35c764fcb2b 978fab8b8a354d93a3303737790714b0 2b5348d5cec147d1a5635dc53c892c3e - - default default] Successfully bumped revision number for resource a836941b-2437-4282-8d0f-ff949d129dbb (type: routers) to 1
2026-05-08 00:35:28.125 9 INFO neutron.wsgi [None req-0d07b575-469a-41f5-a70e-e35c764fcb2b 978fab8b8a354d93a3303737790714b0 2b5348d5cec147d1a5635dc53c892c3e - - default default] 10.0.0.117 "POST /v2.0/routers HTTP/1.1" status: 201 len: 654 time: 0.4228644
2026-05-08 00:35:28.341 9 INFO neutron.db.ovn_revision_numbers_db [None req-2e9a3b5a-302f-4a09-8983-83ec8116d176 978fab8b8a354d93a3303737790714b0 2b5348d5cec147d1a5635dc53c892c3e - - default default] Successfully bumped revision number for resource 5353567e-42e1-4ff3-a4f0-48ccfd4fea14 (type: routers) to 1
2026-05-08 00:35:28.353 9 INFO neutron.wsgi [None req-2e9a3b5a-302f-4a09-8983-83ec8116d176 978fab8b8a354d93a3303737790714b0 2b5348d5cec147d1a5635dc53c892c3e - - default default] 10.0.0.117 "POST /v2.0/routers HTTP/1.1" status: 201 len: 654 time: 0.2219129
2026-05-08 00:35:28.526 9 INFO neutron.db.ovn_revision_numbers_db [None req-6eb4035c-609b-4c2e-bd38-e0777b4cd31d 978fab8b8a354d93a3303737790714b0 2b5348d5cec147d1a5635dc53c892c3e - - default default] Successfully bumped revision number for resource 9b90735d-479f-4428-ac51-a03ff01d7316 (type: routers) to 1
2026-05-08 00:35:28.541 9 INFO neutron.wsgi [None req-6eb4035c-609b-4c2e-bd38-e0777b4cd31d 978fab8b8a354d93a3303737790714b0 2b5348d5cec147d1a5635dc53c892c3e - - default default] 10.0.0.117 "POST /v2.0/routers HTTP/1.1" status: 201 len: 654 time: 0.1842813
2026-05-08 00:35:28.600 9 INFO neutron.wsgi [None req-2a41a32b-8ffa-4b58-85a0-ceb0133d55f6 978fab8b8a354d93a3303737790714b0 2b5348d5cec147d1a5635dc53c892c3e - - default default] 10.0.0.117 "PUT /v2.0/routers/c53f315a-785d-4c59-831c-a0afbb4b4bcb/tags HTTP/1.1" status: 200 len: 210 time: 0.0497942
2026-05-08 00:35:28.670 9 INFO neutron.wsgi [None req-d7b9efaa-aab9-4c9d-abc9-329bbef195ce 978fab8b8a354d93a3303737790714b0 2b5348d5cec147d1a5635dc53c892c3e - - default default] 10.0.0.117 "PUT /v2.0/routers/4a0eb078-af31-45fb-883a-ec17d6781e51/tags HTTP/1.1" status: 200 len: 218 time: 0.0654781
2026-05-08 00:35:28.726 9 INFO neutron.wsgi [None req-c5058578-2a76-4269-8278-b7aa36afd592 978fab8b8a354d93a3303737790714b0 2b5348d5cec147d1a5635dc53c892c3e - - default default] 10.0.0.117 "PUT /v2.0/routers/a836941b-2437-4282-8d0f-ff949d129dbb/tags HTTP/1.1" status: 200 len: 227 time: 0.0515621
2026-05-08 00:35:28.794 9 INFO neutron.wsgi [None req-4d5e2b80-b67c-4c0a-8d5c-28794137aabe 978fab8b8a354d93a3303737790714b0 2b5348d5cec147d1a5635dc53c892c3e - - default default] 10.0.0.117 "PUT /v2.0/routers/5353567e-42e1-4ff3-a4f0-48ccfd4fea14/tags HTTP/1.1" status: 200 len: 212 time: 0.0638068
2026-05-08 00:35:28.904 9 INFO neutron.wsgi [None req-4b33c74f-5090-4ab6-b255-542d9354ac93 978fab8b8a354d93a3303737790714b0 2b5348d5cec147d1a5635dc53c892c3e - - default default] 10.0.0.117 "GET /v2.0/routers?tags=red HTTP/1.1" status: 200 len: 1601 time: 0.1037276
2026-05-08 00:35:28.992 9 INFO neutron.wsgi [None req-d6777901-e041-4c6f-b639-978f37113964 978fab8b8a354d93a3303737790714b0 2b5348d5cec147d1a5635dc53c892c3e - - default default] 10.0.0.117 "GET /v2.0/routers?tags=red%2Cblue HTTP/1.1" status: 200 len: 1144 time: 0.0835497
2026-05-08 00:35:29.079 9 INFO neutron.wsgi [None req-972d593c-6ecd-4766-b461-cb2101f11d3b 978fab8b8a354d93a3303737790714b0 2b5348d5cec147d1a5635dc53c892c3e - - default default] 10.0.0.117 "GET /v2.0/routers?tags-any=blue HTTP/1.1" status: 200 len: 1144 time: 0.0803339
2026-05-08 00:35:29.139 9 INFO neutron.wsgi [None req-354c2a12-418e-47e7-b5d1-3ba2c46fdd94 978fab8b8a354d93a3303737790714b0 2b5348d5cec147d1a5635dc53c892c3e - - default default] 10.0.0.117 "GET /v2.0/routers?tags-any=red%2Cblue HTTP/1.1" status: 200 len: 1601 time: 0.0549300
2026-05-08 00:35:29.214 9 INFO neutron.wsgi [None req-3eaab859-481c-4a95-a365-c0d23b26f7c2 978fab8b8a354d93a3303737790714b0 2b5348d5cec147d1a5635dc53c892c3e - - default default] 10.0.0.117 "GET /v2.0/routers?not-tags=red HTTP/1.1" status: 200 len: 1116 time: 0.0694716
2026-05-08 00:35:29.298 9 INFO neutron.wsgi [None req-75a5ae27-7a2a-47a9-bef4-fc9f36481c47 978fab8b8a354d93a3303737790714b0 2b5348d5cec147d1a5635dc53c892c3e - - default default] 10.0.0.117 "GET /v2.0/routers?not-tags=red%2Cblue HTTP/1.1" status: 200 len: 1573 time: 0.0794580
2026-05-08 00:35:29.371 9 INFO neutron.wsgi [None req-5e2257ad-1c02-41a7-99a2-f84f7611e5ee 978fab8b8a354d93a3303737790714b0 2b5348d5cec147d1a5635dc53c892c3e - - default default] 10.0.0.117 "GET /v2.0/routers?not-tags-any=blue HTTP/1.1" status: 200 len: 1573 time: 0.0681033
2026-05-08 00:35:29.428 9 INFO neutron.wsgi [None req-4b3ff0cb-8d97-4e36-b2bb-81466e8c3a1f 978fab8b8a354d93a3303737790714b0 2b5348d5cec147d1a5635dc53c892c3e - - default default] 10.0.0.117 "GET /v2.0/routers?not-tags-any=red%2Cblue HTTP/1.1" status: 200 len: 1116 time: 0.0513241
2026-05-08 00:35:29.482 9 INFO neutron.wsgi [None req-c8a07302-e473-4409-a53c-5631cf3506be 978fab8b8a354d93a3303737790714b0 2b5348d5cec147d1a5635dc53c892c3e - - default default] 10.0.0.117 "GET /v2.0/routers/c53f315a-785d-4c59-831c-a0afbb4b4bcb HTTP/1.1" status: 200 len: 660 time: 0.0474112
2026-05-08 00:35:30.004 10 INFO neutron.db.ovn_revision_numbers_db [None req-9d20f54c-109f-4ede-83dc-3c761923fc5a 305ee6d4a2954077a6be691c16bc5637 16fdec0b40a8423cb4e705700e17bf46 - - default default] Successfully bumped revision number for resource 2f402440-074f-4a6a-aaa3-55ea2cad0eab (type: security_groups) to 1
2026-05-08 00:35:30.024 10 INFO neutron.db.ovn_revision_numbers_db [None req-9d20f54c-109f-4ede-83dc-3c761923fc5a 305ee6d4a2954077a6be691c16bc5637 16fdec0b40a8423cb4e705700e17bf46 - - default default] Successfully bumped revision number for resource 24dfd5f5-d56c-47d7-a13a-c59801c30637 (type: security_group_rules) to 0
2026-05-08 00:35:30.044 10 INFO neutron.db.ovn_revision_numbers_db [None req-9d20f54c-109f-4ede-83dc-3c761923fc5a 305ee6d4a2954077a6be691c16bc5637 16fdec0b40a8423cb4e705700e17bf46 - - default default] Successfully bumped revision number for resource 44b77c0e-edfb-4cec-bd09-8b9f190cd3b5 (type: security_group_rules) to 0
2026-05-08 00:35:30.061 10 INFO neutron.db.ovn_revision_numbers_db [None req-9d20f54c-109f-4ede-83dc-3c761923fc5a 305ee6d4a2954077a6be691c16bc5637 16fdec0b40a8423cb4e705700e17bf46 - - default default] Successfully bumped revision number for resource d2666e42-e52f-46b7-a1fb-6a8d2ffc5cdd (type: security_group_rules) to 0
2026-05-08 00:35:30.075 10 INFO neutron.db.ovn_revision_numbers_db [None req-9d20f54c-109f-4ede-83dc-3c761923fc5a 305ee6d4a2954077a6be691c16bc5637 16fdec0b40a8423cb4e705700e17bf46 - - default default] Successfully bumped revision number for resource fcf7daf8-3292-4418-8727-3e0ded9a13db (type: security_group_rules) to 0
2026-05-08 00:35:30.124 10 INFO neutron.db.segments_db [None req-9d20f54c-109f-4ede-83dc-3c761923fc5a 305ee6d4a2954077a6be691c16bc5637 16fdec0b40a8423cb4e705700e17bf46 - - default default] Added segment 81280f71-bf64-4cd5-bf33-ecfb2d5998dc of type geneve for network 19e47982-9332-4cde-98ba-3f0a40911788
2026-05-08 00:35:30.151 9 INFO neutron.db.ovn_revision_numbers_db [None req-69dc55d7-1d91-436c-aad6-4512305fc611 978fab8b8a354d93a3303737790714b0 2b5348d5cec147d1a5635dc53c892c3e - - default default] Successfully bumped revision number for resource c53f315a-785d-4c59-831c-a0afbb4b4bcb (type: routers) to 2
2026-05-08 00:35:30.156 9 INFO neutron.wsgi [None req-69dc55d7-1d91-436c-aad6-4512305fc611 978fab8b8a354d93a3303737790714b0 2b5348d5cec147d1a5635dc53c892c3e - - default default] 10.0.0.117 "PUT /v2.0/routers/c53f315a-785d-4c59-831c-a0afbb4b4bcb HTTP/1.1" status: 200 len: 660 time: 0.6688066
2026-05-08 00:35:30.183 9 INFO neutron.wsgi [None req-3c8c54e9-7caf-483a-bc33-1b7847a664ee 978fab8b8a354d93a3303737790714b0 2b5348d5cec147d1a5635dc53c892c3e - - default default] 10.0.0.117 "GET /v2.0/ports?device_id=c53f315a-785d-4c59-831c-a0afbb4b4bcb HTTP/1.1" status: 200 len: 205 time: 0.0222108
2026-05-08 00:35:30.312 10 INFO neutron.db.ovn_revision_numbers_db [None req-9d20f54c-109f-4ede-83dc-3c761923fc5a 305ee6d4a2954077a6be691c16bc5637 16fdec0b40a8423cb4e705700e17bf46 - - default default] Successfully bumped revision number for resource 19e47982-9332-4cde-98ba-3f0a40911788 (type: networks) to 1
2026-05-08 00:35:30.439 9 INFO neutron.wsgi [None req-60e3767b-b6be-46d0-a701-617309d0032b 978fab8b8a354d93a3303737790714b0 2b5348d5cec147d1a5635dc53c892c3e - - default default] 10.0.0.117 "DELETE /v2.0/routers/c53f315a-785d-4c59-831c-a0afbb4b4bcb HTTP/1.1" status: 204 len: 168 time: 0.2508368
2026-05-08 00:35:30.492 9 INFO neutron.wsgi [None req-6423812f-280b-4466-805a-a7d65fda7973 978fab8b8a354d93a3303737790714b0 2b5348d5cec147d1a5635dc53c892c3e - - default default] 10.0.0.117 "GET /v2.0/routers/4a0eb078-af31-45fb-883a-ec17d6781e51 HTTP/1.1" status: 200 len: 668 time: 0.0450022
2026-05-08 00:35:30.529 10 WARNING neutron.scheduler.dhcp_agent_scheduler [None req-9d20f54c-109f-4ede-83dc-3c761923fc5a 305ee6d4a2954077a6be691c16bc5637 16fdec0b40a8423cb4e705700e17bf46 - - default default] No more DHCP agents
2026-05-08 00:35:30.531 10 WARNING neutron.api.rpc.agentnotifiers.dhcp_rpc_agent_api [None req-9d20f54c-109f-4ede-83dc-3c761923fc5a 305ee6d4a2954077a6be691c16bc5637 16fdec0b40a8423cb4e705700e17bf46 - - default default] Unable to schedule network 19e47982-9332-4cde-98ba-3f0a40911788: no agents available; will retry on subsequent port and subnet creation events.
2026-05-08 00:35:30.632 10 INFO neutron.db.ovn_revision_numbers_db [None req-9d20f54c-109f-4ede-83dc-3c761923fc5a 305ee6d4a2954077a6be691c16bc5637 16fdec0b40a8423cb4e705700e17bf46 - - default default] Successfully bumped revision number for resource fbd2c3fa-42a0-4aa4-a4fb-e6183f64d3a8 (type: ports) to 1
2026-05-08 00:35:30.660 10 INFO neutron.wsgi [None req-9d20f54c-109f-4ede-83dc-3c761923fc5a 305ee6d4a2954077a6be691c16bc5637 16fdec0b40a8423cb4e705700e17bf46 - - default default] 10.0.0.117 "POST /v2.0/networks HTTP/1.1" status: 201 len: 830 time: 0.9966860
2026-05-08 00:35:30.938 10 WARNING neutron.scheduler.dhcp_agent_scheduler [None req-bfa13e6e-c762-4820-98de-838817a46ae8 305ee6d4a2954077a6be691c16bc5637 16fdec0b40a8423cb4e705700e17bf46 - - default default] No more DHCP agents
2026-05-08 00:35:30.942 10 WARNING neutron.api.rpc.agentnotifiers.dhcp_rpc_agent_api [None req-bfa13e6e-c762-4820-98de-838817a46ae8 305ee6d4a2954077a6be691c16bc5637 16fdec0b40a8423cb4e705700e17bf46 - - default default] Unable to schedule network 19e47982-9332-4cde-98ba-3f0a40911788: no agents available; will retry on subsequent port and subnet creation events.
2026-05-08 00:35:30.943 9 INFO neutron.db.ovn_revision_numbers_db [None req-46fbe8f2-1cd5-4a09-b17e-95c7b575c822 978fab8b8a354d93a3303737790714b0 2b5348d5cec147d1a5635dc53c892c3e - - default default] Successfully bumped revision number for resource 4a0eb078-af31-45fb-883a-ec17d6781e51 (type: routers) to 2
2026-05-08 00:35:30.946 9 INFO neutron.wsgi [None req-46fbe8f2-1cd5-4a09-b17e-95c7b575c822 978fab8b8a354d93a3303737790714b0 2b5348d5cec147d1a5635dc53c892c3e - - default default] 10.0.0.117 "PUT /v2.0/routers/4a0eb078-af31-45fb-883a-ec17d6781e51 HTTP/1.1" status: 200 len: 668 time: 0.4489951
2026-05-08 00:35:30.973 9 INFO neutron.wsgi [None req-3bd4ad15-d469-426f-8ba6-eb98a696f5bb 978fab8b8a354d93a3303737790714b0 2b5348d5cec147d1a5635dc53c892c3e - - default default] 10.0.0.117 "GET /v2.0/ports?device_id=4a0eb078-af31-45fb-883a-ec17d6781e51 HTTP/1.1" status: 200 len: 205 time: 0.0197330
2026-05-08 00:35:31.028 10 INFO neutron.db.ovn_revision_numbers_db [None req-bfa13e6e-c762-4820-98de-838817a46ae8 305ee6d4a2954077a6be691c16bc5637 16fdec0b40a8423cb4e705700e17bf46 - - default default] Successfully bumped revision number for resource cbd63011-40a1-48dc-a0fe-72852e8e05b2 (type: ports) to 1
2026-05-08 00:35:31.060 10 INFO neutron.wsgi [None req-bfa13e6e-c762-4820-98de-838817a46ae8 305ee6d4a2954077a6be691c16bc5637 16fdec0b40a8423cb4e705700e17bf46 - - default default] 10.0.0.117 "POST /v2.0/ports HTTP/1.1" status: 201 len: 942 time: 0.3918629 /var/lib/openstack/lib/python3.10/site-packages/pycadf/identifier.py:71: UserWarning: Invalid uuid: neutron. To ensure interoperability, identifiers should be a valid uuid. warnings.warn(('Invalid uuid: %s. To ensure interoperability, '
2026-05-08 00:35:31.256 9 INFO neutron.wsgi [None req-ee5f6214-3390-4008-957e-b69f374a3671 978fab8b8a354d93a3303737790714b0 2b5348d5cec147d1a5635dc53c892c3e - - default default] 10.0.0.117 "DELETE /v2.0/routers/4a0eb078-af31-45fb-883a-ec17d6781e51 HTTP/1.1" status: 204 len: 168 time: 0.2791719
2026-05-08 00:35:31.332 9 INFO neutron.wsgi [None req-218c8246-9c96-49f8-bb06-5a43d50b1ca2 978fab8b8a354d93a3303737790714b0 2b5348d5cec147d1a5635dc53c892c3e - - default default] 10.0.0.117 "GET /v2.0/routers/a836941b-2437-4282-8d0f-ff949d129dbb HTTP/1.1" status: 200 len: 677 time: 0.0650983
2026-05-08 00:35:31.813 10 INFO neutron.wsgi [None req-3e3b5b13-f19b-491a-95ee-7b6b0edd23dd 305ee6d4a2954077a6be691c16bc5637 16fdec0b40a8423cb4e705700e17bf46 - - default default] 10.0.0.117 "POST /v2.0/trunks HTTP/1.1" status: 201 len: 608 time: 0.7464848
2026-05-08 00:35:31.940 9 INFO neutron.db.segments_db [None req-76f98417-a0a8-43cc-837e-fd2749dd3959 305ee6d4a2954077a6be691c16bc5637 16fdec0b40a8423cb4e705700e17bf46 - - default default] Added segment 0a82b267-90b7-46a3-8262-decc34c6a621 of type geneve for network ee5637e2-a634-45de-a321-d86178b737e7
2026-05-08 00:35:32.135 9 INFO neutron.db.ovn_revision_numbers_db [None req-76f98417-a0a8-43cc-837e-fd2749dd3959 305ee6d4a2954077a6be691c16bc5637 16fdec0b40a8423cb4e705700e17bf46 - - default default] Successfully bumped revision number for resource ee5637e2-a634-45de-a321-d86178b737e7 (type: networks) to 1
2026-05-08 00:35:32.203 10 INFO neutron.db.ovn_revision_numbers_db [None req-6a96b584-7b07-472e-a5f0-2643515c0b77 978fab8b8a354d93a3303737790714b0 2b5348d5cec147d1a5635dc53c892c3e - - default default] Successfully bumped revision number for resource a836941b-2437-4282-8d0f-ff949d129dbb (type: routers) to 2
2026-05-08 00:35:32.207 10 INFO neutron.wsgi [None req-6a96b584-7b07-472e-a5f0-2643515c0b77 978fab8b8a354d93a3303737790714b0 2b5348d5cec147d1a5635dc53c892c3e - - default default] 10.0.0.117 "PUT /v2.0/routers/a836941b-2437-4282-8d0f-ff949d129dbb HTTP/1.1" status: 200 len: 677 time: 0.8696706
2026-05-08 00:35:32.239 10 INFO neutron.wsgi [None req-95b52ab6-896a-49b1-a8be-caf0f6c19bee 978fab8b8a354d93a3303737790714b0 2b5348d5cec147d1a5635dc53c892c3e - - default default] 10.0.0.117 "GET /v2.0/ports?device_id=a836941b-2437-4282-8d0f-ff949d129dbb HTTP/1.1" status: 200 len: 205 time: 0.0276756
2026-05-08 00:35:32.346 9 WARNING neutron.scheduler.dhcp_agent_scheduler [None req-76f98417-a0a8-43cc-837e-fd2749dd3959 305ee6d4a2954077a6be691c16bc5637 16fdec0b40a8423cb4e705700e17bf46 - - default default] No more DHCP agents
2026-05-08 00:35:32.348 9 WARNING neutron.api.rpc.agentnotifiers.dhcp_rpc_agent_api [None req-76f98417-a0a8-43cc-837e-fd2749dd3959 305ee6d4a2954077a6be691c16bc5637 16fdec0b40a8423cb4e705700e17bf46 - - default default] Unable to schedule network ee5637e2-a634-45de-a321-d86178b737e7: no agents available; will retry on subsequent port and subnet creation events.
2026-05-08 00:35:32.449 9 INFO neutron.db.ovn_revision_numbers_db [None req-76f98417-a0a8-43cc-837e-fd2749dd3959 305ee6d4a2954077a6be691c16bc5637 16fdec0b40a8423cb4e705700e17bf46 - - default default] Successfully bumped revision number for resource ef36173f-73fb-4b23-8c38-34c0b3265f3d (type: ports) to 1
2026-05-08 00:35:32.475 9 INFO neutron.wsgi [None req-76f98417-a0a8-43cc-837e-fd2749dd3959 305ee6d4a2954077a6be691c16bc5637 16fdec0b40a8423cb4e705700e17bf46 - - default default] 10.0.0.117 "POST /v2.0/networks HTTP/1.1" status: 201 len: 831 time: 0.6515105
2026-05-08 00:35:32.481 10 INFO neutron.wsgi [None req-c1a07bd8-4209-4d9a-a48e-cd24ae6afc18 978fab8b8a354d93a3303737790714b0 2b5348d5cec147d1a5635dc53c892c3e - - default default] 10.0.0.117 "DELETE /v2.0/routers/a836941b-2437-4282-8d0f-ff949d129dbb HTTP/1.1" status: 204 len: 168 time: 0.2386408
2026-05-08 00:35:32.536 10 INFO neutron.wsgi [None req-94b26549-b5e1-4cc0-8603-b5d6a98fe9f2 978fab8b8a354d93a3303737790714b0 2b5348d5cec147d1a5635dc53c892c3e - - default default] 10.0.0.117 "GET /v2.0/routers/5353567e-42e1-4ff3-a4f0-48ccfd4fea14 HTTP/1.1" status: 200 len: 662 time: 0.0510583
2026-05-08 00:35:32.798 9 WARNING neutron.scheduler.dhcp_agent_scheduler [None req-beeddbf7-a122-4045-a785-b874c8ef1bb4 305ee6d4a2954077a6be691c16bc5637 16fdec0b40a8423cb4e705700e17bf46 - - default default] No more DHCP agents
2026-05-08 00:35:32.801 9 WARNING neutron.api.rpc.agentnotifiers.dhcp_rpc_agent_api [None req-beeddbf7-a122-4045-a785-b874c8ef1bb4 305ee6d4a2954077a6be691c16bc5637 16fdec0b40a8423cb4e705700e17bf46 - - default default] Unable to schedule network ee5637e2-a634-45de-a321-d86178b737e7: no agents available; will retry on subsequent port and subnet creation events.
2026-05-08 00:35:32.897 9 INFO neutron.db.ovn_revision_numbers_db [None req-beeddbf7-a122-4045-a785-b874c8ef1bb4 305ee6d4a2954077a6be691c16bc5637 16fdec0b40a8423cb4e705700e17bf46 - - default default] Successfully bumped revision number for resource a9aff5b9-9fe3-455c-974f-345fa688ece2 (type: ports) to 1
2026-05-08 00:35:32.930 9 INFO neutron.wsgi [None req-beeddbf7-a122-4045-a785-b874c8ef1bb4 305ee6d4a2954077a6be691c16bc5637 16fdec0b40a8423cb4e705700e17bf46 - - default default] 10.0.0.117 "POST /v2.0/ports HTTP/1.1" status: 201 len: 942 time: 0.4488645 /var/lib/openstack/lib/python3.10/site-packages/pycadf/identifier.py:71: UserWarning: Invalid uuid: neutron. To ensure interoperability, identifiers should be a valid uuid. warnings.warn(('Invalid uuid: %s. To ensure interoperability, '
2026-05-08 00:35:33.020 10 INFO neutron.db.ovn_revision_numbers_db [None req-9b0c13bc-5e8c-4a93-bc5c-3b12b49f6b48 978fab8b8a354d93a3303737790714b0 2b5348d5cec147d1a5635dc53c892c3e - - default default] Successfully bumped revision number for resource 5353567e-42e1-4ff3-a4f0-48ccfd4fea14 (type: routers) to 2
2026-05-08 00:35:33.027 10 INFO neutron.wsgi [None req-9b0c13bc-5e8c-4a93-bc5c-3b12b49f6b48 978fab8b8a354d93a3303737790714b0 2b5348d5cec147d1a5635dc53c892c3e - - default default] 10.0.0.117 "PUT /v2.0/routers/5353567e-42e1-4ff3-a4f0-48ccfd4fea14 HTTP/1.1" status: 200 len: 662 time: 0.4862156
2026-05-08 00:35:33.059 10 INFO neutron.wsgi [None req-040476da-923f-46d3-9041-9bd57b2471d5 978fab8b8a354d93a3303737790714b0 2b5348d5cec147d1a5635dc53c892c3e - - default default] 10.0.0.117 "GET /v2.0/ports?device_id=5353567e-42e1-4ff3-a4f0-48ccfd4fea14 HTTP/1.1" status: 200 len: 205 time: 0.0262227
2026-05-08 00:35:33.173 9 INFO neutron.wsgi [None req-8a6adccb-4088-441e-a015-03583c283775 305ee6d4a2954077a6be691c16bc5637 16fdec0b40a8423cb4e705700e17bf46 - - default default] 10.0.0.117 "POST /v2.0/trunks HTTP/1.1" status: 201 len: 608 time: 0.2357225
2026-05-08 00:35:33.277 10 INFO neutron.wsgi [None req-c8995a61-7c3d-409c-8c0a-91fd649a2d91 978fab8b8a354d93a3303737790714b0 2b5348d5cec147d1a5635dc53c892c3e - - default default] 10.0.0.117 "DELETE /v2.0/routers/5353567e-42e1-4ff3-a4f0-48ccfd4fea14 HTTP/1.1" status: 204 len: 168 time: 0.2140746
2026-05-08 00:35:33.322 10 INFO neutron.db.segments_db [None req-eed23309-3ff2-484f-9902-7a9f841b649d 305ee6d4a2954077a6be691c16bc5637 16fdec0b40a8423cb4e705700e17bf46 - - default default] Added segment 9587fbb8-0168-489f-8c65-7cf83a68a30a of type geneve for network 652980b5-deed-411f-805e-eea6061a73d6
2026-05-08 00:35:33.331 10 INFO neutron.wsgi [None req-647ab10f-ac7a-4214-9b7d-587cf7696a38 978fab8b8a354d93a3303737790714b0 2b5348d5cec147d1a5635dc53c892c3e - - default default] 10.0.0.117 "GET /v2.0/routers/9b90735d-479f-4428-ac51-a03ff01d7316 HTTP/1.1" status: 200 len: 655 time: 0.0492692
2026-05-08 00:35:33.478 10 INFO neutron.db.ovn_revision_numbers_db [None req-eed23309-3ff2-484f-9902-7a9f841b649d 305ee6d4a2954077a6be691c16bc5637 16fdec0b40a8423cb4e705700e17bf46 - - default default] Successfully bumped revision number for resource 652980b5-deed-411f-805e-eea6061a73d6 (type: networks) to 1
2026-05-08 00:35:33.944 10 WARNING neutron.scheduler.dhcp_agent_scheduler [None req-eed23309-3ff2-484f-9902-7a9f841b649d 305ee6d4a2954077a6be691c16bc5637 16fdec0b40a8423cb4e705700e17bf46 - - default default] No more DHCP agents
2026-05-08 00:35:33.946 10 WARNING neutron.api.rpc.agentnotifiers.dhcp_rpc_agent_api [None req-eed23309-3ff2-484f-9902-7a9f841b649d 305ee6d4a2954077a6be691c16bc5637 16fdec0b40a8423cb4e705700e17bf46 - - default default] Unable to schedule network 652980b5-deed-411f-805e-eea6061a73d6: no agents available; will retry on subsequent port and subnet creation events.
2026-05-08 00:35:34.028 10 INFO neutron.db.ovn_revision_numbers_db [None req-eed23309-3ff2-484f-9902-7a9f841b649d 305ee6d4a2954077a6be691c16bc5637 16fdec0b40a8423cb4e705700e17bf46 - - default default] Successfully bumped revision number for resource d8e020bb-d8d2-445e-9cfc-75acf2bdbe9a (type: ports) to 1
2026-05-08 00:35:34.028 9 INFO neutron.wsgi [None req-f2c56e01-1c3a-47a6-996b-d148a047585e 978fab8b8a354d93a3303737790714b0 2b5348d5cec147d1a5635dc53c892c3e - - default default] 10.0.0.117 "PUT /v2.0/routers/9b90735d-479f-4428-ac51-a03ff01d7316 HTTP/1.1" status: 200 len: 655 time: 0.6898394
2026-05-08 00:35:34.056 10 INFO neutron.wsgi [None req-657632d2-0403-49dc-b89e-62fc9371542f 978fab8b8a354d93a3303737790714b0 2b5348d5cec147d1a5635dc53c892c3e - - default default] 10.0.0.117 "GET /v2.0/ports?device_id=9b90735d-479f-4428-ac51-a03ff01d7316 HTTP/1.1" status: 200 len: 205 time: 0.0223148
2026-05-08 00:35:34.061 10 INFO neutron.wsgi [None req-eed23309-3ff2-484f-9902-7a9f841b649d 305ee6d4a2954077a6be691c16bc5637 16fdec0b40a8423cb4e705700e17bf46 - - default default] 10.0.0.117 "POST /v2.0/networks HTTP/1.1" status: 201 len: 831 time: 0.8799706
2026-05-08 00:35:34.284 9 INFO neutron.wsgi [None req-016532c7-1696-4d1f-9382-f2c07fe7cb6c 978fab8b8a354d93a3303737790714b0 2b5348d5cec147d1a5635dc53c892c3e - - default default] 10.0.0.117 "DELETE /v2.0/routers/9b90735d-479f-4428-ac51-a03ff01d7316 HTTP/1.1" status: 204 len: 168 time: 0.2236006
2026-05-08 00:35:34.316 10 WARNING neutron.scheduler.dhcp_agent_scheduler [None req-3fe6daae-2598-4b66-8e08-4f19efbcfaf5 305ee6d4a2954077a6be691c16bc5637 16fdec0b40a8423cb4e705700e17bf46 - - default default] No more DHCP agents
2026-05-08 00:35:34.318 10 WARNING neutron.api.rpc.agentnotifiers.dhcp_rpc_agent_api [None req-3fe6daae-2598-4b66-8e08-4f19efbcfaf5 305ee6d4a2954077a6be691c16bc5637 16fdec0b40a8423cb4e705700e17bf46 - - default default] Unable to schedule network 652980b5-deed-411f-805e-eea6061a73d6: no agents available; will retry on subsequent port and subnet creation events.
2026-05-08 00:35:34.403 10 INFO neutron.db.ovn_revision_numbers_db [None req-3fe6daae-2598-4b66-8e08-4f19efbcfaf5 305ee6d4a2954077a6be691c16bc5637 16fdec0b40a8423cb4e705700e17bf46 - - default default] Successfully bumped revision number for resource 00a83524-64c7-4c47-a12c-cd2e3cf9c7e6 (type: ports) to 1
2026-05-08 00:35:34.423 10 INFO neutron.wsgi [None req-3fe6daae-2598-4b66-8e08-4f19efbcfaf5 305ee6d4a2954077a6be691c16bc5637 16fdec0b40a8423cb4e705700e17bf46 - - default default] 10.0.0.117 "POST /v2.0/ports HTTP/1.1" status: 201 len: 942 time: 0.3567524 /var/lib/openstack/lib/python3.10/site-packages/pycadf/identifier.py:71: UserWarning: Invalid uuid: neutron. To ensure interoperability, identifiers should be a valid uuid. warnings.warn(('Invalid uuid: %s. To ensure interoperability, '
2026-05-08 00:35:34.671 10 INFO neutron.wsgi [None req-43bbdbc3-de83-4838-a526-bcfb6829d149 305ee6d4a2954077a6be691c16bc5637 16fdec0b40a8423cb4e705700e17bf46 - - default default] 10.0.0.117 "POST /v2.0/trunks HTTP/1.1" status: 201 len: 608 time: 0.2427368
2026-05-08 00:35:34.770 10 INFO neutron.db.segments_db [None req-1add1aa5-3486-4214-8d49-d8f4d165aa88 305ee6d4a2954077a6be691c16bc5637 16fdec0b40a8423cb4e705700e17bf46 - - default default] Added segment cdca876f-f79f-4b39-8ebf-19a215c07099 of type geneve for network c82efe9c-1b7f-4ad6-bcfa-dd285b0db635
2026-05-08 00:35:34.913 10 INFO neutron.db.ovn_revision_numbers_db [None req-1add1aa5-3486-4214-8d49-d8f4d165aa88 305ee6d4a2954077a6be691c16bc5637 16fdec0b40a8423cb4e705700e17bf46 - - default default] Successfully bumped revision number for resource c82efe9c-1b7f-4ad6-bcfa-dd285b0db635 (type: networks) to 1
2026-05-08 00:35:35.092 10 WARNING neutron.scheduler.dhcp_agent_scheduler [None req-1add1aa5-3486-4214-8d49-d8f4d165aa88 305ee6d4a2954077a6be691c16bc5637 16fdec0b40a8423cb4e705700e17bf46 - - default default] No more DHCP agents
2026-05-08 00:35:35.095 10 WARNING neutron.api.rpc.agentnotifiers.dhcp_rpc_agent_api [None req-1add1aa5-3486-4214-8d49-d8f4d165aa88 305ee6d4a2954077a6be691c16bc5637 16fdec0b40a8423cb4e705700e17bf46 - - default default] Unable to schedule network c82efe9c-1b7f-4ad6-bcfa-dd285b0db635: no agents available; will retry on subsequent port and subnet creation events.
2026-05-08 00:35:35.261 10 INFO neutron.db.ovn_revision_numbers_db [None req-1add1aa5-3486-4214-8d49-d8f4d165aa88 305ee6d4a2954077a6be691c16bc5637 16fdec0b40a8423cb4e705700e17bf46 - - default default] Successfully bumped revision number for resource a64b9763-e37c-4b5b-b1ad-6541f390fd82 (type: ports) to 1
2026-05-08 00:35:35.293 10 INFO neutron.wsgi [None req-1add1aa5-3486-4214-8d49-d8f4d165aa88 305ee6d4a2954077a6be691c16bc5637 16fdec0b40a8423cb4e705700e17bf46 - - default default] 10.0.0.117 "POST /v2.0/networks HTTP/1.1" status: 201 len: 831 time: 0.6148756
2026-05-08 00:35:35.555 10 WARNING neutron.scheduler.dhcp_agent_scheduler [None req-83ecdf3c-9183-4ad4-adf0-72017b0cc388 305ee6d4a2954077a6be691c16bc5637 16fdec0b40a8423cb4e705700e17bf46 - - default default] No more DHCP agents
2026-05-08 00:35:35.558 10 WARNING neutron.api.rpc.agentnotifiers.dhcp_rpc_agent_api [None req-83ecdf3c-9183-4ad4-adf0-72017b0cc388 305ee6d4a2954077a6be691c16bc5637 16fdec0b40a8423cb4e705700e17bf46 - - default default] Unable to schedule network c82efe9c-1b7f-4ad6-bcfa-dd285b0db635: no agents available; will retry on subsequent port and subnet creation events.
2026-05-08 00:35:35.609 9 INFO neutron.db.ovn_revision_numbers_db [None req-bbf2e9a1-3600-41d6-b7da-9c763fa2e7bf 0463e353845149b3925bd849625498db 1d5d15bc86544c60ada5cc17c75da708 - - default default] Successfully bumped revision number for resource f287acd1-3472-47c0-8088-0cda51c749f2 (type: security_groups) to 1
2026-05-08 00:35:35.632 9 INFO neutron.db.ovn_revision_numbers_db [None req-bbf2e9a1-3600-41d6-b7da-9c763fa2e7bf 0463e353845149b3925bd849625498db 1d5d15bc86544c60ada5cc17c75da708 - - default default] Successfully bumped revision number for resource a3aafe26-0455-490e-9162-836fe5ede8b8 (type: security_group_rules) to 0
2026-05-08 00:35:35.646 9 INFO neutron.db.ovn_revision_numbers_db [None req-bbf2e9a1-3600-41d6-b7da-9c763fa2e7bf 0463e353845149b3925bd849625498db 1d5d15bc86544c60ada5cc17c75da708 - - default default] Successfully bumped revision number for resource a414df69-ab09-4fec-852f-3c24e2fc601b (type: security_group_rules) to 0
2026-05-08 00:35:35.661 9 INFO neutron.db.ovn_revision_numbers_db [None req-bbf2e9a1-3600-41d6-b7da-9c763fa2e7bf 0463e353845149b3925bd849625498db 1d5d15bc86544c60ada5cc17c75da708 - - default default] Successfully bumped revision number for resource e33e16fb-2f5d-466a-8d89-f3d48bc4b579 (type: security_group_rules) to 0
2026-05-08 00:35:35.666 10 INFO neutron.db.ovn_revision_numbers_db [None req-83ecdf3c-9183-4ad4-adf0-72017b0cc388 305ee6d4a2954077a6be691c16bc5637 16fdec0b40a8423cb4e705700e17bf46 - - default default] Successfully bumped revision number for resource 3939902e-5cd7-4d24-a78e-7dd710873b03 (type: ports) to 1
2026-05-08 00:35:35.675 9 INFO neutron.db.ovn_revision_numbers_db [None req-bbf2e9a1-3600-41d6-b7da-9c763fa2e7bf 0463e353845149b3925bd849625498db 1d5d15bc86544c60ada5cc17c75da708 - - default default] Successfully bumped revision number for resource e5ed1d28-af28-4c0d-84b7-3130755a1f11 (type: security_group_rules) to 0
2026-05-08 00:35:35.695 10 INFO neutron.wsgi [None req-83ecdf3c-9183-4ad4-adf0-72017b0cc388 305ee6d4a2954077a6be691c16bc5637 16fdec0b40a8423cb4e705700e17bf46 - - default default] 10.0.0.117 "POST /v2.0/ports HTTP/1.1" status: 201 len: 942 time: 0.3954191
2026-05-08 00:35:35.697 9 INFO neutron.wsgi [None req-bbf2e9a1-3600-41d6-b7da-9c763fa2e7bf 0463e353845149b3925bd849625498db 1d5d15bc86544c60ada5cc17c75da708 - - default default] 10.0.0.117 "GET /v2.0/security-groups?tenant_id=2b5348d5cec147d1a5635dc53c892c3e&name=default HTTP/1.1" status: 200 len: 2996 time: 0.3880057 /var/lib/openstack/lib/python3.10/site-packages/pycadf/identifier.py:71: UserWarning: Invalid uuid: neutron. To ensure interoperability, identifiers should be a valid uuid. warnings.warn(('Invalid uuid: %s. To ensure interoperability, '
2026-05-08 00:35:35.952 10 INFO neutron.wsgi [None req-02c33d5d-6f07-4f1e-9645-5da5b6e6dd55 305ee6d4a2954077a6be691c16bc5637 16fdec0b40a8423cb4e705700e17bf46 - - default default] 10.0.0.117 "POST /v2.0/trunks HTTP/1.1" status: 201 len: 608 time: 0.2479520
2026-05-08 00:35:35.972 9 INFO neutron.wsgi [None req-5be84802-903f-4501-8709-54e34f9cc023 0463e353845149b3925bd849625498db 1d5d15bc86544c60ada5cc17c75da708 - - default default] 10.0.0.117 "DELETE /v2.0/security-groups/f287acd1-3472-47c0-8088-0cda51c749f2 HTTP/1.1" status: 204 len: 168 time: 0.2683897
2026-05-08 00:35:36.047 10 INFO neutron.db.segments_db [None req-d5b8d68e-d218-49f0-8b41-d38d5fa06601 305ee6d4a2954077a6be691c16bc5637 16fdec0b40a8423cb4e705700e17bf46 - - default default] Added segment 4f6af7d5-e72e-4564-a5fc-5f5646587daa of type geneve for network e5d9dd1f-e209-46ca-ada1-954e4e44b97b
2026-05-08 00:35:36.210 10 INFO neutron.db.ovn_revision_numbers_db [None req-d5b8d68e-d218-49f0-8b41-d38d5fa06601 305ee6d4a2954077a6be691c16bc5637 16fdec0b40a8423cb4e705700e17bf46 - - default default] Successfully bumped revision number for resource e5d9dd1f-e209-46ca-ada1-954e4e44b97b (type: networks) to 1
2026-05-08 00:35:36.265 10 INFO neutron.db.ovn_revision_numbers_db [None req-5aacbd8d-7df9-4ccc-8423-69b7ff648f09 0463e353845149b3925bd849625498db 1d5d15bc86544c60ada5cc17c75da708 - - default default] Successfully bumped revision number for resource f16f82b5-0a8f-4773-ad8c-cace328d3eed (type: security_groups) to 1
2026-05-08 00:35:36.296 10 INFO neutron.db.ovn_revision_numbers_db [None req-5aacbd8d-7df9-4ccc-8423-69b7ff648f09 0463e353845149b3925bd849625498db 1d5d15bc86544c60ada5cc17c75da708 - - default default] Successfully bumped revision number for resource 5356489f-03af-4b31-9acc-ca0b6658e77f (type: security_group_rules) to 0
2026-05-08 00:35:36.346 10 INFO neutron.db.ovn_revision_numbers_db [None req-5aacbd8d-7df9-4ccc-8423-69b7ff648f09 0463e353845149b3925bd849625498db 1d5d15bc86544c60ada5cc17c75da708 - - default default] Successfully bumped revision number for resource 97b28c9a-c052-4199-b7a1-66837e9cda6d (type: security_group_rules) to 0
2026-05-08 00:35:36.410 10 INFO neutron.db.ovn_revision_numbers_db [None req-5aacbd8d-7df9-4ccc-8423-69b7ff648f09 0463e353845149b3925bd849625498db 1d5d15bc86544c60ada5cc17c75da708 - - default default] Successfully bumped revision number for resource 9a46891a-657b-46c9-8e9a-92b6bb7f40e3 (type: security_group_rules) to 0
2026-05-08 00:35:36.445 10 INFO neutron.db.ovn_revision_numbers_db [None req-5aacbd8d-7df9-4ccc-8423-69b7ff648f09 0463e353845149b3925bd849625498db 1d5d15bc86544c60ada5cc17c75da708 - - default default] Successfully bumped revision number for resource c68084c4-f4bf-4c3d-92cf-cc9ee576d094 (type: security_group_rules) to 0
2026-05-08 00:35:36.462 10 WARNING neutron.scheduler.dhcp_agent_scheduler [None req-d5b8d68e-d218-49f0-8b41-d38d5fa06601 305ee6d4a2954077a6be691c16bc5637 16fdec0b40a8423cb4e705700e17bf46 - - default default] No more DHCP agents
2026-05-08 00:35:36.468 10 WARNING neutron.api.rpc.agentnotifiers.dhcp_rpc_agent_api [None req-d5b8d68e-d218-49f0-8b41-d38d5fa06601 305ee6d4a2954077a6be691c16bc5637 16fdec0b40a8423cb4e705700e17bf46 - - default default] Unable to schedule network e5d9dd1f-e209-46ca-ada1-954e4e44b97b: no agents available; will retry on subsequent port and subnet creation events.
2026-05-08 00:35:36.498 10 INFO neutron.wsgi [None req-5aacbd8d-7df9-4ccc-8423-69b7ff648f09 0463e353845149b3925bd849625498db 1d5d15bc86544c60ada5cc17c75da708 - - default default] 10.0.0.117 "GET /v2.0/security-groups?tenant_id=fe1fe0e9bfc147a980579d1039ea38e4&name=default HTTP/1.1" status: 200 len: 2996 time: 0.4180222
2026-05-08 00:35:36.613 10 INFO neutron.db.ovn_revision_numbers_db [None req-d5b8d68e-d218-49f0-8b41-d38d5fa06601 305ee6d4a2954077a6be691c16bc5637 16fdec0b40a8423cb4e705700e17bf46 - - default default] Successfully bumped revision number for resource 94904e09-5f49-4f09-8a6e-c1f5d9258907 (type: ports) to 1
2026-05-08 00:35:36.654 10 INFO neutron.wsgi [None req-d5b8d68e-d218-49f0-8b41-d38d5fa06601 305ee6d4a2954077a6be691c16bc5637 16fdec0b40a8423cb4e705700e17bf46 - - default default] 10.0.0.117 "POST /v2.0/networks HTTP/1.1" status: 201 len: 830 time: 0.6956098
2026-05-08 00:35:36.795 10 INFO neutron.wsgi [None req-9924cf2c-0f9a-45fb-905a-c6c6e0d07593 0463e353845149b3925bd849625498db 1d5d15bc86544c60ada5cc17c75da708 - - default default] 10.0.0.117 "DELETE /v2.0/security-groups/f16f82b5-0a8f-4773-ad8c-cace328d3eed HTTP/1.1" status: 204 len: 168 time: 0.2920594
2026-05-08 00:35:36.996 9 WARNING neutron.scheduler.dhcp_agent_scheduler [None req-ad480576-c239-4de9-907d-be6c168e08b1 305ee6d4a2954077a6be691c16bc5637 16fdec0b40a8423cb4e705700e17bf46 - - default default] No more DHCP agents
2026-05-08 00:35:37.003 9 WARNING neutron.api.rpc.agentnotifiers.dhcp_rpc_agent_api [None req-ad480576-c239-4de9-907d-be6c168e08b1 305ee6d4a2954077a6be691c16bc5637 16fdec0b40a8423cb4e705700e17bf46 - - default default] Unable to schedule network e5d9dd1f-e209-46ca-ada1-954e4e44b97b: no agents available; will retry on subsequent port and subnet creation events.
2026-05-08 00:35:37.119 9 INFO neutron.db.ovn_revision_numbers_db [None req-ad480576-c239-4de9-907d-be6c168e08b1 305ee6d4a2954077a6be691c16bc5637 16fdec0b40a8423cb4e705700e17bf46 - - default default] Successfully bumped revision number for resource 33936f71-e5c1-4aa7-a47b-2f69c357b1ca (type: ports) to 1
2026-05-08 00:35:37.149 9 INFO neutron.wsgi [None req-ad480576-c239-4de9-907d-be6c168e08b1 305ee6d4a2954077a6be691c16bc5637 16fdec0b40a8423cb4e705700e17bf46 - - default default] 10.0.0.117 "POST /v2.0/ports HTTP/1.1" status: 201 len: 942 time: 0.4875350 /var/lib/openstack/lib/python3.10/site-packages/pycadf/identifier.py:71: UserWarning: Invalid uuid: neutron. To ensure interoperability, identifiers should be a valid uuid. warnings.warn(('Invalid uuid: %s. To ensure interoperability, '
