2026-05-08 00:31:49.131 9 INFO neutron.wsgi [None req-ce34761c-a5f5-499e-ba59-77745a106844 18979071f0b04f498cff60211bee255f d161a8b1ecca44bda59bb6bc3757e210 - - default default] 10.0.0.117 "GET /v2.0/extensions/logging HTTP/1.1" status: 200 len: 407 time: 0.0034683
2026-05-08 00:31:49.142 10 INFO neutron.wsgi [None req-57c5309d-17df-498f-9d57-306c7a7138ea 18979071f0b04f498cff60211bee255f d161a8b1ecca44bda59bb6bc3757e210 - - default default] 10.0.0.117 "GET /v2.0/extensions/multi-provider HTTP/1.1" status: 200 len: 406 time: 0.0060656
2026-05-08 00:31:49.154 10 INFO neutron.wsgi [None req-fbc4a5f3-0a24-4469-a09b-d6cc39a57e78 18979071f0b04f498cff60211bee255f d161a8b1ecca44bda59bb6bc3757e210 - - default default] 10.0.0.117 "GET /v2.0/extensions/net-mtu HTTP/1.1" status: 200 len: 370 time: 0.0070779
2026-05-08 00:31:49.163 9 INFO neutron.wsgi [None req-eb8bac7f-b21d-4749-8dcc-19c8ada85a1a 18979071f0b04f498cff60211bee255f d161a8b1ecca44bda59bb6bc3757e210 - - default default] 10.0.0.117 "GET /v2.0/extensions/net-mtu-writable HTTP/1.1" status: 200 len: 401 time: 0.0060747
2026-05-08 00:31:49.172 9 INFO neutron.wsgi [None req-30d12521-cf63-4542-9ed8-871ff864005d 18979071f0b04f498cff60211bee255f d161a8b1ecca44bda59bb6bc3757e210 - - default default] 10.0.0.117 "GET /v2.0/extensions/network_availability_zone HTTP/1.1" status: 200 len: 394 time: 0.0041878
2026-05-08 00:31:49.173 10 INFO neutron.db.ovn_revision_numbers_db [None req-32d95f1b-5d8a-450c-a4d2-55e06de14498 0463e353845149b3925bd849625498db 1d5d15bc86544c60ada5cc17c75da708 - - default default] Successfully bumped revision number for resource 7004ef42-31ee-48c9-9603-34035ecb8cc6 (type: router_ports) to 2
2026-05-08 00:31:49.175 10 INFO neutron.wsgi [None req-32d95f1b-5d8a-450c-a4d2-55e06de14498 0463e353845149b3925bd849625498db 1d5d15bc86544c60ada5cc17c75da708 - - default default] 10.0.0.117 "PUT /v2.0/routers/69f2c9da-8abc-4976-b9e3-1e489e960b6b/add_router_interface HTTP/1.1" status: 200 len: 503 time: 2.9017785
2026-05-08 00:31:49.179 9 INFO neutron.wsgi [None req-6d05a53e-35c4-4d0d-84b4-da9e97d3d34a 18979071f0b04f498cff60211bee255f d161a8b1ecca44bda59bb6bc3757e210 - - default default] 10.0.0.117 "GET /v2.0/extensions/network-ip-availability HTTP/1.1" status: 200 len: 410 time: 0.0040495
2026-05-08 00:31:49.186 9 INFO neutron.wsgi [None req-8405eddc-f5c2-481b-a319-c90e9d1765c2 18979071f0b04f498cff60211bee255f d161a8b1ecca44bda59bb6bc3757e210 - - default default] 10.0.0.117 "GET /v2.0/extensions/pagination HTTP/1.1" status: 200 len: 386 time: 0.0035763
2026-05-08 00:31:49.200 10 INFO neutron.wsgi [None req-0b6a6b6b-99f0-4783-8224-2ff258adccc2 18979071f0b04f498cff60211bee255f d161a8b1ecca44bda59bb6bc3757e210 - - default default] 10.0.0.117 "GET /v2.0/extensions/port-device-profile HTTP/1.1" status: 200 len: 383 time: 0.0064702
2026-05-08 00:31:49.222 10 INFO neutron.wsgi [None req-0ee05300-99b7-434b-b744-54f165421fc2 18979071f0b04f498cff60211bee255f d161a8b1ecca44bda59bb6bc3757e210 - - default default] 10.0.0.117 "GET /v2.0/extensions/port-mac-address-regenerate HTTP/1.1" status: 200 len: 403 time: 0.0062044
2026-05-08 00:31:49.236 9 INFO neutron.wsgi [None req-828d39af-3b49-47c5-833e-c80e0480bad8 18979071f0b04f498cff60211bee255f d161a8b1ecca44bda59bb6bc3757e210 - - default default] 10.0.0.117 "GET /v2.0/extensions/port-numa-affinity-policy HTTP/1.1" status: 200 len: 392 time: 0.0071402
2026-05-08 00:31:49.243 9 INFO neutron.wsgi [None req-49eb9580-42c3-4047-b474-cf8dc5ed4de8 18979071f0b04f498cff60211bee255f d161a8b1ecca44bda59bb6bc3757e210 - - default default] 10.0.0.117 "GET /v2.0/extensions/port-resource-request HTTP/1.1" status: 200 len: 379 time: 0.0042574
2026-05-08 00:31:49.253 10 INFO neutron.wsgi [None req-c4b52476-0de3-4db9-b724-a9c45767d325 18979071f0b04f498cff60211bee255f d161a8b1ecca44bda59bb6bc3757e210 - - default default] 10.0.0.117 "GET /v2.0/extensions/port-resource-request-groups HTTP/1.1" status: 200 len: 465 time: 0.0058689
2026-05-08 00:31:49.255 10 INFO neutron.db.ovn_revision_numbers_db [None req-483caf6a-fef6-4b41-8abf-e09717621b1c 0463e353845149b3925bd849625498db 1d5d15bc86544c60ada5cc17c75da708 - - default default] Successfully bumped revision number for resource 805423b5-8c6f-4bf6-b36d-654945e986d6 (type: ports) to 1
2026-05-08 00:31:49.262 9 INFO neutron.wsgi [None req-323efc73-fcd1-4ddc-9e02-19e97620e97d 18979071f0b04f498cff60211bee255f d161a8b1ecca44bda59bb6bc3757e210 - - default default] 10.0.0.117 "GET /v2.0/extensions/binding HTTP/1.1" status: 200 len: 387 time: 0.0040927
2026-05-08 00:31:49.273 10 INFO neutron.wsgi [None req-1b850f18-ea1e-41a8-83a2-0d2e990a4ffb 18979071f0b04f498cff60211bee255f d161a8b1ecca44bda59bb6bc3757e210 - - default default] 10.0.0.117 "GET /v2.0/extensions/binding-extended HTTP/1.1" status: 200 len: 406 time: 0.0075288
2026-05-08 00:31:49.281 10 INFO neutron.wsgi [None req-d735a303-a67d-44d4-a6b8-7352ed01d3fe 18979071f0b04f498cff60211bee255f d161a8b1ecca44bda59bb6bc3757e210 - - default default] 10.0.0.117 "GET /v2.0/extensions/port-security HTTP/1.1" status: 200 len: 354 time: 0.0036194
2026-05-08 00:31:49.288 10 INFO neutron.wsgi [None req-181c1606-ad83-440e-a23b-595bab347803 18979071f0b04f498cff60211bee255f d161a8b1ecca44bda59bb6bc3757e210 - - default default] 10.0.0.117 "GET /v2.0/extensions/project-id HTTP/1.1" status: 200 len: 398 time: 0.0032289
2026-05-08 00:31:49.295 9 INFO neutron.wsgi [None req-01d83eae-4a29-4cd2-932d-ef914d86ce2c 18979071f0b04f498cff60211bee255f d161a8b1ecca44bda59bb6bc3757e210 - - default default] 10.0.0.117 "GET /v2.0/extensions/provider HTTP/1.1" status: 200 len: 385 time: 0.0044746
2026-05-08 00:31:49.301 9 INFO neutron.wsgi [None req-3d9362f0-0fda-42d2-8098-9f0be5ed6f69 18979071f0b04f498cff60211bee255f d161a8b1ecca44bda59bb6bc3757e210 - - default default] 10.0.0.117 "GET /v2.0/extensions/qos HTTP/1.1" status: 200 len: 360 time: 0.0030196
2026-05-08 00:31:49.312 10 INFO neutron.wsgi [None req-3a99bfd7-bb26-4247-8e0d-5e7f662ec0f7 18979071f0b04f498cff60211bee255f d161a8b1ecca44bda59bb6bc3757e210 - - default default] 10.0.0.117 "GET /v2.0/extensions/qos-bw-limit-direction HTTP/1.1" status: 200 len: 452 time: 0.0069976
2026-05-08 00:31:49.319 10 INFO neutron.wsgi [None req-c470d426-4182-4ae8-8c77-8e5378ae5002 18979071f0b04f498cff60211bee255f d161a8b1ecca44bda59bb6bc3757e210 - - default default] 10.0.0.117 "GET /v2.0/extensions/qos-bw-minimum-ingress HTTP/1.1" status: 200 len: 445 time: 0.0033138
2026-05-08 00:31:49.326 10 INFO neutron.wsgi [None req-d1356174-7985-4847-8d0b-8de8579357eb 18979071f0b04f498cff60211bee255f d161a8b1ecca44bda59bb6bc3757e210 - - default default] 10.0.0.117 "GET /v2.0/extensions/qos-default HTTP/1.1" status: 200 len: 377 time: 0.0042813
2026-05-08 00:31:49.338 9 INFO neutron.wsgi [None req-621b2b01-e214-43c8-976f-734d161bdf2e 18979071f0b04f498cff60211bee255f d161a8b1ecca44bda59bb6bc3757e210 - - default default] 10.0.0.117 "GET /v2.0/extensions/qos-fip HTTP/1.1" status: 200 len: 372 time: 0.0063746
2026-05-08 00:31:49.344 9 INFO neutron.wsgi [None req-a04011e1-c0ac-4b40-a5b8-c5f01ed02d17 18979071f0b04f498cff60211bee255f d161a8b1ecca44bda59bb6bc3757e210 - - default default] 10.0.0.117 "GET /v2.0/extensions/qos-gateway-ip HTTP/1.1" status: 200 len: 391 time: 0.0037444
2026-05-08 00:31:49.346 10 WARNING neutron.scheduler.dhcp_agent_scheduler [None req-483caf6a-fef6-4b41-8abf-e09717621b1c 0463e353845149b3925bd849625498db 1d5d15bc86544c60ada5cc17c75da708 - - default default] No more DHCP agents
2026-05-08 00:31:49.348 10 WARNING neutron.api.rpc.agentnotifiers.dhcp_rpc_agent_api [None req-483caf6a-fef6-4b41-8abf-e09717621b1c 0463e353845149b3925bd849625498db 1d5d15bc86544c60ada5cc17c75da708 - - default default] Unable to schedule network d2992d40-924e-4d4d-8e62-7d550b2decb3: no agents available; will retry on subsequent port and subnet creation events.
2026-05-08 00:31:49.354 10 INFO neutron.wsgi [None req-65a3077c-2f93-400c-be8a-27948daf2ced 18979071f0b04f498cff60211bee255f d161a8b1ecca44bda59bb6bc3757e210 - - default default] 10.0.0.117 "GET /v2.0/extensions/qos-port-network-policy HTTP/1.1" status: 200 len: 403 time: 0.0070930
2026-05-08 00:31:49.360 10 INFO neutron.wsgi [None req-6047f4df-f1e5-4bb8-bd5b-ff70ad4c6ec0 18979071f0b04f498cff60211bee255f d161a8b1ecca44bda59bb6bc3757e210 - - default default] 10.0.0.117 "GET /v2.0/extensions/qos-pps-minimum HTTP/1.1" status: 200 len: 397 time: 0.0030291
2026-05-08 00:31:49.377 9 INFO neutron.wsgi [None req-7bef9f52-96a0-46cb-b9b1-26f58d6ca0c2 18979071f0b04f498cff60211bee255f d161a8b1ecca44bda59bb6bc3757e210 - - default default] 10.0.0.117 "GET /v2.0/extensions/qos-pps-minimum-rule-alias HTTP/1.1" status: 200 len: 471 time: 0.0123162
2026-05-08 00:31:49.385 9 INFO neutron.wsgi [None req-edb59a61-620b-468c-b74e-7c59b2f783d3 18979071f0b04f498cff60211bee255f d161a8b1ecca44bda59bb6bc3757e210 - - default default] 10.0.0.117 "GET /v2.0/extensions/qos-pps HTTP/1.1" status: 200 len: 389 time: 0.0039775
2026-05-08 00:31:49.392 9 INFO neutron.wsgi [None req-1065db78-6ad8-4bcf-a42e-e65204511fc1 18979071f0b04f498cff60211bee255f d161a8b1ecca44bda59bb6bc3757e210 - - default default] 10.0.0.117 "GET /v2.0/extensions/qos-rule-type-details HTTP/1.1" status: 200 len: 423 time: 0.0042095
2026-05-08 00:31:49.399 9 INFO neutron.wsgi [None req-2d91b465-970a-46ab-9c84-5dbacd012f9e 18979071f0b04f498cff60211bee255f d161a8b1ecca44bda59bb6bc3757e210 - - default default] 10.0.0.117 "GET /v2.0/extensions/qos-rule-type-filter HTTP/1.1" status: 200 len: 567 time: 0.0039628
2026-05-08 00:31:49.404 9 INFO neutron.wsgi [None req-eb0f1557-60ef-4964-ad3f-2060807fc21a 18979071f0b04f498cff60211bee255f d161a8b1ecca44bda59bb6bc3757e210 - - default default] 10.0.0.117 "GET /v2.0/extensions/qos-rules-alias HTTP/1.1" status: 200 len: 448 time: 0.0028315
2026-05-08 00:31:49.412 9 INFO neutron.wsgi [None req-797a11a2-bd7f-47bc-9252-f2fe258aa5f6 18979071f0b04f498cff60211bee255f d161a8b1ecca44bda59bb6bc3757e210 - - default default] 10.0.0.117 "GET /v2.0/extensions/quota-check-limit HTTP/1.1" status: 200 len: 420 time: 0.0043468
2026-05-08 00:31:49.419 9 INFO neutron.wsgi [None req-b5dddb91-ba21-4219-a99b-8ce5bb34d109 18979071f0b04f498cff60211bee255f d161a8b1ecca44bda59bb6bc3757e210 - - default default] 10.0.0.117 "GET /v2.0/extensions/quotas HTTP/1.1" status: 200 len: 386 time: 0.0035748
2026-05-08 00:31:49.425 9 INFO neutron.wsgi [None req-8b0b4b84-e4dc-4b3b-a12f-0a8af2d8fcd4 18979071f0b04f498cff60211bee255f d161a8b1ecca44bda59bb6bc3757e210 - - default default] 10.0.0.117 "GET /v2.0/extensions/quota_details HTTP/1.1" status: 200 len: 407 time: 0.0033145
2026-05-08 00:31:49.434 10 INFO neutron.wsgi [None req-f3df0cfd-82df-4647-aa4e-bf4f8d6efeb6 18979071f0b04f498cff60211bee255f d161a8b1ecca44bda59bb6bc3757e210 - - default default] 10.0.0.117 "GET /v2.0/extensions/rbac-policies HTTP/1.1" status: 200 len: 417 time: 0.0060902
2026-05-08 00:31:49.443 10 INFO neutron.wsgi [None req-ec9568be-7908-4920-89e3-b244f0f29b53 18979071f0b04f498cff60211bee255f d161a8b1ecca44bda59bb6bc3757e210 - - default default] 10.0.0.117 "GET /v2.0/extensions/rbac-address-scope HTTP/1.1" status: 200 len: 384 time: 0.0058913
2026-05-08 00:31:49.451 9 INFO neutron.wsgi [None req-c44f466c-ff42-44d8-b31e-8c7ab292eee5 18979071f0b04f498cff60211bee255f d161a8b1ecca44bda59bb6bc3757e210 - - default default] 10.0.0.117 "GET /v2.0/extensions/rbac-security-groups HTTP/1.1" status: 200 len: 404 time: 0.0044520
2026-05-08 00:31:49.452 9 INFO neutron.db.ovn_revision_numbers_db [None req-2a1f10d2-b89f-4951-bbe7-024c3fbe7383 - - - - - -] Successfully bumped revision number for resource 0ad71e2e-5f16-4391-bfb3-25359210a292 (type: router_ports) to 3
2026-05-08 00:31:49.457 9 INFO neutron.wsgi [None req-80b9dbea-837e-4efb-8a9a-440458862ed0 18979071f0b04f498cff60211bee255f d161a8b1ecca44bda59bb6bc3757e210 - - default default] 10.0.0.117 "GET /v2.0/extensions/revision-if-match HTTP/1.1" status: 200 len: 441 time: 0.0028989
2026-05-08 00:31:49.471 10 INFO neutron.wsgi [None req-1ba5698a-5e86-469c-a95a-2a29b5d1d646 18979071f0b04f498cff60211bee255f d161a8b1ecca44bda59bb6bc3757e210 - - default default] 10.0.0.117 "GET /v2.0/extensions/standard-attr-revisions HTTP/1.1" status: 200 len: 423 time: 0.0060232
2026-05-08 00:31:49.479 10 INFO neutron.wsgi [None req-d7c601b1-4e5c-4c15-b832-075ca2dc378e 18979071f0b04f498cff60211bee255f d161a8b1ecca44bda59bb6bc3757e210 - - default default] 10.0.0.117 "GET /v2.0/extensions/router_availability_zone HTTP/1.1" status: 200 len: 391 time: 0.0045474
2026-05-08 00:31:49.490 10 INFO neutron.wsgi [None req-5c868d06-504a-4e31-802e-9414ea5a2b66 18979071f0b04f498cff60211bee255f d161a8b1ecca44bda59bb6bc3757e210 - - default default] 10.0.0.117 "GET /v2.0/extensions/security-groups-normalized-cidr HTTP/1.1" status: 200 len: 445 time: 0.0062838
2026-05-08 00:31:49.497 10 INFO neutron.wsgi [None req-7e1fa0f9-39d9-4547-8f72-b0d62c2be6b7 18979071f0b04f498cff60211bee255f d161a8b1ecca44bda59bb6bc3757e210 - - default default] 10.0.0.117 "GET /v2.0/extensions/security-groups-remote-address-group HTTP/1.1" status: 200 len: 448 time: 0.0036490
2026-05-08 00:31:49.506 10 INFO neutron.wsgi [None req-cf64c9d3-5816-44fb-97e9-eb3f192f2a1a 18979071f0b04f498cff60211bee255f d161a8b1ecca44bda59bb6bc3757e210 - - default default] 10.0.0.117 "GET /v2.0/extensions/security-groups-shared-filtering HTTP/1.1" status: 200 len: 435 time: 0.0051465
2026-05-08 00:31:49.512 10 INFO neutron.wsgi [None req-45b01496-f70d-486c-8800-7d04ac1039fa 18979071f0b04f498cff60211bee255f d161a8b1ecca44bda59bb6bc3757e210 - - default default] 10.0.0.117 "GET /v2.0/extensions/security-group HTTP/1.1" status: 200 len: 364 time: 0.0029688
2026-05-08 00:31:49.532 10 INFO neutron.wsgi [None req-32abf1e9-788c-45ae-aeff-59a6d08400f4 18979071f0b04f498cff60211bee255f d161a8b1ecca44bda59bb6bc3757e210 - - default default] 10.0.0.117 "GET /v2.0/extensions/segment HTTP/1.1" status: 200 len: 339 time: 0.0096209
2026-05-08 00:31:49.543 10 INFO neutron.wsgi [None req-416402ba-41ec-4025-a847-07ece34cd68f 18979071f0b04f498cff60211bee255f d161a8b1ecca44bda59bb6bc3757e210 - - default default] 10.0.0.117 "GET /v2.0/extensions/segments-peer-subnet-host-routes HTTP/1.1" status: 200 len: 427 time: 0.0057240
2026-05-08 00:31:49.553 10 INFO neutron.wsgi [None req-de5ef930-c48b-4dc8-b14f-87bdbf9992fb 18979071f0b04f498cff60211bee255f d161a8b1ecca44bda59bb6bc3757e210 - - default default] 10.0.0.117 "GET /v2.0/extensions/service-type HTTP/1.1" status: 200 len: 415 time: 0.0049937
2026-05-08 00:31:49.567 10 INFO neutron.wsgi [None req-964ac19b-f1b6-4b53-ad6a-a93d6e1971f6 18979071f0b04f498cff60211bee255f d161a8b1ecca44bda59bb6bc3757e210 - - default default] 10.0.0.117 "GET /v2.0/extensions/sorting HTTP/1.1" status: 200 len: 377 time: 0.0075934
2026-05-08 00:31:49.581 10 INFO neutron.wsgi [None req-e48c0fec-a3c7-48d4-9006-6c6b9e6bb391 18979071f0b04f498cff60211bee255f d161a8b1ecca44bda59bb6bc3757e210 - - default default] 10.0.0.117 "GET /v2.0/extensions/standard-attr-segment HTTP/1.1" status: 200 len: 406 time: 0.0062466
2026-05-08 00:31:49.595 10 INFO neutron.wsgi [None req-b7df35b5-bef3-4bc0-804c-0910b6f9356a 18979071f0b04f498cff60211bee255f d161a8b1ecca44bda59bb6bc3757e210 - - default default] 10.0.0.117 "GET /v2.0/extensions/standard-attr-description HTTP/1.1" status: 200 len: 408 time: 0.0058854
2026-05-08 00:31:49.605 10 INFO neutron.wsgi [None req-f31410a4-8e43-498b-9baf-37344f0a1807 18979071f0b04f498cff60211bee255f d161a8b1ecca44bda59bb6bc3757e210 - - default default] 10.0.0.117 "GET /v2.0/extensions/stateful-security-group HTTP/1.1" status: 200 len: 402 time: 0.0051112
2026-05-08 00:31:49.614 10 INFO neutron.wsgi [None req-168a98ce-f4df-4daa-8b02-18cf8669c4ae 18979071f0b04f498cff60211bee255f d161a8b1ecca44bda59bb6bc3757e210 - - default default] 10.0.0.117 "GET /v2.0/extensions/subnet-dns-publish-fixed-ip HTTP/1.1" status: 200 len: 421 time: 0.0042312
2026-05-08 00:31:49.624 9 INFO neutron.wsgi [None req-d7f58804-6f60-47a4-bfd4-49db53246cd0 18979071f0b04f498cff60211bee255f d161a8b1ecca44bda59bb6bc3757e210 - - default default] 10.0.0.117 "GET /v2.0/extensions/subnet-segmentid-writable HTTP/1.1" status: 200 len: 421 time: 0.0047650
2026-05-08 00:31:49.630 9 INFO neutron.wsgi [None req-e7c3db61-8dc8-416d-9c43-4c3b4691f90f 18979071f0b04f498cff60211bee255f d161a8b1ecca44bda59bb6bc3757e210 - - default default] 10.0.0.117 "GET /v2.0/extensions/subnet-service-types HTTP/1.1" status: 200 len: 400 time: 0.0037060
2026-05-08 00:31:49.638 9 INFO neutron.wsgi [None req-0db3bfdd-f393-4ece-8b6b-956c8d55ab43 18979071f0b04f498cff60211bee255f d161a8b1ecca44bda59bb6bc3757e210 - - default default] 10.0.0.117 "GET /v2.0/extensions/subnet_allocation HTTP/1.1" status: 200 len: 388 time: 0.0041790
2026-05-08 00:31:49.652 10 INFO neutron.wsgi [None req-e84adf49-e449-4ea2-a687-30c91f1f76f1 18979071f0b04f498cff60211bee255f d161a8b1ecca44bda59bb6bc3757e210 - - default default] 10.0.0.117 "GET /v2.0/extensions/subnetpool-prefix-ops HTTP/1.1" status: 200 len: 418 time: 0.0098577
2026-05-08 00:31:49.660 10 INFO neutron.wsgi [None req-bc62e0d8-b58b-49e1-a2a5-98f27f752913 18979071f0b04f498cff60211bee255f d161a8b1ecca44bda59bb6bc3757e210 - - default default] 10.0.0.117 "GET /v2.0/extensions/standard-attr-tag HTTP/1.1" status: 200 len: 537 time: 0.0036857
2026-05-08 00:31:49.670 9 INFO neutron.wsgi [None req-7a8961c3-d03f-4fde-a737-b25304102a4e 18979071f0b04f498cff60211bee255f d161a8b1ecca44bda59bb6bc3757e210 - - default default] 10.0.0.117 "GET /v2.0/extensions/standard-attr-timestamp HTTP/1.1" status: 200 len: 449 time: 0.0062299
2026-05-08 00:31:49.680 10 INFO neutron.wsgi [None req-c900556b-b47d-4058-8c34-3286139504fe 18979071f0b04f498cff60211bee255f d161a8b1ecca44bda59bb6bc3757e210 - - default default] 10.0.0.117 "GET /v2.0/extensions/trunk HTTP/1.1" status: 200 len: 358 time: 0.0051584
2026-05-08 00:31:49.686 10 INFO neutron.wsgi [None req-b2b9191d-c7d9-4228-a005-19f7035ed957 18979071f0b04f498cff60211bee255f d161a8b1ecca44bda59bb6bc3757e210 - - default default] 10.0.0.117 "GET /v2.0/extensions/trunk-details HTTP/1.1" status: 200 len: 362 time: 0.0036347
2026-05-08 00:31:49.774 9 INFO neutron.db.ovn_revision_numbers_db [None req-2a1f10d2-b89f-4951-bbe7-024c3fbe7383 - - - - - -] Successfully bumped revision number for resource 0ad71e2e-5f16-4391-bfb3-25359210a292 (type: ports) to 2
2026-05-08 00:31:49.893 9 INFO neutron.db.ovn_revision_numbers_db [None req-9583a055-c80b-44cd-8aae-1053d0b9f374 0fb40b06839f4c78ba8ee0b69fbea403 0b2993e83ede4f8f980db4a667b5029e - - default default] Successfully bumped revision number for resource 82ef8835-3ce3-44dc-b252-b4ad7a17d1ae (type: security_groups) to 1
2026-05-08 00:31:49.916 9 INFO neutron.db.ovn_revision_numbers_db [None req-9583a055-c80b-44cd-8aae-1053d0b9f374 0fb40b06839f4c78ba8ee0b69fbea403 0b2993e83ede4f8f980db4a667b5029e - - default default] Successfully bumped revision number for resource 05860d02-a127-411e-a0e1-e36ee50edf6a (type: security_group_rules) to 0
2026-05-08 00:31:49.936 9 INFO neutron.db.ovn_revision_numbers_db [None req-9583a055-c80b-44cd-8aae-1053d0b9f374 0fb40b06839f4c78ba8ee0b69fbea403 0b2993e83ede4f8f980db4a667b5029e - - default default] Successfully bumped revision number for resource 663acaea-fa49-4cea-97b1-3f10d5108370 (type: security_group_rules) to 0
2026-05-08 00:31:49.959 9 INFO neutron.wsgi [None req-9583a055-c80b-44cd-8aae-1053d0b9f374 0fb40b06839f4c78ba8ee0b69fbea403 0b2993e83ede4f8f980db4a667b5029e - - default default] 10.0.0.117 "POST /v2.0/security-groups HTTP/1.1" status: 201 len: 1794 time: 0.2282102
2026-05-08 00:31:50.026 9 INFO neutron.db.ovn_revision_numbers_db [None req-2a1f10d2-b89f-4951-bbe7-024c3fbe7383 - - - - - -] Successfully bumped revision number for resource 0ad71e2e-5f16-4391-bfb3-25359210a292 (type: ports) to 4
2026-05-08 00:31:50.157 10 INFO neutron.db.ovn_revision_numbers_db [None req-f2267ca7-0d36-4f93-973f-c3c7048b4b14 0fb40b06839f4c78ba8ee0b69fbea403 0b2993e83ede4f8f980db4a667b5029e - - default default] Successfully bumped revision number for resource aabb23b7-70c0-4f60-8e4e-55d94eab3f7c (type: security_group_rules) to 0
2026-05-08 00:31:50.172 10 INFO neutron.db.ovn_revision_numbers_db [None req-483caf6a-fef6-4b41-8abf-e09717621b1c 0463e353845149b3925bd849625498db 1d5d15bc86544c60ada5cc17c75da708 - - default default] Successfully bumped revision number for resource 805423b5-8c6f-4bf6-b36d-654945e986d6 (type: router_ports) to 1
2026-05-08 00:31:50.174 10 INFO neutron.wsgi [None req-483caf6a-fef6-4b41-8abf-e09717621b1c 0463e353845149b3925bd849625498db 1d5d15bc86544c60ada5cc17c75da708 - - default default] 10.0.0.117 "PUT /v2.0/routers/67838937-989f-42be-bbda-bcfbce9e3ad6/add_router_interface HTTP/1.1" status: 200 len: 503 time: 3.0815372
2026-05-08 00:31:50.204 10 INFO neutron.wsgi [req-66c63aba-1cfd-49de-9551-7fcd09f3f415 req-fd0e87dd-0f60-406f-9047-66260643eab1 f7326ac6f4524b669bd782504f9773ef 4bf5e44dd4fa4d7c8e8075d1a267b10e - - default default] 10.0.0.107 "GET /v2.0/ports?device_id=e55206d3-a495-40de-892b-dbff2f6e7955 HTTP/1.1" status: 200 len: 1168 time: 0.0496635
2026-05-08 00:31:50.208 10 INFO neutron.wsgi [None req-f2267ca7-0d36-4f93-973f-c3c7048b4b14 0fb40b06839f4c78ba8ee0b69fbea403 0b2993e83ede4f8f980db4a667b5029e - - default default] 10.0.0.117 "POST /v2.0/security-group-rules HTTP/1.1" status: 201 len: 764 time: 0.2432675
2026-05-08 00:31:50.268 10 INFO neutron.wsgi [req-66c63aba-1cfd-49de-9551-7fcd09f3f415 req-acfa00a9-d803-42d8-8e6b-31722341432e f7326ac6f4524b669bd782504f9773ef 4bf5e44dd4fa4d7c8e8075d1a267b10e - - default default] 10.0.0.107 "GET /v2.0/security-groups?id=af583080-332a-4013-9447-63991bfecc7d&fields=id&fields=name HTTP/1.1" status: 200 len: 312 time: 0.0551698
2026-05-08 00:31:50.300 9 INFO neutron.db.ovn_revision_numbers_db [None req-2a1f10d2-b89f-4951-bbe7-024c3fbe7383 - - - - - -] Successfully bumped revision number for resource 0ad71e2e-5f16-4391-bfb3-25359210a292 (type: router_ports) to 4
2026-05-08 00:31:50.350 10 INFO neutron.db.ovn_revision_numbers_db [None req-4ca7216b-100f-4cf8-a15c-940ddf6e766b 0fb40b06839f4c78ba8ee0b69fbea403 0b2993e83ede4f8f980db4a667b5029e - - default default] Successfully bumped revision number for resource deabfaed-068b-4468-b8eb-c439307b1a22 (type: security_group_rules) to 0
2026-05-08 00:31:50.373 10 INFO neutron.wsgi [None req-4ca7216b-100f-4cf8-a15c-940ddf6e766b 0fb40b06839f4c78ba8ee0b69fbea403 0b2993e83ede4f8f980db4a667b5029e - - default default] 10.0.0.117 "POST /v2.0/security-group-rules HTTP/1.1" status: 201 len: 769 time: 0.1593907
2026-05-08 00:31:50.460 9 INFO neutron.db.ovn_revision_numbers_db [None req-57b56a12-af3f-440a-bfcf-1bb2cfdc432c 0463e353845149b3925bd849625498db 1d5d15bc86544c60ada5cc17c75da708 - - default default] Successfully bumped revision number for resource 4f2936d3-d464-42c8-abf3-d31ca535e420 (type: security_groups) to 1
2026-05-08 00:31:50.485 9 INFO neutron.db.ovn_revision_numbers_db [None req-57b56a12-af3f-440a-bfcf-1bb2cfdc432c 0463e353845149b3925bd849625498db 1d5d15bc86544c60ada5cc17c75da708 - - default default] Successfully bumped revision number for resource 4d4a2055-dd55-4076-91a3-4f36662b298f (type: security_group_rules) to 0
2026-05-08 00:31:50.522 9 INFO neutron.db.ovn_revision_numbers_db [None req-57b56a12-af3f-440a-bfcf-1bb2cfdc432c 0463e353845149b3925bd849625498db 1d5d15bc86544c60ada5cc17c75da708 - - default default] Successfully bumped revision number for resource 8e09faaf-d95a-49be-bbcc-ea0ce1dcecb9 (type: security_group_rules) to 0
2026-05-08 00:31:50.550 9 INFO neutron.db.ovn_revision_numbers_db [None req-57b56a12-af3f-440a-bfcf-1bb2cfdc432c 0463e353845149b3925bd849625498db 1d5d15bc86544c60ada5cc17c75da708 - - default default] Successfully bumped revision number for resource afd6a991-30ab-4369-ba49-0968b7e69f3a (type: security_group_rules) to 0
2026-05-08 00:31:50.572 9 INFO neutron.db.ovn_revision_numbers_db [None req-57b56a12-af3f-440a-bfcf-1bb2cfdc432c 0463e353845149b3925bd849625498db 1d5d15bc86544c60ada5cc17c75da708 - - default default] Successfully bumped revision number for resource dbe6b16a-e30b-4599-a280-0e4cf20664be (type: security_group_rules) to 0
2026-05-08 00:31:50.613 9 INFO neutron.wsgi [None req-57b56a12-af3f-440a-bfcf-1bb2cfdc432c 0463e353845149b3925bd849625498db 1d5d15bc86544c60ada5cc17c75da708 - - default default] 10.0.0.117 "GET /v2.0/security-groups?tenant_id=d161a8b1ecca44bda59bb6bc3757e210&name=default HTTP/1.1" status: 200 len: 2996 time: 0.3886824
2026-05-08 00:31:50.685 9 WARNING neutron.scheduler.dhcp_agent_scheduler [None req-b89fb6d1-df58-4054-9f60-f07a77e9b6e3 0fb40b06839f4c78ba8ee0b69fbea403 0b2993e83ede4f8f980db4a667b5029e - - default default] No more DHCP agents
2026-05-08 00:31:50.687 9 WARNING neutron.api.rpc.agentnotifiers.dhcp_rpc_agent_api [None req-b89fb6d1-df58-4054-9f60-f07a77e9b6e3 0fb40b06839f4c78ba8ee0b69fbea403 0b2993e83ede4f8f980db4a667b5029e - - default default] Unable to schedule network 599c20c8-755e-492a-8bdb-db4f1baaae13: no agents available; will retry on subsequent port and subnet creation events.
2026-05-08 00:31:50.840 10 INFO neutron.wsgi [None req-5aaafa99-cff1-4e45-9e97-5a64ed9d68c3 0463e353845149b3925bd849625498db 1d5d15bc86544c60ada5cc17c75da708 - - default default] 10.0.0.117 "DELETE /v2.0/security-groups/4f2936d3-d464-42c8-abf3-d31ca535e420 HTTP/1.1" status: 204 len: 168 time: 0.2214470
2026-05-08 00:31:50.912 10 INFO neutron.db.ovn_revision_numbers_db [None req-5455f916-626f-4488-a7ff-7e206a0e89d3 dcc34a1e3ce5420eb040fe1f9617d18e 6a86b9aca98a465fb419ccf81c6c54b0 - - default default] Successfully bumped revision number for resource 9e316118-087f-4381-92f0-1d994ac64a21 (type: security_groups) to 1
2026-05-08 00:31:50.927 10 INFO neutron.db.ovn_revision_numbers_db [None req-5455f916-626f-4488-a7ff-7e206a0e89d3 dcc34a1e3ce5420eb040fe1f9617d18e 6a86b9aca98a465fb419ccf81c6c54b0 - - default default] Successfully bumped revision number for resource c643b1ab-4128-4043-978a-816ddc0d3b1c (type: security_group_rules) to 0
2026-05-08 00:31:50.940 10 INFO neutron.db.ovn_revision_numbers_db [None req-5455f916-626f-4488-a7ff-7e206a0e89d3 dcc34a1e3ce5420eb040fe1f9617d18e 6a86b9aca98a465fb419ccf81c6c54b0 - - default default] Successfully bumped revision number for resource e3f3ca47-7eac-4ecf-a67d-db308d86166c (type: security_group_rules) to 0
2026-05-08 00:31:50.965 10 INFO neutron.wsgi [None req-5455f916-626f-4488-a7ff-7e206a0e89d3 dcc34a1e3ce5420eb040fe1f9617d18e 6a86b9aca98a465fb419ccf81c6c54b0 - - default default] 10.0.0.117 "POST /v2.0/security-groups HTTP/1.1" status: 201 len: 1797 time: 0.1969876
2026-05-08 00:31:51.057 9 INFO neutron.db.ovn_revision_numbers_db [None req-b89fb6d1-df58-4054-9f60-f07a77e9b6e3 0fb40b06839f4c78ba8ee0b69fbea403 0b2993e83ede4f8f980db4a667b5029e - - default default] Successfully bumped revision number for resource b185d3b4-35b3-4f8c-bedf-2898fa5473d8 (type: floatingips) to 0
2026-05-08 00:31:51.073 9 INFO neutron.wsgi [None req-b89fb6d1-df58-4054-9f60-f07a77e9b6e3 0fb40b06839f4c78ba8ee0b69fbea403 0b2993e83ede4f8f980db4a667b5029e - - default default] 10.0.0.117 "POST /v2.0/floatingips HTTP/1.1" status: 201 len: 751 time: 0.6948476
2026-05-08 00:31:51.078 10 INFO neutron.db.ovn_revision_numbers_db [None req-cdad24e4-f971-4838-b28b-a791e18ad9f3 dcc34a1e3ce5420eb040fe1f9617d18e 6a86b9aca98a465fb419ccf81c6c54b0 - - default default] Successfully bumped revision number for resource 4d3b9265-7e9a-47c8-8720-22bb403de4ef (type: security_group_rules) to 0
2026-05-08 00:31:51.122 10 INFO neutron.wsgi [None req-cdad24e4-f971-4838-b28b-a791e18ad9f3 dcc34a1e3ce5420eb040fe1f9617d18e 6a86b9aca98a465fb419ccf81c6c54b0 - - default default] 10.0.0.117 "POST /v2.0/security-group-rules HTTP/1.1" status: 201 len: 764 time: 0.1513093
2026-05-08 00:31:51.233 10 INFO neutron.db.ovn_revision_numbers_db [None req-8af8869c-03bf-4d8d-93ff-0e33e114aef8 dcc34a1e3ce5420eb040fe1f9617d18e 6a86b9aca98a465fb419ccf81c6c54b0 - - default default] Successfully bumped revision number for resource ab2791d2-64ce-4bf4-8a18-7bb36cda95da (type: security_group_rules) to 0
2026-05-08 00:31:51.238 9 INFO neutron.plugins.ml2.drivers.ovn.mech_driver.mech_driver [None req-f1f241f9-f200-4e42-8034-3e52ebd18bc7 - - - - - -] OVN reports status up for port: 04c9ce8e-6097-4150-9f4c-def090260109
2026-05-08 00:31:51.250 9 INFO neutron.plugins.ml2.plugin [None req-f1f241f9-f200-4e42-8034-3e52ebd18bc7 - - - - - -] Attempt 1 to provision port 04c9ce8e-6097-4150-9f4c-def090260109
2026-05-08 00:31:51.259 10 INFO neutron.wsgi [None req-8af8869c-03bf-4d8d-93ff-0e33e114aef8 dcc34a1e3ce5420eb040fe1f9617d18e 6a86b9aca98a465fb419ccf81c6c54b0 - - default default] 10.0.0.117 "POST /v2.0/security-group-rules HTTP/1.1" status: 201 len: 769 time: 0.1321161
2026-05-08 00:31:51.404 9 INFO neutron.notifiers.nova [-] Nova event matching ['req-a521ed54-659f-4219-a95f-839a9d4277ab'] response: {'server_uuid': 'e55206d3-a495-40de-892b-dbff2f6e7955', 'name': 'network-vif-plugged', 'status': 'completed', 'tag': '04c9ce8e-6097-4150-9f4c-def090260109', 'code': 200}
2026-05-08 00:31:51.484 10 INFO neutron.wsgi [req-fb9acbab-f1de-437a-8df9-85f7aeb9c994 req-90f0adb7-10b0-49db-8b84-c8b909faa50b f7326ac6f4524b669bd782504f9773ef 4bf5e44dd4fa4d7c8e8075d1a267b10e - - default default] 10.0.0.107 "GET /v2.0/ports?device_id=e55206d3-a495-40de-892b-dbff2f6e7955 HTTP/1.1" status: 200 len: 1168 time: 0.1479642
2026-05-08 00:31:51.539 10 INFO neutron.wsgi [req-fb9acbab-f1de-437a-8df9-85f7aeb9c994 req-369e1882-679b-49b3-99f1-8c1a9fdae7d8 f7326ac6f4524b669bd782504f9773ef 4bf5e44dd4fa4d7c8e8075d1a267b10e - - default default] 10.0.0.107 "GET /v2.0/security-groups?id=af583080-332a-4013-9447-63991bfecc7d&fields=id&fields=name HTTP/1.1" status: 200 len: 312 time: 0.0506692
2026-05-08 00:31:51.644 9 INFO neutron.wsgi [req-887418f8-1c57-4d1c-bf7a-c58876bd9b51 req-546b1bf0-663a-4f5d-99df-1244ec7d33d6 0fb40b06839f4c78ba8ee0b69fbea403 0b2993e83ede4f8f980db4a667b5029e - - default default] 10.0.0.107 "GET /v2.0/security-groups?name=tempest-securitygroup--69627600&fields=id&tenant_id=0b2993e83ede4f8f980db4a667b5029e HTTP/1.1" status: 200 len: 267 time: 0.0758717
2026-05-08 00:31:51.669 9 INFO neutron.db.ovn_revision_numbers_db [None req-f1f241f9-f200-4e42-8034-3e52ebd18bc7 - - - - - -] Successfully bumped revision number for resource 04c9ce8e-6097-4150-9f4c-def090260109 (type: ports) to 4
2026-05-08 00:31:51.684 9 WARNING neutron.scheduler.dhcp_agent_scheduler [None req-9472d1b2-4655-43c5-acaa-ee494ee37544 dcc34a1e3ce5420eb040fe1f9617d18e 6a86b9aca98a465fb419ccf81c6c54b0 - - default default] No more DHCP agents
2026-05-08 00:31:51.688 9 WARNING neutron.api.rpc.agentnotifiers.dhcp_rpc_agent_api [None req-9472d1b2-4655-43c5-acaa-ee494ee37544 dcc34a1e3ce5420eb040fe1f9617d18e 6a86b9aca98a465fb419ccf81c6c54b0 - - default default] Unable to schedule network 599c20c8-755e-492a-8bdb-db4f1baaae13: no agents available; will retry on subsequent port and subnet creation events.
2026-05-08 00:31:51.759 9 INFO neutron.wsgi [req-887418f8-1c57-4d1c-bf7a-c58876bd9b51 req-a80e0a40-f8aa-4758-a16c-fab843fc60fc 0fb40b06839f4c78ba8ee0b69fbea403 0b2993e83ede4f8f980db4a667b5029e - - default default] 10.0.0.107 "GET /v2.0/networks?id=74af1962-9fd6-425d-854b-4ffe1cb5635d HTTP/1.1" status: 200 len: 875 time: 0.1066201 /var/lib/openstack/lib/python3.10/site-packages/pycadf/identifier.py:71: UserWarning: Invalid uuid: neutron. To ensure interoperability, identifiers should be a valid uuid. warnings.warn(('Invalid uuid: %s. To ensure interoperability, '
2026-05-08 00:31:51.786 9 INFO neutron.wsgi [req-887418f8-1c57-4d1c-bf7a-c58876bd9b51 req-4399a0fb-5b74-4d74-a25f-2b1f3a7a9648 0fb40b06839f4c78ba8ee0b69fbea403 0b2993e83ede4f8f980db4a667b5029e - - default default] 10.0.0.107 "GET /v2.0/quotas/0b2993e83ede4f8f980db4a667b5029e HTTP/1.1" status: 200 len: 386 time: 0.0174141
2026-05-08 00:31:51.902 9 INFO neutron.wsgi [req-887418f8-1c57-4d1c-bf7a-c58876bd9b51 req-87e66cd4-e706-4cbd-917b-fe8f3dacfbf4 0fb40b06839f4c78ba8ee0b69fbea403 0b2993e83ede4f8f980db4a667b5029e - - default default] 10.0.0.107 "GET /v2.0/ports?tenant_id=0b2993e83ede4f8f980db4a667b5029e&fields=id HTTP/1.1" status: 200 len: 302 time: 0.1076722
2026-05-08 00:31:52.235 9 INFO neutron.db.ovn_revision_numbers_db [None req-9472d1b2-4655-43c5-acaa-ee494ee37544 dcc34a1e3ce5420eb040fe1f9617d18e 6a86b9aca98a465fb419ccf81c6c54b0 - - default default] Successfully bumped revision number for resource 2cbd9db4-4fb7-4704-a92d-68ec17c6d785 (type: floatingips) to 0
2026-05-08 00:31:52.253 9 INFO neutron.wsgi [None req-9472d1b2-4655-43c5-acaa-ee494ee37544 dcc34a1e3ce5420eb040fe1f9617d18e 6a86b9aca98a465fb419ccf81c6c54b0 - - default default] 10.0.0.117 "POST /v2.0/floatingips HTTP/1.1" status: 201 len: 751 time: 0.9852295
2026-05-08 00:31:52.329 9 INFO neutron.wsgi [req-887418f8-1c57-4d1c-bf7a-c58876bd9b51 req-1aca3a7a-0d63-4280-8f28-5a5067e0e299 3f8b8309b3ca466c8c300f1c89d3bcec f141bb3719024ae29a6a7b9890274bf6 - - 0447f99a6f7b4f63bba8b724b57b4524 0447f99a6f7b4f63bba8b724b57b4524] 10.0.0.107 "GET /v2.0/extensions HTTP/1.1" status: 200 len: 16525 time: 0.0466690
2026-05-08 00:31:52.395 9 INFO neutron.wsgi [req-887418f8-1c57-4d1c-bf7a-c58876bd9b51 req-0d0023de-e1d3-437e-bd8d-fc37068f20fe 3f8b8309b3ca466c8c300f1c89d3bcec f141bb3719024ae29a6a7b9890274bf6 - - 0447f99a6f7b4f63bba8b724b57b4524 0447f99a6f7b4f63bba8b724b57b4524] 10.0.0.107 "GET /v2.0/networks/74af1962-9fd6-425d-854b-4ffe1cb5635d?fields=segments HTTP/1.1" status: 200 len: 212 time: 0.0601063
2026-05-08 00:31:52.456 9 INFO neutron.wsgi [req-887418f8-1c57-4d1c-bf7a-c58876bd9b51 req-d9790cd9-10e1-4ef3-9091-250f1a216a98 3f8b8309b3ca466c8c300f1c89d3bcec f141bb3719024ae29a6a7b9890274bf6 - - 0447f99a6f7b4f63bba8b724b57b4524 0447f99a6f7b4f63bba8b724b57b4524] 10.0.0.107 "GET /v2.0/networks/74af1962-9fd6-425d-854b-4ffe1cb5635d?fields=provider%3Aphysical_network&fields=provider%3Anetwork_type HTTP/1.1" status: 200 len: 277 time: 0.0565522
2026-05-08 00:31:52.640 9 INFO neutron.wsgi [req-a2606acf-d939-492c-bd1e-f6130b90824b req-89018831-f942-4492-ad15-eba1fdbd4294 0fb40b06839f4c78ba8ee0b69fbea403 0b2993e83ede4f8f980db4a667b5029e - - default default] 10.0.0.107 "GET /v2.0/ports?device_id=5771df6f-e733-46c8-b3ed-9a16ad29badb HTTP/1.1" status: 200 len: 210 time: 0.0221338
2026-05-08 00:31:52.654 10 INFO neutron.wsgi [req-eef059a5-a70a-4d69-b3ac-f221ae501286 req-926e79f6-2236-4e63-8add-de2a77fa7c23 f7326ac6f4524b669bd782504f9773ef 4bf5e44dd4fa4d7c8e8075d1a267b10e - - default default] 10.0.0.107 "GET /v2.0/ports?device_id=e55206d3-a495-40de-892b-dbff2f6e7955 HTTP/1.1" status: 200 len: 1170 time: 0.0429161
2026-05-08 00:31:52.721 10 INFO neutron.wsgi [req-eef059a5-a70a-4d69-b3ac-f221ae501286 req-91cc6544-a86b-4abf-bdbe-0ca59861fb22 f7326ac6f4524b669bd782504f9773ef 4bf5e44dd4fa4d7c8e8075d1a267b10e - - default default] 10.0.0.107 "GET /v2.0/security-groups?id=af583080-332a-4013-9447-63991bfecc7d&fields=id&fields=name HTTP/1.1" status: 200 len: 312 time: 0.0561907
2026-05-08 00:31:52.776 10 INFO neutron.db.ovn_revision_numbers_db [None req-dd8851e4-bda1-4dab-925c-f19cdd4a9fce bfdc38189849420282928dd1871baa9f 6d4ed677d24f413a88ae54c03d970d83 - - default default] Successfully bumped revision number for resource d6023c77-ea6c-42ed-9a10-f4b2c1ab6c2e (type: security_groups) to 1
2026-05-08 00:31:52.791 10 INFO neutron.db.ovn_revision_numbers_db [None req-dd8851e4-bda1-4dab-925c-f19cdd4a9fce bfdc38189849420282928dd1871baa9f 6d4ed677d24f413a88ae54c03d970d83 - - default default] Successfully bumped revision number for resource 1bb99a4f-678d-47ca-abef-dc392852863f (type: security_group_rules) to 0
2026-05-08 00:31:52.810 10 INFO neutron.db.ovn_revision_numbers_db [None req-dd8851e4-bda1-4dab-925c-f19cdd4a9fce bfdc38189849420282928dd1871baa9f 6d4ed677d24f413a88ae54c03d970d83 - - default default] Successfully bumped revision number for resource 6fdc8ef8-1995-4433-9594-707a92cb9791 (type: security_group_rules) to 0
2026-05-08 00:31:52.827 10 INFO neutron.db.ovn_revision_numbers_db [None req-dd8851e4-bda1-4dab-925c-f19cdd4a9fce bfdc38189849420282928dd1871baa9f 6d4ed677d24f413a88ae54c03d970d83 - - default default] Successfully bumped revision number for resource 80c75714-cbcc-4e81-af0a-77b9f069564c (type: security_group_rules) to 0
2026-05-08 00:31:52.842 10 INFO neutron.db.ovn_revision_numbers_db [None req-dd8851e4-bda1-4dab-925c-f19cdd4a9fce bfdc38189849420282928dd1871baa9f 6d4ed677d24f413a88ae54c03d970d83 - - default default] Successfully bumped revision number for resource bc89436c-0ef1-4f6c-8389-3bfca176a6ba (type: security_group_rules) to 0
2026-05-08 00:31:52.891 9 INFO neutron.wsgi [req-b3045926-a819-436b-9b2d-a65c653353dc req-cc6457a6-b7c1-413f-85f0-449b7743f16b f7326ac6f4524b669bd782504f9773ef 4bf5e44dd4fa4d7c8e8075d1a267b10e - - default default] 10.0.0.107 "GET /v2.0/ports?device_id=e55206d3-a495-40de-892b-dbff2f6e7955 HTTP/1.1" status: 200 len: 1170 time: 0.0830867
2026-05-08 00:31:52.946 10 INFO neutron.db.segments_db [None req-dd8851e4-bda1-4dab-925c-f19cdd4a9fce bfdc38189849420282928dd1871baa9f 6d4ed677d24f413a88ae54c03d970d83 - - default default] Added segment c22c192c-4def-4981-90eb-6f5fa118222a of type geneve for network 1d7ae842-1a9e-4b86-bc56-501757a365b3
2026-05-08 00:31:52.983 10 WARNING neutron.plugins.ml2.drivers.ovn.mech_driver.ovsdb.ovn_client [None req-19c09000-c697-40ab-ad22-53a8c9c4a4e4 - - - - - -] No hosting information found for port 7004ef42-31ee-48c9-9603-34035ecb8cc6: RuntimeError: No hosting information found for port 7004ef42-31ee-48c9-9603-34035ecb8cc6
2026-05-08 00:31:52.983 10 INFO neutron.plugins.ml2.drivers.ovn.mech_driver.mech_driver [None req-19c09000-c697-40ab-ad22-53a8c9c4a4e4 - - - - - -] OVN reports status up for port: 805423b5-8c6f-4bf6-b36d-654945e986d6
2026-05-08 00:31:53.003 10 INFO neutron.plugins.ml2.plugin [None req-19c09000-c697-40ab-ad22-53a8c9c4a4e4 - - - - - -] Attempt 1 to provision port 805423b5-8c6f-4bf6-b36d-654945e986d6
2026-05-08 00:31:53.204 9 INFO neutron.db.l3_db [None req-27d5e618-40f1-4351-b738-e521995f453f f7326ac6f4524b669bd782504f9773ef 4bf5e44dd4fa4d7c8e8075d1a267b10e - - default default] Floating IP 767192b8-bce6-4dcd-85c1-74d17b765870 associated. External IP: 10.96.250.202, port: 04c9ce8e-6097-4150-9f4c-def090260109.
2026-05-08 00:31:53.294 10 INFO neutron.db.segments_db [None req-dd8851e4-bda1-4dab-925c-f19cdd4a9fce bfdc38189849420282928dd1871baa9f 6d4ed677d24f413a88ae54c03d970d83 - - default default] Added segment 8a41cb28-92dd-43dc-ac8b-911b30ca5738 of type geneve for network 56f82a52-92af-46a2-acdb-79e0cfdb4840
2026-05-08 00:31:53.462 9 INFO neutron.db.ovn_revision_numbers_db [None req-27d5e618-40f1-4351-b738-e521995f453f f7326ac6f4524b669bd782504f9773ef 4bf5e44dd4fa4d7c8e8075d1a267b10e - - default default] Successfully bumped revision number for resource 767192b8-bce6-4dcd-85c1-74d17b765870 (type: floatingips) to 1
2026-05-08 00:31:53.512 10 INFO neutron.db.ovn_revision_numbers_db [None req-dd8851e4-bda1-4dab-925c-f19cdd4a9fce bfdc38189849420282928dd1871baa9f 6d4ed677d24f413a88ae54c03d970d83 - - default default] Successfully bumped revision number for resource 1d7ae842-1a9e-4b86-bc56-501757a365b3 (type: networks) to 1
2026-05-08 00:31:53.514 9 INFO neutron.notifiers.nova [-] Nova event matching ['req-00d49974-bf40-45ca-866e-249de8461edc'] response: {'server_uuid': 'e55206d3-a495-40de-892b-dbff2f6e7955', 'name': 'network-vif-plugged', 'status': 'completed', 'tag': '04c9ce8e-6097-4150-9f4c-def090260109', 'code': 200} /var/lib/openstack/lib/python3.10/site-packages/pycadf/identifier.py:71: UserWarning: Invalid uuid: neutron. To ensure interoperability, identifiers should be a valid uuid. warnings.warn(('Invalid uuid: %s. To ensure interoperability, '
2026-05-08 00:31:53.616 9 INFO neutron.wsgi [req-887418f8-1c57-4d1c-bf7a-c58876bd9b51 req-3f3559ef-bf73-4362-8b68-907e021856ad 0fb40b06839f4c78ba8ee0b69fbea403 0b2993e83ede4f8f980db4a667b5029e - - default default] 199.204.45.140 "GET /v2.0/networks?id=74af1962-9fd6-425d-854b-4ffe1cb5635d HTTP/1.1" status: 200 len: 875 time: 0.0781517
2026-05-08 00:31:53.640 9 INFO neutron.db.ovn_revision_numbers_db [None req-27d5e618-40f1-4351-b738-e521995f453f f7326ac6f4524b669bd782504f9773ef 4bf5e44dd4fa4d7c8e8075d1a267b10e - - default default] Successfully bumped revision number for resource 767192b8-bce6-4dcd-85c1-74d17b765870 (type: floatingips) to 2
2026-05-08 00:31:53.679 9 INFO neutron.wsgi [None req-27d5e618-40f1-4351-b738-e521995f453f f7326ac6f4524b669bd782504f9773ef 4bf5e44dd4fa4d7c8e8075d1a267b10e - - default default] 10.0.0.117 "PUT /v2.0/floatingips/767192b8-bce6-4dcd-85c1-74d17b765870 HTTP/1.1" status: 200 len: 1049 time: 0.7770388
2026-05-08 00:31:53.687 9 INFO neutron.wsgi [req-887418f8-1c57-4d1c-bf7a-c58876bd9b51 req-1f2d6845-28d8-4300-a1d7-1518b6a9408a 0fb40b06839f4c78ba8ee0b69fbea403 0b2993e83ede4f8f980db4a667b5029e - - default default] 199.204.45.140 "GET /v2.0/security-groups?fields=id&fields=name&tenant_id=0b2993e83ede4f8f980db4a667b5029e HTTP/1.1" status: 200 len: 378 time: 0.0648141
2026-05-08 00:31:53.711 10 INFO neutron.db.ovn_revision_numbers_db [None req-19c09000-c697-40ab-ad22-53a8c9c4a4e4 - - - - - -] Successfully bumped revision number for resource 805423b5-8c6f-4bf6-b36d-654945e986d6 (type: ports) to 2
2026-05-08 00:31:53.744 9 INFO neutron.wsgi [req-c1d9c58f-a6a2-42d9-a139-5c19266fe230 req-f2423e99-aa1d-427a-8e32-5660f8e6afd7 0fb40b06839f4c78ba8ee0b69fbea403 0b2993e83ede4f8f980db4a667b5029e - - default default] 10.0.0.107 "GET /v2.0/ports?device_id=5771df6f-e733-46c8-b3ed-9a16ad29badb HTTP/1.1" status: 200 len: 210 time: 0.0354071
2026-05-08 00:31:53.812 10 INFO neutron.wsgi [req-f907ffef-b809-446b-81f5-443c6bf16b6d req-0b2ad2ab-24a4-437f-b6eb-65970997bb95 f7326ac6f4524b669bd782504f9773ef 4bf5e44dd4fa4d7c8e8075d1a267b10e - - default default] 10.0.0.107 "GET /v2.0/ports?device_id=e55206d3-a495-40de-892b-dbff2f6e7955 HTTP/1.1" status: 200 len: 1170 time: 0.0753422
2026-05-08 00:31:53.857 10 WARNING neutron.scheduler.dhcp_agent_scheduler [None req-dd8851e4-bda1-4dab-925c-f19cdd4a9fce bfdc38189849420282928dd1871baa9f 6d4ed677d24f413a88ae54c03d970d83 - - default default] No more DHCP agents
2026-05-08 00:31:53.872 10 WARNING neutron.api.rpc.agentnotifiers.dhcp_rpc_agent_api [None req-dd8851e4-bda1-4dab-925c-f19cdd4a9fce bfdc38189849420282928dd1871baa9f 6d4ed677d24f413a88ae54c03d970d83 - - default default] Unable to schedule network 1d7ae842-1a9e-4b86-bc56-501757a365b3: no agents available; will retry on subsequent port and subnet creation events.
2026-05-08 00:31:53.901 10 INFO neutron.wsgi [req-f907ffef-b809-446b-81f5-443c6bf16b6d req-9e153f03-c02a-444c-8ef0-f1ac2eb5a031 f7326ac6f4524b669bd782504f9773ef 4bf5e44dd4fa4d7c8e8075d1a267b10e - - default default] 10.0.0.107 "GET /v2.0/security-groups?id=af583080-332a-4013-9447-63991bfecc7d&fields=id&fields=name HTTP/1.1" status: 200 len: 312 time: 0.0780616
2026-05-08 00:31:53.999 10 INFO neutron.db.ovn_revision_numbers_db [None req-19c09000-c697-40ab-ad22-53a8c9c4a4e4 - - - - - -] Successfully bumped revision number for resource 805423b5-8c6f-4bf6-b36d-654945e986d6 (type: router_ports) to 2
2026-05-08 00:31:54.001 10 INFO neutron.db.ovn_revision_numbers_db [None req-dd8851e4-bda1-4dab-925c-f19cdd4a9fce bfdc38189849420282928dd1871baa9f 6d4ed677d24f413a88ae54c03d970d83 - - default default] Successfully bumped revision number for resource 1d4ddfa3-01a0-4e8e-a46a-1af26c7f5ce3 (type: ports) to 1
2026-05-08 00:31:54.100 10 INFO neutron.db.ovn_revision_numbers_db [None req-dd8851e4-bda1-4dab-925c-f19cdd4a9fce bfdc38189849420282928dd1871baa9f 6d4ed677d24f413a88ae54c03d970d83 - - default default] Successfully bumped revision number for resource 56f82a52-92af-46a2-acdb-79e0cfdb4840 (type: networks) to 1
2026-05-08 00:31:54.139 9 WARNING neutron.scheduler.dhcp_agent_scheduler [req-887418f8-1c57-4d1c-bf7a-c58876bd9b51 req-1a955a8c-8760-4c79-90af-1d995a0ac68e 0fb40b06839f4c78ba8ee0b69fbea403 0b2993e83ede4f8f980db4a667b5029e - - default default] No more DHCP agents
2026-05-08 00:31:54.140 9 WARNING neutron.api.rpc.agentnotifiers.dhcp_rpc_agent_api [req-887418f8-1c57-4d1c-bf7a-c58876bd9b51 req-1a955a8c-8760-4c79-90af-1d995a0ac68e 0fb40b06839f4c78ba8ee0b69fbea403 0b2993e83ede4f8f980db4a667b5029e - - default default] Unable to schedule network 74af1962-9fd6-425d-854b-4ffe1cb5635d: no agents available; will retry on subsequent port and subnet creation events.
2026-05-08 00:31:54.271 10 WARNING neutron.scheduler.dhcp_agent_scheduler [None req-dd8851e4-bda1-4dab-925c-f19cdd4a9fce bfdc38189849420282928dd1871baa9f 6d4ed677d24f413a88ae54c03d970d83 - - default default] No more DHCP agents
2026-05-08 00:31:54.275 10 WARNING neutron.api.rpc.agentnotifiers.dhcp_rpc_agent_api [None req-dd8851e4-bda1-4dab-925c-f19cdd4a9fce bfdc38189849420282928dd1871baa9f 6d4ed677d24f413a88ae54c03d970d83 - - default default] Unable to schedule network 56f82a52-92af-46a2-acdb-79e0cfdb4840: no agents available; will retry on subsequent port and subnet creation events.
2026-05-08 00:31:54.300 9 INFO neutron.db.ovn_revision_numbers_db [req-887418f8-1c57-4d1c-bf7a-c58876bd9b51 req-1a955a8c-8760-4c79-90af-1d995a0ac68e 0fb40b06839f4c78ba8ee0b69fbea403 0b2993e83ede4f8f980db4a667b5029e - - default default] Successfully bumped revision number for resource 2851dd2a-17e4-40a5-849b-6d2660936651 (type: ports) to 1
2026-05-08 00:31:54.323 9 INFO neutron.wsgi [req-887418f8-1c57-4d1c-bf7a-c58876bd9b51 req-1a955a8c-8760-4c79-90af-1d995a0ac68e 0fb40b06839f4c78ba8ee0b69fbea403 0b2993e83ede4f8f980db4a667b5029e - - default default] 199.204.45.140 "POST /v2.0/ports HTTP/1.1" status: 201 len: 1162 time: 0.6309905 /var/lib/openstack/lib/python3.10/site-packages/pycadf/identifier.py:71: UserWarning: Invalid uuid: neutron. To ensure interoperability, identifiers should be a valid uuid. warnings.warn(('Invalid uuid: %s. To ensure interoperability, '
2026-05-08 00:31:54.365 10 INFO neutron.db.ovn_revision_numbers_db [None req-dd8851e4-bda1-4dab-925c-f19cdd4a9fce bfdc38189849420282928dd1871baa9f 6d4ed677d24f413a88ae54c03d970d83 - - default default] Successfully bumped revision number for resource bd2b0bdb-8109-48ed-bba5-4cc6ebcb72c3 (type: ports) to 1
2026-05-08 00:31:54.390 10 INFO neutron.wsgi [None req-dd8851e4-bda1-4dab-925c-f19cdd4a9fce bfdc38189849420282928dd1871baa9f 6d4ed677d24f413a88ae54c03d970d83 - - default default] 10.0.0.117 "POST /v2.0/networks HTTP/1.1" status: 201 len: 1446 time: 1.8445077
2026-05-08 00:31:54.537 10 INFO neutron.wsgi [None req-f0815bac-2257-4e03-87ce-5ef3b9148d63 bfdc38189849420282928dd1871baa9f 6d4ed677d24f413a88ae54c03d970d83 - - default default] 10.0.0.117 "GET /v2.0/networks HTTP/1.1" status: 200 len: 2052 time: 0.1347001 /var/lib/openstack/lib/python3.10/site-packages/pycadf/identifier.py:71: UserWarning: Invalid uuid: neutron. To ensure interoperability, identifiers should be a valid uuid. warnings.warn(('Invalid uuid: %s. To ensure interoperability, '
2026-05-08 00:31:54.933 9 INFO neutron.wsgi [req-26c9e36c-322f-4867-be61-8a923692f4fe req-78fd15d1-a96f-465f-be67-7627cc7da0c3 0fb40b06839f4c78ba8ee0b69fbea403 0b2993e83ede4f8f980db4a667b5029e - - default default] 10.0.0.107 "GET /v2.0/ports?device_id=5771df6f-e733-46c8-b3ed-9a16ad29badb HTTP/1.1" status: 200 len: 1172 time: 0.0354588
2026-05-08 00:31:54.990 9 INFO neutron.wsgi [req-26c9e36c-322f-4867-be61-8a923692f4fe req-c7a2caa8-e447-490b-9e8b-2deef35940ff 0fb40b06839f4c78ba8ee0b69fbea403 0b2993e83ede4f8f980db4a667b5029e - - default default] 10.0.0.107 "GET /v2.0/security-groups?id=82ef8835-3ce3-44dc-b252-b4ad7a17d1ae&fields=id&fields=name HTTP/1.1" status: 200 len: 311 time: 0.0498931
2026-05-08 00:31:55.003 9 INFO neutron.db.ovn_revision_numbers_db [req-887418f8-1c57-4d1c-bf7a-c58876bd9b51 req-156e130f-d2aa-40db-994f-72bb952daa45 3f8b8309b3ca466c8c300f1c89d3bcec f141bb3719024ae29a6a7b9890274bf6 - - 0447f99a6f7b4f63bba8b724b57b4524 0447f99a6f7b4f63bba8b724b57b4524] Successfully bumped revision number for resource 2851dd2a-17e4-40a5-849b-6d2660936651 (type: ports) to 2
2026-05-08 00:31:55.144 10 INFO neutron.services.segments.plugin [-] Segment c22c192c-4def-4981-90eb-6f5fa118222a resource provider aggregate not found
2026-05-08 00:31:55.150 10 INFO neutron.services.segments.plugin [-] Segment c22c192c-4def-4981-90eb-6f5fa118222a resource provider aggregate not found
2026-05-08 00:31:55.168 10 INFO neutron.services.segments.plugin [-] Segment c22c192c-4def-4981-90eb-6f5fa118222a resource provider not found; error: Placement Client Error (4xx): {"errors": [{"status": 404, "title": "Not Found", "detail": "The resource could not be found.\n\n No resource provider with uuid c22c192c-4def-4981-90eb-6f5fa118222a found for delete ", "request_id": "req-8a8643ac-1722-442e-91b0-96a8449833b8"}]}
2026-05-08 00:31:55.168 10 INFO neutron.services.segments.plugin [-] Segment c22c192c-4def-4981-90eb-6f5fa118222a resource provider not found; error: Placement Client Error (4xx): {"errors": [{"status": 404, "title": "Not Found", "detail": "The resource could not be found.\n\n No resource provider with uuid c22c192c-4def-4981-90eb-6f5fa118222a found for delete ", "request_id": "req-9faf0b50-9915-40f3-b6bf-8d512ba2ac97"}]}
2026-05-08 00:31:55.202 10 INFO neutron.wsgi [None req-42f2a1a2-6f6e-424b-adb7-75aa315d4762 bfdc38189849420282928dd1871baa9f 6d4ed677d24f413a88ae54c03d970d83 - - default default] 10.0.0.117 "DELETE /v2.0/networks/1d7ae842-1a9e-4b86-bc56-501757a365b3 HTTP/1.1" status: 204 len: 168 time: 0.6580138 /var/lib/openstack/lib/python3.10/site-packages/pycadf/identifier.py:71: UserWarning: Invalid uuid: neutron. To ensure interoperability, identifiers should be a valid uuid. warnings.warn(('Invalid uuid: %s. To ensure interoperability, '
