2026-05-07 23:59:25.810 10 INFO neutron.wsgi [-] 10.0.0.213 "GET / HTTP/1.1" status: 200 len: 247 time: 0.0033357
2026-05-07 23:59:40.808 9 INFO neutron.wsgi [-] 10.0.0.213 "GET / HTTP/1.1" status: 200 len: 247 time: 0.0017416
2026-05-07 23:59:40.810 10 INFO neutron.wsgi [-] 10.0.0.213 "GET / HTTP/1.1" status: 200 len: 247 time: 0.0028915
2026-05-07 23:59:55.808 10 INFO neutron.wsgi [-] 10.0.0.213 "GET / HTTP/1.1" status: 200 len: 247 time: 0.0023351
2026-05-07 23:59:55.811 9 INFO neutron.wsgi [-] 10.0.0.213 "GET / HTTP/1.1" status: 200 len: 247 time: 0.0048876
2026-05-08 00:00:10.809 9 INFO neutron.wsgi [-] 10.0.0.213 "GET / HTTP/1.1" status: 200 len: 247 time: 0.0024362
2026-05-08 00:00:10.810 10 INFO neutron.wsgi [-] 10.0.0.213 "GET / HTTP/1.1" status: 200 len: 247 time: 0.0034487
2026-05-08 00:00:25.808 9 INFO neutron.wsgi [-] 10.0.0.213 "GET / HTTP/1.1" status: 200 len: 247 time: 0.0017612
2026-05-08 00:00:25.809 10 INFO neutron.wsgi [-] 10.0.0.213 "GET / HTTP/1.1" status: 200 len: 247 time: 0.0025387
2026-05-08 00:00:40.808 10 INFO neutron.wsgi [-] 10.0.0.213 "GET / HTTP/1.1" status: 200 len: 247 time: 0.0023882
2026-05-08 00:00:40.813 10 INFO neutron.wsgi [-] 10.0.0.213 "GET / HTTP/1.1" status: 200 len: 247 time: 0.0029111
2026-05-08 00:00:55.808 10 INFO neutron.wsgi [-] 10.0.0.213 "GET / HTTP/1.1" status: 200 len: 247 time: 0.0017819
2026-05-08 00:00:55.812 9 INFO neutron.wsgi [-] 10.0.0.213 "GET / HTTP/1.1" status: 200 len: 247 time: 0.0058339
2026-05-08 00:01:10.810 9 INFO neutron.wsgi [-] 10.0.0.213 "GET / HTTP/1.1" status: 200 len: 247 time: 0.0031984
2026-05-08 00:01:10.813 9 INFO neutron.wsgi [-] 10.0.0.213 "GET / HTTP/1.1" status: 200 len: 247 time: 0.0025575
2026-05-08 00:01:25.809 10 INFO neutron.wsgi [-] 10.0.0.213 "GET / HTTP/1.1" status: 200 len: 247 time: 0.0017993
2026-05-08 00:01:25.810 9 INFO neutron.wsgi [-] 10.0.0.213 "GET / HTTP/1.1" status: 200 len: 247 time: 0.0023899
2026-05-08 00:01:40.808 9 INFO neutron.wsgi [-] 10.0.0.213 "GET / HTTP/1.1" status: 200 len: 247 time: 0.0023081
2026-05-08 00:01:40.809 10 INFO neutron.wsgi [-] 10.0.0.213 "GET / HTTP/1.1" status: 200 len: 247 time: 0.0030463
2026-05-08 00:01:55.807 10 INFO neutron.wsgi [-] 10.0.0.213 "GET / HTTP/1.1" status: 200 len: 247 time: 0.0015900
2026-05-08 00:01:55.810 9 INFO neutron.wsgi [-] 10.0.0.213 "GET / HTTP/1.1" status: 200 len: 247 time: 0.0034726
2026-05-08 00:02:06.682 15 INFO neutron.db.ovn_revision_numbers_db [None req-3b2d6c6b-ba43-48ad-99dc-77ae7a9617dd - - - - - -] Successfully bumped revision number for resource 599c20c8-755e-492a-8bdb-db4f1baaae13 (type: networks) to 2
2026-05-08 00:02:06.683 15 INFO neutron.plugins.ml2.drivers.ovn.mech_driver.ovsdb.maintenance [None req-3b2d6c6b-ba43-48ad-99dc-77ae7a9617dd - - - - - -] Maintenance task: Synchronization finished (took 0.15 seconds)
2026-05-08 00:02:10.810 9 INFO neutron.wsgi [-] 10.0.0.213 "GET / HTTP/1.1" status: 200 len: 247 time: 0.0029917
2026-05-08 00:02:10.810 10 INFO neutron.wsgi [-] 10.0.0.213 "GET / HTTP/1.1" status: 200 len: 247 time: 0.0032098
2026-05-08 00:02:25.809 9 INFO neutron.wsgi [-] 10.0.0.213 "GET / HTTP/1.1" status: 200 len: 247 time: 0.0028038
2026-05-08 00:02:25.809 10 INFO neutron.wsgi [-] 10.0.0.213 "GET / HTTP/1.1" status: 200 len: 247 time: 0.0031140
2026-05-08 00:02:40.809 10 INFO neutron.wsgi [-] 10.0.0.213 "GET / HTTP/1.1" status: 200 len: 247 time: 0.0025897
2026-05-08 00:02:40.810 9 INFO neutron.wsgi [-] 10.0.0.213 "GET / HTTP/1.1" status: 200 len: 247 time: 0.0026543
2026-05-08 00:02:55.808 10 INFO neutron.wsgi [-] 10.0.0.213 "GET / HTTP/1.1" status: 200 len: 247 time: 0.0025783
2026-05-08 00:02:55.812 10 INFO neutron.wsgi [-] 10.0.0.213 "GET / HTTP/1.1" status: 200 len: 247 time: 0.0022755
2026-05-08 00:03:10.809 9 INFO neutron.wsgi [-] 10.0.0.213 "GET / HTTP/1.1" status: 200 len: 247 time: 0.0024986
2026-05-08 00:03:10.810 10 INFO neutron.wsgi [-] 10.0.0.213 "GET / HTTP/1.1" status: 200 len: 247 time: 0.0036190
2026-05-08 00:03:25.813 9 INFO neutron.wsgi [-] 10.0.0.213 "GET / HTTP/1.1" status: 200 len: 247 time: 0.0054505
2026-05-08 00:03:25.816 9 INFO neutron.wsgi [-] 10.0.0.213 "GET / HTTP/1.1" status: 200 len: 247 time: 0.0018554
2026-05-08 00:03:40.808 9 INFO neutron.wsgi [-] 10.0.0.213 "GET / HTTP/1.1" status: 200 len: 247 time: 0.0025253
2026-05-08 00:03:40.810 10 INFO neutron.wsgi [-] 10.0.0.213 "GET / HTTP/1.1" status: 200 len: 247 time: 0.0032713
2026-05-08 00:03:50.469 10 INFO neutron.wsgi [None req-e665143a-d002-44a9-a64b-c8ef3f98e9f3 0463e353845149b3925bd849625498db 1d5d15bc86544c60ada5cc17c75da708 - - default default] 199.204.45.140,10.0.0.213 "GET /v2.0/networks HTTP/1.1" status: 200 len: 928 time: 0.1792374
2026-05-08 00:03:50.555 10 INFO neutron.db.segments_db [None req-16438c98-0f7d-4ec2-b21f-f82039e5699f 0463e353845149b3925bd849625498db 1d5d15bc86544c60ada5cc17c75da708 - - default default] Added segment bdc97b79-bab9-427b-b9a5-75c7b62da798 of type geneve for network a4b2feda-37ef-46a6-9363-8f437e7b66fd
2026-05-08 00:03:50.728 10 INFO neutron.db.ovn_revision_numbers_db [None req-16438c98-0f7d-4ec2-b21f-f82039e5699f 0463e353845149b3925bd849625498db 1d5d15bc86544c60ada5cc17c75da708 - - default default] Successfully bumped revision number for resource a4b2feda-37ef-46a6-9363-8f437e7b66fd (type: networks) to 1
2026-05-08 00:03:50.894 10 WARNING neutron.scheduler.dhcp_agent_scheduler [None req-16438c98-0f7d-4ec2-b21f-f82039e5699f 0463e353845149b3925bd849625498db 1d5d15bc86544c60ada5cc17c75da708 - - default default] No more DHCP agents
2026-05-08 00:03:50.895 10 WARNING neutron.api.rpc.agentnotifiers.dhcp_rpc_agent_api [None req-16438c98-0f7d-4ec2-b21f-f82039e5699f 0463e353845149b3925bd849625498db 1d5d15bc86544c60ada5cc17c75da708 - - default default] Unable to schedule network a4b2feda-37ef-46a6-9363-8f437e7b66fd: no agents available; will retry on subsequent port and subnet creation events.
2026-05-08 00:03:50.972 10 INFO neutron.db.ovn_revision_numbers_db [None req-16438c98-0f7d-4ec2-b21f-f82039e5699f 0463e353845149b3925bd849625498db 1d5d15bc86544c60ada5cc17c75da708 - - default default] Successfully bumped revision number for resource d01c9b9d-a5ed-4d0f-8d62-d3d7b34e08e6 (type: ports) to 1
2026-05-08 00:03:50.991 10 INFO neutron.wsgi [None req-16438c98-0f7d-4ec2-b21f-f82039e5699f 0463e353845149b3925bd849625498db 1d5d15bc86544c60ada5cc17c75da708 - - default default] 199.204.45.140,10.0.0.213 "POST /v2.0/networks HTTP/1.1" status: 201 len: 889 time: 0.5170465
2026-05-08 00:03:51.889 10 INFO neutron.wsgi [None req-f9b27965-0f13-4aee-be5d-9d1b4a987cff 0463e353845149b3925bd849625498db 1d5d15bc86544c60ada5cc17c75da708 - - default default] 199.204.45.140,10.0.0.213 "GET /v2.0/subnets HTTP/1.1" status: 200 len: 819 time: 0.0822935
2026-05-08 00:03:51.956 10 INFO neutron.wsgi [None req-82cf839c-8ce0-485c-a5e4-ee40e8266810 0463e353845149b3925bd849625498db 1d5d15bc86544c60ada5cc17c75da708 - - default default] 199.204.45.140,10.0.0.213 "GET /v2.0/networks HTTP/1.1" status: 200 len: 1614 time: 0.0600238
2026-05-08 00:03:52.111 10 WARNING neutron.scheduler.dhcp_agent_scheduler [None req-9dc807a6-23a1-478c-9c5f-f83a4a530199 0463e353845149b3925bd849625498db 1d5d15bc86544c60ada5cc17c75da708 - - default default] No more DHCP agents
2026-05-08 00:03:52.113 10 WARNING neutron.api.rpc.agentnotifiers.dhcp_rpc_agent_api [None req-9dc807a6-23a1-478c-9c5f-f83a4a530199 0463e353845149b3925bd849625498db 1d5d15bc86544c60ada5cc17c75da708 - - default default] Unable to schedule network a4b2feda-37ef-46a6-9363-8f437e7b66fd: no agents available; will retry on subsequent port and subnet creation events.
2026-05-08 00:03:52.608 10 INFO neutron.db.ovn_revision_numbers_db [None req-9dc807a6-23a1-478c-9c5f-f83a4a530199 0463e353845149b3925bd849625498db 1d5d15bc86544c60ada5cc17c75da708 - - default default] Successfully bumped revision number for resource d01c9b9d-a5ed-4d0f-8d62-d3d7b34e08e6 (type: ports) to 2
2026-05-08 00:03:52.643 10 INFO neutron.db.ovn_revision_numbers_db [None req-9dc807a6-23a1-478c-9c5f-f83a4a530199 0463e353845149b3925bd849625498db 1d5d15bc86544c60ada5cc17c75da708 - - default default] Successfully bumped revision number for resource f29db094-4660-4a98-ba74-ef1bf0bf40af (type: subnets) to 0
2026-05-08 00:03:52.657 10 INFO neutron.wsgi [None req-9dc807a6-23a1-478c-9c5f-f83a4a530199 0463e353845149b3925bd849625498db 1d5d15bc86544c60ada5cc17c75da708 - - default default] 199.204.45.140,10.0.0.213 "POST /v2.0/subnets HTTP/1.1" status: 201 len: 807 time: 0.6970682
2026-05-08 00:03:53.765 10 INFO neutron.wsgi [None req-1ce1354b-18d0-4e26-b1fc-2735e4de3a19 0463e353845149b3925bd849625498db 1d5d15bc86544c60ada5cc17c75da708 - - default default] 199.204.45.140,10.0.0.213 "GET /v2.0/security-groups?tenant_id=1d5d15bc86544c60ada5cc17c75da708 HTTP/1.1" status: 200 len: 2969 time: 0.0722487
2026-05-08 00:03:53.880 10 INFO neutron.db.ovn_revision_numbers_db [None req-70a66362-dba6-482e-9ba7-1918f6c88743 0463e353845149b3925bd849625498db 1d5d15bc86544c60ada5cc17c75da708 - - default default] Successfully bumped revision number for resource 6b5cf294-054c-4f5f-88d7-fd417a0133ef (type: security_groups) to 1
2026-05-08 00:03:53.893 10 INFO neutron.db.ovn_revision_numbers_db [None req-70a66362-dba6-482e-9ba7-1918f6c88743 0463e353845149b3925bd849625498db 1d5d15bc86544c60ada5cc17c75da708 - - default default] Successfully bumped revision number for resource 4b4d72a3-b0f1-464e-87cc-32eee4fdca9b (type: security_group_rules) to 0
2026-05-08 00:03:53.905 10 INFO neutron.db.ovn_revision_numbers_db [None req-70a66362-dba6-482e-9ba7-1918f6c88743 0463e353845149b3925bd849625498db 1d5d15bc86544c60ada5cc17c75da708 - - default default] Successfully bumped revision number for resource 6ff91b71-8270-4730-9269-55c25ceb9515 (type: security_group_rules) to 0
2026-05-08 00:03:53.923 10 INFO neutron.wsgi [None req-70a66362-dba6-482e-9ba7-1918f6c88743 0463e353845149b3925bd849625498db 1d5d15bc86544c60ada5cc17c75da708 - - default default] 199.204.45.140,10.0.0.213 "POST /v2.0/security-groups HTTP/1.1" status: 201 len: 1733 time: 0.1486259
2026-05-08 00:03:55.015 10 INFO neutron.wsgi [None req-62337f9d-b270-4811-a3db-0bf48eb35493 0463e353845149b3925bd849625498db 1d5d15bc86544c60ada5cc17c75da708 - - default default] 199.204.45.140,10.0.0.213 "GET /v2.0/security-groups?tenant_id=1d5d15bc86544c60ada5cc17c75da708 HTTP/1.1" status: 200 len: 4503 time: 0.0744076
2026-05-08 00:03:55.065 10 INFO neutron.wsgi [None req-9a11a3ce-6483-4471-8799-f41aa4d94b92 0463e353845149b3925bd849625498db 1d5d15bc86544c60ada5cc17c75da708 - - default default] 199.204.45.140,10.0.0.213 "GET /v2.0/security-groups HTTP/1.1" status: 200 len: 4503 time: 0.0413952
2026-05-08 00:03:55.210 10 INFO neutron.db.ovn_revision_numbers_db [None req-375a4bfd-0162-43fb-a188-929018d0ee21 0463e353845149b3925bd849625498db 1d5d15bc86544c60ada5cc17c75da708 - - default default] Successfully bumped revision number for resource 2c5bff67-4c20-48b8-aa7f-804408ab5d01 (type: security_group_rules) to 0
2026-05-08 00:03:55.239 10 INFO neutron.wsgi [None req-375a4bfd-0162-43fb-a188-929018d0ee21 0463e353845149b3925bd849625498db 1d5d15bc86544c60ada5cc17c75da708 - - default default] 199.204.45.140,10.0.0.213 "POST /v2.0/security-group-rules HTTP/1.1" status: 201 len: 749 time: 0.1647320
2026-05-08 00:03:55.809 9 INFO neutron.wsgi [-] 10.0.0.213 "GET / HTTP/1.1" status: 200 len: 247 time: 0.0027866
2026-05-08 00:03:55.813 9 INFO neutron.wsgi [-] 10.0.0.213 "GET / HTTP/1.1" status: 200 len: 247 time: 0.0026965
2026-05-08 00:03:56.083 10 INFO neutron.wsgi [None req-50ece163-281c-4917-aa7f-4a5b0f297e90 0463e353845149b3925bd849625498db 1d5d15bc86544c60ada5cc17c75da708 - - default default] 199.204.45.140,10.0.0.213 "GET /v2.0/security-groups?tenant_id=1d5d15bc86544c60ada5cc17c75da708 HTTP/1.1" status: 200 len: 5085 time: 0.0670788
2026-05-08 00:03:56.130 10 INFO neutron.wsgi [None req-45ec997a-dade-4d0a-a329-8bca12719aeb 0463e353845149b3925bd849625498db 1d5d15bc86544c60ada5cc17c75da708 - - default default] 199.204.45.140,10.0.0.213 "GET /v2.0/security-groups HTTP/1.1" status: 200 len: 5085 time: 0.0380239
2026-05-08 00:03:56.250 10 INFO neutron.db.ovn_revision_numbers_db [None req-f018b88f-b698-4adc-aa79-f25d1c3da75a 0463e353845149b3925bd849625498db 1d5d15bc86544c60ada5cc17c75da708 - - default default] Successfully bumped revision number for resource 1594f73c-dd08-43d2-9e72-1371f113b91f (type: security_group_rules) to 0
2026-05-08 00:03:56.275 10 INFO neutron.wsgi [None req-f018b88f-b698-4adc-aa79-f25d1c3da75a 0463e353845149b3925bd849625498db 1d5d15bc86544c60ada5cc17c75da708 - - default default] 199.204.45.140,10.0.0.213 "POST /v2.0/security-group-rules HTTP/1.1" status: 201 len: 751 time: 0.1361012
2026-05-08 00:03:57.121 10 INFO neutron.wsgi [None req-b8b9f629-4e9e-4dab-8000-1eca39626501 0463e353845149b3925bd849625498db 1d5d15bc86544c60ada5cc17c75da708 - - default default] 199.204.45.140,10.0.0.213 "GET /v2.0/security-groups?tenant_id=1d5d15bc86544c60ada5cc17c75da708 HTTP/1.1" status: 200 len: 5669 time: 0.0788074
2026-05-08 00:03:57.171 10 INFO neutron.wsgi [None req-4d1e8100-ab25-4536-b0f9-022d7638eb99 0463e353845149b3925bd849625498db 1d5d15bc86544c60ada5cc17c75da708 - - default default] 199.204.45.140,10.0.0.213 "GET /v2.0/security-groups HTTP/1.1" status: 200 len: 5669 time: 0.0405142
2026-05-08 00:03:57.294 10 INFO neutron.db.ovn_revision_numbers_db [None req-0b6caedc-3a61-4ff4-a76b-ee3a1a11431c 0463e353845149b3925bd849625498db 1d5d15bc86544c60ada5cc17c75da708 - - default default] Successfully bumped revision number for resource 6761e807-2574-4d32-a356-7010e35c705e (type: security_group_rules) to 0
2026-05-08 00:03:57.313 10 INFO neutron.wsgi [None req-0b6caedc-3a61-4ff4-a76b-ee3a1a11431c 0463e353845149b3925bd849625498db 1d5d15bc86544c60ada5cc17c75da708 - - default default] 199.204.45.140,10.0.0.213 "POST /v2.0/security-group-rules HTTP/1.1" status: 201 len: 751 time: 0.1355329
2026-05-08 00:03:58.177 10 INFO neutron.wsgi [None req-e0eff7d7-e8ac-4455-bc65-b8ff12a8652c 0463e353845149b3925bd849625498db 1d5d15bc86544c60ada5cc17c75da708 - - default default] 199.204.45.140,10.0.0.213 "GET /v2.0/security-groups?tenant_id=1d5d15bc86544c60ada5cc17c75da708 HTTP/1.1" status: 200 len: 6253 time: 0.0686793
2026-05-08 00:03:58.229 10 INFO neutron.wsgi [None req-1cd68697-eb28-4512-898b-4a2ec00f859d 0463e353845149b3925bd849625498db 1d5d15bc86544c60ada5cc17c75da708 - - default default] 199.204.45.140,10.0.0.213 "GET /v2.0/security-groups HTTP/1.1" status: 200 len: 6253 time: 0.0441897
2026-05-08 00:03:58.361 10 INFO neutron.db.ovn_revision_numbers_db [None req-6bd1ed2a-447b-4c91-bf12-2d213b87024e 0463e353845149b3925bd849625498db 1d5d15bc86544c60ada5cc17c75da708 - - default default] Successfully bumped revision number for resource 9f42ed29-96b8-4d4b-abd9-03cd0164d033 (type: security_group_rules) to 0
2026-05-08 00:03:58.387 10 INFO neutron.wsgi [None req-6bd1ed2a-447b-4c91-bf12-2d213b87024e 0463e353845149b3925bd849625498db 1d5d15bc86544c60ada5cc17c75da708 - - default default] 199.204.45.140,10.0.0.213 "POST /v2.0/security-group-rules HTTP/1.1" status: 201 len: 751 time: 0.1492586
2026-05-08 00:03:59.222 10 INFO neutron.wsgi [None req-d73a5a13-e2cf-470f-8fd0-215d62aaabe6 0463e353845149b3925bd849625498db 1d5d15bc86544c60ada5cc17c75da708 - - default default] 199.204.45.140,10.0.0.213 "GET /v2.0/security-groups?tenant_id=1d5d15bc86544c60ada5cc17c75da708 HTTP/1.1" status: 200 len: 6837 time: 0.0786064
2026-05-08 00:03:59.269 10 INFO neutron.wsgi [None req-d2ef083a-9ce6-466c-b0c6-19fece2d0095 0463e353845149b3925bd849625498db 1d5d15bc86544c60ada5cc17c75da708 - - default default] 199.204.45.140,10.0.0.213 "GET /v2.0/security-groups HTTP/1.1" status: 200 len: 6837 time: 0.0362720
2026-05-08 00:03:59.416 10 INFO neutron.db.ovn_revision_numbers_db [None req-60f83ecb-525e-43ee-8dd3-9c3fca7e5baa 0463e353845149b3925bd849625498db 1d5d15bc86544c60ada5cc17c75da708 - - default default] Successfully bumped revision number for resource 4c800b87-306f-4850-9597-087cd1c08cc8 (type: security_group_rules) to 0
2026-05-08 00:03:59.440 10 INFO neutron.wsgi [None req-60f83ecb-525e-43ee-8dd3-9c3fca7e5baa 0463e353845149b3925bd849625498db 1d5d15bc86544c60ada5cc17c75da708 - - default default] 199.204.45.140,10.0.0.213 "POST /v2.0/security-group-rules HTTP/1.1" status: 201 len: 751 time: 0.1609728
2026-05-08 00:04:00.605 10 INFO neutron.wsgi [None req-405f44a8-1047-4c3a-b160-9b74080c1e4a 0463e353845149b3925bd849625498db 1d5d15bc86544c60ada5cc17c75da708 - - default default] 199.204.45.140,10.0.0.213 "GET /v2.0/security-groups HTTP/1.1" status: 200 len: 7421 time: 0.0783715
2026-05-08 00:04:00.662 10 INFO neutron.wsgi [None req-a0373a98-18f3-448e-ba6e-de60f1cce1ed 0463e353845149b3925bd849625498db 1d5d15bc86544c60ada5cc17c75da708 - - default default] 199.204.45.140,10.0.0.213 "GET /v2.0/ports HTTP/1.1" status: 200 len: 2301 time: 0.0480187
2026-05-08 00:04:00.744 10 INFO neutron.wsgi [None req-28e8154a-17ca-42aa-9f38-ab3c5c7645b1 0463e353845149b3925bd849625498db 1d5d15bc86544c60ada5cc17c75da708 - - default default] 199.204.45.140,10.0.0.213 "GET /v2.0/networks HTTP/1.1" status: 200 len: 1652 time: 0.0728452
2026-05-08 00:04:00.979 10 WARNING neutron.scheduler.dhcp_agent_scheduler [None req-fa4b7ba5-2873-4dd3-bc04-74768c0f44ef 0463e353845149b3925bd849625498db 1d5d15bc86544c60ada5cc17c75da708 - - default default] No more DHCP agents
2026-05-08 00:04:00.981 10 WARNING neutron.api.rpc.agentnotifiers.dhcp_rpc_agent_api [None req-fa4b7ba5-2873-4dd3-bc04-74768c0f44ef 0463e353845149b3925bd849625498db 1d5d15bc86544c60ada5cc17c75da708 - - default default] Unable to schedule network a4b2feda-37ef-46a6-9363-8f437e7b66fd: no agents available; will retry on subsequent port and subnet creation events.
2026-05-08 00:04:01.119 10 INFO neutron.db.ovn_revision_numbers_db [None req-fa4b7ba5-2873-4dd3-bc04-74768c0f44ef 0463e353845149b3925bd849625498db 1d5d15bc86544c60ada5cc17c75da708 - - default default] Successfully bumped revision number for resource fe376645-0f12-434f-9307-7f5b05b411b4 (type: ports) to 1
2026-05-08 00:04:01.139 10 INFO neutron.wsgi [None req-fa4b7ba5-2873-4dd3-bc04-74768c0f44ef 0463e353845149b3925bd849625498db 1d5d15bc86544c60ada5cc17c75da708 - - default default] 199.204.45.140,10.0.0.213 "POST /v2.0/ports HTTP/1.1" status: 201 len: 1281 time: 0.3903396 /var/lib/openstack/lib/python3.10/site-packages/pycadf/identifier.py:71: UserWarning: Invalid uuid: unknown. To ensure interoperability, identifiers should be a valid uuid. warnings.warn(('Invalid uuid: %s. To ensure interoperability, '
2026-05-08 00:04:07.318 10 INFO neutron.pecan_wsgi.hooks.translation [None req-2c851011-688c-4e31-8dfe-efc54918e746 0463e353845149b3925bd849625498db 1d5d15bc86544c60ada5cc17c75da708 - - default default] GET failed (client error): The resource could not be found.
2026-05-08 00:04:07.319 10 INFO neutron.wsgi [None req-2c851011-688c-4e31-8dfe-efc54918e746 0463e353845149b3925bd849625498db 1d5d15bc86544c60ada5cc17c75da708 - - default default] 199.204.45.140,10.0.0.213 "GET /v2.0/ports/octavia-health-manager-port-instance HTTP/1.1" status: 404 len: 314 time: 0.1096389
2026-05-08 00:04:07.368 10 INFO neutron.wsgi [None req-f08f08a9-aa65-4a03-8c42-a699d130ab6d 0463e353845149b3925bd849625498db 1d5d15bc86544c60ada5cc17c75da708 - - default default] 199.204.45.140,10.0.0.213 "GET /v2.0/ports?name=octavia-health-manager-port-instance HTTP/1.1" status: 200 len: 1279 time: 0.0428772
2026-05-08 00:04:07.762 10 INFO neutron.db.ovn_revision_numbers_db [None req-d33879e6-1b04-4c35-b51d-41599ce53756 0463e353845149b3925bd849625498db 1d5d15bc86544c60ada5cc17c75da708 - - default default] Successfully bumped revision number for resource fe376645-0f12-434f-9307-7f5b05b411b4 (type: ports) to 1
2026-05-08 00:04:07.991 10 INFO neutron.db.ovn_revision_numbers_db [None req-d33879e6-1b04-4c35-b51d-41599ce53756 0463e353845149b3925bd849625498db 1d5d15bc86544c60ada5cc17c75da708 - - default default] Successfully bumped revision number for resource fe376645-0f12-434f-9307-7f5b05b411b4 (type: ports) to 2
2026-05-08 00:04:08.003 10 INFO neutron.wsgi [None req-d33879e6-1b04-4c35-b51d-41599ce53756 0463e353845149b3925bd849625498db 1d5d15bc86544c60ada5cc17c75da708 - - default default] 199.204.45.140,10.0.0.213 "PUT /v2.0/ports/fe376645-0f12-434f-9307-7f5b05b411b4 HTTP/1.1" status: 200 len: 1366 time: 0.6273966 /var/lib/openstack/lib/python3.10/site-packages/pycadf/identifier.py:71: UserWarning: Invalid uuid: unknown. To ensure interoperability, identifiers should be a valid uuid. warnings.warn(('Invalid uuid: %s. To ensure interoperability, '
2026-05-08 00:04:09.342 10 INFO neutron.wsgi [None req-5d00d052-83cd-4bbe-be8e-2d484ed47bad 0463e353845149b3925bd849625498db 1d5d15bc86544c60ada5cc17c75da708 - - default default] 199.204.45.140,10.0.0.213 "GET /v2.0/ports HTTP/1.1" status: 200 len: 3511 time: 0.0705914
2026-05-08 00:04:10.298 10 INFO neutron.wsgi [None req-a9fadf2e-53c4-4f59-8585-271e9e8d0ab7 0463e353845149b3925bd849625498db 1d5d15bc86544c60ada5cc17c75da708 - - default default] 199.204.45.140,10.0.0.213 "GET /v2.0/security-groups?tenant_id=1d5d15bc86544c60ada5cc17c75da708 HTTP/1.1" status: 200 len: 7421 time: 0.0790966
2026-05-08 00:04:10.413 10 INFO neutron.db.ovn_revision_numbers_db [None req-ab91d1e4-c66e-4b7b-a484-78cb00647ba7 0463e353845149b3925bd849625498db 1d5d15bc86544c60ada5cc17c75da708 - - default default] Successfully bumped revision number for resource 776f5507-4642-4d65-bcfc-7c9c4faa72a5 (type: security_groups) to 1
2026-05-08 00:04:10.425 10 INFO neutron.db.ovn_revision_numbers_db [None req-ab91d1e4-c66e-4b7b-a484-78cb00647ba7 0463e353845149b3925bd849625498db 1d5d15bc86544c60ada5cc17c75da708 - - default default] Successfully bumped revision number for resource 73d49587-2dcc-4b17-bfc8-2abf06d01708 (type: security_group_rules) to 0
2026-05-08 00:04:10.439 10 INFO neutron.db.ovn_revision_numbers_db [None req-ab91d1e4-c66e-4b7b-a484-78cb00647ba7 0463e353845149b3925bd849625498db 1d5d15bc86544c60ada5cc17c75da708 - - default default] Successfully bumped revision number for resource f1b92d6a-d625-4986-88e6-90d911c5edb2 (type: security_group_rules) to 0
2026-05-08 00:04:10.457 10 INFO neutron.wsgi [None req-ab91d1e4-c66e-4b7b-a484-78cb00647ba7 0463e353845149b3925bd849625498db 1d5d15bc86544c60ada5cc17c75da708 - - default default] 199.204.45.140,10.0.0.213 "POST /v2.0/security-groups HTTP/1.1" status: 201 len: 1727 time: 0.1488526
2026-05-08 00:04:10.808 9 INFO neutron.wsgi [-] 10.0.0.213 "GET / HTTP/1.1" status: 200 len: 247 time: 0.0024860
2026-05-08 00:04:10.809 10 INFO neutron.wsgi [-] 10.0.0.213 "GET / HTTP/1.1" status: 200 len: 247 time: 0.0029483
2026-05-08 00:04:11.402 10 INFO neutron.wsgi [None req-553036b0-6ae6-4b1c-8823-a626a95dbda0 0463e353845149b3925bd849625498db 1d5d15bc86544c60ada5cc17c75da708 - - default default] 199.204.45.140,10.0.0.213 "GET /v2.0/security-groups?tenant_id=1d5d15bc86544c60ada5cc17c75da708 HTTP/1.1" status: 200 len: 8949 time: 0.0786812
2026-05-08 00:04:11.453 10 INFO neutron.wsgi [None req-8a0f6e94-6d1d-4654-9a66-13cc7e6fb5e3 0463e353845149b3925bd849625498db 1d5d15bc86544c60ada5cc17c75da708 - - default default] 199.204.45.140,10.0.0.213 "GET /v2.0/security-groups HTTP/1.1" status: 200 len: 8949 time: 0.0412855
2026-05-08 00:04:11.584 10 INFO neutron.db.ovn_revision_numbers_db [None req-56d8bf89-6a85-485d-b607-3b75b8a0ff2f 0463e353845149b3925bd849625498db 1d5d15bc86544c60ada5cc17c75da708 - - default default] Successfully bumped revision number for resource 743695f4-6baa-45a9-af62-227cf2e8e5c0 (type: security_group_rules) to 0
2026-05-08 00:04:11.608 10 INFO neutron.wsgi [None req-56d8bf89-6a85-485d-b607-3b75b8a0ff2f 0463e353845149b3925bd849625498db 1d5d15bc86544c60ada5cc17c75da708 - - default default] 199.204.45.140,10.0.0.213 "POST /v2.0/security-group-rules HTTP/1.1" status: 201 len: 771 time: 0.1406624
2026-05-08 00:04:12.434 10 INFO neutron.wsgi [None req-5a9e354f-399a-4104-9402-68dfafe975b5 0463e353845149b3925bd849625498db 1d5d15bc86544c60ada5cc17c75da708 - - default default] 199.204.45.140,10.0.0.213 "GET /v2.0/security-groups?tenant_id=1d5d15bc86544c60ada5cc17c75da708 HTTP/1.1" status: 200 len: 9553 time: 0.0877182
2026-05-08 00:04:12.486 10 INFO neutron.wsgi [None req-592bfd1d-7d39-416e-889a-9b1308855fd8 0463e353845149b3925bd849625498db 1d5d15bc86544c60ada5cc17c75da708 - - default default] 199.204.45.140,10.0.0.213 "GET /v2.0/security-groups HTTP/1.1" status: 200 len: 9553 time: 0.0452678
2026-05-08 00:04:12.627 10 INFO neutron.db.ovn_revision_numbers_db [None req-8429dad4-e074-4765-8fc3-87f91e07a8d2 0463e353845149b3925bd849625498db 1d5d15bc86544c60ada5cc17c75da708 - - default default] Successfully bumped revision number for resource a2f18775-5694-4832-9eeb-c0d1b32c8262 (type: security_group_rules) to 0
2026-05-08 00:04:12.650 10 INFO neutron.wsgi [None req-8429dad4-e074-4765-8fc3-87f91e07a8d2 0463e353845149b3925bd849625498db 1d5d15bc86544c60ada5cc17c75da708 - - default default] 199.204.45.140,10.0.0.213 "POST /v2.0/security-group-rules HTTP/1.1" status: 201 len: 775 time: 0.1551001
2026-05-08 00:04:25.809 10 INFO neutron.wsgi [-] 10.0.0.213 "GET / HTTP/1.1" status: 200 len: 247 time: 0.0025327
2026-05-08 00:04:25.810 9 INFO neutron.wsgi [-] 10.0.0.213 "GET / HTTP/1.1" status: 200 len: 247 time: 0.0027952
2026-05-08 00:04:40.808 10 INFO neutron.wsgi [-] 10.0.0.213 "GET / HTTP/1.1" status: 200 len: 247 time: 0.0023539
2026-05-08 00:04:40.809 9 INFO neutron.wsgi [-] 10.0.0.213 "GET / HTTP/1.1" status: 200 len: 247 time: 0.0026026
2026-05-08 00:04:55.808 10 INFO neutron.wsgi [-] 10.0.0.213 "GET / HTTP/1.1" status: 200 len: 247 time: 0.0018058
2026-05-08 00:04:55.811 10 INFO neutron.wsgi [-] 10.0.0.213 "GET / HTTP/1.1" status: 200 len: 247 time: 0.0021982
2026-05-08 00:05:10.809 9 INFO neutron.wsgi [-] 10.0.0.213 "GET / HTTP/1.1" status: 200 len: 247 time: 0.0023978
2026-05-08 00:05:10.813 10 INFO neutron.wsgi [-] 10.0.0.213 "GET / HTTP/1.1" status: 200 len: 247 time: 0.0030966
2026-05-08 00:05:25.808 10 INFO neutron.wsgi [-] 10.0.0.213 "GET / HTTP/1.1" status: 200 len: 247 time: 0.0024571
2026-05-08 00:05:25.811 9 INFO neutron.wsgi [-] 10.0.0.213 "GET / HTTP/1.1" status: 200 len: 247 time: 0.0041564
2026-05-08 00:05:40.807 9 INFO neutron.wsgi [-] 10.0.0.213 "GET / HTTP/1.1" status: 200 len: 247 time: 0.0013034
2026-05-08 00:05:40.808 10 INFO neutron.wsgi [-] 10.0.0.213 "GET / HTTP/1.1" status: 200 len: 247 time: 0.0024762
2026-05-08 00:05:55.808 9 INFO neutron.wsgi [-] 10.0.0.213 "GET / HTTP/1.1" status: 200 len: 247 time: 0.0017428
2026-05-08 00:05:55.809 10 INFO neutron.wsgi [-] 10.0.0.213 "GET / HTTP/1.1" status: 200 len: 247 time: 0.0024688
2026-05-08 00:06:10.809 9 INFO neutron.wsgi [-] 10.0.0.213 "GET / HTTP/1.1" status: 200 len: 247 time: 0.0023632
2026-05-08 00:06:10.809 10 INFO neutron.wsgi [-] 10.0.0.213 "GET / HTTP/1.1" status: 200 len: 247 time: 0.0025623
2026-05-08 00:06:21.853 10 INFO neutron.wsgi [None req-bf09821b-84c7-4bf1-87d3-21341c4ef7d8 0463e353845149b3925bd849625498db 1d5d15bc86544c60ada5cc17c75da708 - - default default] 199.204.45.140,10.0.0.213 "GET /v2.0/quotas/1d5d15bc86544c60ada5cc17c75da708 HTTP/1.1" status: 200 len: 362 time: 0.0149095 /var/lib/openstack/lib/python3.10/site-packages/neutron/extensions/quotasv2.py:140: UserWarning: Neutron quota engine will require "--force" parameter to set a quota limit without checking the resource usage. warnings.warn('Neutron quota engine will require "--force" '
2026-05-08 00:06:22.200 10 INFO neutron.wsgi [None req-2f6384d7-bd91-49ce-96d4-66c89f4fa1f0 0463e353845149b3925bd849625498db 1d5d15bc86544c60ada5cc17c75da708 - - default default] 199.204.45.140,10.0.0.213 "PUT /v2.0/quotas/1d5d15bc86544c60ada5cc17c75da708 HTTP/1.1" status: 200 len: 361 time: 0.0366533
2026-05-08 00:06:22.514 10 INFO neutron.wsgi [None req-ea4b8449-02f9-4cde-bc88-e645a28ee6b4 0463e353845149b3925bd849625498db 1d5d15bc86544c60ada5cc17c75da708 - - default default] 199.204.45.140,10.0.0.213 "GET /v2.0/quotas/1d5d15bc86544c60ada5cc17c75da708 HTTP/1.1" status: 200 len: 361 time: 0.0113306
2026-05-08 00:06:25.809 10 INFO neutron.wsgi [-] 10.0.0.213 "GET / HTTP/1.1" status: 200 len: 247 time: 0.0022440
2026-05-08 00:06:25.809 9 INFO neutron.wsgi [-] 10.0.0.213 "GET / HTTP/1.1" status: 200 len: 247 time: 0.0029507
2026-05-08 00:06:40.809 10 INFO neutron.wsgi [-] 10.0.0.213 "GET / HTTP/1.1" status: 200 len: 247 time: 0.0026035
2026-05-08 00:06:40.809 9 INFO neutron.wsgi [-] 10.0.0.213 "GET / HTTP/1.1" status: 200 len: 247 time: 0.0030279
2026-05-08 00:06:55.809 9 INFO neutron.wsgi [-] 10.0.0.213 "GET / HTTP/1.1" status: 200 len: 247 time: 0.0026016
2026-05-08 00:06:55.809 10 INFO neutron.wsgi [-] 10.0.0.213 "GET / HTTP/1.1" status: 200 len: 247 time: 0.0036654
2026-05-08 00:07:06.713 15 INFO neutron.db.ovn_revision_numbers_db [None req-3b2d6c6b-ba43-48ad-99dc-77ae7a9617dd - - - - - -] Successfully bumped revision number for resource a4b2feda-37ef-46a6-9363-8f437e7b66fd (type: networks) to 2
2026-05-08 00:07:06.765 15 INFO neutron.db.ovn_revision_numbers_db [None req-3b2d6c6b-ba43-48ad-99dc-77ae7a9617dd - - - - - -] Successfully bumped revision number for resource 6b5cf294-054c-4f5f-88d7-fd417a0133ef (type: security_groups) to 6
2026-05-08 00:07:06.803 15 INFO neutron.db.ovn_revision_numbers_db [None req-3b2d6c6b-ba43-48ad-99dc-77ae7a9617dd - - - - - -] Successfully bumped revision number for resource 776f5507-4642-4d65-bcfc-7c9c4faa72a5 (type: security_groups) to 3
2026-05-08 00:07:06.995 15 INFO neutron.db.ovn_revision_numbers_db [None req-3b2d6c6b-ba43-48ad-99dc-77ae7a9617dd - - - - - -] Successfully bumped revision number for resource fe376645-0f12-434f-9307-7f5b05b411b4 (type: ports) to 3
2026-05-08 00:07:06.996 15 INFO neutron.plugins.ml2.drivers.ovn.mech_driver.ovsdb.maintenance [None req-3b2d6c6b-ba43-48ad-99dc-77ae7a9617dd - - - - - -] Maintenance task: Synchronization finished (took 0.41 seconds)
2026-05-08 00:07:10.809 10 INFO neutron.wsgi [-] 10.0.0.213 "GET / HTTP/1.1" status: 200 len: 247 time: 0.0022845
2026-05-08 00:07:10.810 9 INFO neutron.wsgi [-] 10.0.0.213 "GET / HTTP/1.1" status: 200 len: 247 time: 0.0027719
2026-05-08 00:07:25.807 9 INFO neutron.wsgi [-] 10.0.0.213 "GET / HTTP/1.1" status: 200 len: 247 time: 0.0013380
2026-05-08 00:07:25.809 10 INFO neutron.wsgi [-] 10.0.0.213 "GET / HTTP/1.1" status: 200 len: 247 time: 0.0027332
2026-05-08 00:07:40.808 9 INFO neutron.wsgi [-] 10.0.0.213 "GET / HTTP/1.1" status: 200 len: 247 time: 0.0016870
2026-05-08 00:07:40.811 10 INFO neutron.wsgi [-] 10.0.0.213 "GET / HTTP/1.1" status: 200 len: 247 time: 0.0039647
2026-05-08 00:07:55.807 10 INFO neutron.wsgi [-] 10.0.0.213 "GET / HTTP/1.1" status: 200 len: 247 time: 0.0017209
2026-05-08 00:07:55.809 9 INFO neutron.wsgi [-] 10.0.0.213 "GET / HTTP/1.1" status: 200 len: 247 time: 0.0033066
2026-05-08 00:08:10.809 9 INFO neutron.wsgi [-] 10.0.0.213 "GET / HTTP/1.1" status: 200 len: 247 time: 0.0024164
2026-05-08 00:08:10.812 9 INFO neutron.wsgi [-] 10.0.0.213 "GET / HTTP/1.1" status: 200 len: 247 time: 0.0017397
2026-05-08 00:08:25.809 9 INFO neutron.wsgi [-] 10.0.0.213 "GET / HTTP/1.1" status: 200 len: 247 time: 0.0030177
2026-05-08 00:08:25.812 9 INFO neutron.wsgi [-] 10.0.0.213 "GET / HTTP/1.1" status: 200 len: 247 time: 0.0019779 /var/lib/openstack/lib/python3.10/site-packages/memcache.py:1303: SyntaxWarning: "is" with a literal. Did you mean "=="? if key is '': /var/lib/openstack/lib/python3.10/site-packages/memcache.py:1304: SyntaxWarning: "is" with a literal. Did you mean "=="? if key_extra_len is 0: /var/lib/openstack/lib/python3.10/site-packages/pycadf/identifier.py:71: UserWarning: Invalid uuid: neutron. To ensure interoperability, identifiers should be a valid uuid. warnings.warn(('Invalid uuid: %s. To ensure interoperability, '
2026-05-08 00:08:32.136 9 WARNING oslo_policy.policy [None req-3fec0de2-5e9d-4600-a8cc-b3df866d089e 0463e353845149b3925bd849625498db 1d5d15bc86544c60ada5cc17c75da708 - - default default] Policies ['delete_port', 'update_port:allowed_address_pairs', 'update_port:allowed_address_pairs:ip_address', 'update_port:allowed_address_pairs:mac_address', 'update_port:fixed_ips', 'update_port:mac_address'] reference a rule that is not defined.
2026-05-08 00:08:32.301 9 INFO neutron.pecan_wsgi.hooks.translation [None req-3fec0de2-5e9d-4600-a8cc-b3df866d089e 0463e353845149b3925bd849625498db 1d5d15bc86544c60ada5cc17c75da708 - - default default] GET failed (client error): The resource could not be found.
2026-05-08 00:08:32.303 9 INFO neutron.wsgi [None req-3fec0de2-5e9d-4600-a8cc-b3df866d089e 0463e353845149b3925bd849625498db 1d5d15bc86544c60ada5cc17c75da708 - - default default] 199.204.45.140 "GET /v2.0/ports/octavia-health-manager-port-instance HTTP/1.1" status: 404 len: 338 time: 0.9001501
2026-05-08 00:08:32.446 9 INFO neutron.wsgi [None req-3a16478f-9b0a-466d-8d46-4d3df3f785c5 0463e353845149b3925bd849625498db 1d5d15bc86544c60ada5cc17c75da708 - - default default] 199.204.45.140 "GET /v2.0/ports?name=octavia-health-manager-port-instance HTTP/1.1" status: 200 len: 1421 time: 0.1384614 /var/lib/openstack/lib/python3.10/site-packages/pycadf/identifier.py:71: UserWarning: Invalid uuid: neutron. To ensure interoperability, identifiers should be a valid uuid. warnings.warn(('Invalid uuid: %s. To ensure interoperability, '
2026-05-08 00:08:34.186 10 INFO neutron.pecan_wsgi.hooks.translation [None req-01aecb71-b126-4072-8311-dedb78f15f75 0463e353845149b3925bd849625498db 1d5d15bc86544c60ada5cc17c75da708 - - default default] GET failed (client error): The resource could not be found.
2026-05-08 00:08:34.187 10 INFO neutron.wsgi [None req-01aecb71-b126-4072-8311-dedb78f15f75 0463e353845149b3925bd849625498db 1d5d15bc86544c60ada5cc17c75da708 - - default default] 199.204.45.140 "GET /v2.0/ports/octavia-health-manager-port-instance HTTP/1.1" status: 404 len: 338 time: 0.1189837
2026-05-08 00:08:34.231 10 INFO neutron.wsgi [None req-4bec20b3-53e1-495d-9dce-7a588e370b56 0463e353845149b3925bd849625498db 1d5d15bc86544c60ada5cc17c75da708 - - default default] 199.204.45.140 "GET /v2.0/ports?name=octavia-health-manager-port-instance HTTP/1.1" status: 200 len: 1421 time: 0.0384233
2026-05-08 00:08:35.363 9 INFO neutron.plugins.ml2.drivers.ovn.mech_driver.mech_driver [-] OVN reports status up for port: fe376645-0f12-434f-9307-7f5b05b411b4
2026-05-08 00:08:35.379 9 INFO neutron.plugins.ml2.plugin [None req-f1f241f9-f200-4e42-8034-3e52ebd18bc7 - - - - - -] Attempt 1 to provision port fe376645-0f12-434f-9307-7f5b05b411b4
2026-05-08 00:08:35.638 9 INFO neutron.plugins.ml2.drivers.ovn.mech_driver.ovsdb.extensions.qos [None req-f1f241f9-f200-4e42-8034-3e52ebd18bc7 - - - - - -] Starting OVNClientQosExtension
2026-05-08 00:08:35.638 9 INFO neutron.plugins.ml2.drivers.ovn.mech_driver.ovsdb.extensions.placement [None req-f1f241f9-f200-4e42-8034-3e52ebd18bc7 - - - - - -] Starting OVNClientPlacementExtension
2026-05-08 00:08:35.822 9 INFO neutron.db.ovn_revision_numbers_db [None req-f1f241f9-f200-4e42-8034-3e52ebd18bc7 - - - - - -] Successfully bumped revision number for resource fe376645-0f12-434f-9307-7f5b05b411b4 (type: ports) to 4
2026-05-08 00:08:40.810 10 INFO neutron.wsgi [-] 10.0.0.213 "GET / HTTP/1.1" status: 200 len: 247 time: 0.0028262
2026-05-08 00:08:40.811 9 INFO neutron.wsgi [-] 10.0.0.213 "GET / HTTP/1.1" status: 200 len: 247 time: 0.0033057
2026-05-08 00:08:55.809 9 INFO neutron.wsgi [-] 10.0.0.213 "GET / HTTP/1.1" status: 200 len: 247 time: 0.0033185
2026-05-08 00:08:55.810 10 INFO neutron.wsgi [-] 10.0.0.213 "GET / HTTP/1.1" status: 200 len: 247 time: 0.0030882
2026-05-08 00:09:10.811 10 INFO neutron.wsgi [-] 10.0.0.213 "GET / HTTP/1.1" status: 200 len: 247 time: 0.0033917
2026-05-08 00:09:10.815 10 INFO neutron.wsgi [-] 10.0.0.213 "GET / HTTP/1.1" status: 200 len: 247 time: 0.0026767
2026-05-08 00:09:25.809 10 INFO neutron.wsgi [-] 10.0.0.213 "GET / HTTP/1.1" status: 200 len: 247 time: 0.0024116
2026-05-08 00:09:25.811 9 INFO neutron.wsgi [-] 10.0.0.213 "GET / HTTP/1.1" status: 200 len: 247 time: 0.0035105
2026-05-08 00:09:40.809 10 INFO neutron.wsgi [-] 10.0.0.213 "GET / HTTP/1.1" status: 200 len: 247 time: 0.0024555
2026-05-08 00:09:40.810 9 INFO neutron.wsgi [-] 10.0.0.213 "GET / HTTP/1.1" status: 200 len: 247 time: 0.0029511
2026-05-08 00:09:55.809 9 INFO neutron.wsgi [-] 10.0.0.213 "GET / HTTP/1.1" status: 200 len: 247 time: 0.0023119
2026-05-08 00:09:55.809 10 INFO neutron.wsgi [-] 10.0.0.213 "GET / HTTP/1.1" status: 200 len: 247 time: 0.0023110
2026-05-08 00:10:10.808 9 INFO neutron.wsgi [-] 10.0.0.213 "GET / HTTP/1.1" status: 200 len: 247 time: 0.0023742
2026-05-08 00:10:10.808 10 INFO neutron.wsgi [-] 10.0.0.213 "GET / HTTP/1.1" status: 200 len: 247 time: 0.0025024
2026-05-08 00:10:25.808 9 INFO neutron.wsgi [-] 10.0.0.213 "GET / HTTP/1.1" status: 200 len: 247 time: 0.0016410
2026-05-08 00:10:25.808 10 INFO neutron.wsgi [-] 10.0.0.213 "GET / HTTP/1.1" status: 200 len: 247 time: 0.0016308
2026-05-08 00:10:40.809 9 INFO neutron.wsgi [-] 10.0.0.213 "GET / HTTP/1.1" status: 200 len: 247 time: 0.0029287
2026-05-08 00:10:40.810 10 INFO neutron.wsgi [-] 10.0.0.213 "GET / HTTP/1.1" status: 200 len: 247 time: 0.0037715
2026-05-08 00:10:55.809 10 INFO neutron.wsgi [-] 10.0.0.213 "GET / HTTP/1.1" status: 200 len: 247 time: 0.0025444
2026-05-08 00:10:55.810 9 INFO neutron.wsgi [-] 10.0.0.213 "GET / HTTP/1.1" status: 200 len: 247 time: 0.0032806
2026-05-08 00:11:10.809 9 INFO neutron.wsgi [-] 10.0.0.213 "GET / HTTP/1.1" status: 200 len: 247 time: 0.0020771
2026-05-08 00:11:10.810 10 INFO neutron.wsgi [-] 10.0.0.213 "GET / HTTP/1.1" status: 200 len: 247 time: 0.0034034
2026-05-08 00:11:25.809 9 INFO neutron.wsgi [-] 10.0.0.213 "GET / HTTP/1.1" status: 200 len: 247 time: 0.0025256
2026-05-08 00:11:25.812 9 INFO neutron.wsgi [-] 10.0.0.213 "GET / HTTP/1.1" status: 200 len: 247 time: 0.0020001
2026-05-08 00:11:40.811 10 INFO neutron.wsgi [-] 10.0.0.213 "GET / HTTP/1.1" status: 200 len: 247 time: 0.0042741
2026-05-08 00:11:40.813 10 INFO neutron.wsgi [-] 10.0.0.213 "GET / HTTP/1.1" status: 200 len: 247 time: 0.0020025
2026-05-08 00:11:55.808 9 INFO neutron.wsgi [-] 10.0.0.213 "GET / HTTP/1.1" status: 200 len: 247 time: 0.0017991
2026-05-08 00:11:55.811 9 INFO neutron.wsgi [-] 10.0.0.213 "GET / HTTP/1.1" status: 200 len: 247 time: 0.0019703
2026-05-08 00:12:10.809 10 INFO neutron.wsgi [-] 10.0.0.213 "GET / HTTP/1.1" status: 200 len: 247 time: 0.0025210
2026-05-08 00:12:10.809 9 INFO neutron.wsgi [-] 10.0.0.213 "GET / HTTP/1.1" status: 200 len: 247 time: 0.0026541
2026-05-08 00:12:25.809 9 INFO neutron.wsgi [-] 10.0.0.213 "GET / HTTP/1.1" status: 200 len: 247 time: 0.0023465
2026-05-08 00:12:25.812 9 INFO neutron.wsgi [-] 10.0.0.213 "GET / HTTP/1.1" status: 200 len: 247 time: 0.0023611
2026-05-08 00:12:40.808 9 INFO neutron.wsgi [-] 10.0.0.213 "GET / HTTP/1.1" status: 200 len: 247 time: 0.0024557
2026-05-08 00:12:40.808 10 INFO neutron.wsgi [-] 10.0.0.213 "GET / HTTP/1.1" status: 200 len: 247 time: 0.0025287
2026-05-08 00:12:55.808 9 INFO neutron.wsgi [-] 10.0.0.213 "GET / HTTP/1.1" status: 200 len: 247 time: 0.0015533
2026-05-08 00:12:55.809 10 INFO neutron.wsgi [-] 10.0.0.213 "GET / HTTP/1.1" status: 200 len: 247 time: 0.0025055
2026-05-08 00:13:10.808 9 INFO neutron.wsgi [-] 10.0.0.213 "GET / HTTP/1.1" status: 200 len: 247 time: 0.0017772
2026-05-08 00:13:10.809 10 INFO neutron.wsgi [-] 10.0.0.213 "GET / HTTP/1.1" status: 200 len: 247 time: 0.0024276
2026-05-08 00:13:25.808 9 INFO neutron.wsgi [-] 10.0.0.213 "GET / HTTP/1.1" status: 200 len: 247 time: 0.0016549
2026-05-08 00:13:25.808 10 INFO neutron.wsgi [-] 10.0.0.213 "GET / HTTP/1.1" status: 200 len: 247 time: 0.0017502
2026-05-08 00:13:40.809 10 INFO neutron.wsgi [-] 10.0.0.213 "GET / HTTP/1.1" status: 200 len: 247 time: 0.0029037
2026-05-08 00:13:40.810 9 INFO neutron.wsgi [-] 10.0.0.213 "GET / HTTP/1.1" status: 200 len: 247 time: 0.0030744
2026-05-08 00:13:55.809 9 INFO neutron.wsgi [-] 10.0.0.213 "GET / HTTP/1.1" status: 200 len: 247 time: 0.0030370
2026-05-08 00:13:55.811 10 INFO neutron.wsgi [-] 10.0.0.213 "GET / HTTP/1.1" status: 200 len: 247 time: 0.0031695
2026-05-08 00:14:10.808 9 INFO neutron.wsgi [-] 10.0.0.213 "GET / HTTP/1.1" status: 200 len: 247 time: 0.0024555
2026-05-08 00:14:10.811 10 INFO neutron.wsgi [-] 10.0.0.213 "GET / HTTP/1.1" status: 200 len: 247 time: 0.0039876
2026-05-08 00:14:24.328 10 INFO neutron.db.ovn_revision_numbers_db [None req-96e44dd9-86b0-4442-8498-def77e65e5ab 0463e353845149b3925bd849625498db 1d5d15bc86544c60ada5cc17c75da708 - - default default] Successfully bumped revision number for resource 74407882-f2da-489e-9752-cbdb8f2b81a9 (type: security_groups) to 1
2026-05-08 00:14:24.341 10 INFO neutron.db.ovn_revision_numbers_db [None req-96e44dd9-86b0-4442-8498-def77e65e5ab 0463e353845149b3925bd849625498db 1d5d15bc86544c60ada5cc17c75da708 - - default default] Successfully bumped revision number for resource 9d8b66d0-9cf4-4fd6-81f7-11f09cc02c86 (type: security_group_rules) to 0
2026-05-08 00:14:24.353 10 INFO neutron.db.ovn_revision_numbers_db [None req-96e44dd9-86b0-4442-8498-def77e65e5ab 0463e353845149b3925bd849625498db 1d5d15bc86544c60ada5cc17c75da708 - - default default] Successfully bumped revision number for resource d4abd16c-c29f-46b7-b641-31141a849d49 (type: security_group_rules) to 0
2026-05-08 00:14:24.370 10 INFO neutron.db.ovn_revision_numbers_db [None req-96e44dd9-86b0-4442-8498-def77e65e5ab 0463e353845149b3925bd849625498db 1d5d15bc86544c60ada5cc17c75da708 - - default default] Successfully bumped revision number for resource d91c4522-dbc8-443c-ad3b-9a55895a85aa (type: security_group_rules) to 0
2026-05-08 00:14:24.387 10 INFO neutron.db.ovn_revision_numbers_db [None req-96e44dd9-86b0-4442-8498-def77e65e5ab 0463e353845149b3925bd849625498db 1d5d15bc86544c60ada5cc17c75da708 - - default default] Successfully bumped revision number for resource eeeb2c4f-6eaf-4264-b2f8-355bf1bda228 (type: security_group_rules) to 0
2026-05-08 00:14:24.409 10 INFO neutron.wsgi [None req-96e44dd9-86b0-4442-8498-def77e65e5ab 0463e353845149b3925bd849625498db 1d5d15bc86544c60ada5cc17c75da708 - - default default] 199.204.45.140,10.0.0.213 "GET /v2.0/security-groups?tenant_id=f141bb3719024ae29a6a7b9890274bf6 HTTP/1.1" status: 200 len: 2973 time: 0.3156521
2026-05-08 00:14:24.554 10 INFO neutron.db.ovn_revision_numbers_db [None req-82c11e59-3dd5-44d6-afcb-36b57abfd4da 0463e353845149b3925bd849625498db 1d5d15bc86544c60ada5cc17c75da708 - - default default] Successfully bumped revision number for resource caacf3c5-209b-4869-8bc2-c1eb896651b4 (type: security_groups) to 1
2026-05-08 00:14:24.583 10 INFO neutron.db.ovn_revision_numbers_db [None req-82c11e59-3dd5-44d6-afcb-36b57abfd4da 0463e353845149b3925bd849625498db 1d5d15bc86544c60ada5cc17c75da708 - - default default] Successfully bumped revision number for resource beb9d591-ef0a-4fdd-ba29-6fc9a49c1108 (type: security_group_rules) to 0
2026-05-08 00:14:24.597 10 INFO neutron.db.ovn_revision_numbers_db [None req-82c11e59-3dd5-44d6-afcb-36b57abfd4da 0463e353845149b3925bd849625498db 1d5d15bc86544c60ada5cc17c75da708 - - default default] Successfully bumped revision number for resource ffd98260-cee2-4ee5-8fbf-dec989448b68 (type: security_group_rules) to 0
2026-05-08 00:14:24.614 10 INFO neutron.wsgi [None req-82c11e59-3dd5-44d6-afcb-36b57abfd4da 0463e353845149b3925bd849625498db 1d5d15bc86544c60ada5cc17c75da708 - - default default] 199.204.45.140,10.0.0.213 "POST /v2.0/security-groups HTTP/1.1" status: 201 len: 1741 time: 0.1942337 /var/lib/openstack/lib/python3.10/site-packages/pycadf/identifier.py:71: UserWarning: Invalid uuid: unknown. To ensure interoperability, identifiers should be a valid uuid. warnings.warn(('Invalid uuid: %s. To ensure interoperability, '
2026-05-08 00:14:25.570 9 INFO neutron.wsgi [None req-ee96f555-7572-432a-b80a-1613e742fadd 0463e353845149b3925bd849625498db 1d5d15bc86544c60ada5cc17c75da708 - - default default] 199.204.45.140,10.0.0.213 "GET /v2.0/security-groups?tenant_id=f141bb3719024ae29a6a7b9890274bf6 HTTP/1.1" status: 200 len: 4515 time: 0.1206050
2026-05-08 00:14:25.632 9 INFO neutron.wsgi [None req-0841e319-9e0d-4f66-b338-12b2d49b579f 0463e353845149b3925bd849625498db 1d5d15bc86544c60ada5cc17c75da708 - - default default] 199.204.45.140,10.0.0.213 "GET /v2.0/security-groups HTTP/1.1" status: 200 len: 14480 time: 0.0539310
2026-05-08 00:14:25.788 9 INFO neutron.db.ovn_revision_numbers_db [None req-dbea2e6e-05d1-4dec-b7a0-6ed02ad36f1b 0463e353845149b3925bd849625498db 1d5d15bc86544c60ada5cc17c75da708 - - default default] Successfully bumped revision number for resource 226c6760-b0f3-4968-af6b-3aa4ca1642f9 (type: security_group_rules) to 0
2026-05-08 00:14:25.809 10 INFO neutron.wsgi [-] 10.0.0.213 "GET / HTTP/1.1" status: 200 len: 247 time: 0.0023978
2026-05-08 00:14:25.812 10 INFO neutron.wsgi [-] 10.0.0.213 "GET / HTTP/1.1" status: 200 len: 247 time: 0.0016711
2026-05-08 00:14:25.823 9 INFO neutron.wsgi [None req-dbea2e6e-05d1-4dec-b7a0-6ed02ad36f1b 0463e353845149b3925bd849625498db 1d5d15bc86544c60ada5cc17c75da708 - - default default] 199.204.45.140,10.0.0.213 "POST /v2.0/security-group-rules HTTP/1.1" status: 201 len: 745 time: 0.1820705
2026-05-08 00:14:26.848 10 INFO neutron.wsgi [None req-b63a7098-f82f-430f-a652-2bf15bc206ac 0463e353845149b3925bd849625498db 1d5d15bc86544c60ada5cc17c75da708 - - default default] 199.204.45.140,10.0.0.213 "GET /v2.0/security-groups?tenant_id=f141bb3719024ae29a6a7b9890274bf6 HTTP/1.1" status: 200 len: 5093 time: 0.0701210
2026-05-08 00:14:26.904 10 INFO neutron.wsgi [None req-1f029943-2eab-4548-95c8-a781faecf77f 0463e353845149b3925bd849625498db 1d5d15bc86544c60ada5cc17c75da708 - - default default] 199.204.45.140,10.0.0.213 "GET /v2.0/security-groups HTTP/1.1" status: 200 len: 15058 time: 0.0450294
2026-05-08 00:14:27.047 10 INFO neutron.db.ovn_revision_numbers_db [None req-596b287d-1799-455a-a3e1-800c2ce6907c 0463e353845149b3925bd849625498db 1d5d15bc86544c60ada5cc17c75da708 - - default default] Successfully bumped revision number for resource 9de8e7e9-b5ff-476c-8361-ae5f7ef21a1c (type: security_group_rules) to 0
2026-05-08 00:14:27.070 10 INFO neutron.wsgi [None req-596b287d-1799-455a-a3e1-800c2ce6907c 0463e353845149b3925bd849625498db 1d5d15bc86544c60ada5cc17c75da708 - - default default] 199.204.45.140,10.0.0.213 "POST /v2.0/security-group-rules HTTP/1.1" status: 201 len: 747 time: 0.1573422
2026-05-08 00:14:27.948 9 INFO neutron.wsgi [None req-1d76e3d7-d6c9-450d-bd9f-5aa1c70a3471 0463e353845149b3925bd849625498db 1d5d15bc86544c60ada5cc17c75da708 - - default default] 199.204.45.140,10.0.0.213 "GET /v2.0/security-groups?tenant_id=f141bb3719024ae29a6a7b9890274bf6 HTTP/1.1" status: 200 len: 5673 time: 0.0834234
2026-05-08 00:14:28.001 9 INFO neutron.wsgi [None req-a308c36e-422d-4ac4-afa4-a8b5c799ed26 0463e353845149b3925bd849625498db 1d5d15bc86544c60ada5cc17c75da708 - - default default] 199.204.45.140,10.0.0.213 "GET /v2.0/security-groups HTTP/1.1" status: 200 len: 15638 time: 0.0457358
2026-05-08 00:14:28.125 9 INFO neutron.db.ovn_revision_numbers_db [None req-3afdfb81-d143-4992-a9cd-176e5197a096 0463e353845149b3925bd849625498db 1d5d15bc86544c60ada5cc17c75da708 - - default default] Successfully bumped revision number for resource e3d1c4b3-aace-4b83-a9d1-0136ef2799d4 (type: security_group_rules) to 0
2026-05-08 00:14:28.152 9 INFO neutron.wsgi [None req-3afdfb81-d143-4992-a9cd-176e5197a096 0463e353845149b3925bd849625498db 1d5d15bc86544c60ada5cc17c75da708 - - default default] 199.204.45.140,10.0.0.213 "POST /v2.0/security-group-rules HTTP/1.1" status: 201 len: 749 time: 0.1393187
2026-05-08 00:14:29.303 9 INFO neutron.wsgi [None req-a1d56bb9-214f-4bc7-9eb6-b590ed6fee2d 0463e353845149b3925bd849625498db 1d5d15bc86544c60ada5cc17c75da708 - - default default] 199.204.45.140,10.0.0.213 "GET /v2.0/security-groups?tenant_id=f141bb3719024ae29a6a7b9890274bf6 HTTP/1.1" status: 200 len: 6255 time: 0.0831289
2026-05-08 00:14:29.356 9 INFO neutron.wsgi [None req-fc5a55cd-f386-4a4e-a7f4-f1c9e3a3badc 0463e353845149b3925bd849625498db 1d5d15bc86544c60ada5cc17c75da708 - - default default] 199.204.45.140,10.0.0.213 "GET /v2.0/security-groups HTTP/1.1" status: 200 len: 16220 time: 0.0445569
2026-05-08 00:14:29.501 9 INFO neutron.db.ovn_revision_numbers_db [None req-caeeec00-9aba-4e35-a51b-c918777d9ae1 0463e353845149b3925bd849625498db 1d5d15bc86544c60ada5cc17c75da708 - - default default] Successfully bumped revision number for resource f1fbde70-603d-4904-93cc-29480eea2be2 (type: security_group_rules) to 0
2026-05-08 00:14:29.525 9 INFO neutron.wsgi [None req-caeeec00-9aba-4e35-a51b-c918777d9ae1 0463e353845149b3925bd849625498db 1d5d15bc86544c60ada5cc17c75da708 - - default default] 199.204.45.140,10.0.0.213 "POST /v2.0/security-group-rules HTTP/1.1" status: 201 len: 750 time: 0.1578550
2026-05-08 00:14:40.807 9 INFO neutron.wsgi [-] 10.0.0.213 "GET / HTTP/1.1" status: 200 len: 247 time: 0.0012615
2026-05-08 00:14:40.810 10 INFO neutron.wsgi [-] 10.0.0.213 "GET / HTTP/1.1" status: 200 len: 247 time: 0.0038619
2026-05-08 00:14:55.809 10 INFO neutron.wsgi [-] 10.0.0.213 "GET / HTTP/1.1" status: 200 len: 247 time: 0.0027189
2026-05-08 00:14:55.810 9 INFO neutron.wsgi [-] 10.0.0.213 "GET / HTTP/1.1" status: 200 len: 247 time: 0.0027943
2026-05-08 00:15:10.810 10 INFO neutron.wsgi [-] 10.0.0.213 "GET / HTTP/1.1" status: 200 len: 247 time: 0.0029933
2026-05-08 00:15:10.810 9 INFO neutron.wsgi [-] 10.0.0.213 "GET / HTTP/1.1" status: 200 len: 247 time: 0.0034959
2026-05-08 00:15:25.811 9 INFO neutron.wsgi [-] 10.0.0.213 "GET / HTTP/1.1" status: 200 len: 247 time: 0.0031633
2026-05-08 00:15:25.814 9 INFO neutron.wsgi [-] 10.0.0.213 "GET / HTTP/1.1" status: 200 len: 247 time: 0.0022519
2026-05-08 00:15:40.809 9 INFO neutron.wsgi [-] 10.0.0.213 "GET / HTTP/1.1" status: 200 len: 247 time: 0.0024607
2026-05-08 00:15:40.810 10 INFO neutron.wsgi [-] 10.0.0.213 "GET / HTTP/1.1" status: 200 len: 247 time: 0.0033944
