2026-05-08 00:36:21.392 10 INFO neutron.wsgi [None req-466bd62c-7dc1-4b88-9f28-150ea08c9b70 0463e353845149b3925bd849625498db 1d5d15bc86544c60ada5cc17c75da708 - - default default] 199.204.45.140 "GET /v2.0/extensions/allowed-address-pairs HTTP/1.1" status: 200 len: 383 time: 0.0031004
2026-05-08 00:36:21.592 10 INFO neutron.wsgi [None req-b135b43f-9a6c-40e4-aae9-d1caa1e7674f 022752777f6b4b83a3bb53ac44d86946 7f1903fd41604e7785e035792e3e7a56 - - default default] 10.0.0.117 "DELETE /v2.0/subnets/b42705d0-1a77-4a02-a35b-403edd5cae0b HTTP/1.1" status: 204 len: 168 time: 0.2373693
2026-05-08 00:36:21.822 10 INFO neutron.wsgi [None req-127649e5-593d-432e-b184-d7a81f20aea1 022752777f6b4b83a3bb53ac44d86946 7f1903fd41604e7785e035792e3e7a56 - - default default] 10.0.0.117 "DELETE /v2.0/subnets/0f491d68-20ab-4e72-88cc-77a2d13b7334 HTTP/1.1" status: 204 len: 168 time: 0.2244129
2026-05-08 00:36:21.968 10 INFO neutron.wsgi [req-ef771019-72b7-48ac-9889-44ea09ba452f req-cfd0749f-2db7-4522-a031-59739975bb46 3f8b8309b3ca466c8c300f1c89d3bcec f141bb3719024ae29a6a7b9890274bf6 - - 0447f99a6f7b4f63bba8b724b57b4524 0447f99a6f7b4f63bba8b724b57b4524] 199.204.45.140 "GET /v2.0/networks/8e2fa504-ea41-4c77-9dc5-cbd843e6d74b?fields=segments HTTP/1.1" status: 200 len: 212 time: 0.0627689
2026-05-08 00:36:22.034 10 INFO neutron.wsgi [req-ef771019-72b7-48ac-9889-44ea09ba452f req-1760d86a-9ce7-4e84-b5d4-ac0e5ef5b971 3f8b8309b3ca466c8c300f1c89d3bcec f141bb3719024ae29a6a7b9890274bf6 - - 0447f99a6f7b4f63bba8b724b57b4524 0447f99a6f7b4f63bba8b724b57b4524] 199.204.45.140 "GET /v2.0/networks/8e2fa504-ea41-4c77-9dc5-cbd843e6d74b?fields=provider%3Aphysical_network&fields=provider%3Anetwork_type HTTP/1.1" status: 200 len: 277 time: 0.0607195
2026-05-08 00:36:22.041 9 INFO neutron.wsgi [None req-6950fa8f-bf69-4d0f-9bb6-3d7eac10629d 022752777f6b4b83a3bb53ac44d86946 7f1903fd41604e7785e035792e3e7a56 - - default default] 10.0.0.117 "DELETE /v2.0/subnets/edff76bc-6528-46bc-933d-37f1f247c4a3 HTTP/1.1" status: 204 len: 168 time: 0.2101295
2026-05-08 00:36:22.151 10 INFO neutron.wsgi [req-ef771019-72b7-48ac-9889-44ea09ba452f req-2a652c19-d169-4d4a-a482-0f58e4ba39b5 0463e353845149b3925bd849625498db 1d5d15bc86544c60ada5cc17c75da708 - - default default] 199.204.45.140 "GET /v2.0/networks?id=8e2fa504-ea41-4c77-9dc5-cbd843e6d74b HTTP/1.1" status: 200 len: 1003 time: 0.0979760
2026-05-08 00:36:22.322 10 INFO neutron.wsgi [None req-a49c03b3-b999-43b0-9456-c6347e027da4 022752777f6b4b83a3bb53ac44d86946 7f1903fd41604e7785e035792e3e7a56 - - default default] 10.0.0.117 "DELETE /v2.0/subnets/5c674f34-9a5f-4225-986e-0e5588f87e86 HTTP/1.1" status: 204 len: 168 time: 0.2768857
2026-05-08 00:36:22.511 10 WARNING neutron.scheduler.dhcp_agent_scheduler [req-ef771019-72b7-48ac-9889-44ea09ba452f req-d9dfbe54-fc03-4aca-952e-57272bdd8f76 0463e353845149b3925bd849625498db 1d5d15bc86544c60ada5cc17c75da708 - - default default] No more DHCP agents
2026-05-08 00:36:22.514 10 WARNING neutron.api.rpc.agentnotifiers.dhcp_rpc_agent_api [req-ef771019-72b7-48ac-9889-44ea09ba452f req-d9dfbe54-fc03-4aca-952e-57272bdd8f76 0463e353845149b3925bd849625498db 1d5d15bc86544c60ada5cc17c75da708 - - default default] Unable to schedule network 8e2fa504-ea41-4c77-9dc5-cbd843e6d74b: no agents available; will retry on subsequent port and subnet creation events.
2026-05-08 00:36:22.686 9 INFO neutron.services.segments.plugin [-] Segment 6747f4dd-daca-4925-aaf6-6edd56afc191 resource provider aggregate not found
2026-05-08 00:36:22.686 10 INFO neutron.db.ovn_revision_numbers_db [req-ef771019-72b7-48ac-9889-44ea09ba452f req-d9dfbe54-fc03-4aca-952e-57272bdd8f76 0463e353845149b3925bd849625498db 1d5d15bc86544c60ada5cc17c75da708 - - default default] Successfully bumped revision number for resource 59dae9a7-a14e-41c9-b434-5eb368cd6aff (type: ports) to 1
2026-05-08 00:36:22.691 9 INFO neutron.services.segments.plugin [-] Segment 6747f4dd-daca-4925-aaf6-6edd56afc191 resource provider aggregate not found
2026-05-08 00:36:22.706 9 INFO neutron.services.segments.plugin [-] Segment 6747f4dd-daca-4925-aaf6-6edd56afc191 resource provider not found; error: Placement Client Error (4xx): {"errors": [{"status": 404, "title": "Not Found", "detail": "The resource could not be found.\n\n No resource provider with uuid 6747f4dd-daca-4925-aaf6-6edd56afc191 found for delete ", "request_id": "req-84f517e7-8230-4488-b57c-a5cf9777f920"}]}
2026-05-08 00:36:22.707 9 INFO neutron.services.segments.plugin [-] Segment 6747f4dd-daca-4925-aaf6-6edd56afc191 resource provider not found; error: Placement Client Error (4xx): {"errors": [{"status": 404, "title": "Not Found", "detail": "The resource could not be found.\n\n No resource provider with uuid 6747f4dd-daca-4925-aaf6-6edd56afc191 found for delete ", "request_id": "req-d3b74d9f-d270-432d-930d-b54a2c509721"}]}
2026-05-08 00:36:22.708 10 INFO neutron.wsgi [req-ef771019-72b7-48ac-9889-44ea09ba452f req-d9dfbe54-fc03-4aca-952e-57272bdd8f76 0463e353845149b3925bd849625498db 1d5d15bc86544c60ada5cc17c75da708 - - default default] 199.204.45.140 "POST /v2.0/ports HTTP/1.1" status: 201 len: 1508 time: 0.5508919 /var/lib/openstack/lib/python3.10/site-packages/pycadf/identifier.py:71: UserWarning: Invalid uuid: neutron. To ensure interoperability, identifiers should be a valid uuid. warnings.warn(('Invalid uuid: %s. To ensure interoperability, '
2026-05-08 00:36:22.730 9 INFO neutron.wsgi [None req-a7a209b8-1c7f-402e-9497-b8d6448e71d5 022752777f6b4b83a3bb53ac44d86946 7f1903fd41604e7785e035792e3e7a56 - - default default] 10.0.0.117 "DELETE /v2.0/networks/da951952-9daf-4124-939c-8bcce8f247d4 HTTP/1.1" status: 204 len: 168 time: 0.4021347
2026-05-08 00:36:23.070 9 INFO neutron.wsgi [None req-3f73951b-98e7-49ef-bd8e-1f85bf6bcae4 022752777f6b4b83a3bb53ac44d86946 7f1903fd41604e7785e035792e3e7a56 - - default default] 10.0.0.117 "DELETE /v2.0/networks/191bae24-af97-4914-96e9-235033f7f6cf HTTP/1.1" status: 204 len: 168 time: 0.3344243 /var/lib/openstack/lib/python3.10/site-packages/pycadf/identifier.py:71: UserWarning: Invalid uuid: neutron. To ensure interoperability, identifiers should be a valid uuid. warnings.warn(('Invalid uuid: %s. To ensure interoperability, '
2026-05-08 00:36:23.162 10 INFO neutron.db.ovn_revision_numbers_db [req-ef771019-72b7-48ac-9889-44ea09ba452f req-a652b547-f5fd-442a-823d-2d6619bf192c 3f8b8309b3ca466c8c300f1c89d3bcec f141bb3719024ae29a6a7b9890274bf6 - - 0447f99a6f7b4f63bba8b724b57b4524 0447f99a6f7b4f63bba8b724b57b4524] Successfully bumped revision number for resource 59dae9a7-a14e-41c9-b434-5eb368cd6aff (type: ports) to 2
2026-05-08 00:36:23.771 10 INFO neutron.db.ovn_revision_numbers_db [req-ef771019-72b7-48ac-9889-44ea09ba452f req-a652b547-f5fd-442a-823d-2d6619bf192c 3f8b8309b3ca466c8c300f1c89d3bcec f141bb3719024ae29a6a7b9890274bf6 - - 0447f99a6f7b4f63bba8b724b57b4524 0447f99a6f7b4f63bba8b724b57b4524] Successfully bumped revision number for resource 59dae9a7-a14e-41c9-b434-5eb368cd6aff (type: ports) to 2
2026-05-08 00:36:23.794 10 INFO neutron.wsgi [req-ef771019-72b7-48ac-9889-44ea09ba452f req-a652b547-f5fd-442a-823d-2d6619bf192c 3f8b8309b3ca466c8c300f1c89d3bcec f141bb3719024ae29a6a7b9890274bf6 - - 0447f99a6f7b4f63bba8b724b57b4524 0447f99a6f7b4f63bba8b724b57b4524] 199.204.45.140 "PUT /v2.0/ports/59dae9a7-a14e-41c9-b434-5eb368cd6aff HTTP/1.1" status: 200 len: 1605 time: 1.0769758
2026-05-08 00:36:23.841 10 INFO neutron.notifiers.nova [-] Nova event matching ['req-3335e3b3-f2eb-4bb4-bb27-7a8419571e69'] response: {'name': 'network-changed', 'server_uuid': '503c45b7-1703-4df8-941d-7cb20c4cd0ff', 'tag': '59dae9a7-a14e-41c9-b434-5eb368cd6aff', 'status': 'completed', 'code': 200}
2026-05-08 00:36:23.842 10 INFO neutron.services.segments.plugin [-] Segment 51a79fb5-73e5-48fd-8dbb-263c6d878895 resource provider aggregate not found
2026-05-08 00:36:23.847 10 INFO neutron.services.segments.plugin [-] Segment 51a79fb5-73e5-48fd-8dbb-263c6d878895 resource provider aggregate not found /var/lib/openstack/lib/python3.10/site-packages/pycadf/identifier.py:71: UserWarning: Invalid uuid: neutron. To ensure interoperability, identifiers should be a valid uuid. warnings.warn(('Invalid uuid: %s. To ensure interoperability, '
2026-05-08 00:36:23.870 10 INFO neutron.services.segments.plugin [-] Segment 51a79fb5-73e5-48fd-8dbb-263c6d878895 resource provider not found; error: Placement Client Error (4xx): {"errors": [{"status": 404, "title": "Not Found", "detail": "The resource could not be found.\n\n No resource provider with uuid 51a79fb5-73e5-48fd-8dbb-263c6d878895 found for delete ", "request_id": "req-9becc608-bd5a-4178-be85-40a8f30169c0"}]}
2026-05-08 00:36:23.873 10 INFO neutron.services.segments.plugin [-] Segment 51a79fb5-73e5-48fd-8dbb-263c6d878895 resource provider not found; error: Placement Client Error (4xx): {"errors": [{"status": 404, "title": "Not Found", "detail": "The resource could not be found.\n\n No resource provider with uuid 51a79fb5-73e5-48fd-8dbb-263c6d878895 found for delete ", "request_id": "req-874a9cbc-b12b-433d-a493-b04efbc2cf00"}]}
2026-05-08 00:36:23.888 10 INFO neutron.wsgi [req-ef771019-72b7-48ac-9889-44ea09ba452f req-554ea43e-6fa8-40ba-b6c3-59090162af7d 3f8b8309b3ca466c8c300f1c89d3bcec f141bb3719024ae29a6a7b9890274bf6 - - 0447f99a6f7b4f63bba8b724b57b4524 0447f99a6f7b4f63bba8b724b57b4524] 199.204.45.140 "GET /v2.0/ports?tenant_id=1d5d15bc86544c60ada5cc17c75da708&device_id=503c45b7-1703-4df8-941d-7cb20c4cd0ff HTTP/1.1" status: 200 len: 4153 time: 0.0564706
2026-05-08 00:36:23.895 10 INFO neutron.wsgi [None req-b9332090-45ee-48d4-8f1e-f9a71973c130 022752777f6b4b83a3bb53ac44d86946 7f1903fd41604e7785e035792e3e7a56 - - default default] 10.0.0.117 "DELETE /v2.0/networks/197e711f-7d1a-40a3-995a-1e6f331718d5 HTTP/1.1" status: 204 len: 168 time: 0.8198781
2026-05-08 00:36:23.919 10 INFO neutron.wsgi [req-ef771019-72b7-48ac-9889-44ea09ba452f req-7335e621-644d-44de-810c-cd24c092dce2 3f8b8309b3ca466c8c300f1c89d3bcec f141bb3719024ae29a6a7b9890274bf6 - - 0447f99a6f7b4f63bba8b724b57b4524 0447f99a6f7b4f63bba8b724b57b4524] 199.204.45.140 "GET /v2.0/floatingips?fixed_ip_address=172.24.2.152&port_id=3627566c-3a16-46c4-a466-58a7c853684a HTTP/1.1" status: 200 len: 217 time: 0.0215454
2026-05-08 00:36:23.953 10 INFO neutron.wsgi [req-ef771019-72b7-48ac-9889-44ea09ba452f req-1f58aab0-aadf-4449-a662-dc31866b839a 3f8b8309b3ca466c8c300f1c89d3bcec f141bb3719024ae29a6a7b9890274bf6 - - 0447f99a6f7b4f63bba8b724b57b4524 0447f99a6f7b4f63bba8b724b57b4524] 199.204.45.140 "GET /v2.0/subnets?id=f29db094-4660-4a98-ba74-ef1bf0bf40af HTTP/1.1" status: 200 len: 829 time: 0.0277395
2026-05-08 00:36:23.979 10 INFO neutron.wsgi [req-ef771019-72b7-48ac-9889-44ea09ba452f req-cfb4f89a-a9f0-4882-b62b-f2ffcdb58490 3f8b8309b3ca466c8c300f1c89d3bcec f141bb3719024ae29a6a7b9890274bf6 - - 0447f99a6f7b4f63bba8b724b57b4524 0447f99a6f7b4f63bba8b724b57b4524] 199.204.45.140 "GET /v2.0/ports?network_id=a4b2feda-37ef-46a6-9363-8f437e7b66fd&device_owner=network%3Adhcp HTTP/1.1" status: 200 len: 210 time: 0.0190153
2026-05-08 00:36:24.033 10 INFO neutron.wsgi [req-ef771019-72b7-48ac-9889-44ea09ba452f req-f542f949-77fd-4e2f-b69d-53ce688fa0c3 3f8b8309b3ca466c8c300f1c89d3bcec f141bb3719024ae29a6a7b9890274bf6 - - 0447f99a6f7b4f63bba8b724b57b4524 0447f99a6f7b4f63bba8b724b57b4524] 199.204.45.140 "GET /v2.0/networks/a4b2feda-37ef-46a6-9363-8f437e7b66fd?fields=segments HTTP/1.1" status: 200 len: 212 time: 0.0475154
2026-05-08 00:36:24.098 10 INFO neutron.wsgi [req-ef771019-72b7-48ac-9889-44ea09ba452f req-5d3352db-78e0-411e-9a83-10684ed362e4 3f8b8309b3ca466c8c300f1c89d3bcec f141bb3719024ae29a6a7b9890274bf6 - - 0447f99a6f7b4f63bba8b724b57b4524 0447f99a6f7b4f63bba8b724b57b4524] 199.204.45.140 "GET /v2.0/networks/a4b2feda-37ef-46a6-9363-8f437e7b66fd?fields=provider%3Aphysical_network&fields=provider%3Anetwork_type HTTP/1.1" status: 200 len: 277 time: 0.0580580
2026-05-08 00:36:24.129 10 INFO neutron.wsgi [req-ef771019-72b7-48ac-9889-44ea09ba452f req-44be76b8-1df2-4f1f-b9d9-81403cdc7886 3f8b8309b3ca466c8c300f1c89d3bcec f141bb3719024ae29a6a7b9890274bf6 - - 0447f99a6f7b4f63bba8b724b57b4524 0447f99a6f7b4f63bba8b724b57b4524] 199.204.45.140 "GET /v2.0/floatingips?fixed_ip_address=10.1.1.126&port_id=1b0ad753-4a52-4b98-a117-c30b7a0b25a3 HTTP/1.1" status: 200 len: 217 time: 0.0225668
2026-05-08 00:36:24.168 10 INFO neutron.wsgi [req-ef771019-72b7-48ac-9889-44ea09ba452f req-023d13a2-1083-4d30-8eb2-2fb00f6a42ec 3f8b8309b3ca466c8c300f1c89d3bcec f141bb3719024ae29a6a7b9890274bf6 - - 0447f99a6f7b4f63bba8b724b57b4524 0447f99a6f7b4f63bba8b724b57b4524] 199.204.45.140 "GET /v2.0/subnets?id=7348e34e-1ece-4c48-bc08-a451d36f89dd HTTP/1.1" status: 200 len: 854 time: 0.0345800
2026-05-08 00:36:24.199 10 INFO neutron.wsgi [req-ef771019-72b7-48ac-9889-44ea09ba452f req-504c2fa8-d025-45f0-a21c-a3ee3507d902 3f8b8309b3ca466c8c300f1c89d3bcec f141bb3719024ae29a6a7b9890274bf6 - - 0447f99a6f7b4f63bba8b724b57b4524 0447f99a6f7b4f63bba8b724b57b4524] 199.204.45.140 "GET /v2.0/ports?network_id=f89c4e96-d75f-47b6-a14a-ac495505e0c8&device_owner=network%3Adhcp HTTP/1.1" status: 200 len: 210 time: 0.0235610
2026-05-08 00:36:24.258 10 INFO neutron.wsgi [req-ef771019-72b7-48ac-9889-44ea09ba452f req-08bcd25a-abe0-4e46-b803-bee77a9266d5 3f8b8309b3ca466c8c300f1c89d3bcec f141bb3719024ae29a6a7b9890274bf6 - - 0447f99a6f7b4f63bba8b724b57b4524 0447f99a6f7b4f63bba8b724b57b4524] 199.204.45.140 "GET /v2.0/networks/f89c4e96-d75f-47b6-a14a-ac495505e0c8?fields=segments HTTP/1.1" status: 200 len: 212 time: 0.0543351
2026-05-08 00:36:24.311 9 INFO neutron.wsgi [None req-002b1b3f-794c-4efb-a328-c382fc4c9402 022752777f6b4b83a3bb53ac44d86946 7f1903fd41604e7785e035792e3e7a56 - - default default] 10.0.0.117 "DELETE /v2.0/networks/28c40790-790e-4800-9848-24bc1a7a3549 HTTP/1.1" status: 204 len: 168 time: 0.4090815
2026-05-08 00:36:24.318 10 INFO neutron.wsgi [req-ef771019-72b7-48ac-9889-44ea09ba452f req-40ee225f-a6a4-40f1-8492-dcd2d1c251b2 3f8b8309b3ca466c8c300f1c89d3bcec f141bb3719024ae29a6a7b9890274bf6 - - 0447f99a6f7b4f63bba8b724b57b4524 0447f99a6f7b4f63bba8b724b57b4524] 199.204.45.140 "GET /v2.0/networks/f89c4e96-d75f-47b6-a14a-ac495505e0c8?fields=provider%3Aphysical_network&fields=provider%3Anetwork_type HTTP/1.1" status: 200 len: 277 time: 0.0556018
2026-05-08 00:36:24.349 10 INFO neutron.wsgi [req-ef771019-72b7-48ac-9889-44ea09ba452f req-46d1ae02-dbcd-43c6-950c-08acec7505b1 3f8b8309b3ca466c8c300f1c89d3bcec f141bb3719024ae29a6a7b9890274bf6 - - 0447f99a6f7b4f63bba8b724b57b4524 0447f99a6f7b4f63bba8b724b57b4524] 199.204.45.140 "GET /v2.0/floatingips?fixed_ip_address=10.2.1.150&port_id=59dae9a7-a14e-41c9-b434-5eb368cd6aff HTTP/1.1" status: 200 len: 217 time: 0.0251477
2026-05-08 00:36:24.378 10 INFO neutron.wsgi [req-ef771019-72b7-48ac-9889-44ea09ba452f req-d38e6184-37f9-4947-be25-141a28e628e1 3f8b8309b3ca466c8c300f1c89d3bcec f141bb3719024ae29a6a7b9890274bf6 - - 0447f99a6f7b4f63bba8b724b57b4524 0447f99a6f7b4f63bba8b724b57b4524] 199.204.45.140 "GET /v2.0/floatingips?fixed_ip_address=fd7b%3Af9f7%3Afff%3A4eca%3A%3A29f&port_id=59dae9a7-a14e-41c9-b434-5eb368cd6aff HTTP/1.1" status: 200 len: 217 time: 0.0222499
2026-05-08 00:36:24.422 10 INFO neutron.wsgi [req-ef771019-72b7-48ac-9889-44ea09ba452f req-fc9bfeca-42ad-403b-915b-141ffc8d9774 3f8b8309b3ca466c8c300f1c89d3bcec f141bb3719024ae29a6a7b9890274bf6 - - 0447f99a6f7b4f63bba8b724b57b4524 0447f99a6f7b4f63bba8b724b57b4524] 199.204.45.140 "GET /v2.0/subnets?id=51b800ed-fa69-4e5b-8e9c-ad142e686208&id=35deced2-967c-45ff-800b-71ab4657421c HTTP/1.1" status: 200 len: 1563 time: 0.0389926
2026-05-08 00:36:24.454 10 INFO neutron.wsgi [req-ef771019-72b7-48ac-9889-44ea09ba452f req-f64482e1-6a58-491b-b71a-9836d4215ef3 3f8b8309b3ca466c8c300f1c89d3bcec f141bb3719024ae29a6a7b9890274bf6 - - 0447f99a6f7b4f63bba8b724b57b4524 0447f99a6f7b4f63bba8b724b57b4524] 199.204.45.140 "GET /v2.0/ports?network_id=8e2fa504-ea41-4c77-9dc5-cbd843e6d74b&device_owner=network%3Adhcp HTTP/1.1" status: 200 len: 210 time: 0.0246351
2026-05-08 00:36:24.484 10 INFO neutron.wsgi [req-ef771019-72b7-48ac-9889-44ea09ba452f req-b0f9bc08-1961-48ae-8cd8-93cb459609e2 3f8b8309b3ca466c8c300f1c89d3bcec f141bb3719024ae29a6a7b9890274bf6 - - 0447f99a6f7b4f63bba8b724b57b4524 0447f99a6f7b4f63bba8b724b57b4524] 199.204.45.140 "GET /v2.0/ports?network_id=8e2fa504-ea41-4c77-9dc5-cbd843e6d74b&device_owner=network%3Adhcp HTTP/1.1" status: 200 len: 210 time: 0.0226414
2026-05-08 00:36:24.558 10 INFO neutron.wsgi [req-ef771019-72b7-48ac-9889-44ea09ba452f req-f4f30f14-a07f-4688-a031-a90991b292a2 3f8b8309b3ca466c8c300f1c89d3bcec f141bb3719024ae29a6a7b9890274bf6 - - 0447f99a6f7b4f63bba8b724b57b4524 0447f99a6f7b4f63bba8b724b57b4524] 199.204.45.140 "GET /v2.0/networks/8e2fa504-ea41-4c77-9dc5-cbd843e6d74b?fields=segments HTTP/1.1" status: 200 len: 212 time: 0.0676029
2026-05-08 00:36:24.628 10 INFO neutron.wsgi [req-ef771019-72b7-48ac-9889-44ea09ba452f req-0d7be2ce-adde-4146-a876-210d62270697 3f8b8309b3ca466c8c300f1c89d3bcec f141bb3719024ae29a6a7b9890274bf6 - - 0447f99a6f7b4f63bba8b724b57b4524 0447f99a6f7b4f63bba8b724b57b4524] 199.204.45.140 "GET /v2.0/networks/8e2fa504-ea41-4c77-9dc5-cbd843e6d74b?fields=provider%3Aphysical_network&fields=provider%3Anetwork_type HTTP/1.1" status: 200 len: 277 time: 0.0609336
2026-05-08 00:36:24.725 10 INFO neutron.wsgi [req-f6103e26-56b7-4294-9e54-d792b51a565a req-f00ed5d4-67a8-456c-af0d-4db7f9e8a6e8 3f8b8309b3ca466c8c300f1c89d3bcec f141bb3719024ae29a6a7b9890274bf6 - - 0447f99a6f7b4f63bba8b724b57b4524 0447f99a6f7b4f63bba8b724b57b4524] 199.204.45.140 "GET /v2.0/ports?tenant_id=1d5d15bc86544c60ada5cc17c75da708&device_id=503c45b7-1703-4df8-941d-7cb20c4cd0ff HTTP/1.1" status: 200 len: 4153 time: 0.0496140
2026-05-08 00:36:24.736 10 INFO neutron.plugins.ml2.drivers.ovn.mech_driver.mech_driver [None req-19c09000-c697-40ab-ad22-53a8c9c4a4e4 - - - - - -] OVN reports status up for port: 59dae9a7-a14e-41c9-b434-5eb368cd6aff
2026-05-08 00:36:24.742 9 INFO neutron.wsgi [None req-343d28e5-b5cb-43b9-bd5b-3b638361d243 022752777f6b4b83a3bb53ac44d86946 7f1903fd41604e7785e035792e3e7a56 - - default default] 10.0.0.117 "DELETE /v2.0/networks/89472dec-3d94-4e68-89ba-2fcd9e3b8eae HTTP/1.1" status: 204 len: 168 time: 0.4268036
2026-05-08 00:36:24.744 9 INFO neutron.services.segments.plugin [-] Segment eca82533-c677-4725-bba9-441a56423706 resource provider aggregate not found
2026-05-08 00:36:24.756 9 INFO neutron.services.segments.plugin [-] Segment eca82533-c677-4725-bba9-441a56423706 resource provider aggregate not found
2026-05-08 00:36:24.778 9 INFO neutron.services.segments.plugin [-] Segment eca82533-c677-4725-bba9-441a56423706 resource provider not found; error: Placement Client Error (4xx): {"errors": [{"status": 404, "title": "Not Found", "detail": "The resource could not be found.\n\n No resource provider with uuid eca82533-c677-4725-bba9-441a56423706 found for delete ", "request_id": "req-55ae69b4-43c2-4256-a73d-ad1bea78004d"}]}
2026-05-08 00:36:24.782 10 INFO neutron.plugins.ml2.plugin [None req-19c09000-c697-40ab-ad22-53a8c9c4a4e4 - - - - - -] Attempt 1 to provision port 59dae9a7-a14e-41c9-b434-5eb368cd6aff
2026-05-08 00:36:24.785 9 INFO neutron.services.segments.plugin [-] Segment eca82533-c677-4725-bba9-441a56423706 resource provider not found; error: Placement Client Error (4xx): {"errors": [{"status": 404, "title": "Not Found", "detail": "The resource could not be found.\n\n No resource provider with uuid eca82533-c677-4725-bba9-441a56423706 found for delete ", "request_id": "req-ced7d451-c18a-4aca-ac06-50bc328760de"}]}
2026-05-08 00:36:24.807 9 INFO neutron.services.segments.plugin [-] Segment 0fb05e29-72be-447c-b250-5bb91efe97bc resource provider aggregate not found
2026-05-08 00:36:24.814 9 INFO neutron.services.segments.plugin [-] Segment 0fb05e29-72be-447c-b250-5bb91efe97bc resource provider aggregate not found
2026-05-08 00:36:24.822 10 INFO neutron.wsgi [req-f6103e26-56b7-4294-9e54-d792b51a565a req-5e4e0b7f-dd70-44bc-9fae-55f2dce48721 3f8b8309b3ca466c8c300f1c89d3bcec f141bb3719024ae29a6a7b9890274bf6 - - 0447f99a6f7b4f63bba8b724b57b4524 0447f99a6f7b4f63bba8b724b57b4524] 199.204.45.140 "GET /v2.0/networks?id=8e2fa504-ea41-4c77-9dc5-cbd843e6d74b HTTP/1.1" status: 200 len: 1003 time: 0.0833766
2026-05-08 00:36:24.833 9 INFO neutron.services.segments.plugin [-] Segment 0fb05e29-72be-447c-b250-5bb91efe97bc resource provider not found; error: Placement Client Error (4xx): {"errors": [{"status": 404, "title": "Not Found", "detail": "The resource could not be found.\n\n No resource provider with uuid 0fb05e29-72be-447c-b250-5bb91efe97bc found for delete ", "request_id": "req-00cace70-1e36-4c78-aa39-e264934ab52f"}]}
2026-05-08 00:36:24.838 9 INFO neutron.services.segments.plugin [-] Segment 0fb05e29-72be-447c-b250-5bb91efe97bc resource provider not found; error: Placement Client Error (4xx): {"errors": [{"status": 404, "title": "Not Found", "detail": "The resource could not be found.\n\n No resource provider with uuid 0fb05e29-72be-447c-b250-5bb91efe97bc found for delete ", "request_id": "req-c314cc70-4665-4834-89ec-b9c5856a4813"}]}
2026-05-08 00:36:24.848 9 INFO neutron.services.segments.plugin [-] Segment 2d786eb6-25ba-478c-a9f3-ac6e75ef8940 resource provider aggregate not found
2026-05-08 00:36:24.859 9 INFO neutron.services.segments.plugin [-] Segment 2d786eb6-25ba-478c-a9f3-ac6e75ef8940 resource provider aggregate not found
2026-05-08 00:36:24.865 9 INFO neutron.services.segments.plugin [-] Segment 2d786eb6-25ba-478c-a9f3-ac6e75ef8940 resource provider not found; error: Placement Client Error (4xx): {"errors": [{"status": 404, "title": "Not Found", "detail": "The resource could not be found.\n\n No resource provider with uuid 2d786eb6-25ba-478c-a9f3-ac6e75ef8940 found for delete ", "request_id": "req-af7e6351-14e3-41f1-bb9f-6b9b3163537e"}]}
2026-05-08 00:36:24.868 10 INFO neutron.wsgi [req-f6103e26-56b7-4294-9e54-d792b51a565a req-ba9cde6a-8ed3-4e50-a125-33fd8bc45c41 3f8b8309b3ca466c8c300f1c89d3bcec f141bb3719024ae29a6a7b9890274bf6 - - 0447f99a6f7b4f63bba8b724b57b4524 0447f99a6f7b4f63bba8b724b57b4524] 199.204.45.140 "GET /v2.0/floatingips?fixed_ip_address=10.2.1.150&port_id=59dae9a7-a14e-41c9-b434-5eb368cd6aff HTTP/1.1" status: 200 len: 217 time: 0.0408888
2026-05-08 00:36:24.875 9 INFO neutron.services.segments.plugin [-] Segment 2d786eb6-25ba-478c-a9f3-ac6e75ef8940 resource provider not found; error: Placement Client Error (4xx): {"errors": [{"status": 404, "title": "Not Found", "detail": "The resource could not be found.\n\n No resource provider with uuid 2d786eb6-25ba-478c-a9f3-ac6e75ef8940 found for delete ", "request_id": "req-799d14e6-8c07-433e-9dd7-d3597bb4208e"}]}
2026-05-08 00:36:24.908 10 INFO neutron.wsgi [req-f6103e26-56b7-4294-9e54-d792b51a565a req-01b42421-229f-4bb9-aeb6-23a760eb9d8b 3f8b8309b3ca466c8c300f1c89d3bcec f141bb3719024ae29a6a7b9890274bf6 - - 0447f99a6f7b4f63bba8b724b57b4524 0447f99a6f7b4f63bba8b724b57b4524] 199.204.45.140 "GET /v2.0/floatingips?fixed_ip_address=fd7b%3Af9f7%3Afff%3A4eca%3A%3A29f&port_id=59dae9a7-a14e-41c9-b434-5eb368cd6aff HTTP/1.1" status: 200 len: 217 time: 0.0323188
2026-05-08 00:36:24.933 9 INFO neutron.wsgi [req-ef771019-72b7-48ac-9889-44ea09ba452f req-65a26802-4a86-4a60-89e1-ab3c74ea52d1 0463e353845149b3925bd849625498db 1d5d15bc86544c60ada5cc17c75da708 - - default default] 10.0.0.107 "GET /v2.0/ports/59dae9a7-a14e-41c9-b434-5eb368cd6aff HTTP/1.1" status: 200 len: 1633 time: 0.0346472
2026-05-08 00:36:24.996 10 INFO neutron.wsgi [req-f6103e26-56b7-4294-9e54-d792b51a565a req-e96f1610-f3f5-4791-b7ce-3866ff44165d 3f8b8309b3ca466c8c300f1c89d3bcec f141bb3719024ae29a6a7b9890274bf6 - - 0447f99a6f7b4f63bba8b724b57b4524 0447f99a6f7b4f63bba8b724b57b4524] 199.204.45.140 "GET /v2.0/subnets?id=51b800ed-fa69-4e5b-8e9c-ad142e686208&id=35deced2-967c-45ff-800b-71ab4657421c HTTP/1.1" status: 200 len: 1563 time: 0.0782607
2026-05-08 00:36:25.025 10 INFO neutron.wsgi [None req-db769a1c-df47-404b-9ec0-33f953cc355b 0463e353845149b3925bd849625498db 1d5d15bc86544c60ada5cc17c75da708 - - default default] 199.204.45.140 "GET /v2.0/ports/59dae9a7-a14e-41c9-b434-5eb368cd6aff HTTP/1.1" status: 200 len: 1633 time: 0.0793955
2026-05-08 00:36:25.054 10 INFO neutron.wsgi [req-f6103e26-56b7-4294-9e54-d792b51a565a req-fa61079d-f207-40c6-a41b-9abebddff4f2 3f8b8309b3ca466c8c300f1c89d3bcec f141bb3719024ae29a6a7b9890274bf6 - - 0447f99a6f7b4f63bba8b724b57b4524 0447f99a6f7b4f63bba8b724b57b4524] 199.204.45.140 "GET /v2.0/ports?network_id=8e2fa504-ea41-4c77-9dc5-cbd843e6d74b&device_owner=network%3Adhcp HTTP/1.1" status: 200 len: 210 time: 0.0477965
2026-05-08 00:36:25.090 10 INFO neutron.wsgi [req-f6103e26-56b7-4294-9e54-d792b51a565a req-1f81345b-7da5-4dca-bb42-968fadf4663f 3f8b8309b3ca466c8c300f1c89d3bcec f141bb3719024ae29a6a7b9890274bf6 - - 0447f99a6f7b4f63bba8b724b57b4524 0447f99a6f7b4f63bba8b724b57b4524] 199.204.45.140 "GET /v2.0/ports?network_id=8e2fa504-ea41-4c77-9dc5-cbd843e6d74b&device_owner=network%3Adhcp HTTP/1.1" status: 200 len: 210 time: 0.0273521
2026-05-08 00:36:25.096 10 INFO neutron.wsgi [None req-e28fb387-b5e3-41fa-8409-d7a59cd0794b 0463e353845149b3925bd849625498db 1d5d15bc86544c60ada5cc17c75da708 - - default default] 199.204.45.140 "GET /v2.0/ports/59dae9a7-a14e-41c9-b434-5eb368cd6aff HTTP/1.1" status: 200 len: 1635 time: 0.0588219
2026-05-08 00:36:25.200 10 INFO neutron.wsgi [req-f6103e26-56b7-4294-9e54-d792b51a565a req-2dd5aba9-fae3-497b-82fe-083d5ecbbe43 3f8b8309b3ca466c8c300f1c89d3bcec f141bb3719024ae29a6a7b9890274bf6 - - 0447f99a6f7b4f63bba8b724b57b4524 0447f99a6f7b4f63bba8b724b57b4524] 199.204.45.140 "GET /v2.0/networks/8e2fa504-ea41-4c77-9dc5-cbd843e6d74b?fields=segments HTTP/1.1" status: 200 len: 212 time: 0.1040249
2026-05-08 00:36:25.311 10 INFO neutron.wsgi [req-f6103e26-56b7-4294-9e54-d792b51a565a req-3b81ea21-7204-4065-8b3e-85e85249fb91 3f8b8309b3ca466c8c300f1c89d3bcec f141bb3719024ae29a6a7b9890274bf6 - - 0447f99a6f7b4f63bba8b724b57b4524 0447f99a6f7b4f63bba8b724b57b4524] 199.204.45.140 "GET /v2.0/networks/8e2fa504-ea41-4c77-9dc5-cbd843e6d74b?fields=provider%3Aphysical_network&fields=provider%3Anetwork_type HTTP/1.1" status: 200 len: 277 time: 0.1038735
2026-05-08 00:36:25.355 10 INFO neutron.db.ovn_revision_numbers_db [None req-19c09000-c697-40ab-ad22-53a8c9c4a4e4 - - - - - -] Successfully bumped revision number for resource 59dae9a7-a14e-41c9-b434-5eb368cd6aff (type: ports) to 4
2026-05-08 00:36:25.658 10 INFO neutron.db.ovn_revision_numbers_db [None req-b8357293-8d45-44ef-84ed-1ae414eb7855 0463e353845149b3925bd849625498db 1d5d15bc86544c60ada5cc17c75da708 - - default default] Successfully bumped revision number for resource 59dae9a7-a14e-41c9-b434-5eb368cd6aff (type: ports) to 5
2026-05-08 00:36:25.670 10 INFO neutron.wsgi [None req-b8357293-8d45-44ef-84ed-1ae414eb7855 0463e353845149b3925bd849625498db 1d5d15bc86544c60ada5cc17c75da708 - - default default] 199.204.45.140 "PUT /v2.0/ports/59dae9a7-a14e-41c9-b434-5eb368cd6aff HTTP/1.1" status: 200 len: 1378 time: 0.5648975 /var/lib/openstack/lib/python3.10/site-packages/pycadf/identifier.py:71: UserWarning: Invalid uuid: neutron. To ensure interoperability, identifiers should be a valid uuid. warnings.warn(('Invalid uuid: %s. To ensure interoperability, '
2026-05-08 00:36:25.744 10 INFO neutron.wsgi [None req-b53b29a3-183d-46f1-9492-6faa56a68d09 0463e353845149b3925bd849625498db 1d5d15bc86544c60ada5cc17c75da708 - - default default] 199.204.45.140 "GET /v2.0/networks/8e2fa504-ea41-4c77-9dc5-cbd843e6d74b HTTP/1.1" status: 200 len: 1000 time: 0.0652909
2026-05-08 00:36:25.793 10 INFO neutron.wsgi [None req-c63c686b-371f-46c3-8052-fa9ccc7f3e90 0463e353845149b3925bd849625498db 1d5d15bc86544c60ada5cc17c75da708 - - default default] 199.204.45.140 "GET /v2.0/subnets/35deced2-967c-45ff-800b-71ab4657421c HTTP/1.1" status: 200 len: 849 time: 0.0425060
2026-05-08 00:36:25.810 10 INFO neutron.wsgi [-] 10.0.0.213 "GET / HTTP/1.1" status: 200 len: 247 time: 0.0027821
2026-05-08 00:36:25.813 10 INFO neutron.wsgi [-] 10.0.0.213 "GET / HTTP/1.1" status: 200 len: 247 time: 0.0020773
2026-05-08 00:36:25.830 9 INFO neutron.db.ovn_revision_numbers_db [None req-13c7d44e-08dd-4f90-9290-93453deaa8d3 0463e353845149b3925bd849625498db 1d5d15bc86544c60ada5cc17c75da708 - - default default] Successfully bumped revision number for resource c62936ee-4870-48b0-a7cb-c0b6fa8995cd (type: security_groups) to 1
2026-05-08 00:36:25.844 9 INFO neutron.db.ovn_revision_numbers_db [None req-13c7d44e-08dd-4f90-9290-93453deaa8d3 0463e353845149b3925bd849625498db 1d5d15bc86544c60ada5cc17c75da708 - - default default] Successfully bumped revision number for resource 10a113bd-35ef-402e-8c5f-b17db94db182 (type: security_group_rules) to 0
2026-05-08 00:36:25.859 9 INFO neutron.db.ovn_revision_numbers_db [None req-13c7d44e-08dd-4f90-9290-93453deaa8d3 0463e353845149b3925bd849625498db 1d5d15bc86544c60ada5cc17c75da708 - - default default] Successfully bumped revision number for resource 17f19f0d-0842-434c-8188-3c05f81804e3 (type: security_group_rules) to 0
2026-05-08 00:36:25.877 10 INFO neutron.wsgi [None req-83ccfb6a-e981-4082-9912-3de04cd516c2 0463e353845149b3925bd849625498db 1d5d15bc86544c60ada5cc17c75da708 - - default default] 199.204.45.140 "GET /v2.0/extensions/security-group HTTP/1.1" status: 200 len: 369 time: 0.0070109
2026-05-08 00:36:25.878 9 INFO neutron.db.ovn_revision_numbers_db [None req-13c7d44e-08dd-4f90-9290-93453deaa8d3 0463e353845149b3925bd849625498db 1d5d15bc86544c60ada5cc17c75da708 - - default default] Successfully bumped revision number for resource 4cd9f256-9e45-4082-afd5-caf43ccbf541 (type: security_group_rules) to 0
2026-05-08 00:36:25.885 10 INFO neutron.wsgi [None req-0bbad908-3359-4186-8999-51c4e9e5825e 0463e353845149b3925bd849625498db 1d5d15bc86544c60ada5cc17c75da708 - - default default] 199.204.45.140 "GET /v2.0/extensions/dns-integration HTTP/1.1" status: 200 len: 371 time: 0.0029838
2026-05-08 00:36:25.892 10 INFO neutron.wsgi [None req-d34321da-43a1-47ef-be3d-1a7900a9a180 0463e353845149b3925bd849625498db 1d5d15bc86544c60ada5cc17c75da708 - - default default] 199.204.45.140 "GET /v2.0/extensions/qos HTTP/1.1" status: 200 len: 365 time: 0.0040298
2026-05-08 00:36:25.893 9 INFO neutron.db.ovn_revision_numbers_db [None req-13c7d44e-08dd-4f90-9290-93453deaa8d3 0463e353845149b3925bd849625498db 1d5d15bc86544c60ada5cc17c75da708 - - default default] Successfully bumped revision number for resource 6d892d98-48e7-41ff-9724-135507861a26 (type: security_group_rules) to 0
2026-05-08 00:36:25.893 10 INFO neutron.notifiers.nova [-] Nova event matching ['req-fc2ce9ff-2e45-4e57-acd8-5b10132006d6'] response: {'server_uuid': '503c45b7-1703-4df8-941d-7cb20c4cd0ff', 'name': 'network-vif-plugged', 'status': 'completed', 'tag': '59dae9a7-a14e-41c9-b434-5eb368cd6aff', 'code': 200}
2026-05-08 00:36:25.894 10 INFO neutron.notifiers.nova [-] Nova event matching ['req-fc2ce9ff-2e45-4e57-acd8-5b10132006d6'] response: {'server_uuid': '503c45b7-1703-4df8-941d-7cb20c4cd0ff', 'name': 'network-vif-plugged', 'status': 'completed', 'tag': '59dae9a7-a14e-41c9-b434-5eb368cd6aff', 'code': 200}
2026-05-08 00:36:25.894 10 INFO neutron.notifiers.nova [-] Nova event matching ['req-fc2ce9ff-2e45-4e57-acd8-5b10132006d6'] response: {'name': 'network-changed', 'server_uuid': '503c45b7-1703-4df8-941d-7cb20c4cd0ff', 'tag': '59dae9a7-a14e-41c9-b434-5eb368cd6aff', 'status': 'completed', 'code': 200}
2026-05-08 00:36:25.901 10 INFO neutron.wsgi [None req-49a6a287-c0f6-4604-ace2-d2870702eea9 0463e353845149b3925bd849625498db 1d5d15bc86544c60ada5cc17c75da708 - - default default] 199.204.45.140 "GET /v2.0/extensions/allowed-address-pairs HTTP/1.1" status: 200 len: 383 time: 0.0041068
2026-05-08 00:36:25.916 9 INFO neutron.wsgi [None req-13c7d44e-08dd-4f90-9290-93453deaa8d3 0463e353845149b3925bd849625498db 1d5d15bc86544c60ada5cc17c75da708 - - default default] 10.0.0.117 "GET /v2.0/security-groups?tenant_id=58068e157480444aa3a170de82cd2b7f&name=default HTTP/1.1" status: 200 len: 3000 time: 0.3298874
2026-05-08 00:36:25.961 10 INFO neutron.wsgi [None req-f5512321-1a8c-47fe-af19-c7c77bb46375 0463e353845149b3925bd849625498db 1d5d15bc86544c60ada5cc17c75da708 - - default default] 199.204.45.140 "GET /v2.0/subnets/7348e34e-1ece-4c48-bc08-a451d36f89dd HTTP/1.1" status: 200 len: 851 time: 0.0552478
2026-05-08 00:36:25.967 10 INFO neutron.wsgi [req-61875a99-71e6-4735-92ff-a60d14be536d req-9913da14-1cac-4a51-8afa-8698e11fa374 3f8b8309b3ca466c8c300f1c89d3bcec f141bb3719024ae29a6a7b9890274bf6 - - 0447f99a6f7b4f63bba8b724b57b4524 0447f99a6f7b4f63bba8b724b57b4524] 199.204.45.140 "GET /v2.0/ports?tenant_id=1d5d15bc86544c60ada5cc17c75da708&device_id=503c45b7-1703-4df8-941d-7cb20c4cd0ff HTTP/1.1" status: 200 len: 3926 time: 0.0473959
2026-05-08 00:36:26.021 10 INFO neutron.wsgi [None req-631c8e1b-b612-448e-8ab1-afc989577bee 0463e353845149b3925bd849625498db 1d5d15bc86544c60ada5cc17c75da708 - - default default] 199.204.45.140 "GET /v2.0/ports/7993baac-e49f-4903-b36a-966f6aec27b2 HTTP/1.1" status: 200 len: 1340 time: 0.0529280
2026-05-08 00:36:26.072 10 INFO neutron.wsgi [None req-bc4705de-dfa8-4670-9c7d-a7f403e30e1f 0463e353845149b3925bd849625498db 1d5d15bc86544c60ada5cc17c75da708 - - default default] 199.204.45.140 "GET /v2.0/ports/1b0ad753-4a52-4b98-a117-c30b7a0b25a3 HTTP/1.1" status: 200 len: 1519 time: 0.0453112
2026-05-08 00:36:26.076 10 INFO neutron.wsgi [req-61875a99-71e6-4735-92ff-a60d14be536d req-6043be9c-7217-4290-8507-06ecee143ac2 3f8b8309b3ca466c8c300f1c89d3bcec f141bb3719024ae29a6a7b9890274bf6 - - 0447f99a6f7b4f63bba8b724b57b4524 0447f99a6f7b4f63bba8b724b57b4524] 199.204.45.140 "GET /v2.0/networks?id=8e2fa504-ea41-4c77-9dc5-cbd843e6d74b HTTP/1.1" status: 200 len: 1003 time: 0.1001730
2026-05-08 00:36:26.115 10 INFO neutron.wsgi [req-61875a99-71e6-4735-92ff-a60d14be536d req-87b32245-07ed-478b-af83-4a21f87dc58b 3f8b8309b3ca466c8c300f1c89d3bcec f141bb3719024ae29a6a7b9890274bf6 - - 0447f99a6f7b4f63bba8b724b57b4524 0447f99a6f7b4f63bba8b724b57b4524] 199.204.45.140 "GET /v2.0/floatingips?fixed_ip_address=10.2.1.150&port_id=59dae9a7-a14e-41c9-b434-5eb368cd6aff HTTP/1.1" status: 200 len: 217 time: 0.0301337
2026-05-08 00:36:26.120 10 INFO neutron.wsgi [None req-b54146d7-da55-4ccc-9dbc-153775b95999 0463e353845149b3925bd849625498db 1d5d15bc86544c60ada5cc17c75da708 - - default default] 199.204.45.140 "GET /v2.0/subnets/7348e34e-1ece-4c48-bc08-a451d36f89dd HTTP/1.1" status: 200 len: 851 time: 0.0422590
2026-05-08 00:36:26.121 9 INFO neutron.wsgi [None req-f4ce3063-01e4-4e15-99b6-2ae61e76728d 0463e353845149b3925bd849625498db 1d5d15bc86544c60ada5cc17c75da708 - - default default] 10.0.0.117 "DELETE /v2.0/security-groups/c62936ee-4870-48b0-a7cb-c0b6fa8995cd HTTP/1.1" status: 204 len: 168 time: 0.1995387
2026-05-08 00:36:26.167 10 INFO neutron.wsgi [req-61875a99-71e6-4735-92ff-a60d14be536d req-c8cfc4d6-13fc-4de4-8af3-6c1418bee016 3f8b8309b3ca466c8c300f1c89d3bcec f141bb3719024ae29a6a7b9890274bf6 - - 0447f99a6f7b4f63bba8b724b57b4524 0447f99a6f7b4f63bba8b724b57b4524] 199.204.45.140 "GET /v2.0/subnets?id=35deced2-967c-45ff-800b-71ab4657421c HTTP/1.1" status: 200 len: 852 time: 0.0460045
2026-05-08 00:36:26.199 10 INFO neutron.wsgi [req-61875a99-71e6-4735-92ff-a60d14be536d req-e5751efa-b643-4d74-a1a1-d9a6551343dc 3f8b8309b3ca466c8c300f1c89d3bcec f141bb3719024ae29a6a7b9890274bf6 - - 0447f99a6f7b4f63bba8b724b57b4524 0447f99a6f7b4f63bba8b724b57b4524] 199.204.45.140 "GET /v2.0/ports?network_id=8e2fa504-ea41-4c77-9dc5-cbd843e6d74b&device_owner=network%3Adhcp HTTP/1.1" status: 200 len: 210 time: 0.0237393
2026-05-08 00:36:26.202 10 INFO neutron.wsgi [None req-b21ddce9-5e6e-4739-b5b9-dde05a045512 0463e353845149b3925bd849625498db 1d5d15bc86544c60ada5cc17c75da708 - - default default] 199.204.45.140 "GET /v2.0/networks/f89c4e96-d75f-47b6-a14a-ac495505e0c8 HTTP/1.1" status: 200 len: 1001 time: 0.0749545
2026-05-08 00:36:26.259 10 INFO neutron.wsgi [None req-bfe637d4-946f-4dca-94d3-08b7eed62838 0463e353845149b3925bd849625498db 1d5d15bc86544c60ada5cc17c75da708 - - default default] 199.204.45.140 "GET /v2.0/ports/7993baac-e49f-4903-b36a-966f6aec27b2 HTTP/1.1" status: 200 len: 1340 time: 0.0515585
2026-05-08 00:36:26.295 10 INFO neutron.wsgi [req-61875a99-71e6-4735-92ff-a60d14be536d req-a23ecca9-d855-4376-ac8a-4c18f5938ad5 3f8b8309b3ca466c8c300f1c89d3bcec f141bb3719024ae29a6a7b9890274bf6 - - 0447f99a6f7b4f63bba8b724b57b4524 0447f99a6f7b4f63bba8b724b57b4524] 199.204.45.140 "GET /v2.0/networks/8e2fa504-ea41-4c77-9dc5-cbd843e6d74b?fields=segments HTTP/1.1" status: 200 len: 212 time: 0.0879617
2026-05-08 00:36:26.298 10 INFO neutron.wsgi [None req-0574896f-0595-418c-84c5-e696296efd28 0463e353845149b3925bd849625498db 1d5d15bc86544c60ada5cc17c75da708 - - default default] 199.204.45.140 "GET /v2.0/subnets/7348e34e-1ece-4c48-bc08-a451d36f89dd HTTP/1.1" status: 200 len: 851 time: 0.0336535
2026-05-08 00:36:26.348 9 INFO neutron.db.ovn_revision_numbers_db [None req-9854b402-9f2a-447c-a7b9-2fe129411399 0463e353845149b3925bd849625498db 1d5d15bc86544c60ada5cc17c75da708 - - default default] Successfully bumped revision number for resource 3b5e83ff-36f7-426e-a6b3-1675222c229a (type: security_groups) to 1
2026-05-08 00:36:26.358 10 INFO neutron.wsgi [req-61875a99-71e6-4735-92ff-a60d14be536d req-4afcc705-7312-4600-a9b5-9c58f868647e 3f8b8309b3ca466c8c300f1c89d3bcec f141bb3719024ae29a6a7b9890274bf6 - - 0447f99a6f7b4f63bba8b724b57b4524 0447f99a6f7b4f63bba8b724b57b4524] 199.204.45.140 "GET /v2.0/networks/8e2fa504-ea41-4c77-9dc5-cbd843e6d74b?fields=provider%3Aphysical_network&fields=provider%3Anetwork_type HTTP/1.1" status: 200 len: 277 time: 0.0560842
2026-05-08 00:36:26.366 9 INFO neutron.db.ovn_revision_numbers_db [None req-9854b402-9f2a-447c-a7b9-2fe129411399 0463e353845149b3925bd849625498db 1d5d15bc86544c60ada5cc17c75da708 - - default default] Successfully bumped revision number for resource 1d14f76f-4833-4f95-ac0b-fc2247b355b7 (type: security_group_rules) to 0
2026-05-08 00:36:26.383 9 INFO neutron.db.ovn_revision_numbers_db [None req-9854b402-9f2a-447c-a7b9-2fe129411399 0463e353845149b3925bd849625498db 1d5d15bc86544c60ada5cc17c75da708 - - default default] Successfully bumped revision number for resource 26dfee47-ce88-4116-9281-af8929a9834a (type: security_group_rules) to 0
2026-05-08 00:36:26.400 9 INFO neutron.db.ovn_revision_numbers_db [None req-9854b402-9f2a-447c-a7b9-2fe129411399 0463e353845149b3925bd849625498db 1d5d15bc86544c60ada5cc17c75da708 - - default default] Successfully bumped revision number for resource 2e78ab06-309b-48a3-90d0-1ec78a8a436d (type: security_group_rules) to 0
2026-05-08 00:36:26.415 9 INFO neutron.db.ovn_revision_numbers_db [None req-9854b402-9f2a-447c-a7b9-2fe129411399 0463e353845149b3925bd849625498db 1d5d15bc86544c60ada5cc17c75da708 - - default default] Successfully bumped revision number for resource 609324ac-fffe-408b-8ebc-25fee2e23561 (type: security_group_rules) to 0
2026-05-08 00:36:26.437 9 INFO neutron.wsgi [None req-9854b402-9f2a-447c-a7b9-2fe129411399 0463e353845149b3925bd849625498db 1d5d15bc86544c60ada5cc17c75da708 - - default default] 10.0.0.117 "GET /v2.0/security-groups?tenant_id=37c139d5bd86410a9b9c7f990feb8346&name=default HTTP/1.1" status: 200 len: 3000 time: 0.2078958
2026-05-08 00:36:26.656 9 INFO neutron.wsgi [None req-d2e42083-7e24-4de7-869f-3ef508d7ce1a 0463e353845149b3925bd849625498db 1d5d15bc86544c60ada5cc17c75da708 - - default default] 10.0.0.117 "DELETE /v2.0/security-groups/3b5e83ff-36f7-426e-a6b3-1675222c229a HTTP/1.1" status: 204 len: 168 time: 0.2134187
2026-05-08 00:36:26.863 9 INFO neutron.wsgi [None req-b0fe7eb0-45de-4fbc-91f1-2004f1dd3c61 0463e353845149b3925bd849625498db 1d5d15bc86544c60ada5cc17c75da708 - - default default] 10.0.0.117 "GET /v2.0/security-groups?tenant_id=7f1903fd41604e7785e035792e3e7a56&name=default HTTP/1.1" status: 200 len: 3000 time: 0.0429530
2026-05-08 00:36:27.108 9 INFO neutron.wsgi [None req-83cf712f-2bd4-4181-a792-a37da1ade321 0463e353845149b3925bd849625498db 1d5d15bc86544c60ada5cc17c75da708 - - default default] 10.0.0.117 "DELETE /v2.0/security-groups/fdafbc0b-e9d1-420b-84cb-a3086a92df23 HTTP/1.1" status: 204 len: 168 time: 0.2401831
2026-05-08 00:36:30.606 9 INFO neutron.db.ovn_revision_numbers_db [None req-73d2da83-09c6-4193-a962-295aebb9f933 10a15f1ca8b341cdb6c77671d1185c56 25faee78209f4ee8ac759fe5ea679e1a - - default default] Successfully bumped revision number for resource 88f8c8b9-c693-46d1-9da9-314d185c2787 (type: routers) to 1
2026-05-08 00:36:30.619 9 INFO neutron.wsgi [None req-73d2da83-09c6-4193-a962-295aebb9f933 10a15f1ca8b341cdb6c77671d1185c56 25faee78209f4ee8ac759fe5ea679e1a - - default default] 10.0.0.117 "POST /v2.0/routers HTTP/1.1" status: 201 len: 654 time: 0.3187318
2026-05-08 00:36:30.676 9 INFO neutron.wsgi [None req-0589a342-5950-4e27-99ab-55da1d0ba7c9 10a15f1ca8b341cdb6c77671d1185c56 25faee78209f4ee8ac759fe5ea679e1a - - default default] 10.0.0.117 "PUT /v2.0/routers/88f8c8b9-c693-46d1-9da9-314d185c2787/tags HTTP/1.1" status: 200 len: 218 time: 0.0502081
2026-05-08 00:36:30.736 9 INFO neutron.wsgi [None req-9016ca4a-97d9-4cec-befe-cebe3f379c4a 10a15f1ca8b341cdb6c77671d1185c56 25faee78209f4ee8ac759fe5ea679e1a - - default default] 10.0.0.117 "GET /v2.0/routers/88f8c8b9-c693-46d1-9da9-314d185c2787/tags HTTP/1.1" status: 200 len: 218 time: 0.0520821
2026-05-08 00:36:30.809 9 INFO neutron.wsgi [None req-29a5fca7-5b15-4f94-aee5-ffa3a02007ae 10a15f1ca8b341cdb6c77671d1185c56 25faee78209f4ee8ac759fe5ea679e1a - - default default] 10.0.0.117 "PUT /v2.0/routers/88f8c8b9-c693-46d1-9da9-314d185c2787/tags/green HTTP/1.1" status: 201 len: 201 time: 0.0677421
2026-05-08 00:36:30.872 9 INFO neutron.wsgi [None req-4dbafb91-2f1f-4b61-a9f7-70eda0fc666d 10a15f1ca8b341cdb6c77671d1185c56 25faee78209f4ee8ac759fe5ea679e1a - - default default] 10.0.0.117 "GET /v2.0/routers/88f8c8b9-c693-46d1-9da9-314d185c2787/tags HTTP/1.1" status: 200 len: 227 time: 0.0570297
2026-05-08 00:36:30.928 9 INFO neutron.wsgi [None req-77441bca-750b-485a-94d2-c3a83de2135e 10a15f1ca8b341cdb6c77671d1185c56 25faee78209f4ee8ac759fe5ea679e1a - - default default] 10.0.0.117 "PUT /v2.0/routers/88f8c8b9-c693-46d1-9da9-314d185c2787/tags/red HTTP/1.1" status: 201 len: 201 time: 0.0454307
2026-05-08 00:36:31.006 10 INFO neutron.wsgi [None req-4968a271-6224-48af-926b-d7b254084cfb 10a15f1ca8b341cdb6c77671d1185c56 25faee78209f4ee8ac759fe5ea679e1a - - default default] 10.0.0.117 "GET /v2.0/routers/88f8c8b9-c693-46d1-9da9-314d185c2787/tags HTTP/1.1" status: 200 len: 227 time: 0.0711923
2026-05-08 00:36:31.083 10 INFO neutron.wsgi [None req-d9d0c4a0-1db5-4adc-9a6a-1463d017c3cb 10a15f1ca8b341cdb6c77671d1185c56 25faee78209f4ee8ac759fe5ea679e1a - - default default] 10.0.0.117 "PUT /v2.0/routers/88f8c8b9-c693-46d1-9da9-314d185c2787/tags/black.or.white HTTP/1.1" status: 201 len: 201 time: 0.0730772
2026-05-08 00:36:31.138 10 INFO neutron.wsgi [None req-5b16dbcc-a011-4e99-9836-828f5fd094b5 10a15f1ca8b341cdb6c77671d1185c56 25faee78209f4ee8ac759fe5ea679e1a - - default default] 10.0.0.117 "GET /v2.0/routers/88f8c8b9-c693-46d1-9da9-314d185c2787/tags HTTP/1.1" status: 200 len: 245 time: 0.0504124
2026-05-08 00:36:31.207 10 INFO neutron.wsgi [None req-fd71159c-b6d3-4b85-824f-8464e94d5083 10a15f1ca8b341cdb6c77671d1185c56 25faee78209f4ee8ac759fe5ea679e1a - - default default] 10.0.0.117 "PUT /v2.0/routers/88f8c8b9-c693-46d1-9da9-314d185c2787/tags HTTP/1.1" status: 200 len: 230 time: 0.0627828
2026-05-08 00:36:31.263 10 INFO neutron.wsgi [None req-0b9ffc66-189c-41b8-a552-87465c1d6fa8 10a15f1ca8b341cdb6c77671d1185c56 25faee78209f4ee8ac759fe5ea679e1a - - default default] 10.0.0.117 "GET /v2.0/routers/88f8c8b9-c693-46d1-9da9-314d185c2787/tags HTTP/1.1" status: 200 len: 230 time: 0.0499065
2026-05-08 00:36:31.302 9 INFO neutron.wsgi [None req-3c4dcea8-0d7e-46a0-bc93-e33e064f0779 0463e353845149b3925bd849625498db 1d5d15bc86544c60ada5cc17c75da708 - - default default] 10.0.0.187 "GET /v2.0/extensions/security-group HTTP/1.1" status: 200 len: 369 time: 0.0057156
2026-05-08 00:36:31.309 9 INFO neutron.wsgi [None req-8ab072a7-ae53-4d77-a028-2f694c42488d 0463e353845149b3925bd849625498db 1d5d15bc86544c60ada5cc17c75da708 - - default default] 10.0.0.187 "GET /v2.0/extensions/dns-integration HTTP/1.1" status: 200 len: 371 time: 0.0033913
2026-05-08 00:36:31.317 9 INFO neutron.wsgi [None req-fbde3f03-9e56-40e0-9503-6de961ad3f80 0463e353845149b3925bd849625498db 1d5d15bc86544c60ada5cc17c75da708 - - default default] 10.0.0.187 "GET /v2.0/extensions/qos HTTP/1.1" status: 200 len: 365 time: 0.0038273
2026-05-08 00:36:31.322 10 INFO neutron.wsgi [None req-406ba18f-0685-426a-92c1-273498e2c4d3 10a15f1ca8b341cdb6c77671d1185c56 25faee78209f4ee8ac759fe5ea679e1a - - default default] 10.0.0.117 "GET /v2.0/routers/88f8c8b9-c693-46d1-9da9-314d185c2787/tags/red HTTP/1.1" status: 204 len: 168 time: 0.0466194
2026-05-08 00:36:31.327 9 INFO neutron.wsgi [None req-51603f31-11df-4254-a871-fe32a0cd8a64 0463e353845149b3925bd849625498db 1d5d15bc86544c60ada5cc17c75da708 - - default default] 10.0.0.187 "GET /v2.0/extensions/allowed-address-pairs HTTP/1.1" status: 200 len: 383 time: 0.0035369
2026-05-08 00:36:31.374 10 INFO neutron.api.v2.resource [None req-16632427-df5d-4829-be83-b774e10b2b34 10a15f1ca8b341cdb6c77671d1185c56 25faee78209f4ee8ac759fe5ea679e1a - - default default] show failed (client error): The resource could not be found.
2026-05-08 00:36:31.375 10 INFO neutron.wsgi [None req-16632427-df5d-4829-be83-b774e10b2b34 10a15f1ca8b341cdb6c77671d1185c56 25faee78209f4ee8ac759fe5ea679e1a - - default default] 10.0.0.117 "GET /v2.0/routers/88f8c8b9-c693-46d1-9da9-314d185c2787/tags/green HTTP/1.1" status: 404 len: 299 time: 0.0482020
2026-05-08 00:36:31.751 9 INFO neutron.wsgi [-] 10.0.0.187 "GET / HTTP/1.1" status: 200 len: 284 time: 0.0037034
2026-05-08 00:36:31.801 9 INFO neutron.wsgi [None req-7fcbe997-3146-488d-b59e-f57ef9e4bed7 cf8adbd87da2496f9fd8738549069a43 27035b6a927844888ba419c7cca09a9e - - default default] 10.0.0.187 "GET /v2.0/subnets/fc248fb1-2ff3-4dca-ac09-251992365999 HTTP/1.1" status: 200 len: 830 time: 0.0457284
2026-05-08 00:36:31.822 10 INFO neutron.wsgi [None req-17c5a64d-fb2f-4826-a296-f037a6d07b45 10a15f1ca8b341cdb6c77671d1185c56 25faee78209f4ee8ac759fe5ea679e1a - - default default] 10.0.0.117 "DELETE /v2.0/routers/88f8c8b9-c693-46d1-9da9-314d185c2787/tags/red HTTP/1.1" status: 204 len: 168 time: 0.4398561
2026-05-08 00:36:31.883 10 INFO neutron.wsgi [None req-d2bbbec8-2321-450e-9f55-662ade7fd5b3 10a15f1ca8b341cdb6c77671d1185c56 25faee78209f4ee8ac759fe5ea679e1a - - default default] 10.0.0.117 "GET /v2.0/routers/88f8c8b9-c693-46d1-9da9-314d185c2787/tags HTTP/1.1" status: 200 len: 223 time: 0.0512328
2026-05-08 00:36:31.938 10 INFO neutron.api.v2.resource [None req-df0c7b6f-3ae9-43ab-8e49-85e08d9eb378 10a15f1ca8b341cdb6c77671d1185c56 25faee78209f4ee8ac759fe5ea679e1a - - default default] delete failed (client error): The resource could not be found.
2026-05-08 00:36:31.939 10 INFO neutron.wsgi [None req-df0c7b6f-3ae9-43ab-8e49-85e08d9eb378 10a15f1ca8b341cdb6c77671d1185c56 25faee78209f4ee8ac759fe5ea679e1a - - default default] 10.0.0.117 "DELETE /v2.0/routers/88f8c8b9-c693-46d1-9da9-314d185c2787/tags/green HTTP/1.1" status: 404 len: 299 time: 0.0525897
2026-05-08 00:36:32.003 10 INFO neutron.wsgi [None req-61c885c8-7d37-45b5-9e84-36873e677de3 10a15f1ca8b341cdb6c77671d1185c56 25faee78209f4ee8ac759fe5ea679e1a - - default default] 10.0.0.117 "DELETE /v2.0/routers/88f8c8b9-c693-46d1-9da9-314d185c2787/tags HTTP/1.1" status: 204 len: 168 time: 0.0570638
2026-05-08 00:36:32.052 10 INFO neutron.wsgi [None req-b8b6e28e-de71-486a-8c51-3c71743a8d8d 10a15f1ca8b341cdb6c77671d1185c56 25faee78209f4ee8ac759fe5ea679e1a - - default default] 10.0.0.117 "GET /v2.0/routers/88f8c8b9-c693-46d1-9da9-314d185c2787/tags HTTP/1.1" status: 200 len: 205 time: 0.0444973
2026-05-08 00:36:32.117 9 INFO neutron.wsgi [None req-2a9c883b-27ef-4dca-af12-cb3349d9bca7 10a15f1ca8b341cdb6c77671d1185c56 25faee78209f4ee8ac759fe5ea679e1a - - default default] 10.0.0.117 "GET /v2.0/routers/88f8c8b9-c693-46d1-9da9-314d185c2787 HTTP/1.1" status: 200 len: 655 time: 0.0545442
2026-05-08 00:36:32.471 9 INFO neutron.wsgi [None req-51d3797f-90c2-4606-a666-a89562308e36 0463e353845149b3925bd849625498db 1d5d15bc86544c60ada5cc17c75da708 - - default default] 199.204.45.140 "GET /v2.0/extensions/security-group HTTP/1.1" status: 200 len: 369 time: 0.0067225
2026-05-08 00:36:32.492 9 INFO neutron.wsgi [None req-43eeb891-0922-4d8b-8bf5-4037e78edf16 0463e353845149b3925bd849625498db 1d5d15bc86544c60ada5cc17c75da708 - - default default] 199.204.45.140 "GET /v2.0/extensions/dns-integration HTTP/1.1" status: 200 len: 371 time: 0.0063303
2026-05-08 00:36:32.502 9 INFO neutron.wsgi [None req-4ff43315-094e-495c-b8a1-60d273264015 0463e353845149b3925bd849625498db 1d5d15bc86544c60ada5cc17c75da708 - - default default] 199.204.45.140 "GET /v2.0/extensions/qos HTTP/1.1" status: 200 len: 365 time: 0.0040100
2026-05-08 00:36:32.510 9 INFO neutron.wsgi [None req-2b32bc9b-a7d7-433f-8c89-7798c6c57d83 0463e353845149b3925bd849625498db 1d5d15bc86544c60ada5cc17c75da708 - - default default] 199.204.45.140 "GET /v2.0/extensions/allowed-address-pairs HTTP/1.1" status: 200 len: 383 time: 0.0029793
2026-05-08 00:36:32.577 9 INFO neutron.wsgi [None req-3aa49f13-a079-4b98-92de-ee1fc5719f87 0463e353845149b3925bd849625498db 1d5d15bc86544c60ada5cc17c75da708 - - default default] 199.204.45.140 "GET /v2.0/subnets/35deced2-967c-45ff-800b-71ab4657421c HTTP/1.1" status: 200 len: 849 time: 0.0548749
2026-05-08 00:36:32.925 9 INFO neutron.wsgi [None req-5fe328a2-bc79-460b-b58a-d4631cbcfc1c 0463e353845149b3925bd849625498db 1d5d15bc86544c60ada5cc17c75da708 - - default default] 199.204.45.140 "GET /v2.0/subnets/fc248fb1-2ff3-4dca-ac09-251992365999 HTTP/1.1" status: 200 len: 848 time: 0.3346772
