2026-05-08 00:36:48.260 10 INFO neutron.wsgi [None req-3b139278-c4d2-41a9-9975-c1e8f8f4fe0c 0463e353845149b3925bd849625498db 1d5d15bc86544c60ada5cc17c75da708 - - default default] 199.204.45.140 "GET /v2.0/ports?device_id=503c45b7-1703-4df8-941d-7cb20c4cd0ff HTTP/1.1" status: 200 len: 3926 time: 0.0486236
2026-05-08 00:36:48.305 10 INFO neutron.pecan_wsgi.hooks.translation [None req-c5abdfc2-6f50-4cbc-955f-cbc6d78ab65a 0463e353845149b3925bd849625498db 1d5d15bc86544c60ada5cc17c75da708 - - default default] DELETE failed (client error): The resource could not be found.
2026-05-08 00:36:48.309 10 INFO neutron.wsgi [None req-c5abdfc2-6f50-4cbc-955f-cbc6d78ab65a 0463e353845149b3925bd849625498db 1d5d15bc86544c60ada5cc17c75da708 - - default default] 199.204.45.140 "DELETE /v2.0/ports/7d1a839c-9120-490f-a38d-941a0811cacf HTTP/1.1" status: 404 len: 338 time: 0.0369787
2026-05-08 00:36:48.339 10 INFO neutron.wsgi [req-3fde843c-da6c-49d3-8c83-5a6a03f00e07 req-82c35a55-2f34-488b-b5e0-3b603a93515e 3f8b8309b3ca466c8c300f1c89d3bcec f141bb3719024ae29a6a7b9890274bf6 - - 0447f99a6f7b4f63bba8b724b57b4524 0447f99a6f7b4f63bba8b724b57b4524] 199.204.45.140 "GET /v2.0/networks/a4b2feda-37ef-46a6-9363-8f437e7b66fd?fields=segments HTTP/1.1" status: 200 len: 212 time: 0.1049445
2026-05-08 00:36:48.389 10 INFO neutron.wsgi [None req-0659d734-b045-4ecd-b7c8-25e6eb6c144e 0463e353845149b3925bd849625498db 1d5d15bc86544c60ada5cc17c75da708 - - default default] 199.204.45.140 "GET /v2.0/extensions/security-group HTTP/1.1" status: 200 len: 369 time: 0.0068369
2026-05-08 00:36:48.402 10 INFO neutron.wsgi [None req-9e1b6067-3e98-4dcb-bc04-5a4f628c729c 0463e353845149b3925bd849625498db 1d5d15bc86544c60ada5cc17c75da708 - - default default] 199.204.45.140 "GET /v2.0/extensions/dns-integration HTTP/1.1" status: 200 len: 371 time: 0.0049891
2026-05-08 00:36:48.411 10 INFO neutron.wsgi [None req-1a812607-b1c0-418d-8d3a-7ee7cdce0978 0463e353845149b3925bd849625498db 1d5d15bc86544c60ada5cc17c75da708 - - default default] 199.204.45.140 "GET /v2.0/extensions/qos HTTP/1.1" status: 200 len: 365 time: 0.0052061
2026-05-08 00:36:48.419 10 INFO neutron.wsgi [None req-4f5b79ea-4e34-4c50-8a90-d5846af80a18 0463e353845149b3925bd849625498db 1d5d15bc86544c60ada5cc17c75da708 - - default default] 199.204.45.140 "GET /v2.0/extensions/allowed-address-pairs HTTP/1.1" status: 200 len: 383 time: 0.0032396
2026-05-08 00:36:48.425 10 INFO neutron.wsgi [req-3fde843c-da6c-49d3-8c83-5a6a03f00e07 req-94c23af7-edae-41e6-af4c-0a37bad49583 3f8b8309b3ca466c8c300f1c89d3bcec f141bb3719024ae29a6a7b9890274bf6 - - 0447f99a6f7b4f63bba8b724b57b4524 0447f99a6f7b4f63bba8b724b57b4524] 199.204.45.140 "GET /v2.0/networks/a4b2feda-37ef-46a6-9363-8f437e7b66fd?fields=provider%3Aphysical_network&fields=provider%3Anetwork_type HTTP/1.1" status: 200 len: 277 time: 0.0809622
2026-05-08 00:36:48.466 10 INFO neutron.wsgi [req-3fde843c-da6c-49d3-8c83-5a6a03f00e07 req-ce819b1c-f187-4d23-ba36-e598ed641dcb 3f8b8309b3ca466c8c300f1c89d3bcec f141bb3719024ae29a6a7b9890274bf6 - - 0447f99a6f7b4f63bba8b724b57b4524 0447f99a6f7b4f63bba8b724b57b4524] 199.204.45.140 "GET /v2.0/floatingips?fixed_ip_address=10.1.1.126&port_id=1b0ad753-4a52-4b98-a117-c30b7a0b25a3 HTTP/1.1" status: 200 len: 217 time: 0.0330768
2026-05-08 00:36:48.485 10 INFO neutron.wsgi [None req-3ef32bfb-5bc2-4f9a-aeb4-628e2be0a129 0463e353845149b3925bd849625498db 1d5d15bc86544c60ada5cc17c75da708 - - default default] 199.204.45.140 "GET /v2.0/subnets/7348e34e-1ece-4c48-bc08-a451d36f89dd HTTP/1.1" status: 200 len: 851 time: 0.0592544
2026-05-08 00:36:48.519 10 INFO neutron.wsgi [req-3fde843c-da6c-49d3-8c83-5a6a03f00e07 req-33e03bf8-94c9-4246-ab8a-a32c9a6c6565 3f8b8309b3ca466c8c300f1c89d3bcec f141bb3719024ae29a6a7b9890274bf6 - - 0447f99a6f7b4f63bba8b724b57b4524 0447f99a6f7b4f63bba8b724b57b4524] 199.204.45.140 "GET /v2.0/subnets?id=7348e34e-1ece-4c48-bc08-a451d36f89dd HTTP/1.1" status: 200 len: 854 time: 0.0472364
2026-05-08 00:36:48.523 10 INFO neutron.wsgi [None req-250faf7b-a37b-4c3b-9b73-a2069f4b5444 0463e353845149b3925bd849625498db 1d5d15bc86544c60ada5cc17c75da708 - - default default] 199.204.45.140 "GET /v2.0/ports/7993baac-e49f-4903-b36a-966f6aec27b2 HTTP/1.1" status: 200 len: 1340 time: 0.0296180
2026-05-08 00:36:48.556 10 INFO neutron.wsgi [req-3fde843c-da6c-49d3-8c83-5a6a03f00e07 req-8eb47461-b0dc-488c-a1ae-6183074bd4e1 3f8b8309b3ca466c8c300f1c89d3bcec f141bb3719024ae29a6a7b9890274bf6 - - 0447f99a6f7b4f63bba8b724b57b4524 0447f99a6f7b4f63bba8b724b57b4524] 199.204.45.140 "GET /v2.0/ports?network_id=f89c4e96-d75f-47b6-a14a-ac495505e0c8&device_owner=network%3Adhcp HTTP/1.1" status: 200 len: 210 time: 0.0315046
2026-05-08 00:36:48.575 10 INFO neutron.wsgi [None req-ab05c52c-56be-4cbf-9acb-2c2e356af413 0463e353845149b3925bd849625498db 1d5d15bc86544c60ada5cc17c75da708 - - default default] 199.204.45.140 "GET /v2.0/ports/1b0ad753-4a52-4b98-a117-c30b7a0b25a3 HTTP/1.1" status: 200 len: 1519 time: 0.0440350
2026-05-08 00:36:48.630 10 INFO neutron.wsgi [None req-84c7a859-aae6-43e0-b271-d31d1663272c 0463e353845149b3925bd849625498db 1d5d15bc86544c60ada5cc17c75da708 - - default default] 199.204.45.140 "GET /v2.0/subnets/7348e34e-1ece-4c48-bc08-a451d36f89dd HTTP/1.1" status: 200 len: 851 time: 0.0470817
2026-05-08 00:36:48.649 10 INFO neutron.wsgi [req-3fde843c-da6c-49d3-8c83-5a6a03f00e07 req-0660e1e9-e8ab-42bf-b9a2-0fd3ac90baeb 3f8b8309b3ca466c8c300f1c89d3bcec f141bb3719024ae29a6a7b9890274bf6 - - 0447f99a6f7b4f63bba8b724b57b4524 0447f99a6f7b4f63bba8b724b57b4524] 199.204.45.140 "GET /v2.0/networks/f89c4e96-d75f-47b6-a14a-ac495505e0c8?fields=segments HTTP/1.1" status: 200 len: 212 time: 0.0870471
2026-05-08 00:36:48.722 10 INFO neutron.wsgi [None req-c7e75b88-70c1-4037-b165-62ac1ea79aed 0463e353845149b3925bd849625498db 1d5d15bc86544c60ada5cc17c75da708 - - default default] 199.204.45.140 "GET /v2.0/networks/f89c4e96-d75f-47b6-a14a-ac495505e0c8 HTTP/1.1" status: 200 len: 1001 time: 0.0820737
2026-05-08 00:36:48.735 10 INFO neutron.wsgi [req-3fde843c-da6c-49d3-8c83-5a6a03f00e07 req-bb012000-b6b6-4748-b97c-0cb7c609bbd4 3f8b8309b3ca466c8c300f1c89d3bcec f141bb3719024ae29a6a7b9890274bf6 - - 0447f99a6f7b4f63bba8b724b57b4524 0447f99a6f7b4f63bba8b724b57b4524] 199.204.45.140 "GET /v2.0/networks/f89c4e96-d75f-47b6-a14a-ac495505e0c8?fields=provider%3Aphysical_network&fields=provider%3Anetwork_type HTTP/1.1" status: 200 len: 277 time: 0.0771101
2026-05-08 00:36:48.765 10 INFO neutron.wsgi [None req-d2580de1-f555-49a7-932b-d734710a6967 0463e353845149b3925bd849625498db 1d5d15bc86544c60ada5cc17c75da708 - - default default] 199.204.45.140 "GET /v2.0/ports/7993baac-e49f-4903-b36a-966f6aec27b2 HTTP/1.1" status: 200 len: 1340 time: 0.0379655
2026-05-08 00:36:48.767 10 INFO neutron.wsgi [req-3fde843c-da6c-49d3-8c83-5a6a03f00e07 req-7296f4be-7608-44b0-8a9c-abac26159d97 3f8b8309b3ca466c8c300f1c89d3bcec f141bb3719024ae29a6a7b9890274bf6 - - 0447f99a6f7b4f63bba8b724b57b4524 0447f99a6f7b4f63bba8b724b57b4524] 199.204.45.140 "GET /v2.0/floatingips?fixed_ip_address=10.2.1.150&port_id=59dae9a7-a14e-41c9-b434-5eb368cd6aff HTTP/1.1" status: 200 len: 217 time: 0.0230367
2026-05-08 00:36:48.807 10 INFO neutron.wsgi [None req-1912a659-dfbd-4d1a-a141-e8fd1c7879a0 0463e353845149b3925bd849625498db 1d5d15bc86544c60ada5cc17c75da708 - - default default] 199.204.45.140 "GET /v2.0/subnets/7348e34e-1ece-4c48-bc08-a451d36f89dd HTTP/1.1" status: 200 len: 851 time: 0.0369849
2026-05-08 00:36:48.810 10 INFO neutron.wsgi [req-3fde843c-da6c-49d3-8c83-5a6a03f00e07 req-d51e5a03-1303-4fba-a67f-de583e527f69 3f8b8309b3ca466c8c300f1c89d3bcec f141bb3719024ae29a6a7b9890274bf6 - - 0447f99a6f7b4f63bba8b724b57b4524 0447f99a6f7b4f63bba8b724b57b4524] 199.204.45.140 "GET /v2.0/subnets?id=35deced2-967c-45ff-800b-71ab4657421c HTTP/1.1" status: 200 len: 852 time: 0.0347478
2026-05-08 00:36:48.834 10 INFO neutron.wsgi [req-3fde843c-da6c-49d3-8c83-5a6a03f00e07 req-cd9978f2-424d-47c1-8cac-e4985d561743 3f8b8309b3ca466c8c300f1c89d3bcec f141bb3719024ae29a6a7b9890274bf6 - - 0447f99a6f7b4f63bba8b724b57b4524 0447f99a6f7b4f63bba8b724b57b4524] 199.204.45.140 "GET /v2.0/ports?network_id=8e2fa504-ea41-4c77-9dc5-cbd843e6d74b&device_owner=network%3Adhcp HTTP/1.1" status: 200 len: 210 time: 0.0198374
2026-05-08 00:36:48.892 10 INFO neutron.wsgi [req-3fde843c-da6c-49d3-8c83-5a6a03f00e07 req-3923b05e-2e81-4237-91db-0794e9bbed26 3f8b8309b3ca466c8c300f1c89d3bcec f141bb3719024ae29a6a7b9890274bf6 - - 0447f99a6f7b4f63bba8b724b57b4524 0447f99a6f7b4f63bba8b724b57b4524] 199.204.45.140 "GET /v2.0/networks/8e2fa504-ea41-4c77-9dc5-cbd843e6d74b?fields=segments HTTP/1.1" status: 200 len: 212 time: 0.0524340
2026-05-08 00:36:48.956 10 INFO neutron.wsgi [req-3fde843c-da6c-49d3-8c83-5a6a03f00e07 req-43c4960d-938f-4d2a-b34c-c5d0239e0efc 3f8b8309b3ca466c8c300f1c89d3bcec f141bb3719024ae29a6a7b9890274bf6 - - 0447f99a6f7b4f63bba8b724b57b4524 0447f99a6f7b4f63bba8b724b57b4524] 199.204.45.140 "GET /v2.0/networks/8e2fa504-ea41-4c77-9dc5-cbd843e6d74b?fields=provider%3Aphysical_network&fields=provider%3Anetwork_type HTTP/1.1" status: 200 len: 277 time: 0.0584476
2026-05-08 00:36:49.004 10 INFO neutron.notifiers.nova [-] Nova event matching ['req-904f6f60-f1c1-44f6-a468-eac5e80cc05a'] response: {'server_uuid': '503c45b7-1703-4df8-941d-7cb20c4cd0ff', 'name': 'network-vif-unplugged', 'status': 'completed', 'tag': '7d1a839c-9120-490f-a38d-941a0811cacf', 'code': 200}
2026-05-08 00:36:49.004 10 INFO neutron.notifiers.nova [-] Nova event matching ['req-904f6f60-f1c1-44f6-a468-eac5e80cc05a'] response: {'server_uuid': '503c45b7-1703-4df8-941d-7cb20c4cd0ff', 'name': 'network-vif-plugged', 'status': 'completed', 'tag': '7d1a839c-9120-490f-a38d-941a0811cacf', 'code': 200}
2026-05-08 00:36:49.004 10 INFO neutron.notifiers.nova [-] Nova event matching ['req-904f6f60-f1c1-44f6-a468-eac5e80cc05a'] response: {'server_uuid': '503c45b7-1703-4df8-941d-7cb20c4cd0ff', 'name': 'network-vif-deleted', 'tag': '7d1a839c-9120-490f-a38d-941a0811cacf', 'status': 'completed', 'code': 200}
2026-05-08 00:36:51.647 9 INFO neutron.wsgi [None req-be50901f-a4e2-4994-b418-9c5b8105f3eb 0463e353845149b3925bd849625498db 1d5d15bc86544c60ada5cc17c75da708 - - default default] 199.204.45.140 "GET /v2.0/extensions/security-group HTTP/1.1" status: 200 len: 369 time: 0.0143650
2026-05-08 00:36:51.659 9 INFO neutron.wsgi [None req-521f1e5a-9e67-47cd-9660-4b324776c4d9 0463e353845149b3925bd849625498db 1d5d15bc86544c60ada5cc17c75da708 - - default default] 199.204.45.140 "GET /v2.0/extensions/dns-integration HTTP/1.1" status: 200 len: 371 time: 0.0052280
2026-05-08 00:36:51.667 9 INFO neutron.wsgi [None req-0c2cabde-a8d4-4df8-883e-389171bfa97d 0463e353845149b3925bd849625498db 1d5d15bc86544c60ada5cc17c75da708 - - default default] 199.204.45.140 "GET /v2.0/extensions/qos HTTP/1.1" status: 200 len: 365 time: 0.0046065
2026-05-08 00:36:51.683 9 INFO neutron.wsgi [None req-bd2d07ab-d514-42b0-9cbd-1ff3c06ffdf3 0463e353845149b3925bd849625498db 1d5d15bc86544c60ada5cc17c75da708 - - default default] 199.204.45.140 "GET /v2.0/extensions/allowed-address-pairs HTTP/1.1" status: 200 len: 383 time: 0.0112965
2026-05-08 00:36:51.730 9 INFO neutron.wsgi [None req-d306ea32-87e6-45f5-abcb-5bc0fa2d7375 0463e353845149b3925bd849625498db 1d5d15bc86544c60ada5cc17c75da708 - - default default] 199.204.45.140 "GET /v2.0/ports?device_id=503c45b7-1703-4df8-941d-7cb20c4cd0ff HTTP/1.1" status: 200 len: 3926 time: 0.0395317
2026-05-08 00:36:51.882 9 INFO neutron.wsgi [None req-61c1818c-7772-42bf-8e41-ead386d1f11d 0463e353845149b3925bd849625498db 1d5d15bc86544c60ada5cc17c75da708 - - default default] 199.204.45.140 "GET /v2.0/extensions/security-group HTTP/1.1" status: 200 len: 369 time: 0.0106289
2026-05-08 00:36:51.891 9 INFO neutron.wsgi [None req-aa8bf76a-03cd-4563-acc0-17c0cae41915 0463e353845149b3925bd849625498db 1d5d15bc86544c60ada5cc17c75da708 - - default default] 199.204.45.140 "GET /v2.0/extensions/dns-integration HTTP/1.1" status: 200 len: 371 time: 0.0036190
2026-05-08 00:36:51.900 9 INFO neutron.wsgi [None req-e7278e11-0a6a-481c-80cb-bfc41dc75244 0463e353845149b3925bd849625498db 1d5d15bc86544c60ada5cc17c75da708 - - default default] 199.204.45.140 "GET /v2.0/extensions/qos HTTP/1.1" status: 200 len: 365 time: 0.0045671
2026-05-08 00:36:51.910 9 INFO neutron.wsgi [None req-80b2bf87-95c8-4603-97a0-5713d84c04bc 0463e353845149b3925bd849625498db 1d5d15bc86544c60ada5cc17c75da708 - - default default] 199.204.45.140 "GET /v2.0/extensions/allowed-address-pairs HTTP/1.1" status: 200 len: 383 time: 0.0058863
2026-05-08 00:36:51.948 9 INFO neutron.wsgi [None req-f2ece170-4a49-464a-9861-c3cb5d5afca3 0463e353845149b3925bd849625498db 1d5d15bc86544c60ada5cc17c75da708 - - default default] 199.204.45.140 "GET /v2.0/ports/59dae9a7-a14e-41c9-b434-5eb368cd6aff HTTP/1.1" status: 200 len: 1406 time: 0.0310929
2026-05-08 00:36:52.353 9 INFO neutron.db.ovn_revision_numbers_db [None req-2ba0675d-9a53-4fbb-a9e4-1cd0da5f4400 0463e353845149b3925bd849625498db 1d5d15bc86544c60ada5cc17c75da708 - - default default] Successfully bumped revision number for resource 59dae9a7-a14e-41c9-b434-5eb368cd6aff (type: ports) to 6
2026-05-08 00:36:52.362 9 INFO neutron.wsgi [None req-2ba0675d-9a53-4fbb-a9e4-1cd0da5f4400 0463e353845149b3925bd849625498db 1d5d15bc86544c60ada5cc17c75da708 - - default default] 199.204.45.140 "PUT /v2.0/ports/59dae9a7-a14e-41c9-b434-5eb368cd6aff HTTP/1.1" status: 200 len: 1203 time: 0.4076293 /var/lib/openstack/lib/python3.10/site-packages/pycadf/identifier.py:71: UserWarning: Invalid uuid: neutron. To ensure interoperability, identifiers should be a valid uuid. warnings.warn(('Invalid uuid: %s. To ensure interoperability, '
2026-05-08 00:36:52.435 9 INFO neutron.wsgi [None req-eeff1eb7-6610-453e-b8f1-fa28409a6e3a 0463e353845149b3925bd849625498db 1d5d15bc86544c60ada5cc17c75da708 - - default default] 199.204.45.140 "GET /v2.0/networks/8e2fa504-ea41-4c77-9dc5-cbd843e6d74b HTTP/1.1" status: 200 len: 1000 time: 0.0652533
2026-05-08 00:36:52.463 9 INFO neutron.notifiers.nova [-] Nova event matching ['req-afa89820-3c54-4f45-bec5-dc4ba316b0c4'] response: {'name': 'network-changed', 'server_uuid': '503c45b7-1703-4df8-941d-7cb20c4cd0ff', 'tag': '59dae9a7-a14e-41c9-b434-5eb368cd6aff', 'status': 'completed', 'code': 200}
2026-05-08 00:36:52.477 9 INFO neutron.wsgi [None req-6e6d2fa9-d4ca-452b-98c4-3a463bfb465e 0463e353845149b3925bd849625498db 1d5d15bc86544c60ada5cc17c75da708 - - default default] 199.204.45.140 "GET /v2.0/ports?device_id=503c45b7-1703-4df8-941d-7cb20c4cd0ff HTTP/1.1" status: 200 len: 3751 time: 0.0348082
2026-05-08 00:36:52.526 10 INFO neutron.wsgi [req-b5348838-bad7-4e7c-b5a3-4abadfa088cc req-e7dd7d49-75c1-44f6-becf-3685ee15db71 3f8b8309b3ca466c8c300f1c89d3bcec f141bb3719024ae29a6a7b9890274bf6 - - 0447f99a6f7b4f63bba8b724b57b4524 0447f99a6f7b4f63bba8b724b57b4524] 199.204.45.140 "GET /v2.0/ports?tenant_id=1d5d15bc86544c60ada5cc17c75da708&device_id=503c45b7-1703-4df8-941d-7cb20c4cd0ff HTTP/1.1" status: 200 len: 3751 time: 0.0412436
2026-05-08 00:36:52.602 10 INFO neutron.wsgi [req-b5348838-bad7-4e7c-b5a3-4abadfa088cc req-aa323cd1-6b07-4215-aed0-cc15755db8f2 3f8b8309b3ca466c8c300f1c89d3bcec f141bb3719024ae29a6a7b9890274bf6 - - 0447f99a6f7b4f63bba8b724b57b4524 0447f99a6f7b4f63bba8b724b57b4524] 199.204.45.140 "GET /v2.0/networks?id=8e2fa504-ea41-4c77-9dc5-cbd843e6d74b HTTP/1.1" status: 200 len: 1003 time: 0.0709262
2026-05-08 00:36:52.606 9 INFO neutron.wsgi [None req-ff5bd1d9-dafe-4dc6-a4a2-928ea0f6acc0 0463e353845149b3925bd849625498db 1d5d15bc86544c60ada5cc17c75da708 - - default default] 199.204.45.140 "GET /v2.0/ports?device_id=503c45b7-1703-4df8-941d-7cb20c4cd0ff HTTP/1.1" status: 200 len: 3751 time: 0.0370142
2026-05-08 00:36:52.673 10 INFO neutron.wsgi [req-b5348838-bad7-4e7c-b5a3-4abadfa088cc req-283e8a7d-84e3-45e9-ac13-6eceb8f2e3d2 3f8b8309b3ca466c8c300f1c89d3bcec f141bb3719024ae29a6a7b9890274bf6 - - 0447f99a6f7b4f63bba8b724b57b4524 0447f99a6f7b4f63bba8b724b57b4524] 199.204.45.140 "GET /v2.0/networks/8e2fa504-ea41-4c77-9dc5-cbd843e6d74b?fields=segments HTTP/1.1" status: 200 len: 212 time: 0.0661221
2026-05-08 00:36:52.740 10 INFO neutron.wsgi [req-b5348838-bad7-4e7c-b5a3-4abadfa088cc req-6bac17b7-a899-4150-b5e0-6046a6152a8c 3f8b8309b3ca466c8c300f1c89d3bcec f141bb3719024ae29a6a7b9890274bf6 - - 0447f99a6f7b4f63bba8b724b57b4524 0447f99a6f7b4f63bba8b724b57b4524] 199.204.45.140 "GET /v2.0/networks/8e2fa504-ea41-4c77-9dc5-cbd843e6d74b?fields=provider%3Aphysical_network&fields=provider%3Anetwork_type HTTP/1.1" status: 200 len: 277 time: 0.0605807
2026-05-08 00:36:52.881 10 INFO neutron.plugins.ml2.drivers.ovn.mech_driver.mech_driver [None req-19c09000-c697-40ab-ad22-53a8c9c4a4e4 - - - - - -] OVN reports status down for port: 59dae9a7-a14e-41c9-b434-5eb368cd6aff
2026-05-08 00:36:52.958 10 INFO neutron.wsgi [req-1dd3c658-4668-41f9-89a5-9a5006521333 req-04eb22b6-af46-410b-8e0c-c40c065e05cf 3f8b8309b3ca466c8c300f1c89d3bcec f141bb3719024ae29a6a7b9890274bf6 - - 0447f99a6f7b4f63bba8b724b57b4524 0447f99a6f7b4f63bba8b724b57b4524] 199.204.45.140 "GET /v2.0/ports/59dae9a7-a14e-41c9-b434-5eb368cd6aff HTTP/1.1" status: 200 len: 1231 time: 0.0353487
2026-05-08 00:36:53.032 10 INFO neutron.notifiers.nova [-] Nova event matching ['req-491bb154-a023-4dbc-9ef2-bbde85eded9a'] response: {'server_uuid': '503c45b7-1703-4df8-941d-7cb20c4cd0ff', 'name': 'network-vif-unplugged', 'status': 'completed', 'tag': '59dae9a7-a14e-41c9-b434-5eb368cd6aff', 'code': 200}
2026-05-08 00:36:53.217 10 INFO neutron.db.ovn_revision_numbers_db [None req-19c09000-c697-40ab-ad22-53a8c9c4a4e4 - - - - - -] Successfully bumped revision number for resource 59dae9a7-a14e-41c9-b434-5eb368cd6aff (type: ports) to 7
2026-05-08 00:36:53.258 10 INFO neutron.wsgi [req-1dd3c658-4668-41f9-89a5-9a5006521333 req-d195a093-7df6-46c4-a7a2-9c846810b884 0463e353845149b3925bd849625498db 1d5d15bc86544c60ada5cc17c75da708 - - default default] 199.204.45.140 "DELETE /v2.0/ports/59dae9a7-a14e-41c9-b434-5eb368cd6aff HTTP/1.1" status: 204 len: 173 time: 0.2949350
2026-05-08 00:36:53.350 10 INFO neutron.wsgi [req-1dd3c658-4668-41f9-89a5-9a5006521333 req-399694c5-b8d6-4d02-875e-ea96cbaea29c 3f8b8309b3ca466c8c300f1c89d3bcec f141bb3719024ae29a6a7b9890274bf6 - - 0447f99a6f7b4f63bba8b724b57b4524 0447f99a6f7b4f63bba8b724b57b4524] 199.204.45.140 "GET /v2.0/ports?tenant_id=1d5d15bc86544c60ada5cc17c75da708&device_id=503c45b7-1703-4df8-941d-7cb20c4cd0ff HTTP/1.1" status: 200 len: 2728 time: 0.0452068
2026-05-08 00:36:53.642 10 INFO neutron.wsgi [req-1dd3c658-4668-41f9-89a5-9a5006521333 req-c358930a-7eb8-489a-8608-35416c355857 3f8b8309b3ca466c8c300f1c89d3bcec f141bb3719024ae29a6a7b9890274bf6 - - 0447f99a6f7b4f63bba8b724b57b4524 0447f99a6f7b4f63bba8b724b57b4524] 199.204.45.140 "GET /v2.0/networks?id=a4b2feda-37ef-46a6-9363-8f437e7b66fd&id=f89c4e96-d75f-47b6-a14a-ac495505e0c8&id=8e2fa504-ea41-4c77-9dc5-cbd843e6d74b HTTP/1.1" status: 200 len: 2518 time: 0.2877407
2026-05-08 00:36:53.647 9 INFO neutron.wsgi [None req-d0303a84-5694-4477-94a8-7eec7994cceb 0463e353845149b3925bd849625498db 1d5d15bc86544c60ada5cc17c75da708 - - default default] 199.204.45.140 "GET /v2.0/ports?device_id=503c45b7-1703-4df8-941d-7cb20c4cd0ff HTTP/1.1" status: 200 len: 2728 time: 0.0331845
2026-05-08 00:36:53.670 9 INFO neutron.pecan_wsgi.hooks.translation [None req-078b1224-369b-4ac4-850e-2815510e96c9 0463e353845149b3925bd849625498db 1d5d15bc86544c60ada5cc17c75da708 - - default default] DELETE failed (client error): The resource could not be found.
2026-05-08 00:36:53.670 10 INFO neutron.wsgi [req-1dd3c658-4668-41f9-89a5-9a5006521333 req-8e391fac-8634-4218-9aa2-fcc2effd517e 3f8b8309b3ca466c8c300f1c89d3bcec f141bb3719024ae29a6a7b9890274bf6 - - 0447f99a6f7b4f63bba8b724b57b4524 0447f99a6f7b4f63bba8b724b57b4524] 199.204.45.140 "GET /v2.0/floatingips?fixed_ip_address=172.24.2.152&port_id=3627566c-3a16-46c4-a466-58a7c853684a HTTP/1.1" status: 200 len: 217 time: 0.0203443
2026-05-08 00:36:53.672 9 INFO neutron.wsgi [None req-078b1224-369b-4ac4-850e-2815510e96c9 0463e353845149b3925bd849625498db 1d5d15bc86544c60ada5cc17c75da708 - - default default] 199.204.45.140 "DELETE /v2.0/ports/59dae9a7-a14e-41c9-b434-5eb368cd6aff HTTP/1.1" status: 404 len: 338 time: 0.0208819
2026-05-08 00:36:53.704 10 INFO neutron.wsgi [req-1dd3c658-4668-41f9-89a5-9a5006521333 req-862e7521-de60-46cd-97a9-ccfa7c588040 3f8b8309b3ca466c8c300f1c89d3bcec f141bb3719024ae29a6a7b9890274bf6 - - 0447f99a6f7b4f63bba8b724b57b4524 0447f99a6f7b4f63bba8b724b57b4524] 199.204.45.140 "GET /v2.0/subnets?id=f29db094-4660-4a98-ba74-ef1bf0bf40af HTTP/1.1" status: 200 len: 829 time: 0.0273700
2026-05-08 00:36:53.731 10 INFO neutron.wsgi [req-1dd3c658-4668-41f9-89a5-9a5006521333 req-c11dfdab-69f8-4c42-bf28-08fed1f823ad 3f8b8309b3ca466c8c300f1c89d3bcec f141bb3719024ae29a6a7b9890274bf6 - - 0447f99a6f7b4f63bba8b724b57b4524 0447f99a6f7b4f63bba8b724b57b4524] 199.204.45.140 "GET /v2.0/ports?network_id=a4b2feda-37ef-46a6-9363-8f437e7b66fd&device_owner=network%3Adhcp HTTP/1.1" status: 200 len: 210 time: 0.0197067
2026-05-08 00:36:53.760 9 INFO neutron.wsgi [None req-4c32be86-cc17-40b6-b918-b20b4207c3e0 0463e353845149b3925bd849625498db 1d5d15bc86544c60ada5cc17c75da708 - - default default] 199.204.45.140 "GET /v2.0/extensions/security-group HTTP/1.1" status: 200 len: 369 time: 0.0073290
2026-05-08 00:36:53.767 9 INFO neutron.wsgi [None req-cca64c60-d187-4431-98b9-afdf613b4899 0463e353845149b3925bd849625498db 1d5d15bc86544c60ada5cc17c75da708 - - default default] 199.204.45.140 "GET /v2.0/extensions/dns-integration HTTP/1.1" status: 200 len: 371 time: 0.0029745
2026-05-08 00:36:53.775 9 INFO neutron.wsgi [None req-ff5f63a6-630d-46e4-b5ce-b4b5b7d34335 0463e353845149b3925bd849625498db 1d5d15bc86544c60ada5cc17c75da708 - - default default] 199.204.45.140 "GET /v2.0/extensions/qos HTTP/1.1" status: 200 len: 365 time: 0.0041330
2026-05-08 00:36:53.789 9 INFO neutron.wsgi [None req-0f44aa65-fe5a-4fa6-9e0f-a7f1f1040a82 0463e353845149b3925bd849625498db 1d5d15bc86544c60ada5cc17c75da708 - - default default] 199.204.45.140 "GET /v2.0/extensions/allowed-address-pairs HTTP/1.1" status: 200 len: 383 time: 0.0086226
2026-05-08 00:36:53.798 10 INFO neutron.wsgi [req-1dd3c658-4668-41f9-89a5-9a5006521333 req-019c3c78-197f-44fc-b520-6d66c35958ea 3f8b8309b3ca466c8c300f1c89d3bcec f141bb3719024ae29a6a7b9890274bf6 - - 0447f99a6f7b4f63bba8b724b57b4524 0447f99a6f7b4f63bba8b724b57b4524] 199.204.45.140 "GET /v2.0/networks/a4b2feda-37ef-46a6-9363-8f437e7b66fd?fields=segments HTTP/1.1" status: 200 len: 212 time: 0.0599287
2026-05-08 00:36:53.834 9 INFO neutron.wsgi [None req-de674fc1-4acc-4ba5-a4ac-2995fbd0c997 0463e353845149b3925bd849625498db 1d5d15bc86544c60ada5cc17c75da708 - - default default] 199.204.45.140 "GET /v2.0/subnets/7348e34e-1ece-4c48-bc08-a451d36f89dd HTTP/1.1" status: 200 len: 851 time: 0.0363672
2026-05-08 00:36:53.863 10 INFO neutron.wsgi [req-1dd3c658-4668-41f9-89a5-9a5006521333 req-55f33246-b012-4e93-a008-0f77221edc88 3f8b8309b3ca466c8c300f1c89d3bcec f141bb3719024ae29a6a7b9890274bf6 - - 0447f99a6f7b4f63bba8b724b57b4524 0447f99a6f7b4f63bba8b724b57b4524] 199.204.45.140 "GET /v2.0/networks/a4b2feda-37ef-46a6-9363-8f437e7b66fd?fields=provider%3Aphysical_network&fields=provider%3Anetwork_type HTTP/1.1" status: 200 len: 277 time: 0.0591748
2026-05-08 00:36:53.875 9 INFO neutron.wsgi [None req-186b7ae8-9da6-4828-b5c2-c1bbfab3a68b 0463e353845149b3925bd849625498db 1d5d15bc86544c60ada5cc17c75da708 - - default default] 199.204.45.140 "GET /v2.0/ports/7993baac-e49f-4903-b36a-966f6aec27b2 HTTP/1.1" status: 200 len: 1340 time: 0.0328567
2026-05-08 00:36:53.894 10 INFO neutron.wsgi [req-1dd3c658-4668-41f9-89a5-9a5006521333 req-41c919bb-3f7a-4794-aa62-837e8c556400 3f8b8309b3ca466c8c300f1c89d3bcec f141bb3719024ae29a6a7b9890274bf6 - - 0447f99a6f7b4f63bba8b724b57b4524 0447f99a6f7b4f63bba8b724b57b4524] 199.204.45.140 "GET /v2.0/floatingips?fixed_ip_address=10.1.1.126&port_id=1b0ad753-4a52-4b98-a117-c30b7a0b25a3 HTTP/1.1" status: 200 len: 217 time: 0.0225933
2026-05-08 00:36:53.910 9 INFO neutron.wsgi [None req-2fd8d66e-eda4-408a-bb98-7e99262c1f70 0463e353845149b3925bd849625498db 1d5d15bc86544c60ada5cc17c75da708 - - default default] 199.204.45.140 "GET /v2.0/ports/1b0ad753-4a52-4b98-a117-c30b7a0b25a3 HTTP/1.1" status: 200 len: 1519 time: 0.0296597
2026-05-08 00:36:53.934 10 INFO neutron.wsgi [req-1dd3c658-4668-41f9-89a5-9a5006521333 req-ff80e117-fb89-4a78-9ad2-2ccae9702f1e 3f8b8309b3ca466c8c300f1c89d3bcec f141bb3719024ae29a6a7b9890274bf6 - - 0447f99a6f7b4f63bba8b724b57b4524 0447f99a6f7b4f63bba8b724b57b4524] 199.204.45.140 "GET /v2.0/subnets?id=7348e34e-1ece-4c48-bc08-a451d36f89dd HTTP/1.1" status: 200 len: 854 time: 0.0344014
2026-05-08 00:36:53.962 10 INFO neutron.wsgi [req-1dd3c658-4668-41f9-89a5-9a5006521333 req-610b1a7f-5f38-4f0c-afb4-8d952edea1a9 3f8b8309b3ca466c8c300f1c89d3bcec f141bb3719024ae29a6a7b9890274bf6 - - 0447f99a6f7b4f63bba8b724b57b4524 0447f99a6f7b4f63bba8b724b57b4524] 199.204.45.140 "GET /v2.0/ports?network_id=f89c4e96-d75f-47b6-a14a-ac495505e0c8&device_owner=network%3Adhcp HTTP/1.1" status: 200 len: 210 time: 0.0234499
2026-05-08 00:36:53.963 9 INFO neutron.wsgi [None req-35dfcd14-5912-4492-8aee-dd7af89f7e10 0463e353845149b3925bd849625498db 1d5d15bc86544c60ada5cc17c75da708 - - default default] 199.204.45.140 "GET /v2.0/subnets/7348e34e-1ece-4c48-bc08-a451d36f89dd HTTP/1.1" status: 200 len: 851 time: 0.0470991
2026-05-08 00:36:54.056 10 INFO neutron.wsgi [req-1dd3c658-4668-41f9-89a5-9a5006521333 req-3086401a-6908-438c-b0c5-114ac02bcccc 3f8b8309b3ca466c8c300f1c89d3bcec f141bb3719024ae29a6a7b9890274bf6 - - 0447f99a6f7b4f63bba8b724b57b4524 0447f99a6f7b4f63bba8b724b57b4524] 199.204.45.140 "GET /v2.0/networks/f89c4e96-d75f-47b6-a14a-ac495505e0c8?fields=segments HTTP/1.1" status: 200 len: 212 time: 0.0862138
2026-05-08 00:36:54.064 9 INFO neutron.wsgi [None req-577e6bed-e0be-459f-bd95-c0b433087319 0463e353845149b3925bd849625498db 1d5d15bc86544c60ada5cc17c75da708 - - default default] 199.204.45.140 "GET /v2.0/networks/f89c4e96-d75f-47b6-a14a-ac495505e0c8 HTTP/1.1" status: 200 len: 1001 time: 0.0923326
2026-05-08 00:36:54.108 9 INFO neutron.wsgi [None req-5870d7a1-60f9-42fe-b650-c96cfc41c038 0463e353845149b3925bd849625498db 1d5d15bc86544c60ada5cc17c75da708 - - default default] 199.204.45.140 "GET /v2.0/ports/7993baac-e49f-4903-b36a-966f6aec27b2 HTTP/1.1" status: 200 len: 1340 time: 0.0364702
2026-05-08 00:36:54.142 10 INFO neutron.wsgi [req-1dd3c658-4668-41f9-89a5-9a5006521333 req-e777d10f-748d-4746-a40a-9795b7055b2d 3f8b8309b3ca466c8c300f1c89d3bcec f141bb3719024ae29a6a7b9890274bf6 - - 0447f99a6f7b4f63bba8b724b57b4524 0447f99a6f7b4f63bba8b724b57b4524] 199.204.45.140 "GET /v2.0/networks/f89c4e96-d75f-47b6-a14a-ac495505e0c8?fields=provider%3Aphysical_network&fields=provider%3Anetwork_type HTTP/1.1" status: 200 len: 277 time: 0.0797179
2026-05-08 00:36:54.156 9 INFO neutron.wsgi [None req-332c930a-5ad4-4b96-858f-defe47d4e026 0463e353845149b3925bd849625498db 1d5d15bc86544c60ada5cc17c75da708 - - default default] 199.204.45.140 "GET /v2.0/subnets/7348e34e-1ece-4c48-bc08-a451d36f89dd HTTP/1.1" status: 200 len: 851 time: 0.0382569
2026-05-08 00:36:55.076 10 INFO neutron.notifiers.nova [-] Nova event matching ['req-851461e5-215b-4a57-870f-a8b8ebfe5e48'] response: {'server_uuid': '503c45b7-1703-4df8-941d-7cb20c4cd0ff', 'name': 'network-vif-plugged', 'status': 'completed', 'tag': '59dae9a7-a14e-41c9-b434-5eb368cd6aff', 'code': 200}
2026-05-08 00:36:55.077 10 INFO neutron.notifiers.nova [-] Nova event matching ['req-851461e5-215b-4a57-870f-a8b8ebfe5e48'] response: {'server_uuid': '503c45b7-1703-4df8-941d-7cb20c4cd0ff', 'name': 'network-vif-deleted', 'tag': '59dae9a7-a14e-41c9-b434-5eb368cd6aff', 'status': 'completed', 'code': 200}
2026-05-08 00:36:55.809 9 INFO neutron.wsgi [-] 10.0.0.213 "GET / HTTP/1.1" status: 200 len: 247 time: 0.0022213
2026-05-08 00:36:55.810 10 INFO neutron.wsgi [-] 10.0.0.213 "GET / HTTP/1.1" status: 200 len: 247 time: 0.0032403
2026-05-08 00:37:02.879 9 INFO neutron.wsgi [None req-18a4bf20-3d8d-4d12-9cf5-ef61bb5796d9 0463e353845149b3925bd849625498db 1d5d15bc86544c60ada5cc17c75da708 - - default default] 199.204.45.140 "GET /v2.0/extensions/security-group HTTP/1.1" status: 200 len: 369 time: 0.0106559
2026-05-08 00:37:02.886 9 INFO neutron.wsgi [None req-426c7e84-ae72-4b30-841f-c469f6c55db6 0463e353845149b3925bd849625498db 1d5d15bc86544c60ada5cc17c75da708 - - default default] 199.204.45.140 "GET /v2.0/extensions/dns-integration HTTP/1.1" status: 200 len: 371 time: 0.0033357
2026-05-08 00:37:02.901 9 INFO neutron.wsgi [None req-60091b3d-6afe-4f35-800e-9b6df0d5d292 0463e353845149b3925bd849625498db 1d5d15bc86544c60ada5cc17c75da708 - - default default] 199.204.45.140 "GET /v2.0/extensions/qos HTTP/1.1" status: 200 len: 365 time: 0.0042422
2026-05-08 00:37:02.912 9 INFO neutron.wsgi [None req-5f859b54-8aa0-4254-8e35-13be11db2268 0463e353845149b3925bd849625498db 1d5d15bc86544c60ada5cc17c75da708 - - default default] 199.204.45.140 "GET /v2.0/extensions/allowed-address-pairs HTTP/1.1" status: 200 len: 383 time: 0.0074871
2026-05-08 00:37:02.952 9 INFO neutron.wsgi [None req-2048e56f-eca5-41fb-af5b-3b5038480b41 0463e353845149b3925bd849625498db 1d5d15bc86544c60ada5cc17c75da708 - - default default] 199.204.45.140 "GET /v2.0/security-groups?name=lb-4d6b266e-eb8d-4de7-bd47-ac966abd955f HTTP/1.1" status: 200 len: 2939 time: 0.0339110
2026-05-08 00:37:02.983 9 INFO neutron.wsgi [None req-1e44d7ba-869e-43d5-aa8f-dcc48972790d 0463e353845149b3925bd849625498db 1d5d15bc86544c60ada5cc17c75da708 - - default default] 199.204.45.140 "GET /v2.0/security-group-rules?security_group_id=c5f98cb7-978a-4095-85ad-69950a7f20be HTTP/1.1" status: 200 len: 2406 time: 0.0257161
2026-05-08 00:37:03.111 9 INFO neutron.wsgi [None req-3d24c09e-75ee-4333-a230-97aa20b17eaa 0463e353845149b3925bd849625498db 1d5d15bc86544c60ada5cc17c75da708 - - default default] 199.204.45.140 "DELETE /v2.0/security-group-rules/6375d6c2-9d05-4d7f-ac30-c629f3d46e16 HTTP/1.1" status: 204 len: 173 time: 0.1221540
2026-05-08 00:37:03.218 9 INFO neutron.wsgi [None req-e746ce03-6148-4451-9c50-c085a0dc9975 0463e353845149b3925bd849625498db 1d5d15bc86544c60ada5cc17c75da708 - - default default] 199.204.45.140 "DELETE /v2.0/security-group-rules/ed14d9de-e827-462b-b9fd-b18b6a76fa03 HTTP/1.1" status: 204 len: 173 time: 0.0972455
2026-05-08 00:37:06.002 10 INFO neutron.wsgi [None req-aaafd050-ec9d-4dfd-a00c-669d33bbf7c6 0463e353845149b3925bd849625498db 1d5d15bc86544c60ada5cc17c75da708 - - default default] 10.0.0.54 "GET /v2.0/subnets HTTP/1.1" status: 200 len: 5497 time: 0.1351051
2026-05-08 00:37:06.070 10 INFO neutron.wsgi [None req-726bf4ad-f25b-4057-8bc0-5cb8fe994166 0463e353845149b3925bd849625498db 1d5d15bc86544c60ada5cc17c75da708 - - default default] 10.0.0.54 "GET /v2.0/floatingips HTTP/1.1" status: 200 len: 2766 time: 0.0659544
2026-05-08 00:37:06.093 10 INFO neutron.wsgi [None req-01550f59-da75-4f25-a00e-8c78ac79b37d 0463e353845149b3925bd849625498db 1d5d15bc86544c60ada5cc17c75da708 - - default default] 10.0.0.54 "GET /v2.0/network-ip-availabilities HTTP/1.1" status: 200 len: 3365 time: 0.0218141
2026-05-08 00:37:06.166 10 INFO neutron.wsgi [None req-56ed2b96-abc9-4cd4-8609-3f85c4618904 0463e353845149b3925bd849625498db 1d5d15bc86544c60ada5cc17c75da708 - - default default] 10.0.0.54 "GET /v2.0/networks HTTP/1.1" status: 200 len: 4720 time: 0.0720592
2026-05-08 00:37:06.237 10 INFO neutron.wsgi [None req-b4087b67-5d61-4650-a5d3-3db2a0935c58 0463e353845149b3925bd849625498db 1d5d15bc86544c60ada5cc17c75da708 - - default default] 10.0.0.54 "GET /v2.0/security-groups HTTP/1.1" status: 200 len: 29069 time: 0.0640993
2026-05-08 00:37:06.295 10 INFO neutron.wsgi [None req-910bb192-e619-47c3-bbda-913fe8a58bdf 0463e353845149b3925bd849625498db 1d5d15bc86544c60ada5cc17c75da708 - - default default] 10.0.0.54 "GET /v2.0/ports HTTP/1.1" status: 200 len: 22226 time: 0.0484929
2026-05-08 00:37:06.328 10 INFO neutron.wsgi [None req-43a60779-1524-4bc1-8811-32c6f1fa31f1 0463e353845149b3925bd849625498db 1d5d15bc86544c60ada5cc17c75da708 - - default default] 10.0.0.54 "GET /v2.0/agents HTTP/1.1" status: 200 len: 997 time: 0.0182209
2026-05-08 00:37:06.367 10 INFO neutron.wsgi [None req-58931060-75d6-43cc-a997-79f754665b7f 0463e353845149b3925bd849625498db 1d5d15bc86544c60ada5cc17c75da708 - - default default] 10.0.0.54 "GET /v2.0/subnets HTTP/1.1" status: 200 len: 5497 time: 0.0363314
2026-05-08 00:37:06.380 10 INFO neutron.wsgi [None req-684bcc25-e4c6-4a9e-bb6c-b6b7869000de 0463e353845149b3925bd849625498db 1d5d15bc86544c60ada5cc17c75da708 - - default default] 10.0.0.54 "GET /v2.0/subnetpools HTTP/1.1" status: 200 len: 193 time: 0.0109298
2026-05-08 00:37:06.443 10 INFO neutron.wsgi [None req-fb54de75-f744-41b3-aad7-d887e0de034c 0463e353845149b3925bd849625498db 1d5d15bc86544c60ada5cc17c75da708 - - default default] 10.0.0.54 "GET /v2.0/routers HTTP/1.1" status: 200 len: 850 time: 0.0623703
2026-05-08 00:37:06.454 10 INFO neutron.wsgi [None req-0b24a7cf-6e66-4bd0-88b4-eea0d081e7f6 0463e353845149b3925bd849625498db 1d5d15bc86544c60ada5cc17c75da708 - - default default] 10.0.0.54 "GET /v2.0/agents?binary=ovn-controller HTTP/1.1" status: 200 len: 591 time: 0.0104373
2026-05-08 00:37:06.775 15 INFO neutron.db.ovn_revision_numbers_db [None req-3b2d6c6b-ba43-48ad-99dc-77ae7a9617dd - - - - - -] Successfully bumped revision number for resource f89c4e96-d75f-47b6-a14a-ac495505e0c8 (type: networks) to 3
2026-05-08 00:37:06.892 15 INFO neutron.db.ovn_revision_numbers_db [None req-3b2d6c6b-ba43-48ad-99dc-77ae7a9617dd - - - - - -] Successfully bumped revision number for resource 8e2fa504-ea41-4c77-9dc5-cbd843e6d74b (type: networks) to 3
2026-05-08 00:37:07.027 15 INFO neutron.db.ovn_revision_numbers_db [None req-3b2d6c6b-ba43-48ad-99dc-77ae7a9617dd - - - - - -] Successfully bumped revision number for resource 2fb8d6ee-8797-4e55-a20b-af18d80b3c60 (type: networks) to 3
2026-05-08 00:37:07.079 15 INFO neutron.db.ovn_revision_numbers_db [None req-3b2d6c6b-ba43-48ad-99dc-77ae7a9617dd - - - - - -] Successfully bumped revision number for resource 58a1ef27-19f1-453f-84a1-fe28c7bd42c2 (type: security_groups) to 12
2026-05-08 00:37:07.116 15 INFO neutron.db.ovn_revision_numbers_db [None req-3b2d6c6b-ba43-48ad-99dc-77ae7a9617dd - - - - - -] Successfully bumped revision number for resource c5f98cb7-978a-4095-85ad-69950a7f20be (type: security_groups) to 5
2026-05-08 00:37:07.491 15 INFO neutron.db.ovn_revision_numbers_db [None req-3b2d6c6b-ba43-48ad-99dc-77ae7a9617dd - - - - - -] Successfully bumped revision number for resource c7b9e07b-7b22-4eda-85e0-63c74bd7762d (type: routers) to 5
2026-05-08 00:37:07.727 9 INFO neutron.db.l3_db [None req-d8927a98-8654-417d-a8b4-8aad18f2c97e cf8adbd87da2496f9fd8738549069a43 27035b6a927844888ba419c7cca09a9e - - default default] Floating IP 5dab0c01-151d-4a1f-b9d7-045e288023e2 disassociated (deleted). External IP: 10.96.250.201, port: 7993baac-e49f-4903-b36a-966f6aec27b2.
2026-05-08 00:37:07.805 9 INFO neutron.wsgi [None req-d8927a98-8654-417d-a8b4-8aad18f2c97e cf8adbd87da2496f9fd8738549069a43 27035b6a927844888ba419c7cca09a9e - - default default] 10.0.0.117 "DELETE /v2.0/floatingips/5dab0c01-151d-4a1f-b9d7-045e288023e2 HTTP/1.1" status: 204 len: 168 time: 0.4983830 /var/lib/openstack/lib/python3.10/site-packages/pycadf/identifier.py:71: UserWarning: Invalid uuid: neutron. To ensure interoperability, identifiers should be a valid uuid. warnings.warn(('Invalid uuid: %s. To ensure interoperability, '
2026-05-08 00:37:07.836 9 INFO neutron.api.v2.resource [None req-a835ce97-4bea-45bb-8cd0-efe88ee746b5 cf8adbd87da2496f9fd8738549069a43 27035b6a927844888ba419c7cca09a9e - - default default] show failed (client error): The resource could not be found.
2026-05-08 00:37:07.838 9 INFO neutron.wsgi [None req-a835ce97-4bea-45bb-8cd0-efe88ee746b5 cf8adbd87da2496f9fd8738549069a43 27035b6a927844888ba419c7cca09a9e - - default default] 10.0.0.117 "GET /v2.0/floatingips/5dab0c01-151d-4a1f-b9d7-045e288023e2 HTTP/1.1" status: 404 len: 345 time: 0.0266356
2026-05-08 00:37:08.234 10 INFO neutron.wsgi [None req-3451301a-8820-4c91-8f78-0c9dc05799a3 0463e353845149b3925bd849625498db 1d5d15bc86544c60ada5cc17c75da708 - - default default] 199.204.45.140 "GET /v2.0/extensions/security-group HTTP/1.1" status: 200 len: 369 time: 0.0093584
2026-05-08 00:37:08.246 10 INFO neutron.wsgi [None req-9f6f0bee-1d5f-4ea0-b05e-c97663e951c6 0463e353845149b3925bd849625498db 1d5d15bc86544c60ada5cc17c75da708 - - default default] 199.204.45.140 "GET /v2.0/extensions/dns-integration HTTP/1.1" status: 200 len: 371 time: 0.0049255
2026-05-08 00:37:08.258 10 INFO neutron.wsgi [None req-af9b43e4-4929-4702-b68d-9d3dc3ea35a0 0463e353845149b3925bd849625498db 1d5d15bc86544c60ada5cc17c75da708 - - default default] 199.204.45.140 "GET /v2.0/extensions/qos HTTP/1.1" status: 200 len: 365 time: 0.0062327
2026-05-08 00:37:08.270 10 INFO neutron.wsgi [None req-dd91ea10-9168-4de2-80b4-35e362e628d0 0463e353845149b3925bd849625498db 1d5d15bc86544c60ada5cc17c75da708 - - default default] 199.204.45.140 "GET /v2.0/extensions/allowed-address-pairs HTTP/1.1" status: 200 len: 383 time: 0.0054572
2026-05-08 00:37:08.318 10 INFO neutron.wsgi [None req-5a7783d4-98ef-4d84-9666-69b8c755ca37 0463e353845149b3925bd849625498db 1d5d15bc86544c60ada5cc17c75da708 - - default default] 199.204.45.140 "GET /v2.0/subnets/7348e34e-1ece-4c48-bc08-a451d36f89dd HTTP/1.1" status: 200 len: 851 time: 0.0392194
2026-05-08 00:37:08.362 10 INFO neutron.wsgi [None req-9e09cb34-abd0-4a77-b59f-7860542ae795 0463e353845149b3925bd849625498db 1d5d15bc86544c60ada5cc17c75da708 - - default default] 199.204.45.140 "GET /v2.0/ports?device_id=503c45b7-1703-4df8-941d-7cb20c4cd0ff HTTP/1.1" status: 200 len: 2728 time: 0.0369449
2026-05-08 00:37:08.408 10 INFO neutron.wsgi [None req-77c55f5a-03cb-428e-8b7b-672190f4aa90 0463e353845149b3925bd849625498db 1d5d15bc86544c60ada5cc17c75da708 - - default default] 199.204.45.140 "GET /v2.0/ports?device_id=503c45b7-1703-4df8-941d-7cb20c4cd0ff HTTP/1.1" status: 200 len: 2728 time: 0.0371969
2026-05-08 00:37:08.508 10 INFO neutron.wsgi [None req-5cd88b89-eb97-48b0-a42a-0afe7f499583 0463e353845149b3925bd849625498db 1d5d15bc86544c60ada5cc17c75da708 - - default default] 199.204.45.140 "GET /v2.0/ports?device_id=503c45b7-1703-4df8-941d-7cb20c4cd0ff HTTP/1.1" status: 200 len: 2728 time: 0.0414181
2026-05-08 00:37:08.771 10 INFO neutron.plugins.ml2.drivers.ovn.mech_driver.mech_driver [None req-19c09000-c697-40ab-ad22-53a8c9c4a4e4 - - - - - -] OVN reports status down for port: 1b0ad753-4a52-4b98-a117-c30b7a0b25a3
2026-05-08 00:37:08.780 9 INFO neutron.plugins.ml2.drivers.ovn.mech_driver.mech_driver [None req-f1f241f9-f200-4e42-8034-3e52ebd18bc7 - - - - - -] OVN reports status down for port: 7993baac-e49f-4903-b36a-966f6aec27b2
2026-05-08 00:37:08.847 10 INFO neutron.wsgi [req-c551ad89-c6d4-4e44-8279-59f14d38ffef req-b51da3fd-ef87-4926-b9a8-cf98d56c4b24 3f8b8309b3ca466c8c300f1c89d3bcec f141bb3719024ae29a6a7b9890274bf6 - - 0447f99a6f7b4f63bba8b724b57b4524 0447f99a6f7b4f63bba8b724b57b4524] 199.204.45.140 "GET /v2.0/ports/1b0ad753-4a52-4b98-a117-c30b7a0b25a3 HTTP/1.1" status: 200 len: 1519 time: 0.0343812
2026-05-08 00:37:08.891 10 INFO neutron.wsgi [req-c551ad89-c6d4-4e44-8279-59f14d38ffef req-48734b13-22b2-4c79-9d89-32a1d3679932 0463e353845149b3925bd849625498db 1d5d15bc86544c60ada5cc17c75da708 - - default default] 199.204.45.140 "GET /v2.0/ports/1b0ad753-4a52-4b98-a117-c30b7a0b25a3?fields=binding%3Aprofile&fields=network_id HTTP/1.1" status: 200 len: 281 time: 0.0339198
2026-05-08 00:37:08.918 9 INFO neutron.db.ovn_revision_numbers_db [None req-2a1f10d2-b89f-4951-bbe7-024c3fbe7383 - - - - - -] Successfully bumped revision number for resource 7993baac-e49f-4903-b36a-966f6aec27b2 (type: ports) to 6
2026-05-08 00:37:08.985 10 INFO neutron.wsgi [req-c551ad89-c6d4-4e44-8279-59f14d38ffef req-ab23e969-ddd5-4278-85a0-e67dd77b797c 0463e353845149b3925bd849625498db 1d5d15bc86544c60ada5cc17c75da708 - - default default] 199.204.45.140 "GET /v2.0/networks/f89c4e96-d75f-47b6-a14a-ac495505e0c8?fields=dns_domain HTTP/1.1" status: 200 len: 227 time: 0.0859306
2026-05-08 00:37:09.010 10 INFO neutron.notifiers.nova [-] Nova event matching ['req-0b33cc4e-0f24-4909-a6bf-c372b311791a'] response: {'server_uuid': '503c45b7-1703-4df8-941d-7cb20c4cd0ff', 'name': 'network-vif-unplugged', 'status': 'completed', 'tag': '1b0ad753-4a52-4b98-a117-c30b7a0b25a3', 'code': 200}
2026-05-08 00:37:09.162 10 INFO neutron.db.ovn_revision_numbers_db [None req-19c09000-c697-40ab-ad22-53a8c9c4a4e4 - - - - - -] Successfully bumped revision number for resource 1b0ad753-4a52-4b98-a117-c30b7a0b25a3 (type: ports) to 7
2026-05-08 00:37:09.452 10 INFO neutron.db.ovn_revision_numbers_db [req-c551ad89-c6d4-4e44-8279-59f14d38ffef req-50c5da35-a388-46e4-9c30-f0eba59fac67 3f8b8309b3ca466c8c300f1c89d3bcec f141bb3719024ae29a6a7b9890274bf6 - - 0447f99a6f7b4f63bba8b724b57b4524 0447f99a6f7b4f63bba8b724b57b4524] Successfully bumped revision number for resource 1b0ad753-4a52-4b98-a117-c30b7a0b25a3 (type: ports) to 8
2026-05-08 00:37:09.467 10 INFO neutron.wsgi [req-c551ad89-c6d4-4e44-8279-59f14d38ffef req-50c5da35-a388-46e4-9c30-f0eba59fac67 3f8b8309b3ca466c8c300f1c89d3bcec f141bb3719024ae29a6a7b9890274bf6 - - 0447f99a6f7b4f63bba8b724b57b4524 0447f99a6f7b4f63bba8b724b57b4524] 199.204.45.140 "PUT /v2.0/ports/1b0ad753-4a52-4b98-a117-c30b7a0b25a3 HTTP/1.1" status: 200 len: 1351 time: 0.4682200 /var/lib/openstack/lib/python3.10/site-packages/pycadf/identifier.py:71: UserWarning: Invalid uuid: neutron. To ensure interoperability, identifiers should be a valid uuid. warnings.warn(('Invalid uuid: %s. To ensure interoperability, '
2026-05-08 00:37:09.565 10 INFO neutron.wsgi [None req-2cfebc91-5192-44d1-b31a-2104ab7e1cbb 0463e353845149b3925bd849625498db 1d5d15bc86544c60ada5cc17c75da708 - - default default] 199.204.45.140 "GET /v2.0/ports?device_id=503c45b7-1703-4df8-941d-7cb20c4cd0ff HTTP/1.1" status: 200 len: 1417 time: 0.0465267
2026-05-08 00:37:09.567 10 INFO neutron.wsgi [req-c551ad89-c6d4-4e44-8279-59f14d38ffef req-797e5be2-0546-448e-a7cf-a2161feedd4e 3f8b8309b3ca466c8c300f1c89d3bcec f141bb3719024ae29a6a7b9890274bf6 - - 0447f99a6f7b4f63bba8b724b57b4524 0447f99a6f7b4f63bba8b724b57b4524] 199.204.45.140 "GET /v2.0/ports?tenant_id=1d5d15bc86544c60ada5cc17c75da708&device_id=503c45b7-1703-4df8-941d-7cb20c4cd0ff HTTP/1.1" status: 200 len: 1417 time: 0.0497088
2026-05-08 00:37:09.575 15 INFO neutron.plugins.ml2.drivers.ovn.mech_driver.ovsdb.maintenance [None req-3b2d6c6b-ba43-48ad-99dc-77ae7a9617dd - - - - - -] Maintenance task: Synchronization finished (took 2.94 seconds)
2026-05-08 00:37:09.652 10 INFO neutron.wsgi [req-c551ad89-c6d4-4e44-8279-59f14d38ffef req-dd725dc4-fceb-42e9-b60d-fcb86cfc3f50 3f8b8309b3ca466c8c300f1c89d3bcec f141bb3719024ae29a6a7b9890274bf6 - - 0447f99a6f7b4f63bba8b724b57b4524 0447f99a6f7b4f63bba8b724b57b4524] 199.204.45.140 "GET /v2.0/networks?id=a4b2feda-37ef-46a6-9363-8f437e7b66fd&id=f89c4e96-d75f-47b6-a14a-ac495505e0c8 HTTP/1.1" status: 200 len: 1728 time: 0.0751503
2026-05-08 00:37:09.681 10 INFO neutron.wsgi [req-c551ad89-c6d4-4e44-8279-59f14d38ffef req-eff3778c-e581-4ad7-a0a4-9ec1f8f31d4f 3f8b8309b3ca466c8c300f1c89d3bcec f141bb3719024ae29a6a7b9890274bf6 - - 0447f99a6f7b4f63bba8b724b57b4524 0447f99a6f7b4f63bba8b724b57b4524] 199.204.45.140 "GET /v2.0/floatingips?fixed_ip_address=172.24.2.152&port_id=3627566c-3a16-46c4-a466-58a7c853684a HTTP/1.1" status: 200 len: 217 time: 0.0189612
2026-05-08 00:37:09.730 10 INFO neutron.wsgi [req-c551ad89-c6d4-4e44-8279-59f14d38ffef req-7609f727-bda1-4f27-8713-48f3176ac6c8 3f8b8309b3ca466c8c300f1c89d3bcec f141bb3719024ae29a6a7b9890274bf6 - - 0447f99a6f7b4f63bba8b724b57b4524 0447f99a6f7b4f63bba8b724b57b4524] 199.204.45.140 "GET /v2.0/subnets?id=f29db094-4660-4a98-ba74-ef1bf0bf40af HTTP/1.1" status: 200 len: 829 time: 0.0440199
2026-05-08 00:37:09.757 10 INFO neutron.wsgi [req-c551ad89-c6d4-4e44-8279-59f14d38ffef req-7cf97172-619b-4026-b433-8f1c93d7dfc0 3f8b8309b3ca466c8c300f1c89d3bcec f141bb3719024ae29a6a7b9890274bf6 - - 0447f99a6f7b4f63bba8b724b57b4524 0447f99a6f7b4f63bba8b724b57b4524] 199.204.45.140 "GET /v2.0/ports?network_id=a4b2feda-37ef-46a6-9363-8f437e7b66fd&device_owner=network%3Adhcp HTTP/1.1" status: 200 len: 210 time: 0.0213025
2026-05-08 00:37:09.848 10 INFO neutron.wsgi [req-c551ad89-c6d4-4e44-8279-59f14d38ffef req-ac672c82-89b1-4b00-bb85-be2725a0a6bd 3f8b8309b3ca466c8c300f1c89d3bcec f141bb3719024ae29a6a7b9890274bf6 - - 0447f99a6f7b4f63bba8b724b57b4524 0447f99a6f7b4f63bba8b724b57b4524] 199.204.45.140 "GET /v2.0/networks/a4b2feda-37ef-46a6-9363-8f437e7b66fd?fields=segments HTTP/1.1" status: 200 len: 212 time: 0.0826030 /var/lib/openstack/lib/python3.10/site-packages/pycadf/identifier.py:71: UserWarning: Invalid uuid: neutron. To ensure interoperability, identifiers should be a valid uuid. warnings.warn(('Invalid uuid: %s. To ensure interoperability, '
2026-05-08 00:37:09.926 10 INFO neutron.wsgi [req-c551ad89-c6d4-4e44-8279-59f14d38ffef req-4a370100-bdc5-497a-a067-e7940d9589de 3f8b8309b3ca466c8c300f1c89d3bcec f141bb3719024ae29a6a7b9890274bf6 - - 0447f99a6f7b4f63bba8b724b57b4524 0447f99a6f7b4f63bba8b724b57b4524] 199.204.45.140 "GET /v2.0/networks/a4b2feda-37ef-46a6-9363-8f437e7b66fd?fields=provider%3Aphysical_network&fields=provider%3Anetwork_type HTTP/1.1" status: 200 len: 277 time: 0.0678632
2026-05-08 00:37:10.043 10 INFO neutron.db.ovn_revision_numbers_db [None req-7ded31bc-38d4-47f3-9519-ca8f342e6e6c 0463e353845149b3925bd849625498db 1d5d15bc86544c60ada5cc17c75da708 - - default default] Successfully bumped revision number for resource 1b0ad753-4a52-4b98-a117-c30b7a0b25a3 (type: ports) to 9
2026-05-08 00:37:10.055 10 INFO neutron.wsgi [None req-7ded31bc-38d4-47f3-9519-ca8f342e6e6c 0463e353845149b3925bd849625498db 1d5d15bc86544c60ada5cc17c75da708 - - default default] 199.204.45.140 "PUT /v2.0/ports/1b0ad753-4a52-4b98-a117-c30b7a0b25a3 HTTP/1.1" status: 200 len: 1290 time: 0.4830816
2026-05-08 00:37:10.090 10 INFO neutron.wsgi [None req-eb966108-a734-4d77-84ef-5787ebede73c 0463e353845149b3925bd849625498db 1d5d15bc86544c60ada5cc17c75da708 - - default default] 199.204.45.140 "GET /v2.0/ports/1b0ad753-4a52-4b98-a117-c30b7a0b25a3 HTTP/1.1" status: 200 len: 1290 time: 0.0271058
2026-05-08 00:37:10.133 9 INFO neutron.db.ovn_revision_numbers_db [None req-2a1f10d2-b89f-4951-bbe7-024c3fbe7383 - - - - - -] Successfully bumped revision number for resource 7993baac-e49f-4903-b36a-966f6aec27b2 (type: ports) to 8
2026-05-08 00:37:10.398 10 INFO neutron.wsgi [None req-fb7bfbe1-6997-486f-a90c-e0782b021e0b 0463e353845149b3925bd849625498db 1d5d15bc86544c60ada5cc17c75da708 - - default default] 199.204.45.140 "DELETE /v2.0/ports/1b0ad753-4a52-4b98-a117-c30b7a0b25a3 HTTP/1.1" status: 204 len: 173 time: 0.3012714
2026-05-08 00:37:10.443 10 INFO neutron.wsgi [None req-6a3033dc-55fb-4f08-a334-dcb4edbef9c4 0463e353845149b3925bd849625498db 1d5d15bc86544c60ada5cc17c75da708 - - default default] 199.204.45.140 "GET /v2.0/extensions/security-group HTTP/1.1" status: 200 len: 369 time: 0.0087304
2026-05-08 00:37:10.453 10 INFO neutron.wsgi [None req-70025cf1-71ba-4000-b940-47a82c72cb9c 0463e353845149b3925bd849625498db 1d5d15bc86544c60ada5cc17c75da708 - - default default] 199.204.45.140 "GET /v2.0/extensions/dns-integration HTTP/1.1" status: 200 len: 371 time: 0.0044444
2026-05-08 00:37:10.464 10 INFO neutron.wsgi [None req-d18e475f-70ac-4619-a58d-d2864b87c017 0463e353845149b3925bd849625498db 1d5d15bc86544c60ada5cc17c75da708 - - default default] 199.204.45.140 "GET /v2.0/extensions/qos HTTP/1.1" status: 200 len: 365 time: 0.0059488
2026-05-08 00:37:10.476 10 INFO neutron.wsgi [None req-efb0f2bd-6c30-4dfe-b96c-e71b85caa544 0463e353845149b3925bd849625498db 1d5d15bc86544c60ada5cc17c75da708 - - default default] 199.204.45.140 "GET /v2.0/extensions/allowed-address-pairs HTTP/1.1" status: 200 len: 383 time: 0.0059741
2026-05-08 00:37:10.502 10 INFO neutron.pecan_wsgi.hooks.translation [None req-b3e8580c-7e5a-4b79-a3c2-db79efd0dc43 0463e353845149b3925bd849625498db 1d5d15bc86544c60ada5cc17c75da708 - - default default] DELETE failed (client error): The resource could not be found.
2026-05-08 00:37:10.504 10 INFO neutron.wsgi [None req-b3e8580c-7e5a-4b79-a3c2-db79efd0dc43 0463e353845149b3925bd849625498db 1d5d15bc86544c60ada5cc17c75da708 - - default default] 199.204.45.140 "DELETE /v2.0/ports/1b0ad753-4a52-4b98-a117-c30b7a0b25a3 HTTP/1.1" status: 404 len: 338 time: 0.0217860
2026-05-08 00:37:10.540 10 INFO neutron.wsgi [None req-ae28fe9c-1f37-4190-a058-134ade65c694 0463e353845149b3925bd849625498db 1d5d15bc86544c60ada5cc17c75da708 - - default default] 199.204.45.140 "GET /v2.0/ports/7993baac-e49f-4903-b36a-966f6aec27b2 HTTP/1.1" status: 200 len: 1332 time: 0.0303569
2026-05-08 00:37:10.582 10 INFO neutron.wsgi [None req-3f6686d8-3dbf-49e9-9d76-1e7a29d89832 0463e353845149b3925bd849625498db 1d5d15bc86544c60ada5cc17c75da708 - - default default] 199.204.45.140 "GET /v2.0/security-groups?name=lb-4d6b266e-eb8d-4de7-bd47-ac966abd955f HTTP/1.1" status: 200 len: 1775 time: 0.0342374
2026-05-08 00:37:10.619 10 INFO neutron.wsgi [None req-0c8eaa01-c5c0-4974-8a87-aa9009ce5626 0463e353845149b3925bd849625498db 1d5d15bc86544c60ada5cc17c75da708 - - default default] 199.204.45.140 "GET /v2.0/ports/7993baac-e49f-4903-b36a-966f6aec27b2 HTTP/1.1" status: 200 len: 1332 time: 0.0312810
2026-05-08 00:37:10.808 9 INFO neutron.wsgi [-] 10.0.0.213 "GET / HTTP/1.1" status: 200 len: 247 time: 0.0023029
2026-05-08 00:37:10.810 9 INFO neutron.wsgi [-] 10.0.0.213 "GET / HTTP/1.1" status: 200 len: 247 time: 0.0014324
2026-05-08 00:37:10.976 10 INFO neutron.db.ovn_revision_numbers_db [None req-fcd8bd66-f4d3-46ba-a825-56014c03dbd4 0463e353845149b3925bd849625498db 1d5d15bc86544c60ada5cc17c75da708 - - default default] Successfully bumped revision number for resource 7993baac-e49f-4903-b36a-966f6aec27b2 (type: ports) to 9
