2026-05-08 00:33:10.384 9 INFO neutron.db.ovn_revision_numbers_db [None req-ad9d26f4-fb91-409d-8374-067fa93659d4 b7e9bd0b4feb4ded9b2f1251065bc309 ccdf8d76c89b493884553792a29639bb - - default default] Successfully bumped revision number for resource dcf5dab7-8015-4e68-9703-b26df544c822 (type: router_ports) to 2
2026-05-08 00:33:10.386 9 INFO neutron.wsgi [None req-ad9d26f4-fb91-409d-8374-067fa93659d4 b7e9bd0b4feb4ded9b2f1251065bc309 ccdf8d76c89b493884553792a29639bb - - default default] 10.0.0.117 "PUT /v2.0/routers/fccaaa66-3485-4a3c-ad09-85f554556133/add_router_interface HTTP/1.1" status: 200 len: 503 time: 1.5759108
2026-05-08 00:33:10.426 9 INFO neutron.wsgi [None req-5229edf2-7053-41ed-9272-1519c42f2b1f b7e9bd0b4feb4ded9b2f1251065bc309 ccdf8d76c89b493884553792a29639bb - - default default] 10.0.0.117 "GET /v2.0/ports/dcf5dab7-8015-4e68-9703-b26df544c822 HTTP/1.1" status: 200 len: 1141 time: 0.0312488
2026-05-08 00:33:10.457 9 INFO neutron.wsgi [None req-a340119e-edb0-4af7-b300-e5e8b6ecf911 b7e9bd0b4feb4ded9b2f1251065bc309 ccdf8d76c89b493884553792a29639bb - - default default] 10.0.0.117 "GET /v2.0/ports/dcf5dab7-8015-4e68-9703-b26df544c822 HTTP/1.1" status: 200 len: 1141 time: 0.0249341
2026-05-08 00:33:10.708 10 INFO neutron.db.ovn_revision_numbers_db [None req-f6280803-f0a1-406c-9c22-8737d4f647fb 5082bd2d6070413c831c28deded3a012 35cfc3931f9e4e2fa2a8f6c725971fa1 - - default default] Successfully bumped revision number for resource d7b0f049-1385-48fc-9df6-82b74e31e54e (type: ports) to 2
2026-05-08 00:33:10.744 10 INFO neutron.db.ovn_revision_numbers_db [None req-f6280803-f0a1-406c-9c22-8737d4f647fb 5082bd2d6070413c831c28deded3a012 35cfc3931f9e4e2fa2a8f6c725971fa1 - - default default] Successfully bumped revision number for resource 4a78de05-27a1-437a-9c95-b00f7c13ab22 (type: subnets) to 1
2026-05-08 00:33:10.748 10 INFO neutron.wsgi [None req-f6280803-f0a1-406c-9c22-8737d4f647fb 5082bd2d6070413c831c28deded3a012 35cfc3931f9e4e2fa2a8f6c725971fa1 - - default default] 10.0.0.117 "PUT /v2.0/subnets/4a78de05-27a1-437a-9c95-b00f7c13ab22 HTTP/1.1" status: 200 len: 826 time: 0.7528069
2026-05-08 00:33:10.808 9 INFO neutron.wsgi [-] 10.0.0.213 "GET / HTTP/1.1" status: 200 len: 247 time: 0.0015643
2026-05-08 00:33:10.810 9 INFO neutron.wsgi [-] 10.0.0.213 "GET / HTTP/1.1" status: 200 len: 247 time: 0.0009227
2026-05-08 00:33:10.940 10 INFO neutron.wsgi [req-cbe1c1ba-d994-4bbf-8e68-5088baecbcb5 req-09b21d37-b9a8-42c2-85af-656910eb8721 3f8b8309b3ca466c8c300f1c89d3bcec f141bb3719024ae29a6a7b9890274bf6 - - 0447f99a6f7b4f63bba8b724b57b4524 0447f99a6f7b4f63bba8b724b57b4524] 10.0.0.241 "GET /v2.0/ports?device_id=2827046b-8cff-4966-91fd-bd5e968bd89a HTTP/1.1" status: 200 len: 1409 time: 0.0311170
2026-05-08 00:33:10.986 10 INFO neutron.wsgi [req-cbe1c1ba-d994-4bbf-8e68-5088baecbcb5 req-389f3e83-cb72-4efb-ad76-73b49585d0eb 3f8b8309b3ca466c8c300f1c89d3bcec f141bb3719024ae29a6a7b9890274bf6 - - 0447f99a6f7b4f63bba8b724b57b4524 0447f99a6f7b4f63bba8b724b57b4524] 10.0.0.241 "GET /v2.0/security-groups?id=5aa8030f-c048-411f-a98b-82fa516a97f4&fields=id&fields=name HTTP/1.1" status: 200 len: 312 time: 0.0377545
2026-05-08 00:33:11.589 9 INFO neutron.wsgi [None req-ffc2667d-b4e0-467d-b996-732dd8405220 b7e9bd0b4feb4ded9b2f1251065bc309 ccdf8d76c89b493884553792a29639bb - - default default] 10.0.0.117 "PUT /v2.0/routers/fccaaa66-3485-4a3c-ad09-85f554556133/remove_router_interface HTTP/1.1" status: 200 len: 503 time: 1.1273644 /var/lib/openstack/lib/python3.10/site-packages/pycadf/identifier.py:71: UserWarning: Invalid uuid: neutron. To ensure interoperability, identifiers should be a valid uuid. warnings.warn(('Invalid uuid: %s. To ensure interoperability, '
2026-05-08 00:33:11.625 9 INFO neutron.wsgi [None req-efff42ca-4d32-4732-9dc2-b3991273ef8a b7e9bd0b4feb4ded9b2f1251065bc309 ccdf8d76c89b493884553792a29639bb - - default default] 10.0.0.117 "GET /v2.0/ports?device_id=fccaaa66-3485-4a3c-ad09-85f554556133 HTTP/1.1" status: 200 len: 205 time: 0.0239112
2026-05-08 00:33:11.840 9 INFO neutron.services.segments.plugin [-] Segment 53006906-65ba-4454-bcbd-9a24db951b8d resource provider aggregate not found
2026-05-08 00:33:11.856 9 INFO neutron.services.segments.plugin [-] Segment 53006906-65ba-4454-bcbd-9a24db951b8d resource provider aggregate not found
2026-05-08 00:33:11.873 9 INFO neutron.services.segments.plugin [-] Segment 53006906-65ba-4454-bcbd-9a24db951b8d resource provider not found; error: Placement Client Error (4xx): {"errors": [{"status": 404, "title": "Not Found", "detail": "The resource could not be found.\n\n No resource provider with uuid 53006906-65ba-4454-bcbd-9a24db951b8d found for delete ", "request_id": "req-44598c82-1213-42a8-a2cb-a76b863c403c"}]}
2026-05-08 00:33:11.877 9 INFO neutron.services.segments.plugin [-] Segment 53006906-65ba-4454-bcbd-9a24db951b8d resource provider not found; error: Placement Client Error (4xx): {"errors": [{"status": 404, "title": "Not Found", "detail": "The resource could not be found.\n\n No resource provider with uuid 53006906-65ba-4454-bcbd-9a24db951b8d found for delete ", "request_id": "req-edbff0cf-8f23-451d-b712-d194703d722e"}]}
2026-05-08 00:33:11.919 9 INFO neutron.wsgi [None req-9024e493-0037-489c-b6db-7b9c7cb7afbd 5082bd2d6070413c831c28deded3a012 35cfc3931f9e4e2fa2a8f6c725971fa1 - - default default] 10.0.0.117 "DELETE /v2.0/networks/4184165b-4299-419c-bfe4-2bea30d3bba1 HTTP/1.1" status: 204 len: 168 time: 1.1645694
2026-05-08 00:33:11.923 10 INFO neutron.wsgi [None req-d43508b7-88ea-4adb-9913-3a9855e676d2 b7e9bd0b4feb4ded9b2f1251065bc309 ccdf8d76c89b493884553792a29639bb - - default default] 10.0.0.117 "DELETE /v2.0/routers/fccaaa66-3485-4a3c-ad09-85f554556133 HTTP/1.1" status: 204 len: 168 time: 0.2878487
2026-05-08 00:33:11.953 9 INFO neutron.pecan_wsgi.hooks.translation [None req-56423a25-b16a-4055-85e4-0d4ee8f2d87d 5082bd2d6070413c831c28deded3a012 35cfc3931f9e4e2fa2a8f6c725971fa1 - - default default] DELETE failed (client error): The resource could not be found.
2026-05-08 00:33:11.957 9 INFO neutron.wsgi [None req-56423a25-b16a-4055-85e4-0d4ee8f2d87d 5082bd2d6070413c831c28deded3a012 35cfc3931f9e4e2fa2a8f6c725971fa1 - - default default] 10.0.0.117 "DELETE /v2.0/networks/4184165b-4299-419c-bfe4-2bea30d3bba1 HTTP/1.1" status: 404 len: 339 time: 0.0300000
2026-05-08 00:33:12.078 10 INFO neutron.wsgi [None req-42774e96-a335-4a07-8ef5-f3ae22537379 5082bd2d6070413c831c28deded3a012 35cfc3931f9e4e2fa2a8f6c725971fa1 - - default default] 10.0.0.117 "GET /v2.0/networks?router%3Aexternal=True HTTP/1.1" status: 200 len: 845 time: 0.1099653
2026-05-08 00:33:12.117 10 INFO neutron.wsgi [None req-82efbf63-31f5-40ad-867d-e01dd17ce739 5082bd2d6070413c831c28deded3a012 35cfc3931f9e4e2fa2a8f6c725971fa1 - - default default] 10.0.0.117 "GET /v2.0/subnets?network_id=599c20c8-755e-492a-8bdb-db4f1baaae13 HTTP/1.1" status: 200 len: 820 time: 0.0338008
2026-05-08 00:33:12.127 10 INFO neutron.wsgi [None req-cc7012b3-e47f-4cc8-911a-1ee316119ccb 5082bd2d6070413c831c28deded3a012 35cfc3931f9e4e2fa2a8f6c725971fa1 - - default default] 10.0.0.117 "GET /v2.0/extensions HTTP/1.1" status: 200 len: 16520 time: 0.0061657
2026-05-08 00:33:12.149 9 INFO neutron.wsgi [None req-23e19954-4399-4b7f-a0a8-4e54366cf294 b7e9bd0b4feb4ded9b2f1251065bc309 ccdf8d76c89b493884553792a29639bb - - default default] 10.0.0.117 "DELETE /v2.0/subnets/03431a91-59cf-45e1-b8ef-66871026dfd1 HTTP/1.1" status: 204 len: 168 time: 0.2213171
2026-05-08 00:33:12.217 10 INFO neutron.wsgi [None req-8edf671c-0364-4867-bbcb-1ae9e80eb40d 5082bd2d6070413c831c28deded3a012 35cfc3931f9e4e2fa2a8f6c725971fa1 - - default default] 10.0.0.117 "GET /v2.0/networks HTTP/1.1" status: 200 len: 1507 time: 0.0850954
2026-05-08 00:33:12.268 10 INFO neutron.wsgi [None req-f0affe02-9b1b-46f3-9d23-56892702bef8 5082bd2d6070413c831c28deded3a012 35cfc3931f9e4e2fa2a8f6c725971fa1 - - default default] 10.0.0.117 "GET /v2.0/subnets HTTP/1.1" status: 200 len: 1460 time: 0.0457611
2026-05-08 00:33:12.344 10 INFO neutron.wsgi [None req-bcefb743-42a2-41eb-98a0-56f0e643fccc 5082bd2d6070413c831c28deded3a012 35cfc3931f9e4e2fa2a8f6c725971fa1 - - default default] 10.0.0.117 "GET /v2.0/networks/a8cc79da-a41a-45e2-b89d-874377f3f446 HTTP/1.1" status: 200 len: 866 time: 0.0709746
2026-05-08 00:33:12.389 10 INFO neutron.wsgi [None req-45df351f-36d4-45c5-80f5-40a3e50de48f 5082bd2d6070413c831c28deded3a012 35cfc3931f9e4e2fa2a8f6c725971fa1 - - default default] 10.0.0.117 "GET /v2.0/subnets/a818588b-6264-4fd7-8d5d-8e6c5a15ee36 HTTP/1.1" status: 200 len: 843 time: 0.0386043
2026-05-08 00:33:12.412 10 INFO neutron.pecan_wsgi.hooks.translation [None req-d0267609-15b0-4305-ad4b-724ce56325b3 5082bd2d6070413c831c28deded3a012 35cfc3931f9e4e2fa2a8f6c725971fa1 - - default default] DELETE failed (client error): The resource could not be found.
2026-05-08 00:33:12.414 10 INFO neutron.wsgi [None req-d0267609-15b0-4305-ad4b-724ce56325b3 5082bd2d6070413c831c28deded3a012 35cfc3931f9e4e2fa2a8f6c725971fa1 - - default default] 10.0.0.117 "DELETE /v2.0/subnets/4a78de05-27a1-437a-9c95-b00f7c13ab22 HTTP/1.1" status: 404 len: 337 time: 0.0194333
2026-05-08 00:33:12.435 10 INFO neutron.pecan_wsgi.hooks.translation [None req-58610f05-4f5a-4468-b03c-7851b9e07ee7 5082bd2d6070413c831c28deded3a012 35cfc3931f9e4e2fa2a8f6c725971fa1 - - default default] DELETE failed (client error): The resource could not be found.
2026-05-08 00:33:12.438 10 INFO neutron.wsgi [None req-58610f05-4f5a-4468-b03c-7851b9e07ee7 5082bd2d6070413c831c28deded3a012 35cfc3931f9e4e2fa2a8f6c725971fa1 - - default default] 10.0.0.117 "DELETE /v2.0/networks/4184165b-4299-419c-bfe4-2bea30d3bba1 HTTP/1.1" status: 404 len: 339 time: 0.0178699
2026-05-08 00:33:12.594 9 INFO neutron.wsgi [None req-1dbe71f8-49e2-4171-96de-587e8cbbe348 b7e9bd0b4feb4ded9b2f1251065bc309 ccdf8d76c89b493884553792a29639bb - - default default] 10.0.0.117 "DELETE /v2.0/networks/695cb0cc-6c91-40a3-aa81-8b627cb36630 HTTP/1.1" status: 204 len: 168 time: 0.4375293
2026-05-08 00:33:12.663 10 INFO neutron.wsgi [None req-870894a1-3894-465b-b7cc-040a625dda2a 5082bd2d6070413c831c28deded3a012 35cfc3931f9e4e2fa2a8f6c725971fa1 - - default default] 10.0.0.117 "DELETE /v2.0/subnets/a818588b-6264-4fd7-8d5d-8e6c5a15ee36 HTTP/1.1" status: 204 len: 168 time: 0.2192273
2026-05-08 00:33:13.098 10 INFO neutron.services.segments.plugin [-] Segment 76e2eb4d-aa85-43df-8284-f1ee0d349507 resource provider aggregate not found
2026-05-08 00:33:13.104 10 INFO neutron.services.segments.plugin [-] Segment 76e2eb4d-aa85-43df-8284-f1ee0d349507 resource provider aggregate not found
2026-05-08 00:33:13.121 10 INFO neutron.services.segments.plugin [-] Segment 76e2eb4d-aa85-43df-8284-f1ee0d349507 resource provider not found; error: Placement Client Error (4xx): {"errors": [{"status": 404, "title": "Not Found", "detail": "The resource could not be found.\n\n No resource provider with uuid 76e2eb4d-aa85-43df-8284-f1ee0d349507 found for delete ", "request_id": "req-42ba83c3-7005-481a-ac3a-3a2554b77908"}]}
2026-05-08 00:33:13.125 9 WARNING neutron.scheduler.dhcp_agent_scheduler [None req-7a14caaa-6f1a-414e-9034-2fb2ee3138e2 b7e9bd0b4feb4ded9b2f1251065bc309 ccdf8d76c89b493884553792a29639bb - - default default] No more DHCP agents
2026-05-08 00:33:13.128 9 WARNING neutron.api.rpc.agentnotifiers.dhcp_rpc_agent_api [None req-7a14caaa-6f1a-414e-9034-2fb2ee3138e2 b7e9bd0b4feb4ded9b2f1251065bc309 ccdf8d76c89b493884553792a29639bb - - default default] Unable to schedule network 599c20c8-755e-492a-8bdb-db4f1baaae13: no agents available; will retry on subsequent port and subnet creation events.
2026-05-08 00:33:13.129 10 INFO neutron.services.segments.plugin [-] Segment 76e2eb4d-aa85-43df-8284-f1ee0d349507 resource provider not found; error: Placement Client Error (4xx): {"errors": [{"status": 404, "title": "Not Found", "detail": "The resource could not be found.\n\n No resource provider with uuid 76e2eb4d-aa85-43df-8284-f1ee0d349507 found for delete ", "request_id": "req-9eb5b7a7-b7b9-4fc9-aa5b-7f967237059c"}]}
2026-05-08 00:33:13.149 10 INFO neutron.wsgi [None req-e82c5dee-0da6-4e67-924d-a08bb6991f60 5082bd2d6070413c831c28deded3a012 35cfc3931f9e4e2fa2a8f6c725971fa1 - - default default] 10.0.0.117 "DELETE /v2.0/networks/a8cc79da-a41a-45e2-b89d-874377f3f446 HTTP/1.1" status: 204 len: 168 time: 0.4816749
2026-05-08 00:33:13.329 9 INFO neutron.db.ovn_revision_numbers_db [None req-7a14caaa-6f1a-414e-9034-2fb2ee3138e2 b7e9bd0b4feb4ded9b2f1251065bc309 ccdf8d76c89b493884553792a29639bb - - default default] Successfully bumped revision number for resource 4958ea72-b708-443e-b21e-8fee21c46581 (type: ports) to 1
2026-05-08 00:33:13.386 9 INFO neutron.db.ovn_revision_numbers_db [None req-19476c8e-248f-43d1-b36b-236a2576de4a 3a491d0b2d6e44fcae7495438a94bf17 d78333e9c74245c08c6cff82d878ba25 - - default default] Successfully bumped revision number for resource 95b3ce12-0ae9-4a7e-9619-319595200ea4 (type: security_groups) to 1
2026-05-08 00:33:13.401 9 INFO neutron.db.ovn_revision_numbers_db [None req-19476c8e-248f-43d1-b36b-236a2576de4a 3a491d0b2d6e44fcae7495438a94bf17 d78333e9c74245c08c6cff82d878ba25 - - default default] Successfully bumped revision number for resource 0a22fb15-504d-4c5a-be00-3d8e79b4e628 (type: security_group_rules) to 0
2026-05-08 00:33:13.424 9 INFO neutron.db.ovn_revision_numbers_db [None req-19476c8e-248f-43d1-b36b-236a2576de4a 3a491d0b2d6e44fcae7495438a94bf17 d78333e9c74245c08c6cff82d878ba25 - - default default] Successfully bumped revision number for resource 2f5b6cef-798a-436b-b97c-2d17d7c94c96 (type: security_group_rules) to 0
2026-05-08 00:33:13.446 9 INFO neutron.db.ovn_revision_numbers_db [None req-19476c8e-248f-43d1-b36b-236a2576de4a 3a491d0b2d6e44fcae7495438a94bf17 d78333e9c74245c08c6cff82d878ba25 - - default default] Successfully bumped revision number for resource 7eb83126-2b4e-475a-a144-f891ce98caa2 (type: security_group_rules) to 0
2026-05-08 00:33:13.464 9 INFO neutron.db.ovn_revision_numbers_db [None req-19476c8e-248f-43d1-b36b-236a2576de4a 3a491d0b2d6e44fcae7495438a94bf17 d78333e9c74245c08c6cff82d878ba25 - - default default] Successfully bumped revision number for resource cf67004b-178f-4d82-bd18-f17a7ebb00fa (type: security_group_rules) to 0
2026-05-08 00:33:13.526 9 INFO neutron.db.segments_db [None req-19476c8e-248f-43d1-b36b-236a2576de4a 3a491d0b2d6e44fcae7495438a94bf17 d78333e9c74245c08c6cff82d878ba25 - - default default] Added segment e58bac8a-e680-41db-826c-ac335d0f1722 of type geneve for network eae0479c-644f-4181-94ab-4a18c27e167c
2026-05-08 00:33:13.724 9 INFO neutron.db.ovn_revision_numbers_db [None req-19476c8e-248f-43d1-b36b-236a2576de4a 3a491d0b2d6e44fcae7495438a94bf17 d78333e9c74245c08c6cff82d878ba25 - - default default] Successfully bumped revision number for resource eae0479c-644f-4181-94ab-4a18c27e167c (type: networks) to 1
2026-05-08 00:33:13.906 9 INFO neutron.services.segments.plugin [-] Segment abe6a4a7-cd6d-47fa-b9d7-39ab71e66c68 resource provider aggregate not found
2026-05-08 00:33:13.912 9 INFO neutron.services.segments.plugin [-] Segment abe6a4a7-cd6d-47fa-b9d7-39ab71e66c68 resource provider aggregate not found
2026-05-08 00:33:13.919 10 INFO neutron.wsgi [None req-ea8503e3-b571-4816-8ecd-8460940b8d67 0463e353845149b3925bd849625498db 1d5d15bc86544c60ada5cc17c75da708 - - default default] 10.0.0.117 "GET /v2.0/security-groups?tenant_id=35cfc3931f9e4e2fa2a8f6c725971fa1&name=default HTTP/1.1" status: 200 len: 2996 time: 0.2079828
2026-05-08 00:33:13.933 9 INFO neutron.services.segments.plugin [-] Segment abe6a4a7-cd6d-47fa-b9d7-39ab71e66c68 resource provider not found; error: Placement Client Error (4xx): {"errors": [{"status": 404, "title": "Not Found", "detail": "The resource could not be found.\n\n No resource provider with uuid abe6a4a7-cd6d-47fa-b9d7-39ab71e66c68 found for delete ", "request_id": "req-4fe0fd2e-45eb-4e88-8539-bb486722c1de"}]}
2026-05-08 00:33:13.935 9 INFO neutron.services.segments.plugin [-] Segment abe6a4a7-cd6d-47fa-b9d7-39ab71e66c68 resource provider not found; error: Placement Client Error (4xx): {"errors": [{"status": 404, "title": "Not Found", "detail": "The resource could not be found.\n\n No resource provider with uuid abe6a4a7-cd6d-47fa-b9d7-39ab71e66c68 found for delete ", "request_id": "req-a6a179a1-48c4-4610-a806-d898940a7447"}]}
2026-05-08 00:33:14.007 9 WARNING neutron.scheduler.dhcp_agent_scheduler [None req-19476c8e-248f-43d1-b36b-236a2576de4a 3a491d0b2d6e44fcae7495438a94bf17 d78333e9c74245c08c6cff82d878ba25 - - default default] No more DHCP agents
2026-05-08 00:33:14.012 9 WARNING neutron.api.rpc.agentnotifiers.dhcp_rpc_agent_api [None req-19476c8e-248f-43d1-b36b-236a2576de4a 3a491d0b2d6e44fcae7495438a94bf17 d78333e9c74245c08c6cff82d878ba25 - - default default] Unable to schedule network eae0479c-644f-4181-94ab-4a18c27e167c: no agents available; will retry on subsequent port and subnet creation events.
2026-05-08 00:33:14.126 9 INFO neutron.db.ovn_revision_numbers_db [None req-19476c8e-248f-43d1-b36b-236a2576de4a 3a491d0b2d6e44fcae7495438a94bf17 d78333e9c74245c08c6cff82d878ba25 - - default default] Successfully bumped revision number for resource c55caa6e-faea-44a1-84dd-8aa8f2d275c1 (type: ports) to 1
2026-05-08 00:33:14.139 10 INFO neutron.wsgi [None req-1df453af-8098-49ba-a322-34c961e3b0fd 0463e353845149b3925bd849625498db 1d5d15bc86544c60ada5cc17c75da708 - - default default] 10.0.0.117 "DELETE /v2.0/security-groups/803cd0dd-adf7-43fd-972b-1becf06e5e2b HTTP/1.1" status: 204 len: 168 time: 0.2148931
2026-05-08 00:33:14.145 9 INFO neutron.db.ovn_revision_numbers_db [None req-7a14caaa-6f1a-414e-9034-2fb2ee3138e2 b7e9bd0b4feb4ded9b2f1251065bc309 ccdf8d76c89b493884553792a29639bb - - default default] Successfully bumped revision number for resource 4958ea72-b708-443e-b21e-8fee21c46581 (type: router_ports) to 1
2026-05-08 00:33:14.149 9 INFO neutron.wsgi [None req-19476c8e-248f-43d1-b36b-236a2576de4a 3a491d0b2d6e44fcae7495438a94bf17 d78333e9c74245c08c6cff82d878ba25 - - default default] 10.0.0.117 "POST /v2.0/networks HTTP/1.1" status: 201 len: 831 time: 1.1488814
2026-05-08 00:33:14.202 9 INFO neutron.db.ovn_revision_numbers_db [None req-7a14caaa-6f1a-414e-9034-2fb2ee3138e2 b7e9bd0b4feb4ded9b2f1251065bc309 ccdf8d76c89b493884553792a29639bb - - default default] Successfully bumped revision number for resource 5872450e-7b16-49dd-8788-11686f04a1c3 (type: routers) to 2
2026-05-08 00:33:14.208 10 INFO neutron.wsgi [None req-7b831773-4434-495c-a822-a2919ac869d8 3a491d0b2d6e44fcae7495438a94bf17 d78333e9c74245c08c6cff82d878ba25 - - default default] 10.0.0.117 "PUT /v2.0/networks/eae0479c-644f-4181-94ab-4a18c27e167c/tags HTTP/1.1" status: 200 len: 218 time: 0.0534620
2026-05-08 00:33:14.214 9 INFO neutron.wsgi [None req-7a14caaa-6f1a-414e-9034-2fb2ee3138e2 b7e9bd0b4feb4ded9b2f1251065bc309 ccdf8d76c89b493884553792a29639bb - - default default] 10.0.0.117 "POST /v2.0/routers HTTP/1.1" status: 201 len: 872 time: 1.6137993
2026-05-08 00:33:14.247 10 INFO neutron.wsgi [None req-4046dae9-7b0a-4f89-a1c1-90e830347918 3a491d0b2d6e44fcae7495438a94bf17 d78333e9c74245c08c6cff82d878ba25 - - default default] 10.0.0.117 "GET /v2.0/networks/eae0479c-644f-4181-94ab-4a18c27e167c/tags HTTP/1.1" status: 200 len: 218 time: 0.0336039
2026-05-08 00:33:14.275 9 INFO neutron.wsgi [None req-0d70023f-e50e-4486-87e1-56f94ea52374 b7e9bd0b4feb4ded9b2f1251065bc309 ccdf8d76c89b493884553792a29639bb - - default default] 10.0.0.117 "GET /v2.0/routers/5872450e-7b16-49dd-8788-11686f04a1c3 HTTP/1.1" status: 200 len: 873 time: 0.0565021
2026-05-08 00:33:14.301 10 INFO neutron.wsgi [None req-b668430c-8413-4dd4-90c6-8749831da001 3a491d0b2d6e44fcae7495438a94bf17 d78333e9c74245c08c6cff82d878ba25 - - default default] 10.0.0.117 "PUT /v2.0/networks/eae0479c-644f-4181-94ab-4a18c27e167c/tags/green HTTP/1.1" status: 201 len: 201 time: 0.0490253
2026-05-08 00:33:14.341 10 INFO neutron.wsgi [None req-ef6c5772-ce68-4580-a177-c72206152668 3a491d0b2d6e44fcae7495438a94bf17 d78333e9c74245c08c6cff82d878ba25 - - default default] 10.0.0.117 "GET /v2.0/networks/eae0479c-644f-4181-94ab-4a18c27e167c/tags HTTP/1.1" status: 200 len: 227 time: 0.0353258
2026-05-08 00:33:14.368 9 INFO neutron.wsgi [None req-92b3137d-a077-40e3-a9a3-d8b2c99d6fb0 b7e9bd0b4feb4ded9b2f1251065bc309 ccdf8d76c89b493884553792a29639bb - - default default] 10.0.0.117 "GET /v2.0/routers HTTP/1.1" status: 200 len: 876 time: 0.0891488
2026-05-08 00:33:14.409 10 INFO neutron.wsgi [None req-619d7fdf-4b8c-4ad4-a666-7896fcfd3b57 3a491d0b2d6e44fcae7495438a94bf17 d78333e9c74245c08c6cff82d878ba25 - - default default] 10.0.0.117 "PUT /v2.0/networks/eae0479c-644f-4181-94ab-4a18c27e167c/tags/red HTTP/1.1" status: 201 len: 201 time: 0.0621321
2026-05-08 00:33:14.446 10 INFO neutron.wsgi [None req-9039a90f-245d-4ca4-91a9-71485fb31733 3a491d0b2d6e44fcae7495438a94bf17 d78333e9c74245c08c6cff82d878ba25 - - default default] 10.0.0.117 "GET /v2.0/networks/eae0479c-644f-4181-94ab-4a18c27e167c/tags HTTP/1.1" status: 200 len: 227 time: 0.0322242
2026-05-08 00:33:14.535 10 INFO neutron.wsgi [None req-b060a48f-c76d-4338-9808-6fd4055c83e2 3a491d0b2d6e44fcae7495438a94bf17 d78333e9c74245c08c6cff82d878ba25 - - default default] 10.0.0.117 "PUT /v2.0/networks/eae0479c-644f-4181-94ab-4a18c27e167c/tags/black.or.white HTTP/1.1" status: 201 len: 201 time: 0.0852234
2026-05-08 00:33:14.583 10 INFO neutron.wsgi [None req-b3c96163-7a8d-41ab-9942-0bb98a88cd4c 3a491d0b2d6e44fcae7495438a94bf17 d78333e9c74245c08c6cff82d878ba25 - - default default] 10.0.0.117 "GET /v2.0/networks/eae0479c-644f-4181-94ab-4a18c27e167c/tags HTTP/1.1" status: 200 len: 245 time: 0.0418160
2026-05-08 00:33:14.666 10 INFO neutron.wsgi [None req-c0196825-a9e8-43e2-8ccf-1bed9cbcb2c3 3a491d0b2d6e44fcae7495438a94bf17 d78333e9c74245c08c6cff82d878ba25 - - default default] 10.0.0.117 "PUT /v2.0/networks/eae0479c-644f-4181-94ab-4a18c27e167c/tags HTTP/1.1" status: 200 len: 230 time: 0.0763030
2026-05-08 00:33:14.993 10 INFO neutron.wsgi [None req-6b132706-ad83-4fe6-a1bb-900d605dc9a9 3a491d0b2d6e44fcae7495438a94bf17 d78333e9c74245c08c6cff82d878ba25 - - default default] 10.0.0.117 "GET /v2.0/networks/eae0479c-644f-4181-94ab-4a18c27e167c/tags HTTP/1.1" status: 200 len: 230 time: 0.3180046
2026-05-08 00:33:15.031 9 WARNING neutron.plugins.ml2.drivers.ovn.mech_driver.ovsdb.ovn_client [None req-f1f241f9-f200-4e42-8034-3e52ebd18bc7 - - - - - -] No port found with ID dcf5dab7-8015-4e68-9703-b26df544c822: RuntimeError: No port found with ID dcf5dab7-8015-4e68-9703-b26df544c822
2026-05-08 00:33:15.031 9 INFO neutron.plugins.ml2.drivers.ovn.mech_driver.mech_driver [None req-f1f241f9-f200-4e42-8034-3e52ebd18bc7 - - - - - -] OVN reports status up for port: 4958ea72-b708-443e-b21e-8fee21c46581
2026-05-08 00:33:15.038 10 INFO neutron.wsgi [None req-cac3070c-86c5-408d-87ae-72e3116be8c0 3a491d0b2d6e44fcae7495438a94bf17 d78333e9c74245c08c6cff82d878ba25 - - default default] 10.0.0.117 "GET /v2.0/networks/eae0479c-644f-4181-94ab-4a18c27e167c/tags/red HTTP/1.1" status: 204 len: 168 time: 0.0397880
2026-05-08 00:33:15.046 9 INFO neutron.plugins.ml2.plugin [None req-f1f241f9-f200-4e42-8034-3e52ebd18bc7 - - - - - -] Attempt 1 to provision port 4958ea72-b708-443e-b21e-8fee21c46581
2026-05-08 00:33:15.086 10 INFO neutron.api.v2.resource [None req-d26fabfa-bd0a-477e-9f2b-ac43e116b9b0 3a491d0b2d6e44fcae7495438a94bf17 d78333e9c74245c08c6cff82d878ba25 - - default default] show failed (client error): The resource could not be found.
2026-05-08 00:33:15.088 10 INFO neutron.wsgi [None req-d26fabfa-bd0a-477e-9f2b-ac43e116b9b0 3a491d0b2d6e44fcae7495438a94bf17 d78333e9c74245c08c6cff82d878ba25 - - default default] 10.0.0.117 "GET /v2.0/networks/eae0479c-644f-4181-94ab-4a18c27e167c/tags/green HTTP/1.1" status: 404 len: 299 time: 0.0447171
2026-05-08 00:33:15.151 9 INFO neutron.db.ovn_revision_numbers_db [None req-db81ad82-5f17-4feb-a325-a0db263dd686 b7e9bd0b4feb4ded9b2f1251065bc309 ccdf8d76c89b493884553792a29639bb - - default default] Successfully bumped revision number for resource 5872450e-7b16-49dd-8788-11686f04a1c3 (type: routers) to 3
2026-05-08 00:33:15.155 9 INFO neutron.wsgi [None req-db81ad82-5f17-4feb-a325-a0db263dd686 b7e9bd0b4feb4ded9b2f1251065bc309 ccdf8d76c89b493884553792a29639bb - - default default] 10.0.0.117 "PUT /v2.0/routers/5872450e-7b16-49dd-8788-11686f04a1c3 HTTP/1.1" status: 200 len: 880 time: 0.7696650
2026-05-08 00:33:15.161 10 INFO neutron.wsgi [None req-f49975b9-735a-40f6-98fe-6170be98b508 3a491d0b2d6e44fcae7495438a94bf17 d78333e9c74245c08c6cff82d878ba25 - - default default] 10.0.0.117 "DELETE /v2.0/networks/eae0479c-644f-4181-94ab-4a18c27e167c/tags/red HTTP/1.1" status: 204 len: 168 time: 0.0660040
2026-05-08 00:33:15.198 10 INFO neutron.wsgi [None req-90aada4c-8460-4bc3-990b-4e66c954eaf2 3a491d0b2d6e44fcae7495438a94bf17 d78333e9c74245c08c6cff82d878ba25 - - default default] 10.0.0.117 "GET /v2.0/networks/eae0479c-644f-4181-94ab-4a18c27e167c/tags HTTP/1.1" status: 200 len: 223 time: 0.0315542
2026-05-08 00:33:15.234 9 INFO neutron.wsgi [None req-56b87dcd-9b70-43c1-9cbe-6b13d15cf521 b7e9bd0b4feb4ded9b2f1251065bc309 ccdf8d76c89b493884553792a29639bb - - default default] 10.0.0.117 "GET /v2.0/routers/5872450e-7b16-49dd-8788-11686f04a1c3 HTTP/1.1" status: 200 len: 880 time: 0.0728779
2026-05-08 00:33:15.246 10 INFO neutron.api.v2.resource [None req-05ae990a-ed1e-4da2-86d7-6ae1003a5ee1 3a491d0b2d6e44fcae7495438a94bf17 d78333e9c74245c08c6cff82d878ba25 - - default default] delete failed (client error): The resource could not be found.
2026-05-08 00:33:15.248 10 INFO neutron.wsgi [None req-05ae990a-ed1e-4da2-86d7-6ae1003a5ee1 3a491d0b2d6e44fcae7495438a94bf17 d78333e9c74245c08c6cff82d878ba25 - - default default] 10.0.0.117 "DELETE /v2.0/networks/eae0479c-644f-4181-94ab-4a18c27e167c/tags/green HTTP/1.1" status: 404 len: 299 time: 0.0453026
2026-05-08 00:33:15.265 9 INFO neutron.wsgi [None req-1fa65e5e-4701-4817-b88e-2dbd8218d3cb b7e9bd0b4feb4ded9b2f1251065bc309 ccdf8d76c89b493884553792a29639bb - - default default] 10.0.0.117 "GET /v2.0/ports?device_id=5872450e-7b16-49dd-8788-11686f04a1c3 HTTP/1.1" status: 200 len: 205 time: 0.0230308
2026-05-08 00:33:15.373 9 INFO neutron.wsgi [None req-7d737c61-782a-4180-9d75-082f3dc0f8fa 3a491d0b2d6e44fcae7495438a94bf17 d78333e9c74245c08c6cff82d878ba25 - - default default] 10.0.0.117 "DELETE /v2.0/networks/eae0479c-644f-4181-94ab-4a18c27e167c/tags HTTP/1.1" status: 204 len: 168 time: 0.1204014
2026-05-08 00:33:15.440 9 INFO neutron.wsgi [None req-1d9499a8-09ad-43a2-a837-d768a1115796 3a491d0b2d6e44fcae7495438a94bf17 d78333e9c74245c08c6cff82d878ba25 - - default default] 10.0.0.117 "GET /v2.0/networks/eae0479c-644f-4181-94ab-4a18c27e167c/tags HTTP/1.1" status: 200 len: 205 time: 0.0615861
2026-05-08 00:33:15.951 9 INFO neutron.wsgi [None req-862ea13f-8f0c-4334-b83a-923e3cb73ab6 3a491d0b2d6e44fcae7495438a94bf17 d78333e9c74245c08c6cff82d878ba25 - - default default] 10.0.0.117 "DELETE /v2.0/networks/eae0479c-644f-4181-94ab-4a18c27e167c HTTP/1.1" status: 204 len: 168 time: 0.5022013
2026-05-08 00:33:15.954 9 INFO neutron.services.segments.plugin [-] Segment e58bac8a-e680-41db-826c-ac335d0f1722 resource provider aggregate not found
2026-05-08 00:33:15.973 9 INFO neutron.services.segments.plugin [-] Segment e58bac8a-e680-41db-826c-ac335d0f1722 resource provider aggregate not found
2026-05-08 00:33:15.977 9 INFO neutron.services.segments.plugin [-] Segment e58bac8a-e680-41db-826c-ac335d0f1722 resource provider not found; error: Placement Client Error (4xx): {"errors": [{"status": 404, "title": "Not Found", "detail": "The resource could not be found.\n\n No resource provider with uuid e58bac8a-e680-41db-826c-ac335d0f1722 found for delete ", "request_id": "req-0a37c442-b23a-4d7e-bcbf-babe5b62d7a8"}]}
2026-05-08 00:33:16.009 9 INFO neutron.services.segments.plugin [-] Segment e58bac8a-e680-41db-826c-ac335d0f1722 resource provider not found; error: Placement Client Error (4xx): {"errors": [{"status": 404, "title": "Not Found", "detail": "The resource could not be found.\n\n No resource provider with uuid e58bac8a-e680-41db-826c-ac335d0f1722 found for delete ", "request_id": "req-7f290353-9e86-4dd4-8bd7-aa977ebce75a"}]}
2026-05-08 00:33:16.061 9 INFO neutron.wsgi [None req-763d8d1c-e802-4bbb-96cc-4e3391a35276 b7e9bd0b4feb4ded9b2f1251065bc309 ccdf8d76c89b493884553792a29639bb - - default default] 10.0.0.117 "DELETE /v2.0/routers/5872450e-7b16-49dd-8788-11686f04a1c3 HTTP/1.1" status: 204 len: 168 time: 0.7897408
2026-05-08 00:33:16.090 9 INFO neutron.wsgi [None req-0896c1d1-96a5-4b3a-9c11-bad512c7239f b7e9bd0b4feb4ded9b2f1251065bc309 ccdf8d76c89b493884553792a29639bb - - default default] 10.0.0.117 "GET /v2.0/ports?device_id=5872450e-7b16-49dd-8788-11686f04a1c3 HTTP/1.1" status: 200 len: 205 time: 0.0209377
2026-05-08 00:33:16.137 9 INFO neutron.api.v2.resource [None req-686aa439-a8f1-4e8b-9bfb-3acda99cfbde b7e9bd0b4feb4ded9b2f1251065bc309 ccdf8d76c89b493884553792a29639bb - - default default] delete failed (client error): The resource could not be found.
2026-05-08 00:33:16.139 9 INFO neutron.wsgi [None req-686aa439-a8f1-4e8b-9bfb-3acda99cfbde b7e9bd0b4feb4ded9b2f1251065bc309 ccdf8d76c89b493884553792a29639bb - - default default] 10.0.0.117 "DELETE /v2.0/routers/5872450e-7b16-49dd-8788-11686f04a1c3 HTTP/1.1" status: 404 len: 336 time: 0.0438831
2026-05-08 00:33:16.162 9 INFO neutron.wsgi [None req-fd78985b-a2e6-4175-b1e1-be4c41bd3baa b7e9bd0b4feb4ded9b2f1251065bc309 ccdf8d76c89b493884553792a29639bb - - default default] 10.0.0.117 "GET /v2.0/ports?device_id=fccaaa66-3485-4a3c-ad09-85f554556133 HTTP/1.1" status: 200 len: 205 time: 0.0188646
2026-05-08 00:33:16.196 10 INFO neutron.api.v2.resource [None req-f5dd2551-c0f0-4669-87a9-0f9525750f1c b7e9bd0b4feb4ded9b2f1251065bc309 ccdf8d76c89b493884553792a29639bb - - default default] delete failed (client error): The resource could not be found.
2026-05-08 00:33:16.197 10 INFO neutron.wsgi [None req-f5dd2551-c0f0-4669-87a9-0f9525750f1c b7e9bd0b4feb4ded9b2f1251065bc309 ccdf8d76c89b493884553792a29639bb - - default default] 10.0.0.117 "DELETE /v2.0/routers/fccaaa66-3485-4a3c-ad09-85f554556133 HTTP/1.1" status: 404 len: 336 time: 0.0283422
2026-05-08 00:33:16.223 10 INFO neutron.pecan_wsgi.hooks.translation [None req-4819c07b-9b65-4157-ba31-b3c8d4df5c0f b7e9bd0b4feb4ded9b2f1251065bc309 ccdf8d76c89b493884553792a29639bb - - default default] DELETE failed (client error): The resource could not be found.
2026-05-08 00:33:16.225 10 INFO neutron.wsgi [None req-4819c07b-9b65-4157-ba31-b3c8d4df5c0f b7e9bd0b4feb4ded9b2f1251065bc309 ccdf8d76c89b493884553792a29639bb - - default default] 10.0.0.117 "DELETE /v2.0/subnets/03431a91-59cf-45e1-b8ef-66871026dfd1 HTTP/1.1" status: 404 len: 337 time: 0.0222771
2026-05-08 00:33:16.228 9 INFO neutron.wsgi [req-f515ff5a-ce42-47ce-89bd-6060ffdb3fee req-ac87dc63-08d5-495e-86a1-d551ae8cdf0f dd499259e473449e8bfe4c690ecf82cd 6f0c75cc588a4257b16834f244e844b7 - - default default] 10.0.0.107 "GET /v2.0/ports?device_id=2827046b-8cff-4966-91fd-bd5e968bd89a HTTP/1.1" status: 200 len: 1170 time: 0.1348908
2026-05-08 00:33:16.256 10 INFO neutron.wsgi [None req-d028f1ad-7cda-4f70-b12b-9a888ac9028d b7e9bd0b4feb4ded9b2f1251065bc309 ccdf8d76c89b493884553792a29639bb - - default default] 10.0.0.117 "GET /v2.0/ports?device_id=004a5c74-52cb-4471-bcc1-6023ec400eee HTTP/1.1" status: 200 len: 205 time: 0.0258391
2026-05-08 00:33:16.268 10 INFO neutron.db.ovn_revision_numbers_db [None req-57c877cf-c384-4c24-a357-d83d1f3defd0 734a7f503b564a23a392ce2fdc1fba11 3415526877fa48e985b2c609def39160 - - default default] Successfully bumped revision number for resource bcaba796-551c-408b-8895-b402d2ca6107 (type: security_groups) to 1
2026-05-08 00:33:16.275 9 INFO neutron.wsgi [req-f515ff5a-ce42-47ce-89bd-6060ffdb3fee req-5b4a0f27-6ea6-4535-a165-d9676824373d dd499259e473449e8bfe4c690ecf82cd 6f0c75cc588a4257b16834f244e844b7 - - default default] 10.0.0.107 "GET /v2.0/security-groups?id=5aa8030f-c048-411f-a98b-82fa516a97f4&fields=id&fields=name HTTP/1.1" status: 200 len: 312 time: 0.0367117
2026-05-08 00:33:16.284 10 INFO neutron.api.v2.resource [None req-ba540286-3984-4803-8492-c46b5bff9643 b7e9bd0b4feb4ded9b2f1251065bc309 ccdf8d76c89b493884553792a29639bb - - default default] delete failed (client error): The resource could not be found.
2026-05-08 00:33:16.285 10 INFO neutron.wsgi [None req-ba540286-3984-4803-8492-c46b5bff9643 b7e9bd0b4feb4ded9b2f1251065bc309 ccdf8d76c89b493884553792a29639bb - - default default] 10.0.0.117 "DELETE /v2.0/routers/004a5c74-52cb-4471-bcc1-6023ec400eee HTTP/1.1" status: 404 len: 336 time: 0.0228305
2026-05-08 00:33:16.299 10 INFO neutron.db.ovn_revision_numbers_db [None req-57c877cf-c384-4c24-a357-d83d1f3defd0 734a7f503b564a23a392ce2fdc1fba11 3415526877fa48e985b2c609def39160 - - default default] Successfully bumped revision number for resource 2fe4864e-3b21-446f-819a-39f6a486acc2 (type: security_group_rules) to 0
2026-05-08 00:33:16.310 10 INFO neutron.pecan_wsgi.hooks.translation [None req-c9923aeb-c218-4d60-8879-223e9db5ff8c b7e9bd0b4feb4ded9b2f1251065bc309 ccdf8d76c89b493884553792a29639bb - - default default] DELETE failed (client error): The resource could not be found.
2026-05-08 00:33:16.312 10 INFO neutron.wsgi [None req-c9923aeb-c218-4d60-8879-223e9db5ff8c b7e9bd0b4feb4ded9b2f1251065bc309 ccdf8d76c89b493884553792a29639bb - - default default] 10.0.0.117 "DELETE /v2.0/subnets/292db721-80ec-4ea8-96fa-80de445d9c0b HTTP/1.1" status: 404 len: 337 time: 0.0196652
2026-05-08 00:33:16.324 10 INFO neutron.db.ovn_revision_numbers_db [None req-57c877cf-c384-4c24-a357-d83d1f3defd0 734a7f503b564a23a392ce2fdc1fba11 3415526877fa48e985b2c609def39160 - - default default] Successfully bumped revision number for resource 479fb710-a9e2-44d1-8295-e9934511aa85 (type: security_group_rules) to 0
2026-05-08 00:33:16.338 10 INFO neutron.wsgi [None req-0a03a9c5-77e5-4d52-a76a-7fec27d1f4fa b7e9bd0b4feb4ded9b2f1251065bc309 ccdf8d76c89b493884553792a29639bb - - default default] 10.0.0.117 "GET /v2.0/ports?device_id=27862159-af6c-4f52-95e7-0f8aed22f86b HTTP/1.1" status: 200 len: 205 time: 0.0206101
2026-05-08 00:33:16.355 10 INFO neutron.db.ovn_revision_numbers_db [None req-57c877cf-c384-4c24-a357-d83d1f3defd0 734a7f503b564a23a392ce2fdc1fba11 3415526877fa48e985b2c609def39160 - - default default] Successfully bumped revision number for resource 4afedcda-cd83-471c-9d38-28ada4ee841d (type: security_group_rules) to 0
2026-05-08 00:33:16.375 10 INFO neutron.api.v2.resource [None req-75e6d90a-5f35-4618-81af-4ac629b1802e b7e9bd0b4feb4ded9b2f1251065bc309 ccdf8d76c89b493884553792a29639bb - - default default] delete failed (client error): The resource could not be found.
2026-05-08 00:33:16.376 10 INFO neutron.wsgi [None req-75e6d90a-5f35-4618-81af-4ac629b1802e b7e9bd0b4feb4ded9b2f1251065bc309 ccdf8d76c89b493884553792a29639bb - - default default] 10.0.0.117 "DELETE /v2.0/routers/27862159-af6c-4f52-95e7-0f8aed22f86b HTTP/1.1" status: 404 len: 336 time: 0.0316226
2026-05-08 00:33:16.393 10 INFO neutron.db.ovn_revision_numbers_db [None req-57c877cf-c384-4c24-a357-d83d1f3defd0 734a7f503b564a23a392ce2fdc1fba11 3415526877fa48e985b2c609def39160 - - default default] Successfully bumped revision number for resource 7929fb79-7ae2-41eb-aaf7-c5a285bc0cad (type: security_group_rules) to 0
2026-05-08 00:33:16.403 10 INFO neutron.pecan_wsgi.hooks.translation [None req-7eb3919f-e25b-4f04-93d3-9ce51d44db3b b7e9bd0b4feb4ded9b2f1251065bc309 ccdf8d76c89b493884553792a29639bb - - default default] DELETE failed (client error): The resource could not be found.
2026-05-08 00:33:16.405 10 INFO neutron.wsgi [None req-7eb3919f-e25b-4f04-93d3-9ce51d44db3b b7e9bd0b4feb4ded9b2f1251065bc309 ccdf8d76c89b493884553792a29639bb - - default default] 10.0.0.117 "DELETE /v2.0/subnets/78ad257a-2bc5-4e17-b701-24318e421d9f HTTP/1.1" status: 404 len: 337 time: 0.0220628
2026-05-08 00:33:16.432 9 INFO neutron.pecan_wsgi.hooks.translation [None req-8902ad23-a900-41b3-afed-5192aa3430ab b7e9bd0b4feb4ded9b2f1251065bc309 ccdf8d76c89b493884553792a29639bb - - default default] DELETE failed (client error): The resource could not be found.
2026-05-08 00:33:16.434 9 INFO neutron.wsgi [None req-8902ad23-a900-41b3-afed-5192aa3430ab b7e9bd0b4feb4ded9b2f1251065bc309 ccdf8d76c89b493884553792a29639bb - - default default] 10.0.0.117 "DELETE /v2.0/subnets/d3fc2178-c7d9-4149-aaf8-58b51fd92b62 HTTP/1.1" status: 404 len: 337 time: 0.0248840
2026-05-08 00:33:16.459 10 INFO neutron.db.segments_db [None req-57c877cf-c384-4c24-a357-d83d1f3defd0 734a7f503b564a23a392ce2fdc1fba11 3415526877fa48e985b2c609def39160 - - default default] Added segment 37807613-6756-4c32-9f25-aab1284d28f3 of type geneve for network a04f6d07-a512-4b9d-a2ba-8525860c3a4a
2026-05-08 00:33:16.471 10 INFO neutron.wsgi [req-425c54ae-1ae4-40ea-8b5c-fed133d01447 req-e291df86-774b-4b0f-8787-85cdb122ca80 dd499259e473449e8bfe4c690ecf82cd 6f0c75cc588a4257b16834f244e844b7 - - default default] 10.0.0.107 "GET /v2.0/ports?device_id=2827046b-8cff-4966-91fd-bd5e968bd89a HTTP/1.1" status: 200 len: 1170 time: 0.1351981
2026-05-08 00:33:16.549 10 INFO neutron.wsgi [req-425c54ae-1ae4-40ea-8b5c-fed133d01447 req-f6d56e45-4398-4b95-b624-fc067e4e3cc9 dd499259e473449e8bfe4c690ecf82cd 6f0c75cc588a4257b16834f244e844b7 - - default default] 10.0.0.107 "GET /v2.0/security-groups?id=5aa8030f-c048-411f-a98b-82fa516a97f4&fields=id&fields=name HTTP/1.1" status: 200 len: 312 time: 0.0697551
2026-05-08 00:33:16.633 10 INFO neutron.db.ovn_revision_numbers_db [None req-57c877cf-c384-4c24-a357-d83d1f3defd0 734a7f503b564a23a392ce2fdc1fba11 3415526877fa48e985b2c609def39160 - - default default] Successfully bumped revision number for resource a04f6d07-a512-4b9d-a2ba-8525860c3a4a (type: networks) to 1
2026-05-08 00:33:16.799 9 INFO neutron.wsgi [None req-659e83b4-5116-4f90-bb0b-46a9aaff6f55 0463e353845149b3925bd849625498db 1d5d15bc86544c60ada5cc17c75da708 - - default default] 10.0.0.117 "GET /v2.0/security-groups?tenant_id=d78333e9c74245c08c6cff82d878ba25&name=default HTTP/1.1" status: 200 len: 2996 time: 0.2227876
2026-05-08 00:33:16.878 10 WARNING neutron.scheduler.dhcp_agent_scheduler [None req-57c877cf-c384-4c24-a357-d83d1f3defd0 734a7f503b564a23a392ce2fdc1fba11 3415526877fa48e985b2c609def39160 - - default default] No more DHCP agents
2026-05-08 00:33:16.881 10 WARNING neutron.api.rpc.agentnotifiers.dhcp_rpc_agent_api [None req-57c877cf-c384-4c24-a357-d83d1f3defd0 734a7f503b564a23a392ce2fdc1fba11 3415526877fa48e985b2c609def39160 - - default default] Unable to schedule network a04f6d07-a512-4b9d-a2ba-8525860c3a4a: no agents available; will retry on subsequent port and subnet creation events.
2026-05-08 00:33:16.940 10 INFO neutron.wsgi [req-be5736de-4d13-44f7-9444-f015f13df828 req-1f3d1fe0-2180-4698-8938-06bf20e036b4 dd499259e473449e8bfe4c690ecf82cd 6f0c75cc588a4257b16834f244e844b7 - - default default] 10.0.0.107 "GET /v2.0/ports?device_id=2827046b-8cff-4966-91fd-bd5e968bd89a HTTP/1.1" status: 200 len: 1170 time: 0.0596116
2026-05-08 00:33:16.953 9 INFO neutron.wsgi [req-bd37b5c7-753c-4f4f-bdec-2d28e070a659 req-34d28169-5aed-4e6e-b002-31283c14b76d 3f8b8309b3ca466c8c300f1c89d3bcec f141bb3719024ae29a6a7b9890274bf6 - - 0447f99a6f7b4f63bba8b724b57b4524 0447f99a6f7b4f63bba8b724b57b4524] 199.204.45.140 "GET /v2.0/ports?tenant_id=6f0c75cc588a4257b16834f244e844b7&device_id=2827046b-8cff-4966-91fd-bd5e968bd89a HTTP/1.1" status: 200 len: 1409 time: 0.0509467
2026-05-08 00:33:17.021 10 INFO neutron.wsgi [req-be5736de-4d13-44f7-9444-f015f13df828 req-9ee22226-e57b-479a-8f33-b9101ea55b26 dd499259e473449e8bfe4c690ecf82cd 6f0c75cc588a4257b16834f244e844b7 - - default default] 10.0.0.107 "GET /v2.0/security-groups?id=5aa8030f-c048-411f-a98b-82fa516a97f4&fields=id&fields=name HTTP/1.1" status: 200 len: 312 time: 0.0728621
2026-05-08 00:33:17.038 10 INFO neutron.db.ovn_revision_numbers_db [None req-57c877cf-c384-4c24-a357-d83d1f3defd0 734a7f503b564a23a392ce2fdc1fba11 3415526877fa48e985b2c609def39160 - - default default] Successfully bumped revision number for resource 98b552de-b36a-4abf-8cba-d48de3a8ed8d (type: ports) to 1
2026-05-08 00:33:17.065 10 INFO neutron.wsgi [None req-57c877cf-c384-4c24-a357-d83d1f3defd0 734a7f503b564a23a392ce2fdc1fba11 3415526877fa48e985b2c609def39160 - - default default] 10.0.0.117 "POST /v2.0/networks HTTP/1.1" status: 201 len: 828 time: 1.1806457
2026-05-08 00:33:17.070 9 INFO neutron.wsgi [req-bd37b5c7-753c-4f4f-bdec-2d28e070a659 req-34b95fa6-d2bc-4786-baba-c7f8bf62e506 3f8b8309b3ca466c8c300f1c89d3bcec f141bb3719024ae29a6a7b9890274bf6 - - 0447f99a6f7b4f63bba8b724b57b4524 0447f99a6f7b4f63bba8b724b57b4524] 199.204.45.140 "GET /v2.0/networks?id=51909e4c-118e-415b-8a2c-3a33d69dbdae HTTP/1.1" status: 200 len: 971 time: 0.0940013
2026-05-08 00:33:17.132 9 INFO neutron.wsgi [req-bd37b5c7-753c-4f4f-bdec-2d28e070a659 req-9c8aa0c1-5101-4194-b892-3884a508af53 3f8b8309b3ca466c8c300f1c89d3bcec f141bb3719024ae29a6a7b9890274bf6 - - 0447f99a6f7b4f63bba8b724b57b4524 0447f99a6f7b4f63bba8b724b57b4524] 199.204.45.140 "GET /v2.0/floatingips?fixed_ip_address=10.100.0.3&port_id=f20ba0f7-65b8-4430-9060-6ae04a3a015e HTTP/1.1" status: 200 len: 1059 time: 0.0563533
2026-05-08 00:33:17.135 9 INFO neutron.wsgi [None req-22ed9abe-18f1-4d83-be75-2db0dad02f5a 0463e353845149b3925bd849625498db 1d5d15bc86544c60ada5cc17c75da708 - - default default] 10.0.0.117 "DELETE /v2.0/security-groups/95b3ce12-0ae9-4a7e-9619-319595200ea4 HTTP/1.1" status: 204 len: 168 time: 0.3301759
2026-05-08 00:33:17.157 10 INFO neutron.wsgi [None req-0388a307-a245-4d50-b105-e121d045aeb0 0463e353845149b3925bd849625498db 1d5d15bc86544c60ada5cc17c75da708 - - default default] 10.0.0.117 "GET /v2.0/security-groups?tenant_id=ccdf8d76c89b493884553792a29639bb&name=default HTTP/1.1" status: 200 len: 2996 time: 0.2223060
2026-05-08 00:33:17.177 9 INFO neutron.wsgi [req-bd37b5c7-753c-4f4f-bdec-2d28e070a659 req-a2b59cdf-7a43-4ec2-b549-988a2271e5ed 3f8b8309b3ca466c8c300f1c89d3bcec f141bb3719024ae29a6a7b9890274bf6 - - 0447f99a6f7b4f63bba8b724b57b4524 0447f99a6f7b4f63bba8b724b57b4524] 199.204.45.140 "GET /v2.0/subnets?id=2a9badcf-c2bf-458b-baf6-b6878824a35c HTTP/1.1" status: 200 len: 868 time: 0.0376055
2026-05-08 00:33:17.187 10 INFO neutron.db.segments_db [None req-fdc5877a-7040-40b4-9410-c90072c27236 734a7f503b564a23a392ce2fdc1fba11 3415526877fa48e985b2c609def39160 - - default default] Added segment 6eeda9a7-edc5-4c66-b3bd-c77e5bc9dc5f of type geneve for network 47f3a14e-16c5-4f93-82e1-19d898c974c8
2026-05-08 00:33:17.207 9 INFO neutron.wsgi [req-bd37b5c7-753c-4f4f-bdec-2d28e070a659 req-f181b7f3-75e1-40b0-87e1-6c4090937fdc 3f8b8309b3ca466c8c300f1c89d3bcec f141bb3719024ae29a6a7b9890274bf6 - - 0447f99a6f7b4f63bba8b724b57b4524 0447f99a6f7b4f63bba8b724b57b4524] 199.204.45.140 "GET /v2.0/ports?network_id=51909e4c-118e-415b-8a2c-3a33d69dbdae&device_owner=network%3Adhcp HTTP/1.1" status: 200 len: 210 time: 0.0219090
2026-05-08 00:33:17.310 9 INFO neutron.wsgi [req-bd37b5c7-753c-4f4f-bdec-2d28e070a659 req-b9b3e221-4291-4884-8304-eb00c71934ac 3f8b8309b3ca466c8c300f1c89d3bcec f141bb3719024ae29a6a7b9890274bf6 - - 0447f99a6f7b4f63bba8b724b57b4524 0447f99a6f7b4f63bba8b724b57b4524] 199.204.45.140 "GET /v2.0/networks/51909e4c-118e-415b-8a2c-3a33d69dbdae?fields=segments HTTP/1.1" status: 200 len: 212 time: 0.0942836
2026-05-08 00:33:17.351 10 INFO neutron.db.ovn_revision_numbers_db [None req-fdc5877a-7040-40b4-9410-c90072c27236 734a7f503b564a23a392ce2fdc1fba11 3415526877fa48e985b2c609def39160 - - default default] Successfully bumped revision number for resource 47f3a14e-16c5-4f93-82e1-19d898c974c8 (type: networks) to 1
2026-05-08 00:33:17.418 9 INFO neutron.wsgi [req-bd37b5c7-753c-4f4f-bdec-2d28e070a659 req-0a24444f-b39e-47c1-ae29-e4686ed5c89a 3f8b8309b3ca466c8c300f1c89d3bcec f141bb3719024ae29a6a7b9890274bf6 - - 0447f99a6f7b4f63bba8b724b57b4524 0447f99a6f7b4f63bba8b724b57b4524] 199.204.45.140 "GET /v2.0/networks/51909e4c-118e-415b-8a2c-3a33d69dbdae?fields=provider%3Aphysical_network&fields=provider%3Anetwork_type HTTP/1.1" status: 200 len: 277 time: 0.1011286
2026-05-08 00:33:17.422 9 INFO neutron.db.ovn_revision_numbers_db [None req-ded0f923-28f7-44da-86ce-1fddbb79171f 0463e353845149b3925bd849625498db 1d5d15bc86544c60ada5cc17c75da708 - - default default] Successfully bumped revision number for resource be86f3f2-25a3-499a-be28-7a59ba5667c8 (type: security_groups) to 1
2026-05-08 00:33:17.437 9 INFO neutron.db.ovn_revision_numbers_db [None req-ded0f923-28f7-44da-86ce-1fddbb79171f 0463e353845149b3925bd849625498db 1d5d15bc86544c60ada5cc17c75da708 - - default default] Successfully bumped revision number for resource 4b574137-e7e1-4599-ae9d-85b484aac794 (type: security_group_rules) to 0
2026-05-08 00:33:17.454 9 INFO neutron.db.ovn_revision_numbers_db [None req-ded0f923-28f7-44da-86ce-1fddbb79171f 0463e353845149b3925bd849625498db 1d5d15bc86544c60ada5cc17c75da708 - - default default] Successfully bumped revision number for resource 52bb2cfe-9770-4816-8998-32926523c108 (type: security_group_rules) to 0
2026-05-08 00:33:17.474 9 INFO neutron.db.ovn_revision_numbers_db [None req-ded0f923-28f7-44da-86ce-1fddbb79171f 0463e353845149b3925bd849625498db 1d5d15bc86544c60ada5cc17c75da708 - - default default] Successfully bumped revision number for resource bea55d37-8f66-4de9-a48b-270ad0ab23e5 (type: security_group_rules) to 0
2026-05-08 00:33:17.488 9 INFO neutron.db.ovn_revision_numbers_db [None req-ded0f923-28f7-44da-86ce-1fddbb79171f 0463e353845149b3925bd849625498db 1d5d15bc86544c60ada5cc17c75da708 - - default default] Successfully bumped revision number for resource d044aab9-da02-42d0-948d-5ed3f137b88a (type: security_group_rules) to 0
2026-05-08 00:33:17.512 9 INFO neutron.wsgi [None req-ded0f923-28f7-44da-86ce-1fddbb79171f 0463e353845149b3925bd849625498db 1d5d15bc86544c60ada5cc17c75da708 - - default default] 10.0.0.117 "GET /v2.0/security-groups?tenant_id=30a508b24c1140528d734b0e3bc4730e&name=default HTTP/1.1" status: 200 len: 2996 time: 0.2504656
2026-05-08 00:33:17.561 9 INFO neutron.wsgi [None req-262ccfe6-51e4-4f89-a9a8-bd8c324cb4e2 0463e353845149b3925bd849625498db 1d5d15bc86544c60ada5cc17c75da708 - - default default] 10.0.0.117 "DELETE /v2.0/security-groups/8a04c8f5-6ebe-4644-a73f-979d08dde923 HTTP/1.1" status: 204 len: 168 time: 0.3984640
2026-05-08 00:33:17.573 10 WARNING neutron.scheduler.dhcp_agent_scheduler [None req-fdc5877a-7040-40b4-9410-c90072c27236 734a7f503b564a23a392ce2fdc1fba11 3415526877fa48e985b2c609def39160 - - default default] No more DHCP agents
2026-05-08 00:33:17.575 10 WARNING neutron.api.rpc.agentnotifiers.dhcp_rpc_agent_api [None req-fdc5877a-7040-40b4-9410-c90072c27236 734a7f503b564a23a392ce2fdc1fba11 3415526877fa48e985b2c609def39160 - - default default] Unable to schedule network 47f3a14e-16c5-4f93-82e1-19d898c974c8: no agents available; will retry on subsequent port and subnet creation events.
2026-05-08 00:33:17.655 10 INFO neutron.plugins.ml2.drivers.ovn.mech_driver.mech_driver [None req-19c09000-c697-40ab-ad22-53a8c9c4a4e4 - - - - - -] OVN reports status down for port: f20ba0f7-65b8-4430-9060-6ae04a3a015e
2026-05-08 00:33:17.681 10 INFO neutron.db.ovn_revision_numbers_db [None req-fdc5877a-7040-40b4-9410-c90072c27236 734a7f503b564a23a392ce2fdc1fba11 3415526877fa48e985b2c609def39160 - - default default] Successfully bumped revision number for resource 04ae7e46-4a50-49a8-a28b-e4450f0ef27f (type: ports) to 1
2026-05-08 00:33:17.702 10 INFO neutron.wsgi [None req-fdc5877a-7040-40b4-9410-c90072c27236 734a7f503b564a23a392ce2fdc1fba11 3415526877fa48e985b2c609def39160 - - default default] 10.0.0.117 "POST /v2.0/networks HTTP/1.1" status: 201 len: 828 time: 0.6315968
2026-05-08 00:33:17.849 10 INFO neutron.notifiers.nova [-] Nova event matching ['req-06756eab-b09e-405a-94ab-9e909e86c540'] response: {'server_uuid': '2827046b-8cff-4966-91fd-bd5e968bd89a', 'name': 'network-vif-unplugged', 'status': 'completed', 'tag': 'f20ba0f7-65b8-4430-9060-6ae04a3a015e', 'code': 200}
2026-05-08 00:33:17.913 10 INFO neutron.wsgi [None req-f920c90a-71ec-4f0c-b45e-e45bee367800 0463e353845149b3925bd849625498db 1d5d15bc86544c60ada5cc17c75da708 - - default default] 10.0.0.117 "DELETE /v2.0/security-groups/be86f3f2-25a3-499a-be28-7a59ba5667c8 HTTP/1.1" status: 204 len: 168 time: 0.3917782
2026-05-08 00:33:18.087 10 WARNING neutron.scheduler.dhcp_agent_scheduler [None req-248f8d42-bda4-4ef9-97f4-2c263525bcf6 734a7f503b564a23a392ce2fdc1fba11 3415526877fa48e985b2c609def39160 - - default default] No more DHCP agents
2026-05-08 00:33:18.097 10 WARNING neutron.api.rpc.agentnotifiers.dhcp_rpc_agent_api [None req-248f8d42-bda4-4ef9-97f4-2c263525bcf6 734a7f503b564a23a392ce2fdc1fba11 3415526877fa48e985b2c609def39160 - - default default] Unable to schedule network a04f6d07-a512-4b9d-a2ba-8525860c3a4a: no agents available; will retry on subsequent port and subnet creation events.
2026-05-08 00:33:18.127 10 INFO neutron.db.ovn_revision_numbers_db [None req-19c09000-c697-40ab-ad22-53a8c9c4a4e4 - - - - - -] Successfully bumped revision number for resource f20ba0f7-65b8-4430-9060-6ae04a3a015e (type: ports) to 5
2026-05-08 00:33:18.151 10 INFO neutron.wsgi [req-c8be7787-ab99-4824-ac50-bebec09a515a req-75b1e397-cda8-4baf-92a9-8b728363bba5 dd499259e473449e8bfe4c690ecf82cd 6f0c75cc588a4257b16834f244e844b7 - - default default] 10.0.0.107 "GET /v2.0/ports?device_id=2827046b-8cff-4966-91fd-bd5e968bd89a HTTP/1.1" status: 200 len: 1168 time: 0.0627427
2026-05-08 00:33:18.244 10 INFO neutron.wsgi [req-c8be7787-ab99-4824-ac50-bebec09a515a req-f14f0fb3-f2c9-46a0-ada8-3f06f99f118f dd499259e473449e8bfe4c690ecf82cd 6f0c75cc588a4257b16834f244e844b7 - - default default] 10.0.0.107 "GET /v2.0/security-groups?id=5aa8030f-c048-411f-a98b-82fa516a97f4&fields=id&fields=name HTTP/1.1" status: 200 len: 312 time: 0.0857344
2026-05-08 00:33:18.291 10 INFO neutron.plugins.ml2.drivers.ovn.mech_driver.mech_driver [None req-19c09000-c697-40ab-ad22-53a8c9c4a4e4 - - - - - -] OVN reports status up for port: f20ba0f7-65b8-4430-9060-6ae04a3a015e
