2026-05-08 00:37:10.994 10 INFO neutron.wsgi [None req-fcd8bd66-f4d3-46ba-a825-56014c03dbd4 0463e353845149b3925bd849625498db 1d5d15bc86544c60ada5cc17c75da708 - - default default] 199.204.45.140 "PUT /v2.0/ports/7993baac-e49f-4903-b36a-966f6aec27b2 HTTP/1.1" status: 200 len: 1294 time: 0.3683043
2026-05-08 00:37:11.049 10 INFO neutron.notifiers.nova [-] Nova event matching ['req-43fb8a8c-df9d-4e93-9a40-5ad6d3fb2c56'] response: {'server_uuid': '503c45b7-1703-4df8-941d-7cb20c4cd0ff', 'name': 'network-vif-plugged', 'status': 'completed', 'tag': '1b0ad753-4a52-4b98-a117-c30b7a0b25a3', 'code': 200}
2026-05-08 00:37:11.116 10 INFO neutron.wsgi [None req-f0cb2215-051c-4e2d-83e8-014a6aabea5d 0463e353845149b3925bd849625498db 1d5d15bc86544c60ada5cc17c75da708 - - default default] 199.204.45.140 "DELETE /v2.0/security-groups/c5f98cb7-978a-4095-85ad-69950a7f20be HTTP/1.1" status: 204 len: 173 time: 0.1147473
2026-05-08 00:37:11.403 10 INFO neutron.wsgi [None req-109196eb-9ffe-4c81-9c65-e86f3a782746 0463e353845149b3925bd849625498db 1d5d15bc86544c60ada5cc17c75da708 - - default default] 199.204.45.140 "DELETE /v2.0/ports/7993baac-e49f-4903-b36a-966f6aec27b2 HTTP/1.1" status: 204 len: 173 time: 0.2822900
2026-05-08 00:37:11.703 10 INFO neutron.plugins.ml2.drivers.ovn.mech_driver.mech_driver [None req-19c09000-c697-40ab-ad22-53a8c9c4a4e4 - - - - - -] OVN reports status down for port: 3627566c-3a16-46c4-a466-58a7c853684a
2026-05-08 00:37:11.981 10 INFO neutron.wsgi [req-5eb6ff8c-c4fb-4367-988e-c07f6707a908 req-091ec4e8-7cb1-4f25-a469-f14be240b548 0463e353845149b3925bd849625498db 1d5d15bc86544c60ada5cc17c75da708 - - default default] 199.204.45.140 "GET /v2.0/ports?device_id=503c45b7-1703-4df8-941d-7cb20c4cd0ff HTTP/1.1" status: 200 len: 1415 time: 0.0607202
2026-05-08 00:37:11.995 10 INFO neutron.db.ovn_revision_numbers_db [None req-19c09000-c697-40ab-ad22-53a8c9c4a4e4 - - - - - -] Successfully bumped revision number for resource 3627566c-3a16-46c4-a466-58a7c853684a (type: ports) to 5
2026-05-08 00:37:12.241 10 INFO neutron.wsgi [req-5eb6ff8c-c4fb-4367-988e-c07f6707a908 req-c8795a86-66a2-499a-b4dd-e16f30a98c9f 0463e353845149b3925bd849625498db 1d5d15bc86544c60ada5cc17c75da708 - - default default] 199.204.45.140 "DELETE /v2.0/ports/3627566c-3a16-46c4-a466-58a7c853684a HTTP/1.1" status: 204 len: 173 time: 0.2519617
2026-05-08 00:37:13.094 10 INFO neutron.notifiers.nova [-] Nova event matching ['req-e74e2275-b154-4a65-b693-e14adc3ea04b'] response: {'server_uuid': '503c45b7-1703-4df8-941d-7cb20c4cd0ff', 'name': 'network-vif-unplugged', 'status': 'completed', 'tag': '3627566c-3a16-46c4-a466-58a7c853684a', 'code': 200}
2026-05-08 00:37:13.095 10 INFO neutron.notifiers.nova [-] Nova event matching ['req-e74e2275-b154-4a65-b693-e14adc3ea04b'] response: {'server_uuid': '503c45b7-1703-4df8-941d-7cb20c4cd0ff', 'name': 'network-vif-plugged', 'status': 'completed', 'tag': '3627566c-3a16-46c4-a466-58a7c853684a', 'code': 200}
2026-05-08 00:37:13.095 10 INFO neutron.notifiers.nova [-] Nova event matching ['req-e74e2275-b154-4a65-b693-e14adc3ea04b'] response: {'server_uuid': '503c45b7-1703-4df8-941d-7cb20c4cd0ff', 'name': 'network-vif-deleted', 'tag': '3627566c-3a16-46c4-a466-58a7c853684a', 'status': 'completed', 'code': 200} /var/lib/openstack/lib/python3.10/site-packages/pycadf/identifier.py:71: UserWarning: Invalid uuid: neutron. To ensure interoperability, identifiers should be a valid uuid. warnings.warn(('Invalid uuid: %s. To ensure interoperability, '
2026-05-08 00:37:13.942 10 INFO neutron.db.l3_db [None req-49b9e426-fed7-4c45-adff-8156ad1fbfb0 cf8adbd87da2496f9fd8738549069a43 27035b6a927844888ba419c7cca09a9e - - default default] Floating IP e11c1325-4e02-4971-8529-baa31620180c disassociated (deleted). External IP: 10.96.250.208, port: a7f0014b-90e1-46e6-a84f-c7c29a8dfde3.
2026-05-08 00:37:14.032 10 INFO neutron.wsgi [None req-49b9e426-fed7-4c45-adff-8156ad1fbfb0 cf8adbd87da2496f9fd8738549069a43 27035b6a927844888ba419c7cca09a9e - - default default] 10.0.0.117 "DELETE /v2.0/floatingips/e11c1325-4e02-4971-8529-baa31620180c HTTP/1.1" status: 204 len: 168 time: 0.7481382 /var/lib/openstack/lib/python3.10/site-packages/pycadf/identifier.py:71: UserWarning: Invalid uuid: neutron. To ensure interoperability, identifiers should be a valid uuid. warnings.warn(('Invalid uuid: %s. To ensure interoperability, '
2026-05-08 00:37:14.058 10 INFO neutron.api.v2.resource [None req-b865b40d-71cd-4abe-98cf-568bc93bf7b0 cf8adbd87da2496f9fd8738549069a43 27035b6a927844888ba419c7cca09a9e - - default default] show failed (client error): The resource could not be found.
2026-05-08 00:37:14.059 10 INFO neutron.wsgi [None req-b865b40d-71cd-4abe-98cf-568bc93bf7b0 cf8adbd87da2496f9fd8738549069a43 27035b6a927844888ba419c7cca09a9e - - default default] 10.0.0.117 "GET /v2.0/floatingips/e11c1325-4e02-4971-8529-baa31620180c HTTP/1.1" status: 404 len: 345 time: 0.0220098
2026-05-08 00:37:14.279 10 INFO neutron.plugins.ml2.drivers.ovn.mech_driver.mech_driver [None req-19c09000-c697-40ab-ad22-53a8c9c4a4e4 - - - - - -] OVN reports status down for port: a7f0014b-90e1-46e6-a84f-c7c29a8dfde3
2026-05-08 00:37:14.460 10 INFO neutron.wsgi [req-fcb9a885-9828-426a-bd78-e5f0c279b894 req-03e53436-5afe-4c25-a88f-724dc241f58e cf8adbd87da2496f9fd8738549069a43 27035b6a927844888ba419c7cca09a9e - - default default] 10.0.0.107 "GET /v2.0/ports?device_id=038329e2-ad1c-4276-9b36-0291ec406b43 HTTP/1.1" status: 200 len: 1400 time: 0.2355337
2026-05-08 00:37:14.536 10 INFO neutron.wsgi [req-fcb9a885-9828-426a-bd78-e5f0c279b894 req-95ff10b4-adc8-4862-af1c-cedad237f6bb cf8adbd87da2496f9fd8738549069a43 27035b6a927844888ba419c7cca09a9e - - default default] 10.0.0.107 "GET /v2.0/security-groups?id=58a1ef27-19f1-453f-84a1-fe28c7bd42c2&fields=id&fields=name HTTP/1.1" status: 200 len: 311 time: 0.0663266
2026-05-08 00:37:14.590 10 INFO neutron.wsgi [req-71f718b7-4bf6-43c0-b2be-493c0b60d7f0 req-4a2532e9-dab7-43fb-9769-d1d046fe3dd1 cf8adbd87da2496f9fd8738549069a43 27035b6a927844888ba419c7cca09a9e - - default default] 199.204.45.140 "GET /v2.0/ports?device_id=038329e2-ad1c-4276-9b36-0291ec406b43 HTTP/1.1" status: 200 len: 1398 time: 0.0452805
2026-05-08 00:37:14.746 10 INFO neutron.db.ovn_revision_numbers_db [None req-19c09000-c697-40ab-ad22-53a8c9c4a4e4 - - - - - -] Successfully bumped revision number for resource a7f0014b-90e1-46e6-a84f-c7c29a8dfde3 (type: ports) to 5
2026-05-08 00:37:14.954 10 INFO neutron.wsgi [req-71f718b7-4bf6-43c0-b2be-493c0b60d7f0 req-b1a6b1ca-9d4f-4aa7-bc84-907665404a42 cf8adbd87da2496f9fd8738549069a43 27035b6a927844888ba419c7cca09a9e - - default default] 199.204.45.140 "DELETE /v2.0/ports/a7f0014b-90e1-46e6-a84f-c7c29a8dfde3 HTTP/1.1" status: 204 len: 173 time: 0.3558283
2026-05-08 00:37:15.133 10 INFO neutron.notifiers.nova [-] Nova event matching ['req-d8a7ce09-8425-4225-9a79-72b7f0ff20cc'] response: {'name': 'network-changed', 'server_uuid': '038329e2-ad1c-4276-9b36-0291ec406b43', 'tag': 'a7f0014b-90e1-46e6-a84f-c7c29a8dfde3', 'status': 'completed', 'code': 200}
2026-05-08 00:37:15.133 10 INFO neutron.notifiers.nova [-] Nova event matching ['req-d8a7ce09-8425-4225-9a79-72b7f0ff20cc'] response: {'server_uuid': '038329e2-ad1c-4276-9b36-0291ec406b43', 'name': 'network-vif-unplugged', 'status': 'completed', 'tag': 'a7f0014b-90e1-46e6-a84f-c7c29a8dfde3', 'code': 200}
2026-05-08 00:37:15.134 10 INFO neutron.notifiers.nova [-] Nova event matching ['req-d8a7ce09-8425-4225-9a79-72b7f0ff20cc'] response: {'server_uuid': '038329e2-ad1c-4276-9b36-0291ec406b43', 'name': 'network-vif-plugged', 'status': 'completed', 'tag': 'a7f0014b-90e1-46e6-a84f-c7c29a8dfde3', 'code': 200}
2026-05-08 00:37:15.134 10 INFO neutron.notifiers.nova [-] Nova event matching ['req-d8a7ce09-8425-4225-9a79-72b7f0ff20cc'] response: {'server_uuid': '038329e2-ad1c-4276-9b36-0291ec406b43', 'name': 'network-vif-deleted', 'tag': 'a7f0014b-90e1-46e6-a84f-c7c29a8dfde3', 'status': 'completed', 'code': 200} /var/lib/openstack/lib/python3.10/site-packages/pycadf/identifier.py:71: UserWarning: Invalid uuid: neutron. To ensure interoperability, identifiers should be a valid uuid. warnings.warn(('Invalid uuid: %s. To ensure interoperability, '
2026-05-08 00:37:15.184 10 INFO neutron.wsgi [req-3bd685c7-58ff-4d3a-af9d-0b484f6c3d6e req-f8ace68f-314f-43ca-9f59-0384b4733168 3f8b8309b3ca466c8c300f1c89d3bcec f141bb3719024ae29a6a7b9890274bf6 - - 0447f99a6f7b4f63bba8b724b57b4524 0447f99a6f7b4f63bba8b724b57b4524] 199.204.45.140 "GET /v2.0/ports?tenant_id=27035b6a927844888ba419c7cca09a9e&device_id=038329e2-ad1c-4276-9b36-0291ec406b43 HTTP/1.1" status: 200 len: 210 time: 0.0259027
2026-05-08 00:37:15.290 10 INFO neutron.wsgi [req-3bd685c7-58ff-4d3a-af9d-0b484f6c3d6e req-a7ed5934-abeb-487f-8a3f-dc45d6a13360 3f8b8309b3ca466c8c300f1c89d3bcec f141bb3719024ae29a6a7b9890274bf6 - - 0447f99a6f7b4f63bba8b724b57b4524 0447f99a6f7b4f63bba8b724b57b4524] 199.204.45.140 "GET /v2.0/networks?tenant_id=27035b6a927844888ba419c7cca09a9e&shared=False HTTP/1.1" status: 200 len: 2585 time: 0.1011555
2026-05-08 00:37:15.385 10 INFO neutron.wsgi [req-3bd685c7-58ff-4d3a-af9d-0b484f6c3d6e req-e1e71b04-e016-417b-924c-6a4485819d5d 3f8b8309b3ca466c8c300f1c89d3bcec f141bb3719024ae29a6a7b9890274bf6 - - 0447f99a6f7b4f63bba8b724b57b4524 0447f99a6f7b4f63bba8b724b57b4524] 199.204.45.140 "GET /v2.0/networks?shared=True HTTP/1.1" status: 200 len: 952 time: 0.0877786
2026-05-08 00:37:19.961 9 INFO neutron.db.l3_db [None req-895721c5-e363-48e9-bdaf-7ad6670a003a cf8adbd87da2496f9fd8738549069a43 27035b6a927844888ba419c7cca09a9e - - default default] Floating IP c47014a8-f842-41bd-a0b8-0cd6b353743a disassociated (deleted). External IP: 10.96.250.213, port: f6e6c5af-ffa2-4ba6-bd96-94895752849b.
2026-05-08 00:37:20.056 9 INFO neutron.wsgi [None req-895721c5-e363-48e9-bdaf-7ad6670a003a cf8adbd87da2496f9fd8738549069a43 27035b6a927844888ba419c7cca09a9e - - default default] 10.0.0.117 "DELETE /v2.0/floatingips/c47014a8-f842-41bd-a0b8-0cd6b353743a HTTP/1.1" status: 204 len: 168 time: 0.4572809
2026-05-08 00:37:20.085 10 INFO neutron.api.v2.resource [None req-b2c397f0-c526-494a-aac0-07f73a729e51 cf8adbd87da2496f9fd8738549069a43 27035b6a927844888ba419c7cca09a9e - - default default] show failed (client error): The resource could not be found.
2026-05-08 00:37:20.086 10 INFO neutron.wsgi [None req-b2c397f0-c526-494a-aac0-07f73a729e51 cf8adbd87da2496f9fd8738549069a43 27035b6a927844888ba419c7cca09a9e - - default default] 10.0.0.117 "GET /v2.0/floatingips/c47014a8-f842-41bd-a0b8-0cd6b353743a HTTP/1.1" status: 404 len: 345 time: 0.0241745
2026-05-08 00:37:20.094 9 INFO neutron.notifiers.nova [-] Nova event matching ['req-9d28763f-848d-41aa-8a73-40d8ed0ceade'] response: {'name': 'network-changed', 'server_uuid': 'd78a6e37-8b89-4e18-9798-03e235d169fc', 'tag': 'f6e6c5af-ffa2-4ba6-bd96-94895752849b', 'status': 'completed', 'code': 200}
2026-05-08 00:37:20.165 10 INFO neutron.wsgi [req-70dfcc88-4dc9-48b1-9863-c9b0e9c7addd req-ea75c589-5ab1-4778-a70c-afd54e389f80 3f8b8309b3ca466c8c300f1c89d3bcec f141bb3719024ae29a6a7b9890274bf6 - - 0447f99a6f7b4f63bba8b724b57b4524 0447f99a6f7b4f63bba8b724b57b4524] 199.204.45.140 "GET /v2.0/ports?tenant_id=27035b6a927844888ba419c7cca09a9e&device_id=d78a6e37-8b89-4e18-9798-03e235d169fc HTTP/1.1" status: 200 len: 1638 time: 0.0455203
2026-05-08 00:37:20.242 10 INFO neutron.wsgi [req-70dfcc88-4dc9-48b1-9863-c9b0e9c7addd req-e2b10976-cc27-4a15-ac5e-a52303d078a5 3f8b8309b3ca466c8c300f1c89d3bcec f141bb3719024ae29a6a7b9890274bf6 - - 0447f99a6f7b4f63bba8b724b57b4524 0447f99a6f7b4f63bba8b724b57b4524] 199.204.45.140 "GET /v2.0/networks?id=8e2fa504-ea41-4c77-9dc5-cbd843e6d74b HTTP/1.1" status: 200 len: 1003 time: 0.0707591 /var/lib/openstack/lib/python3.10/site-packages/pycadf/identifier.py:71: UserWarning: Invalid uuid: neutron. To ensure interoperability, identifiers should be a valid uuid. warnings.warn(('Invalid uuid: %s. To ensure interoperability, '
2026-05-08 00:37:20.275 10 INFO neutron.wsgi [req-70dfcc88-4dc9-48b1-9863-c9b0e9c7addd req-c93ecf35-9566-4bba-8cd4-bded3720f253 3f8b8309b3ca466c8c300f1c89d3bcec f141bb3719024ae29a6a7b9890274bf6 - - 0447f99a6f7b4f63bba8b724b57b4524 0447f99a6f7b4f63bba8b724b57b4524] 199.204.45.140 "GET /v2.0/floatingips?fixed_ip_address=10.2.1.244&port_id=f6e6c5af-ffa2-4ba6-bd96-94895752849b HTTP/1.1" status: 200 len: 217 time: 0.0245023
2026-05-08 00:37:20.288 10 INFO neutron.plugins.ml2.drivers.ovn.mech_driver.mech_driver [None req-19c09000-c697-40ab-ad22-53a8c9c4a4e4 - - - - - -] OVN reports status down for port: f6e6c5af-ffa2-4ba6-bd96-94895752849b
2026-05-08 00:37:20.317 10 INFO neutron.wsgi [req-70dfcc88-4dc9-48b1-9863-c9b0e9c7addd req-4400fa69-f1b4-476b-8eb1-d24c84f07e3e 3f8b8309b3ca466c8c300f1c89d3bcec f141bb3719024ae29a6a7b9890274bf6 - - 0447f99a6f7b4f63bba8b724b57b4524 0447f99a6f7b4f63bba8b724b57b4524] 199.204.45.140 "GET /v2.0/floatingips?fixed_ip_address=fd7b%3Af9f7%3Afff%3A4eca%3A%3A20d&port_id=f6e6c5af-ffa2-4ba6-bd96-94895752849b HTTP/1.1" status: 200 len: 217 time: 0.0297415
2026-05-08 00:37:20.355 9 INFO neutron.wsgi [req-54c7bf92-eb3e-4325-af72-6c54a4ba3289 req-6bf2971f-b835-4f48-9e71-c4e80d5e4cea cf8adbd87da2496f9fd8738549069a43 27035b6a927844888ba419c7cca09a9e - - default default] 10.0.0.107 "GET /v2.0/ports?device_id=d78a6e37-8b89-4e18-9798-03e235d169fc HTTP/1.1" status: 200 len: 1400 time: 0.1049540
2026-05-08 00:37:20.363 10 INFO neutron.wsgi [req-70dfcc88-4dc9-48b1-9863-c9b0e9c7addd req-e97fd077-40b4-4418-bbd4-8a9a4dc98f83 3f8b8309b3ca466c8c300f1c89d3bcec f141bb3719024ae29a6a7b9890274bf6 - - 0447f99a6f7b4f63bba8b724b57b4524 0447f99a6f7b4f63bba8b724b57b4524] 199.204.45.140 "GET /v2.0/subnets?id=51b800ed-fa69-4e5b-8e9c-ad142e686208&id=35deced2-967c-45ff-800b-71ab4657421c HTTP/1.1" status: 200 len: 1563 time: 0.0364780
2026-05-08 00:37:20.402 10 INFO neutron.wsgi [req-70dfcc88-4dc9-48b1-9863-c9b0e9c7addd req-9a998e86-af4c-4ed8-bf99-0d04037eb9d0 3f8b8309b3ca466c8c300f1c89d3bcec f141bb3719024ae29a6a7b9890274bf6 - - 0447f99a6f7b4f63bba8b724b57b4524 0447f99a6f7b4f63bba8b724b57b4524] 199.204.45.140 "GET /v2.0/ports?network_id=8e2fa504-ea41-4c77-9dc5-cbd843e6d74b&device_owner=network%3Adhcp HTTP/1.1" status: 200 len: 210 time: 0.0292623
2026-05-08 00:37:20.415 9 INFO neutron.wsgi [req-54c7bf92-eb3e-4325-af72-6c54a4ba3289 req-5aad8f06-e059-4c4e-b533-fa4e7128e216 cf8adbd87da2496f9fd8738549069a43 27035b6a927844888ba419c7cca09a9e - - default default] 10.0.0.107 "GET /v2.0/security-groups?id=58a1ef27-19f1-453f-84a1-fe28c7bd42c2&fields=id&fields=name HTTP/1.1" status: 200 len: 311 time: 0.0498273
2026-05-08 00:37:20.441 10 INFO neutron.wsgi [req-70dfcc88-4dc9-48b1-9863-c9b0e9c7addd req-31006eff-3e9a-415f-a59c-a7ca36f7f95a 3f8b8309b3ca466c8c300f1c89d3bcec f141bb3719024ae29a6a7b9890274bf6 - - 0447f99a6f7b4f63bba8b724b57b4524 0447f99a6f7b4f63bba8b724b57b4524] 199.204.45.140 "GET /v2.0/ports?network_id=8e2fa504-ea41-4c77-9dc5-cbd843e6d74b&device_owner=network%3Adhcp HTTP/1.1" status: 200 len: 210 time: 0.0337403
2026-05-08 00:37:20.468 10 INFO neutron.notifiers.nova [-] Nova event matching ['req-f62f1b41-c664-4aed-b40c-99c390ab5442'] response: {'server_uuid': 'd78a6e37-8b89-4e18-9798-03e235d169fc', 'name': 'network-vif-unplugged', 'status': 'completed', 'tag': 'f6e6c5af-ffa2-4ba6-bd96-94895752849b', 'code': 200}
2026-05-08 00:37:20.522 10 INFO neutron.wsgi [req-70dfcc88-4dc9-48b1-9863-c9b0e9c7addd req-8a2cf257-88fc-43c6-8e65-7928e7691e1b 3f8b8309b3ca466c8c300f1c89d3bcec f141bb3719024ae29a6a7b9890274bf6 - - 0447f99a6f7b4f63bba8b724b57b4524 0447f99a6f7b4f63bba8b724b57b4524] 199.204.45.140 "GET /v2.0/networks/8e2fa504-ea41-4c77-9dc5-cbd843e6d74b?fields=segments HTTP/1.1" status: 200 len: 212 time: 0.0730612
2026-05-08 00:37:20.611 10 INFO neutron.wsgi [req-70dfcc88-4dc9-48b1-9863-c9b0e9c7addd req-e9171d14-4fc8-43ad-8ce4-157eef7803fa 3f8b8309b3ca466c8c300f1c89d3bcec f141bb3719024ae29a6a7b9890274bf6 - - 0447f99a6f7b4f63bba8b724b57b4524 0447f99a6f7b4f63bba8b724b57b4524] 199.204.45.140 "GET /v2.0/networks/8e2fa504-ea41-4c77-9dc5-cbd843e6d74b?fields=provider%3Aphysical_network&fields=provider%3Anetwork_type HTTP/1.1" status: 200 len: 277 time: 0.0799766
2026-05-08 00:37:20.622 9 INFO neutron.wsgi [req-da2263f4-c976-4850-9787-5441a7d66c17 req-cd448c78-d9ea-4870-adaf-1e8d4a7d83b1 cf8adbd87da2496f9fd8738549069a43 27035b6a927844888ba419c7cca09a9e - - default default] 199.204.45.140 "GET /v2.0/ports?device_id=d78a6e37-8b89-4e18-9798-03e235d169fc HTTP/1.1" status: 200 len: 1398 time: 0.0420458
2026-05-08 00:37:20.661 10 INFO neutron.db.ovn_revision_numbers_db [None req-19c09000-c697-40ab-ad22-53a8c9c4a4e4 - - - - - -] Successfully bumped revision number for resource f6e6c5af-ffa2-4ba6-bd96-94895752849b (type: ports) to 5
2026-05-08 00:37:20.917 9 INFO neutron.wsgi [req-da2263f4-c976-4850-9787-5441a7d66c17 req-1e76a014-3466-410f-81d4-5540cd7aee57 cf8adbd87da2496f9fd8738549069a43 27035b6a927844888ba419c7cca09a9e - - default default] 199.204.45.140 "DELETE /v2.0/ports/f6e6c5af-ffa2-4ba6-bd96-94895752849b HTTP/1.1" status: 204 len: 173 time: 0.2894611
2026-05-08 00:37:22.136 9 INFO neutron.notifiers.nova [-] Nova event matching ['req-0336d473-483b-4749-99c7-73903145c118'] response: {'server_uuid': 'd78a6e37-8b89-4e18-9798-03e235d169fc', 'name': 'network-vif-deleted', 'tag': 'f6e6c5af-ffa2-4ba6-bd96-94895752849b', 'status': 'completed', 'code': 200}
2026-05-08 00:37:22.505 10 INFO neutron.notifiers.nova [-] Nova event matching ['req-14066fb4-7ce0-465b-82e7-86b0938d0b7f'] response: {'server_uuid': 'd78a6e37-8b89-4e18-9798-03e235d169fc', 'name': 'network-vif-plugged', 'status': 'completed', 'tag': 'f6e6c5af-ffa2-4ba6-bd96-94895752849b', 'code': 200}
2026-05-08 00:37:25.601 9 INFO neutron.wsgi [None req-97c00321-f251-4d7a-a22a-4e093dec8db0 cf8adbd87da2496f9fd8738549069a43 27035b6a927844888ba419c7cca09a9e - - default default] 10.0.0.117 "DELETE /v2.0/security-group-rules/7e9e63e8-8a3e-4fc6-8a58-410d9fefcd0b HTTP/1.1" status: 204 len: 168 time: 0.1218746
2026-05-08 00:37:25.613 9 INFO neutron.api.v2.resource [None req-cbadda2b-3cde-46d3-8481-6b8ee7a8f04e cf8adbd87da2496f9fd8738549069a43 27035b6a927844888ba419c7cca09a9e - - default default] show failed (client error): The resource could not be found.
2026-05-08 00:37:25.614 9 INFO neutron.wsgi [None req-cbadda2b-3cde-46d3-8481-6b8ee7a8f04e cf8adbd87da2496f9fd8738549069a43 27035b6a927844888ba419c7cca09a9e - - default default] 10.0.0.117 "GET /v2.0/security-group-rules/7e9e63e8-8a3e-4fc6-8a58-410d9fefcd0b HTTP/1.1" status: 404 len: 356 time: 0.0078197 /var/lib/openstack/lib/python3.10/site-packages/pycadf/identifier.py:71: UserWarning: Invalid uuid: neutron. To ensure interoperability, identifiers should be a valid uuid. warnings.warn(('Invalid uuid: %s. To ensure interoperability, '
2026-05-08 00:37:25.737 10 INFO neutron.wsgi [None req-07f8af65-76f7-4b65-859b-4806bfeec687 cf8adbd87da2496f9fd8738549069a43 27035b6a927844888ba419c7cca09a9e - - default default] 10.0.0.117 "DELETE /v2.0/security-group-rules/605504f1-f2d4-48b5-b6ac-a7f9b4d84c51 HTTP/1.1" status: 204 len: 168 time: 0.1189899
2026-05-08 00:37:25.750 10 INFO neutron.api.v2.resource [None req-c012f57a-4af1-4af4-b50b-801e19d85291 cf8adbd87da2496f9fd8738549069a43 27035b6a927844888ba419c7cca09a9e - - default default] show failed (client error): The resource could not be found.
2026-05-08 00:37:25.751 10 INFO neutron.wsgi [None req-c012f57a-4af1-4af4-b50b-801e19d85291 cf8adbd87da2496f9fd8738549069a43 27035b6a927844888ba419c7cca09a9e - - default default] 10.0.0.117 "GET /v2.0/security-group-rules/605504f1-f2d4-48b5-b6ac-a7f9b4d84c51 HTTP/1.1" status: 404 len: 356 time: 0.0077825
2026-05-08 00:37:25.809 9 INFO neutron.wsgi [-] 10.0.0.213 "GET / HTTP/1.1" status: 200 len: 247 time: 0.0028467
2026-05-08 00:37:25.812 9 INFO neutron.wsgi [-] 10.0.0.213 "GET / HTTP/1.1" status: 200 len: 247 time: 0.0021696
2026-05-08 00:37:25.870 10 INFO neutron.wsgi [None req-628bcafc-f00e-4410-a490-db748ded858e cf8adbd87da2496f9fd8738549069a43 27035b6a927844888ba419c7cca09a9e - - default default] 10.0.0.117 "DELETE /v2.0/security-group-rules/601eab58-5933-4126-a0c5-3cdaa0582010 HTTP/1.1" status: 204 len: 168 time: 0.1155045
2026-05-08 00:37:25.881 10 INFO neutron.api.v2.resource [None req-bff030da-8c2b-414f-b160-77523da9e4ae cf8adbd87da2496f9fd8738549069a43 27035b6a927844888ba419c7cca09a9e - - default default] show failed (client error): The resource could not be found.
2026-05-08 00:37:25.882 10 INFO neutron.wsgi [None req-bff030da-8c2b-414f-b160-77523da9e4ae cf8adbd87da2496f9fd8738549069a43 27035b6a927844888ba419c7cca09a9e - - default default] 10.0.0.117 "GET /v2.0/security-group-rules/601eab58-5933-4126-a0c5-3cdaa0582010 HTTP/1.1" status: 404 len: 356 time: 0.0081925
2026-05-08 00:37:26.019 10 INFO neutron.wsgi [None req-9144aa61-c14f-4069-882e-6d14d8def155 cf8adbd87da2496f9fd8738549069a43 27035b6a927844888ba419c7cca09a9e - - default default] 10.0.0.117 "DELETE /v2.0/security-group-rules/e0390569-947a-461a-b192-6c8720b58728 HTTP/1.1" status: 204 len: 168 time: 0.1333294
2026-05-08 00:37:26.031 10 INFO neutron.api.v2.resource [None req-eb47015c-25db-4230-8bc4-eb92659f9fe5 cf8adbd87da2496f9fd8738549069a43 27035b6a927844888ba419c7cca09a9e - - default default] show failed (client error): The resource could not be found.
2026-05-08 00:37:26.033 10 INFO neutron.wsgi [None req-eb47015c-25db-4230-8bc4-eb92659f9fe5 cf8adbd87da2496f9fd8738549069a43 27035b6a927844888ba419c7cca09a9e - - default default] 10.0.0.117 "GET /v2.0/security-group-rules/e0390569-947a-461a-b192-6c8720b58728 HTTP/1.1" status: 404 len: 356 time: 0.0086806
2026-05-08 00:37:26.167 10 INFO neutron.wsgi [None req-5834b70b-cffe-41a6-941e-3a243dbdaba3 cf8adbd87da2496f9fd8738549069a43 27035b6a927844888ba419c7cca09a9e - - default default] 10.0.0.117 "DELETE /v2.0/security-group-rules/94387813-c47e-463d-93df-0a3dfbb07269 HTTP/1.1" status: 204 len: 168 time: 0.1313195
2026-05-08 00:37:26.180 10 INFO neutron.api.v2.resource [None req-7a064f5b-2ab6-4f21-a05a-a60b5bffb524 cf8adbd87da2496f9fd8738549069a43 27035b6a927844888ba419c7cca09a9e - - default default] show failed (client error): The resource could not be found.
2026-05-08 00:37:26.183 10 INFO neutron.wsgi [None req-7a064f5b-2ab6-4f21-a05a-a60b5bffb524 cf8adbd87da2496f9fd8738549069a43 27035b6a927844888ba419c7cca09a9e - - default default] 10.0.0.117 "GET /v2.0/security-group-rules/94387813-c47e-463d-93df-0a3dfbb07269 HTTP/1.1" status: 404 len: 356 time: 0.0116334
2026-05-08 00:37:26.315 10 INFO neutron.wsgi [None req-1769e776-36d7-4f87-845d-5f19897fc91a cf8adbd87da2496f9fd8738549069a43 27035b6a927844888ba419c7cca09a9e - - default default] 10.0.0.117 "DELETE /v2.0/security-group-rules/0ffdc040-da9b-49f6-9ced-82828ae93631 HTTP/1.1" status: 204 len: 168 time: 0.1263733
2026-05-08 00:37:26.329 9 INFO neutron.api.v2.resource [None req-83ba93a8-e632-44b5-9ac6-74242630b7df cf8adbd87da2496f9fd8738549069a43 27035b6a927844888ba419c7cca09a9e - - default default] show failed (client error): The resource could not be found.
2026-05-08 00:37:26.330 9 INFO neutron.wsgi [None req-83ba93a8-e632-44b5-9ac6-74242630b7df cf8adbd87da2496f9fd8738549069a43 27035b6a927844888ba419c7cca09a9e - - default default] 10.0.0.117 "GET /v2.0/security-group-rules/0ffdc040-da9b-49f6-9ced-82828ae93631 HTTP/1.1" status: 404 len: 356 time: 0.0106902
2026-05-08 00:37:26.451 9 INFO neutron.wsgi [None req-291c5ea9-554e-4038-a30b-e15edd64d100 cf8adbd87da2496f9fd8738549069a43 27035b6a927844888ba419c7cca09a9e - - default default] 10.0.0.117 "DELETE /v2.0/security-group-rules/4aed92d3-8601-4a17-97b6-b5ef25926747 HTTP/1.1" status: 204 len: 168 time: 0.1162064
2026-05-08 00:37:26.465 9 INFO neutron.api.v2.resource [None req-ad2001fb-73f2-4331-8885-4b23e7aa7e41 cf8adbd87da2496f9fd8738549069a43 27035b6a927844888ba419c7cca09a9e - - default default] show failed (client error): The resource could not be found.
2026-05-08 00:37:26.466 9 INFO neutron.wsgi [None req-ad2001fb-73f2-4331-8885-4b23e7aa7e41 cf8adbd87da2496f9fd8738549069a43 27035b6a927844888ba419c7cca09a9e - - default default] 10.0.0.117 "GET /v2.0/security-group-rules/4aed92d3-8601-4a17-97b6-b5ef25926747 HTTP/1.1" status: 404 len: 356 time: 0.0099070
2026-05-08 00:37:26.589 10 INFO neutron.wsgi [None req-f3394659-a988-41ce-ac96-10e0f5a22072 cf8adbd87da2496f9fd8738549069a43 27035b6a927844888ba419c7cca09a9e - - default default] 10.0.0.117 "DELETE /v2.0/security-group-rules/06970a98-6587-4ca7-8c8f-b5e60f020129 HTTP/1.1" status: 204 len: 168 time: 0.1175559
2026-05-08 00:37:26.602 10 INFO neutron.api.v2.resource [None req-24654549-6b99-4c01-aef9-c106d844a544 cf8adbd87da2496f9fd8738549069a43 27035b6a927844888ba419c7cca09a9e - - default default] show failed (client error): The resource could not be found.
2026-05-08 00:37:26.603 10 INFO neutron.wsgi [None req-24654549-6b99-4c01-aef9-c106d844a544 cf8adbd87da2496f9fd8738549069a43 27035b6a927844888ba419c7cca09a9e - - default default] 10.0.0.117 "GET /v2.0/security-group-rules/06970a98-6587-4ca7-8c8f-b5e60f020129 HTTP/1.1" status: 404 len: 356 time: 0.0085785
2026-05-08 00:37:26.711 10 INFO neutron.wsgi [None req-8b22d8ff-9e74-4848-8fb8-f74dbd62d6d3 cf8adbd87da2496f9fd8738549069a43 27035b6a927844888ba419c7cca09a9e - - default default] 10.0.0.117 "DELETE /v2.0/security-group-rules/6e3ea45b-f8c0-427e-96b5-0683fd0436bd HTTP/1.1" status: 204 len: 168 time: 0.1036210
2026-05-08 00:37:26.723 10 INFO neutron.api.v2.resource [None req-cb1296e2-aa0d-4725-906f-5cd0eebf9185 cf8adbd87da2496f9fd8738549069a43 27035b6a927844888ba419c7cca09a9e - - default default] show failed (client error): The resource could not be found.
2026-05-08 00:37:26.725 10 INFO neutron.wsgi [None req-cb1296e2-aa0d-4725-906f-5cd0eebf9185 cf8adbd87da2496f9fd8738549069a43 27035b6a927844888ba419c7cca09a9e - - default default] 10.0.0.117 "GET /v2.0/security-group-rules/6e3ea45b-f8c0-427e-96b5-0683fd0436bd HTTP/1.1" status: 404 len: 356 time: 0.0088458
2026-05-08 00:37:26.848 10 INFO neutron.wsgi [None req-689dfac6-a72f-4c39-8b90-f789e7e55419 cf8adbd87da2496f9fd8738549069a43 27035b6a927844888ba419c7cca09a9e - - default default] 10.0.0.117 "DELETE /v2.0/security-group-rules/243ce761-1e68-4bae-ac5c-92689f21197e HTTP/1.1" status: 204 len: 168 time: 0.1193488
2026-05-08 00:37:26.866 10 INFO neutron.api.v2.resource [None req-e5f453be-7e3f-4485-b947-04afca0abb67 cf8adbd87da2496f9fd8738549069a43 27035b6a927844888ba419c7cca09a9e - - default default] show failed (client error): The resource could not be found.
2026-05-08 00:37:26.867 10 INFO neutron.wsgi [None req-e5f453be-7e3f-4485-b947-04afca0abb67 cf8adbd87da2496f9fd8738549069a43 27035b6a927844888ba419c7cca09a9e - - default default] 10.0.0.117 "GET /v2.0/security-group-rules/243ce761-1e68-4bae-ac5c-92689f21197e HTTP/1.1" status: 404 len: 356 time: 0.0115492
2026-05-08 00:37:26.995 10 INFO neutron.wsgi [None req-c69165e6-6987-4314-a864-48990a94d128 cf8adbd87da2496f9fd8738549069a43 27035b6a927844888ba419c7cca09a9e - - default default] 10.0.0.117 "DELETE /v2.0/security-group-rules/8d70ba16-0b78-409a-93da-491cb5207017 HTTP/1.1" status: 204 len: 168 time: 0.1236768
2026-05-08 00:37:27.009 10 INFO neutron.api.v2.resource [None req-da22930e-76fa-450c-bd8f-baa744f7dbdd cf8adbd87da2496f9fd8738549069a43 27035b6a927844888ba419c7cca09a9e - - default default] show failed (client error): The resource could not be found.
2026-05-08 00:37:27.010 10 INFO neutron.wsgi [None req-da22930e-76fa-450c-bd8f-baa744f7dbdd cf8adbd87da2496f9fd8738549069a43 27035b6a927844888ba419c7cca09a9e - - default default] 10.0.0.117 "GET /v2.0/security-group-rules/8d70ba16-0b78-409a-93da-491cb5207017 HTTP/1.1" status: 404 len: 356 time: 0.0106087
2026-05-08 00:37:27.136 10 INFO neutron.wsgi [None req-799d4f07-8daf-4b7a-a839-7fd5fd3cbcf1 cf8adbd87da2496f9fd8738549069a43 27035b6a927844888ba419c7cca09a9e - - default default] 10.0.0.117 "DELETE /v2.0/security-groups/58a1ef27-19f1-453f-84a1-fe28c7bd42c2 HTTP/1.1" status: 204 len: 168 time: 0.1224415
2026-05-08 00:37:27.151 10 INFO neutron.api.v2.resource [None req-2d893963-df67-401e-936b-4fd98fc8a64e cf8adbd87da2496f9fd8738549069a43 27035b6a927844888ba419c7cca09a9e - - default default] show failed (client error): The resource could not be found.
2026-05-08 00:37:27.152 10 INFO neutron.wsgi [None req-2d893963-df67-401e-936b-4fd98fc8a64e cf8adbd87da2496f9fd8738549069a43 27035b6a927844888ba419c7cca09a9e - - default default] 10.0.0.117 "GET /v2.0/security-groups/58a1ef27-19f1-453f-84a1-fe28c7bd42c2 HTTP/1.1" status: 404 len: 347 time: 0.0104456
2026-05-08 00:37:28.287 10 INFO neutron.wsgi [None req-ff6f066d-dadd-4d6e-b7b9-dd0c6aae17af cf8adbd87da2496f9fd8738549069a43 27035b6a927844888ba419c7cca09a9e - - default default] 10.0.0.117 "PUT /v2.0/routers/c7b9e07b-7b22-4eda-85e0-63c74bd7762d/remove_router_interface HTTP/1.1" status: 200 len: 503 time: 1.0821075 /var/lib/openstack/lib/python3.10/site-packages/pycadf/identifier.py:71: UserWarning: Invalid uuid: neutron. To ensure interoperability, identifiers should be a valid uuid. warnings.warn(('Invalid uuid: %s. To ensure interoperability, '
2026-05-08 00:37:28.429 10 INFO neutron.api.v2.resource [None req-063f94f7-46d9-43fc-8857-ec38791478c3 cf8adbd87da2496f9fd8738549069a43 27035b6a927844888ba419c7cca09a9e - - default default] remove_router_interface failed (client error): The resource could not be found.
2026-05-08 00:37:28.431 10 INFO neutron.wsgi [None req-063f94f7-46d9-43fc-8857-ec38791478c3 cf8adbd87da2496f9fd8738549069a43 27035b6a927844888ba419c7cca09a9e - - default default] 10.0.0.117 "PUT /v2.0/routers/c7b9e07b-7b22-4eda-85e0-63c74bd7762d/remove_router_interface HTTP/1.1" status: 404 len: 399 time: 0.1380014
2026-05-08 00:37:29.288 10 INFO neutron.wsgi [None req-84be71c9-b3d3-4d70-bef5-d2f050ec85f5 cf8adbd87da2496f9fd8738549069a43 27035b6a927844888ba419c7cca09a9e - - default default] 10.0.0.117 "PUT /v2.0/routers/c7b9e07b-7b22-4eda-85e0-63c74bd7762d/remove_router_interface HTTP/1.1" status: 200 len: 503 time: 0.8520939
2026-05-08 00:37:29.405 9 INFO neutron.api.v2.resource [None req-1857df54-98fd-462e-aa28-3306d22e46c9 cf8adbd87da2496f9fd8738549069a43 27035b6a927844888ba419c7cca09a9e - - default default] remove_router_interface failed (client error): The resource could not be found.
2026-05-08 00:37:29.406 9 INFO neutron.wsgi [None req-1857df54-98fd-462e-aa28-3306d22e46c9 cf8adbd87da2496f9fd8738549069a43 27035b6a927844888ba419c7cca09a9e - - default default] 10.0.0.117 "PUT /v2.0/routers/c7b9e07b-7b22-4eda-85e0-63c74bd7762d/remove_router_interface HTTP/1.1" status: 404 len: 399 time: 0.1113565
2026-05-08 00:37:30.214 9 INFO neutron.wsgi [None req-33c4f093-b555-4021-a988-09115e36e1b9 cf8adbd87da2496f9fd8738549069a43 27035b6a927844888ba419c7cca09a9e - - default default] 10.0.0.117 "PUT /v2.0/routers/c7b9e07b-7b22-4eda-85e0-63c74bd7762d/remove_router_interface HTTP/1.1" status: 200 len: 503 time: 0.8023036 /var/lib/openstack/lib/python3.10/site-packages/pycadf/identifier.py:71: UserWarning: Invalid uuid: neutron. To ensure interoperability, identifiers should be a valid uuid. warnings.warn(('Invalid uuid: %s. To ensure interoperability, '
2026-05-08 00:37:30.344 9 INFO neutron.api.v2.resource [None req-a420f312-0db0-4152-af47-3491d6179790 cf8adbd87da2496f9fd8738549069a43 27035b6a927844888ba419c7cca09a9e - - default default] remove_router_interface failed (client error): The resource could not be found.
2026-05-08 00:37:30.346 9 INFO neutron.wsgi [None req-a420f312-0db0-4152-af47-3491d6179790 cf8adbd87da2496f9fd8738549069a43 27035b6a927844888ba419c7cca09a9e - - default default] 10.0.0.117 "PUT /v2.0/routers/c7b9e07b-7b22-4eda-85e0-63c74bd7762d/remove_router_interface HTTP/1.1" status: 404 len: 399 time: 0.1266854
2026-05-08 00:37:31.288 9 INFO neutron.wsgi [None req-013fbbe7-ebb2-4fbc-87e6-5eee478876a3 cf8adbd87da2496f9fd8738549069a43 27035b6a927844888ba419c7cca09a9e - - default default] 10.0.0.117 "DELETE /v2.0/routers/c7b9e07b-7b22-4eda-85e0-63c74bd7762d HTTP/1.1" status: 204 len: 168 time: 0.9364009 /var/lib/openstack/lib/python3.10/site-packages/pycadf/identifier.py:71: UserWarning: Invalid uuid: neutron. To ensure interoperability, identifiers should be a valid uuid. warnings.warn(('Invalid uuid: %s. To ensure interoperability, '
2026-05-08 00:37:31.328 10 INFO neutron.api.v2.resource [None req-085913d9-9743-449a-825f-39ee81fca185 cf8adbd87da2496f9fd8738549069a43 27035b6a927844888ba419c7cca09a9e - - default default] show failed (client error): The resource could not be found.
2026-05-08 00:37:31.329 10 INFO neutron.wsgi [None req-085913d9-9743-449a-825f-39ee81fca185 cf8adbd87da2496f9fd8738549069a43 27035b6a927844888ba419c7cca09a9e - - default default] 10.0.0.117 "GET /v2.0/routers/c7b9e07b-7b22-4eda-85e0-63c74bd7762d HTTP/1.1" status: 404 len: 336 time: 0.0357506
2026-05-08 00:37:31.543 10 INFO neutron.wsgi [None req-3657a07f-466e-4593-b2d5-fd74e6cd8519 cf8adbd87da2496f9fd8738549069a43 27035b6a927844888ba419c7cca09a9e - - default default] 10.0.0.117 "DELETE /v2.0/subnets/8128c33b-2876-4c99-b581-020802ca0ef9 HTTP/1.1" status: 204 len: 168 time: 0.2088726
2026-05-08 00:37:31.570 10 INFO neutron.pecan_wsgi.hooks.translation [None req-6858028b-491f-4440-9b9c-b1d53521d2c9 cf8adbd87da2496f9fd8738549069a43 27035b6a927844888ba419c7cca09a9e - - default default] GET failed (client error): The resource could not be found.
2026-05-08 00:37:31.573 10 INFO neutron.wsgi [None req-6858028b-491f-4440-9b9c-b1d53521d2c9 cf8adbd87da2496f9fd8738549069a43 27035b6a927844888ba419c7cca09a9e - - default default] 10.0.0.117 "GET /v2.0/subnets/8128c33b-2876-4c99-b581-020802ca0ef9 HTTP/1.1" status: 404 len: 337 time: 0.0250690
2026-05-08 00:37:31.755 10 INFO neutron.wsgi [None req-e5045955-a9be-4b57-8161-405937ab0feb cf8adbd87da2496f9fd8738549069a43 27035b6a927844888ba419c7cca09a9e - - default default] 10.0.0.117 "DELETE /v2.0/subnets/fc248fb1-2ff3-4dca-ac09-251992365999 HTTP/1.1" status: 204 len: 168 time: 0.1765561
2026-05-08 00:37:31.774 10 INFO neutron.pecan_wsgi.hooks.translation [None req-5f09a604-b1aa-40b5-b4a5-1af706457df8 cf8adbd87da2496f9fd8738549069a43 27035b6a927844888ba419c7cca09a9e - - default default] GET failed (client error): The resource could not be found.
2026-05-08 00:37:31.775 10 INFO neutron.wsgi [None req-5f09a604-b1aa-40b5-b4a5-1af706457df8 cf8adbd87da2496f9fd8738549069a43 27035b6a927844888ba419c7cca09a9e - - default default] 10.0.0.117 "GET /v2.0/subnets/fc248fb1-2ff3-4dca-ac09-251992365999 HTTP/1.1" status: 404 len: 337 time: 0.0141392
2026-05-08 00:37:32.168 10 INFO neutron.wsgi [None req-d3b7163f-18da-40f2-8082-1a546a62ff46 cf8adbd87da2496f9fd8738549069a43 27035b6a927844888ba419c7cca09a9e - - default default] 10.0.0.117 "DELETE /v2.0/networks/2fb8d6ee-8797-4e55-a20b-af18d80b3c60 HTTP/1.1" status: 204 len: 168 time: 0.3879266
2026-05-08 00:37:32.193 9 INFO neutron.pecan_wsgi.hooks.translation [None req-b5f87bc1-3cd0-4797-bba0-ed12f83db8ef cf8adbd87da2496f9fd8738549069a43 27035b6a927844888ba419c7cca09a9e - - default default] GET failed (client error): The resource could not be found.
2026-05-08 00:37:32.195 9 INFO neutron.wsgi [None req-b5f87bc1-3cd0-4797-bba0-ed12f83db8ef cf8adbd87da2496f9fd8738549069a43 27035b6a927844888ba419c7cca09a9e - - default default] 10.0.0.117 "GET /v2.0/networks/2fb8d6ee-8797-4e55-a20b-af18d80b3c60 HTTP/1.1" status: 404 len: 339 time: 0.0196588
2026-05-08 00:37:32.242 10 INFO neutron.services.segments.plugin [-] Segment 40963bc6-908b-4c6c-b66d-b9814e36b7b5 resource provider aggregate not found
2026-05-08 00:37:32.254 10 INFO neutron.services.segments.plugin [-] Segment 40963bc6-908b-4c6c-b66d-b9814e36b7b5 resource provider aggregate not found
2026-05-08 00:37:32.262 10 INFO neutron.services.segments.plugin [-] Segment 40963bc6-908b-4c6c-b66d-b9814e36b7b5 resource provider not found; error: Placement Client Error (4xx): {"errors": [{"status": 404, "title": "Not Found", "detail": "The resource could not be found.\n\n No resource provider with uuid 40963bc6-908b-4c6c-b66d-b9814e36b7b5 found for delete ", "request_id": "req-8167f3c0-ac40-4b75-bbe7-aa945523bc11"}]}
2026-05-08 00:37:32.268 10 INFO neutron.services.segments.plugin [-] Segment 40963bc6-908b-4c6c-b66d-b9814e36b7b5 resource provider not found; error: Placement Client Error (4xx): {"errors": [{"status": 404, "title": "Not Found", "detail": "The resource could not be found.\n\n No resource provider with uuid 40963bc6-908b-4c6c-b66d-b9814e36b7b5 found for delete ", "request_id": "req-19f1faea-bf27-4308-915b-947c2574ca47"}]}
2026-05-08 00:37:32.380 9 INFO neutron.wsgi [None req-29c42863-8b4d-48b7-a3e4-dee41b1cf308 cf8adbd87da2496f9fd8738549069a43 27035b6a927844888ba419c7cca09a9e - - default default] 10.0.0.117 "DELETE /v2.0/subnets/51b800ed-fa69-4e5b-8e9c-ad142e686208 HTTP/1.1" status: 204 len: 168 time: 0.1785612
2026-05-08 00:37:32.405 9 INFO neutron.pecan_wsgi.hooks.translation [None req-0c2addac-c60a-45c0-b790-917e77d6e2b1 cf8adbd87da2496f9fd8738549069a43 27035b6a927844888ba419c7cca09a9e - - default default] GET failed (client error): The resource could not be found.
2026-05-08 00:37:32.407 9 INFO neutron.wsgi [None req-0c2addac-c60a-45c0-b790-917e77d6e2b1 cf8adbd87da2496f9fd8738549069a43 27035b6a927844888ba419c7cca09a9e - - default default] 10.0.0.117 "GET /v2.0/subnets/51b800ed-fa69-4e5b-8e9c-ad142e686208 HTTP/1.1" status: 404 len: 337 time: 0.0204852
2026-05-08 00:37:32.646 9 INFO neutron.wsgi [None req-94d97ae6-c609-41d6-a783-606a79c58ef8 cf8adbd87da2496f9fd8738549069a43 27035b6a927844888ba419c7cca09a9e - - default default] 10.0.0.117 "DELETE /v2.0/subnets/35deced2-967c-45ff-800b-71ab4657421c HTTP/1.1" status: 204 len: 168 time: 0.2343082
2026-05-08 00:37:32.667 9 INFO neutron.pecan_wsgi.hooks.translation [None req-8063794c-e57d-4274-b3b7-f85b45652508 cf8adbd87da2496f9fd8738549069a43 27035b6a927844888ba419c7cca09a9e - - default default] GET failed (client error): The resource could not be found.
2026-05-08 00:37:32.668 9 INFO neutron.wsgi [None req-8063794c-e57d-4274-b3b7-f85b45652508 cf8adbd87da2496f9fd8738549069a43 27035b6a927844888ba419c7cca09a9e - - default default] 10.0.0.117 "GET /v2.0/subnets/35deced2-967c-45ff-800b-71ab4657421c HTTP/1.1" status: 404 len: 337 time: 0.0169771
2026-05-08 00:37:33.079 9 INFO neutron.wsgi [None req-b4e5e012-1d85-4d23-b0b1-038be015075e cf8adbd87da2496f9fd8738549069a43 27035b6a927844888ba419c7cca09a9e - - default default] 10.0.0.117 "DELETE /v2.0/networks/8e2fa504-ea41-4c77-9dc5-cbd843e6d74b HTTP/1.1" status: 204 len: 168 time: 0.4059560
2026-05-08 00:37:33.087 9 INFO neutron.services.segments.plugin [-] Segment d42f1803-3f8f-430f-b92c-690f3c54776a resource provider aggregate not found
2026-05-08 00:37:33.093 9 INFO neutron.services.segments.plugin [-] Segment d42f1803-3f8f-430f-b92c-690f3c54776a resource provider aggregate not found
2026-05-08 00:37:33.101 10 INFO neutron.pecan_wsgi.hooks.translation [None req-7f5b2b9a-a296-4450-bda2-899194dbb6ca cf8adbd87da2496f9fd8738549069a43 27035b6a927844888ba419c7cca09a9e - - default default] GET failed (client error): The resource could not be found.
2026-05-08 00:37:33.102 10 INFO neutron.wsgi [None req-7f5b2b9a-a296-4450-bda2-899194dbb6ca cf8adbd87da2496f9fd8738549069a43 27035b6a927844888ba419c7cca09a9e - - default default] 10.0.0.117 "GET /v2.0/networks/8e2fa504-ea41-4c77-9dc5-cbd843e6d74b HTTP/1.1" status: 404 len: 339 time: 0.0175700
2026-05-08 00:37:33.106 9 INFO neutron.services.segments.plugin [-] Segment d42f1803-3f8f-430f-b92c-690f3c54776a resource provider not found; error: Placement Client Error (4xx): {"errors": [{"status": 404, "title": "Not Found", "detail": "The resource could not be found.\n\n No resource provider with uuid d42f1803-3f8f-430f-b92c-690f3c54776a found for delete ", "request_id": "req-52ff210c-9ebe-4506-ae61-c0ee62431972"}]}
2026-05-08 00:37:33.108 9 INFO neutron.services.segments.plugin [-] Segment d42f1803-3f8f-430f-b92c-690f3c54776a resource provider not found; error: Placement Client Error (4xx): {"errors": [{"status": 404, "title": "Not Found", "detail": "The resource could not be found.\n\n No resource provider with uuid d42f1803-3f8f-430f-b92c-690f3c54776a found for delete ", "request_id": "req-3c9c58af-d29b-4b4d-9849-f9954ef83eff"}]}
2026-05-08 00:37:33.291 10 INFO neutron.wsgi [None req-442f4845-b014-4829-90e7-d3cd57506623 cf8adbd87da2496f9fd8738549069a43 27035b6a927844888ba419c7cca09a9e - - default default] 10.0.0.117 "DELETE /v2.0/subnets/e9df4b32-3dd8-4618-b700-b87e0b05ac03 HTTP/1.1" status: 204 len: 168 time: 0.1835716
2026-05-08 00:37:33.311 10 INFO neutron.pecan_wsgi.hooks.translation [None req-ac4b7976-6e86-489a-8d9e-b54f24203e51 cf8adbd87da2496f9fd8738549069a43 27035b6a927844888ba419c7cca09a9e - - default default] GET failed (client error): The resource could not be found.
2026-05-08 00:37:33.312 10 INFO neutron.wsgi [None req-ac4b7976-6e86-489a-8d9e-b54f24203e51 cf8adbd87da2496f9fd8738549069a43 27035b6a927844888ba419c7cca09a9e - - default default] 10.0.0.117 "GET /v2.0/subnets/e9df4b32-3dd8-4618-b700-b87e0b05ac03 HTTP/1.1" status: 404 len: 337 time: 0.0155683
2026-05-08 00:37:33.489 10 INFO neutron.wsgi [None req-c5135979-9641-48a2-9ae2-b6542bf7290e cf8adbd87da2496f9fd8738549069a43 27035b6a927844888ba419c7cca09a9e - - default default] 10.0.0.117 "DELETE /v2.0/subnets/7348e34e-1ece-4c48-bc08-a451d36f89dd HTTP/1.1" status: 204 len: 168 time: 0.1730926
2026-05-08 00:37:33.511 10 INFO neutron.pecan_wsgi.hooks.translation [None req-83d57e84-8e03-44fc-84c3-933653cace92 cf8adbd87da2496f9fd8738549069a43 27035b6a927844888ba419c7cca09a9e - - default default] GET failed (client error): The resource could not be found.
2026-05-08 00:37:33.513 10 INFO neutron.wsgi [None req-83d57e84-8e03-44fc-84c3-933653cace92 cf8adbd87da2496f9fd8738549069a43 27035b6a927844888ba419c7cca09a9e - - default default] 10.0.0.117 "GET /v2.0/subnets/7348e34e-1ece-4c48-bc08-a451d36f89dd HTTP/1.1" status: 404 len: 337 time: 0.0172753
2026-05-08 00:37:33.876 10 INFO neutron.wsgi [None req-84614385-5f46-4fb8-947f-5d7d21a5e033 cf8adbd87da2496f9fd8738549069a43 27035b6a927844888ba419c7cca09a9e - - default default] 10.0.0.117 "DELETE /v2.0/networks/f89c4e96-d75f-47b6-a14a-ac495505e0c8 HTTP/1.1" status: 204 len: 168 time: 0.3584328
2026-05-08 00:37:33.911 10 INFO neutron.pecan_wsgi.hooks.translation [None req-116a2cab-1a46-43cd-84f5-b4617b689c07 cf8adbd87da2496f9fd8738549069a43 27035b6a927844888ba419c7cca09a9e - - default default] GET failed (client error): The resource could not be found.
2026-05-08 00:37:33.912 10 INFO neutron.wsgi [None req-116a2cab-1a46-43cd-84f5-b4617b689c07 cf8adbd87da2496f9fd8738549069a43 27035b6a927844888ba419c7cca09a9e - - default default] 10.0.0.117 "GET /v2.0/networks/f89c4e96-d75f-47b6-a14a-ac495505e0c8 HTTP/1.1" status: 404 len: 339 time: 0.0173032
2026-05-08 00:37:34.283 10 INFO neutron.services.segments.plugin [-] Segment 08e8d400-744d-4505-8a46-33bb0a90136f resource provider aggregate not found
2026-05-08 00:37:34.289 10 INFO neutron.services.segments.plugin [-] Segment 08e8d400-744d-4505-8a46-33bb0a90136f resource provider aggregate not found
2026-05-08 00:37:34.305 10 INFO neutron.services.segments.plugin [-] Segment 08e8d400-744d-4505-8a46-33bb0a90136f resource provider not found; error: Placement Client Error (4xx): {"errors": [{"status": 404, "title": "Not Found", "detail": "The resource could not be found.\n\n No resource provider with uuid 08e8d400-744d-4505-8a46-33bb0a90136f found for delete ", "request_id": "req-b3b080da-3ef1-46d9-95a6-09c8a68a440c"}]}
2026-05-08 00:37:34.306 10 INFO neutron.services.segments.plugin [-] Segment 08e8d400-744d-4505-8a46-33bb0a90136f resource provider not found; error: Placement Client Error (4xx): {"errors": [{"status": 404, "title": "Not Found", "detail": "The resource could not be found.\n\n No resource provider with uuid 08e8d400-744d-4505-8a46-33bb0a90136f found for delete ", "request_id": "req-99d1f09a-a5af-479f-8dd4-4cae0cd7dcc5"}]}
2026-05-08 00:37:36.232 9 INFO neutron.db.ovn_revision_numbers_db [None req-3e549ca1-9f03-439e-aca0-c9e90a131967 0463e353845149b3925bd849625498db 1d5d15bc86544c60ada5cc17c75da708 - - default default] Successfully bumped revision number for resource 45ad2f9a-50c7-429d-8210-8f9ba8ed57b1 (type: security_groups) to 1
2026-05-08 00:37:36.249 9 INFO neutron.db.ovn_revision_numbers_db [None req-3e549ca1-9f03-439e-aca0-c9e90a131967 0463e353845149b3925bd849625498db 1d5d15bc86544c60ada5cc17c75da708 - - default default] Successfully bumped revision number for resource 0ee78c63-f0ac-40ba-afb2-8170817fce82 (type: security_group_rules) to 0
2026-05-08 00:37:36.263 9 INFO neutron.db.ovn_revision_numbers_db [None req-3e549ca1-9f03-439e-aca0-c9e90a131967 0463e353845149b3925bd849625498db 1d5d15bc86544c60ada5cc17c75da708 - - default default] Successfully bumped revision number for resource 713715a1-7d08-4f5b-a656-1aed4ccf1d1b (type: security_group_rules) to 0
2026-05-08 00:37:36.279 9 INFO neutron.db.ovn_revision_numbers_db [None req-3e549ca1-9f03-439e-aca0-c9e90a131967 0463e353845149b3925bd849625498db 1d5d15bc86544c60ada5cc17c75da708 - - default default] Successfully bumped revision number for resource 901a37ec-e2b5-4798-b4e9-84e30c5b7a2c (type: security_group_rules) to 0
2026-05-08 00:37:36.292 9 INFO neutron.db.ovn_revision_numbers_db [None req-3e549ca1-9f03-439e-aca0-c9e90a131967 0463e353845149b3925bd849625498db 1d5d15bc86544c60ada5cc17c75da708 - - default default] Successfully bumped revision number for resource c2965224-ca42-4e67-acbe-fae296df2809 (type: security_group_rules) to 0
2026-05-08 00:37:36.318 9 INFO neutron.wsgi [None req-3e549ca1-9f03-439e-aca0-c9e90a131967 0463e353845149b3925bd849625498db 1d5d15bc86544c60ada5cc17c75da708 - - default default] 10.0.0.117 "GET /v2.0/security-groups?tenant_id=58e62540af984e6583b88adab53cd03c&name=default HTTP/1.1" status: 200 len: 3000 time: 0.3485513
2026-05-08 00:37:36.519 10 INFO neutron.wsgi [None req-50612b94-081f-4580-b762-00bcb504cf84 0463e353845149b3925bd849625498db 1d5d15bc86544c60ada5cc17c75da708 - - default default] 10.0.0.117 "DELETE /v2.0/security-groups/45ad2f9a-50c7-429d-8210-8f9ba8ed57b1 HTTP/1.1" status: 204 len: 168 time: 0.1947379
2026-05-08 00:37:36.707 9 INFO neutron.db.ovn_revision_numbers_db [None req-312aba31-b911-492c-aafc-c20e6fe5b176 0463e353845149b3925bd849625498db 1d5d15bc86544c60ada5cc17c75da708 - - default default] Successfully bumped revision number for resource 6ccb84ae-b63d-4750-848d-8dabc834c6d6 (type: security_groups) to 1
2026-05-08 00:37:36.724 9 INFO neutron.db.ovn_revision_numbers_db [None req-312aba31-b911-492c-aafc-c20e6fe5b176 0463e353845149b3925bd849625498db 1d5d15bc86544c60ada5cc17c75da708 - - default default] Successfully bumped revision number for resource 363e51b7-a19f-4546-8aaf-2b25018aeb7b (type: security_group_rules) to 0
2026-05-08 00:37:36.738 9 INFO neutron.db.ovn_revision_numbers_db [None req-312aba31-b911-492c-aafc-c20e6fe5b176 0463e353845149b3925bd849625498db 1d5d15bc86544c60ada5cc17c75da708 - - default default] Successfully bumped revision number for resource 59cf2c91-5ac1-4140-80a6-c8f7b7431d68 (type: security_group_rules) to 0
2026-05-08 00:37:36.751 9 INFO neutron.db.ovn_revision_numbers_db [None req-312aba31-b911-492c-aafc-c20e6fe5b176 0463e353845149b3925bd849625498db 1d5d15bc86544c60ada5cc17c75da708 - - default default] Successfully bumped revision number for resource 8c23e392-94e0-4428-b12a-91d7f32583bd (type: security_group_rules) to 0
2026-05-08 00:37:36.765 9 INFO neutron.db.ovn_revision_numbers_db [None req-312aba31-b911-492c-aafc-c20e6fe5b176 0463e353845149b3925bd849625498db 1d5d15bc86544c60ada5cc17c75da708 - - default default] Successfully bumped revision number for resource d3b311a9-47ee-44c6-b0c7-3c353360969f (type: security_group_rules) to 0
2026-05-08 00:37:36.789 9 INFO neutron.wsgi [None req-312aba31-b911-492c-aafc-c20e6fe5b176 0463e353845149b3925bd849625498db 1d5d15bc86544c60ada5cc17c75da708 - - default default] 10.0.0.117 "GET /v2.0/security-groups?tenant_id=78bd10431746421bb1dd6b2e8d4478f1&name=default HTTP/1.1" status: 200 len: 3000 time: 0.1840272
2026-05-08 00:37:36.991 9 INFO neutron.wsgi [None req-5cdaaea1-5740-4a5c-bebb-89b6c796410e 0463e353845149b3925bd849625498db 1d5d15bc86544c60ada5cc17c75da708 - - default default] 10.0.0.117 "DELETE /v2.0/security-groups/6ccb84ae-b63d-4750-848d-8dabc834c6d6 HTTP/1.1" status: 204 len: 168 time: 0.1964033
2026-05-08 00:37:37.272 10 INFO neutron.db.ovn_revision_numbers_db [None req-29f494db-f649-4022-9dba-718d3fa248b6 0463e353845149b3925bd849625498db 1d5d15bc86544c60ada5cc17c75da708 - - default default] Successfully bumped revision number for resource b72094e5-9164-464a-8900-b36fce5130b3 (type: security_groups) to 1
2026-05-08 00:37:37.287 10 INFO neutron.db.ovn_revision_numbers_db [None req-29f494db-f649-4022-9dba-718d3fa248b6 0463e353845149b3925bd849625498db 1d5d15bc86544c60ada5cc17c75da708 - - default default] Successfully bumped revision number for resource 146402ac-9a3e-49b7-945a-b330943c5821 (type: security_group_rules) to 0
2026-05-08 00:37:37.302 10 INFO neutron.db.ovn_revision_numbers_db [None req-29f494db-f649-4022-9dba-718d3fa248b6 0463e353845149b3925bd849625498db 1d5d15bc86544c60ada5cc17c75da708 - - default default] Successfully bumped revision number for resource 2ed49e87-c009-45f6-aa6e-5a747b6b25fc (type: security_group_rules) to 0
2026-05-08 00:37:37.330 10 INFO neutron.db.ovn_revision_numbers_db [None req-29f494db-f649-4022-9dba-718d3fa248b6 0463e353845149b3925bd849625498db 1d5d15bc86544c60ada5cc17c75da708 - - default default] Successfully bumped revision number for resource 8783940a-ac4e-42e3-b0ca-5ea932056149 (type: security_group_rules) to 0
2026-05-08 00:37:37.343 10 INFO neutron.db.ovn_revision_numbers_db [None req-29f494db-f649-4022-9dba-718d3fa248b6 0463e353845149b3925bd849625498db 1d5d15bc86544c60ada5cc17c75da708 - - default default] Successfully bumped revision number for resource a86ab0f3-3787-44c8-97f6-c66714a68383 (type: security_group_rules) to 0
