Apr 18 18:06:16.848929 np0000167501 nova-conductor[112043]: DEBUG cotyledon.oslo_config_glue [-] vmware.pbm_enabled = False {{(pid=112043) log_opt_values /opt/stack/data/venv/lib/python3.12/site-packages/oslo_config/cfg.py:3006}}
Apr 18 18:06:16.848929 np0000167501 nova-conductor[112043]: DEBUG cotyledon.oslo_config_glue [-] vmware.pbm_wsdl_location = None {{(pid=112043) log_opt_values /opt/stack/data/venv/lib/python3.12/site-packages/oslo_config/cfg.py:3006}}
Apr 18 18:06:16.848929 np0000167501 nova-conductor[112043]: DEBUG cotyledon.oslo_config_glue [-] vmware.serial_log_dir = /opt/vmware/vspc {{(pid=112043) log_opt_values /opt/stack/data/venv/lib/python3.12/site-packages/oslo_config/cfg.py:3006}}
Apr 18 18:06:16.849137 np0000167501 nova-conductor[112043]: DEBUG cotyledon.oslo_config_glue [-] vmware.serial_port_proxy_uri = None {{(pid=112043) log_opt_values /opt/stack/data/venv/lib/python3.12/site-packages/oslo_config/cfg.py:3006}}
Apr 18 18:06:16.849137 np0000167501 nova-conductor[112043]: DEBUG cotyledon.oslo_config_glue [-] vmware.serial_port_service_uri = None {{(pid=112043) log_opt_values /opt/stack/data/venv/lib/python3.12/site-packages/oslo_config/cfg.py:3006}}
Apr 18 18:06:16.849137 np0000167501 nova-conductor[112043]: DEBUG cotyledon.oslo_config_glue [-] vmware.task_poll_interval = 0.5 {{(pid=112043) log_opt_values /opt/stack/data/venv/lib/python3.12/site-packages/oslo_config/cfg.py:3006}}
Apr 18 18:06:16.849137 np0000167501 nova-conductor[112043]: DEBUG cotyledon.oslo_config_glue [-] vmware.use_linked_clone = True {{(pid=112043) log_opt_values /opt/stack/data/venv/lib/python3.12/site-packages/oslo_config/cfg.py:3006}}
Apr 18 18:06:16.849137 np0000167501 nova-conductor[112043]: DEBUG cotyledon.oslo_config_glue [-] vmware.vnc_keymap = en-us {{(pid=112043) log_opt_values /opt/stack/data/venv/lib/python3.12/site-packages/oslo_config/cfg.py:3006}}
Apr 18 18:06:16.849137 np0000167501 nova-conductor[112043]: DEBUG cotyledon.oslo_config_glue [-] vmware.vnc_port = 5900 {{(pid=112043) log_opt_values /opt/stack/data/venv/lib/python3.12/site-packages/oslo_config/cfg.py:3006}}
Apr 18 18:06:16.849137 np0000167501 nova-conductor[112043]: DEBUG cotyledon.oslo_config_glue [-] vmware.vnc_port_total = 10000 {{(pid=112043) log_opt_values /opt/stack/data/venv/lib/python3.12/site-packages/oslo_config/cfg.py:3006}}
Apr 18 18:06:16.849137 np0000167501 nova-conductor[112043]: DEBUG cotyledon.oslo_config_glue [-] vnc.auth_schemes = ['none'] {{(pid=112043) log_opt_values /opt/stack/data/venv/lib/python3.12/site-packages/oslo_config/cfg.py:3006}}
Apr 18 18:06:16.849137 np0000167501 nova-conductor[112043]: DEBUG cotyledon.oslo_config_glue [-] vnc.enabled = True {{(pid=112043) log_opt_values /opt/stack/data/venv/lib/python3.12/site-packages/oslo_config/cfg.py:3006}}
Apr 18 18:06:16.849370 np0000167501 nova-conductor[112043]: DEBUG cotyledon.oslo_config_glue [-] vnc.novncproxy_base_url = http://127.0.0.1:6080/vnc_auto.html {{(pid=112043) log_opt_values /opt/stack/data/venv/lib/python3.12/site-packages/oslo_config/cfg.py:3006}}
Apr 18 18:06:16.849370 np0000167501 nova-conductor[112043]: DEBUG cotyledon.oslo_config_glue [-] vnc.novncproxy_host = 0.0.0.0 {{(pid=112043) log_opt_values /opt/stack/data/venv/lib/python3.12/site-packages/oslo_config/cfg.py:3006}}
Apr 18 18:06:16.849370 np0000167501 nova-conductor[112043]: DEBUG cotyledon.oslo_config_glue [-] vnc.novncproxy_port = 6080 {{(pid=112043) log_opt_values /opt/stack/data/venv/lib/python3.12/site-packages/oslo_config/cfg.py:3006}}
Apr 18 18:06:16.849370 np0000167501 nova-conductor[112043]: DEBUG cotyledon.oslo_config_glue [-] vnc.server_listen = 127.0.0.1 {{(pid=112043) log_opt_values /opt/stack/data/venv/lib/python3.12/site-packages/oslo_config/cfg.py:3006}}
Apr 18 18:06:16.849370 np0000167501 nova-conductor[112043]: DEBUG cotyledon.oslo_config_glue [-] vnc.server_proxyclient_address = 127.0.0.1 {{(pid=112043) log_opt_values /opt/stack/data/venv/lib/python3.12/site-packages/oslo_config/cfg.py:3006}}
Apr 18 18:06:16.849370 np0000167501 nova-conductor[112043]: DEBUG cotyledon.oslo_config_glue [-] vnc.vencrypt_ca_certs = None {{(pid=112043) log_opt_values /opt/stack/data/venv/lib/python3.12/site-packages/oslo_config/cfg.py:3006}}
Apr 18 18:06:16.849370 np0000167501 nova-conductor[112043]: DEBUG cotyledon.oslo_config_glue [-] vnc.vencrypt_client_cert = None {{(pid=112043) log_opt_values /opt/stack/data/venv/lib/python3.12/site-packages/oslo_config/cfg.py:3006}}
Apr 18 18:06:16.849370 np0000167501 nova-conductor[112043]: DEBUG cotyledon.oslo_config_glue [-] vnc.vencrypt_client_key = None {{(pid=112043) log_opt_values /opt/stack/data/venv/lib/python3.12/site-packages/oslo_config/cfg.py:3006}}
Apr 18 18:06:16.849370 np0000167501 nova-conductor[112043]: DEBUG cotyledon.oslo_config_glue [-] workarounds.disable_compute_service_check_for_ffu = False {{(pid=112043) log_opt_values /opt/stack/data/venv/lib/python3.12/site-packages/oslo_config/cfg.py:3006}}
Apr 18 18:06:16.849579 np0000167501 nova-conductor[112043]: DEBUG cotyledon.oslo_config_glue [-] workarounds.disable_deep_image_inspection = False {{(pid=112043) log_opt_values /opt/stack/data/venv/lib/python3.12/site-packages/oslo_config/cfg.py:3006}}
Apr 18 18:06:16.849579 np0000167501 nova-conductor[112043]: DEBUG cotyledon.oslo_config_glue [-] workarounds.disable_fallback_pcpu_query = False {{(pid=112043) log_opt_values /opt/stack/data/venv/lib/python3.12/site-packages/oslo_config/cfg.py:3006}}
Apr 18 18:06:16.849579 np0000167501 nova-conductor[112043]: DEBUG cotyledon.oslo_config_glue [-] workarounds.disable_group_policy_check_upcall = False {{(pid=112043) log_opt_values /opt/stack/data/venv/lib/python3.12/site-packages/oslo_config/cfg.py:3006}}
Apr 18 18:06:16.849579 np0000167501 nova-conductor[112043]: DEBUG cotyledon.oslo_config_glue [-] workarounds.disable_libvirt_livesnapshot = False {{(pid=112043) log_opt_values /opt/stack/data/venv/lib/python3.12/site-packages/oslo_config/cfg.py:3006}}
Apr 18 18:06:16.849579 np0000167501 nova-conductor[112043]: DEBUG cotyledon.oslo_config_glue [-] workarounds.disable_rootwrap = False {{(pid=112043) log_opt_values /opt/stack/data/venv/lib/python3.12/site-packages/oslo_config/cfg.py:3006}}
Apr 18 18:06:16.849579 np0000167501 nova-conductor[112043]: DEBUG cotyledon.oslo_config_glue [-] workarounds.enable_numa_live_migration = False {{(pid=112043) log_opt_values /opt/stack/data/venv/lib/python3.12/site-packages/oslo_config/cfg.py:3006}}
Apr 18 18:06:16.849579 np0000167501 nova-conductor[112043]: DEBUG cotyledon.oslo_config_glue [-] workarounds.enable_qemu_monitor_announce_self = False {{(pid=112043) log_opt_values /opt/stack/data/venv/lib/python3.12/site-packages/oslo_config/cfg.py:3006}}
Apr 18 18:06:16.849579 np0000167501 nova-conductor[112043]: DEBUG cotyledon.oslo_config_glue [-] workarounds.ensure_libvirt_rbd_instance_dir_cleanup = False {{(pid=112043) log_opt_values /opt/stack/data/venv/lib/python3.12/site-packages/oslo_config/cfg.py:3006}}
Apr 18 18:06:16.849579 np0000167501 nova-conductor[112043]: DEBUG cotyledon.oslo_config_glue [-] workarounds.handle_virt_lifecycle_events = True {{(pid=112043) log_opt_values /opt/stack/data/venv/lib/python3.12/site-packages/oslo_config/cfg.py:3006}}
Apr 18 18:06:16.849788 np0000167501 nova-conductor[112043]: DEBUG cotyledon.oslo_config_glue [-] workarounds.libvirt_disable_apic = False {{(pid=112043) log_opt_values /opt/stack/data/venv/lib/python3.12/site-packages/oslo_config/cfg.py:3006}}
Apr 18 18:06:16.849788 np0000167501 nova-conductor[112043]: DEBUG cotyledon.oslo_config_glue [-] workarounds.never_download_image_if_on_rbd = False {{(pid=112043) log_opt_values /opt/stack/data/venv/lib/python3.12/site-packages/oslo_config/cfg.py:3006}}
Apr 18 18:06:16.849788 np0000167501 nova-conductor[112043]: DEBUG cotyledon.oslo_config_glue [-] workarounds.qemu_monitor_announce_self_count = 3 {{(pid=112043) log_opt_values /opt/stack/data/venv/lib/python3.12/site-packages/oslo_config/cfg.py:3006}}
Apr 18 18:06:16.849788 np0000167501 nova-conductor[112043]: DEBUG cotyledon.oslo_config_glue [-] workarounds.qemu_monitor_announce_self_interval = 1 {{(pid=112043) log_opt_values /opt/stack/data/venv/lib/python3.12/site-packages/oslo_config/cfg.py:3006}}
Apr 18 18:06:16.849788 np0000167501 nova-conductor[112043]: DEBUG cotyledon.oslo_config_glue [-] workarounds.reserve_disk_resource_for_image_cache = False {{(pid=112043) log_opt_values /opt/stack/data/venv/lib/python3.12/site-packages/oslo_config/cfg.py:3006}}
Apr 18 18:06:16.849788 np0000167501 nova-conductor[112043]: DEBUG cotyledon.oslo_config_glue [-] workarounds.skip_cpu_compare_at_startup = False {{(pid=112043) log_opt_values /opt/stack/data/venv/lib/python3.12/site-packages/oslo_config/cfg.py:3006}}
Apr 18 18:06:16.849788 np0000167501 nova-conductor[112043]: DEBUG cotyledon.oslo_config_glue [-] workarounds.skip_cpu_compare_on_dest = False {{(pid=112043) log_opt_values /opt/stack/data/venv/lib/python3.12/site-packages/oslo_config/cfg.py:3006}}
Apr 18 18:06:16.849788 np0000167501 nova-conductor[112043]: DEBUG cotyledon.oslo_config_glue [-] workarounds.skip_hypervisor_version_check_on_lm = False {{(pid=112043) log_opt_values /opt/stack/data/venv/lib/python3.12/site-packages/oslo_config/cfg.py:3006}}
Apr 18 18:06:16.849788 np0000167501 nova-conductor[112043]: DEBUG cotyledon.oslo_config_glue [-] workarounds.skip_reserve_in_use_ironic_nodes = False {{(pid=112043) log_opt_values /opt/stack/data/venv/lib/python3.12/site-packages/oslo_config/cfg.py:3006}}
Apr 18 18:06:16.850010 np0000167501 nova-conductor[112043]: DEBUG cotyledon.oslo_config_glue [-] workarounds.unified_limits_count_pcpu_as_vcpu = False {{(pid=112043) log_opt_values /opt/stack/data/venv/lib/python3.12/site-packages/oslo_config/cfg.py:3006}}
Apr 18 18:06:16.850010 np0000167501 nova-conductor[112043]: DEBUG cotyledon.oslo_config_glue [-] workarounds.wait_for_vif_plugged_event_during_hard_reboot = [] {{(pid=112043) log_opt_values /opt/stack/data/venv/lib/python3.12/site-packages/oslo_config/cfg.py:3006}}
Apr 18 18:06:16.850010 np0000167501 nova-conductor[112043]: DEBUG cotyledon.oslo_config_glue [-] wsgi.api_paste_config = /etc/nova/api-paste.ini {{(pid=112043) log_opt_values /opt/stack/data/venv/lib/python3.12/site-packages/oslo_config/cfg.py:3006}}
Apr 18 18:06:16.850010 np0000167501 nova-conductor[112043]: DEBUG cotyledon.oslo_config_glue [-] wsgi.secure_proxy_ssl_header = None {{(pid=112043) log_opt_values /opt/stack/data/venv/lib/python3.12/site-packages/oslo_config/cfg.py:3006}}
Apr 18 18:06:16.850010 np0000167501 nova-conductor[112043]: DEBUG cotyledon.oslo_config_glue [-] zvm.ca_file = None {{(pid=112043) log_opt_values /opt/stack/data/venv/lib/python3.12/site-packages/oslo_config/cfg.py:3006}}
Apr 18 18:06:16.850010 np0000167501 nova-conductor[112043]: DEBUG cotyledon.oslo_config_glue [-] zvm.cloud_connector_url = None {{(pid=112043) log_opt_values /opt/stack/data/venv/lib/python3.12/site-packages/oslo_config/cfg.py:3006}}
Apr 18 18:06:16.850010 np0000167501 nova-conductor[112043]: DEBUG cotyledon.oslo_config_glue [-] zvm.image_tmp_path = /opt/stack/data/nova/images {{(pid=112043) log_opt_values /opt/stack/data/venv/lib/python3.12/site-packages/oslo_config/cfg.py:3006}}
Apr 18 18:06:16.850010 np0000167501 nova-conductor[112043]: DEBUG cotyledon.oslo_config_glue [-] zvm.reachable_timeout = 300 {{(pid=112043) log_opt_values /opt/stack/data/venv/lib/python3.12/site-packages/oslo_config/cfg.py:3006}}
Apr 18 18:06:16.850010 np0000167501 nova-conductor[112043]: DEBUG cotyledon.oslo_config_glue [-] oslo_versionedobjects.fatal_exception_format_errors = False {{(pid=112043) log_opt_values /opt/stack/data/venv/lib/python3.12/site-packages/oslo_config/cfg.py:3006}}
Apr 18 18:06:16.850226 np0000167501 nova-conductor[112043]: DEBUG cotyledon.oslo_config_glue [-] oslo_middleware.http_basic_auth_user_file = /etc/htpasswd {{(pid=112043) log_opt_values /opt/stack/data/venv/lib/python3.12/site-packages/oslo_config/cfg.py:3006}}
Apr 18 18:06:16.850226 np0000167501 nova-conductor[112043]: DEBUG cotyledon.oslo_config_glue [-] profiler.connection_string = messaging:// {{(pid=112043) log_opt_values /opt/stack/data/venv/lib/python3.12/site-packages/oslo_config/cfg.py:3006}}
Apr 18 18:06:16.850226 np0000167501 nova-conductor[112043]: DEBUG cotyledon.oslo_config_glue [-] profiler.enabled = False {{(pid=112043) log_opt_values /opt/stack/data/venv/lib/python3.12/site-packages/oslo_config/cfg.py:3006}}
Apr 18 18:06:16.850226 np0000167501 nova-conductor[112043]: DEBUG cotyledon.oslo_config_glue [-] profiler.es_doc_type = notification {{(pid=112043) log_opt_values /opt/stack/data/venv/lib/python3.12/site-packages/oslo_config/cfg.py:3006}}
Apr 18 18:06:16.850226 np0000167501 nova-conductor[112043]: DEBUG cotyledon.oslo_config_glue [-] profiler.es_scroll_size = 10000 {{(pid=112043) log_opt_values /opt/stack/data/venv/lib/python3.12/site-packages/oslo_config/cfg.py:3006}}
Apr 18 18:06:16.850226 np0000167501 nova-conductor[112043]: DEBUG cotyledon.oslo_config_glue [-] profiler.es_scroll_time = 2m {{(pid=112043) log_opt_values /opt/stack/data/venv/lib/python3.12/site-packages/oslo_config/cfg.py:3006}}
Apr 18 18:06:16.850226 np0000167501 nova-conductor[112043]: DEBUG cotyledon.oslo_config_glue [-] profiler.filter_error_trace = False {{(pid=112043) log_opt_values /opt/stack/data/venv/lib/python3.12/site-packages/oslo_config/cfg.py:3006}}
Apr 18 18:06:16.850226 np0000167501 nova-conductor[112043]: DEBUG cotyledon.oslo_config_glue [-] profiler.hmac_keys = **** {{(pid=112043) log_opt_values /opt/stack/data/venv/lib/python3.12/site-packages/oslo_config/cfg.py:3006}}
Apr 18 18:06:16.850226 np0000167501 nova-conductor[112043]: DEBUG cotyledon.oslo_config_glue [-] profiler.sentinel_service_name = mymaster {{(pid=112043) log_opt_values /opt/stack/data/venv/lib/python3.12/site-packages/oslo_config/cfg.py:3006}}
Apr 18 18:06:16.850522 np0000167501 nova-conductor[112043]: DEBUG cotyledon.oslo_config_glue [-] profiler.socket_timeout = 0.1 {{(pid=112043) log_opt_values /opt/stack/data/venv/lib/python3.12/site-packages/oslo_config/cfg.py:3006}}
Apr 18 18:06:16.850522 np0000167501 nova-conductor[112043]: DEBUG cotyledon.oslo_config_glue [-] profiler.trace_requests = False {{(pid=112043) log_opt_values /opt/stack/data/venv/lib/python3.12/site-packages/oslo_config/cfg.py:3006}}
Apr 18 18:06:16.850522 np0000167501 nova-conductor[112043]: DEBUG cotyledon.oslo_config_glue [-] profiler.trace_sqlalchemy = False {{(pid=112043) log_opt_values /opt/stack/data/venv/lib/python3.12/site-packages/oslo_config/cfg.py:3006}}
Apr 18 18:06:16.850522 np0000167501 nova-conductor[112043]: DEBUG cotyledon.oslo_config_glue [-] profiler_jaeger.process_tags = {} {{(pid=112043) log_opt_values /opt/stack/data/venv/lib/python3.12/site-packages/oslo_config/cfg.py:3006}}
Apr 18 18:06:16.850522 np0000167501 nova-conductor[112043]: DEBUG cotyledon.oslo_config_glue [-] profiler_jaeger.service_name_prefix = None {{(pid=112043) log_opt_values /opt/stack/data/venv/lib/python3.12/site-packages/oslo_config/cfg.py:3006}}
Apr 18 18:06:16.850522 np0000167501 nova-conductor[112043]: DEBUG cotyledon.oslo_config_glue [-] profiler_otlp.service_name_prefix = None {{(pid=112043) log_opt_values /opt/stack/data/venv/lib/python3.12/site-packages/oslo_config/cfg.py:3006}}
Apr 18 18:06:16.850522 np0000167501 nova-conductor[112043]: DEBUG cotyledon.oslo_config_glue [-] oslo_messaging_rabbit.amqp_auto_delete = False {{(pid=112043) log_opt_values /opt/stack/data/venv/lib/python3.12/site-packages/oslo_config/cfg.py:3006}}
Apr 18 18:06:16.850522 np0000167501 nova-conductor[112043]: DEBUG cotyledon.oslo_config_glue [-] oslo_messaging_rabbit.amqp_durable_queues = False {{(pid=112043) log_opt_values /opt/stack/data/venv/lib/python3.12/site-packages/oslo_config/cfg.py:3006}}
Apr 18 18:06:16.850522 np0000167501 nova-conductor[112043]: DEBUG cotyledon.oslo_config_glue [-] oslo_messaging_rabbit.conn_pool_min_size = 2 {{(pid=112043) log_opt_values /opt/stack/data/venv/lib/python3.12/site-packages/oslo_config/cfg.py:3006}}
Apr 18 18:06:16.850740 np0000167501 nova-conductor[112043]: DEBUG cotyledon.oslo_config_glue [-] oslo_messaging_rabbit.conn_pool_ttl = 1200 {{(pid=112043) log_opt_values /opt/stack/data/venv/lib/python3.12/site-packages/oslo_config/cfg.py:3006}}
Apr 18 18:06:16.850740 np0000167501 nova-conductor[112043]: DEBUG cotyledon.oslo_config_glue [-] oslo_messaging_rabbit.direct_mandatory_flag = True {{(pid=112043) log_opt_values /opt/stack/data/venv/lib/python3.12/site-packages/oslo_config/cfg.py:3006}}
Apr 18 18:06:16.850740 np0000167501 nova-conductor[112043]: DEBUG cotyledon.oslo_config_glue [-] oslo_messaging_rabbit.enable_cancel_on_failover = False {{(pid=112043) log_opt_values /opt/stack/data/venv/lib/python3.12/site-packages/oslo_config/cfg.py:3006}}
Apr 18 18:06:16.850740 np0000167501 nova-conductor[112043]: DEBUG cotyledon.oslo_config_glue [-] oslo_messaging_rabbit.heartbeat_in_pthread = False {{(pid=112043) log_opt_values /opt/stack/data/venv/lib/python3.12/site-packages/oslo_config/cfg.py:3006}}
Apr 18 18:06:16.850740 np0000167501 nova-conductor[112043]: DEBUG cotyledon.oslo_config_glue [-] oslo_messaging_rabbit.heartbeat_rate = 3 {{(pid=112043) log_opt_values /opt/stack/data/venv/lib/python3.12/site-packages/oslo_config/cfg.py:3006}}
Apr 18 18:06:16.850740 np0000167501 nova-conductor[112043]: DEBUG cotyledon.oslo_config_glue [-] oslo_messaging_rabbit.heartbeat_timeout_threshold = 60 {{(pid=112043) log_opt_values /opt/stack/data/venv/lib/python3.12/site-packages/oslo_config/cfg.py:3006}}
Apr 18 18:06:16.850740 np0000167501 nova-conductor[112043]: DEBUG cotyledon.oslo_config_glue [-] oslo_messaging_rabbit.hostname = np0000167501 {{(pid=112043) log_opt_values /opt/stack/data/venv/lib/python3.12/site-packages/oslo_config/cfg.py:3006}}
Apr 18 18:06:16.850740 np0000167501 nova-conductor[112043]: DEBUG cotyledon.oslo_config_glue [-] oslo_messaging_rabbit.kombu_compression = None {{(pid=112043) log_opt_values /opt/stack/data/venv/lib/python3.12/site-packages/oslo_config/cfg.py:3006}}
Apr 18 18:06:16.850740 np0000167501 nova-conductor[112043]: DEBUG cotyledon.oslo_config_glue [-] oslo_messaging_rabbit.kombu_failover_strategy = round-robin {{(pid=112043) log_opt_values /opt/stack/data/venv/lib/python3.12/site-packages/oslo_config/cfg.py:3006}}
Apr 18 18:06:16.850950 np0000167501 nova-conductor[112043]: DEBUG cotyledon.oslo_config_glue [-] oslo_messaging_rabbit.kombu_missing_consumer_retry_timeout = 60 {{(pid=112043) log_opt_values /opt/stack/data/venv/lib/python3.12/site-packages/oslo_config/cfg.py:3006}}
Apr 18 18:06:16.850950 np0000167501 nova-conductor[112043]: DEBUG cotyledon.oslo_config_glue [-] oslo_messaging_rabbit.kombu_reconnect_delay = 1.0 {{(pid=112043) log_opt_values /opt/stack/data/venv/lib/python3.12/site-packages/oslo_config/cfg.py:3006}}
Apr 18 18:06:16.850950 np0000167501 nova-conductor[112043]: DEBUG cotyledon.oslo_config_glue [-] oslo_messaging_rabbit.kombu_reconnect_splay = 0.0 {{(pid=112043) log_opt_values /opt/stack/data/venv/lib/python3.12/site-packages/oslo_config/cfg.py:3006}}
Apr 18 18:06:16.850950 np0000167501 nova-conductor[112043]: DEBUG cotyledon.oslo_config_glue [-] oslo_messaging_rabbit.processname = nova-conductor {{(pid=112043) log_opt_values /opt/stack/data/venv/lib/python3.12/site-packages/oslo_config/cfg.py:3006}}
Apr 18 18:06:16.850950 np0000167501 nova-conductor[112043]: DEBUG cotyledon.oslo_config_glue [-] oslo_messaging_rabbit.rabbit_ha_queues = False {{(pid=112043) log_opt_values /opt/stack/data/venv/lib/python3.12/site-packages/oslo_config/cfg.py:3006}}
Apr 18 18:06:16.850950 np0000167501 nova-conductor[112043]: DEBUG cotyledon.oslo_config_glue [-] oslo_messaging_rabbit.rabbit_interval_max = 30 {{(pid=112043) log_opt_values /opt/stack/data/venv/lib/python3.12/site-packages/oslo_config/cfg.py:3006}}
Apr 18 18:06:16.850950 np0000167501 nova-conductor[112043]: DEBUG cotyledon.oslo_config_glue [-] oslo_messaging_rabbit.rabbit_login_method = AMQPLAIN {{(pid=112043) log_opt_values /opt/stack/data/venv/lib/python3.12/site-packages/oslo_config/cfg.py:3006}}
Apr 18 18:06:16.850950 np0000167501 nova-conductor[112043]: DEBUG cotyledon.oslo_config_glue [-] oslo_messaging_rabbit.rabbit_qos_prefetch_count = 0 {{(pid=112043) log_opt_values /opt/stack/data/venv/lib/python3.12/site-packages/oslo_config/cfg.py:3006}}
Apr 18 18:06:16.851140 np0000167501 nova-conductor[112043]: DEBUG cotyledon.oslo_config_glue [-] oslo_messaging_rabbit.rabbit_quorum_delivery_limit = 0 {{(pid=112043) log_opt_values /opt/stack/data/venv/lib/python3.12/site-packages/oslo_config/cfg.py:3006}}
Apr 18 18:06:16.851140 np0000167501 nova-conductor[112043]: DEBUG cotyledon.oslo_config_glue [-] oslo_messaging_rabbit.rabbit_quorum_max_memory_bytes = 0 {{(pid=112043) log_opt_values /opt/stack/data/venv/lib/python3.12/site-packages/oslo_config/cfg.py:3006}}
Apr 18 18:06:16.851140 np0000167501 nova-conductor[112043]: DEBUG cotyledon.oslo_config_glue [-] oslo_messaging_rabbit.rabbit_quorum_max_memory_length = 0 {{(pid=112043) log_opt_values /opt/stack/data/venv/lib/python3.12/site-packages/oslo_config/cfg.py:3006}}
Apr 18 18:06:16.851140 np0000167501 nova-conductor[112043]: DEBUG cotyledon.oslo_config_glue [-] oslo_messaging_rabbit.rabbit_quorum_queue = False {{(pid=112043) log_opt_values /opt/stack/data/venv/lib/python3.12/site-packages/oslo_config/cfg.py:3006}}
Apr 18 18:06:16.851140 np0000167501 nova-conductor[112043]: DEBUG cotyledon.oslo_config_glue [-] oslo_messaging_rabbit.rabbit_retry_backoff = 2 {{(pid=112043) log_opt_values /opt/stack/data/venv/lib/python3.12/site-packages/oslo_config/cfg.py:3006}}
Apr 18 18:06:16.851140 np0000167501 nova-conductor[112043]: DEBUG cotyledon.oslo_config_glue [-] oslo_messaging_rabbit.rabbit_retry_interval = 1 {{(pid=112043) log_opt_values /opt/stack/data/venv/lib/python3.12/site-packages/oslo_config/cfg.py:3006}}
Apr 18 18:06:16.851140 np0000167501 nova-conductor[112043]: DEBUG cotyledon.oslo_config_glue [-] oslo_messaging_rabbit.rabbit_stream_fanout = False {{(pid=112043) log_opt_values /opt/stack/data/venv/lib/python3.12/site-packages/oslo_config/cfg.py:3006}}
Apr 18 18:06:16.851140 np0000167501 nova-conductor[112043]: DEBUG cotyledon.oslo_config_glue [-] oslo_messaging_rabbit.rabbit_transient_queues_ttl = 1800 {{(pid=112043) log_opt_values /opt/stack/data/venv/lib/python3.12/site-packages/oslo_config/cfg.py:3006}}
Apr 18 18:06:16.851354 np0000167501 nova-conductor[112043]: DEBUG cotyledon.oslo_config_glue [-] oslo_messaging_rabbit.rabbit_transient_quorum_queue = False {{(pid=112043) log_opt_values /opt/stack/data/venv/lib/python3.12/site-packages/oslo_config/cfg.py:3006}}
Apr 18 18:06:16.851354 np0000167501 nova-conductor[112043]: DEBUG cotyledon.oslo_config_glue [-] oslo_messaging_rabbit.rpc_conn_pool_size = 30 {{(pid=112043) log_opt_values /opt/stack/data/venv/lib/python3.12/site-packages/oslo_config/cfg.py:3006}}
Apr 18 18:06:16.851354 np0000167501 nova-conductor[112043]: DEBUG cotyledon.oslo_config_glue [-] oslo_messaging_rabbit.ssl = False {{(pid=112043) log_opt_values /opt/stack/data/venv/lib/python3.12/site-packages/oslo_config/cfg.py:3006}}
Apr 18 18:06:16.851354 np0000167501 nova-conductor[112043]: DEBUG cotyledon.oslo_config_glue [-] oslo_messaging_rabbit.ssl_ca_file = {{(pid=112043) log_opt_values /opt/stack/data/venv/lib/python3.12/site-packages/oslo_config/cfg.py:3006}}
Apr 18 18:06:16.851354 np0000167501 nova-conductor[112043]: DEBUG cotyledon.oslo_config_glue [-] oslo_messaging_rabbit.ssl_cert_file = {{(pid=112043) log_opt_values /opt/stack/data/venv/lib/python3.12/site-packages/oslo_config/cfg.py:3006}}
Apr 18 18:06:16.851354 np0000167501 nova-conductor[112043]: DEBUG cotyledon.oslo_config_glue [-] oslo_messaging_rabbit.ssl_enforce_fips_mode = False {{(pid=112043) log_opt_values /opt/stack/data/venv/lib/python3.12/site-packages/oslo_config/cfg.py:3006}}
Apr 18 18:06:16.851354 np0000167501 nova-conductor[112043]: DEBUG cotyledon.oslo_config_glue [-] oslo_messaging_rabbit.ssl_key_file = {{(pid=112043) log_opt_values /opt/stack/data/venv/lib/python3.12/site-packages/oslo_config/cfg.py:3006}}
Apr 18 18:06:16.851354 np0000167501 nova-conductor[112043]: DEBUG cotyledon.oslo_config_glue [-] oslo_messaging_rabbit.ssl_version = {{(pid=112043) log_opt_values /opt/stack/data/venv/lib/python3.12/site-packages/oslo_config/cfg.py:3006}}
Apr 18 18:06:16.851354 np0000167501 nova-conductor[112043]: DEBUG cotyledon.oslo_config_glue [-] oslo_messaging_rabbit.use_queue_manager = False {{(pid=112043) log_opt_values /opt/stack/data/venv/lib/python3.12/site-packages/oslo_config/cfg.py:3006}}
Apr 18 18:06:16.851577 np0000167501 nova-conductor[112043]: DEBUG cotyledon.oslo_config_glue [-] oslo_messaging_notifications.driver = ['messagingv2'] {{(pid=112043) log_opt_values /opt/stack/data/venv/lib/python3.12/site-packages/oslo_config/cfg.py:3006}}
Apr 18 18:06:16.851577 np0000167501 nova-conductor[112043]: DEBUG cotyledon.oslo_config_glue [-] oslo_messaging_notifications.retry = -1 {{(pid=112043) log_opt_values /opt/stack/data/venv/lib/python3.12/site-packages/oslo_config/cfg.py:3006}}
Apr 18 18:06:16.851577 np0000167501 nova-conductor[112043]: DEBUG cotyledon.oslo_config_glue [-] oslo_messaging_notifications.topics = ['notifications'] {{(pid=112043) log_opt_values /opt/stack/data/venv/lib/python3.12/site-packages/oslo_config/cfg.py:3006}}
Apr 18 18:06:16.851577 np0000167501 nova-conductor[112043]: DEBUG cotyledon.oslo_config_glue [-] oslo_messaging_notifications.transport_url = **** {{(pid=112043) log_opt_values /opt/stack/data/venv/lib/python3.12/site-packages/oslo_config/cfg.py:3006}}
Apr 18 18:06:16.851577 np0000167501 nova-conductor[112043]: DEBUG cotyledon.oslo_config_glue [-] oslo_limit.auth_section = None {{(pid=112043) log_opt_values /opt/stack/data/venv/lib/python3.12/site-packages/oslo_config/cfg.py:3006}}
Apr 18 18:06:16.851577 np0000167501 nova-conductor[112043]: DEBUG cotyledon.oslo_config_glue [-] oslo_limit.auth_type = None {{(pid=112043) log_opt_values /opt/stack/data/venv/lib/python3.12/site-packages/oslo_config/cfg.py:3006}}
Apr 18 18:06:16.851577 np0000167501 nova-conductor[112043]: DEBUG cotyledon.oslo_config_glue [-] oslo_limit.cafile = None {{(pid=112043) log_opt_values /opt/stack/data/venv/lib/python3.12/site-packages/oslo_config/cfg.py:3006}}
Apr 18 18:06:16.851577 np0000167501 nova-conductor[112043]: DEBUG cotyledon.oslo_config_glue [-] oslo_limit.certfile = None {{(pid=112043) log_opt_values /opt/stack/data/venv/lib/python3.12/site-packages/oslo_config/cfg.py:3006}}
Apr 18 18:06:16.851577 np0000167501 nova-conductor[112043]: DEBUG cotyledon.oslo_config_glue [-] oslo_limit.collect_timing = False {{(pid=112043) log_opt_values /opt/stack/data/venv/lib/python3.12/site-packages/oslo_config/cfg.py:3006}}
Apr 18 18:06:16.851802 np0000167501 nova-conductor[112043]: DEBUG cotyledon.oslo_config_glue [-] oslo_limit.connect_retries = None {{(pid=112043) log_opt_values /opt/stack/data/venv/lib/python3.12/site-packages/oslo_config/cfg.py:3006}}
Apr 18 18:06:16.851802 np0000167501 nova-conductor[112043]: DEBUG cotyledon.oslo_config_glue [-] oslo_limit.connect_retry_delay = None {{(pid=112043) log_opt_values /opt/stack/data/venv/lib/python3.12/site-packages/oslo_config/cfg.py:3006}}
Apr 18 18:06:16.851802 np0000167501 nova-conductor[112043]: DEBUG cotyledon.oslo_config_glue [-] oslo_limit.endpoint_id = None {{(pid=112043) log_opt_values /opt/stack/data/venv/lib/python3.12/site-packages/oslo_config/cfg.py:3006}}
Apr 18 18:06:16.851802 np0000167501 nova-conductor[112043]: DEBUG cotyledon.oslo_config_glue [-] oslo_limit.endpoint_interface = public {{(pid=112043) log_opt_values /opt/stack/data/venv/lib/python3.12/site-packages/oslo_config/cfg.py:3006}}
Apr 18 18:06:16.851802 np0000167501 nova-conductor[112043]: DEBUG cotyledon.oslo_config_glue [-] oslo_limit.endpoint_override = None {{(pid=112043) log_opt_values /opt/stack/data/venv/lib/python3.12/site-packages/oslo_config/cfg.py:3006}}
Apr 18 18:06:16.851802 np0000167501 nova-conductor[112043]: DEBUG cotyledon.oslo_config_glue [-] oslo_limit.endpoint_region_name = None {{(pid=112043) log_opt_values /opt/stack/data/venv/lib/python3.12/site-packages/oslo_config/cfg.py:3006}}
Apr 18 18:06:16.851802 np0000167501 nova-conductor[112043]: DEBUG cotyledon.oslo_config_glue [-] oslo_limit.endpoint_service_name = None {{(pid=112043) log_opt_values /opt/stack/data/venv/lib/python3.12/site-packages/oslo_config/cfg.py:3006}}
Apr 18 18:06:16.851802 np0000167501 nova-conductor[112043]: DEBUG cotyledon.oslo_config_glue [-] oslo_limit.endpoint_service_type = None {{(pid=112043) log_opt_values /opt/stack/data/venv/lib/python3.12/site-packages/oslo_config/cfg.py:3006}}
Apr 18 18:06:16.851802 np0000167501 nova-conductor[112043]: DEBUG cotyledon.oslo_config_glue [-] oslo_limit.insecure = False {{(pid=112043) log_opt_values /opt/stack/data/venv/lib/python3.12/site-packages/oslo_config/cfg.py:3006}}
Apr 18 18:06:16.852018 np0000167501 nova-conductor[112043]: DEBUG cotyledon.oslo_config_glue [-] oslo_limit.keyfile = None {{(pid=112043) log_opt_values /opt/stack/data/venv/lib/python3.12/site-packages/oslo_config/cfg.py:3006}}
Apr 18 18:06:16.852018 np0000167501 nova-conductor[112043]: DEBUG cotyledon.oslo_config_glue [-] oslo_limit.max_version = None {{(pid=112043) log_opt_values /opt/stack/data/venv/lib/python3.12/site-packages/oslo_config/cfg.py:3006}}
Apr 18 18:06:16.852018 np0000167501 nova-conductor[112043]: DEBUG cotyledon.oslo_config_glue [-] oslo_limit.min_version = None {{(pid=112043) log_opt_values /opt/stack/data/venv/lib/python3.12/site-packages/oslo_config/cfg.py:3006}}
Apr 18 18:06:16.852018 np0000167501 nova-conductor[112043]: DEBUG cotyledon.oslo_config_glue [-] oslo_limit.region_name = None {{(pid=112043) log_opt_values /opt/stack/data/venv/lib/python3.12/site-packages/oslo_config/cfg.py:3006}}
Apr 18 18:06:16.852018 np0000167501 nova-conductor[112043]: DEBUG cotyledon.oslo_config_glue [-] oslo_limit.retriable_status_codes = None {{(pid=112043) log_opt_values /opt/stack/data/venv/lib/python3.12/site-packages/oslo_config/cfg.py:3006}}
Apr 18 18:06:16.852018 np0000167501 nova-conductor[112043]: DEBUG cotyledon.oslo_config_glue [-] oslo_limit.service_name = None {{(pid=112043) log_opt_values /opt/stack/data/venv/lib/python3.12/site-packages/oslo_config/cfg.py:3006}}
Apr 18 18:06:16.852018 np0000167501 nova-conductor[112043]: DEBUG cotyledon.oslo_config_glue [-] oslo_limit.service_type = None {{(pid=112043) log_opt_values /opt/stack/data/venv/lib/python3.12/site-packages/oslo_config/cfg.py:3006}}
Apr 18 18:06:16.852018 np0000167501 nova-conductor[112043]: DEBUG cotyledon.oslo_config_glue [-] oslo_limit.split_loggers = False {{(pid=112043) log_opt_values /opt/stack/data/venv/lib/python3.12/site-packages/oslo_config/cfg.py:3006}}
Apr 18 18:06:16.852018 np0000167501 nova-conductor[112043]: DEBUG cotyledon.oslo_config_glue [-] oslo_limit.status_code_retries = None {{(pid=112043) log_opt_values /opt/stack/data/venv/lib/python3.12/site-packages/oslo_config/cfg.py:3006}}
Apr 18 18:06:16.852350 np0000167501 nova-conductor[112043]: DEBUG cotyledon.oslo_config_glue [-] oslo_limit.status_code_retry_delay = None {{(pid=112043) log_opt_values /opt/stack/data/venv/lib/python3.12/site-packages/oslo_config/cfg.py:3006}}
Apr 18 18:06:16.852350 np0000167501 nova-conductor[112043]: DEBUG cotyledon.oslo_config_glue [-] oslo_limit.timeout = None {{(pid=112043) log_opt_values /opt/stack/data/venv/lib/python3.12/site-packages/oslo_config/cfg.py:3006}}
Apr 18 18:06:16.852350 np0000167501 nova-conductor[112043]: DEBUG cotyledon.oslo_config_glue [-] oslo_limit.valid_interfaces = None {{(pid=112043) log_opt_values /opt/stack/data/venv/lib/python3.12/site-packages/oslo_config/cfg.py:3006}}
Apr 18 18:06:16.852350 np0000167501 nova-conductor[112043]: DEBUG cotyledon.oslo_config_glue [-] oslo_limit.version = None {{(pid=112043) log_opt_values /opt/stack/data/venv/lib/python3.12/site-packages/oslo_config/cfg.py:3006}}
Apr 18 18:06:16.852350 np0000167501 nova-conductor[112043]: DEBUG cotyledon.oslo_config_glue [-] oslo_reports.file_event_handler = None {{(pid=112043) log_opt_values /opt/stack/data/venv/lib/python3.12/site-packages/oslo_config/cfg.py:3006}}
Apr 18 18:06:16.852350 np0000167501 nova-conductor[112043]: DEBUG cotyledon.oslo_config_glue [-] oslo_reports.file_event_handler_interval = 1 {{(pid=112043) log_opt_values /opt/stack/data/venv/lib/python3.12/site-packages/oslo_config/cfg.py:3006}}
Apr 18 18:06:16.852350 np0000167501 nova-conductor[112043]: DEBUG cotyledon.oslo_config_glue [-] oslo_reports.log_dir = None {{(pid=112043) log_opt_values /opt/stack/data/venv/lib/python3.12/site-packages/oslo_config/cfg.py:3006}}
Apr 18 18:06:16.852350 np0000167501 nova-conductor[112043]: DEBUG cotyledon.oslo_config_glue [-] ******************************************************************************** {{(pid=112043) log_opt_values /opt/stack/data/venv/lib/python3.12/site-packages/oslo_config/cfg.py:3013}}
Apr 18 18:06:16.852350 np0000167501 nova-conductor[112043]: DEBUG cotyledon._service_worker [-] Run service ServiceWrapper(3) [112043] {{(pid=112043) wait_forever /opt/stack/data/venv/lib/python3.12/site-packages/cotyledon/_service_worker.py:218}}
Apr 18 18:06:16.852674 np0000167501 nova-conductor[112021]: DEBUG nova.service [None req-1cbda90f-293b-411c-9baf-8ab3b290342a None None] Join ServiceGroup membership for this service conductor {{(pid=112021) start /opt/stack/nova/nova/service.py:221}}
Apr 18 18:06:16.853053 np0000167501 nova-conductor[112021]: DEBUG nova.servicegroup.drivers.db [None req-1cbda90f-293b-411c-9baf-8ab3b290342a None None] DB_Driver: join new ServiceGroup member np0000167501 to the conductor group, service = {{(pid=112021) join /opt/stack/nova/nova/servicegroup/drivers/db.py:44}}
Apr 18 18:06:16.853088 np0000167501 nova-conductor[112043]: INFO nova.service [-] Starting conductor node (version 33.1.0)
Apr 18 18:06:16.857028 np0000167501 nova-conductor[112029]: DEBUG nova.service [None req-c591973a-bea6-4a8b-9600-e4c0930b766c None None] Join ServiceGroup membership for this service conductor {{(pid=112029) start /opt/stack/nova/nova/service.py:221}}
Apr 18 18:06:16.857328 np0000167501 nova-conductor[112029]: DEBUG nova.servicegroup.drivers.db [None req-c591973a-bea6-4a8b-9600-e4c0930b766c None None] DB_Driver: join new ServiceGroup member np0000167501 to the conductor group, service = {{(pid=112029) join /opt/stack/nova/nova/servicegroup/drivers/db.py:44}}
Apr 18 18:06:16.860289 np0000167501 nova-conductor[112043]: INFO dbcounter [None req-f0b32218-c928-467a-9e28-7582df0ac8cd None None] Registered counter for database nova_cell0
Apr 18 18:06:16.860557 np0000167501 nova-conductor[112035]: DEBUG nova.service [None req-943fc369-c6f7-42c1-88b3-d66a43e452fe None None] Join ServiceGroup membership for this service conductor {{(pid=112035) start /opt/stack/nova/nova/service.py:221}}
Apr 18 18:06:16.860864 np0000167501 nova-conductor[112035]: DEBUG nova.servicegroup.drivers.db [None req-943fc369-c6f7-42c1-88b3-d66a43e452fe None None] DB_Driver: join new ServiceGroup member np0000167501 to the conductor group, service = {{(pid=112035) join /opt/stack/nova/nova/servicegroup/drivers/db.py:44}}
Apr 18 18:06:16.869821 np0000167501 nova-conductor[112043]: DEBUG oslo_db.sqlalchemy.engines [None req-f0b32218-c928-467a-9e28-7582df0ac8cd None None] MySQL server mode set to STRICT_TRANS_TABLES,STRICT_ALL_TABLES,NO_ZERO_IN_DATE,NO_ZERO_DATE,ERROR_FOR_DIVISION_BY_ZERO,TRADITIONAL,NO_ENGINE_SUBSTITUTION {{(pid=112043) _check_effective_sql_mode /opt/stack/data/venv/lib/python3.12/site-packages/oslo_db/sqlalchemy/engines.py:325}}
Apr 18 18:06:16.883060 np0000167501 nova-conductor[112043]: DEBUG dbcounter [-] [112043] Writer thread running {{(pid=112043) stat_writer /opt/stack/data/venv/lib/python3.12/site-packages/dbcounter.py:102}}
Apr 18 18:06:16.885761 np0000167501 nova-conductor[112043]: DEBUG nova.service [None req-f0b32218-c928-467a-9e28-7582df0ac8cd None None] Creating RPC server for service: nova-conductor on topic: conductor {{(pid=112043) start /opt/stack/nova/nova/service.py:195}}
Apr 18 18:06:16.910867 np0000167501 nova-conductor[112043]: DEBUG nova.service [None req-f0b32218-c928-467a-9e28-7582df0ac8cd None None] Join ServiceGroup membership for this service conductor {{(pid=112043) start /opt/stack/nova/nova/service.py:221}}
Apr 18 18:06:16.911155 np0000167501 nova-conductor[112043]: DEBUG nova.servicegroup.drivers.db [None req-f0b32218-c928-467a-9e28-7582df0ac8cd None None] DB_Driver: join new ServiceGroup member np0000167501 to the conductor group, service = {{(pid=112043) join /opt/stack/nova/nova/servicegroup/drivers/db.py:44}}
Apr 18 18:06:21.875091 np0000167501 nova-conductor[112021]: DEBUG oslo.service.backend._threading.loopingcall [-] Fixed interval looping call 'nova.servicegroup.drivers.db.DbDriver._report_state' sleeping for 119.98 seconds {{(pid=112021) _run_loop /opt/stack/data/venv/lib/python3.12/site-packages/oslo_service/backend/_threading/loopingcall.py:125}}
Apr 18 18:06:21.876399 np0000167501 nova-conductor[112029]: DEBUG oslo.service.backend._threading.loopingcall [-] Fixed interval looping call 'nova.servicegroup.drivers.db.DbDriver._report_state' sleeping for 119.98 seconds {{(pid=112029) _run_loop /opt/stack/data/venv/lib/python3.12/site-packages/oslo_service/backend/_threading/loopingcall.py:125}}
Apr 18 18:06:21.877792 np0000167501 nova-conductor[112035]: DEBUG oslo.service.backend._threading.loopingcall [-] Fixed interval looping call 'nova.servicegroup.drivers.db.DbDriver._report_state' sleeping for 119.98 seconds {{(pid=112035) _run_loop /opt/stack/data/venv/lib/python3.12/site-packages/oslo_service/backend/_threading/loopingcall.py:125}}
Apr 18 18:06:21.926654 np0000167501 nova-conductor[112043]: DEBUG oslo.service.backend._threading.loopingcall [-] Fixed interval looping call 'nova.servicegroup.drivers.db.DbDriver._report_state' sleeping for 119.99 seconds {{(pid=112043) _run_loop /opt/stack/data/venv/lib/python3.12/site-packages/oslo_service/backend/_threading/loopingcall.py:125}}
Apr 18 18:06:24.914727 np0000167501 nova-conductor[112043]: DEBUG oslo.service.backend._threading.loopingcall [None req-dadf37d2-08a2-47c3-8707-e673c6ff3ac3 None None] Dynamic interval looping call 'nova.service.Service.periodic_tasks' sleeping for 60.00 seconds {{(pid=112043) _run_loop /opt/stack/data/venv/lib/python3.12/site-packages/oslo_service/backend/_threading/loopingcall.py:125}}
Apr 18 18:06:25.470755 np0000167501 nova-conductor[111134]: DEBUG dbcounter [-] [111134] Writing DB stats nova_api:SELECT=1 {{(pid=111134) stat_writer /opt/stack/data/venv/lib/python3.12/site-packages/dbcounter.py:115}}
Apr 18 18:06:25.573824 np0000167501 nova-conductor[111134]: DEBUG dbcounter [-] [111134] Writing DB stats nova_cell0:SELECT=1 {{(pid=111134) stat_writer /opt/stack/data/venv/lib/python3.12/site-packages/dbcounter.py:115}}
Apr 18 18:06:25.580462 np0000167501 nova-conductor[111134]: DEBUG dbcounter [-] [111134] Writing DB stats nova_cell1:SELECT=1 {{(pid=111134) stat_writer /opt/stack/data/venv/lib/python3.12/site-packages/dbcounter.py:115}}
Apr 18 18:06:25.856331 np0000167501 nova-conductor[112021]: DEBUG oslo.service.backend._threading.loopingcall [None req-a24e6e1b-bd93-4ccb-9c5f-774fd3526688 None None] Dynamic interval looping call 'nova.service.Service.periodic_tasks' sleeping for 60.00 seconds {{(pid=112021) _run_loop /opt/stack/data/venv/lib/python3.12/site-packages/oslo_service/backend/_threading/loopingcall.py:125}}
Apr 18 18:06:31.868321 np0000167501 nova-conductor[112021]: DEBUG dbcounter [-] [112021] Writing DB stats nova_cell0:SELECT=4,nova_cell0:INSERT=1,nova_cell0:UPDATE=1 {{(pid=112021) stat_writer /opt/stack/data/venv/lib/python3.12/site-packages/dbcounter.py:115}}
Apr 18 18:06:31.874606 np0000167501 nova-conductor[112029]: DEBUG dbcounter [-] [112029] Writing DB stats nova_cell0:SELECT=3,nova_cell0:UPDATE=1 {{(pid=112029) stat_writer /opt/stack/data/venv/lib/python3.12/site-packages/dbcounter.py:115}}
Apr 18 18:06:31.878627 np0000167501 nova-conductor[112035]: DEBUG dbcounter [-] [112035] Writing DB stats nova_cell0:SELECT=3,nova_cell0:UPDATE=1 {{(pid=112035) stat_writer /opt/stack/data/venv/lib/python3.12/site-packages/dbcounter.py:115}}
Apr 18 18:06:31.923712 np0000167501 nova-conductor[112043]: DEBUG dbcounter [-] [112043] Writing DB stats nova_cell0:SELECT=3 {{(pid=112043) stat_writer /opt/stack/data/venv/lib/python3.12/site-packages/dbcounter.py:115}}
Apr 18 18:06:56.863016 np0000167501 nova-conductor[112035]: DEBUG oslo.service.backend._threading.loopingcall [None req-516f5aef-82c0-4b24-a3eb-6abd3d3bbbb9 None None] Dynamic interval looping call 'nova.service.Service.periodic_tasks' sleeping for 60.00 seconds {{(pid=112035) _run_loop /opt/stack/data/venv/lib/python3.12/site-packages/oslo_service/backend/_threading/loopingcall.py:125}}
Apr 18 18:07:12.859928 np0000167501 nova-conductor[112029]: DEBUG oslo.service.backend._threading.loopingcall [None req-9bda4a75-93f4-4640-9394-4bd00f32a12e None None] Dynamic interval looping call 'nova.service.Service.periodic_tasks' sleeping for 60.00 seconds {{(pid=112029) _run_loop /opt/stack/data/venv/lib/python3.12/site-packages/oslo_service/backend/_threading/loopingcall.py:125}}
Apr 18 18:07:24.933055 np0000167501 nova-conductor[112043]: DEBUG oslo.service.backend._threading.loopingcall [None req-dadf37d2-08a2-47c3-8707-e673c6ff3ac3 None None] Dynamic interval looping call 'nova.service.Service.periodic_tasks' sleeping for 60.00 seconds {{(pid=112043) _run_loop /opt/stack/data/venv/lib/python3.12/site-packages/oslo_service/backend/_threading/loopingcall.py:125}}
Apr 18 18:07:25.856787 np0000167501 nova-conductor[112021]: DEBUG oslo.service.backend._threading.loopingcall [None req-a24e6e1b-bd93-4ccb-9c5f-774fd3526688 None None] Dynamic interval looping call 'nova.service.Service.periodic_tasks' sleeping for 60.00 seconds {{(pid=112021) _run_loop /opt/stack/data/venv/lib/python3.12/site-packages/oslo_service/backend/_threading/loopingcall.py:125}}
Apr 18 18:07:56.877471 np0000167501 nova-conductor[112035]: DEBUG oslo.service.backend._threading.loopingcall [None req-516f5aef-82c0-4b24-a3eb-6abd3d3bbbb9 None None] Dynamic interval looping call 'nova.service.Service.periodic_tasks' sleeping for 60.00 seconds {{(pid=112035) _run_loop /opt/stack/data/venv/lib/python3.12/site-packages/oslo_service/backend/_threading/loopingcall.py:125}}
Apr 18 18:08:12.860711 np0000167501 nova-conductor[112029]: DEBUG oslo.service.backend._threading.loopingcall [None req-9bda4a75-93f4-4640-9394-4bd00f32a12e None None] Dynamic interval looping call 'nova.service.Service.periodic_tasks' sleeping for 60.00 seconds {{(pid=112029) _run_loop /opt/stack/data/venv/lib/python3.12/site-packages/oslo_service/backend/_threading/loopingcall.py:125}}
Apr 18 18:08:21.930962 np0000167501 nova-conductor[112029]: DEBUG oslo.service.backend._threading.loopingcall [-] Fixed interval looping call 'nova.servicegroup.drivers.db.DbDriver._report_state' sleeping for 119.93 seconds {{(pid=112029) _run_loop /opt/stack/data/venv/lib/python3.12/site-packages/oslo_service/backend/_threading/loopingcall.py:125}}
Apr 18 18:08:21.931774 np0000167501 nova-conductor[112035]: DEBUG oslo.service.backend._threading.loopingcall [-] Fixed interval looping call 'nova.servicegroup.drivers.db.DbDriver._report_state' sleeping for 119.93 seconds {{(pid=112035) _run_loop /opt/stack/data/venv/lib/python3.12/site-packages/oslo_service/backend/_threading/loopingcall.py:125}}
Apr 18 18:08:21.932573 np0000167501 nova-conductor[112021]: DEBUG oslo.service.backend._threading.loopingcall [-] Fixed interval looping call 'nova.servicegroup.drivers.db.DbDriver._report_state' sleeping for 119.92 seconds {{(pid=112021) _run_loop /opt/stack/data/venv/lib/python3.12/site-packages/oslo_service/backend/_threading/loopingcall.py:125}}
Apr 18 18:08:21.933511 np0000167501 nova-conductor[112043]: DEBUG oslo.service.backend._threading.loopingcall [-] Fixed interval looping call 'nova.servicegroup.drivers.db.DbDriver._report_state' sleeping for 119.98 seconds {{(pid=112043) _run_loop /opt/stack/data/venv/lib/python3.12/site-packages/oslo_service/backend/_threading/loopingcall.py:125}}
Apr 18 18:08:24.916685 np0000167501 nova-conductor[112043]: DEBUG oslo.service.backend._threading.loopingcall [None req-dadf37d2-08a2-47c3-8707-e673c6ff3ac3 None None] Dynamic interval looping call 'nova.service.Service.periodic_tasks' sleeping for 60.00 seconds {{(pid=112043) _run_loop /opt/stack/data/venv/lib/python3.12/site-packages/oslo_service/backend/_threading/loopingcall.py:125}}
Apr 18 18:08:25.857959 np0000167501 nova-conductor[112021]: DEBUG oslo.service.backend._threading.loopingcall [None req-a24e6e1b-bd93-4ccb-9c5f-774fd3526688 None None] Dynamic interval looping call 'nova.service.Service.periodic_tasks' sleeping for 60.00 seconds {{(pid=112021) _run_loop /opt/stack/data/venv/lib/python3.12/site-packages/oslo_service/backend/_threading/loopingcall.py:125}}
Apr 18 18:08:31.876193 np0000167501 nova-conductor[112029]: DEBUG dbcounter [-] [112029] Writing DB stats nova_cell0:SELECT=1,nova_cell0:UPDATE=1 {{(pid=112029) stat_writer /opt/stack/data/venv/lib/python3.12/site-packages/dbcounter.py:115}}
Apr 18 18:08:31.876865 np0000167501 nova-conductor[112021]: DEBUG dbcounter [-] [112021] Writing DB stats nova_cell0:SELECT=1,nova_cell0:UPDATE=1 {{(pid=112021) stat_writer /opt/stack/data/venv/lib/python3.12/site-packages/dbcounter.py:115}}
Apr 18 18:08:31.877215 np0000167501 nova-conductor[112035]: DEBUG dbcounter [-] [112035] Writing DB stats nova_cell0:SELECT=1,nova_cell0:UPDATE=1 {{(pid=112035) stat_writer /opt/stack/data/venv/lib/python3.12/site-packages/dbcounter.py:115}}
Apr 18 18:08:31.925931 np0000167501 nova-conductor[112043]: DEBUG dbcounter [-] [112043] Writing DB stats nova_cell0:SELECT=1,nova_cell0:UPDATE=1 {{(pid=112043) stat_writer /opt/stack/data/venv/lib/python3.12/site-packages/dbcounter.py:115}}
Apr 18 18:08:56.878252 np0000167501 nova-conductor[112035]: DEBUG oslo.service.backend._threading.loopingcall [None req-516f5aef-82c0-4b24-a3eb-6abd3d3bbbb9 None None] Dynamic interval looping call 'nova.service.Service.periodic_tasks' sleeping for 60.00 seconds {{(pid=112035) _run_loop /opt/stack/data/venv/lib/python3.12/site-packages/oslo_service/backend/_threading/loopingcall.py:125}}
Apr 18 18:09:12.861618 np0000167501 nova-conductor[112029]: DEBUG oslo.service.backend._threading.loopingcall [None req-9bda4a75-93f4-4640-9394-4bd00f32a12e None None] Dynamic interval looping call 'nova.service.Service.periodic_tasks' sleeping for 60.00 seconds {{(pid=112029) _run_loop /opt/stack/data/venv/lib/python3.12/site-packages/oslo_service/backend/_threading/loopingcall.py:125}}
Apr 18 18:09:24.918095 np0000167501 nova-conductor[112043]: DEBUG oslo.service.backend._threading.loopingcall [None req-dadf37d2-08a2-47c3-8707-e673c6ff3ac3 None None] Dynamic interval looping call 'nova.service.Service.periodic_tasks' sleeping for 60.00 seconds {{(pid=112043) _run_loop /opt/stack/data/venv/lib/python3.12/site-packages/oslo_service/backend/_threading/loopingcall.py:125}}
Apr 18 18:09:25.858681 np0000167501 nova-conductor[112021]: DEBUG oslo.service.backend._threading.loopingcall [None req-a24e6e1b-bd93-4ccb-9c5f-774fd3526688 None None] Dynamic interval looping call 'nova.service.Service.periodic_tasks' sleeping for 60.00 seconds {{(pid=112021) _run_loop /opt/stack/data/venv/lib/python3.12/site-packages/oslo_service/backend/_threading/loopingcall.py:125}}
Apr 18 18:09:56.878924 np0000167501 nova-conductor[112035]: DEBUG oslo.service.backend._threading.loopingcall [None req-516f5aef-82c0-4b24-a3eb-6abd3d3bbbb9 None None] Dynamic interval looping call 'nova.service.Service.periodic_tasks' sleeping for 60.00 seconds {{(pid=112035) _run_loop /opt/stack/data/venv/lib/python3.12/site-packages/oslo_service/backend/_threading/loopingcall.py:125}}
Apr 18 18:10:12.862479 np0000167501 nova-conductor[112029]: DEBUG oslo.service.backend._threading.loopingcall [None req-9bda4a75-93f4-4640-9394-4bd00f32a12e None None] Dynamic interval looping call 'nova.service.Service.periodic_tasks' sleeping for 60.00 seconds {{(pid=112029) _run_loop /opt/stack/data/venv/lib/python3.12/site-packages/oslo_service/backend/_threading/loopingcall.py:125}}
Apr 18 18:10:24.919100 np0000167501 nova-conductor[112043]: DEBUG oslo.service.backend._threading.loopingcall [None req-dadf37d2-08a2-47c3-8707-e673c6ff3ac3 None None] Dynamic interval looping call 'nova.service.Service.periodic_tasks' sleeping for 60.00 seconds {{(pid=112043) _run_loop /opt/stack/data/venv/lib/python3.12/site-packages/oslo_service/backend/_threading/loopingcall.py:125}}
Apr 18 18:10:25.859479 np0000167501 nova-conductor[112021]: DEBUG oslo.service.backend._threading.loopingcall [None req-a24e6e1b-bd93-4ccb-9c5f-774fd3526688 None None] Dynamic interval looping call 'nova.service.Service.periodic_tasks' sleeping for 60.00 seconds {{(pid=112021) _run_loop /opt/stack/data/venv/lib/python3.12/site-packages/oslo_service/backend/_threading/loopingcall.py:125}}
Apr 18 18:10:28.777223 np0000167501 nova-conductor[112021]: DEBUG oslo.service.backend._threading.loopingcall [-] Fixed interval looping call 'nova.servicegroup.drivers.db.DbDriver._report_state' sleeping for 113.11 seconds {{(pid=112021) _run_loop /opt/stack/data/venv/lib/python3.12/site-packages/oslo_service/backend/_threading/loopingcall.py:125}}
Apr 18 18:10:28.778061 np0000167501 nova-conductor[112035]: DEBUG oslo.service.backend._threading.loopingcall [-] Fixed interval looping call 'nova.servicegroup.drivers.db.DbDriver._report_state' sleeping for 113.12 seconds {{(pid=112035) _run_loop /opt/stack/data/venv/lib/python3.12/site-packages/oslo_service/backend/_threading/loopingcall.py:125}}
