2026-05-14 15:49:10.096 13 INFO neutron.plugins.ml2.plugin [None req-0113c287-f79a-47b3-af9c-5abe17ef292b - - - - - -] Attempt 1 to provision port 74ddb944-a0b9-43ee-8e5d-4f98492084c9
2026-05-14 15:49:10.448 13 INFO neutron.plugins.ml2.plugin [None req-52e328cc-da9c-4cc9-890d-7e5e6608af60 - - - - - -] Attempt 1 to provision port fcd91517-3788-4ff2-b3c4-7d96543ad5d3
2026-05-14 15:49:14.404 16 INFO neutron.plugins.ml2.plugin [None req-0113c287-f79a-47b3-af9c-5abe17ef292b - - - - - -] Attempt 1 to provision port 6e45d7a5-8c52-4f0b-9ad5-a3c2b7471c90
2026-05-14 15:49:16.170 13 INFO neutron.plugins.ml2.plugin [None req-fbd9c9d6-35a5-40d5-9c84-69c9f84befaf - - - - - -] Attempt 1 to provision port 52e01513-9b79-4c0f-8003-af58f583edac
2026-05-14 15:49:16.202 13 INFO neutron.plugins.ml2.plugin [None req-fbd9c9d6-35a5-40d5-9c84-69c9f84befaf - - - - - -] Attempt 1 to provision port 6e45d7a5-8c52-4f0b-9ad5-a3c2b7471c90
2026-05-14 15:49:16.566 16 INFO neutron.plugins.ml2.plugin [None req-0113c287-f79a-47b3-af9c-5abe17ef292b - - - - - -] Attempt 1 to provision port 6e45d7a5-8c52-4f0b-9ad5-a3c2b7471c90
2026-05-14 15:49:18.491 16 INFO neutron.plugins.ml2.plugin [None req-0113c287-f79a-47b3-af9c-5abe17ef292b - - - - - -] Attempt 1 to provision port c9ea0b1d-92c0-4abe-8db5-19149aa3e5dd
2026-05-14 15:49:20.330 16 INFO neutron.plugins.ml2.plugin [None req-0113c287-f79a-47b3-af9c-5abe17ef292b - - - - - -] Attempt 1 to provision port c9ea0b1d-92c0-4abe-8db5-19149aa3e5dd
2026-05-14 15:49:20.708 16 INFO neutron.plugins.ml2.plugin [None req-0008ca95-1f80-4a03-aa22-a517a2a0b912 - - - - - -] Attempt 1 to provision port 52e01513-9b79-4c0f-8003-af58f583edac
2026-05-14 15:49:20.741 16 INFO neutron.plugins.ml2.plugin [None req-0008ca95-1f80-4a03-aa22-a517a2a0b912 - - - - - -] Attempt 1 to provision port 94f61849-30e8-43cb-9601-27ae2692495d
2026-05-14 15:49:24.434 13 INFO neutron.plugins.ml2.plugin [None req-0113c287-f79a-47b3-af9c-5abe17ef292b - - - - - -] Attempt 1 to provision port 56fcd4e5-cc29-4b85-a24b-8d6db6ca112b
2026-05-14 15:49:26.434 13 INFO neutron.plugins.ml2.plugin [None req-0113c287-f79a-47b3-af9c-5abe17ef292b - - - - - -] Attempt 1 to provision port f325df63-76fd-460b-85cc-b260c9d9ac80
2026-05-14 15:49:27.054 13 INFO neutron.plugins.ml2.plugin [None req-0113c287-f79a-47b3-af9c-5abe17ef292b - - - - - -] Attempt 1 to provision port 56fcd4e5-cc29-4b85-a24b-8d6db6ca112b
2026-05-14 15:49:27.363 13 INFO neutron.plugins.ml2.plugin [None req-0113c287-f79a-47b3-af9c-5abe17ef292b - - - - - -] Attempt 1 to provision port f1777be8-0f37-40ca-a62d-ee6c8cc07fb3
2026-05-14 15:49:28.467 13 INFO neutron.plugins.ml2.plugin [None req-0113c287-f79a-47b3-af9c-5abe17ef292b - - - - - -] Attempt 1 to provision port f325df63-76fd-460b-85cc-b260c9d9ac80
2026-05-14 15:49:28.732 13 INFO neutron.plugins.ml2.plugin [None req-0113c287-f79a-47b3-af9c-5abe17ef292b - - - - - -] Attempt 1 to provision port f1777be8-0f37-40ca-a62d-ee6c8cc07fb3
2026-05-14 15:49:30.418 13 INFO neutron.plugins.ml2.plugin [None req-0113c287-f79a-47b3-af9c-5abe17ef292b - - - - - -] Attempt 1 to provision port e933bc7f-61d1-4c94-9dca-691bfe79aa7b
2026-05-14 15:49:32.152 13 INFO neutron.plugins.ml2.plugin [None req-628a733c-3418-4749-90c2-f3ebece1bf98 - - - - - -] Attempt 1 to provision port 75bd446c-0509-437c-8c76-ec7bc6be751e
2026-05-14 15:49:32.184 13 INFO neutron.plugins.ml2.plugin [None req-628a733c-3418-4749-90c2-f3ebece1bf98 - - - - - -] Attempt 1 to provision port 1e13d2bb-921f-4234-ab57-b8fe0168c93a
2026-05-14 15:49:32.220 13 INFO neutron.plugins.ml2.plugin [None req-628a733c-3418-4749-90c2-f3ebece1bf98 - - - - - -] Attempt 1 to provision port e933bc7f-61d1-4c94-9dca-691bfe79aa7b
2026-05-14 15:49:32.299 13 INFO neutron.plugins.ml2.plugin [None req-628a733c-3418-4749-90c2-f3ebece1bf98 - - - - - -] Attempt 1 to provision port 43d56c14-7275-43cd-b719-5473d6823389
2026-05-14 15:49:32.328 13 INFO neutron.plugins.ml2.plugin [None req-628a733c-3418-4749-90c2-f3ebece1bf98 - - - - - -] Attempt 1 to provision port f1777be8-0f37-40ca-a62d-ee6c8cc07fb3
2026-05-14 15:49:33.659 16 INFO neutron.plugins.ml2.plugin [None req-0113c287-f79a-47b3-af9c-5abe17ef292b - - - - - -] Attempt 1 to provision port 3c443490-2bdf-4093-83b3-14220ed60745
2026-05-14 15:49:33.774 16 INFO neutron.notifiers.nova [-] Nova event matching ['req-7f478744-fdef-499a-a918-ae44b0f8a83a'] response: {'server_uuid': '3a1a2802-6b2f-417e-b694-0e704f8e6f75', 'name': 'network-vif-plugged', 'status': 'completed', 'tag': '3c443490-2bdf-4093-83b3-14220ed60745', 'code': 200}
2026-05-14 15:49:34.102 16 INFO neutron.plugins.ml2.plugin [None req-0113c287-f79a-47b3-af9c-5abe17ef292b - - - - - -] Attempt 1 to provision port fcd91517-3788-4ff2-b3c4-7d96543ad5d3
2026-05-14 15:49:34.523 16 INFO neutron.plugins.ml2.plugin [None req-0113c287-f79a-47b3-af9c-5abe17ef292b - - - - - -] Attempt 1 to provision port 4f49e854-c808-4e1d-97f7-5b34c79cdc6a
2026-05-14 15:49:34.946 16 INFO neutron.plugins.ml2.plugin [None req-0113c287-f79a-47b3-af9c-5abe17ef292b - - - - - -] Attempt 1 to provision port e933bc7f-61d1-4c94-9dca-691bfe79aa7b
2026-05-14 15:49:36.047 13 INFO neutron.plugins.ml2.plugin [None req-0113c287-f79a-47b3-af9c-5abe17ef292b - - - - - -] Attempt 1 to provision port fcd91517-3788-4ff2-b3c4-7d96543ad5d3
2026-05-14 15:49:36.294 13 INFO neutron.plugins.ml2.plugin [None req-0113c287-f79a-47b3-af9c-5abe17ef292b - - - - - -] Attempt 1 to provision port 4f49e854-c808-4e1d-97f7-5b34c79cdc6a
2026-05-14 15:49:36.492 13 INFO neutron.plugins.ml2.plugin [None req-0113c287-f79a-47b3-af9c-5abe17ef292b - - - - - -] Attempt 1 to provision port 3c443490-2bdf-4093-83b3-14220ed60745
2026-05-14 15:49:38.689 13 INFO neutron.plugins.ml2.plugin [None req-1c8e8cf2-e05e-4353-84af-df3d04e100d2 - - - - - -] Attempt 1 to provision port 52e01513-9b79-4c0f-8003-af58f583edac
2026-05-14 15:49:38.884 13 INFO neutron.plugins.ml2.plugin [None req-1c8e8cf2-e05e-4353-84af-df3d04e100d2 - - - - - -] Attempt 1 to provision port e933bc7f-61d1-4c94-9dca-691bfe79aa7b
2026-05-14 15:49:38.976 13 INFO neutron.plugins.ml2.plugin [None req-1c8e8cf2-e05e-4353-84af-df3d04e100d2 - - - - - -] Attempt 1 to provision port 6fd914a6-5b41-49de-9d4f-1f290297dfd7
2026-05-14 15:49:39.014 13 INFO neutron.plugins.ml2.plugin [None req-1c8e8cf2-e05e-4353-84af-df3d04e100d2 - - - - - -] Attempt 1 to provision port 1e13d2bb-921f-4234-ab57-b8fe0168c93a
2026-05-14 15:49:39.043 13 INFO neutron.plugins.ml2.plugin [None req-1c8e8cf2-e05e-4353-84af-df3d04e100d2 - - - - - -] Attempt 1 to provision port 43d56c14-7275-43cd-b719-5473d6823389
2026-05-14 15:49:39.065 13 INFO neutron.plugins.ml2.plugin [None req-1c8e8cf2-e05e-4353-84af-df3d04e100d2 - - - - - -] Attempt 1 to provision port f1777be8-0f37-40ca-a62d-ee6c8cc07fb3
2026-05-14 15:49:40.967 13 INFO neutron.plugins.ml2.plugin [None req-0113c287-f79a-47b3-af9c-5abe17ef292b - - - - - -] Attempt 1 to provision port 52e01513-9b79-4c0f-8003-af58f583edac
2026-05-14 15:49:41.149 13 INFO neutron.plugins.ml2.plugin [None req-0113c287-f79a-47b3-af9c-5abe17ef292b - - - - - -] Attempt 1 to provision port 94f61849-30e8-43cb-9601-27ae2692495d
2026-05-14 15:49:41.435 13 INFO neutron.plugins.ml2.plugin [None req-0113c287-f79a-47b3-af9c-5abe17ef292b - - - - - -] Attempt 1 to provision port 12639c0d-f54a-4d2f-8ffe-fbe840f600e3
2026-05-14 15:49:41.562 13 INFO neutron.notifiers.nova [-] Nova event matching ['req-8c45e436-0280-478b-a636-2cde891ea6bc'] response: {'server_uuid': '462d4e24-77bc-48eb-9fb5-8c6b84237840', 'name': 'network-vif-plugged', 'status': 'completed', 'tag': '12639c0d-f54a-4d2f-8ffe-fbe840f600e3', 'code': 200}
2026-05-14 15:49:41.833 13 INFO neutron.plugins.ml2.plugin [None req-bfe62c8e-5f9b-4b6f-b795-3daee74c4c23 - - - - - -] Attempt 1 to provision port 43d56c14-7275-43cd-b719-5473d6823389
2026-05-14 15:49:41.858 13 INFO neutron.plugins.ml2.plugin [None req-bfe62c8e-5f9b-4b6f-b795-3daee74c4c23 - - - - - -] Attempt 1 to provision port 3c443490-2bdf-4093-83b3-14220ed60745
2026-05-14 15:49:42.859 16 INFO neutron.plugins.ml2.plugin [None req-0113c287-f79a-47b3-af9c-5abe17ef292b - - - - - -] Attempt 1 to provision port 60aa79da-c664-4e45-8260-d9d83c9ffa4b
2026-05-14 15:49:43.035 16 INFO neutron.notifiers.nova [-] Nova event matching ['req-dd6deb40-5af0-4602-bee3-b7d1118abbb9'] response: {'server_uuid': '91da268b-b49d-4daf-8a1f-45afa06f3dba', 'name': 'network-vif-plugged', 'status': 'completed', 'tag': '60aa79da-c664-4e45-8260-d9d83c9ffa4b', 'code': 200}
2026-05-14 15:49:43.502 16 INFO neutron.plugins.ml2.plugin [None req-0113c287-f79a-47b3-af9c-5abe17ef292b - - - - - -] Attempt 1 to provision port 94f61849-30e8-43cb-9601-27ae2692495d
2026-05-14 15:49:43.851 16 INFO neutron.plugins.ml2.plugin [None req-0113c287-f79a-47b3-af9c-5abe17ef292b - - - - - -] Attempt 1 to provision port 12639c0d-f54a-4d2f-8ffe-fbe840f600e3
2026-05-14 15:49:44.677 16 INFO neutron.plugins.ml2.plugin [None req-0113c287-f79a-47b3-af9c-5abe17ef292b - - - - - -] Attempt 1 to provision port 60aa79da-c664-4e45-8260-d9d83c9ffa4b
2026-05-14 15:49:44.743 13 INFO neutron.plugins.ml2.plugin [None req-3521c2c2-1f54-4b53-8fc8-eb302ab60c76 - - - - - -] Attempt 1 to provision port 1e13d2bb-921f-4234-ab57-b8fe0168c93a
2026-05-14 15:49:44.918 16 INFO neutron.plugins.ml2.plugin [None req-0113c287-f79a-47b3-af9c-5abe17ef292b - - - - - -] Attempt 1 to provision port 75bd446c-0509-437c-8c76-ec7bc6be751e
2026-05-14 15:49:45.484 16 INFO neutron.plugins.ml2.plugin [None req-0113c287-f79a-47b3-af9c-5abe17ef292b - - - - - -] Attempt 1 to provision port 43d56c14-7275-43cd-b719-5473d6823389
2026-05-14 15:49:46.584 16 INFO neutron.plugins.ml2.plugin [None req-0113c287-f79a-47b3-af9c-5abe17ef292b - - - - - -] Attempt 1 to provision port 1e13d2bb-921f-4234-ab57-b8fe0168c93a
2026-05-14 15:49:46.869 16 INFO neutron.plugins.ml2.plugin [None req-0113c287-f79a-47b3-af9c-5abe17ef292b - - - - - -] Attempt 1 to provision port 75bd446c-0509-437c-8c76-ec7bc6be751e
2026-05-14 15:49:46.924 13 INFO neutron.plugins.ml2.plugin [None req-a1e2772a-081f-4716-9083-3d5fbddb8be3 - - - - - -] Attempt 1 to provision port 60aa79da-c664-4e45-8260-d9d83c9ffa4b
2026-05-14 15:49:47.085 16 INFO neutron.plugins.ml2.plugin [None req-0113c287-f79a-47b3-af9c-5abe17ef292b - - - - - -] Attempt 1 to provision port 43d56c14-7275-43cd-b719-5473d6823389
2026-05-14 15:49:47.098 13 INFO neutron.plugins.ml2.plugin [None req-a1e2772a-081f-4716-9083-3d5fbddb8be3 - - - - - -] Attempt 1 to provision port 1e13d2bb-921f-4234-ab57-b8fe0168c93a
2026-05-14 15:49:48.221 13 INFO neutron.plugins.ml2.plugin [None req-8188b789-1c61-4719-b090-1c0e2dbbdab8 - - - - - -] Attempt 1 to provision port 43d56c14-7275-43cd-b719-5473d6823389
2026-05-14 15:49:48.699 16 INFO neutron.plugins.ml2.plugin [None req-0113c287-f79a-47b3-af9c-5abe17ef292b - - - - - -] Attempt 1 to provision port 6fd914a6-5b41-49de-9d4f-1f290297dfd7
2026-05-14 15:49:49.080 16 INFO neutron.plugins.ml2.plugin [None req-0113c287-f79a-47b3-af9c-5abe17ef292b - - - - - -] Attempt 1 to provision port 1e13d2bb-921f-4234-ab57-b8fe0168c93a
2026-05-14 15:49:50.585 13 INFO neutron.plugins.ml2.plugin [None req-0113c287-f79a-47b3-af9c-5abe17ef292b - - - - - -] Attempt 1 to provision port 6fd914a6-5b41-49de-9d4f-1f290297dfd7
2026-05-14 15:49:59.206 16 INFO neutron.notifiers.nova [-] Nova event matching ['req-0ab495c9-bed4-47b6-aa55-24cdf296a10b'] response: {'server_uuid': '3a1a2802-6b2f-417e-b694-0e704f8e6f75', 'name': 'network-vif-unplugged', 'status': 'completed', 'tag': '3c443490-2bdf-4093-83b3-14220ed60745', 'code': 200}
2026-05-14 15:50:02.624 16 INFO neutron.plugins.ml2.plugin [None req-0113c287-f79a-47b3-af9c-5abe17ef292b - - - - - -] Attempt 1 to provision port c97903cf-7691-4ee5-9e70-402e5a79ad44
2026-05-14 15:50:04.604 13 INFO neutron.plugins.ml2.plugin [None req-0113c287-f79a-47b3-af9c-5abe17ef292b - - - - - -] Attempt 1 to provision port c97903cf-7691-4ee5-9e70-402e5a79ad44
2026-05-14 15:50:06.668 16 INFO neutron.plugins.ml2.plugin [None req-0113c287-f79a-47b3-af9c-5abe17ef292b - - - - - -] Attempt 1 to provision port 3d30adfd-3be7-45b1-af26-371edf2c87b2
2026-05-14 15:50:07.153 16 INFO neutron.plugins.ml2.plugin [None req-0113c287-f79a-47b3-af9c-5abe17ef292b - - - - - -] Attempt 1 to provision port a36e1e4e-c0a9-422b-9da4-c6d8bcf40232
2026-05-14 15:50:08.972 13 INFO neutron.plugins.ml2.plugin [None req-0113c287-f79a-47b3-af9c-5abe17ef292b - - - - - -] Attempt 1 to provision port 3d30adfd-3be7-45b1-af26-371edf2c87b2
2026-05-14 15:50:09.219 13 INFO neutron.plugins.ml2.plugin [None req-0113c287-f79a-47b3-af9c-5abe17ef292b - - - - - -] Attempt 1 to provision port a36e1e4e-c0a9-422b-9da4-c6d8bcf40232
2026-05-14 15:50:13.076 13 INFO neutron.plugins.ml2.plugin [None req-0113c287-f79a-47b3-af9c-5abe17ef292b - - - - - -] Attempt 1 to provision port fe3d5f56-9769-44b5-af7d-10bec92f9aee
2026-05-14 15:50:14.784 16 INFO neutron.plugins.ml2.plugin [None req-0113c287-f79a-47b3-af9c-5abe17ef292b - - - - - -] Attempt 1 to provision port fe3d5f56-9769-44b5-af7d-10bec92f9aee
2026-05-14 15:50:15.395 16 INFO neutron.plugins.ml2.plugin [None req-b20b6f4c-384b-42ca-919e-0a6beb33d948 - - - - - -] Attempt 1 to provision port fe3d5f56-9769-44b5-af7d-10bec92f9aee
2026-05-14 15:50:15.497 16 INFO neutron.plugins.ml2.plugin [None req-b20b6f4c-384b-42ca-919e-0a6beb33d948 - - - - - -] Attempt 1 to provision port c97903cf-7691-4ee5-9e70-402e5a79ad44
2026-05-14 15:50:15.565 16 INFO neutron.plugins.ml2.plugin [None req-b20b6f4c-384b-42ca-919e-0a6beb33d948 - - - - - -] Attempt 1 to provision port f4b6f55f-e111-4275-b973-7f0b23af68d7
2026-05-14 15:50:15.608 16 INFO neutron.plugins.ml2.plugin [None req-b20b6f4c-384b-42ca-919e-0a6beb33d948 - - - - - -] Attempt 1 to provision port 45127bb3-8b5a-4e16-a921-358ff823d92d
2026-05-14 15:50:19.657 16 INFO neutron.plugins.ml2.plugin [None req-42fb442b-5185-4840-bf94-9525ac123c12 - - - - - -] Attempt 1 to provision port 8a4d68a9-8779-49e0-bfab-1e7a25e0c8aa
2026-05-14 15:50:19.691 16 INFO neutron.plugins.ml2.plugin [None req-42fb442b-5185-4840-bf94-9525ac123c12 - - - - - -] Attempt 1 to provision port 45127bb3-8b5a-4e16-a921-358ff823d92d
2026-05-14 15:50:21.321 16 INFO neutron.plugins.ml2.plugin [None req-0113c287-f79a-47b3-af9c-5abe17ef292b - - - - - -] Attempt 1 to provision port 10918d96-a9ff-451c-9c80-7481f0358348
2026-05-14 15:50:21.443 16 INFO neutron.notifiers.nova [-] Nova event matching ['req-abf71e67-0a62-4c4e-8a0a-83a2cb24841a'] response: {'server_uuid': '90eda7c0-81b9-4b95-a877-db997e93d308', 'name': 'network-vif-plugged', 'status': 'completed', 'tag': '10918d96-a9ff-451c-9c80-7481f0358348', 'code': 200}
2026-05-14 15:50:23.439 13 INFO neutron.plugins.ml2.plugin [None req-0113c287-f79a-47b3-af9c-5abe17ef292b - - - - - -] Attempt 1 to provision port 10918d96-a9ff-451c-9c80-7481f0358348
2026-05-14 15:50:23.665 13 INFO neutron.plugins.ml2.plugin [None req-0113c287-f79a-47b3-af9c-5abe17ef292b - - - - - -] Attempt 1 to provision port 5d010e2b-2a27-4fa1-a8b5-0d611a3f99dc
2026-05-14 15:50:23.770 13 INFO neutron.notifiers.nova [-] Nova event matching ['req-5578e86e-b2aa-4123-a1a7-f41b36f97a83'] response: {'server_uuid': 'ce939eac-b9aa-4fe6-b3ce-87e3af025b36', 'name': 'network-vif-plugged', 'status': 'completed', 'tag': '5d010e2b-2a27-4fa1-a8b5-0d611a3f99dc', 'code': 200}
2026-05-14 15:50:24.138 13 INFO neutron.plugins.ml2.plugin [None req-096a21b7-2d5d-4791-9ed1-f9547a49ac32 - - - - - -] Attempt 1 to provision port 45127bb3-8b5a-4e16-a921-358ff823d92d
2026-05-14 15:50:25.261 16 INFO neutron.plugins.ml2.plugin [None req-0113c287-f79a-47b3-af9c-5abe17ef292b - - - - - -] Attempt 1 to provision port 5d010e2b-2a27-4fa1-a8b5-0d611a3f99dc
2026-05-14 15:50:26.458 13 INFO neutron.plugins.ml2.plugin [None req-22f234b4-ec44-4d27-829f-3425f3641919 - - - - - -] Attempt 1 to provision port 6cfc1c5c-d10f-44ec-b4b8-fbf843c5fa41
2026-05-14 15:50:27.186 13 INFO neutron.plugins.ml2.plugin [None req-0113c287-f79a-47b3-af9c-5abe17ef292b - - - - - -] Attempt 1 to provision port f4b6f55f-e111-4275-b973-7f0b23af68d7
2026-05-14 15:50:27.597 13 INFO neutron.plugins.ml2.plugin [None req-0113c287-f79a-47b3-af9c-5abe17ef292b - - - - - -] Attempt 1 to provision port 8a4d68a9-8779-49e0-bfab-1e7a25e0c8aa
2026-05-14 15:50:28.640 13 INFO neutron.plugins.ml2.plugin [None req-919ea040-641b-4728-8217-79041d9dc12c - - - - - -] Attempt 1 to provision port 5d010e2b-2a27-4fa1-a8b5-0d611a3f99dc
2026-05-14 15:50:29.253 13 INFO neutron.plugins.ml2.plugin [None req-0113c287-f79a-47b3-af9c-5abe17ef292b - - - - - -] Attempt 1 to provision port 6cfc1c5c-d10f-44ec-b4b8-fbf843c5fa41
2026-05-14 15:50:29.514 13 INFO neutron.plugins.ml2.plugin [None req-0113c287-f79a-47b3-af9c-5abe17ef292b - - - - - -] Attempt 1 to provision port f4b6f55f-e111-4275-b973-7f0b23af68d7
2026-05-14 15:50:29.851 13 INFO neutron.plugins.ml2.plugin [None req-0113c287-f79a-47b3-af9c-5abe17ef292b - - - - - -] Attempt 1 to provision port 45127bb3-8b5a-4e16-a921-358ff823d92d
2026-05-14 15:50:30.290 13 INFO neutron.plugins.ml2.plugin [None req-0113c287-f79a-47b3-af9c-5abe17ef292b - - - - - -] Attempt 1 to provision port 8a4d68a9-8779-49e0-bfab-1e7a25e0c8aa
2026-05-14 15:50:31.141 16 INFO neutron.plugins.ml2.plugin [None req-0113c287-f79a-47b3-af9c-5abe17ef292b - - - - - -] Attempt 1 to provision port 6cfc1c5c-d10f-44ec-b4b8-fbf843c5fa41
2026-05-14 15:50:31.318 16 INFO neutron.plugins.ml2.plugin [None req-0113c287-f79a-47b3-af9c-5abe17ef292b - - - - - -] Attempt 1 to provision port 45127bb3-8b5a-4e16-a921-358ff823d92d
2026-05-14 15:50:51.339 16 INFO neutron.notifiers.nova [-] Nova event matching ['req-c4b7bf06-d1af-4fdd-85b3-0faa21e03931'] response: {'server_uuid': '90eda7c0-81b9-4b95-a877-db997e93d308', 'name': 'network-vif-unplugged', 'status': 'completed', 'tag': '10918d96-a9ff-451c-9c80-7481f0358348', 'code': 200}
2026-05-14 15:50:53.684 16 INFO neutron.plugins.ml2.plugin [None req-0113c287-f79a-47b3-af9c-5abe17ef292b - - - - - -] Attempt 1 to provision port 10918d96-a9ff-451c-9c80-7481f0358348
2026-05-14 15:50:53.802 16 INFO neutron.notifiers.nova [-] Nova event matching ['req-ef3f6eee-e36b-492e-96dc-02edb5630e0e'] response: {'server_uuid': '90eda7c0-81b9-4b95-a877-db997e93d308', 'name': 'network-vif-plugged', 'status': 'completed', 'tag': '10918d96-a9ff-451c-9c80-7481f0358348', 'code': 200}
2026-05-14 15:50:55.114 13 INFO neutron.plugins.ml2.plugin [None req-0113c287-f79a-47b3-af9c-5abe17ef292b - - - - - -] Attempt 1 to provision port 10918d96-a9ff-451c-9c80-7481f0358348
2026-05-14 15:51:01.672 16 INFO neutron.plugins.ml2.plugin [None req-0113c287-f79a-47b3-af9c-5abe17ef292b - - - - - -] Attempt 1 to provision port 80731f72-b530-4759-9471-3c5cc3fefe7f
2026-05-14 15:51:01.781 16 INFO neutron.notifiers.nova [-] Nova event matching ['req-91ab39a2-2d39-4359-9cf3-d87054ad9162'] response: {'server_uuid': 'b181d67c-7aea-4d35-bb23-3f665f133a93', 'name': 'network-vif-plugged', 'status': 'completed', 'tag': '80731f72-b530-4759-9471-3c5cc3fefe7f', 'code': 200}
2026-05-14 15:51:03.145 16 INFO neutron.plugins.ml2.plugin [None req-0113c287-f79a-47b3-af9c-5abe17ef292b - - - - - -] Attempt 1 to provision port 80731f72-b530-4759-9471-3c5cc3fefe7f
2026-05-14 15:51:35.347 16 INFO neutron.notifiers.nova [-] Nova event matching ['req-880866f5-af7b-4916-960d-8fdd1ecb145f'] response: {'server_uuid': 'ce939eac-b9aa-4fe6-b3ce-87e3af025b36', 'name': 'network-vif-unplugged', 'status': 'completed', 'tag': '5d010e2b-2a27-4fa1-a8b5-0d611a3f99dc', 'code': 200}
2026-05-14 15:52:19.428 13 INFO neutron.plugins.ml2.plugin [None req-0113c287-f79a-47b3-af9c-5abe17ef292b - - - - - -] Attempt 1 to provision port 89761892-a421-4509-a25f-19031a5116cb
2026-05-14 15:52:25.226 16 INFO neutron.plugins.ml2.plugin [None req-0113c287-f79a-47b3-af9c-5abe17ef292b - - - - - -] Attempt 1 to provision port 91b5221f-dd84-4200-9147-401f7cf2cc8a
2026-05-14 15:52:31.500 16 ERROR oslo_messaging.rpc.server [None req-83a581d7-869c-4081-b695-32d66471d291 - - - - - -] Exception during message handling: neutron_lib.exceptions.SubnetInUse: Unable to complete operation on subnet c581ec07-c38d-42c5-9ae1-dab55f88a37d: This subnet is being modified by another concurrent operation.
2026-05-14 15:52:31.500 16 ERROR oslo_messaging.rpc.server
Traceback (most recent call last):
2026-05-14 15:52:31.500 16 ERROR oslo_messaging.rpc.server
File "/var/lib/openstack/lib/python3.12/site-packages/oslo_messaging/rpc/server.py", line 174, in _process_incoming
2026-05-14 15:52:31.500 16 ERROR oslo_messaging.rpc.server res = self.dispatcher.dispatch(message)
2026-05-14 15:52:31.500 16 ERROR oslo_messaging.rpc.server ^^^^^^^^^^^^^^^^^^^^^^^^^^^^^^^^^
2026-05-14 15:52:31.500 16 ERROR oslo_messaging.rpc.server
File "/var/lib/openstack/lib/python3.12/site-packages/oslo_messaging/rpc/dispatcher.py", line 309, in dispatch
2026-05-14 15:52:31.500 16 ERROR oslo_messaging.rpc.server return self._do_dispatch(endpoint, method, ctxt, args)
2026-05-14 15:52:31.500 16 ERROR oslo_messaging.rpc.server ^^^^^^^^^^^^^^^^^^^^^^^^^^^^^^^^^^^^^^^^^^^^^^^
2026-05-14 15:52:31.500 16 ERROR oslo_messaging.rpc.server
File "/var/lib/openstack/lib/python3.12/site-packages/oslo_messaging/rpc/dispatcher.py", line 229, in _do_dispatch
2026-05-14 15:52:31.500 16 ERROR oslo_messaging.rpc.server result = func(ctxt, **new_args)
2026-05-14 15:52:31.500 16 ERROR oslo_messaging.rpc.server ^^^^^^^^^^^^^^^^^^^^^^
2026-05-14 15:52:31.500 16 ERROR oslo_messaging.rpc.server
File "/var/lib/openstack/lib/python3.12/site-packages/oslo_messaging/rpc/server.py", line 269, in inner
2026-05-14 15:52:31.500 16 ERROR oslo_messaging.rpc.server return func(*args, **kwargs)
2026-05-14 15:52:31.500 16 ERROR oslo_messaging.rpc.server ^^^^^^^^^^^^^^^^^^^^^
2026-05-14 15:52:31.500 16 ERROR oslo_messaging.rpc.server
File "/var/lib/openstack/lib/python3.12/site-packages/neutron_lib/db/api.py", line 137, in wrapped
2026-05-14 15:52:31.500 16 ERROR oslo_messaging.rpc.server with excutils.save_and_reraise_exception():
2026-05-14 15:52:31.500 16 ERROR oslo_messaging.rpc.server
File "/var/lib/openstack/lib/python3.12/site-packages/oslo_utils/excutils.py", line 271, in __exit__
2026-05-14 15:52:31.500 16 ERROR oslo_messaging.rpc.server self.force_reraise()
2026-05-14 15:52:31.500 16 ERROR oslo_messaging.rpc.server
File "/var/lib/openstack/lib/python3.12/site-packages/oslo_utils/excutils.py", line 233, in force_reraise
2026-05-14 15:52:31.500 16 ERROR oslo_messaging.rpc.server raise self.value
2026-05-14 15:52:31.500 16 ERROR oslo_messaging.rpc.server
File "/var/lib/openstack/lib/python3.12/site-packages/neutron_lib/db/api.py", line 135, in wrapped
2026-05-14 15:52:31.500 16 ERROR oslo_messaging.rpc.server return f(*args, **kwargs)
2026-05-14 15:52:31.500 16 ERROR oslo_messaging.rpc.server ^^^^^^^^^^^^^^^^^^
2026-05-14 15:52:31.500 16 ERROR oslo_messaging.rpc.server
File "/var/lib/openstack/lib/python3.12/site-packages/oslo_db/api.py", line 144, in wrapper
2026-05-14 15:52:31.500 16 ERROR oslo_messaging.rpc.server with excutils.save_and_reraise_exception() as ectxt:
2026-05-14 15:52:31.500 16 ERROR oslo_messaging.rpc.server
File "/var/lib/openstack/lib/python3.12/site-packages/oslo_utils/excutils.py", line 271, in __exit__
2026-05-14 15:52:31.500 16 ERROR oslo_messaging.rpc.server self.force_reraise()
2026-05-14 15:52:31.500 16 ERROR oslo_messaging.rpc.server
File "/var/lib/openstack/lib/python3.12/site-packages/oslo_utils/excutils.py", line 233, in force_reraise
2026-05-14 15:52:31.500 16 ERROR oslo_messaging.rpc.server raise self.value
2026-05-14 15:52:31.500 16 ERROR oslo_messaging.rpc.server
File "/var/lib/openstack/lib/python3.12/site-packages/oslo_db/api.py", line 142, in wrapper
2026-05-14 15:52:31.500 16 ERROR oslo_messaging.rpc.server return f(*args, **kwargs)
2026-05-14 15:52:31.500 16 ERROR oslo_messaging.rpc.server ^^^^^^^^^^^^^^^^^^
2026-05-14 15:52:31.500 16 ERROR oslo_messaging.rpc.server
File "/var/lib/openstack/lib/python3.12/site-packages/neutron_lib/db/api.py", line 183, in wrapped
2026-05-14 15:52:31.500 16 ERROR oslo_messaging.rpc.server with excutils.save_and_reraise_exception():
2026-05-14 15:52:31.500 16 ERROR oslo_messaging.rpc.server
File "/var/lib/openstack/lib/python3.12/site-packages/oslo_utils/excutils.py", line 271, in __exit__
2026-05-14 15:52:31.500 16 ERROR oslo_messaging.rpc.server self.force_reraise()
2026-05-14 15:52:31.500 16 ERROR oslo_messaging.rpc.server
File "/var/lib/openstack/lib/python3.12/site-packages/oslo_utils/excutils.py", line 233, in force_reraise
2026-05-14 15:52:31.500 16 ERROR oslo_messaging.rpc.server raise self.value
2026-05-14 15:52:31.500 16 ERROR oslo_messaging.rpc.server
File "/var/lib/openstack/lib/python3.12/site-packages/neutron_lib/db/api.py", line 181, in wrapped
2026-05-14 15:52:31.500 16 ERROR oslo_messaging.rpc.server return f(*dup_args, **dup_kwargs)
2026-05-14 15:52:31.500 16 ERROR oslo_messaging.rpc.server ^^^^^^^^^^^^^^^^^^^^^^^^^^
2026-05-14 15:52:31.500 16 ERROR oslo_messaging.rpc.server
File "/var/lib/openstack/lib/python3.12/site-packages/neutron/quota/resource_registry.py", line 95, in wrapper
2026-05-14 15:52:31.500 16 ERROR oslo_messaging.rpc.server ret_val = f(_self, context, *args, **kwargs)
2026-05-14 15:52:31.500 16 ERROR oslo_messaging.rpc.server ^^^^^^^^^^^^^^^^^^^^^^^^^^^^^^^^^^
2026-05-14 15:52:31.500 16 ERROR oslo_messaging.rpc.server
File "/var/lib/openstack/lib/python3.12/site-packages/neutron/api/rpc/handlers/dhcp_rpc.py", line 289, in create_dhcp_port
2026-05-14 15:52:31.500 16 ERROR oslo_messaging.rpc.server return self._port_action(plugin, context, port, 'create_port')
2026-05-14 15:52:31.500 16 ERROR oslo_messaging.rpc.server ^^^^^^^^^^^^^^^^^^^^^^^^^^^^^^^^^^^^^^^^^^^^^^^^^^^^^^^
2026-05-14 15:52:31.500 16 ERROR oslo_messaging.rpc.server
File "/var/lib/openstack/lib/python3.12/site-packages/neutron/api/rpc/handlers/dhcp_rpc.py", line 118, in _port_action
2026-05-14 15:52:31.500 16 ERROR oslo_messaging.rpc.server return p_utils.create_port(plugin, context, port)
2026-05-14 15:52:31.500 16 ERROR oslo_messaging.rpc.server ^^^^^^^^^^^^^^^^^^^^^^^^^^^^^^^^^^^^^^^^^^
2026-05-14 15:52:31.500 16 ERROR oslo_messaging.rpc.server
File "/var/lib/openstack/lib/python3.12/site-packages/neutron_lib/plugins/utils.py", line 338, in create_port
2026-05-14 15:52:31.500 16 ERROR oslo_messaging.rpc.server return core_plugin.create_port(
2026-05-14 15:52:31.500 16 ERROR oslo_messaging.rpc.server ^^^^^^^^^^^^^^^^^^^^^^^^
2026-05-14 15:52:31.500 16 ERROR oslo_messaging.rpc.server
File "/var/lib/openstack/lib/python3.12/site-packages/neutron/common/utils.py", line 711, in inner
2026-05-14 15:52:31.500 16 ERROR oslo_messaging.rpc.server return f(*args, **kwargs)
2026-05-14 15:52:31.500 16 ERROR oslo_messaging.rpc.server ^^^^^^^^^^^^^^^^^^
2026-05-14 15:52:31.500 16 ERROR oslo_messaging.rpc.server
File "/var/lib/openstack/lib/python3.12/site-packages/neutron_lib/db/api.py", line 223, in wrapped
2026-05-14 15:52:31.500 16 ERROR oslo_messaging.rpc.server return f_with_retry(*args, **kwargs,
2026-05-14 15:52:31.500 16 ERROR oslo_messaging.rpc.server ^^^^^^^^^^^^^^^^^^^^^^^^^^^^^
2026-05-14 15:52:31.500 16 ERROR oslo_messaging.rpc.server
File "/var/lib/openstack/lib/python3.12/site-packages/neutron_lib/db/api.py", line 137, in wrapped
2026-05-14 15:52:31.500 16 ERROR oslo_messaging.rpc.server with excutils.save_and_reraise_exception():
2026-05-14 15:52:31.500 16 ERROR oslo_messaging.rpc.server
File "/var/lib/openstack/lib/python3.12/site-packages/oslo_utils/excutils.py", line 271, in __exit__
2026-05-14 15:52:31.500 16 ERROR oslo_messaging.rpc.server self.force_reraise()
2026-05-14 15:52:31.500 16 ERROR oslo_messaging.rpc.server
File "/var/lib/openstack/lib/python3.12/site-packages/oslo_utils/excutils.py", line 233, in force_reraise
2026-05-14 15:52:31.500 16 ERROR oslo_messaging.rpc.server raise self.value
2026-05-14 15:52:31.500 16 ERROR oslo_messaging.rpc.server
File "/var/lib/openstack/lib/python3.12/site-packages/neutron_lib/db/api.py", line 135, in wrapped
2026-05-14 15:52:31.500 16 ERROR oslo_messaging.rpc.server return f(*args, **kwargs)
2026-05-14 15:52:31.500 16 ERROR oslo_messaging.rpc.server ^^^^^^^^^^^^^^^^^^
2026-05-14 15:52:31.500 16 ERROR oslo_messaging.rpc.server
File "/var/lib/openstack/lib/python3.12/site-packages/oslo_db/api.py", line 144, in wrapper
2026-05-14 15:52:31.500 16 ERROR oslo_messaging.rpc.server with excutils.save_and_reraise_exception() as ectxt:
2026-05-14 15:52:31.500 16 ERROR oslo_messaging.rpc.server
File "/var/lib/openstack/lib/python3.12/site-packages/oslo_utils/excutils.py", line 271, in __exit__
2026-05-14 15:52:31.500 16 ERROR oslo_messaging.rpc.server self.force_reraise()
2026-05-14 15:52:31.500 16 ERROR oslo_messaging.rpc.server
File "/var/lib/openstack/lib/python3.12/site-packages/oslo_utils/excutils.py", line 233, in force_reraise
2026-05-14 15:52:31.500 16 ERROR oslo_messaging.rpc.server raise self.value
2026-05-14 15:52:31.500 16 ERROR oslo_messaging.rpc.server
File "/var/lib/openstack/lib/python3.12/site-packages/oslo_db/api.py", line 142, in wrapper
2026-05-14 15:52:31.500 16 ERROR oslo_messaging.rpc.server return f(*args, **kwargs)
2026-05-14 15:52:31.500 16 ERROR oslo_messaging.rpc.server ^^^^^^^^^^^^^^^^^^
2026-05-14 15:52:31.500 16 ERROR oslo_messaging.rpc.server
File "/var/lib/openstack/lib/python3.12/site-packages/neutron_lib/db/api.py", line 183, in wrapped
2026-05-14 15:52:31.500 16 ERROR oslo_messaging.rpc.server with excutils.save_and_reraise_exception():
2026-05-14 15:52:31.500 16 ERROR oslo_messaging.rpc.server
File "/var/lib/openstack/lib/python3.12/site-packages/oslo_utils/excutils.py", line 271, in __exit__
2026-05-14 15:52:31.500 16 ERROR oslo_messaging.rpc.server self.force_reraise()
2026-05-14 15:52:31.500 16 ERROR oslo_messaging.rpc.server
File "/var/lib/openstack/lib/python3.12/site-packages/oslo_utils/excutils.py", line 233, in force_reraise
2026-05-14 15:52:31.500 16 ERROR oslo_messaging.rpc.server raise self.value
2026-05-14 15:52:31.500 16 ERROR oslo_messaging.rpc.server
File "/var/lib/openstack/lib/python3.12/site-packages/neutron_lib/db/api.py", line 181, in wrapped
2026-05-14 15:52:31.500 16 ERROR oslo_messaging.rpc.server return f(*dup_args, **dup_kwargs)
2026-05-14 15:52:31.500 16 ERROR oslo_messaging.rpc.server ^^^^^^^^^^^^^^^^^^^^^^^^^^
2026-05-14 15:52:31.500 16 ERROR oslo_messaging.rpc.server
File "/var/lib/openstack/lib/python3.12/site-packages/neutron/plugins/ml2/plugin.py", line 1668, in create_port
2026-05-14 15:52:31.500 16 ERROR oslo_messaging.rpc.server result, mech_context = self._create_port_db(context, port)
2026-05-14 15:52:31.500 16 ERROR oslo_messaging.rpc.server ^^^^^^^^^^^^^^^^^^^^^^^^^^^^^^^^^^^
2026-05-14 15:52:31.500 16 ERROR oslo_messaging.rpc.server
File "/var/lib/openstack/lib/python3.12/site-packages/neutron/plugins/ml2/plugin.py", line 1632, in _create_port_db
2026-05-14 15:52:31.500 16 ERROR oslo_messaging.rpc.server port_db = self.create_port_db(context, port)
2026-05-14 15:52:31.500 16 ERROR oslo_messaging.rpc.server ^^^^^^^^^^^^^^^^^^^^^^^^^^^^^^^^^^
2026-05-14 15:52:31.500 16 ERROR oslo_messaging.rpc.server
File "/var/lib/openstack/lib/python3.12/site-packages/neutron/db/db_base_plugin_v2.py", line 1591, in create_port_db
2026-05-14 15:52:31.500 16 ERROR oslo_messaging.rpc.server self.ipam.allocate_ips_for_port_and_store(
2026-05-14 15:52:31.500 16 ERROR oslo_messaging.rpc.server
File "/var/lib/openstack/lib/python3.12/site-packages/neutron/db/ipam_pluggable_backend.py", line 219, in allocate_ips_for_port_and_store
2026-05-14 15:52:31.500 16 ERROR oslo_messaging.rpc.server ips = self.allocate_ips_for_port(context, port_copy)
2026-05-14 15:52:31.500 16 ERROR oslo_messaging.rpc.server ^^^^^^^^^^^^^^^^^^^^^^^^^^^^^^^^^^^^^^^^^^^^^^
2026-05-14 15:52:31.500 16 ERROR oslo_messaging.rpc.server
File "/var/lib/openstack/lib/python3.12/site-packages/neutron_lib/db/api.py", line 221, in wrapped
2026-05-14 15:52:31.500 16 ERROR oslo_messaging.rpc.server return f(*args, **kwargs)
2026-05-14 15:52:31.500 16 ERROR oslo_messaging.rpc.server ^^^^^^^^^^^^^^^^^^
2026-05-14 15:52:31.500 16 ERROR oslo_messaging.rpc.server
File "/var/lib/openstack/lib/python3.12/site-packages/oslo_db/sqlalchemy/enginefacade.py", line 1159, in wrapper
2026-05-14 15:52:31.500 16 ERROR oslo_messaging.rpc.server return fn(*args, **kwargs)
2026-05-14 15:52:31.500 16 ERROR oslo_messaging.rpc.server ^^^^^^^^^^^^^^^^^^^
2026-05-14 15:52:31.500 16 ERROR oslo_messaging.rpc.server
File "/var/lib/openstack/lib/python3.12/site-packages/neutron/db/ipam_pluggable_backend.py", line 226, in allocate_ips_for_port
2026-05-14 15:52:31.500 16 ERROR oslo_messaging.rpc.server return self._allocate_ips_for_port(context, port)
2026-05-14 15:52:31.500 16 ERROR oslo_messaging.rpc.server ^^^^^^^^^^^^^^^^^^^^^^^^^^^^^^^^^^^^^^^^^^
2026-05-14 15:52:31.500 16 ERROR oslo_messaging.rpc.server
File "/var/lib/openstack/lib/python3.12/site-packages/neutron/db/ipam_pluggable_backend.py", line 258, in _allocate_ips_for_port
2026-05-14 15:52:31.500 16 ERROR oslo_messaging.rpc.server subnets = self._ipam_get_subnets(
2026-05-14 15:52:31.500 16 ERROR oslo_messaging.rpc.server ^^^^^^^^^^^^^^^^^^^^^^^
2026-05-14 15:52:31.500 16 ERROR oslo_messaging.rpc.server
File "/var/lib/openstack/lib/python3.12/site-packages/neutron/db/ipam_backend_mixin.py", line 689, in _ipam_get_subnets
2026-05-14 15:52:31.500 16 ERROR oslo_messaging.rpc.server subnet.read_lock_register(
2026-05-14 15:52:31.500 16 ERROR oslo_messaging.rpc.server
File "/var/lib/openstack/lib/python3.12/site-packages/neutron/db/models_v2.py", line 77, in read_lock_register
2026-05-14 15:52:31.500 16 ERROR oslo_messaging.rpc.server raise exception
2026-05-14 15:52:31.500 16 ERROR oslo_messaging.rpc.server neutron_lib.exceptions.SubnetInUse: Unable to complete operation on subnet c581ec07-c38d-42c5-9ae1-dab55f88a37d: This subnet is being modified by another concurrent operation.
2026-05-14 15:52:31.500 16 ERROR oslo_messaging.rpc.server
2026-05-14 15:53:29.183 16 INFO neutron.plugins.ml2.plugin [None req-0113c287-f79a-47b3-af9c-5abe17ef292b - - - - - -] Attempt 1 to provision port e936b93b-d0aa-4c2e-b092-c949c0724df7
2026-05-14 15:53:31.138 16 INFO neutron.plugins.ml2.plugin [None req-0113c287-f79a-47b3-af9c-5abe17ef292b - - - - - -] Attempt 1 to provision port e936b93b-d0aa-4c2e-b092-c949c0724df7
2026-05-14 15:53:33.226 13 INFO neutron.plugins.ml2.plugin [None req-0113c287-f79a-47b3-af9c-5abe17ef292b - - - - - -] Attempt 1 to provision port 9099297e-894f-4ae9-8415-e6c956efce95
2026-05-14 15:53:33.654 13 INFO neutron.plugins.ml2.plugin [None req-0113c287-f79a-47b3-af9c-5abe17ef292b - - - - - -] Attempt 1 to provision port 74764203-0752-4141-9471-f29632c8bf33
2026-05-14 15:53:35.204 16 INFO neutron.plugins.ml2.plugin [None req-0113c287-f79a-47b3-af9c-5abe17ef292b - - - - - -] Attempt 1 to provision port 9099297e-894f-4ae9-8415-e6c956efce95
2026-05-14 15:53:35.458 16 INFO neutron.plugins.ml2.plugin [None req-0113c287-f79a-47b3-af9c-5abe17ef292b - - - - - -] Attempt 1 to provision port 74764203-0752-4141-9471-f29632c8bf33
2026-05-14 15:53:37.210 16 INFO neutron.plugins.ml2.plugin [None req-0113c287-f79a-47b3-af9c-5abe17ef292b - - - - - -] Attempt 1 to provision port 8682aa8a-7f59-4a21-8653-e88cdf4d0b14
2026-05-14 15:53:39.212 16 INFO neutron.plugins.ml2.plugin [None req-0113c287-f79a-47b3-af9c-5abe17ef292b - - - - - -] Attempt 1 to provision port 8682aa8a-7f59-4a21-8653-e88cdf4d0b14
2026-05-14 15:53:39.756 13 INFO neutron.plugins.ml2.plugin [None req-f9b8d94a-fbe9-48bf-9931-837a768c6302 - - - - - -] Attempt 1 to provision port 74764203-0752-4141-9471-f29632c8bf33
2026-05-14 15:53:39.819 13 INFO neutron.plugins.ml2.plugin [None req-f9b8d94a-fbe9-48bf-9931-837a768c6302 - - - - - -] Attempt 1 to provision port 8682aa8a-7f59-4a21-8653-e88cdf4d0b14
2026-05-14 15:53:39.879 13 INFO neutron.plugins.ml2.plugin [None req-f9b8d94a-fbe9-48bf-9931-837a768c6302 - - - - - -] Attempt 1 to provision port 74fffef7-2602-47bc-9c32-24e5ec6c77b5
2026-05-14 15:53:39.903 13 INFO neutron.plugins.ml2.plugin [None req-f9b8d94a-fbe9-48bf-9931-837a768c6302 - - - - - -] Attempt 1 to provision port 41728d8f-7da9-4eff-b042-d5a33822035c
2026-05-14 15:53:39.929 13 INFO neutron.plugins.ml2.plugin [None req-f9b8d94a-fbe9-48bf-9931-837a768c6302 - - - - - -] Attempt 1 to provision port 2b615b44-9829-4c01-9309-4574cbf68181
2026-05-14 15:53:43.648 13 INFO neutron.plugins.ml2.plugin [None req-46aac340-ad84-4515-a026-3d9c3c1b1e09 - - - - - -] Attempt 1 to provision port 41728d8f-7da9-4eff-b042-d5a33822035c
2026-05-14 15:53:43.686 13 INFO neutron.plugins.ml2.plugin [None req-46aac340-ad84-4515-a026-3d9c3c1b1e09 - - - - - -] Attempt 1 to provision port 8682aa8a-7f59-4a21-8653-e88cdf4d0b14
2026-05-14 15:53:43.750 13 INFO neutron.plugins.ml2.plugin [None req-46aac340-ad84-4515-a026-3d9c3c1b1e09 - - - - - -] Attempt 1 to provision port 74764203-0752-4141-9471-f29632c8bf33
2026-05-14 15:53:43.814 13 INFO neutron.plugins.ml2.plugin [None req-46aac340-ad84-4515-a026-3d9c3c1b1e09 - - - - - -] Attempt 1 to provision port 2b615b44-9829-4c01-9309-4574cbf68181
2026-05-14 15:53:47.033 16 INFO neutron.plugins.ml2.plugin [None req-9d4c7ba2-73e1-4237-9dc3-22dc693e8192 - - - - - -] Attempt 1 to provision port 74764203-0752-4141-9471-f29632c8bf33
2026-05-14 15:53:47.100 16 INFO neutron.plugins.ml2.plugin [None req-9d4c7ba2-73e1-4237-9dc3-22dc693e8192 - - - - - -] Attempt 1 to provision port 8682aa8a-7f59-4a21-8653-e88cdf4d0b14
2026-05-14 15:53:47.165 16 INFO neutron.plugins.ml2.plugin [None req-9d4c7ba2-73e1-4237-9dc3-22dc693e8192 - - - - - -] Attempt 1 to provision port 41728d8f-7da9-4eff-b042-d5a33822035c
2026-05-14 15:53:47.195 16 INFO neutron.plugins.ml2.plugin [None req-9d4c7ba2-73e1-4237-9dc3-22dc693e8192 - - - - - -] Attempt 1 to provision port 2b615b44-9829-4c01-9309-4574cbf68181
2026-05-14 15:53:47.709 13 INFO neutron.plugins.ml2.plugin [None req-0113c287-f79a-47b3-af9c-5abe17ef292b - - - - - -] Attempt 1 to provision port a4d473a9-30a6-4df2-b8af-b9a89b928c66
2026-05-14 15:53:47.893 13 INFO neutron.notifiers.nova [-] Nova event matching ['req-0391ad11-09f9-4bae-945c-017d22dbd7b8'] response: {'server_uuid': '49e6e3d4-26e9-4ec6-a153-0c41efffe085', 'name': 'network-vif-plugged', 'status': 'completed', 'tag': 'a4d473a9-30a6-4df2-b8af-b9a89b928c66', 'code': 200}
2026-05-14 15:53:49.166 13 INFO neutron.plugins.ml2.plugin [None req-0113c287-f79a-47b3-af9c-5abe17ef292b - - - - - -] Attempt 1 to provision port a4d473a9-30a6-4df2-b8af-b9a89b928c66
2026-05-14 15:53:49.408 16 INFO neutron.plugins.ml2.plugin [None req-56d3352f-fc98-48df-b24d-93257ffac909 - - - - - -] Attempt 1 to provision port 41728d8f-7da9-4eff-b042-d5a33822035c
2026-05-14 15:53:51.275 13 INFO neutron.plugins.ml2.plugin [None req-0113c287-f79a-47b3-af9c-5abe17ef292b - - - - - -] Attempt 1 to provision port 41728d8f-7da9-4eff-b042-d5a33822035c
2026-05-14 15:53:51.650 13 INFO neutron.plugins.ml2.plugin [None req-0113c287-f79a-47b3-af9c-5abe17ef292b - - - - - -] Attempt 1 to provision port 74fffef7-2602-47bc-9c32-24e5ec6c77b5
2026-05-14 15:53:51.815 16 INFO neutron.plugins.ml2.plugin [None req-b766becc-f354-423f-a9fc-87bd72aa869d - - - - - -] Attempt 1 to provision port 2b615b44-9829-4c01-9309-4574cbf68181
2026-05-14 15:53:51.944 13 INFO neutron.plugins.ml2.plugin [None req-0113c287-f79a-47b3-af9c-5abe17ef292b - - - - - -] Attempt 1 to provision port f1262892-56d0-4cc0-9a7b-d14f29457c1d
2026-05-14 15:53:51.950 16 INFO neutron.plugins.ml2.plugin [None req-b766becc-f354-423f-a9fc-87bd72aa869d - - - - - -] Attempt 1 to provision port a4d473a9-30a6-4df2-b8af-b9a89b928c66
2026-05-14 15:53:52.261 13 INFO neutron.plugins.ml2.plugin [None req-0113c287-f79a-47b3-af9c-5abe17ef292b - - - - - -] Attempt 1 to provision port 2b615b44-9829-4c01-9309-4574cbf68181
2026-05-14 15:53:53.237 16 INFO neutron.plugins.ml2.plugin [None req-0113c287-f79a-47b3-af9c-5abe17ef292b - - - - - -] Attempt 1 to provision port 41728d8f-7da9-4eff-b042-d5a33822035c
2026-05-14 15:53:53.267 13 INFO neutron.plugins.ml2.plugin [None req-045f0bd6-c8b6-4af9-8448-c46e358871de - - - - - -] Attempt 1 to provision port 2b615b44-9829-4c01-9309-4574cbf68181
2026-05-14 15:53:53.452 16 INFO neutron.plugins.ml2.plugin [None req-0113c287-f79a-47b3-af9c-5abe17ef292b - - - - - -] Attempt 1 to provision port 74fffef7-2602-47bc-9c32-24e5ec6c77b5
2026-05-14 15:53:53.608 16 INFO neutron.plugins.ml2.plugin [None req-0113c287-f79a-47b3-af9c-5abe17ef292b - - - - - -] Attempt 1 to provision port f1262892-56d0-4cc0-9a7b-d14f29457c1d
2026-05-14 15:53:53.847 16 INFO neutron.plugins.ml2.plugin [None req-0113c287-f79a-47b3-af9c-5abe17ef292b - - - - - -] Attempt 1 to provision port 2b615b44-9829-4c01-9309-4574cbf68181
2026-05-14 15:54:05.225 13 INFO neutron.plugins.ml2.plugin [None req-0113c287-f79a-47b3-af9c-5abe17ef292b - - - - - -] Attempt 1 to provision port f382c0ef-c38f-4e23-9334-46cf5e0582b6
2026-05-14 15:54:05.350 13 INFO neutron.notifiers.nova [-] Nova event matching ['req-f0d018c8-81bb-4147-bb32-c2cd30490bf0'] response: {'server_uuid': '8af1be84-5236-4623-bfb8-97e220e2a0b7', 'name': 'network-vif-plugged', 'status': 'completed', 'tag': 'f382c0ef-c38f-4e23-9334-46cf5e0582b6', 'code': 200}
2026-05-14 15:54:07.210 16 INFO neutron.plugins.ml2.plugin [None req-0113c287-f79a-47b3-af9c-5abe17ef292b - - - - - -] Attempt 1 to provision port f382c0ef-c38f-4e23-9334-46cf5e0582b6
2026-05-14 15:55:01.735 13 INFO neutron.plugins.ml2.plugin [None req-0113c287-f79a-47b3-af9c-5abe17ef292b - - - - - -] Attempt 1 to provision port 64ee8ca7-3626-4778-b9cf-e6238793b616
2026-05-14 15:55:01.849 13 INFO neutron.notifiers.nova [-] Nova event matching ['req-ae77842b-2635-4a60-b012-e0fdf6cf53a8'] response: {'server_uuid': 'b0d0c301-b19c-4c1b-9a67-c40e7c117226', 'name': 'network-vif-plugged', 'status': 'completed', 'tag': '64ee8ca7-3626-4778-b9cf-e6238793b616', 'code': 200}
2026-05-14 15:55:03.247 16 INFO neutron.plugins.ml2.plugin [None req-0113c287-f79a-47b3-af9c-5abe17ef292b - - - - - -] Attempt 1 to provision port 64ee8ca7-3626-4778-b9cf-e6238793b616
2026-05-14 15:56:17.245 16 INFO neutron.plugins.ml2.plugin [None req-ef6c36db-340b-455c-a515-eeadd7558035 - - - - - -] Attempt 1 to provision port aa50481f-de26-435d-b883-f31ce8bd8d16
2026-05-14 15:56:24.797 16 INFO neutron.plugins.ml2.plugin [None req-0113c287-f79a-47b3-af9c-5abe17ef292b - - - - - -] Attempt 1 to provision port aa50481f-de26-435d-b883-f31ce8bd8d16
2026-05-14 15:56:24.965 16 INFO neutron.notifiers.nova [-] Nova event matching ['req-023b00fc-1069-44f4-b75f-7741500a49c3'] response: {'server_uuid': 'b0d0c301-b19c-4c1b-9a67-c40e7c117226', 'name': 'network-vif-plugged', 'status': 'completed', 'tag': 'aa50481f-de26-435d-b883-f31ce8bd8d16', 'code': 200}
2026-05-14 15:56:25.429 13 INFO neutron.plugins.ml2.plugin [None req-0113c287-f79a-47b3-af9c-5abe17ef292b - - - - - -] Attempt 1 to provision port aa50481f-de26-435d-b883-f31ce8bd8d16
2026-05-14 15:56:37.183 13 INFO neutron.plugins.ml2.plugin [None req-b395b2b6-3141-4e34-b69c-14e03351a5c6 - - - - - -] Attempt 1 to provision port a40608a1-1c64-4347-8bd4-e7fcdc162764
2026-05-14 15:56:43.457 16 INFO neutron.plugins.ml2.plugin [None req-0113c287-f79a-47b3-af9c-5abe17ef292b - - - - - -] Attempt 1 to provision port a40608a1-1c64-4347-8bd4-e7fcdc162764
2026-05-14 15:56:43.581 16 INFO neutron.notifiers.nova [-] Nova event matching ['req-280193b2-4f6b-45e9-a532-872c0f4ceee2'] response: {'server_uuid': 'b0d0c301-b19c-4c1b-9a67-c40e7c117226', 'name': 'network-vif-plugged', 'status': 'completed', 'tag': 'a40608a1-1c64-4347-8bd4-e7fcdc162764', 'code': 200}
2026-05-14 15:56:45.415 13 INFO neutron.plugins.ml2.plugin [None req-0113c287-f79a-47b3-af9c-5abe17ef292b - - - - - -] Attempt 1 to provision port a40608a1-1c64-4347-8bd4-e7fcdc162764
2026-05-14 15:56:47.402 13 INFO neutron.plugins.ml2.plugin [None req-81a01733-6d39-4bde-b0dc-c95873ddffa6 - - - - - -] Attempt 1 to provision port aa50481f-de26-435d-b883-f31ce8bd8d16
2026-05-14 15:56:47.465 16 INFO neutron.plugins.ml2.plugin [None req-0113c287-f79a-47b3-af9c-5abe17ef292b - - - - - -] Attempt 1 to provision port aa50481f-de26-435d-b883-f31ce8bd8d16
2026-05-14 15:57:00.193 13 INFO neutron.plugins.ml2.plugin [None req-bd1e156e-0499-4498-b52b-21f338b1004e - - - - - -] Attempt 1 to provision port a40608a1-1c64-4347-8bd4-e7fcdc162764
2026-05-14 15:57:01.452 13 INFO neutron.plugins.ml2.plugin [None req-0113c287-f79a-47b3-af9c-5abe17ef292b - - - - - -] Attempt 1 to provision port a40608a1-1c64-4347-8bd4-e7fcdc162764
2026-05-14 15:57:01.567 16 INFO neutron.plugins.ml2.plugin [None req-b8937d1f-2d3e-4adb-b9bb-91b27b61d6f9 - - - - - -] Attempt 1 to provision port a40608a1-1c64-4347-8bd4-e7fcdc162764
2026-05-14 15:57:10.391 16 INFO neutron.plugins.ml2.plugin [None req-de6f4d50-ae6b-44d6-a988-bce5c64aa91c - - - - - -] Attempt 1 to provision port aa50481f-de26-435d-b883-f31ce8bd8d16
2026-05-14 15:57:11.506 13 INFO neutron.plugins.ml2.plugin [None req-0113c287-f79a-47b3-af9c-5abe17ef292b - - - - - -] Attempt 1 to provision port aa50481f-de26-435d-b883-f31ce8bd8d16
2026-05-14 15:57:43.865 13 INFO neutron.notifiers.nova [-] Nova event matching ['req-3343150c-512b-48e3-878c-b387fa27207b'] response: {'server_uuid': '8af1be84-5236-4623-bfb8-97e220e2a0b7', 'name': 'network-vif-unplugged', 'status': 'completed', 'tag': 'f382c0ef-c38f-4e23-9334-46cf5e0582b6', 'code': 200}