Apr 11 01:49:37.268419 np0000164979 neutron-periodic-workers[103857]: DEBUG cotyledon.oslo_config_glue [-] ml2.mechanism_drivers = ['ovn'] {{(pid=103857) log_opt_values /opt/stack/data/venv/lib/python3.12/site-packages/oslo_config/cfg.py:3006}}
Apr 11 01:49:37.268456 np0000164979 neutron-periodic-workers[103857]: DEBUG cotyledon.oslo_config_glue [-] ml2.overlay_ip_version = 4 {{(pid=103857) log_opt_values /opt/stack/data/venv/lib/python3.12/site-packages/oslo_config/cfg.py:3006}}
Apr 11 01:49:37.268504 np0000164979 neutron-periodic-workers[103857]: DEBUG cotyledon.oslo_config_glue [-] ml2.path_mtu = 0 {{(pid=103857) log_opt_values /opt/stack/data/venv/lib/python3.12/site-packages/oslo_config/cfg.py:3006}}
Apr 11 01:49:37.268584 np0000164979 neutron-periodic-workers[103857]: DEBUG cotyledon.oslo_config_glue [-] ml2.physical_network_mtus = {} {{(pid=103857) log_opt_values /opt/stack/data/venv/lib/python3.12/site-packages/oslo_config/cfg.py:3006}}
Apr 11 01:49:37.268618 np0000164979 neutron-periodic-workers[103857]: DEBUG cotyledon.oslo_config_glue [-] ml2.project_network_types = ['geneve'] {{(pid=103857) log_opt_values /opt/stack/data/venv/lib/python3.12/site-packages/oslo_config/cfg.py:3006}}
Apr 11 01:49:37.268666 np0000164979 neutron-periodic-workers[103857]: DEBUG cotyledon.oslo_config_glue [-] ml2.tunnelled_network_rp_name = rp_tunnelled {{(pid=103857) log_opt_values /opt/stack/data/venv/lib/python3.12/site-packages/oslo_config/cfg.py:3006}}
Apr 11 01:49:37.268733 np0000164979 neutron-periodic-workers[103857]: DEBUG cotyledon.oslo_config_glue [-] ml2.type_drivers = ['local', 'flat', 'vlan', 'geneve'] {{(pid=103857) log_opt_values /opt/stack/data/venv/lib/python3.12/site-packages/oslo_config/cfg.py:3006}}
Apr 11 01:49:37.268796 np0000164979 neutron-periodic-workers[103857]: DEBUG cotyledon.oslo_config_glue [-] ml2_type_flat.flat_networks = ['public'] {{(pid=103857) log_opt_values /opt/stack/data/venv/lib/python3.12/site-packages/oslo_config/cfg.py:3006}}
Apr 11 01:49:37.268826 np0000164979 neutron-periodic-workers[103857]: DEBUG cotyledon.oslo_config_glue [-] ml2_type_geneve.max_header_size = 38 {{(pid=103857) log_opt_values /opt/stack/data/venv/lib/python3.12/site-packages/oslo_config/cfg.py:3006}}
Apr 11 01:49:37.268930 np0000164979 neutron-periodic-workers[103857]: DEBUG cotyledon.oslo_config_glue [-] ml2_type_geneve.vni_ranges = ['1:65536'] {{(pid=103857) log_opt_values /opt/stack/data/venv/lib/python3.12/site-packages/oslo_config/cfg.py:3006}}
Apr 11 01:49:37.268985 np0000164979 neutron-periodic-workers[103857]: DEBUG cotyledon.oslo_config_glue [-] ml2_type_vlan.network_vlan_ranges = ['public'] {{(pid=103857) log_opt_values /opt/stack/data/venv/lib/python3.12/site-packages/oslo_config/cfg.py:3006}}
Apr 11 01:49:37.269048 np0000164979 neutron-periodic-workers[103857]: DEBUG cotyledon.oslo_config_glue [-] network_log.burst_limit = 25 {{(pid=103857) log_opt_values /opt/stack/data/venv/lib/python3.12/site-packages/oslo_config/cfg.py:3006}}
Apr 11 01:49:37.269094 np0000164979 neutron-periodic-workers[103857]: DEBUG cotyledon.oslo_config_glue [-] network_log.local_output_log_base = None {{(pid=103857) log_opt_values /opt/stack/data/venv/lib/python3.12/site-packages/oslo_config/cfg.py:3006}}
Apr 11 01:49:37.269132 np0000164979 neutron-periodic-workers[103857]: DEBUG cotyledon.oslo_config_glue [-] network_log.rate_limit = 100 {{(pid=103857) log_opt_values /opt/stack/data/venv/lib/python3.12/site-packages/oslo_config/cfg.py:3006}}
Apr 11 01:49:37.269190 np0000164979 neutron-periodic-workers[103857]: DEBUG cotyledon.oslo_config_glue [-] database.asyncio_connection = **** {{(pid=103857) log_opt_values /opt/stack/data/venv/lib/python3.12/site-packages/oslo_config/cfg.py:3006}}
Apr 11 01:49:37.269226 np0000164979 neutron-periodic-workers[103857]: DEBUG cotyledon.oslo_config_glue [-] database.asyncio_slave_connection = **** {{(pid=103857) log_opt_values /opt/stack/data/venv/lib/python3.12/site-packages/oslo_config/cfg.py:3006}}
Apr 11 01:49:37.269302 np0000164979 neutron-periodic-workers[103857]: DEBUG cotyledon.oslo_config_glue [-] database.backend = sqlalchemy {{(pid=103857) log_opt_values /opt/stack/data/venv/lib/python3.12/site-packages/oslo_config/cfg.py:3006}}
Apr 11 01:49:37.269335 np0000164979 neutron-periodic-workers[103857]: DEBUG cotyledon.oslo_config_glue [-] database.connection = **** {{(pid=103857) log_opt_values /opt/stack/data/venv/lib/python3.12/site-packages/oslo_config/cfg.py:3006}}
Apr 11 01:49:37.269384 np0000164979 neutron-periodic-workers[103857]: DEBUG cotyledon.oslo_config_glue [-] database.connection_debug = 0 {{(pid=103857) log_opt_values /opt/stack/data/venv/lib/python3.12/site-packages/oslo_config/cfg.py:3006}}
Apr 11 01:49:37.269437 np0000164979 neutron-periodic-workers[103857]: DEBUG cotyledon.oslo_config_glue [-] database.connection_parameters = {{(pid=103857) log_opt_values /opt/stack/data/venv/lib/python3.12/site-packages/oslo_config/cfg.py:3006}}
Apr 11 01:49:37.269489 np0000164979 neutron-periodic-workers[103857]: DEBUG cotyledon.oslo_config_glue [-] database.connection_recycle_time = 3600 {{(pid=103857) log_opt_values /opt/stack/data/venv/lib/python3.12/site-packages/oslo_config/cfg.py:3006}}
Apr 11 01:49:37.269523 np0000164979 neutron-periodic-workers[103857]: DEBUG cotyledon.oslo_config_glue [-] database.connection_trace = False {{(pid=103857) log_opt_values /opt/stack/data/venv/lib/python3.12/site-packages/oslo_config/cfg.py:3006}}
Apr 11 01:49:37.269569 np0000164979 neutron-periodic-workers[103857]: DEBUG cotyledon.oslo_config_glue [-] database.db_inc_retry_interval = True {{(pid=103857) log_opt_values /opt/stack/data/venv/lib/python3.12/site-packages/oslo_config/cfg.py:3006}}
Apr 11 01:49:37.269638 np0000164979 neutron-periodic-workers[103857]: DEBUG cotyledon.oslo_config_glue [-] database.db_max_retries = 20 {{(pid=103857) log_opt_values /opt/stack/data/venv/lib/python3.12/site-packages/oslo_config/cfg.py:3006}}
Apr 11 01:49:37.269685 np0000164979 neutron-periodic-workers[103857]: DEBUG cotyledon.oslo_config_glue [-] database.db_max_retry_interval = 10 {{(pid=103857) log_opt_values /opt/stack/data/venv/lib/python3.12/site-packages/oslo_config/cfg.py:3006}}
Apr 11 01:49:37.269720 np0000164979 neutron-periodic-workers[103857]: DEBUG cotyledon.oslo_config_glue [-] database.db_retry_interval = 1 {{(pid=103857) log_opt_values /opt/stack/data/venv/lib/python3.12/site-packages/oslo_config/cfg.py:3006}}
Apr 11 01:49:37.269766 np0000164979 neutron-periodic-workers[103857]: DEBUG cotyledon.oslo_config_glue [-] database.max_overflow = 50 {{(pid=103857) log_opt_values /opt/stack/data/venv/lib/python3.12/site-packages/oslo_config/cfg.py:3006}}
Apr 11 01:49:37.269799 np0000164979 neutron-periodic-workers[103857]: DEBUG cotyledon.oslo_config_glue [-] database.max_pool_size = 5 {{(pid=103857) log_opt_values /opt/stack/data/venv/lib/python3.12/site-packages/oslo_config/cfg.py:3006}}
Apr 11 01:49:37.269875 np0000164979 neutron-periodic-workers[103857]: DEBUG cotyledon.oslo_config_glue [-] database.max_retries = 10 {{(pid=103857) log_opt_values /opt/stack/data/venv/lib/python3.12/site-packages/oslo_config/cfg.py:3006}}
Apr 11 01:49:37.269918 np0000164979 neutron-periodic-workers[103857]: DEBUG cotyledon.oslo_config_glue [-] database.mysql_sql_mode = TRADITIONAL {{(pid=103857) log_opt_values /opt/stack/data/venv/lib/python3.12/site-packages/oslo_config/cfg.py:3006}}
Apr 11 01:49:37.269964 np0000164979 neutron-periodic-workers[103857]: DEBUG cotyledon.oslo_config_glue [-] database.mysql_wsrep_sync_wait = None {{(pid=103857) log_opt_values /opt/stack/data/venv/lib/python3.12/site-packages/oslo_config/cfg.py:3006}}
Apr 11 01:49:37.269994 np0000164979 neutron-periodic-workers[103857]: DEBUG cotyledon.oslo_config_glue [-] database.pool_timeout = None {{(pid=103857) log_opt_values /opt/stack/data/venv/lib/python3.12/site-packages/oslo_config/cfg.py:3006}}
Apr 11 01:49:37.270022 np0000164979 neutron-periodic-workers[103857]: DEBUG cotyledon.oslo_config_glue [-] database.retry_interval = 10 {{(pid=103857) log_opt_values /opt/stack/data/venv/lib/python3.12/site-packages/oslo_config/cfg.py:3006}}
Apr 11 01:49:37.270066 np0000164979 neutron-periodic-workers[103857]: DEBUG cotyledon.oslo_config_glue [-] database.slave_connection = **** {{(pid=103857) log_opt_values /opt/stack/data/venv/lib/python3.12/site-packages/oslo_config/cfg.py:3006}}
Apr 11 01:49:37.270113 np0000164979 neutron-periodic-workers[103857]: DEBUG cotyledon.oslo_config_glue [-] database.sqlite_synchronous = True {{(pid=103857) log_opt_values /opt/stack/data/venv/lib/python3.12/site-packages/oslo_config/cfg.py:3006}}
Apr 11 01:49:37.270154 np0000164979 neutron-periodic-workers[103857]: DEBUG cotyledon.oslo_config_glue [-] database.synchronous_reader = True {{(pid=103857) log_opt_values /opt/stack/data/venv/lib/python3.12/site-packages/oslo_config/cfg.py:3006}}
Apr 11 01:49:37.270189 np0000164979 neutron-periodic-workers[103857]: DEBUG cotyledon.oslo_config_glue [-] database.use_db_reconnect = False {{(pid=103857) log_opt_values /opt/stack/data/venv/lib/python3.12/site-packages/oslo_config/cfg.py:3006}}
Apr 11 01:49:37.270262 np0000164979 neutron-periodic-workers[103857]: DEBUG cotyledon.oslo_config_glue [-] ovn.bfd_min_rx = 1000 {{(pid=103857) log_opt_values /opt/stack/data/venv/lib/python3.12/site-packages/oslo_config/cfg.py:3006}}
Apr 11 01:49:37.270310 np0000164979 neutron-periodic-workers[103857]: DEBUG cotyledon.oslo_config_glue [-] ovn.bfd_min_tx = 100 {{(pid=103857) log_opt_values /opt/stack/data/venv/lib/python3.12/site-packages/oslo_config/cfg.py:3006}}
Apr 11 01:49:37.270342 np0000164979 neutron-periodic-workers[103857]: DEBUG cotyledon.oslo_config_glue [-] ovn.bfd_mult = 3 {{(pid=103857) log_opt_values /opt/stack/data/venv/lib/python3.12/site-packages/oslo_config/cfg.py:3006}}
Apr 11 01:49:37.270381 np0000164979 neutron-periodic-workers[103857]: DEBUG cotyledon.oslo_config_glue [-] ovn.broadcast_arps_to_all_routers = True {{(pid=103857) log_opt_values /opt/stack/data/venv/lib/python3.12/site-packages/oslo_config/cfg.py:3006}}
Apr 11 01:49:37.270433 np0000164979 neutron-periodic-workers[103857]: DEBUG cotyledon.oslo_config_glue [-] ovn.dhcp_default_lease_time = 43200 {{(pid=103857) log_opt_values /opt/stack/data/venv/lib/python3.12/site-packages/oslo_config/cfg.py:3006}}
Apr 11 01:49:37.270471 np0000164979 neutron-periodic-workers[103857]: DEBUG cotyledon.oslo_config_glue [-] ovn.disable_ovn_dhcp_for_baremetal_ports = False {{(pid=103857) log_opt_values /opt/stack/data/venv/lib/python3.12/site-packages/oslo_config/cfg.py:3006}}
Apr 11 01:49:37.270518 np0000164979 neutron-periodic-workers[103857]: DEBUG cotyledon.oslo_config_glue [-] ovn.dns_records_ovn_owned = False {{(pid=103857) log_opt_values /opt/stack/data/venv/lib/python3.12/site-packages/oslo_config/cfg.py:3006}}
Apr 11 01:49:37.270554 np0000164979 neutron-periodic-workers[103857]: DEBUG cotyledon.oslo_config_glue [-] ovn.dns_servers = [] {{(pid=103857) log_opt_values /opt/stack/data/venv/lib/python3.12/site-packages/oslo_config/cfg.py:3006}}
Apr 11 01:49:37.270597 np0000164979 neutron-periodic-workers[103857]: DEBUG cotyledon.oslo_config_glue [-] ovn.enable_distributed_floating_ip = False {{(pid=103857) log_opt_values /opt/stack/data/venv/lib/python3.12/site-packages/oslo_config/cfg.py:3006}}
Apr 11 01:49:37.270627 np0000164979 neutron-periodic-workers[103857]: DEBUG cotyledon.oslo_config_glue [-] ovn.fdb_age_threshold = 300 {{(pid=103857) log_opt_values /opt/stack/data/venv/lib/python3.12/site-packages/oslo_config/cfg.py:3006}}
Apr 11 01:49:37.270675 np0000164979 neutron-periodic-workers[103857]: DEBUG cotyledon.oslo_config_glue [-] ovn.ha_failover_strategy = normal {{(pid=103857) log_opt_values /opt/stack/data/venv/lib/python3.12/site-packages/oslo_config/cfg.py:3006}}
Apr 11 01:49:37.270722 np0000164979 neutron-periodic-workers[103857]: DEBUG cotyledon.oslo_config_glue [-] ovn.live_migration_activation_strategy = rarp {{(pid=103857) log_opt_values /opt/stack/data/venv/lib/python3.12/site-packages/oslo_config/cfg.py:3006}}
Apr 11 01:49:37.270753 np0000164979 neutron-periodic-workers[103857]: DEBUG cotyledon.oslo_config_glue [-] ovn.localnet_learn_fdb = False {{(pid=103857) log_opt_values /opt/stack/data/venv/lib/python3.12/site-packages/oslo_config/cfg.py:3006}}
Apr 11 01:49:37.270825 np0000164979 neutron-periodic-workers[103857]: DEBUG cotyledon.oslo_config_glue [-] ovn.mac_binding_age_threshold = 300 {{(pid=103857) log_opt_values /opt/stack/data/venv/lib/python3.12/site-packages/oslo_config/cfg.py:3006}}
Apr 11 01:49:37.270825 np0000164979 neutron-periodic-workers[103857]: DEBUG cotyledon.oslo_config_glue [-] ovn.neutron_sync_mode = log {{(pid=103857) log_opt_values /opt/stack/data/venv/lib/python3.12/site-packages/oslo_config/cfg.py:3006}}
Apr 11 01:49:37.270893 np0000164979 neutron-periodic-workers[103857]: DEBUG cotyledon.oslo_config_glue [-] ovn.ovn_dhcp4_global_options = {} {{(pid=103857) log_opt_values /opt/stack/data/venv/lib/python3.12/site-packages/oslo_config/cfg.py:3006}}
Apr 11 01:49:37.271010 np0000164979 neutron-periodic-workers[103857]: DEBUG cotyledon.oslo_config_glue [-] ovn.ovn_dhcp6_global_options = {} {{(pid=103857) log_opt_values /opt/stack/data/venv/lib/python3.12/site-packages/oslo_config/cfg.py:3006}}
Apr 11 01:49:37.271010 np0000164979 neutron-periodic-workers[103857]: DEBUG cotyledon.oslo_config_glue [-] ovn.ovn_l3_scheduler = leastloaded {{(pid=103857) log_opt_values /opt/stack/data/venv/lib/python3.12/site-packages/oslo_config/cfg.py:3006}}
Apr 11 01:49:37.271010 np0000164979 neutron-periodic-workers[103857]: DEBUG cotyledon.oslo_config_glue [-] ovn.ovn_metadata_enabled = True {{(pid=103857) log_opt_values /opt/stack/data/venv/lib/python3.12/site-packages/oslo_config/cfg.py:3006}}
Apr 11 01:49:37.271119 np0000164979 neutron-periodic-workers[103857]: DEBUG cotyledon.oslo_config_glue [-] ovn.ovn_nb_ca_cert = /opt/stack/data/CA/int-ca/ca-chain.pem {{(pid=103857) log_opt_values /opt/stack/data/venv/lib/python3.12/site-packages/oslo_config/cfg.py:3006}}
Apr 11 01:49:37.271187 np0000164979 neutron-periodic-workers[103857]: DEBUG cotyledon.oslo_config_glue [-] ovn.ovn_nb_certificate = /opt/stack/data/CA/int-ca/devstack-cert.crt {{(pid=103857) log_opt_values /opt/stack/data/venv/lib/python3.12/site-packages/oslo_config/cfg.py:3006}}
Apr 11 01:49:37.271187 np0000164979 neutron-periodic-workers[103857]: DEBUG cotyledon.oslo_config_glue [-] ovn.ovn_nb_connection = ['ssl:199.204.45.22:6641'] {{(pid=103857) log_opt_values /opt/stack/data/venv/lib/python3.12/site-packages/oslo_config/cfg.py:3006}}
Apr 11 01:49:37.271282 np0000164979 neutron-periodic-workers[103857]: DEBUG cotyledon.oslo_config_glue [-] ovn.ovn_nb_private_key = /opt/stack/data/CA/int-ca/private/devstack-cert.key {{(pid=103857) log_opt_values /opt/stack/data/venv/lib/python3.12/site-packages/oslo_config/cfg.py:3006}}
Apr 11 01:49:37.271282 np0000164979 neutron-periodic-workers[103857]: DEBUG cotyledon.oslo_config_glue [-] ovn.ovn_router_indirect_snat = False {{(pid=103857) log_opt_values /opt/stack/data/venv/lib/python3.12/site-packages/oslo_config/cfg.py:3006}}
Apr 11 01:49:37.271377 np0000164979 neutron-periodic-workers[103857]: DEBUG cotyledon.oslo_config_glue [-] ovn.ovn_sb_ca_cert = /opt/stack/data/CA/int-ca/ca-chain.pem {{(pid=103857) log_opt_values /opt/stack/data/venv/lib/python3.12/site-packages/oslo_config/cfg.py:3006}}
Apr 11 01:49:37.271377 np0000164979 neutron-periodic-workers[103857]: DEBUG cotyledon.oslo_config_glue [-] ovn.ovn_sb_certificate = /opt/stack/data/CA/int-ca/devstack-cert.crt {{(pid=103857) log_opt_values /opt/stack/data/venv/lib/python3.12/site-packages/oslo_config/cfg.py:3006}}
Apr 11 01:49:37.271377 np0000164979 neutron-periodic-workers[103857]: DEBUG cotyledon.oslo_config_glue [-] ovn.ovn_sb_connection = ['ssl:199.204.45.22:6642'] {{(pid=103857) log_opt_values /opt/stack/data/venv/lib/python3.12/site-packages/oslo_config/cfg.py:3006}}
Apr 11 01:49:37.271478 np0000164979 neutron-periodic-workers[103857]: DEBUG cotyledon.oslo_config_glue [-] ovn.ovn_sb_private_key = /opt/stack/data/CA/int-ca/private/devstack-cert.key {{(pid=103857) log_opt_values /opt/stack/data/venv/lib/python3.12/site-packages/oslo_config/cfg.py:3006}}
Apr 11 01:49:37.271478 np0000164979 neutron-periodic-workers[103857]: DEBUG cotyledon.oslo_config_glue [-] ovn.ovs_create_tap = False {{(pid=103857) log_opt_values /opt/stack/data/venv/lib/python3.12/site-packages/oslo_config/cfg.py:3006}}
Apr 11 01:49:37.271478 np0000164979 neutron-periodic-workers[103857]: DEBUG cotyledon.oslo_config_glue [-] ovn.ovsdb_connection_timeout = 180 {{(pid=103857) log_opt_values /opt/stack/data/venv/lib/python3.12/site-packages/oslo_config/cfg.py:3006}}
Apr 11 01:49:37.271586 np0000164979 neutron-periodic-workers[103857]: DEBUG cotyledon.oslo_config_glue [-] ovn.ovsdb_log_level = INFO {{(pid=103857) log_opt_values /opt/stack/data/venv/lib/python3.12/site-packages/oslo_config/cfg.py:3006}}
Apr 11 01:49:37.271586 np0000164979 neutron-periodic-workers[103857]: DEBUG cotyledon.oslo_config_glue [-] ovn.ovsdb_probe_interval = 60000 {{(pid=103857) log_opt_values /opt/stack/data/venv/lib/python3.12/site-packages/oslo_config/cfg.py:3006}}
Apr 11 01:49:37.271586 np0000164979 neutron-periodic-workers[103857]: DEBUG cotyledon.oslo_config_glue [-] ovn.ovsdb_retry_max_interval = 180 {{(pid=103857) log_opt_values /opt/stack/data/venv/lib/python3.12/site-packages/oslo_config/cfg.py:3006}}
Apr 11 01:49:37.271708 np0000164979 neutron-periodic-workers[103857]: DEBUG cotyledon.oslo_config_glue [-] ovn.stateless_nat_enabled = False {{(pid=103857) log_opt_values /opt/stack/data/venv/lib/python3.12/site-packages/oslo_config/cfg.py:3006}}
Apr 11 01:49:37.271708 np0000164979 neutron-periodic-workers[103857]: DEBUG cotyledon.oslo_config_glue [-] ovn.vhost_sock_dir = /var/run/openvswitch {{(pid=103857) log_opt_values /opt/stack/data/venv/lib/python3.12/site-packages/oslo_config/cfg.py:3006}}
Apr 11 01:49:37.271795 np0000164979 neutron-periodic-workers[103857]: DEBUG cotyledon.oslo_config_glue [-] OVS.bridge_mac_table_size = 50000 {{(pid=103857) log_opt_values /opt/stack/data/venv/lib/python3.12/site-packages/oslo_config/cfg.py:3006}}
Apr 11 01:49:37.271795 np0000164979 neutron-periodic-workers[103857]: DEBUG cotyledon.oslo_config_glue [-] OVS.igmp_flood = False {{(pid=103857) log_opt_values /opt/stack/data/venv/lib/python3.12/site-packages/oslo_config/cfg.py:3006}}
Apr 11 01:49:37.271795 np0000164979 neutron-periodic-workers[103857]: DEBUG cotyledon.oslo_config_glue [-] OVS.igmp_flood_reports = True {{(pid=103857) log_opt_values /opt/stack/data/venv/lib/python3.12/site-packages/oslo_config/cfg.py:3006}}
Apr 11 01:49:37.271925 np0000164979 neutron-periodic-workers[103857]: DEBUG cotyledon.oslo_config_glue [-] OVS.igmp_flood_unregistered = False {{(pid=103857) log_opt_values /opt/stack/data/venv/lib/python3.12/site-packages/oslo_config/cfg.py:3006}}
Apr 11 01:49:37.271925 np0000164979 neutron-periodic-workers[103857]: DEBUG cotyledon.oslo_config_glue [-] OVS.igmp_snooping_enable = False {{(pid=103857) log_opt_values /opt/stack/data/venv/lib/python3.12/site-packages/oslo_config/cfg.py:3006}}
Apr 11 01:49:37.272014 np0000164979 neutron-periodic-workers[103857]: DEBUG cotyledon.oslo_config_glue [-] OVS.ovsdb_timeout = 10 {{(pid=103857) log_opt_values /opt/stack/data/venv/lib/python3.12/site-packages/oslo_config/cfg.py:3006}}
Apr 11 01:49:37.272014 np0000164979 neutron-periodic-workers[103857]: DEBUG cotyledon.oslo_config_glue [-] ovn_nb_global.fdb_removal_limit = 0 {{(pid=103857) log_opt_values /opt/stack/data/venv/lib/python3.12/site-packages/oslo_config/cfg.py:3006}}
Apr 11 01:49:37.272115 np0000164979 neutron-periodic-workers[103857]: DEBUG cotyledon.oslo_config_glue [-] ovn_nb_global.ignore_lsp_down = False {{(pid=103857) log_opt_values /opt/stack/data/venv/lib/python3.12/site-packages/oslo_config/cfg.py:3006}}
Apr 11 01:49:37.272209 np0000164979 neutron-periodic-workers[103857]: DEBUG cotyledon.oslo_config_glue [-] ovn_nb_global.mac_binding_removal_limit = 0 {{(pid=103857) log_opt_values /opt/stack/data/venv/lib/python3.12/site-packages/oslo_config/cfg.py:3006}}
Apr 11 01:49:37.272272 np0000164979 neutron-periodic-workers[103857]: DEBUG cotyledon.oslo_config_glue [-] ******************************************************************************** {{(pid=103857) log_opt_values /opt/stack/data/venv/lib/python3.12/site-packages/oslo_config/cfg.py:3013}}
Apr 11 01:49:37.272529 np0000164979 neutron-periodic-workers[103857]: DEBUG cotyledon._service_worker [-] Run service ServiceWrapper(0) [103857] {{(pid=103857) wait_forever /opt/stack/data/venv/lib/python3.12/site-packages/cotyledon/_service_worker.py:218}}
Apr 11 01:49:46.892547 np0000164979 neutron-periodic-workers[103087]: DEBUG dbcounter [-] [103087] Writing DB stats neutron:SELECT=4 {{(pid=103087) stat_writer /opt/stack/data/venv/lib/python3.12/site-packages/dbcounter.py:115}}
Apr 11 01:50:19.245356 np0000164979 neutron-periodic-workers[103828]: DEBUG oslo_db.sqlalchemy.engines [None req-d19009db-03d1-4b16-b95e-0fea5d7c1c7e None None] Parent process 103087 forked (103828) with an open database connection, which is being discarded and recreated. {{(pid=103828) checkout /opt/stack/data/venv/lib/python3.12/site-packages/oslo_db/sqlalchemy/engines.py:402}}
Apr 11 01:50:19.252510 np0000164979 neutron-periodic-workers[103828]: DEBUG dbcounter [-] [103828] Writer thread running {{(pid=103828) stat_writer /opt/stack/data/venv/lib/python3.12/site-packages/dbcounter.py:102}}
Apr 11 01:50:19.255895 np0000164979 neutron-periodic-workers[103828]: DEBUG neutron.db.agents_db [None req-d19009db-03d1-4b16-b95e-0fea5d7c1c7e None None] Agent healthcheck: found 0 active agents {{(pid=103828) agent_health_check /opt/stack/neutron/neutron/db/agents_db.py:317}}
Apr 11 01:50:19.256032 np0000164979 neutron-periodic-workers[103828]: DEBUG oslo.service.backend._threading.loopingcall [None req-d19009db-03d1-4b16-b95e-0fea5d7c1c7e None None] Fixed interval looping call 'neutron.plugins.ml2.plugin.AgentDbMixin.agent_health_check' sleeping for 36.98 seconds {{(pid=103828) _run_loop /opt/stack/data/venv/lib/python3.12/site-packages/oslo_service/backend/_threading/loopingcall.py:125}}
Apr 11 01:50:29.253164 np0000164979 neutron-periodic-workers[103828]: DEBUG dbcounter [-] [103828] Writing DB stats neutron:SELECT=1 {{(pid=103828) stat_writer /opt/stack/data/venv/lib/python3.12/site-packages/dbcounter.py:115}}
Apr 11 01:50:30.213414 np0000164979 neutron-periodic-workers[103812]: DEBUG dbcounter [-] [103812] Writer thread running {{(pid=103812) stat_writer /opt/stack/data/venv/lib/python3.12/site-packages/dbcounter.py:102}}
Apr 11 01:50:30.220691 np0000164979 neutron-periodic-workers[103812]: DEBUG oslo.service.backend._threading.loopingcall [None req-47d49bd7-1a91-41bc-bc99-1fb09eec21bf None None] Fixed interval looping call 'neutron.plugins.ml2.plugin.DhcpAgentSchedulerDbMixin.remove_networks_from_down_agents' sleeping for 36.98 seconds {{(pid=103812) _run_loop /opt/stack/data/venv/lib/python3.12/site-packages/oslo_service/backend/_threading/loopingcall.py:125}}
Apr 11 01:50:40.219871 np0000164979 neutron-periodic-workers[103812]: DEBUG dbcounter [-] [103812] Writing DB stats neutron:SELECT=3 {{(pid=103812) stat_writer /opt/stack/data/venv/lib/python3.12/site-packages/dbcounter.py:115}}
Apr 11 01:50:56.241493 np0000164979 neutron-periodic-workers[103828]: DEBUG neutron.db.agents_db [None req-d19009db-03d1-4b16-b95e-0fea5d7c1c7e None None] Agent healthcheck: found 0 active agents {{(pid=103828) agent_health_check /opt/stack/neutron/neutron/db/agents_db.py:317}}
Apr 11 01:50:56.242499 np0000164979 neutron-periodic-workers[103828]: DEBUG oslo.service.backend._threading.loopingcall [None req-d19009db-03d1-4b16-b95e-0fea5d7c1c7e None None] Fixed interval looping call 'neutron.plugins.ml2.plugin.AgentDbMixin.agent_health_check' sleeping for 36.99 seconds {{(pid=103828) _run_loop /opt/stack/data/venv/lib/python3.12/site-packages/oslo_service/backend/_threading/loopingcall.py:125}}
Apr 11 01:51:06.239924 np0000164979 neutron-periodic-workers[103828]: DEBUG dbcounter [-] [103828] Writing DB stats neutron:SELECT=1 {{(pid=103828) stat_writer /opt/stack/data/venv/lib/python3.12/site-packages/dbcounter.py:115}}
Apr 11 01:51:07.212280 np0000164979 neutron-periodic-workers[103812]: DEBUG oslo.service.backend._threading.loopingcall [None req-47d49bd7-1a91-41bc-bc99-1fb09eec21bf None None] Fixed interval looping call 'neutron.plugins.ml2.plugin.DhcpAgentSchedulerDbMixin.remove_networks_from_down_agents' sleeping for 36.99 seconds {{(pid=103812) _run_loop /opt/stack/data/venv/lib/python3.12/site-packages/oslo_service/backend/_threading/loopingcall.py:125}}
Apr 11 01:51:17.210696 np0000164979 neutron-periodic-workers[103812]: DEBUG dbcounter [-] [103812] Writing DB stats neutron:SELECT=3 {{(pid=103812) stat_writer /opt/stack/data/venv/lib/python3.12/site-packages/dbcounter.py:115}}
Apr 11 01:51:33.236692 np0000164979 neutron-periodic-workers[103828]: DEBUG neutron.db.agents_db [None req-d19009db-03d1-4b16-b95e-0fea5d7c1c7e None None] Agent healthcheck: found 0 active agents {{(pid=103828) agent_health_check /opt/stack/neutron/neutron/db/agents_db.py:317}}
Apr 11 01:51:33.237239 np0000164979 neutron-periodic-workers[103828]: DEBUG oslo.service.backend._threading.loopingcall [None req-d19009db-03d1-4b16-b95e-0fea5d7c1c7e None None] Fixed interval looping call 'neutron.plugins.ml2.plugin.AgentDbMixin.agent_health_check' sleeping for 37.00 seconds {{(pid=103828) _run_loop /opt/stack/data/venv/lib/python3.12/site-packages/oslo_service/backend/_threading/loopingcall.py:125}}
Apr 11 01:51:37.265714 np0000164979 neutron-periodic-workers[103844]: DEBUG dbcounter [-] [103844] Writer thread running {{(pid=103844) stat_writer /opt/stack/data/venv/lib/python3.12/site-packages/dbcounter.py:102}}
Apr 11 01:51:37.267674 np0000164979 neutron-periodic-workers[103844]: DEBUG oslo.service.backend._threading.loopingcall [None req-743cfa8d-ae44-4f13-90d3-dfdef198d878 None None] Fixed interval looping call 'neutron.db.quota.driver_nolock.DbQuotaNoLockDriver._remove_expired_reservations' sleeping for 119.98 seconds {{(pid=103844) _run_loop /opt/stack/data/venv/lib/python3.12/site-packages/oslo_service/backend/_threading/loopingcall.py:125}}
Apr 11 01:51:43.235337 np0000164979 neutron-periodic-workers[103828]: DEBUG dbcounter [-] [103828] Writing DB stats neutron:SELECT=1 {{(pid=103828) stat_writer /opt/stack/data/venv/lib/python3.12/site-packages/dbcounter.py:115}}
Apr 11 01:51:44.211802 np0000164979 neutron-periodic-workers[103812]: DEBUG oslo.service.backend._threading.loopingcall [None req-47d49bd7-1a91-41bc-bc99-1fb09eec21bf None None] Fixed interval looping call 'neutron.plugins.ml2.plugin.DhcpAgentSchedulerDbMixin.remove_networks_from_down_agents' sleeping for 36.99 seconds {{(pid=103812) _run_loop /opt/stack/data/venv/lib/python3.12/site-packages/oslo_service/backend/_threading/loopingcall.py:125}}
Apr 11 01:51:47.266408 np0000164979 neutron-periodic-workers[103844]: DEBUG dbcounter [-] [103844] Writing DB stats neutron:DELETE=1 {{(pid=103844) stat_writer /opt/stack/data/venv/lib/python3.12/site-packages/dbcounter.py:115}}
Apr 11 01:51:54.210344 np0000164979 neutron-periodic-workers[103812]: DEBUG dbcounter [-] [103812] Writing DB stats neutron:SELECT=3 {{(pid=103812) stat_writer /opt/stack/data/venv/lib/python3.12/site-packages/dbcounter.py:115}}
Apr 11 01:52:10.243274 np0000164979 neutron-periodic-workers[103828]: DEBUG neutron.db.agents_db [None req-d19009db-03d1-4b16-b95e-0fea5d7c1c7e None None] Agent healthcheck: found 0 active agents {{(pid=103828) agent_health_check /opt/stack/neutron/neutron/db/agents_db.py:317}}
Apr 11 01:52:10.249887 np0000164979 neutron-periodic-workers[103828]: DEBUG oslo.service.backend._threading.loopingcall [None req-d19009db-03d1-4b16-b95e-0fea5d7c1c7e None None] Fixed interval looping call 'neutron.plugins.ml2.plugin.AgentDbMixin.agent_health_check' sleeping for 36.99 seconds {{(pid=103828) _run_loop /opt/stack/data/venv/lib/python3.12/site-packages/oslo_service/backend/_threading/loopingcall.py:125}}
Apr 11 01:52:20.241177 np0000164979 neutron-periodic-workers[103828]: DEBUG dbcounter [-] [103828] Writing DB stats neutron:SELECT=1 {{(pid=103828) stat_writer /opt/stack/data/venv/lib/python3.12/site-packages/dbcounter.py:115}}
Apr 11 01:52:21.210768 np0000164979 neutron-periodic-workers[103812]: DEBUG oslo.service.backend._threading.loopingcall [None req-47d49bd7-1a91-41bc-bc99-1fb09eec21bf None None] Fixed interval looping call 'neutron.plugins.ml2.plugin.DhcpAgentSchedulerDbMixin.remove_networks_from_down_agents' sleeping for 36.99 seconds {{(pid=103812) _run_loop /opt/stack/data/venv/lib/python3.12/site-packages/oslo_service/backend/_threading/loopingcall.py:125}}
Apr 11 01:52:31.209768 np0000164979 neutron-periodic-workers[103812]: DEBUG dbcounter [-] [103812] Writing DB stats neutron:SELECT=3 {{(pid=103812) stat_writer /opt/stack/data/venv/lib/python3.12/site-packages/dbcounter.py:115}}
Apr 11 01:52:47.239708 np0000164979 neutron-periodic-workers[103828]: DEBUG neutron.db.agents_db [None req-d19009db-03d1-4b16-b95e-0fea5d7c1c7e None None] Agent healthcheck: found 0 active agents {{(pid=103828) agent_health_check /opt/stack/neutron/neutron/db/agents_db.py:317}}
Apr 11 01:52:47.240543 np0000164979 neutron-periodic-workers[103828]: DEBUG oslo.service.backend._threading.loopingcall [None req-d19009db-03d1-4b16-b95e-0fea5d7c1c7e None None] Fixed interval looping call 'neutron.plugins.ml2.plugin.AgentDbMixin.agent_health_check' sleeping for 36.99 seconds {{(pid=103828) _run_loop /opt/stack/data/venv/lib/python3.12/site-packages/oslo_service/backend/_threading/loopingcall.py:125}}
Apr 11 01:52:57.237945 np0000164979 neutron-periodic-workers[103828]: DEBUG dbcounter [-] [103828] Writing DB stats neutron:SELECT=1 {{(pid=103828) stat_writer /opt/stack/data/venv/lib/python3.12/site-packages/dbcounter.py:115}}
Apr 11 01:52:58.210660 np0000164979 neutron-periodic-workers[103812]: DEBUG oslo.service.backend._threading.loopingcall [None req-47d49bd7-1a91-41bc-bc99-1fb09eec21bf None None] Fixed interval looping call 'neutron.plugins.ml2.plugin.DhcpAgentSchedulerDbMixin.remove_networks_from_down_agents' sleeping for 36.99 seconds {{(pid=103812) _run_loop /opt/stack/data/venv/lib/python3.12/site-packages/oslo_service/backend/_threading/loopingcall.py:125}}
Apr 11 01:53:08.210139 np0000164979 neutron-periodic-workers[103812]: DEBUG dbcounter [-] [103812] Writing DB stats neutron:SELECT=3 {{(pid=103812) stat_writer /opt/stack/data/venv/lib/python3.12/site-packages/dbcounter.py:115}}
Apr 11 01:53:24.235874 np0000164979 neutron-periodic-workers[103828]: DEBUG neutron.db.agents_db [None req-d19009db-03d1-4b16-b95e-0fea5d7c1c7e None None] Agent healthcheck: found 0 active agents {{(pid=103828) agent_health_check /opt/stack/neutron/neutron/db/agents_db.py:317}}
Apr 11 01:53:24.236314 np0000164979 neutron-periodic-workers[103828]: DEBUG oslo.service.backend._threading.loopingcall [None req-d19009db-03d1-4b16-b95e-0fea5d7c1c7e None None] Fixed interval looping call 'neutron.plugins.ml2.plugin.AgentDbMixin.agent_health_check' sleeping for 36.99 seconds {{(pid=103828) _run_loop /opt/stack/data/venv/lib/python3.12/site-packages/oslo_service/backend/_threading/loopingcall.py:125}}
Apr 11 01:53:34.234528 np0000164979 neutron-periodic-workers[103828]: DEBUG dbcounter [-] [103828] Writing DB stats neutron:SELECT=1 {{(pid=103828) stat_writer /opt/stack/data/venv/lib/python3.12/site-packages/dbcounter.py:115}}
Apr 11 01:53:35.209724 np0000164979 neutron-periodic-workers[103812]: DEBUG oslo.service.backend._threading.loopingcall [None req-47d49bd7-1a91-41bc-bc99-1fb09eec21bf None None] Fixed interval looping call 'neutron.plugins.ml2.plugin.DhcpAgentSchedulerDbMixin.remove_networks_from_down_agents' sleeping for 36.99 seconds {{(pid=103812) _run_loop /opt/stack/data/venv/lib/python3.12/site-packages/oslo_service/backend/_threading/loopingcall.py:125}}
Apr 11 01:53:37.253558 np0000164979 neutron-periodic-workers[103844]: DEBUG oslo.service.backend._threading.loopingcall [None req-743cfa8d-ae44-4f13-90d3-dfdef198d878 None None] Fixed interval looping call 'neutron.db.quota.driver_nolock.DbQuotaNoLockDriver._remove_expired_reservations' sleeping for 119.99 seconds {{(pid=103844) _run_loop /opt/stack/data/venv/lib/python3.12/site-packages/oslo_service/backend/_threading/loopingcall.py:125}}
Apr 11 01:53:45.209070 np0000164979 neutron-periodic-workers[103812]: DEBUG dbcounter [-] [103812] Writing DB stats neutron:SELECT=3 {{(pid=103812) stat_writer /opt/stack/data/venv/lib/python3.12/site-packages/dbcounter.py:115}}
Apr 11 01:53:47.252148 np0000164979 neutron-periodic-workers[103844]: DEBUG dbcounter [-] [103844] Writing DB stats neutron:DELETE=1 {{(pid=103844) stat_writer /opt/stack/data/venv/lib/python3.12/site-packages/dbcounter.py:115}}
Apr 11 01:54:01.232038 np0000164979 neutron-periodic-workers[103828]: DEBUG neutron.db.agents_db [None req-d19009db-03d1-4b16-b95e-0fea5d7c1c7e None None] Agent healthcheck: found 0 active agents {{(pid=103828) agent_health_check /opt/stack/neutron/neutron/db/agents_db.py:317}}
Apr 11 01:54:01.232693 np0000164979 neutron-periodic-workers[103828]: DEBUG oslo.service.backend._threading.loopingcall [None req-d19009db-03d1-4b16-b95e-0fea5d7c1c7e None None] Fixed interval looping call 'neutron.plugins.ml2.plugin.AgentDbMixin.agent_health_check' sleeping for 36.99 seconds {{(pid=103828) _run_loop /opt/stack/data/venv/lib/python3.12/site-packages/oslo_service/backend/_threading/loopingcall.py:125}}
Apr 11 01:54:06.305735 np0000164979 neutron-periodic-workers[103857]: DEBUG dbcounter [-] [103857] Writer thread running {{(pid=103857) stat_writer /opt/stack/data/venv/lib/python3.12/site-packages/dbcounter.py:102}}
Apr 11 01:54:06.316345 np0000164979 neutron-periodic-workers[103857]: DEBUG oslo.service.backend._threading.loopingcall [None req-fb771554-9f71-43bb-8994-4655f07b12ab None None] Fixed interval looping call 'neutron.services.ovn_l3.plugin.L3_NAT_dbonly_mixin._clean_garbage' sleeping for 299.96 seconds {{(pid=103857) _run_loop /opt/stack/data/venv/lib/python3.12/site-packages/oslo_service/backend/_threading/loopingcall.py:125}}
Apr 11 01:54:11.230427 np0000164979 neutron-periodic-workers[103828]: DEBUG dbcounter [-] [103828] Writing DB stats neutron:SELECT=1 {{(pid=103828) stat_writer /opt/stack/data/venv/lib/python3.12/site-packages/dbcounter.py:115}}
Apr 11 01:54:12.256383 np0000164979 neutron-periodic-workers[103812]: DEBUG oslo.service.backend._threading.loopingcall [None req-47d49bd7-1a91-41bc-bc99-1fb09eec21bf None None] Fixed interval looping call 'neutron.plugins.ml2.plugin.DhcpAgentSchedulerDbMixin.remove_networks_from_down_agents' sleeping for 36.94 seconds {{(pid=103812) _run_loop /opt/stack/data/venv/lib/python3.12/site-packages/oslo_service/backend/_threading/loopingcall.py:125}}
Apr 11 01:54:16.306321 np0000164979 neutron-periodic-workers[103857]: DEBUG dbcounter [-] [103857] Writing DB stats neutron:SELECT=1 {{(pid=103857) stat_writer /opt/stack/data/venv/lib/python3.12/site-packages/dbcounter.py:115}}
Apr 11 01:54:22.207699 np0000164979 neutron-periodic-workers[103812]: DEBUG dbcounter [-] [103812] Writing DB stats neutron:SELECT=3 {{(pid=103812) stat_writer /opt/stack/data/venv/lib/python3.12/site-packages/dbcounter.py:115}}
Apr 11 01:54:38.227985 np0000164979 neutron-periodic-workers[103828]: DEBUG neutron.db.agents_db [None req-d19009db-03d1-4b16-b95e-0fea5d7c1c7e None None] Agent healthcheck: found 0 active agents {{(pid=103828) agent_health_check /opt/stack/neutron/neutron/db/agents_db.py:317}}
Apr 11 01:54:38.228510 np0000164979 neutron-periodic-workers[103828]: DEBUG oslo.service.backend._threading.loopingcall [None req-d19009db-03d1-4b16-b95e-0fea5d7c1c7e None None] Fixed interval looping call 'neutron.plugins.ml2.plugin.AgentDbMixin.agent_health_check' sleeping for 36.99 seconds {{(pid=103828) _run_loop /opt/stack/data/venv/lib/python3.12/site-packages/oslo_service/backend/_threading/loopingcall.py:125}}
Apr 11 01:54:48.341299 np0000164979 neutron-periodic-workers[103828]: DEBUG dbcounter [-] [103828] Writing DB stats neutron:SELECT=1 {{(pid=103828) stat_writer /opt/stack/data/venv/lib/python3.12/site-packages/dbcounter.py:115}}
Apr 11 01:54:49.208651 np0000164979 neutron-periodic-workers[103812]: DEBUG oslo.service.backend._threading.loopingcall [None req-47d49bd7-1a91-41bc-bc99-1fb09eec21bf None None] Fixed interval looping call 'neutron.plugins.ml2.plugin.DhcpAgentSchedulerDbMixin.remove_networks_from_down_agents' sleeping for 36.99 seconds {{(pid=103812) _run_loop /opt/stack/data/venv/lib/python3.12/site-packages/oslo_service/backend/_threading/loopingcall.py:125}}
Apr 11 01:54:59.205745 np0000164979 neutron-periodic-workers[103812]: DEBUG dbcounter [-] [103812] Writing DB stats neutron:SELECT=3 {{(pid=103812) stat_writer /opt/stack/data/venv/lib/python3.12/site-packages/dbcounter.py:115}}
Apr 11 01:55:15.223730 np0000164979 neutron-periodic-workers[103828]: DEBUG neutron.db.agents_db [None req-d19009db-03d1-4b16-b95e-0fea5d7c1c7e None None] Agent healthcheck: found 0 active agents {{(pid=103828) agent_health_check /opt/stack/neutron/neutron/db/agents_db.py:317}}
Apr 11 01:55:15.224458 np0000164979 neutron-periodic-workers[103828]: DEBUG oslo.service.backend._threading.loopingcall [None req-d19009db-03d1-4b16-b95e-0fea5d7c1c7e None None] Fixed interval looping call 'neutron.plugins.ml2.plugin.AgentDbMixin.agent_health_check' sleeping for 36.99 seconds {{(pid=103828) _run_loop /opt/stack/data/venv/lib/python3.12/site-packages/oslo_service/backend/_threading/loopingcall.py:125}}
Apr 11 01:55:25.221654 np0000164979 neutron-periodic-workers[103828]: DEBUG dbcounter [-] [103828] Writing DB stats neutron:SELECT=1 {{(pid=103828) stat_writer /opt/stack/data/venv/lib/python3.12/site-packages/dbcounter.py:115}}
Apr 11 01:55:26.207171 np0000164979 neutron-periodic-workers[103812]: DEBUG oslo.service.backend._threading.loopingcall [None req-47d49bd7-1a91-41bc-bc99-1fb09eec21bf None None] Fixed interval looping call 'neutron.plugins.ml2.plugin.DhcpAgentSchedulerDbMixin.remove_networks_from_down_agents' sleeping for 36.99 seconds {{(pid=103812) _run_loop /opt/stack/data/venv/lib/python3.12/site-packages/oslo_service/backend/_threading/loopingcall.py:125}}
Apr 11 01:55:36.206251 np0000164979 neutron-periodic-workers[103812]: DEBUG dbcounter [-] [103812] Writing DB stats neutron:SELECT=3 {{(pid=103812) stat_writer /opt/stack/data/venv/lib/python3.12/site-packages/dbcounter.py:115}}
Apr 11 01:55:37.249089 np0000164979 neutron-periodic-workers[103844]: DEBUG oslo.service.backend._threading.loopingcall [None req-743cfa8d-ae44-4f13-90d3-dfdef198d878 None None] Fixed interval looping call 'neutron.db.quota.driver_nolock.DbQuotaNoLockDriver._remove_expired_reservations' sleeping for 120.00 seconds {{(pid=103844) _run_loop /opt/stack/data/venv/lib/python3.12/site-packages/oslo_service/backend/_threading/loopingcall.py:125}}
Apr 11 01:55:47.247577 np0000164979 neutron-periodic-workers[103844]: DEBUG dbcounter [-] [103844] Writing DB stats neutron:DELETE=1 {{(pid=103844) stat_writer /opt/stack/data/venv/lib/python3.12/site-packages/dbcounter.py:115}}
Apr 11 01:55:52.219287 np0000164979 neutron-periodic-workers[103828]: DEBUG neutron.db.agents_db [None req-d19009db-03d1-4b16-b95e-0fea5d7c1c7e None None] Agent healthcheck: found 0 active agents {{(pid=103828) agent_health_check /opt/stack/neutron/neutron/db/agents_db.py:317}}
Apr 11 01:55:52.219916 np0000164979 neutron-periodic-workers[103828]: DEBUG oslo.service.backend._threading.loopingcall [None req-d19009db-03d1-4b16-b95e-0fea5d7c1c7e None None] Fixed interval looping call 'neutron.plugins.ml2.plugin.AgentDbMixin.agent_health_check' sleeping for 36.99 seconds {{(pid=103828) _run_loop /opt/stack/data/venv/lib/python3.12/site-packages/oslo_service/backend/_threading/loopingcall.py:125}}
Apr 11 01:56:02.218154 np0000164979 neutron-periodic-workers[103828]: DEBUG dbcounter [-] [103828] Writing DB stats neutron:SELECT=1 {{(pid=103828) stat_writer /opt/stack/data/venv/lib/python3.12/site-packages/dbcounter.py:115}}
Apr 11 01:56:03.212092 np0000164979 neutron-periodic-workers[103812]: DEBUG oslo.service.backend._threading.loopingcall [None req-47d49bd7-1a91-41bc-bc99-1fb09eec21bf None None] Fixed interval looping call 'neutron.plugins.ml2.plugin.DhcpAgentSchedulerDbMixin.remove_networks_from_down_agents' sleeping for 36.99 seconds {{(pid=103812) _run_loop /opt/stack/data/venv/lib/python3.12/site-packages/oslo_service/backend/_threading/loopingcall.py:125}}
Apr 11 01:56:13.211285 np0000164979 neutron-periodic-workers[103812]: DEBUG dbcounter [-] [103812] Writing DB stats neutron:SELECT=3 {{(pid=103812) stat_writer /opt/stack/data/venv/lib/python3.12/site-packages/dbcounter.py:115}}
Apr 11 01:56:29.215375 np0000164979 neutron-periodic-workers[103828]: DEBUG neutron.db.agents_db [None req-d19009db-03d1-4b16-b95e-0fea5d7c1c7e None None] Agent healthcheck: found 0 active agents {{(pid=103828) agent_health_check /opt/stack/neutron/neutron/db/agents_db.py:317}}
Apr 11 01:56:29.216095 np0000164979 neutron-periodic-workers[103828]: DEBUG oslo.service.backend._threading.loopingcall [None req-d19009db-03d1-4b16-b95e-0fea5d7c1c7e None None] Fixed interval looping call 'neutron.plugins.ml2.plugin.AgentDbMixin.agent_health_check' sleeping for 36.99 seconds {{(pid=103828) _run_loop /opt/stack/data/venv/lib/python3.12/site-packages/oslo_service/backend/_threading/loopingcall.py:125}}
Apr 11 01:56:39.213308 np0000164979 neutron-periodic-workers[103828]: DEBUG dbcounter [-] [103828] Writing DB stats neutron:SELECT=1 {{(pid=103828) stat_writer /opt/stack/data/venv/lib/python3.12/site-packages/dbcounter.py:115}}
Apr 11 01:56:40.212400 np0000164979 neutron-periodic-workers[103812]: DEBUG oslo.service.backend._threading.loopingcall [None req-47d49bd7-1a91-41bc-bc99-1fb09eec21bf None None] Fixed interval looping call 'neutron.plugins.ml2.plugin.DhcpAgentSchedulerDbMixin.remove_networks_from_down_agents' sleeping for 36.99 seconds {{(pid=103812) _run_loop /opt/stack/data/venv/lib/python3.12/site-packages/oslo_service/backend/_threading/loopingcall.py:125}}
Apr 11 01:56:50.210706 np0000164979 neutron-periodic-workers[103812]: DEBUG dbcounter [-] [103812] Writing DB stats neutron:SELECT=3 {{(pid=103812) stat_writer /opt/stack/data/venv/lib/python3.12/site-packages/dbcounter.py:115}}
Apr 11 01:57:06.211051 np0000164979 neutron-periodic-workers[103828]: DEBUG neutron.db.agents_db [None req-d19009db-03d1-4b16-b95e-0fea5d7c1c7e None None] Agent healthcheck: found 0 active agents {{(pid=103828) agent_health_check /opt/stack/neutron/neutron/db/agents_db.py:317}}
Apr 11 01:57:06.211503 np0000164979 neutron-periodic-workers[103828]: DEBUG oslo.service.backend._threading.loopingcall [None req-d19009db-03d1-4b16-b95e-0fea5d7c1c7e None None] Fixed interval looping call 'neutron.plugins.ml2.plugin.AgentDbMixin.agent_health_check' sleeping for 36.99 seconds {{(pid=103828) _run_loop /opt/stack/data/venv/lib/python3.12/site-packages/oslo_service/backend/_threading/loopingcall.py:125}}
Apr 11 01:57:16.209766 np0000164979 neutron-periodic-workers[103828]: DEBUG dbcounter [-] [103828] Writing DB stats neutron:SELECT=1 {{(pid=103828) stat_writer /opt/stack/data/venv/lib/python3.12/site-packages/dbcounter.py:115}}
Apr 11 01:57:17.210755 np0000164979 neutron-periodic-workers[103812]: DEBUG oslo.service.backend._threading.loopingcall [None req-47d49bd7-1a91-41bc-bc99-1fb09eec21bf None None] Fixed interval looping call 'neutron.plugins.ml2.plugin.DhcpAgentSchedulerDbMixin.remove_networks_from_down_agents' sleeping for 36.99 seconds {{(pid=103812) _run_loop /opt/stack/data/venv/lib/python3.12/site-packages/oslo_service/backend/_threading/loopingcall.py:125}}
Apr 11 01:57:27.209410 np0000164979 neutron-periodic-workers[103812]: DEBUG dbcounter [-] [103812] Writing DB stats neutron:SELECT=3 {{(pid=103812) stat_writer /opt/stack/data/venv/lib/python3.12/site-packages/dbcounter.py:115}}
Apr 11 01:57:37.257404 np0000164979 neutron-periodic-workers[103844]: DEBUG oslo.service.backend._threading.loopingcall [None req-743cfa8d-ae44-4f13-90d3-dfdef198d878 None None] Fixed interval looping call 'neutron.db.quota.driver_nolock.DbQuotaNoLockDriver._remove_expired_reservations' sleeping for 119.99 seconds {{(pid=103844) _run_loop /opt/stack/data/venv/lib/python3.12/site-packages/oslo_service/backend/_threading/loopingcall.py:125}}
Apr 11 01:57:43.204921 np0000164979 neutron-periodic-workers[103828]: DEBUG neutron.db.agents_db [None req-d19009db-03d1-4b16-b95e-0fea5d7c1c7e None None] Agent healthcheck: found 0 active agents {{(pid=103828) agent_health_check /opt/stack/neutron/neutron/db/agents_db.py:317}}
Apr 11 01:57:43.205259 np0000164979 neutron-periodic-workers[103828]: DEBUG oslo.service.backend._threading.loopingcall [None req-d19009db-03d1-4b16-b95e-0fea5d7c1c7e None None] Fixed interval looping call 'neutron.plugins.ml2.plugin.AgentDbMixin.agent_health_check' sleeping for 37.00 seconds {{(pid=103828) _run_loop /opt/stack/data/venv/lib/python3.12/site-packages/oslo_service/backend/_threading/loopingcall.py:125}}
Apr 11 01:57:47.253706 np0000164979 neutron-periodic-workers[103844]: DEBUG dbcounter [-] [103844] Writing DB stats neutron:DELETE=1 {{(pid=103844) stat_writer /opt/stack/data/venv/lib/python3.12/site-packages/dbcounter.py:115}}
Apr 11 01:57:53.204108 np0000164979 neutron-periodic-workers[103828]: DEBUG dbcounter [-] [103828] Writing DB stats neutron:SELECT=1 {{(pid=103828) stat_writer /opt/stack/data/venv/lib/python3.12/site-packages/dbcounter.py:115}}
Apr 11 01:57:54.212757 np0000164979 neutron-periodic-workers[103812]: DEBUG oslo.service.backend._threading.loopingcall [None req-47d49bd7-1a91-41bc-bc99-1fb09eec21bf None None] Fixed interval looping call 'neutron.plugins.ml2.plugin.DhcpAgentSchedulerDbMixin.remove_networks_from_down_agents' sleeping for 36.99 seconds {{(pid=103812) _run_loop /opt/stack/data/venv/lib/python3.12/site-packages/oslo_service/backend/_threading/loopingcall.py:125}}
Apr 11 01:58:04.211295 np0000164979 neutron-periodic-workers[103812]: DEBUG dbcounter [-] [103812] Writing DB stats neutron:SELECT=3 {{(pid=103812) stat_writer /opt/stack/data/venv/lib/python3.12/site-packages/dbcounter.py:115}}
Apr 11 01:58:20.209017 np0000164979 neutron-periodic-workers[103828]: DEBUG neutron.db.agents_db [None req-d19009db-03d1-4b16-b95e-0fea5d7c1c7e None None] Agent healthcheck: found 0 active agents {{(pid=103828) agent_health_check /opt/stack/neutron/neutron/db/agents_db.py:317}}
Apr 11 01:58:20.209496 np0000164979 neutron-periodic-workers[103828]: DEBUG oslo.service.backend._threading.loopingcall [None req-d19009db-03d1-4b16-b95e-0fea5d7c1c7e None None] Fixed interval looping call 'neutron.plugins.ml2.plugin.AgentDbMixin.agent_health_check' sleeping for 37.00 seconds {{(pid=103828) _run_loop /opt/stack/data/venv/lib/python3.12/site-packages/oslo_service/backend/_threading/loopingcall.py:125}}
Apr 11 01:58:30.208366 np0000164979 neutron-periodic-workers[103828]: DEBUG dbcounter [-] [103828] Writing DB stats neutron:SELECT=1 {{(pid=103828) stat_writer /opt/stack/data/venv/lib/python3.12/site-packages/dbcounter.py:115}}
Apr 11 01:58:31.211923 np0000164979 neutron-periodic-workers[103812]: DEBUG oslo.service.backend._threading.loopingcall [None req-47d49bd7-1a91-41bc-bc99-1fb09eec21bf None None] Fixed interval looping call 'neutron.plugins.ml2.plugin.DhcpAgentSchedulerDbMixin.remove_networks_from_down_agents' sleeping for 36.99 seconds {{(pid=103812) _run_loop /opt/stack/data/venv/lib/python3.12/site-packages/oslo_service/backend/_threading/loopingcall.py:125}}
Apr 11 01:58:41.210099 np0000164979 neutron-periodic-workers[103812]: DEBUG dbcounter [-] [103812] Writing DB stats neutron:SELECT=3 {{(pid=103812) stat_writer /opt/stack/data/venv/lib/python3.12/site-packages/dbcounter.py:115}}
Apr 11 01:58:57.213004 np0000164979 neutron-periodic-workers[103828]: DEBUG neutron.db.agents_db [None req-d19009db-03d1-4b16-b95e-0fea5d7c1c7e None None] Agent healthcheck: found 0 active agents {{(pid=103828) agent_health_check /opt/stack/neutron/neutron/db/agents_db.py:317}}
Apr 11 01:58:57.213591 np0000164979 neutron-periodic-workers[103828]: DEBUG oslo.service.backend._threading.loopingcall [None req-d19009db-03d1-4b16-b95e-0fea5d7c1c7e None None] Fixed interval looping call 'neutron.plugins.ml2.plugin.AgentDbMixin.agent_health_check' sleeping for 37.00 seconds {{(pid=103828) _run_loop /opt/stack/data/venv/lib/python3.12/site-packages/oslo_service/backend/_threading/loopingcall.py:125}}
Apr 11 01:59:06.291351 np0000164979 neutron-periodic-workers[103857]: DEBUG oslo.service.backend._threading.loopingcall [None req-fb771554-9f71-43bb-8994-4655f07b12ab None None] Fixed interval looping call 'neutron.services.ovn_l3.plugin.L3_NAT_dbonly_mixin._clean_garbage' sleeping for 299.99 seconds {{(pid=103857) _run_loop /opt/stack/data/venv/lib/python3.12/site-packages/oslo_service/backend/_threading/loopingcall.py:125}}
Apr 11 01:59:07.211805 np0000164979 neutron-periodic-workers[103828]: DEBUG dbcounter [-] [103828] Writing DB stats neutron:SELECT=1 {{(pid=103828) stat_writer /opt/stack/data/venv/lib/python3.12/site-packages/dbcounter.py:115}}
Apr 11 01:59:08.209134 np0000164979 neutron-periodic-workers[103812]: DEBUG oslo.service.backend._threading.loopingcall [None req-47d49bd7-1a91-41bc-bc99-1fb09eec21bf None None] Fixed interval looping call 'neutron.plugins.ml2.plugin.DhcpAgentSchedulerDbMixin.remove_networks_from_down_agents' sleeping for 36.99 seconds {{(pid=103812) _run_loop /opt/stack/data/venv/lib/python3.12/site-packages/oslo_service/backend/_threading/loopingcall.py:125}}
