2026-05-09 06:24:39.032 8 INFO neutron.pecan_wsgi.hooks.translation [None req-7d37155e-4395-4935-87e9-8d1ea6978511 8e9f6a7a74be47e389c986be7b677cfc 2b9f0b95542e48aea788b3a717fc956e - - default default] GET failed (client error): The resource could not be found. [pid: 8|app: 0|req: 743/1575] 10.0.0.247 () {32 vars in 717 bytes} [Sat May 9 06:24:39 2026] GET /v2.0/ports/de3861a2-4c24-406c-987e-14484a81256f => generated 132 bytes in 17 msecs (HTTP/1.1 404) 4 headers in 164 bytes (1 switches on core 0)
2026-05-09 06:24:39.211 8 WARNING neutron.scheduler.dhcp_agent_scheduler [None req-024f99eb-113c-4bd1-bbef-f960455ec0fb 0cee8ecf04d04e129d2cc600066bc382 8179a993b7a2474daf26ddda97b16e08 - - default default] No more DHCP agents
2026-05-09 06:24:39.213 8 WARNING neutron.api.rpc.agentnotifiers.dhcp_rpc_agent_api [None req-024f99eb-113c-4bd1-bbef-f960455ec0fb 0cee8ecf04d04e129d2cc600066bc382 8179a993b7a2474daf26ddda97b16e08 - - default default] Unable to schedule network 2a487b43-3476-45c4-95ef-f415e119caf5: no agents available; will retry on subsequent port and subnet creation events.
2026-05-09 06:24:39.281 7 INFO neutron.db.ovn_revision_numbers_db [None req-9ee9d3c1-82bb-45bf-9062-1361d9c18e7f 537e7c5488fa420586da779e46c5a29f 9821a454b8994ff78073a10b11330a3d - - default default] Successfully bumped revision number for resource b60bfa79-0116-4963-8a15-433ac302e2f2 (type: router_ports) to 1 [pid: 7|app: 0|req: 833/1576] 10.0.0.247 () {34 vars in 783 bytes} [Sat May 9 06:24:37 2026] PUT /v2.0/routers/acff4aeb-fa9a-4c62-8678-150ca679f3ed/add_router_interface => generated 309 bytes in 1947 msecs (HTTP/1.1 200) 4 headers in 157 bytes (1 switches on core 0)
2026-05-09 06:24:39.414 7 INFO neutron_taas.services.taas.taas_plugin [None req-10c3692e-78cb-4e8c-934e-1f7a998b27ec 9eb69d3e7ae84a08bfbf9d0aa28dc704 150a5fac0e694fef81466c6d7a600219 - - default default] TaaS: Handle Delete Port: 79650b03-6169-4567-8e8d-64d26af5ea79
2026-05-09 06:24:39.417 7 INFO neutron_taas.services.taas.tap_mirror_plugin [None req-10c3692e-78cb-4e8c-934e-1f7a998b27ec 9eb69d3e7ae84a08bfbf9d0aa28dc704 150a5fac0e694fef81466c6d7a600219 - - default default] Tap Mirror: Handle Delete Port: 79650b03-6169-4567-8e8d-64d26af5ea79 [pid: 7|app: 0|req: 834/1577] 10.0.0.247 () {32 vars in 732 bytes} [Sat May 9 06:24:39 2026] DELETE /v2.0/floatingips/77c4b197-5f16-4614-baf0-2084e43f8992 => generated 0 bytes in 277 msecs (HTTP/1.1 204) 2 headers in 112 bytes (1 switches on core 0) [pid: 7|app: 0|req: 835/1578] 10.0.0.247 () {32 vars in 724 bytes} [Sat May 9 06:24:39 2026] DELETE /v2.0/subnets/71a1427b-4d9b-4b99-8ee3-acf8ee5220f2 => generated 0 bytes in 195 msecs (HTTP/1.1 204) 3 headers in 131 bytes (1 switches on core 0)
2026-05-09 06:24:39.763 8 INFO neutron.db.ovn_revision_numbers_db [None req-f7a30fba-22a2-416b-a6a6-c3843322dfa9 - - - - - -] Successfully bumped revision number for resource e0b5d5ca-9da9-4c4c-a889-1b6ee500d425 (type: ports) to 2
2026-05-09 06:24:39.820 8 INFO neutron.db.ovn_revision_numbers_db [None req-f7a30fba-22a2-416b-a6a6-c3843322dfa9 - - - - - -] Successfully bumped revision number for resource eeb7e419-e71b-44a8-a7c1-a9e7d4a39253 (type: subnets) to 0 [pid: 8|app: 0|req: 744/1579] 10.0.0.247 () {34 vars in 669 bytes} [Sat May 9 06:24:39 2026] POST /v2.0/subnets => generated 626 bytes in 804 msecs (HTTP/1.1 201) 4 headers in 162 bytes (1 switches on core 0)
2026-05-09 06:24:39.946 8 INFO neutron_taas.services.taas.taas_plugin [None req-1ebf090a-e63f-45c0-a6d2-f07b1f18e9eb 8e9f6a7a74be47e389c986be7b677cfc 2b9f0b95542e48aea788b3a717fc956e - - default default] TaaS: Handle Delete Port: 80f2230b-af9e-477d-acda-aa321f20934a
2026-05-09 06:24:39.948 8 INFO neutron_taas.services.taas.tap_mirror_plugin [None req-1ebf090a-e63f-45c0-a6d2-f07b1f18e9eb 8e9f6a7a74be47e389c986be7b677cfc 2b9f0b95542e48aea788b3a717fc956e - - default default] Tap Mirror: Handle Delete Port: 80f2230b-af9e-477d-acda-aa321f20934a
2026-05-09 06:24:40.014 8 WARNING neutron.plugins.ml2.drivers.ovn.mech_driver.ovsdb.ovn_client [None req-e8b60571-52bd-4d6f-81fb-3ee2841418ee - - - - - -] No hosting information found for port 70a0bb02-c052-4bd2-95e1-f5048bb749d5: RuntimeError: No hosting information found for port 70a0bb02-c052-4bd2-95e1-f5048bb749d5
2026-05-09 06:24:40.034 7 WARNING neutron.scheduler.dhcp_agent_scheduler [None req-17e67f58-1e70-4cc6-bf8c-3dc9db18c374 9eb69d3e7ae84a08bfbf9d0aa28dc704 150a5fac0e694fef81466c6d7a600219 - - default default] No more DHCP agents
2026-05-09 06:24:40.035 7 WARNING neutron.api.rpc.agentnotifiers.dhcp_rpc_agent_api [None req-17e67f58-1e70-4cc6-bf8c-3dc9db18c374 9eb69d3e7ae84a08bfbf9d0aa28dc704 150a5fac0e694fef81466c6d7a600219 - - default default] Unable to schedule network b49c7b1c-c018-4108-b950-be16a2825b27: no agents available; will retry on subsequent port and subnet creation events.
2026-05-09 06:24:40.170 8 INFO neutron.db.ovn_revision_numbers_db [None req-e8b60571-52bd-4d6f-81fb-3ee2841418ee - - - - - -] Successfully bumped revision number for resource 70a0bb02-c052-4bd2-95e1-f5048bb749d5 (type: router_ports) to 2
2026-05-09 06:24:40.265 8 INFO neutron.services.segments.plugin [-] Segment 509dd443-3476-47bd-b79d-77d24ca8432b resource provider aggregate not found
2026-05-09 06:24:40.267 8 INFO neutron.services.segments.plugin [-] Segment 509dd443-3476-47bd-b79d-77d24ca8432b resource provider aggregate not found
2026-05-09 06:24:40.301 8 INFO neutron.services.segments.plugin [-] Segment 509dd443-3476-47bd-b79d-77d24ca8432b resource provider not found; error: Placement Client Error (4xx): {"errors": [{"status": 404, "title": "Not Found", "detail": "The resource could not be found.\n\n No resource provider with uuid 509dd443-3476-47bd-b79d-77d24ca8432b found for delete ", "request_id": "req-44523960-da97-4d7b-adc7-d23216161d61"}]}
2026-05-09 06:24:40.309 8 INFO neutron.services.segments.plugin [-] Segment 509dd443-3476-47bd-b79d-77d24ca8432b resource provider not found; error: Placement Client Error (4xx): {"errors": [{"status": 404, "title": "Not Found", "detail": "The resource could not be found.\n\n No resource provider with uuid 509dd443-3476-47bd-b79d-77d24ca8432b found for delete ", "request_id": "req-3475278a-6012-4d80-b930-c5ef0851dd0d"}]}
2026-05-09 06:24:40.333 8 INFO neutron.plugins.ml2.drivers.ovn.mech_driver.mech_driver [None req-e8b60571-52bd-4d6f-81fb-3ee2841418ee - - - - - -] OVN reports status down for port: b60bfa79-0116-4963-8a15-433ac302e2f2 [pid: 8|app: 0|req: 745/1580] 10.0.0.247 () {32 vars in 726 bytes} [Sat May 9 06:24:39 2026] DELETE /v2.0/networks/13e4952e-cf1c-4582-abad-9508e6548a75 => generated 0 bytes in 534 msecs (HTTP/1.1 204) 3 headers in 131 bytes (1 switches on core 0) /var/lib/openstack/lib/python3.12/site-packages/pycadf/identifier.py:70: UserWarning: Invalid uuid: neutron. To ensure interoperability, identifiers should be a valid uuid. warnings.warn(('Invalid uuid: %s. To ensure interoperability, '
2026-05-09 06:24:40.440 8 WARNING neutron.plugins.ml2.drivers.ovn.mech_driver.ovsdb.ovn_client [None req-e8b60571-52bd-4d6f-81fb-3ee2841418ee - - - - - -] Logical_Switch_Port b60bfa79-0116-4963-8a15-433ac302e2f2 host information not removed, the port state is up
2026-05-09 06:24:40.441 8 INFO neutron.plugins.ml2.drivers.ovn.mech_driver.mech_driver [None req-e8b60571-52bd-4d6f-81fb-3ee2841418ee - - - - - -] OVN reports status up for port: b60bfa79-0116-4963-8a15-433ac302e2f2
2026-05-09 06:24:40.480 8 INFO neutron.plugins.ml2.plugin [None req-e8b60571-52bd-4d6f-81fb-3ee2841418ee - - - - - -] Attempt 1 to provision port b60bfa79-0116-4963-8a15-433ac302e2f2
2026-05-09 06:24:40.579 8 INFO neutron.db.ovn_revision_numbers_db [None req-aeaca275-7356-4e2b-926d-f127ebab6c1a 0cee8ecf04d04e129d2cc600066bc382 8179a993b7a2474daf26ddda97b16e08 - - default default] Successfully bumped revision number for resource a899d1ad-2ba3-4ddb-abe7-92bcd418569d (type: routers) to 1 [pid: 8|app: 0|req: 746/1581] 10.0.0.247 () {34 vars in 669 bytes} [Sat May 9 06:24:40 2026] POST /v2.0/routers => generated 602 bytes in 241 msecs (HTTP/1.1 201) 4 headers in 162 bytes (1 switches on core 0)
2026-05-09 06:24:40.835 7 INFO neutron.db.ovn_revision_numbers_db [None req-17e67f58-1e70-4cc6-bf8c-3dc9db18c374 9eb69d3e7ae84a08bfbf9d0aa28dc704 150a5fac0e694fef81466c6d7a600219 - - default default] Successfully bumped revision number for resource 7b95f19b-139d-4aae-ac9c-96055a51680d (type: floatingips) to 1
2026-05-09 06:24:40.835 7 INFO neutron.db.l3_db [None req-17e67f58-1e70-4cc6-bf8c-3dc9db18c374 9eb69d3e7ae84a08bfbf9d0aa28dc704 150a5fac0e694fef81466c6d7a600219 - - default default] Floating IP 7b95f19b-139d-4aae-ac9c-96055a51680d associated. External IP: 10.96.250.211, port: ccb8d4f1-d54d-471d-9b92-4f9fbe981dcf. [pid: 7|app: 0|req: 836/1582] 10.0.0.247 () {34 vars in 677 bytes} [Sat May 9 06:24:39 2026] POST /v2.0/floatingips => generated 841 bytes in 1127 msecs (HTTP/1.1 201) 4 headers in 162 bytes (1 switches on core 0)
2026-05-09 06:24:40.913 8 INFO neutron.db.ovn_revision_numbers_db [None req-d93bf143-d8ac-46e1-bb43-f3a6eef05dde 537e7c5488fa420586da779e46c5a29f 9821a454b8994ff78073a10b11330a3d - - default default] Successfully bumped revision number for resource b5afb2f3-2721-468e-87d1-7a652bb759a0 (type: security_groups) to 1
2026-05-09 06:24:40.938 8 INFO neutron.db.ovn_revision_numbers_db [None req-d93bf143-d8ac-46e1-bb43-f3a6eef05dde 537e7c5488fa420586da779e46c5a29f 9821a454b8994ff78073a10b11330a3d - - default default] Successfully bumped revision number for resource 37fe6487-91f4-4a08-a38a-17055c6809ff (type: security_group_rules) to 0
2026-05-09 06:24:40.959 8 INFO neutron.db.ovn_revision_numbers_db [None req-d93bf143-d8ac-46e1-bb43-f3a6eef05dde 537e7c5488fa420586da779e46c5a29f 9821a454b8994ff78073a10b11330a3d - - default default] Successfully bumped revision number for resource a83b6c93-c30b-404a-86e6-e2b6ec05c2a7 (type: security_group_rules) to 0
2026-05-09 06:24:40.992 8 INFO neutron.db.ovn_revision_numbers_db [None req-d93bf143-d8ac-46e1-bb43-f3a6eef05dde 537e7c5488fa420586da779e46c5a29f 9821a454b8994ff78073a10b11330a3d - - default default] Successfully bumped revision number for resource bdc24bbd-68e7-4bbb-8639-d79cb6a34e79 (type: security_group_rules) to 0
2026-05-09 06:24:41.026 8 INFO neutron.db.ovn_revision_numbers_db [None req-d93bf143-d8ac-46e1-bb43-f3a6eef05dde 537e7c5488fa420586da779e46c5a29f 9821a454b8994ff78073a10b11330a3d - - default default] Successfully bumped revision number for resource e4a002cb-0698-48da-a545-956e2b8e2288 (type: security_group_rules) to 0
2026-05-09 06:24:41.118 7 WARNING neutron.scheduler.dhcp_agent_scheduler [None req-5f0a43a8-02c0-4b0d-8435-265e0d5051d4 8e9f6a7a74be47e389c986be7b677cfc 2b9f0b95542e48aea788b3a717fc956e - - default default] No more DHCP agents
2026-05-09 06:24:41.120 7 WARNING neutron.api.rpc.agentnotifiers.dhcp_rpc_agent_api [None req-5f0a43a8-02c0-4b0d-8435-265e0d5051d4 8e9f6a7a74be47e389c986be7b677cfc 2b9f0b95542e48aea788b3a717fc956e - - default default] Unable to schedule network e1880f9c-2b52-4132-a153-1282ef126cb0: no agents available; will retry on subsequent port and subnet creation events.
2026-05-09 06:24:41.134 8 INFO neutron.db.segments_db [None req-d93bf143-d8ac-46e1-bb43-f3a6eef05dde 537e7c5488fa420586da779e46c5a29f 9821a454b8994ff78073a10b11330a3d - - default default] Added segment 83f10b73-9068-4605-8646-66bd2dab1ac6 of type geneve for network b20bbd08-a996-4303-9c8e-77c7ae439f3f
2026-05-09 06:24:41.185 7 INFO neutron.plugins.ml2.drivers.ovn.mech_driver.mech_driver [None req-86ce9a83-8185-4d03-96ae-a472d3c7dc86 - - - - - -] OVN reports status down for port: edf2c04d-7963-40a2-89c2-1e291c70d21a
2026-05-09 06:24:41.241 8 INFO neutron.db.ovn_revision_numbers_db [None req-e8b60571-52bd-4d6f-81fb-3ee2841418ee - - - - - -] Successfully bumped revision number for resource b60bfa79-0116-4963-8a15-433ac302e2f2 (type: ports) to 2
2026-05-09 06:24:41.256 7 INFO neutron.db.ovn_revision_numbers_db [None req-5f0a43a8-02c0-4b0d-8435-265e0d5051d4 8e9f6a7a74be47e389c986be7b677cfc 2b9f0b95542e48aea788b3a717fc956e - - default default] Successfully bumped revision number for resource edf2c04d-7963-40a2-89c2-1e291c70d21a (type: ports) to 1 [pid: 7|app: 0|req: 837/1583] 10.0.0.247 () {34 vars in 665 bytes} [Sat May 9 06:24:40 2026] POST /v2.0/ports => generated 778 bytes in 451 msecs (HTTP/1.1 201) 4 headers in 162 bytes (1 switches on core 0) /var/lib/openstack/lib/python3.12/site-packages/pycadf/identifier.py:70: UserWarning: Invalid uuid: neutron. To ensure interoperability, identifiers should be a valid uuid. warnings.warn(('Invalid uuid: %s. To ensure interoperability, '
2026-05-09 06:24:41.384 8 INFO neutron.db.ovn_revision_numbers_db [None req-d93bf143-d8ac-46e1-bb43-f3a6eef05dde 537e7c5488fa420586da779e46c5a29f 9821a454b8994ff78073a10b11330a3d - - default default] Successfully bumped revision number for resource b20bbd08-a996-4303-9c8e-77c7ae439f3f (type: networks) to 1
2026-05-09 06:24:41.566 8 WARNING neutron.scheduler.dhcp_agent_scheduler [None req-d93bf143-d8ac-46e1-bb43-f3a6eef05dde 537e7c5488fa420586da779e46c5a29f 9821a454b8994ff78073a10b11330a3d - - default default] No more DHCP agents
2026-05-09 06:24:41.569 8 WARNING neutron.api.rpc.agentnotifiers.dhcp_rpc_agent_api [None req-d93bf143-d8ac-46e1-bb43-f3a6eef05dde 537e7c5488fa420586da779e46c5a29f 9821a454b8994ff78073a10b11330a3d - - default default] Unable to schedule network b20bbd08-a996-4303-9c8e-77c7ae439f3f: no agents available; will retry on subsequent port and subnet creation events.
2026-05-09 06:24:41.627 7 WARNING neutron.scheduler.dhcp_agent_scheduler [None req-10718c99-73e7-4e11-8083-434a2fd5b5e0 0cee8ecf04d04e129d2cc600066bc382 8179a993b7a2474daf26ddda97b16e08 - - default default] No more DHCP agents
2026-05-09 06:24:41.629 7 WARNING neutron.api.rpc.agentnotifiers.dhcp_rpc_agent_api [None req-10718c99-73e7-4e11-8083-434a2fd5b5e0 0cee8ecf04d04e129d2cc600066bc382 8179a993b7a2474daf26ddda97b16e08 - - default default] Unable to schedule network 2a487b43-3476-45c4-95ef-f415e119caf5: no agents available; will retry on subsequent port and subnet creation events.
2026-05-09 06:24:41.666 8 INFO neutron.db.ovn_revision_numbers_db [None req-d93bf143-d8ac-46e1-bb43-f3a6eef05dde 537e7c5488fa420586da779e46c5a29f 9821a454b8994ff78073a10b11330a3d - - default default] Successfully bumped revision number for resource a3a9f171-2b3f-4115-a59b-26f0c02d503c (type: ports) to 1 [pid: 8|app: 0|req: 747/1584] 10.0.0.247 () {34 vars in 671 bytes} [Sat May 9 06:24:40 2026] POST /v2.0/networks => generated 781 bytes in 1101 msecs (HTTP/1.1 201) 4 headers in 162 bytes (1 switches on core 0)
2026-05-09 06:24:41.795 7 INFO neutron.db.ovn_revision_numbers_db [None req-10718c99-73e7-4e11-8083-434a2fd5b5e0 0cee8ecf04d04e129d2cc600066bc382 8179a993b7a2474daf26ddda97b16e08 - - default default] Successfully bumped revision number for resource b2f61913-9ee8-4379-9add-4542b5917115 (type: ports) to 1 [pid: 8|app: 0|req: 748/1585] 10.0.0.247 () {32 vars in 729 bytes} [Sat May 9 06:24:41 2026] GET /v2.0/floatingips/7b95f19b-139d-4aae-ac9c-96055a51680d => generated 843 bytes in 91 msecs (HTTP/1.1 200) 4 headers in 157 bytes (1 switches on core 0) [pid: 7|app: 0|req: 838/1586] 10.0.0.247 () {34 vars in 665 bytes} [Sat May 9 06:24:41 2026] POST /v2.0/ports => generated 946 bytes in 523 msecs (HTTP/1.1 201) 4 headers in 162 bytes (1 switches on core 0) /var/lib/openstack/lib/python3.12/site-packages/pycadf/identifier.py:70: UserWarning: Invalid uuid: neutron. To ensure interoperability, identifiers should be a valid uuid. warnings.warn(('Invalid uuid: %s. To ensure interoperability, '
2026-05-09 06:24:41.988 7 WARNING neutron.scheduler.dhcp_agent_scheduler [None req-496bf202-c4b4-4e05-baa8-adf01904f237 537e7c5488fa420586da779e46c5a29f 9821a454b8994ff78073a10b11330a3d - - default default] No more DHCP agents
2026-05-09 06:24:41.990 7 WARNING neutron.api.rpc.agentnotifiers.dhcp_rpc_agent_api [None req-496bf202-c4b4-4e05-baa8-adf01904f237 537e7c5488fa420586da779e46c5a29f 9821a454b8994ff78073a10b11330a3d - - default default] Unable to schedule network b20bbd08-a996-4303-9c8e-77c7ae439f3f: no agents available; will retry on subsequent port and subnet creation events.
2026-05-09 06:24:42.047 7 INFO neutron.plugins.ml2.drivers.ovn.mech_driver.mech_driver [None req-86ce9a83-8185-4d03-96ae-a472d3c7dc86 - - - - - -] OVN reports status down for port: edf2c04d-7963-40a2-89c2-1e291c70d21a
2026-05-09 06:24:42.064 8 INFO neutron.db.ovn_revision_numbers_db [None req-dfe58caf-47e7-45af-a8be-0fdcd34b2161 8e9f6a7a74be47e389c986be7b677cfc 2b9f0b95542e48aea788b3a717fc956e - - default default] Successfully bumped revision number for resource edf2c04d-7963-40a2-89c2-1e291c70d21a (type: ports) to 2 [pid: 8|app: 0|req: 749/1587] 10.0.0.247 () {34 vars in 737 bytes} [Sat May 9 06:24:41 2026] PUT /v2.0/ports/edf2c04d-7963-40a2-89c2-1e291c70d21a => generated 752 bytes in 294 msecs (HTTP/1.1 200) 4 headers in 157 bytes (1 switches on core 0) /var/lib/openstack/lib/python3.12/site-packages/pycadf/identifier.py:70: UserWarning: Invalid uuid: neutron. To ensure interoperability, identifiers should be a valid uuid. warnings.warn(('Invalid uuid: %s. To ensure interoperability, ' [pid: 8|app: 0|req: 750/1588] 10.0.0.247 () {32 vars in 655 bytes} [Sat May 9 06:24:42 2026] GET /v2.0/floatingips => generated 846 bytes in 62 msecs (HTTP/1.1 200) 4 headers in 157 bytes (1 switches on core 0)
2026-05-09 06:24:42.470 7 INFO neutron.db.ovn_revision_numbers_db [None req-5d361f3a-4439-4f30-a5c9-ebd5612594ce - - - - - -] Successfully bumped revision number for resource a3a9f171-2b3f-4115-a59b-26f0c02d503c (type: ports) to 2
2026-05-09 06:24:42.497 7 INFO neutron.db.ovn_revision_numbers_db [None req-5d361f3a-4439-4f30-a5c9-ebd5612594ce - - - - - -] Successfully bumped revision number for resource d61fbcb9-c616-4cb3-beff-c19e120643d3 (type: subnets) to 0 [pid: 7|app: 0|req: 839/1589] 10.0.0.247 () {34 vars in 669 bytes} [Sat May 9 06:24:41 2026] POST /v2.0/subnets => generated 687 bytes in 650 msecs (HTTP/1.1 201) 4 headers in 162 bytes (1 switches on core 0)
2026-05-09 06:24:42.658 8 INFO neutron.db.ovn_revision_numbers_db [None req-91f0d024-a533-4f33-8727-67d06663358e 0cee8ecf04d04e129d2cc600066bc382 8179a993b7a2474daf26ddda97b16e08 - - default default] Successfully bumped revision number for resource b2f61913-9ee8-4379-9add-4542b5917115 (type: ports) to 2
2026-05-09 06:24:42.674 7 INFO neutron_taas.services.taas.taas_plugin [None req-fe046a4c-6757-400e-8f80-493c1e082201 8e9f6a7a74be47e389c986be7b677cfc 2b9f0b95542e48aea788b3a717fc956e - - default default] TaaS: Handle Delete Port: edf2c04d-7963-40a2-89c2-1e291c70d21a
2026-05-09 06:24:42.677 7 INFO neutron_taas.services.taas.tap_mirror_plugin [None req-fe046a4c-6757-400e-8f80-493c1e082201 8e9f6a7a74be47e389c986be7b677cfc 2b9f0b95542e48aea788b3a717fc956e - - default default] Tap Mirror: Handle Delete Port: edf2c04d-7963-40a2-89c2-1e291c70d21a [pid: 7|app: 0|req: 840/1590] 10.0.0.247 () {32 vars in 720 bytes} [Sat May 9 06:24:42 2026] DELETE /v2.0/ports/edf2c04d-7963-40a2-89c2-1e291c70d21a => generated 0 bytes in 283 msecs (HTTP/1.1 204) 3 headers in 131 bytes (1 switches on core 0)
2026-05-09 06:24:43.271 8 WARNING neutron.scheduler.dhcp_agent_scheduler [None req-91f0d024-a533-4f33-8727-67d06663358e 0cee8ecf04d04e129d2cc600066bc382 8179a993b7a2474daf26ddda97b16e08 - - default default] No more DHCP agents
2026-05-09 06:24:43.273 8 WARNING neutron.api.rpc.agentnotifiers.dhcp_rpc_agent_api [None req-91f0d024-a533-4f33-8727-67d06663358e 0cee8ecf04d04e129d2cc600066bc382 8179a993b7a2474daf26ddda97b16e08 - - default default] Unable to schedule network 2a487b43-3476-45c4-95ef-f415e119caf5: no agents available; will retry on subsequent port and subnet creation events.
2026-05-09 06:24:43.379 7 INFO neutron.db.ovn_revision_numbers_db [None req-ed6407d3-f0dd-4187-a1b4-db386cf8fd44 9eb69d3e7ae84a08bfbf9d0aa28dc704 150a5fac0e694fef81466c6d7a600219 - - default default] Successfully bumped revision number for resource 7b95f19b-139d-4aae-ac9c-96055a51680d (type: floatingips) to 2
2026-05-09 06:24:43.473 7 INFO neutron.db.l3_db [None req-ed6407d3-f0dd-4187-a1b4-db386cf8fd44 9eb69d3e7ae84a08bfbf9d0aa28dc704 150a5fac0e694fef81466c6d7a600219 - - default default] Floating IP 7b95f19b-139d-4aae-ac9c-96055a51680d associated. External IP: 10.96.250.211, port: ccb8d4f1-d54d-471d-9b92-4f9fbe981dcf. [pid: 7|app: 0|req: 841/1591] 10.0.0.247 () {34 vars in 749 bytes} [Sat May 9 06:24:42 2026] PUT /v2.0/floatingips/7b95f19b-139d-4aae-ac9c-96055a51680d => generated 844 bytes in 728 msecs (HTTP/1.1 200) 4 headers in 157 bytes (1 switches on core 0) /var/lib/openstack/lib/python3.12/site-packages/pycadf/identifier.py:70: UserWarning: Invalid uuid: neutron. To ensure interoperability, identifiers should be a valid uuid. warnings.warn(('Invalid uuid: %s. To ensure interoperability, '
2026-05-09 06:24:43.531 8 INFO neutron.db.ovn_revision_numbers_db [None req-91f0d024-a533-4f33-8727-67d06663358e 0cee8ecf04d04e129d2cc600066bc382 8179a993b7a2474daf26ddda97b16e08 - - default default] Successfully bumped revision number for resource b2f61913-9ee8-4379-9add-4542b5917115 (type: router_ports) to 2 [pid: 8|app: 0|req: 751/1592] 10.0.0.247 () {34 vars in 783 bytes} [Sat May 9 06:24:42 2026] PUT /v2.0/routers/a899d1ad-2ba3-4ddb-abe7-92bcd418569d/add_router_interface => generated 309 bytes in 1371 msecs (HTTP/1.1 200) 4 headers in 157 bytes (1 switches on core 0) /var/lib/openstack/lib/python3.12/site-packages/pycadf/identifier.py:70: UserWarning: Invalid uuid: neutron. To ensure interoperability, identifiers should be a valid uuid. warnings.warn(('Invalid uuid: %s. To ensure interoperability, ' [pid: 8|app: 0|req: 752/1593] 10.0.0.247 () {32 vars in 643 bytes} [Sat May 9 06:24:43 2026] GET /v2.0/ports => generated 1537 bytes in 54 msecs (HTTP/1.1 200) 4 headers in 158 bytes (1 switches on core 0)
2026-05-09 06:24:43.772 8 INFO neutron.db.ovn_revision_numbers_db [None req-5f8db25b-1a76-40f1-9e29-5768209425f4 9eb69d3e7ae84a08bfbf9d0aa28dc704 150a5fac0e694fef81466c6d7a600219 - - default default] Successfully bumped revision number for resource 7b95f19b-139d-4aae-ac9c-96055a51680d (type: floatingips) to 3
2026-05-09 06:24:43.819 8 INFO neutron.db.l3_db [None req-5f8db25b-1a76-40f1-9e29-5768209425f4 9eb69d3e7ae84a08bfbf9d0aa28dc704 150a5fac0e694fef81466c6d7a600219 - - default default] Floating IP 7b95f19b-139d-4aae-ac9c-96055a51680d disassociated. External IP: 10.96.250.211, port: adaae0eb-2a24-4482-91f2-981baa6a466c. [pid: 8|app: 0|req: 753/1594] 10.0.0.247 () {34 vars in 749 bytes} [Sat May 9 06:24:43 2026] PUT /v2.0/floatingips/7b95f19b-139d-4aae-ac9c-96055a51680d => generated 554 bytes in 253 msecs (HTTP/1.1 200) 4 headers in 157 bytes (1 switches on core 0) [pid: 8|app: 0|req: 754/1595] 10.0.0.247 () {32 vars in 717 bytes} [Sat May 9 06:24:43 2026] GET /v2.0/ports/b2f61913-9ee8-4379-9add-4542b5917115 => generated 1006 bytes in 28 msecs (HTTP/1.1 200) 4 headers in 158 bytes (1 switches on core 0)
2026-05-09 06:24:43.888 8 INFO neutron.pecan_wsgi.hooks.translation [None req-20b04c9d-955e-4be1-a8c4-0a78d951eba4 8e9f6a7a74be47e389c986be7b677cfc 2b9f0b95542e48aea788b3a717fc956e - - default default] GET failed (client error): The resource could not be found. [pid: 8|app: 0|req: 755/1596] 10.0.0.247 () {32 vars in 717 bytes} [Sat May 9 06:24:43 2026] GET /v2.0/ports/edf2c04d-7963-40a2-89c2-1e291c70d21a => generated 132 bytes in 14 msecs (HTTP/1.1 404) 4 headers in 164 bytes (1 switches on core 0)
2026-05-09 06:24:43.989 7 WARNING neutron.scheduler.dhcp_agent_scheduler [None req-33355406-e647-49fa-b910-147066687dc7 537e7c5488fa420586da779e46c5a29f 9821a454b8994ff78073a10b11330a3d - - default default] No more DHCP agents
2026-05-09 06:24:43.990 7 WARNING neutron.api.rpc.agentnotifiers.dhcp_rpc_agent_api [None req-33355406-e647-49fa-b910-147066687dc7 537e7c5488fa420586da779e46c5a29f 9821a454b8994ff78073a10b11330a3d - - default default] Unable to schedule network b49c7b1c-c018-4108-b950-be16a2825b27: no agents available; will retry on subsequent port and subnet creation events.
2026-05-09 06:24:44.023 8 INFO neutron_taas.services.taas.taas_plugin [None req-21f2e0b6-0f63-406a-acda-a6fca88fe664 9eb69d3e7ae84a08bfbf9d0aa28dc704 150a5fac0e694fef81466c6d7a600219 - - default default] TaaS: Handle Delete Port: e7822cbd-07d1-4ebd-9888-e40c9c587a5c
2026-05-09 06:24:44.026 8 INFO neutron_taas.services.taas.tap_mirror_plugin [None req-21f2e0b6-0f63-406a-acda-a6fca88fe664 9eb69d3e7ae84a08bfbf9d0aa28dc704 150a5fac0e694fef81466c6d7a600219 - - default default] Tap Mirror: Handle Delete Port: e7822cbd-07d1-4ebd-9888-e40c9c587a5c
2026-05-09 06:24:44.103 7 INFO neutron.plugins.ml2.drivers.ovn.mech_driver.mech_driver [None req-86ce9a83-8185-4d03-96ae-a472d3c7dc86 - - - - - -] OVN reports status down for port: 1d9b4e45-c92e-4ef0-97d8-e9a58587368c
2026-05-09 06:24:44.177 7 INFO neutron.db.ovn_revision_numbers_db [None req-33355406-e647-49fa-b910-147066687dc7 537e7c5488fa420586da779e46c5a29f 9821a454b8994ff78073a10b11330a3d - - default default] Successfully bumped revision number for resource 1d9b4e45-c92e-4ef0-97d8-e9a58587368c (type: ports) to 1 [pid: 8|app: 0|req: 756/1597] 10.0.0.247 () {32 vars in 732 bytes} [Sat May 9 06:24:43 2026] DELETE /v2.0/floatingips/7b95f19b-139d-4aae-ac9c-96055a51680d => generated 0 bytes in 907 msecs (HTTP/1.1 204) 2 headers in 112 bytes (1 switches on core 0)
2026-05-09 06:24:44.849 7 INFO neutron.plugins.ml2.drivers.ovn.mech_driver.ovsdb.commands [None req-b08a6334-e3fd-4de5-b923-7762cfec9566 - - - - - -] Schedule LRP lrp-1d9b4e45-c92e-4ef0-97d8-e9a58587368c on gateway ca9fd2f8-6b82-4871-bb66-0a54e2153937 with priority 1
2026-05-09 06:24:44.910 7 INFO neutron.plugins.ml2.drivers.ovn.mech_driver.mech_driver [None req-86ce9a83-8185-4d03-96ae-a472d3c7dc86 - - - - - -] OVN reports status up for port: 1d9b4e45-c92e-4ef0-97d8-e9a58587368c
2026-05-09 06:24:44.911 7 INFO neutron.plugins.ml2.drivers.ovn.mech_driver.ovsdb.ovsdb_monitor [None req-83d35e00-ba4f-4544-9302-ff602de8ca1f - - - - - -] Router a044032e-9b4b-4c3e-aecf-a08b02302522 is bound to host instance
2026-05-09 06:24:44.962 7 INFO neutron.plugins.ml2.plugin [None req-86ce9a83-8185-4d03-96ae-a472d3c7dc86 - - - - - -] Attempt 1 to provision port 1d9b4e45-c92e-4ef0-97d8-e9a58587368c
2026-05-09 06:24:45.003 7 INFO neutron.db.ovn_revision_numbers_db [None req-33355406-e647-49fa-b910-147066687dc7 537e7c5488fa420586da779e46c5a29f 9821a454b8994ff78073a10b11330a3d - - default default] Successfully bumped revision number for resource 1d9b4e45-c92e-4ef0-97d8-e9a58587368c (type: router_ports) to 1
2026-05-09 06:24:45.142 8 INFO neutron_taas.services.taas.taas_plugin [None req-5b3ae7a5-fe65-4c38-ac89-df6554ed0f22 0cee8ecf04d04e129d2cc600066bc382 8179a993b7a2474daf26ddda97b16e08 - - default default] TaaS: Handle Delete Port: b2f61913-9ee8-4379-9add-4542b5917115
2026-05-09 06:24:45.145 8 INFO neutron_taas.services.taas.tap_mirror_plugin [None req-5b3ae7a5-fe65-4c38-ac89-df6554ed0f22 0cee8ecf04d04e129d2cc600066bc382 8179a993b7a2474daf26ddda97b16e08 - - default default] Tap Mirror: Handle Delete Port: b2f61913-9ee8-4379-9add-4542b5917115
2026-05-09 06:24:45.214 7 INFO neutron.db.ovn_revision_numbers_db [None req-33355406-e647-49fa-b910-147066687dc7 537e7c5488fa420586da779e46c5a29f 9821a454b8994ff78073a10b11330a3d - - default default] Successfully bumped revision number for resource a044032e-9b4b-4c3e-aecf-a08b02302522 (type: routers) to 2 [pid: 7|app: 0|req: 842/1598] 10.0.0.247 () {34 vars in 669 bytes} [Sat May 9 06:24:43 2026] POST /v2.0/routers => generated 965 bytes in 1729 msecs (HTTP/1.1 201) 4 headers in 162 bytes (1 switches on core 0) /var/lib/openstack/lib/python3.12/site-packages/pycadf/identifier.py:70: UserWarning: Invalid uuid: neutron. To ensure interoperability, identifiers should be a valid uuid. warnings.warn(('Invalid uuid: %s. To ensure interoperability, ' [pid: 7|app: 0|req: 843/1599] 10.0.0.247 () {32 vars in 643 bytes} [Sat May 9 06:24:45 2026] GET /v2.0/ports => generated 1537 bytes in 124 msecs (HTTP/1.1 200) 4 headers in 158 bytes (1 switches on core 0)
2026-05-09 06:24:45.427 7 INFO neutron.api.v2.resource [None req-f5291e22-018f-49a3-87c1-ec78d1ffc94f 9eb69d3e7ae84a08bfbf9d0aa28dc704 150a5fac0e694fef81466c6d7a600219 - - default default] delete failed (client error): The resource could not be found. [pid: 7|app: 0|req: 844/1600] 10.0.0.247 () {32 vars in 732 bytes} [Sat May 9 06:24:45 2026] DELETE /v2.0/floatingips/7b95f19b-139d-4aae-ac9c-96055a51680d => generated 144 bytes in 48 msecs (HTTP/1.1 404) 4 headers in 164 bytes (1 switches on core 0) [pid: 8|app: 0|req: 757/1601] 10.0.0.247 () {34 vars in 789 bytes} [Sat May 9 06:24:44 2026] PUT /v2.0/routers/a899d1ad-2ba3-4ddb-abe7-92bcd418569d/remove_router_interface => generated 309 bytes in 697 msecs (HTTP/1.1 200) 4 headers in 157 bytes (1 switches on core 0) /var/lib/openstack/lib/python3.12/site-packages/pycadf/identifier.py:70: UserWarning: Invalid uuid: neutron. To ensure interoperability, identifiers should be a valid uuid. warnings.warn(('Invalid uuid: %s. To ensure interoperability, ' [pid: 8|app: 0|req: 758/1602] 10.0.0.247 () {32 vars in 717 bytes} [Sat May 9 06:24:45 2026] GET /v2.0/ports/991133e5-d4bb-4c3a-ad53-7b340972416d => generated 778 bytes in 41 msecs (HTTP/1.1 200) 4 headers in 157 bytes (1 switches on core 0)
2026-05-09 06:24:45.708 8 INFO neutron_taas.services.taas.taas_plugin [None req-f4a87308-eae1-4d37-9074-a38509bcafae 9eb69d3e7ae84a08bfbf9d0aa28dc704 150a5fac0e694fef81466c6d7a600219 - - default default] TaaS: Handle Delete Port: adaae0eb-2a24-4482-91f2-981baa6a466c
2026-05-09 06:24:45.713 8 INFO neutron_taas.services.taas.tap_mirror_plugin [None req-f4a87308-eae1-4d37-9074-a38509bcafae 9eb69d3e7ae84a08bfbf9d0aa28dc704 150a5fac0e694fef81466c6d7a600219 - - default default] Tap Mirror: Handle Delete Port: adaae0eb-2a24-4482-91f2-981baa6a466c [pid: 8|app: 0|req: 759/1603] 10.0.0.247 () {32 vars in 720 bytes} [Sat May 9 06:24:45 2026] DELETE /v2.0/ports/adaae0eb-2a24-4482-91f2-981baa6a466c => generated 0 bytes in 345 msecs (HTTP/1.1 204) 3 headers in 131 bytes (1 switches on core 0)
2026-05-09 06:24:45.928 8 INFO neutron.api.v2.resource [None req-9b9615ae-1ec7-420f-8086-c62cba06300a 0cee8ecf04d04e129d2cc600066bc382 8179a993b7a2474daf26ddda97b16e08 - - default default] remove_router_interface failed (client error): The resource could not be found. [pid: 8|app: 0|req: 760/1604] 10.0.0.247 () {34 vars in 789 bytes} [Sat May 9 06:24:45 2026] PUT /v2.0/routers/a899d1ad-2ba3-4ddb-abe7-92bcd418569d/remove_router_interface => generated 197 bytes in 48 msecs (HTTP/1.1 404) 4 headers in 164 bytes (1 switches on core 0)
2026-05-09 06:24:45.952 8 INFO neutron.pecan_wsgi.hooks.translation [None req-37ef532a-0e60-45c7-9dd9-0aed908d6260 8e9f6a7a74be47e389c986be7b677cfc 2b9f0b95542e48aea788b3a717fc956e - - default default] DELETE failed (client error): The resource could not be found. [pid: 8|app: 0|req: 761/1605] 10.0.0.247 () {32 vars in 720 bytes} [Sat May 9 06:24:45 2026] DELETE /v2.0/ports/de3861a2-4c24-406c-987e-14484a81256f => generated 132 bytes in 26 msecs (HTTP/1.1 404) 4 headers in 164 bytes (1 switches on core 0)
2026-05-09 06:24:46.089 8 INFO neutron_taas.services.taas.taas_plugin [None req-a32ced24-abd1-4553-83bf-40fafb33ed68 9eb69d3e7ae84a08bfbf9d0aa28dc704 150a5fac0e694fef81466c6d7a600219 - - default default] TaaS: Handle Delete Port: ccb8d4f1-d54d-471d-9b92-4f9fbe981dcf
2026-05-09 06:24:46.093 8 INFO neutron_taas.services.taas.tap_mirror_plugin [None req-a32ced24-abd1-4553-83bf-40fafb33ed68 9eb69d3e7ae84a08bfbf9d0aa28dc704 150a5fac0e694fef81466c6d7a600219 - - default default] Tap Mirror: Handle Delete Port: ccb8d4f1-d54d-471d-9b92-4f9fbe981dcf [pid: 8|app: 0|req: 762/1606] 10.0.0.247 () {32 vars in 720 bytes} [Sat May 9 06:24:45 2026] DELETE /v2.0/ports/ccb8d4f1-d54d-471d-9b92-4f9fbe981dcf => generated 0 bytes in 309 msecs (HTTP/1.1 204) 3 headers in 131 bytes (1 switches on core 0) [pid: 8|app: 0|req: 763/1607] 10.0.0.247 () {32 vars in 736 bytes} [Sat May 9 06:24:46 2026] GET /v2.0/ports?device_id=a899d1ad-2ba3-4ddb-abe7-92bcd418569d => generated 12 bytes in 19 msecs (HTTP/1.1 200) 4 headers in 156 bytes (1 switches on core 0)
2026-05-09 06:24:46.296 8 INFO neutron.pecan_wsgi.hooks.translation [None req-251bac03-fb01-4a32-9c7f-b44074515022 8e9f6a7a74be47e389c986be7b677cfc 2b9f0b95542e48aea788b3a717fc956e - - default default] DELETE failed (client error): The resource could not be found. [pid: 8|app: 0|req: 764/1608] 10.0.0.247 () {32 vars in 724 bytes} [Sat May 9 06:24:46 2026] DELETE /v2.0/subnets/71a1427b-4d9b-4b99-8ee3-acf8ee5220f2 => generated 136 bytes in 19 msecs (HTTP/1.1 404) 4 headers in 164 bytes (1 switches on core 0)
2026-05-09 06:24:46.354 8 WARNING neutron.plugins.ml2.drivers.ovn.mech_driver.ovsdb.ovn_client [None req-99b6c57a-f95c-4d32-b3db-da68f1fb931a - - - - - -] No hosting information found for port b60bfa79-0116-4963-8a15-433ac302e2f2: RuntimeError: No hosting information found for port b60bfa79-0116-4963-8a15-433ac302e2f2
2026-05-09 06:24:46.371 7 WARNING neutron.scheduler.dhcp_agent_scheduler [None req-f91d7984-cebf-4952-90c0-dba3a6c3903c 537e7c5488fa420586da779e46c5a29f 9821a454b8994ff78073a10b11330a3d - - default default] No more DHCP agents
2026-05-09 06:24:46.376 7 WARNING neutron.api.rpc.agentnotifiers.dhcp_rpc_agent_api [None req-f91d7984-cebf-4952-90c0-dba3a6c3903c 537e7c5488fa420586da779e46c5a29f 9821a454b8994ff78073a10b11330a3d - - default default] Unable to schedule network b20bbd08-a996-4303-9c8e-77c7ae439f3f: no agents available; will retry on subsequent port and subnet creation events. [pid: 8|app: 0|req: 765/1609] 10.0.0.247 () {32 vars in 736 bytes} [Sat May 9 06:24:46 2026] GET /v2.0/ports?device_id=58fce3b6-c120-4aac-9514-cf15addfd0f7 => generated 946 bytes in 83 msecs (HTTP/1.1 200) 4 headers in 157 bytes (1 switches on core 0) /var/lib/openstack/lib/python3.12/site-packages/pycadf/identifier.py:70: UserWarning: Invalid uuid: neutron. To ensure interoperability, identifiers should be a valid uuid. warnings.warn(('Invalid uuid: %s. To ensure interoperability, '
2026-05-09 06:24:46.600 8 INFO neutron.db.ovn_revision_numbers_db [None req-99b6c57a-f95c-4d32-b3db-da68f1fb931a - - - - - -] Successfully bumped revision number for resource b60bfa79-0116-4963-8a15-433ac302e2f2 (type: router_ports) to 2
2026-05-09 06:24:46.671 7 INFO neutron.db.ovn_revision_numbers_db [None req-f91d7984-cebf-4952-90c0-dba3a6c3903c 537e7c5488fa420586da779e46c5a29f 9821a454b8994ff78073a10b11330a3d - - default default] Successfully bumped revision number for resource 81901265-5e2e-47a7-ba1d-87756c7643ed (type: ports) to 1
2026-05-09 06:24:46.743 8 INFO neutron.plugins.ml2.drivers.ovn.mech_driver.mech_driver [None req-99b6c57a-f95c-4d32-b3db-da68f1fb931a - - - - - -] OVN reports status down for port: a3a9f171-2b3f-4115-a59b-26f0c02d503c [pid: 8|app: 0|req: 766/1610] 10.0.0.247 () {32 vars in 724 bytes} [Sat May 9 06:24:46 2026] DELETE /v2.0/routers/a899d1ad-2ba3-4ddb-abe7-92bcd418569d => generated 0 bytes in 392 msecs (HTTP/1.1 204) 2 headers in 112 bytes (1 switches on core 0) /var/lib/openstack/lib/python3.12/site-packages/pycadf/identifier.py:70: UserWarning: Invalid uuid: neutron. To ensure interoperability, identifiers should be a valid uuid. warnings.warn(('Invalid uuid: %s. To ensure interoperability, '
2026-05-09 06:24:46.805 8 INFO neutron.pecan_wsgi.hooks.translation [None req-c01b3fb8-7484-4b60-8782-09774eac4337 8e9f6a7a74be47e389c986be7b677cfc 2b9f0b95542e48aea788b3a717fc956e - - default default] DELETE failed (client error): The resource could not be found. [pid: 8|app: 0|req: 767/1611] 10.0.0.247 () {32 vars in 724 bytes} [Sat May 9 06:24:46 2026] DELETE /v2.0/subnets/44c84f6d-7dcc-4c58-af05-f2741210f1e3 => generated 136 bytes in 28 msecs (HTTP/1.1 404) 4 headers in 164 bytes (1 switches on core 0)
2026-05-09 06:24:46.815 7 INFO neutron.db.ovn_revision_numbers_db [None req-8f85a80e-094c-432a-a0ea-689221d796e7 - - - - - -] Successfully bumped revision number for resource 1d9b4e45-c92e-4ef0-97d8-e9a58587368c (type: ports) to 4
2026-05-09 06:24:46.907 8 INFO neutron.plugins.ml2.drivers.ovn.mech_driver.mech_driver [None req-99b6c57a-f95c-4d32-b3db-da68f1fb931a - - - - - -] OVN reports status down for port: b2f61913-9ee8-4379-9add-4542b5917115
2026-05-09 06:24:46.930 8 INFO neutron.plugins.ml2.drivers.ovn.mech_driver.mech_driver [None req-99b6c57a-f95c-4d32-b3db-da68f1fb931a - - - - - -] OVN reports status up for port: b2f61913-9ee8-4379-9add-4542b5917115
2026-05-09 06:24:47.177 8 INFO neutron_taas.services.taas.taas_plugin [None req-49794891-0b6e-4f46-a62d-0ecb53809400 9eb69d3e7ae84a08bfbf9d0aa28dc704 150a5fac0e694fef81466c6d7a600219 - - default default] TaaS: Handle Delete Port: 70a0bb02-c052-4bd2-95e1-f5048bb749d5
2026-05-09 06:24:47.181 8 INFO neutron_taas.services.taas.tap_mirror_plugin [None req-49794891-0b6e-4f46-a62d-0ecb53809400 9eb69d3e7ae84a08bfbf9d0aa28dc704 150a5fac0e694fef81466c6d7a600219 - - default default] Tap Mirror: Handle Delete Port: 70a0bb02-c052-4bd2-95e1-f5048bb749d5
2026-05-09 06:24:47.570 7 INFO neutron.db.ovn_revision_numbers_db [None req-8f85a80e-094c-432a-a0ea-689221d796e7 - - - - - -] Successfully bumped revision number for resource 1d9b4e45-c92e-4ef0-97d8-e9a58587368c (type: ports) to 5
2026-05-09 06:24:47.678 7 INFO neutron.plugins.ml2.drivers.ovn.mech_driver.mech_driver [None req-86ce9a83-8185-4d03-96ae-a472d3c7dc86 - - - - - -] OVN reports status down for port: 81901265-5e2e-47a7-ba1d-87756c7643ed [pid: 8|app: 0|req: 768/1612] 10.0.0.247 () {34 vars in 789 bytes} [Sat May 9 06:24:46 2026] PUT /v2.0/routers/58fce3b6-c120-4aac-9514-cf15addfd0f7/remove_router_interface => generated 309 bytes in 936 msecs (HTTP/1.1 200) 4 headers in 157 bytes (1 switches on core 0) /var/lib/openstack/lib/python3.12/site-packages/pycadf/identifier.py:70: UserWarning: Invalid uuid: neutron. To ensure interoperability, identifiers should be a valid uuid. warnings.warn(('Invalid uuid: %s. To ensure interoperability, '
2026-05-09 06:24:47.924 7 INFO neutron.plugins.ml2.drivers.ovn.mech_driver.mech_driver [None req-86ce9a83-8185-4d03-96ae-a472d3c7dc86 - - - - - -] OVN reports status up for port: 81901265-5e2e-47a7-ba1d-87756c7643ed [pid: 8|app: 0|req: 769/1613] 10.0.0.247 () {32 vars in 724 bytes} [Sat May 9 06:24:47 2026] DELETE /v2.0/subnets/eeb7e419-e71b-44a8-a7c1-a9e7d4a39253 => generated 0 bytes in 184 msecs (HTTP/1.1 204) 3 headers in 131 bytes (1 switches on core 0)
2026-05-09 06:24:47.959 7 INFO neutron.plugins.ml2.plugin [None req-86ce9a83-8185-4d03-96ae-a472d3c7dc86 - - - - - -] Attempt 1 to provision port 81901265-5e2e-47a7-ba1d-87756c7643ed
2026-05-09 06:24:48.082 7 WARNING neutron.scheduler.dhcp_agent_scheduler [None req-f91d7984-cebf-4952-90c0-dba3a6c3903c 537e7c5488fa420586da779e46c5a29f 9821a454b8994ff78073a10b11330a3d - - default default] No more DHCP agents
2026-05-09 06:24:48.084 7 WARNING neutron.api.rpc.agentnotifiers.dhcp_rpc_agent_api [None req-f91d7984-cebf-4952-90c0-dba3a6c3903c 537e7c5488fa420586da779e46c5a29f 9821a454b8994ff78073a10b11330a3d - - default default] Unable to schedule network b20bbd08-a996-4303-9c8e-77c7ae439f3f: no agents available; will retry on subsequent port and subnet creation events.
2026-05-09 06:24:48.092 8 INFO neutron_taas.services.taas.taas_plugin [None req-c4a47c53-2bbf-4706-8370-e377eb5b52a1 8e9f6a7a74be47e389c986be7b677cfc 2b9f0b95542e48aea788b3a717fc956e - - default default] TaaS: Handle Delete Port: 991133e5-d4bb-4c3a-ad53-7b340972416d
2026-05-09 06:24:48.096 8 INFO neutron_taas.services.taas.tap_mirror_plugin [None req-c4a47c53-2bbf-4706-8370-e377eb5b52a1 8e9f6a7a74be47e389c986be7b677cfc 2b9f0b95542e48aea788b3a717fc956e - - default default] Tap Mirror: Handle Delete Port: 991133e5-d4bb-4c3a-ad53-7b340972416d [pid: 8|app: 0|req: 770/1614] 10.0.0.247 () {32 vars in 720 bytes} [Sat May 9 06:24:47 2026] DELETE /v2.0/ports/991133e5-d4bb-4c3a-ad53-7b340972416d => generated 0 bytes in 285 msecs (HTTP/1.1 204) 3 headers in 131 bytes (1 switches on core 0)
2026-05-09 06:24:48.539 8 INFO neutron_taas.services.taas.taas_plugin [None req-cf151b5b-bd66-4bcc-b730-53cd674de6fe 9eb69d3e7ae84a08bfbf9d0aa28dc704 150a5fac0e694fef81466c6d7a600219 - - default default] TaaS: Handle Delete Port: 2f89ef25-6088-4363-85d0-90be754060a6
2026-05-09 06:24:48.544 8 INFO neutron_taas.services.taas.tap_mirror_plugin [None req-cf151b5b-bd66-4bcc-b730-53cd674de6fe 9eb69d3e7ae84a08bfbf9d0aa28dc704 150a5fac0e694fef81466c6d7a600219 - - default default] Tap Mirror: Handle Delete Port: 2f89ef25-6088-4363-85d0-90be754060a6
2026-05-09 06:24:48.636 7 INFO neutron.db.ovn_revision_numbers_db [None req-86ce9a83-8185-4d03-96ae-a472d3c7dc86 - - - - - -] Successfully bumped revision number for resource 81901265-5e2e-47a7-ba1d-87756c7643ed (type: ports) to 2
2026-05-09 06:24:48.958 7 INFO neutron.db.ovn_revision_numbers_db [None req-f91d7984-cebf-4952-90c0-dba3a6c3903c 537e7c5488fa420586da779e46c5a29f 9821a454b8994ff78073a10b11330a3d - - default default] Successfully bumped revision number for resource 81901265-5e2e-47a7-ba1d-87756c7643ed (type: router_ports) to 1 [pid: 7|app: 0|req: 845/1615] 10.0.0.247 () {34 vars in 783 bytes} [Sat May 9 06:24:45 2026] PUT /v2.0/routers/a044032e-9b4b-4c3e-aecf-a08b02302522/add_router_interface => generated 309 bytes in 3537 msecs (HTTP/1.1 200) 4 headers in 157 bytes (1 switches on core 0) [pid: 8|app: 0|req: 771/1616] 10.0.0.247 () {32 vars in 724 bytes} [Sat May 9 06:24:48 2026] DELETE /v2.0/routers/58fce3b6-c120-4aac-9514-cf15addfd0f7 => generated 0 bytes in 758 msecs (HTTP/1.1 204) 2 headers in 112 bytes (1 switches on core 0)
2026-05-09 06:24:49.105 8 INFO neutron_taas.services.taas.taas_plugin [None req-514e8ce3-6ebe-4828-a061-49b1f59ae554 8e9f6a7a74be47e389c986be7b677cfc 2b9f0b95542e48aea788b3a717fc956e - - default default] TaaS: Handle Delete Port: e0d69684-f60c-4e03-a5fc-9507b9533c09
2026-05-09 06:24:49.108 8 INFO neutron_taas.services.taas.tap_mirror_plugin [None req-514e8ce3-6ebe-4828-a061-49b1f59ae554 8e9f6a7a74be47e389c986be7b677cfc 2b9f0b95542e48aea788b3a717fc956e - - default default] Tap Mirror: Handle Delete Port: e0d69684-f60c-4e03-a5fc-9507b9533c09
2026-05-09 06:24:49.119 7 INFO neutron_taas.services.taas.taas_plugin [None req-683ac094-e2ae-4e8e-880a-b8dbab515e90 0cee8ecf04d04e129d2cc600066bc382 8179a993b7a2474daf26ddda97b16e08 - - default default] TaaS: Handle Delete Port: e0b5d5ca-9da9-4c4c-a889-1b6ee500d425
2026-05-09 06:24:49.122 7 INFO neutron_taas.services.taas.tap_mirror_plugin [None req-683ac094-e2ae-4e8e-880a-b8dbab515e90 0cee8ecf04d04e129d2cc600066bc382 8179a993b7a2474daf26ddda97b16e08 - - default default] Tap Mirror: Handle Delete Port: e0b5d5ca-9da9-4c4c-a889-1b6ee500d425
2026-05-09 06:24:49.320 8 INFO neutron.services.segments.plugin [-] Segment b2eb2027-2a3c-4bee-a169-2d7659d7cbf9 resource provider aggregate not found
2026-05-09 06:24:49.325 8 INFO neutron.services.segments.plugin [-] Segment b2eb2027-2a3c-4bee-a169-2d7659d7cbf9 resource provider aggregate not found
2026-05-09 06:24:49.343 8 INFO neutron.services.segments.plugin [-] Segment b2eb2027-2a3c-4bee-a169-2d7659d7cbf9 resource provider not found; error: Placement Client Error (4xx): {"errors": [{"status": 404, "title": "Not Found", "detail": "The resource could not be found.\n\n No resource provider with uuid b2eb2027-2a3c-4bee-a169-2d7659d7cbf9 found for delete ", "request_id": "req-0113d1e4-e2e5-4d06-b017-e6e042e3d2f1"}]}
2026-05-09 06:24:49.346 8 INFO neutron.services.segments.plugin [-] Segment b2eb2027-2a3c-4bee-a169-2d7659d7cbf9 resource provider not found; error: Placement Client Error (4xx): {"errors": [{"status": 404, "title": "Not Found", "detail": "The resource could not be found.\n\n No resource provider with uuid b2eb2027-2a3c-4bee-a169-2d7659d7cbf9 found for delete ", "request_id": "req-539da2de-f288-4308-a8b3-fa066ef5c3c8"}]} [pid: 8|app: 0|req: 772/1617] 10.0.0.247 () {32 vars in 726 bytes} [Sat May 9 06:24:48 2026] DELETE /v2.0/networks/e1880f9c-2b52-4132-a153-1282ef126cb0 => generated 0 bytes in 402 msecs (HTTP/1.1 204) 3 headers in 131 bytes (1 switches on core 0)
2026-05-09 06:24:49.381 7 INFO neutron.services.segments.plugin [-] Segment 9a89bd3e-8ecd-4ead-aa7c-27547d5094b6 resource provider aggregate not found
2026-05-09 06:24:49.388 7 INFO neutron.services.segments.plugin [-] Segment 9a89bd3e-8ecd-4ead-aa7c-27547d5094b6 resource provider aggregate not found
2026-05-09 06:24:49.411 7 INFO neutron.services.segments.plugin [-] Segment 9a89bd3e-8ecd-4ead-aa7c-27547d5094b6 resource provider not found; error: Placement Client Error (4xx): {"errors": [{"status": 404, "title": "Not Found", "detail": "The resource could not be found.\n\n No resource provider with uuid 9a89bd3e-8ecd-4ead-aa7c-27547d5094b6 found for delete ", "request_id": "req-e50502e2-9583-405f-be4e-7b278a9f5a34"}]}
2026-05-09 06:24:49.412 7 INFO neutron.services.segments.plugin [-] Segment 9a89bd3e-8ecd-4ead-aa7c-27547d5094b6 resource provider not found; error: Placement Client Error (4xx): {"errors": [{"status": 404, "title": "Not Found", "detail": "The resource could not be found.\n\n No resource provider with uuid 9a89bd3e-8ecd-4ead-aa7c-27547d5094b6 found for delete ", "request_id": "req-33d3d748-6fc7-4c75-a0e4-2722f4ea0b12"}]} [pid: 7|app: 0|req: 846/1618] 10.0.0.247 () {32 vars in 726 bytes} [Sat May 9 06:24:48 2026] DELETE /v2.0/networks/2a487b43-3476-45c4-95ef-f415e119caf5 => generated 0 bytes in 478 msecs (HTTP/1.1 204) 3 headers in 131 bytes (1 switches on core 0) [pid: 8|app: 0|req: 773/1619] 10.0.0.247 () {32 vars in 724 bytes} [Sat May 9 06:24:49 2026] DELETE /v2.0/subnets/98bd5952-7c01-4d16-98e9-ef868a307ec4 => generated 0 bytes in 148 msecs (HTTP/1.1 204) 3 headers in 131 bytes (1 switches on core 0)
2026-05-09 06:24:49.557 7 INFO neutron.db.segments_db [None req-ae5574f5-425f-4a07-9c75-0a62becd0a31 0cee8ecf04d04e129d2cc600066bc382 8179a993b7a2474daf26ddda97b16e08 - - default default] Added segment ad92dc06-71be-45f1-99fb-3f332c828788 of type geneve for network 94129c2e-492e-414d-aea0-8c7b50892671
2026-05-09 06:24:49.666 7 INFO neutron.db.ovn_revision_numbers_db [None req-ae5574f5-425f-4a07-9c75-0a62becd0a31 0cee8ecf04d04e129d2cc600066bc382 8179a993b7a2474daf26ddda97b16e08 - - default default] Successfully bumped revision number for resource 94129c2e-492e-414d-aea0-8c7b50892671 (type: networks) to 1
2026-05-09 06:24:49.682 8 INFO neutron_taas.services.taas.taas_plugin [None req-9d612ee2-37eb-41db-819d-ad5a5cb77532 9eb69d3e7ae84a08bfbf9d0aa28dc704 150a5fac0e694fef81466c6d7a600219 - - default default] TaaS: Handle Delete Port: 23f990f5-0791-429e-80a2-75d94eae6adc
2026-05-09 06:24:49.684 8 INFO neutron_taas.services.taas.tap_mirror_plugin [None req-9d612ee2-37eb-41db-819d-ad5a5cb77532 9eb69d3e7ae84a08bfbf9d0aa28dc704 150a5fac0e694fef81466c6d7a600219 - - default default] Tap Mirror: Handle Delete Port: 23f990f5-0791-429e-80a2-75d94eae6adc
2026-05-09 06:24:49.881 7 WARNING neutron.scheduler.dhcp_agent_scheduler [None req-ae5574f5-425f-4a07-9c75-0a62becd0a31 0cee8ecf04d04e129d2cc600066bc382 8179a993b7a2474daf26ddda97b16e08 - - default default] No more DHCP agents
2026-05-09 06:24:49.883 7 WARNING neutron.api.rpc.agentnotifiers.dhcp_rpc_agent_api [None req-ae5574f5-425f-4a07-9c75-0a62becd0a31 0cee8ecf04d04e129d2cc600066bc382 8179a993b7a2474daf26ddda97b16e08 - - default default] Unable to schedule network 94129c2e-492e-414d-aea0-8c7b50892671: no agents available; will retry on subsequent port and subnet creation events. [pid: 8|app: 0|req: 774/1620] 10.0.0.247 () {32 vars in 726 bytes} [Sat May 9 06:24:49 2026] DELETE /v2.0/networks/f1b91816-9830-4731-83ae-613e4c2940b7 => generated 0 bytes in 425 msecs (HTTP/1.1 204) 3 headers in 131 bytes (1 switches on core 0)
2026-05-09 06:24:50.008 7 INFO neutron.db.ovn_revision_numbers_db [None req-ae5574f5-425f-4a07-9c75-0a62becd0a31 0cee8ecf04d04e129d2cc600066bc382 8179a993b7a2474daf26ddda97b16e08 - - default default] Successfully bumped revision number for resource 1fc108e2-7d85-4aae-8028-c39324a5c817 (type: ports) to 1 [pid: 7|app: 0|req: 847/1621] 10.0.0.247 () {34 vars in 670 bytes} [Sat May 9 06:24:49 2026] POST /v2.0/networks => generated 668 bytes in 590 msecs (HTTP/1.1 201) 4 headers in 162 bytes (1 switches on core 0)
2026-05-09 06:24:50.100 8 INFO neutron.db.ovn_revision_numbers_db [None req-4de77609-8a28-4a0d-812a-40e7f972f5d5 e2622c0cd32847b1bd9034dd2f0f84f9 e40f73bed4f348d7807aaa7cd848ba85 - - default default] Successfully bumped revision number for resource 8746f0a2-e10a-4301-a11c-2d098c40dd89 (type: security_groups) to 1
2026-05-09 06:24:50.115 8 INFO neutron.db.ovn_revision_numbers_db [None req-4de77609-8a28-4a0d-812a-40e7f972f5d5 e2622c0cd32847b1bd9034dd2f0f84f9 e40f73bed4f348d7807aaa7cd848ba85 - - default default] Successfully bumped revision number for resource 08dec88e-a85d-4385-9b60-c64ef5f3ef67 (type: security_group_rules) to 0
2026-05-09 06:24:50.126 8 INFO neutron.db.ovn_revision_numbers_db [None req-4de77609-8a28-4a0d-812a-40e7f972f5d5 e2622c0cd32847b1bd9034dd2f0f84f9 e40f73bed4f348d7807aaa7cd848ba85 - - default default] Successfully bumped revision number for resource f932f27f-0085-49ee-a0a0-227671807a4b (type: security_group_rules) to 0 [pid: 8|app: 0|req: 775/1622] 10.0.0.247 () {34 vars in 685 bytes} [Sat May 9 06:24:49 2026] POST /v2.0/security-groups => generated 1675 bytes in 209 msecs (HTTP/1.1 201) 4 headers in 163 bytes (1 switches on core 0) [pid: 7|app: 0|req: 848/1623] 10.0.0.247 () {32 vars in 774 bytes} [Sat May 9 06:24:50 2026] GET /v2.0/security-groups?tenant_id=2b9f0b95542e48aea788b3a717fc956e&name=default => generated 2925 bytes in 270 msecs (HTTP/1.1 200) 4 headers in 158 bytes (1 switches on core 0)
