2026-05-09 06:27:51.532 7 INFO neutron.db.ovn_revision_numbers_db [None req-401882fe-71f2-4d57-ad02-d8353b9a478c 2c9961c4d59b4f1d9e50a01866218d59 06bf58a193464459b96eb5a725b7ac4d - - default default] Successfully bumped revision number for resource 310c3e1e-afd4-4419-8590-d00f53c6eb97 (type: ports) to 1 [pid: 7|app: 0|req: 1451/2825] 10.0.0.247 () {34 vars in 670 bytes} [Sat May 9 06:27:51 2026] POST /v2.0/networks => generated 675 bytes in 555 msecs (HTTP/1.1 201) 4 headers in 162 bytes (1 switches on core 0)
2026-05-09 06:27:51.799 8 WARNING neutron.scheduler.dhcp_agent_scheduler [None req-e24eefe9-613e-40d1-9a7f-91f85e1a8d2c 2c9961c4d59b4f1d9e50a01866218d59 06bf58a193464459b96eb5a725b7ac4d - - default default] No more DHCP agents
2026-05-09 06:27:51.800 8 WARNING neutron.api.rpc.agentnotifiers.dhcp_rpc_agent_api [None req-e24eefe9-613e-40d1-9a7f-91f85e1a8d2c 2c9961c4d59b4f1d9e50a01866218d59 06bf58a193464459b96eb5a725b7ac4d - - default default] Unable to schedule network 413a354e-5895-4275-8499-54cd8a512118: no agents available; will retry on subsequent port and subnet creation events.
2026-05-09 06:27:52.256 8 INFO neutron.db.ovn_revision_numbers_db [None req-f7bee55f-c57f-4603-986a-38f0808e4b08 - - - - - -] Successfully bumped revision number for resource 310c3e1e-afd4-4419-8590-d00f53c6eb97 (type: ports) to 2
2026-05-09 06:27:52.296 8 INFO neutron.db.ovn_revision_numbers_db [None req-f7bee55f-c57f-4603-986a-38f0808e4b08 - - - - - -] Successfully bumped revision number for resource ca344958-d698-42ec-b0bb-2613a86ba3e4 (type: subnets) to 0 [pid: 8|app: 0|req: 1375/2826] 10.0.0.247 () {34 vars in 669 bytes} [Sat May 9 06:27:51 2026] POST /v2.0/subnets => generated 656 bytes in 767 msecs (HTTP/1.1 201) 4 headers in 162 bytes (1 switches on core 0)
2026-05-09 06:27:52.601 7 WARNING neutron.scheduler.dhcp_agent_scheduler [None req-3aa5fd1d-e154-4c41-9d65-515825ed60a1 2c9961c4d59b4f1d9e50a01866218d59 06bf58a193464459b96eb5a725b7ac4d - - default default] No more DHCP agents
2026-05-09 06:27:52.602 7 WARNING neutron.api.rpc.agentnotifiers.dhcp_rpc_agent_api [None req-3aa5fd1d-e154-4c41-9d65-515825ed60a1 2c9961c4d59b4f1d9e50a01866218d59 06bf58a193464459b96eb5a725b7ac4d - - default default] Unable to schedule network 413a354e-5895-4275-8499-54cd8a512118: no agents available; will retry on subsequent port and subnet creation events.
2026-05-09 06:27:52.636 7 INFO neutron.db.ovn_revision_numbers_db [None req-3aa5fd1d-e154-4c41-9d65-515825ed60a1 2c9961c4d59b4f1d9e50a01866218d59 06bf58a193464459b96eb5a725b7ac4d - - default default] Successfully bumped revision number for resource a514abb3-7323-4067-8d19-0915c77d721b (type: subnets) to 0 [pid: 7|app: 0|req: 1452/2827] 10.0.0.247 () {34 vars in 669 bytes} [Sat May 9 06:27:52 2026] POST /v2.0/subnets => generated 730 bytes in 316 msecs (HTTP/1.1 201) 4 headers in 162 bytes (1 switches on core 0)
2026-05-09 06:27:53.104 8 WARNING neutron.scheduler.dhcp_agent_scheduler [None req-c3113fe3-2359-487a-81bc-5312aba65fca 2c9961c4d59b4f1d9e50a01866218d59 06bf58a193464459b96eb5a725b7ac4d - - default default] No more DHCP agents
2026-05-09 06:27:53.106 8 WARNING neutron.api.rpc.agentnotifiers.dhcp_rpc_agent_api [None req-c3113fe3-2359-487a-81bc-5312aba65fca 2c9961c4d59b4f1d9e50a01866218d59 06bf58a193464459b96eb5a725b7ac4d - - default default] Unable to schedule network b49c7b1c-c018-4108-b950-be16a2825b27: no agents available; will retry on subsequent port and subnet creation events.
2026-05-09 06:27:53.225 7 INFO neutron.plugins.ml2.drivers.ovn.mech_driver.mech_driver [None req-27f5dd34-82fd-45e3-9920-0d4570ac5ef4 - - - - - -] OVN reports status down for port: 2f5f6958-2874-4096-9cd2-27e8e86539e1
2026-05-09 06:27:53.268 8 INFO neutron.db.ovn_revision_numbers_db [None req-c3113fe3-2359-487a-81bc-5312aba65fca 2c9961c4d59b4f1d9e50a01866218d59 06bf58a193464459b96eb5a725b7ac4d - - default default] Successfully bumped revision number for resource 2f5f6958-2874-4096-9cd2-27e8e86539e1 (type: ports) to 1
2026-05-09 06:27:53.920 8 INFO neutron.plugins.ml2.drivers.ovn.mech_driver.ovsdb.commands [None req-c1545675-3608-460a-8d63-42577aff9a13 - - - - - -] Schedule LRP lrp-2f5f6958-2874-4096-9cd2-27e8e86539e1 on gateway ca9fd2f8-6b82-4871-bb66-0a54e2153937 with priority 1
2026-05-09 06:27:53.961 7 INFO neutron.plugins.ml2.drivers.ovn.mech_driver.mech_driver [None req-27f5dd34-82fd-45e3-9920-0d4570ac5ef4 - - - - - -] OVN reports status up for port: 2f5f6958-2874-4096-9cd2-27e8e86539e1
2026-05-09 06:27:53.975 8 INFO neutron.plugins.ml2.drivers.ovn.mech_driver.ovsdb.ovsdb_monitor [None req-f8378016-25f5-4677-8f28-f48cd8c0118e - - - - - -] Router f38b724d-1663-4e41-95ac-76a58b235006 is bound to host instance
2026-05-09 06:27:53.976 7 INFO neutron.plugins.ml2.plugin [None req-27f5dd34-82fd-45e3-9920-0d4570ac5ef4 - - - - - -] Attempt 1 to provision port 2f5f6958-2874-4096-9cd2-27e8e86539e1
2026-05-09 06:27:54.052 8 INFO neutron.db.ovn_revision_numbers_db [None req-c3113fe3-2359-487a-81bc-5312aba65fca 2c9961c4d59b4f1d9e50a01866218d59 06bf58a193464459b96eb5a725b7ac4d - - default default] Successfully bumped revision number for resource 2f5f6958-2874-4096-9cd2-27e8e86539e1 (type: router_ports) to 1
2026-05-09 06:27:54.186 8 INFO neutron.db.ovn_revision_numbers_db [None req-c3113fe3-2359-487a-81bc-5312aba65fca 2c9961c4d59b4f1d9e50a01866218d59 06bf58a193464459b96eb5a725b7ac4d - - default default] Successfully bumped revision number for resource f38b724d-1663-4e41-95ac-76a58b235006 (type: routers) to 2 [pid: 8|app: 0|req: 1376/2828] 10.0.0.247 () {34 vars in 669 bytes} [Sat May 9 06:27:52 2026] POST /v2.0/routers => generated 944 bytes in 1570 msecs (HTTP/1.1 201) 4 headers in 162 bytes (1 switches on core 0)
2026-05-09 06:27:54.832 7 WARNING neutron.scheduler.dhcp_agent_scheduler [None req-c95475ba-773f-453b-a8a3-23ee675cc036 2c9961c4d59b4f1d9e50a01866218d59 06bf58a193464459b96eb5a725b7ac4d - - default default] No more DHCP agents
2026-05-09 06:27:54.834 7 WARNING neutron.api.rpc.agentnotifiers.dhcp_rpc_agent_api [None req-c95475ba-773f-453b-a8a3-23ee675cc036 2c9961c4d59b4f1d9e50a01866218d59 06bf58a193464459b96eb5a725b7ac4d - - default default] Unable to schedule network 01489db4-55a3-4a2e-840d-9779308a4ab8: no agents available; will retry on subsequent port and subnet creation events.
2026-05-09 06:27:55.002 7 INFO neutron.db.ovn_revision_numbers_db [None req-c95475ba-773f-453b-a8a3-23ee675cc036 2c9961c4d59b4f1d9e50a01866218d59 06bf58a193464459b96eb5a725b7ac4d - - default default] Successfully bumped revision number for resource 82ee2f65-3d23-446f-b2cf-2cb312483df1 (type: ports) to 1
2026-05-09 06:27:55.009 8 INFO neutron.plugins.ml2.drivers.ovn.mech_driver.mech_driver [None req-71bf1d57-c9ac-4f66-a1cd-288c88542f69 - - - - - -] OVN reports status down for port: 82ee2f65-3d23-446f-b2cf-2cb312483df1
2026-05-09 06:27:55.011 8 INFO neutron.db.ovn_revision_numbers_db [None req-120f5718-4fa7-465a-81d2-a89c132765a4 - - - - - -] Successfully bumped revision number for resource 2f5f6958-2874-4096-9cd2-27e8e86539e1 (type: ports) to 4
2026-05-09 06:27:55.649 8 INFO neutron.db.ovn_revision_numbers_db [None req-120f5718-4fa7-465a-81d2-a89c132765a4 - - - - - -] Successfully bumped revision number for resource 2f5f6958-2874-4096-9cd2-27e8e86539e1 (type: ports) to 5
2026-05-09 06:27:55.650 8 WARNING neutron.scheduler.dhcp_agent_scheduler [None req-dd7df3f1-20bc-4093-9bcf-b3da7a61f380 a3eae8cb79544504a7d855036ed8cc0e 9dc4576147c742e393034e195e974c9a - - default default] No more DHCP agents
2026-05-09 06:27:55.653 8 WARNING neutron.api.rpc.agentnotifiers.dhcp_rpc_agent_api [None req-dd7df3f1-20bc-4093-9bcf-b3da7a61f380 a3eae8cb79544504a7d855036ed8cc0e 9dc4576147c742e393034e195e974c9a - - default default] Unable to schedule network b49c7b1c-c018-4108-b950-be16a2825b27: no agents available; will retry on subsequent port and subnet creation events.
2026-05-09 06:27:55.741 8 INFO neutron.plugins.ml2.drivers.ovn.mech_driver.mech_driver [None req-71bf1d57-c9ac-4f66-a1cd-288c88542f69 - - - - - -] OVN reports status up for port: 82ee2f65-3d23-446f-b2cf-2cb312483df1
2026-05-09 06:27:55.768 7 WARNING neutron.scheduler.dhcp_agent_scheduler [None req-c95475ba-773f-453b-a8a3-23ee675cc036 2c9961c4d59b4f1d9e50a01866218d59 06bf58a193464459b96eb5a725b7ac4d - - default default] No more DHCP agents
2026-05-09 06:27:55.770 7 WARNING neutron.api.rpc.agentnotifiers.dhcp_rpc_agent_api [None req-c95475ba-773f-453b-a8a3-23ee675cc036 2c9961c4d59b4f1d9e50a01866218d59 06bf58a193464459b96eb5a725b7ac4d - - default default] Unable to schedule network 01489db4-55a3-4a2e-840d-9779308a4ab8: no agents available; will retry on subsequent port and subnet creation events.
2026-05-09 06:27:55.779 8 INFO neutron.plugins.ml2.plugin [None req-71bf1d57-c9ac-4f66-a1cd-288c88542f69 - - - - - -] Attempt 1 to provision port 82ee2f65-3d23-446f-b2cf-2cb312483df1
2026-05-09 06:27:56.091 7 INFO neutron.db.ovn_revision_numbers_db [None req-c95475ba-773f-453b-a8a3-23ee675cc036 2c9961c4d59b4f1d9e50a01866218d59 06bf58a193464459b96eb5a725b7ac4d - - default default] Successfully bumped revision number for resource 82ee2f65-3d23-446f-b2cf-2cb312483df1 (type: router_ports) to 1 [pid: 7|app: 0|req: 1453/2829] 10.0.0.247 () {34 vars in 783 bytes} [Sat May 9 06:27:54 2026] PUT /v2.0/routers/f38b724d-1663-4e41-95ac-76a58b235006/add_router_interface => generated 309 bytes in 1867 msecs (HTTP/1.1 200) 4 headers in 157 bytes (1 switches on core 0) [pid: 8|app: 0|req: 1377/2830] 10.0.0.247 () {34 vars in 676 bytes} [Sat May 9 06:27:54 2026] POST /v2.0/floatingips => generated 552 bytes in 1558 msecs (HTTP/1.1 201) 4 headers in 162 bytes (1 switches on core 0)
2026-05-09 06:27:56.647 7 WARNING neutron.scheduler.dhcp_agent_scheduler [None req-5208d36f-7ffc-41a6-b305-5b4b1a495deb 2c9961c4d59b4f1d9e50a01866218d59 06bf58a193464459b96eb5a725b7ac4d - - default default] No more DHCP agents
2026-05-09 06:27:56.648 7 WARNING neutron.api.rpc.agentnotifiers.dhcp_rpc_agent_api [None req-5208d36f-7ffc-41a6-b305-5b4b1a495deb 2c9961c4d59b4f1d9e50a01866218d59 06bf58a193464459b96eb5a725b7ac4d - - default default] Unable to schedule network bc6450c1-6fcc-4f31-9a44-97e9f74b879e: no agents available; will retry on subsequent port and subnet creation events.
2026-05-09 06:27:56.754 8 INFO neutron.db.ovn_revision_numbers_db [None req-71bf1d57-c9ac-4f66-a1cd-288c88542f69 - - - - - -] Successfully bumped revision number for resource 82ee2f65-3d23-446f-b2cf-2cb312483df1 (type: ports) to 2
2026-05-09 06:27:56.794 7 INFO neutron.db.ovn_revision_numbers_db [None req-5208d36f-7ffc-41a6-b305-5b4b1a495deb 2c9961c4d59b4f1d9e50a01866218d59 06bf58a193464459b96eb5a725b7ac4d - - default default] Successfully bumped revision number for resource a28a4be0-c9cd-4ae3-840c-beb230239b42 (type: ports) to 1
2026-05-09 06:27:57.520 7 WARNING neutron.scheduler.dhcp_agent_scheduler [None req-5208d36f-7ffc-41a6-b305-5b4b1a495deb 2c9961c4d59b4f1d9e50a01866218d59 06bf58a193464459b96eb5a725b7ac4d - - default default] No more DHCP agents
2026-05-09 06:27:57.521 7 WARNING neutron.api.rpc.agentnotifiers.dhcp_rpc_agent_api [None req-5208d36f-7ffc-41a6-b305-5b4b1a495deb 2c9961c4d59b4f1d9e50a01866218d59 06bf58a193464459b96eb5a725b7ac4d - - default default] Unable to schedule network bc6450c1-6fcc-4f31-9a44-97e9f74b879e: no agents available; will retry on subsequent port and subnet creation events.
2026-05-09 06:27:57.726 8 WARNING neutron.scheduler.dhcp_agent_scheduler [None req-994d1c65-660c-4943-8807-8d332527674e a3eae8cb79544504a7d855036ed8cc0e 9dc4576147c742e393034e195e974c9a - - default default] No more DHCP agents
2026-05-09 06:27:57.727 8 WARNING neutron.api.rpc.agentnotifiers.dhcp_rpc_agent_api [None req-994d1c65-660c-4943-8807-8d332527674e a3eae8cb79544504a7d855036ed8cc0e 9dc4576147c742e393034e195e974c9a - - default default] Unable to schedule network b49c7b1c-c018-4108-b950-be16a2825b27: no agents available; will retry on subsequent port and subnet creation events.
2026-05-09 06:27:57.839 7 INFO neutron.db.ovn_revision_numbers_db [None req-5208d36f-7ffc-41a6-b305-5b4b1a495deb 2c9961c4d59b4f1d9e50a01866218d59 06bf58a193464459b96eb5a725b7ac4d - - default default] Successfully bumped revision number for resource a28a4be0-c9cd-4ae3-840c-beb230239b42 (type: router_ports) to 1 [pid: 7|app: 0|req: 1454/2831] 10.0.0.247 () {34 vars in 783 bytes} [Sat May 9 06:27:56 2026] PUT /v2.0/routers/f38b724d-1663-4e41-95ac-76a58b235006/add_router_interface => generated 309 bytes in 1743 msecs (HTTP/1.1 200) 4 headers in 157 bytes (1 switches on core 0) [pid: 8|app: 0|req: 1378/2832] 10.0.0.247 () {34 vars in 676 bytes} [Sat May 9 06:27:56 2026] POST /v2.0/floatingips => generated 552 bytes in 1575 msecs (HTTP/1.1 201) 4 headers in 162 bytes (1 switches on core 0)
2026-05-09 06:27:58.335 8 WARNING neutron.scheduler.dhcp_agent_scheduler [None req-62cf132f-7e45-4dfd-8dc3-cb57d37f5039 a3eae8cb79544504a7d855036ed8cc0e 9dc4576147c742e393034e195e974c9a - - default default] No more DHCP agents
2026-05-09 06:27:58.336 8 WARNING neutron.api.rpc.agentnotifiers.dhcp_rpc_agent_api [None req-62cf132f-7e45-4dfd-8dc3-cb57d37f5039 a3eae8cb79544504a7d855036ed8cc0e 9dc4576147c742e393034e195e974c9a - - default default] Unable to schedule network b49c7b1c-c018-4108-b950-be16a2825b27: no agents available; will retry on subsequent port and subnet creation events.
2026-05-09 06:27:58.378 7 WARNING neutron.scheduler.dhcp_agent_scheduler [None req-9e1154b1-dd95-4115-a5ae-a72a150027dc 2c9961c4d59b4f1d9e50a01866218d59 06bf58a193464459b96eb5a725b7ac4d - - default default] No more DHCP agents
2026-05-09 06:27:58.379 7 WARNING neutron.api.rpc.agentnotifiers.dhcp_rpc_agent_api [None req-9e1154b1-dd95-4115-a5ae-a72a150027dc 2c9961c4d59b4f1d9e50a01866218d59 06bf58a193464459b96eb5a725b7ac4d - - default default] Unable to schedule network 413a354e-5895-4275-8499-54cd8a512118: no agents available; will retry on subsequent port and subnet creation events.
2026-05-09 06:27:58.499 7 INFO neutron.plugins.ml2.drivers.ovn.mech_driver.mech_driver [None req-27f5dd34-82fd-45e3-9920-0d4570ac5ef4 - - - - - -] OVN reports status down for port: 0dd04f97-d456-47f2-8349-cb3571bc8f21
2026-05-09 06:27:58.567 7 INFO neutron.db.ovn_revision_numbers_db [None req-9e1154b1-dd95-4115-a5ae-a72a150027dc 2c9961c4d59b4f1d9e50a01866218d59 06bf58a193464459b96eb5a725b7ac4d - - default default] Successfully bumped revision number for resource 0dd04f97-d456-47f2-8349-cb3571bc8f21 (type: ports) to 1 [pid: 8|app: 0|req: 1379/2833] 10.0.0.247 () {34 vars in 676 bytes} [Sat May 9 06:27:58 2026] POST /v2.0/floatingips => generated 552 bytes in 533 msecs (HTTP/1.1 201) 4 headers in 162 bytes (1 switches on core 0)
2026-05-09 06:27:58.869 8 WARNING neutron.scheduler.dhcp_agent_scheduler [None req-88318c6f-236d-4104-a4bc-34bc002ac59d a3eae8cb79544504a7d855036ed8cc0e 9dc4576147c742e393034e195e974c9a - - default default] No more DHCP agents
2026-05-09 06:27:58.870 8 WARNING neutron.api.rpc.agentnotifiers.dhcp_rpc_agent_api [None req-88318c6f-236d-4104-a4bc-34bc002ac59d a3eae8cb79544504a7d855036ed8cc0e 9dc4576147c742e393034e195e974c9a - - default default] Unable to schedule network b49c7b1c-c018-4108-b950-be16a2825b27: no agents available; will retry on subsequent port and subnet creation events. [pid: 8|app: 0|req: 1380/2834] 10.0.0.247 () {34 vars in 676 bytes} [Sat May 9 06:27:58 2026] POST /v2.0/floatingips => generated 552 bytes in 512 msecs (HTTP/1.1 201) 4 headers in 162 bytes (1 switches on core 0)
2026-05-09 06:27:59.265 7 INFO neutron.plugins.ml2.drivers.ovn.mech_driver.mech_driver [None req-27f5dd34-82fd-45e3-9920-0d4570ac5ef4 - - - - - -] OVN reports status up for port: 0dd04f97-d456-47f2-8349-cb3571bc8f21
2026-05-09 06:27:59.294 7 INFO neutron.plugins.ml2.plugin [None req-27f5dd34-82fd-45e3-9920-0d4570ac5ef4 - - - - - -] Attempt 1 to provision port 0dd04f97-d456-47f2-8349-cb3571bc8f21
2026-05-09 06:27:59.403 7 WARNING neutron.scheduler.dhcp_agent_scheduler [None req-9e1154b1-dd95-4115-a5ae-a72a150027dc 2c9961c4d59b4f1d9e50a01866218d59 06bf58a193464459b96eb5a725b7ac4d - - default default] No more DHCP agents
2026-05-09 06:27:59.408 7 WARNING neutron.api.rpc.agentnotifiers.dhcp_rpc_agent_api [None req-9e1154b1-dd95-4115-a5ae-a72a150027dc 2c9961c4d59b4f1d9e50a01866218d59 06bf58a193464459b96eb5a725b7ac4d - - default default] Unable to schedule network 413a354e-5895-4275-8499-54cd8a512118: no agents available; will retry on subsequent port and subnet creation events.
2026-05-09 06:27:59.422 8 WARNING neutron.scheduler.dhcp_agent_scheduler [None req-daba8d82-3533-4cf8-b4b0-8d38ec26dc8b a3eae8cb79544504a7d855036ed8cc0e 9dc4576147c742e393034e195e974c9a - - default default] No more DHCP agents
2026-05-09 06:27:59.424 8 WARNING neutron.api.rpc.agentnotifiers.dhcp_rpc_agent_api [None req-daba8d82-3533-4cf8-b4b0-8d38ec26dc8b a3eae8cb79544504a7d855036ed8cc0e 9dc4576147c742e393034e195e974c9a - - default default] Unable to schedule network b49c7b1c-c018-4108-b950-be16a2825b27: no agents available; will retry on subsequent port and subnet creation events. [pid: 8|app: 0|req: 1381/2835] 10.0.0.247 () {34 vars in 676 bytes} [Sat May 9 06:27:59 2026] POST /v2.0/floatingips => generated 552 bytes in 567 msecs (HTTP/1.1 201) 4 headers in 162 bytes (1 switches on core 0) [pid: 8|app: 0|req: 1382/2836] 10.0.0.247 () {34 vars in 759 bytes} [Sat May 9 06:27:59 2026] PUT /v2.0/floatingips/c82d8c6e-e4a7-419e-a38d-41c4e54a5a87/tags => generated 17 bytes in 46 msecs (HTTP/1.1 200) 4 headers in 156 bytes (1 switches on core 0) [pid: 8|app: 0|req: 1383/2837] 10.0.0.247 () {34 vars in 759 bytes} [Sat May 9 06:27:59 2026] PUT /v2.0/floatingips/b44c028d-5446-481a-9d15-33642bd1fade/tags => generated 25 bytes in 61 msecs (HTTP/1.1 200) 4 headers in 156 bytes (1 switches on core 0) [pid: 8|app: 0|req: 1384/2838] 10.0.0.247 () {34 vars in 759 bytes} [Sat May 9 06:27:59 2026] PUT /v2.0/floatingips/705cb988-c89a-473f-890c-57f83164e1e1/tags => generated 34 bytes in 54 msecs (HTTP/1.1 200) 4 headers in 156 bytes (1 switches on core 0) [pid: 8|app: 0|req: 1385/2839] 10.0.0.247 () {34 vars in 759 bytes} [Sat May 9 06:27:59 2026] PUT /v2.0/floatingips/3953e11b-5637-4a04-a4a8-d465c75ac471/tags => generated 19 bytes in 62 msecs (HTTP/1.1 200) 4 headers in 156 bytes (1 switches on core 0) [pid: 8|app: 0|req: 1386/2840] 10.0.0.247 () {32 vars in 672 bytes} [Sat May 9 06:27:59 2026] GET /v2.0/floatingips?tags=red => generated 1671 bytes in 61 msecs (HTTP/1.1 200) 4 headers in 158 bytes (1 switches on core 0) [pid: 8|app: 0|req: 1387/2841] 10.0.0.247 () {32 vars in 686 bytes} [Sat May 9 06:28:00 2026] GET /v2.0/floatingips?tags=red%2Cblue => generated 1128 bytes in 50 msecs (HTTP/1.1 200) 4 headers in 158 bytes (1 switches on core 0) [pid: 8|app: 0|req: 1388/2842] 10.0.0.247 () {32 vars in 682 bytes} [Sat May 9 06:28:00 2026] GET /v2.0/floatingips?tags-any=blue => generated 1128 bytes in 60 msecs (HTTP/1.1 200) 4 headers in 158 bytes (1 switches on core 0) [pid: 8|app: 0|req: 1389/2843] 10.0.0.247 () {32 vars in 694 bytes} [Sat May 9 06:28:00 2026] GET /v2.0/floatingips?tags-any=red%2Cblue => generated 1671 bytes in 41 msecs (HTTP/1.1 200) 4 headers in 158 bytes (1 switches on core 0) [pid: 8|app: 0|req: 1390/2844] 10.0.0.247 () {32 vars in 680 bytes} [Sat May 9 06:28:00 2026] GET /v2.0/floatingips?not-tags=red => generated 1100 bytes in 62 msecs (HTTP/1.1 200) 4 headers in 158 bytes (1 switches on core 0) [pid: 8|app: 0|req: 1391/2845] 10.0.0.247 () {32 vars in 694 bytes} [Sat May 9 06:28:00 2026] GET /v2.0/floatingips?not-tags=red%2Cblue => generated 1643 bytes in 49 msecs (HTTP/1.1 200) 4 headers in 158 bytes (1 switches on core 0) [pid: 8|app: 0|req: 1392/2846] 10.0.0.247 () {32 vars in 690 bytes} [Sat May 9 06:28:00 2026] GET /v2.0/floatingips?not-tags-any=blue => generated 1643 bytes in 48 msecs (HTTP/1.1 200) 4 headers in 158 bytes (1 switches on core 0) [pid: 8|app: 0|req: 1393/2847] 10.0.0.247 () {32 vars in 702 bytes} [Sat May 9 06:28:00 2026] GET /v2.0/floatingips?not-tags-any=red%2Cblue => generated 1100 bytes in 32 msecs (HTTP/1.1 200) 4 headers in 158 bytes (1 switches on core 0)
2026-05-09 06:28:00.592 8 INFO neutron_taas.services.taas.taas_plugin [None req-53a8544e-d36d-4ad4-86cb-c7ae18f123b0 a3eae8cb79544504a7d855036ed8cc0e 9dc4576147c742e393034e195e974c9a - - default default] TaaS: Handle Delete Port: a2206b12-17ac-42c2-b6d4-14e5e5c2595a
2026-05-09 06:28:00.595 8 INFO neutron_taas.services.taas.tap_mirror_plugin [None req-53a8544e-d36d-4ad4-86cb-c7ae18f123b0 a3eae8cb79544504a7d855036ed8cc0e 9dc4576147c742e393034e195e974c9a - - default default] Tap Mirror: Handle Delete Port: a2206b12-17ac-42c2-b6d4-14e5e5c2595a
2026-05-09 06:28:00.803 7 INFO neutron.db.ovn_revision_numbers_db [None req-27f5dd34-82fd-45e3-9920-0d4570ac5ef4 - - - - - -] Successfully bumped revision number for resource 0dd04f97-d456-47f2-8349-cb3571bc8f21 (type: ports) to 2 [pid: 8|app: 0|req: 1394/2848] 10.0.0.247 () {32 vars in 732 bytes} [Sat May 9 06:28:00 2026] DELETE /v2.0/floatingips/c82d8c6e-e4a7-419e-a38d-41c4e54a5a87 => generated 0 bytes in 387 msecs (HTTP/1.1 204) 2 headers in 112 bytes (1 switches on core 0)
2026-05-09 06:28:00.909 7 INFO neutron.db.ovn_revision_numbers_db [None req-9e1154b1-dd95-4115-a5ae-a72a150027dc 2c9961c4d59b4f1d9e50a01866218d59 06bf58a193464459b96eb5a725b7ac4d - - default default] Successfully bumped revision number for resource 0dd04f97-d456-47f2-8349-cb3571bc8f21 (type: router_ports) to 1 [pid: 7|app: 0|req: 1455/2849] 10.0.0.247 () {34 vars in 783 bytes} [Sat May 9 06:27:57 2026] PUT /v2.0/routers/f38b724d-1663-4e41-95ac-76a58b235006/add_router_interface => generated 309 bytes in 3074 msecs (HTTP/1.1 200) 4 headers in 157 bytes (1 switches on core 0)
2026-05-09 06:28:00.973 8 INFO neutron_taas.services.taas.taas_plugin [None req-3c263eed-4eae-4c0f-9c75-a8c71edbcc79 a3eae8cb79544504a7d855036ed8cc0e 9dc4576147c742e393034e195e974c9a - - default default] TaaS: Handle Delete Port: c8c6ba4b-938a-4bb1-90c9-ab3810b5f2f6
2026-05-09 06:28:00.976 8 INFO neutron_taas.services.taas.tap_mirror_plugin [None req-3c263eed-4eae-4c0f-9c75-a8c71edbcc79 a3eae8cb79544504a7d855036ed8cc0e 9dc4576147c742e393034e195e974c9a - - default default] Tap Mirror: Handle Delete Port: c8c6ba4b-938a-4bb1-90c9-ab3810b5f2f6 [pid: 8|app: 0|req: 1395/2850] 10.0.0.247 () {32 vars in 732 bytes} [Sat May 9 06:28:00 2026] DELETE /v2.0/floatingips/b44c028d-5446-481a-9d15-33642bd1fade => generated 0 bytes in 316 msecs (HTTP/1.1 204) 2 headers in 112 bytes (1 switches on core 0)
2026-05-09 06:28:01.144 7 INFO neutron.db.ovn_revision_numbers_db [None req-61ddb6e9-7a11-4f2b-a027-03b163c9f88b 2c9961c4d59b4f1d9e50a01866218d59 06bf58a193464459b96eb5a725b7ac4d - - default default] Successfully bumped revision number for resource 410d8a05-4206-4777-9327-e7b22e296592 (type: security_groups) to 1
2026-05-09 06:28:01.156 7 INFO neutron.db.ovn_revision_numbers_db [None req-61ddb6e9-7a11-4f2b-a027-03b163c9f88b 2c9961c4d59b4f1d9e50a01866218d59 06bf58a193464459b96eb5a725b7ac4d - - default default] Successfully bumped revision number for resource 93d4a055-cb73-4254-a044-ad1453e8ba68 (type: security_group_rules) to 0
2026-05-09 06:28:01.167 7 INFO neutron.db.ovn_revision_numbers_db [None req-61ddb6e9-7a11-4f2b-a027-03b163c9f88b 2c9961c4d59b4f1d9e50a01866218d59 06bf58a193464459b96eb5a725b7ac4d - - default default] Successfully bumped revision number for resource bf675ff8-e7e9-4c86-af48-a843c3e6e777 (type: security_group_rules) to 0 [pid: 7|app: 0|req: 1456/2851] 10.0.0.247 () {34 vars in 684 bytes} [Sat May 9 06:28:00 2026] POST /v2.0/security-groups => generated 1629 bytes in 214 msecs (HTTP/1.1 201) 4 headers in 163 bytes (1 switches on core 0)
2026-05-09 06:28:01.287 8 INFO neutron_taas.services.taas.taas_plugin [None req-6cf39888-4243-43fb-9536-32cee658a231 a3eae8cb79544504a7d855036ed8cc0e 9dc4576147c742e393034e195e974c9a - - default default] TaaS: Handle Delete Port: 81a01bd1-b70a-447b-bc16-3d0a8211f070
2026-05-09 06:28:01.289 8 INFO neutron_taas.services.taas.tap_mirror_plugin [None req-6cf39888-4243-43fb-9536-32cee658a231 a3eae8cb79544504a7d855036ed8cc0e 9dc4576147c742e393034e195e974c9a - - default default] Tap Mirror: Handle Delete Port: 81a01bd1-b70a-447b-bc16-3d0a8211f070
2026-05-09 06:28:01.339 7 INFO neutron.db.ovn_revision_numbers_db [None req-7683a1cf-751a-4435-acfb-5f3ac9ed2730 2c9961c4d59b4f1d9e50a01866218d59 06bf58a193464459b96eb5a725b7ac4d - - default default] Successfully bumped revision number for resource 7ef92fac-8324-4a79-b489-631a6c22d425 (type: security_group_rules) to 0 [pid: 7|app: 0|req: 1457/2852] 10.0.0.247 () {34 vars in 695 bytes} [Sat May 9 06:28:01 2026] POST /v2.0/security-group-rules => generated 597 bytes in 159 msecs (HTTP/1.1 201) 4 headers in 162 bytes (1 switches on core 0) [pid: 8|app: 0|req: 1396/2853] 10.0.0.247 () {32 vars in 732 bytes} [Sat May 9 06:28:01 2026] DELETE /v2.0/floatingips/705cb988-c89a-473f-890c-57f83164e1e1 => generated 0 bytes in 307 msecs (HTTP/1.1 204) 2 headers in 112 bytes (1 switches on core 0)
2026-05-09 06:28:01.508 7 INFO neutron.db.ovn_revision_numbers_db [None req-345326d6-f24e-46f2-9c8f-b60a8aa34326 2c9961c4d59b4f1d9e50a01866218d59 06bf58a193464459b96eb5a725b7ac4d - - default default] Successfully bumped revision number for resource f2adbd1a-9de9-4b7e-acd7-3a17084bcf87 (type: security_group_rules) to 0 [pid: 7|app: 0|req: 1458/2854] 10.0.0.247 () {34 vars in 695 bytes} [Sat May 9 06:28:01 2026] POST /v2.0/security-group-rules => generated 597 bytes in 168 msecs (HTTP/1.1 201) 4 headers in 162 bytes (1 switches on core 0)
2026-05-09 06:28:01.597 8 INFO neutron_taas.services.taas.taas_plugin [None req-db703c4c-bb43-4360-8423-145ecbf9ca34 a3eae8cb79544504a7d855036ed8cc0e 9dc4576147c742e393034e195e974c9a - - default default] TaaS: Handle Delete Port: fd4f1ed7-40fb-48d5-b210-1545f4858a5b
2026-05-09 06:28:01.600 8 INFO neutron_taas.services.taas.tap_mirror_plugin [None req-db703c4c-bb43-4360-8423-145ecbf9ca34 a3eae8cb79544504a7d855036ed8cc0e 9dc4576147c742e393034e195e974c9a - - default default] Tap Mirror: Handle Delete Port: fd4f1ed7-40fb-48d5-b210-1545f4858a5b
2026-05-09 06:28:01.696 7 INFO neutron.db.ovn_revision_numbers_db [None req-65ab75f1-8385-4eed-aa6f-f082f504f222 2c9961c4d59b4f1d9e50a01866218d59 06bf58a193464459b96eb5a725b7ac4d - - default default] Successfully bumped revision number for resource fdade9ef-715b-41dd-9e24-7a3aa3fdf3d3 (type: security_group_rules) to 0 [pid: 7|app: 0|req: 1459/2855] 10.0.0.247 () {34 vars in 695 bytes} [Sat May 9 06:28:01 2026] POST /v2.0/security-group-rules => generated 599 bytes in 181 msecs (HTTP/1.1 201) 4 headers in 162 bytes (1 switches on core 0) [pid: 8|app: 0|req: 1397/2856] 10.0.0.247 () {32 vars in 732 bytes} [Sat May 9 06:28:01 2026] DELETE /v2.0/floatingips/3953e11b-5637-4a04-a4a8-d465c75ac471 => generated 0 bytes in 312 msecs (HTTP/1.1 204) 2 headers in 112 bytes (1 switches on core 0)
2026-05-09 06:28:01.866 7 INFO neutron.db.ovn_revision_numbers_db [None req-31cfdbe7-2f11-49a8-a7b7-3fd92fb4ad35 2c9961c4d59b4f1d9e50a01866218d59 06bf58a193464459b96eb5a725b7ac4d - - default default] Successfully bumped revision number for resource 89ee91c9-ce67-4e9a-89ad-5b616befa316 (type: security_group_rules) to 0 [pid: 7|app: 0|req: 1460/2857] 10.0.0.247 () {34 vars in 695 bytes} [Sat May 9 06:28:01 2026] POST /v2.0/security-group-rules => generated 601 bytes in 159 msecs (HTTP/1.1 201) 4 headers in 162 bytes (1 switches on core 0)
2026-05-09 06:28:01.901 8 INFO neutron_taas.services.taas.taas_plugin [None req-1bcf8db6-b20b-4b4c-a227-72db7ed5d72a a3eae8cb79544504a7d855036ed8cc0e 9dc4576147c742e393034e195e974c9a - - default default] TaaS: Handle Delete Port: 876d1117-a030-443c-b546-94167ca4c2b9
2026-05-09 06:28:01.904 8 INFO neutron_taas.services.taas.tap_mirror_plugin [None req-1bcf8db6-b20b-4b4c-a227-72db7ed5d72a a3eae8cb79544504a7d855036ed8cc0e 9dc4576147c742e393034e195e974c9a - - default default] Tap Mirror: Handle Delete Port: 876d1117-a030-443c-b546-94167ca4c2b9 [pid: 8|app: 0|req: 1398/2858] 10.0.0.247 () {32 vars in 732 bytes} [Sat May 9 06:28:01 2026] DELETE /v2.0/floatingips/58fc4a7f-f6e4-4942-8e3f-a7f91fbb6305 => generated 0 bytes in 275 msecs (HTTP/1.1 204) 2 headers in 112 bytes (1 switches on core 0)
2026-05-09 06:28:02.059 7 INFO neutron.db.ovn_revision_numbers_db [None req-d7274e5d-0fbb-48cc-abf6-f72f5c2e583c 2c9961c4d59b4f1d9e50a01866218d59 06bf58a193464459b96eb5a725b7ac4d - - default default] Successfully bumped revision number for resource 86836dd7-b76b-46ee-95ec-974a47ba43de (type: security_group_rules) to 0 [pid: 7|app: 0|req: 1461/2859] 10.0.0.247 () {34 vars in 695 bytes} [Sat May 9 06:28:01 2026] POST /v2.0/security-group-rules => generated 601 bytes in 195 msecs (HTTP/1.1 201) 4 headers in 162 bytes (1 switches on core 0)
2026-05-09 06:28:02.279 8 INFO neutron.db.ovn_revision_numbers_db [None req-b213aad4-52ab-452b-8e3a-5a57855189b1 2c9961c4d59b4f1d9e50a01866218d59 06bf58a193464459b96eb5a725b7ac4d - - default default] Successfully bumped revision number for resource bcd31854-59f9-4bfa-a5e1-eae4d26ef033 (type: security_group_rules) to 0 [pid: 8|app: 0|req: 1399/2860] 10.0.0.247 () {34 vars in 695 bytes} [Sat May 9 06:28:02 2026] POST /v2.0/security-group-rules => generated 597 bytes in 209 msecs (HTTP/1.1 201) 4 headers in 162 bytes (1 switches on core 0)
2026-05-09 06:28:02.474 7 INFO neutron.db.ovn_revision_numbers_db [None req-d05027b5-c7ea-48e9-b3b0-7fea9ebecadd 2c9961c4d59b4f1d9e50a01866218d59 06bf58a193464459b96eb5a725b7ac4d - - default default] Successfully bumped revision number for resource 882ba6a7-69f3-42fe-a4a9-16e49560a966 (type: security_group_rules) to 0 [pid: 7|app: 0|req: 1462/2861] 10.0.0.247 () {34 vars in 695 bytes} [Sat May 9 06:28:02 2026] POST /v2.0/security-group-rules => generated 597 bytes in 187 msecs (HTTP/1.1 201) 4 headers in 162 bytes (1 switches on core 0)
2026-05-09 06:28:02.685 8 INFO neutron.db.ovn_revision_numbers_db [None req-c4f435d0-6b69-416b-9f2d-17727e5cc39a 2c9961c4d59b4f1d9e50a01866218d59 06bf58a193464459b96eb5a725b7ac4d - - default default] Successfully bumped revision number for resource ce5a5739-ecaf-462d-8fb5-840538525b2e (type: security_group_rules) to 0 [pid: 8|app: 0|req: 1400/2862] 10.0.0.247 () {34 vars in 695 bytes} [Sat May 9 06:28:02 2026] POST /v2.0/security-group-rules => generated 597 bytes in 199 msecs (HTTP/1.1 201) 4 headers in 162 bytes (1 switches on core 0)
2026-05-09 06:28:02.908 7 INFO neutron.db.ovn_revision_numbers_db [None req-b7631655-0d5f-4a65-80be-36f7437cfc0c 2c9961c4d59b4f1d9e50a01866218d59 06bf58a193464459b96eb5a725b7ac4d - - default default] Successfully bumped revision number for resource fcf6342d-457f-4eef-8175-aa0c3f637623 (type: security_group_rules) to 0 [pid: 7|app: 0|req: 1463/2863] 10.0.0.247 () {34 vars in 695 bytes} [Sat May 9 06:28:02 2026] POST /v2.0/security-group-rules => generated 599 bytes in 224 msecs (HTTP/1.1 201) 4 headers in 162 bytes (1 switches on core 0)
2026-05-09 06:28:03.136 7 INFO neutron.db.ovn_revision_numbers_db [None req-e112acb7-c268-46be-8791-032944ffd73f 2c9961c4d59b4f1d9e50a01866218d59 06bf58a193464459b96eb5a725b7ac4d - - default default] Successfully bumped revision number for resource 67b1e481-5bee-45ea-907c-6a2547ee97af (type: security_group_rules) to 0
2026-05-09 06:28:03.163 8 INFO neutron.db.ovn_revision_numbers_db [None req-47152b0d-2e61-41ac-b045-77b772072180 537e7c5488fa420586da779e46c5a29f 9821a454b8994ff78073a10b11330a3d - - default default] Successfully bumped revision number for resource 58be360b-eef1-44d6-b795-1f1384d1fcf7 (type: security_groups) to 1 [pid: 7|app: 0|req: 1464/2864] 10.0.0.247 () {34 vars in 695 bytes} [Sat May 9 06:28:02 2026] POST /v2.0/security-group-rules => generated 601 bytes in 223 msecs (HTTP/1.1 201) 4 headers in 162 bytes (1 switches on core 0)
2026-05-09 06:28:03.185 8 INFO neutron.db.ovn_revision_numbers_db [None req-47152b0d-2e61-41ac-b045-77b772072180 537e7c5488fa420586da779e46c5a29f 9821a454b8994ff78073a10b11330a3d - - default default] Successfully bumped revision number for resource 2e5c800d-4fe1-4b08-b997-5404114e5934 (type: security_group_rules) to 0
2026-05-09 06:28:03.196 8 INFO neutron.db.ovn_revision_numbers_db [None req-47152b0d-2e61-41ac-b045-77b772072180 537e7c5488fa420586da779e46c5a29f 9821a454b8994ff78073a10b11330a3d - - default default] Successfully bumped revision number for resource 8c1ed318-e2b5-474a-95ee-55db2c2a095c (type: security_group_rules) to 0
2026-05-09 06:28:03.206 8 INFO neutron.db.ovn_revision_numbers_db [None req-47152b0d-2e61-41ac-b045-77b772072180 537e7c5488fa420586da779e46c5a29f 9821a454b8994ff78073a10b11330a3d - - default default] Successfully bumped revision number for resource ac2eeec4-bdb6-4a51-b13b-24bcb3904f6f (type: security_group_rules) to 0
2026-05-09 06:28:03.218 8 INFO neutron.db.ovn_revision_numbers_db [None req-47152b0d-2e61-41ac-b045-77b772072180 537e7c5488fa420586da779e46c5a29f 9821a454b8994ff78073a10b11330a3d - - default default] Successfully bumped revision number for resource f1f2aeb7-fe92-403b-8641-a327a9a76eb0 (type: security_group_rules) to 0 [pid: 8|app: 0|req: 1401/2865] 10.0.0.247 () {32 vars in 774 bytes} [Sat May 9 06:28:02 2026] GET /v2.0/security-groups?tenant_id=9dc4576147c742e393034e195e974c9a&name=default => generated 2929 bytes in 399 msecs (HTTP/1.1 200) 4 headers in 158 bytes (1 switches on core 0)
2026-05-09 06:28:03.348 7 INFO neutron.db.ovn_revision_numbers_db [None req-a0671cff-27b2-4c12-af23-da48c71951d2 2c9961c4d59b4f1d9e50a01866218d59 06bf58a193464459b96eb5a725b7ac4d - - default default] Successfully bumped revision number for resource 1540b960-3e26-4259-9508-4ba57c09941d (type: security_group_rules) to 0 [pid: 7|app: 0|req: 1465/2866] 10.0.0.247 () {34 vars in 695 bytes} [Sat May 9 06:28:03 2026] POST /v2.0/security-group-rules => generated 597 bytes in 206 msecs (HTTP/1.1 201) 4 headers in 162 bytes (1 switches on core 0) [pid: 8|app: 0|req: 1402/2867] 10.0.0.247 () {32 vars in 740 bytes} [Sat May 9 06:28:03 2026] DELETE /v2.0/security-groups/58be360b-eef1-44d6-b795-1f1384d1fcf7 => generated 0 bytes in 263 msecs (HTTP/1.1 204) 2 headers in 112 bytes (1 switches on core 0) [pid: 7|app: 0|req: 1466/2868] 10.0.0.70 () {34 vars in 1093 bytes} [Sat May 9 06:28:03 2026] GET /v2.0/security-groups?name=tempest-lb_member_SG-286399890&fields=id&tenant_id=06bf58a193464459b96eb5a725b7ac4d => generated 69 bytes in 29 msecs (HTTP/1.1 200) 4 headers in 156 bytes (1 switches on core 0) [pid: 7|app: 0|req: 1467/2869] 10.0.0.70 () {34 vars in 981 bytes} [Sat May 9 06:28:03 2026] GET /v2.0/networks?id=bc6450c1-6fcc-4f31-9a44-97e9f74b879e => generated 743 bytes in 46 msecs (HTTP/1.1 200) 4 headers in 157 bytes (1 switches on core 0) [pid: 7|app: 0|req: 1468/2870] 10.0.0.70 () {34 vars in 964 bytes} [Sat May 9 06:28:03 2026] GET /v2.0/quotas/06bf58a193464459b96eb5a725b7ac4d => generated 292 bytes in 17 msecs (HTTP/1.1 200) 4 headers in 157 bytes (1 switches on core 0)
2026-05-09 06:28:03.768 8 INFO neutron.db.ovn_revision_numbers_db [None req-5df17244-5826-458b-aed4-57b28b29e919 537e7c5488fa420586da779e46c5a29f 9821a454b8994ff78073a10b11330a3d - - default default] Successfully bumped revision number for resource 12e63d81-e576-4bdb-8eef-898576b1d185 (type: security_groups) to 1
2026-05-09 06:28:03.784 8 WARNING neutron.plugins.ml2.drivers.ovn.mech_driver.ovsdb.ovn_client [None req-3e52e03f-e1a3-401c-b1fe-bd19e98010ff - - - - - -] No hosting information found for port 82ee2f65-3d23-446f-b2cf-2cb312483df1: RuntimeError: No hosting information found for port 82ee2f65-3d23-446f-b2cf-2cb312483df1
2026-05-09 06:28:03.787 8 INFO neutron.db.ovn_revision_numbers_db [None req-5df17244-5826-458b-aed4-57b28b29e919 537e7c5488fa420586da779e46c5a29f 9821a454b8994ff78073a10b11330a3d - - default default] Successfully bumped revision number for resource 7295247b-92ba-4951-af32-f981d5a22556 (type: security_group_rules) to 0
2026-05-09 06:28:03.817 8 INFO neutron.db.ovn_revision_numbers_db [None req-5df17244-5826-458b-aed4-57b28b29e919 537e7c5488fa420586da779e46c5a29f 9821a454b8994ff78073a10b11330a3d - - default default] Successfully bumped revision number for resource 8657f005-a5ea-447e-a46a-5e3eb9044da1 (type: security_group_rules) to 0
2026-05-09 06:28:03.841 8 INFO neutron.db.ovn_revision_numbers_db [None req-5df17244-5826-458b-aed4-57b28b29e919 537e7c5488fa420586da779e46c5a29f 9821a454b8994ff78073a10b11330a3d - - default default] Successfully bumped revision number for resource 891fd9c5-2330-4102-98ce-0bdd8e027527 (type: security_group_rules) to 0
2026-05-09 06:28:03.865 8 INFO neutron.db.ovn_revision_numbers_db [None req-5df17244-5826-458b-aed4-57b28b29e919 537e7c5488fa420586da779e46c5a29f 9821a454b8994ff78073a10b11330a3d - - default default] Successfully bumped revision number for resource af330ae7-3b8d-46f6-b5df-0662ba3dbd59 (type: security_group_rules) to 0 [pid: 7|app: 0|req: 1469/2871] 10.0.0.70 () {34 vars in 1001 bytes} [Sat May 9 06:28:03 2026] GET /v2.0/ports?tenant_id=06bf58a193464459b96eb5a725b7ac4d&fields=id => generated 287 bytes in 153 msecs (HTTP/1.1 200) 4 headers in 157 bytes (1 switches on core 0)
2026-05-09 06:28:03.925 8 INFO neutron.db.ovn_revision_numbers_db [None req-3e52e03f-e1a3-401c-b1fe-bd19e98010ff - - - - - -] Successfully bumped revision number for resource 82ee2f65-3d23-446f-b2cf-2cb312483df1 (type: router_ports) to 2 [pid: 8|app: 0|req: 1403/2872] 10.0.0.247 () {32 vars in 774 bytes} [Sat May 9 06:28:03 2026] GET /v2.0/security-groups?tenant_id=7ababd7e61184595a5e389d54f2ac5a5&name=default => generated 2929 bytes in 305 msecs (HTTP/1.1 200) 4 headers in 158 bytes (1 switches on core 0)
2026-05-09 06:28:04.003 8 INFO neutron.plugins.ml2.drivers.ovn.mech_driver.mech_driver [None req-3e52e03f-e1a3-401c-b1fe-bd19e98010ff - - - - - -] OVN reports status down for port: a28a4be0-c9cd-4ae3-840c-beb230239b42 [pid: 7|app: 0|req: 1470/2873] 10.0.0.70 () {34 vars in 1007 bytes} [Sat May 9 06:28:03 2026] GET /v2.0/networks/bc6450c1-6fcc-4f31-9a44-97e9f74b879e?fields=segments => generated 14 bytes in 146 msecs (HTTP/1.1 200) 4 headers in 156 bytes (1 switches on core 0) [pid: 7|app: 0|req: 1471/2874] 10.0.0.70 () {34 vars in 1107 bytes} [Sat May 9 06:28:04 2026] GET /v2.0/networks/bc6450c1-6fcc-4f31-9a44-97e9f74b879e?fields=provider%3Aphysical_network&fields=provider%3Anetwork_type => generated 79 bytes in 54 msecs (HTTP/1.1 200) 4 headers in 156 bytes (1 switches on core 0)
2026-05-09 06:28:04.148 8 WARNING neutron.plugins.ml2.drivers.ovn.mech_driver.ovsdb.ovn_client [None req-3e52e03f-e1a3-401c-b1fe-bd19e98010ff - - - - - -] Logical_Switch_Port a28a4be0-c9cd-4ae3-840c-beb230239b42 host information not removed, the port state is up
2026-05-09 06:28:04.149 8 INFO neutron.plugins.ml2.drivers.ovn.mech_driver.mech_driver [None req-3e52e03f-e1a3-401c-b1fe-bd19e98010ff - - - - - -] OVN reports status up for port: a28a4be0-c9cd-4ae3-840c-beb230239b42
2026-05-09 06:28:04.168 8 INFO neutron.plugins.ml2.plugin [None req-3e52e03f-e1a3-401c-b1fe-bd19e98010ff - - - - - -] Attempt 1 to provision port a28a4be0-c9cd-4ae3-840c-beb230239b42 [pid: 7|app: 0|req: 1472/2875] 10.0.0.70 () {34 vars in 989 bytes} [Sat May 9 06:28:04 2026] GET /v2.0/ports?device_id=c306287a-fc8c-44f5-abf5-537fc97eb583 => generated 12 bytes in 19 msecs (HTTP/1.1 200) 4 headers in 156 bytes (1 switches on core 0) [pid: 8|app: 0|req: 1404/2876] 10.0.0.247 () {32 vars in 740 bytes} [Sat May 9 06:28:03 2026] DELETE /v2.0/security-groups/12e63d81-e576-4bdb-8eef-898576b1d185 => generated 0 bytes in 421 msecs (HTTP/1.1 204) 2 headers in 112 bytes (1 switches on core 0)
2026-05-09 06:28:04.666 7 INFO neutron.db.ovn_revision_numbers_db [None req-40b3a440-4473-43eb-a6e2-9c315d3247d7 537e7c5488fa420586da779e46c5a29f 9821a454b8994ff78073a10b11330a3d - - default default] Successfully bumped revision number for resource 915ee35c-c646-4c63-b2ca-e5a624972458 (type: security_groups) to 1
2026-05-09 06:28:04.680 8 INFO neutron.db.ovn_revision_numbers_db [None req-3e52e03f-e1a3-401c-b1fe-bd19e98010ff - - - - - -] Successfully bumped revision number for resource a28a4be0-c9cd-4ae3-840c-beb230239b42 (type: ports) to 2
2026-05-09 06:28:04.683 7 INFO neutron.db.ovn_revision_numbers_db [None req-40b3a440-4473-43eb-a6e2-9c315d3247d7 537e7c5488fa420586da779e46c5a29f 9821a454b8994ff78073a10b11330a3d - - default default] Successfully bumped revision number for resource 1ec600b2-9f6e-45bc-b740-4d80685b6f93 (type: security_group_rules) to 0
2026-05-09 06:28:04.697 7 INFO neutron.db.ovn_revision_numbers_db [None req-40b3a440-4473-43eb-a6e2-9c315d3247d7 537e7c5488fa420586da779e46c5a29f 9821a454b8994ff78073a10b11330a3d - - default default] Successfully bumped revision number for resource 2459d104-84a2-43f0-b8e3-030bf1355cb8 (type: security_group_rules) to 0
2026-05-09 06:28:04.715 7 INFO neutron.db.ovn_revision_numbers_db [None req-40b3a440-4473-43eb-a6e2-9c315d3247d7 537e7c5488fa420586da779e46c5a29f 9821a454b8994ff78073a10b11330a3d - - default default] Successfully bumped revision number for resource 3667bd3b-8c29-4fb9-b8ae-1e56d611edcc (type: security_group_rules) to 0
2026-05-09 06:28:04.731 7 INFO neutron.db.ovn_revision_numbers_db [None req-40b3a440-4473-43eb-a6e2-9c315d3247d7 537e7c5488fa420586da779e46c5a29f 9821a454b8994ff78073a10b11330a3d - - default default] Successfully bumped revision number for resource 42eba7f9-acf0-4b90-a1d6-494bec9572a9 (type: security_group_rules) to 0 [pid: 7|app: 0|req: 1473/2877] 10.0.0.247 () {32 vars in 774 bytes} [Sat May 9 06:28:04 2026] GET /v2.0/security-groups?tenant_id=eda097ca191941728909d736ca9f833b&name=default => generated 2929 bytes in 277 msecs (HTTP/1.1 200) 4 headers in 158 bytes (1 switches on core 0) [pid: 8|app: 0|req: 1405/2878] 10.0.0.247 () {32 vars in 740 bytes} [Sat May 9 06:28:04 2026] DELETE /v2.0/security-groups/915ee35c-c646-4c63-b2ca-e5a624972458 => generated 0 bytes in 255 msecs (HTTP/1.1 204) 2 headers in 112 bytes (1 switches on core 0)
2026-05-09 06:28:05.965 7 WARNING neutron.plugins.ml2.drivers.ovn.mech_driver.ovsdb.ovn_client [None req-66befa6a-a9b6-48f4-b407-4d72d784d615 - - - - - -] No hosting information found for port 0dd04f97-d456-47f2-8349-cb3571bc8f21: RuntimeError: No hosting information found for port 0dd04f97-d456-47f2-8349-cb3571bc8f21
2026-05-09 06:28:06.041 7 INFO neutron.db.ovn_revision_numbers_db [None req-66befa6a-a9b6-48f4-b407-4d72d784d615 - - - - - -] Successfully bumped revision number for resource 0dd04f97-d456-47f2-8349-cb3571bc8f21 (type: router_ports) to 2 [pid: 7|app: 0|req: 1475/2881] 199.204.45.23 () {34 vars in 985 bytes} [Sat May 9 06:28:08 2026] GET /v2.0/networks?id=bc6450c1-6fcc-4f31-9a44-97e9f74b879e => generated 743 bytes in 269 msecs (HTTP/1.1 200) 4 headers in 157 bytes (1 switches on core 0) [pid: 8|app: 0|req: 1407/2882] 199.204.45.23 () {34 vars in 1049 bytes} [Sat May 9 06:28:08 2026] GET /v2.0/security-groups?fields=id&fields=name&tenant_id=06bf58a193464459b96eb5a725b7ac4d => generated 178 bytes in 35 msecs (HTTP/1.1 200) 4 headers in 157 bytes (1 switches on core 0)
2026-05-09 06:28:09.198 7 WARNING neutron.scheduler.dhcp_agent_scheduler [req-c5f4a927-373b-44b3-a40e-3bc9b5f0b14c req-df58ff09-dc0c-4c57-b98b-19c9447513a7 2c9961c4d59b4f1d9e50a01866218d59 06bf58a193464459b96eb5a725b7ac4d - - default default] No more DHCP agents
2026-05-09 06:28:09.199 7 WARNING neutron.api.rpc.agentnotifiers.dhcp_rpc_agent_api [req-c5f4a927-373b-44b3-a40e-3bc9b5f0b14c req-df58ff09-dc0c-4c57-b98b-19c9447513a7 2c9961c4d59b4f1d9e50a01866218d59 06bf58a193464459b96eb5a725b7ac4d - - default default] Unable to schedule network bc6450c1-6fcc-4f31-9a44-97e9f74b879e: no agents available; will retry on subsequent port and subnet creation events.
2026-05-09 06:28:09.275 8 INFO neutron.db.ovn_revision_numbers_db [None req-34982e6c-0724-4f08-8df7-c86395155a50 c905837385c749bba3fd2ad840c5fdae 763626c753814d469a5437b3e07bf84b - - default default] Successfully bumped revision number for resource 2906558a-9dcd-4924-b600-867ce60bb5ca (type: security_groups) to 1
2026-05-09 06:28:09.294 8 INFO neutron.db.ovn_revision_numbers_db [None req-34982e6c-0724-4f08-8df7-c86395155a50 c905837385c749bba3fd2ad840c5fdae 763626c753814d469a5437b3e07bf84b - - default default] Successfully bumped revision number for resource 7a93535a-bffd-4349-93ea-8be1c9ad26b0 (type: security_group_rules) to 0
2026-05-09 06:28:09.308 8 INFO neutron.db.ovn_revision_numbers_db [None req-34982e6c-0724-4f08-8df7-c86395155a50 c905837385c749bba3fd2ad840c5fdae 763626c753814d469a5437b3e07bf84b - - default default] Successfully bumped revision number for resource d587efb4-19d7-4f11-8cbf-a2f7b1d34e1e (type: security_group_rules) to 0
2026-05-09 06:28:09.340 7 INFO neutron.plugins.ml2.drivers.ovn.mech_driver.mech_driver [None req-66befa6a-a9b6-48f4-b407-4d72d784d615 - - - - - -] OVN reports status down for port: 5e7e004e-baa0-42e1-8a9c-a47bd86bc27b
2026-05-09 06:28:09.347 8 INFO neutron.db.ovn_revision_numbers_db [None req-34982e6c-0724-4f08-8df7-c86395155a50 c905837385c749bba3fd2ad840c5fdae 763626c753814d469a5437b3e07bf84b - - default default] Successfully bumped revision number for resource f05a6f5c-f1ba-4e09-8f58-67168becc3ff (type: security_group_rules) to 0
2026-05-09 06:28:09.377 8 INFO neutron.db.ovn_revision_numbers_db [None req-34982e6c-0724-4f08-8df7-c86395155a50 c905837385c749bba3fd2ad840c5fdae 763626c753814d469a5437b3e07bf84b - - default default] Successfully bumped revision number for resource f245193b-8cc1-4a91-b6cb-072fa03b790e (type: security_group_rules) to 0
2026-05-09 06:28:09.411 7 INFO neutron.db.ovn_revision_numbers_db [req-c5f4a927-373b-44b3-a40e-3bc9b5f0b14c req-df58ff09-dc0c-4c57-b98b-19c9447513a7 2c9961c4d59b4f1d9e50a01866218d59 06bf58a193464459b96eb5a725b7ac4d - - default default] Successfully bumped revision number for resource 5e7e004e-baa0-42e1-8a9c-a47bd86bc27b (type: ports) to 1
2026-05-09 06:28:09.468 8 INFO neutron.db.segments_db [None req-34982e6c-0724-4f08-8df7-c86395155a50 c905837385c749bba3fd2ad840c5fdae 763626c753814d469a5437b3e07bf84b - - default default] Added segment f767464d-6763-4585-8dd8-011f9dc16720 of type geneve for network 1841cecc-22b7-42c3-814c-97de4c839c42 [pid: 7|app: 0|req: 1476/2883] 199.204.45.23 () {38 vars in 954 bytes} [Sat May 9 06:28:08 2026] POST /v2.0/ports => generated 1179 bytes in 662 msecs (HTTP/1.1 201) 4 headers in 163 bytes (1 switches on core 0) /var/lib/openstack/lib/python3.12/site-packages/pycadf/identifier.py:70: UserWarning: Invalid uuid: neutron. To ensure interoperability, identifiers should be a valid uuid. warnings.warn(('Invalid uuid: %s. To ensure interoperability, ' [pid: 7|app: 0|req: 1477/2884] 10.0.0.70 () {34 vars in 989 bytes} [Sat May 9 06:28:09 2026] GET /v2.0/ports?device_id=c306287a-fc8c-44f5-abf5-537fc97eb583 => generated 1182 bytes in 62 msecs (HTTP/1.1 200) 4 headers in 158 bytes (1 switches on core 0)
2026-05-09 06:28:09.601 8 INFO neutron.db.ovn_revision_numbers_db [None req-34982e6c-0724-4f08-8df7-c86395155a50 c905837385c749bba3fd2ad840c5fdae 763626c753814d469a5437b3e07bf84b - - default default] Successfully bumped revision number for resource 1841cecc-22b7-42c3-814c-97de4c839c42 (type: networks) to 1
2026-05-09 06:28:09.868 8 WARNING neutron.scheduler.dhcp_agent_scheduler [None req-34982e6c-0724-4f08-8df7-c86395155a50 c905837385c749bba3fd2ad840c5fdae 763626c753814d469a5437b3e07bf84b - - default default] No more DHCP agents
2026-05-09 06:28:09.871 8 WARNING neutron.api.rpc.agentnotifiers.dhcp_rpc_agent_api [None req-34982e6c-0724-4f08-8df7-c86395155a50 c905837385c749bba3fd2ad840c5fdae 763626c753814d469a5437b3e07bf84b - - default default] Unable to schedule network 1841cecc-22b7-42c3-814c-97de4c839c42: no agents available; will retry on subsequent port and subnet creation events.
2026-05-09 06:28:09.970 8 INFO neutron.db.ovn_revision_numbers_db [None req-34982e6c-0724-4f08-8df7-c86395155a50 c905837385c749bba3fd2ad840c5fdae 763626c753814d469a5437b3e07bf84b - - default default] Successfully bumped revision number for resource 354b00f0-debd-4525-a65d-978708fe6a92 (type: ports) to 1
2026-05-09 06:28:09.976 7 INFO neutron.plugins.ml2.drivers.ovn.mech_driver.mech_driver [None req-66befa6a-a9b6-48f4-b407-4d72d784d615 - - - - - -] OVN reports status down for port: 354b00f0-debd-4525-a65d-978708fe6a92 [pid: 8|app: 0|req: 1408/2885] 10.0.0.247 () {34 vars in 670 bytes} [Sat May 9 06:28:09 2026] POST /v2.0/networks => generated 670 bytes in 950 msecs (HTTP/1.1 201) 4 headers in 162 bytes (1 switches on core 0) [pid: 8|app: 0|req: 1409/2886] 10.0.0.70 () {34 vars in 1039 bytes} [Sat May 9 06:28:10 2026] GET /v2.0/security-groups?id=410d8a05-4206-4777-9327-e7b22e296592&fields=id&fields=name => generated 111 bytes in 31 msecs (HTTP/1.1 200) 4 headers in 157 bytes (1 switches on core 0)
2026-05-09 06:28:10.154 7 INFO neutron.db.ovn_revision_numbers_db [req-c5f4a927-373b-44b3-a40e-3bc9b5f0b14c req-829b5651-6330-488a-bea7-870699447713 764c6969296e4c2695690813a7c38712 3884b2e49c474d7cab8f78f93305f628 - - 56144cbac4a047fdb909fba0aa86a499 56144cbac4a047fdb909fba0aa86a499] Successfully bumped revision number for resource 5e7e004e-baa0-42e1-8a9c-a47bd86bc27b (type: ports) to 2
2026-05-09 06:28:10.246 8 WARNING neutron.scheduler.dhcp_agent_scheduler [None req-23d20a19-0e3d-4674-9720-51bddbf4ce12 c905837385c749bba3fd2ad840c5fdae 763626c753814d469a5437b3e07bf84b - - default default] No more DHCP agents
2026-05-09 06:28:10.247 8 WARNING neutron.api.rpc.agentnotifiers.dhcp_rpc_agent_api [None req-23d20a19-0e3d-4674-9720-51bddbf4ce12 c905837385c749bba3fd2ad840c5fdae 763626c753814d469a5437b3e07bf84b - - default default] Unable to schedule network 1841cecc-22b7-42c3-814c-97de4c839c42: no agents available; will retry on subsequent port and subnet creation events.
