2026-05-09 06:25:11.457 8 INFO neutron_taas.services.taas.tap_mirror_plugin [None req-a6b1e21f-5422-4bda-bcdf-2e24eceb727c d97f45bd43744005b01af0d71be51806 fefd08a90e2a4e93be6f4c427e406d26 - - default default] Tap Mirror: Handle Delete Port: 7f91c458-adc8-421d-82a4-e0e23c8d68bf
2026-05-09 06:25:11.682 8 INFO neutron.services.segments.plugin [-] Segment 696970f3-047b-4f2e-869f-18d66e715683 resource provider aggregate not found
2026-05-09 06:25:11.688 8 INFO neutron.services.segments.plugin [-] Segment 696970f3-047b-4f2e-869f-18d66e715683 resource provider aggregate not found
2026-05-09 06:25:11.716 8 INFO neutron.services.segments.plugin [-] Segment 696970f3-047b-4f2e-869f-18d66e715683 resource provider not found; error: Placement Client Error (4xx): {"errors": [{"status": 404, "title": "Not Found", "detail": "The resource could not be found.\n\n No resource provider with uuid 696970f3-047b-4f2e-869f-18d66e715683 found for delete ", "request_id": "req-6f968bce-62c9-4fd2-b415-8d145a04201e"}]}
2026-05-09 06:25:11.720 8 INFO neutron.services.segments.plugin [-] Segment 696970f3-047b-4f2e-869f-18d66e715683 resource provider not found; error: Placement Client Error (4xx): {"errors": [{"status": 404, "title": "Not Found", "detail": "The resource could not be found.\n\n No resource provider with uuid 696970f3-047b-4f2e-869f-18d66e715683 found for delete ", "request_id": "req-6803bb54-3b96-491e-9307-91232edc1342"}]} [pid: 8|app: 0|req: 858/1789] 10.0.0.247 () {32 vars in 726 bytes} [Sat May 9 06:25:11 2026] DELETE /v2.0/networks/14a8d2f9-1c75-4598-bf24-53873e358005 => generated 0 bytes in 459 msecs (HTTP/1.1 204) 3 headers in 131 bytes (1 switches on core 0)
2026-05-09 06:25:11.936 7 INFO neutron_taas.services.taas.taas_plugin [None req-0d8bbd7d-478b-426a-a9c9-170db8ac83b4 d97f45bd43744005b01af0d71be51806 fefd08a90e2a4e93be6f4c427e406d26 - - default default] TaaS: Handle Delete Port: e52e0640-c877-40c6-88f1-05bfd6ddf53e
2026-05-09 06:25:11.941 7 INFO neutron_taas.services.taas.tap_mirror_plugin [None req-0d8bbd7d-478b-426a-a9c9-170db8ac83b4 d97f45bd43744005b01af0d71be51806 fefd08a90e2a4e93be6f4c427e406d26 - - default default] Tap Mirror: Handle Delete Port: e52e0640-c877-40c6-88f1-05bfd6ddf53e
2026-05-09 06:25:12.121 8 WARNING neutron.plugins.ml2.drivers.ovn.mech_driver.ovsdb.ovn_client [None req-acf114c8-17ba-41c3-8949-05b26141bcaf - - - - - -] No port found with ID e4198dda-cf3c-4e21-b5f9-dbcd1c5d2e85: RuntimeError: No port found with ID e4198dda-cf3c-4e21-b5f9-dbcd1c5d2e85 [pid: 8|app: 0|req: 859/1790] 10.0.0.70 () {34 vars in 989 bytes} [Sat May 9 06:25:12 2026] GET /v2.0/ports?device_id=5377a6be-a7d9-4a9e-854d-819b47aac179 => generated 1008 bytes in 110 msecs (HTTP/1.1 200) 4 headers in 158 bytes (1 switches on core 0)
2026-05-09 06:25:12.193 7 INFO neutron.services.segments.plugin [-] Segment 9fa37018-dfed-4b23-b501-7069d84eb1b8 resource provider aggregate not found
2026-05-09 06:25:12.203 7 INFO neutron.services.segments.plugin [-] Segment 9fa37018-dfed-4b23-b501-7069d84eb1b8 resource provider aggregate not found [pid: 8|app: 0|req: 860/1791] 10.0.0.70 () {34 vars in 1119 bytes} [Sat May 9 06:25:12 2026] GET /v2.0/security-groups?id=8746f0a2-e10a-4301-a11c-2d098c40dd89&id=1a83ce46-2396-4d69-b082-7db65071bdbe&fields=id&fields=name => generated 206 bytes in 51 msecs (HTTP/1.1 200) 4 headers in 157 bytes (1 switches on core 0)
2026-05-09 06:25:12.231 7 INFO neutron.services.segments.plugin [-] Segment 9fa37018-dfed-4b23-b501-7069d84eb1b8 resource provider not found; error: Placement Client Error (4xx): {"errors": [{"status": 404, "title": "Not Found", "detail": "The resource could not be found.\n\n No resource provider with uuid 9fa37018-dfed-4b23-b501-7069d84eb1b8 found for delete ", "request_id": "req-c3d9462c-917b-4280-a58d-49039849d196"}]}
2026-05-09 06:25:12.233 7 INFO neutron.services.segments.plugin [-] Segment 9fa37018-dfed-4b23-b501-7069d84eb1b8 resource provider not found; error: Placement Client Error (4xx): {"errors": [{"status": 404, "title": "Not Found", "detail": "The resource could not be found.\n\n No resource provider with uuid 9fa37018-dfed-4b23-b501-7069d84eb1b8 found for delete ", "request_id": "req-3adfed32-0942-4801-8bab-e84834b41749"}]} [pid: 7|app: 0|req: 932/1792] 10.0.0.247 () {32 vars in 726 bytes} [Sat May 9 06:25:11 2026] DELETE /v2.0/networks/0e4c0841-51c5-4f73-a4c4-e24a28b82879 => generated 0 bytes in 487 msecs (HTTP/1.1 204) 3 headers in 131 bytes (1 switches on core 0)
2026-05-09 06:25:12.415 8 INFO neutron.db.segments_db [None req-8d8b0b5e-ac1f-427c-9cfc-0fdfce8eac3c d97f45bd43744005b01af0d71be51806 fefd08a90e2a4e93be6f4c427e406d26 - - default default] Added segment efc37466-442e-46e3-bae7-614bde7d1884 of type geneve for network a9736c92-34b7-45cd-a087-5bd3233cdc5c
2026-05-09 06:25:12.556 8 INFO neutron.db.ovn_revision_numbers_db [None req-8d8b0b5e-ac1f-427c-9cfc-0fdfce8eac3c d97f45bd43744005b01af0d71be51806 fefd08a90e2a4e93be6f4c427e406d26 - - default default] Successfully bumped revision number for resource a9736c92-34b7-45cd-a087-5bd3233cdc5c (type: networks) to 1
2026-05-09 06:25:12.779 8 WARNING neutron.scheduler.dhcp_agent_scheduler [None req-8d8b0b5e-ac1f-427c-9cfc-0fdfce8eac3c d97f45bd43744005b01af0d71be51806 fefd08a90e2a4e93be6f4c427e406d26 - - default default] No more DHCP agents
2026-05-09 06:25:12.780 8 WARNING neutron.api.rpc.agentnotifiers.dhcp_rpc_agent_api [None req-8d8b0b5e-ac1f-427c-9cfc-0fdfce8eac3c d97f45bd43744005b01af0d71be51806 fefd08a90e2a4e93be6f4c427e406d26 - - default default] Unable to schedule network a9736c92-34b7-45cd-a087-5bd3233cdc5c: no agents available; will retry on subsequent port and subnet creation events.
2026-05-09 06:25:12.897 8 INFO neutron.db.ovn_revision_numbers_db [None req-8d8b0b5e-ac1f-427c-9cfc-0fdfce8eac3c d97f45bd43744005b01af0d71be51806 fefd08a90e2a4e93be6f4c427e406d26 - - default default] Successfully bumped revision number for resource 6284bd23-a7c1-4c1d-8264-ffda3c46105a (type: ports) to 1 [pid: 8|app: 0|req: 861/1793] 10.0.0.247 () {34 vars in 670 bytes} [Sat May 9 06:25:12 2026] POST /v2.0/networks => generated 672 bytes in 637 msecs (HTTP/1.1 201) 4 headers in 162 bytes (1 switches on core 0)
2026-05-09 06:25:13.189 7 WARNING neutron.scheduler.dhcp_agent_scheduler [None req-de9b03e2-344a-4bfd-8e3c-314cc967d74a d97f45bd43744005b01af0d71be51806 fefd08a90e2a4e93be6f4c427e406d26 - - default default] No more DHCP agents
2026-05-09 06:25:13.197 7 WARNING neutron.api.rpc.agentnotifiers.dhcp_rpc_agent_api [None req-de9b03e2-344a-4bfd-8e3c-314cc967d74a d97f45bd43744005b01af0d71be51806 fefd08a90e2a4e93be6f4c427e406d26 - - default default] Unable to schedule network a9736c92-34b7-45cd-a087-5bd3233cdc5c: no agents available; will retry on subsequent port and subnet creation events.
2026-05-09 06:25:13.232 7 INFO neutron.db.ovn_revision_numbers_db [None req-de9b03e2-344a-4bfd-8e3c-314cc967d74a d97f45bd43744005b01af0d71be51806 fefd08a90e2a4e93be6f4c427e406d26 - - default default] Successfully bumped revision number for resource 413e6ec6-2399-431c-940b-0521198e7705 (type: subnets) to 0 [pid: 7|app: 0|req: 933/1794] 10.0.0.247 () {34 vars in 669 bytes} [Sat May 9 06:25:12 2026] POST /v2.0/subnets => generated 646 bytes in 326 msecs (HTTP/1.1 201) 4 headers in 162 bytes (1 switches on core 0)
2026-05-09 06:25:13.406 7 INFO neutron.db.ovn_revision_numbers_db [None req-ed310524-6b81-4417-a917-8102fba61ea6 d97f45bd43744005b01af0d71be51806 fefd08a90e2a4e93be6f4c427e406d26 - - default default] Successfully bumped revision number for resource 0dc018dc-8c23-4c6c-898b-778721bb529f (type: routers) to 1 [pid: 7|app: 0|req: 934/1795] 10.0.0.247 () {34 vars in 669 bytes} [Sat May 9 06:25:13 2026] POST /v2.0/routers => generated 607 bytes in 164 msecs (HTTP/1.1 201) 4 headers in 162 bytes (1 switches on core 0) [pid: 7|app: 0|req: 935/1796] 10.0.0.70 () {34 vars in 989 bytes} [Sat May 9 06:25:13 2026] GET /v2.0/ports?device_id=5377a6be-a7d9-4a9e-854d-819b47aac179 => generated 1008 bytes in 80 msecs (HTTP/1.1 200) 4 headers in 158 bytes (1 switches on core 0)
2026-05-09 06:25:13.547 8 INFO neutron.db.ovn_revision_numbers_db [None req-807193a0-8d71-4031-9a30-62962e685be5 537e7c5488fa420586da779e46c5a29f 9821a454b8994ff78073a10b11330a3d - - default default] Successfully bumped revision number for resource e44ad6a2-1cf7-414d-a09e-3f7f3fe2912b (type: security_groups) to 1
2026-05-09 06:25:13.562 8 INFO neutron.db.ovn_revision_numbers_db [None req-807193a0-8d71-4031-9a30-62962e685be5 537e7c5488fa420586da779e46c5a29f 9821a454b8994ff78073a10b11330a3d - - default default] Successfully bumped revision number for resource 799f09e4-000c-4f4e-a2c4-c81276531ae4 (type: security_group_rules) to 0
2026-05-09 06:25:13.571 8 INFO neutron.db.ovn_revision_numbers_db [None req-807193a0-8d71-4031-9a30-62962e685be5 537e7c5488fa420586da779e46c5a29f 9821a454b8994ff78073a10b11330a3d - - default default] Successfully bumped revision number for resource bba45d2c-4442-4bfd-ae5a-f0c9238c8864 (type: security_group_rules) to 0
2026-05-09 06:25:13.581 8 INFO neutron.db.ovn_revision_numbers_db [None req-807193a0-8d71-4031-9a30-62962e685be5 537e7c5488fa420586da779e46c5a29f 9821a454b8994ff78073a10b11330a3d - - default default] Successfully bumped revision number for resource da64e9a2-ae21-43c2-a90d-3d20f13242ff (type: security_group_rules) to 0
2026-05-09 06:25:13.591 8 INFO neutron.db.ovn_revision_numbers_db [None req-807193a0-8d71-4031-9a30-62962e685be5 537e7c5488fa420586da779e46c5a29f 9821a454b8994ff78073a10b11330a3d - - default default] Successfully bumped revision number for resource efb4dbba-3122-442f-ba80-9f629a71ae1e (type: security_group_rules) to 0 [pid: 8|app: 0|req: 862/1797] 10.0.0.247 () {32 vars in 774 bytes} [Sat May 9 06:25:13 2026] GET /v2.0/security-groups?tenant_id=43ffd096c0954a2596dd53bc7307261a&name=default => generated 2925 bytes in 393 msecs (HTTP/1.1 200) 4 headers in 158 bytes (1 switches on core 0)
2026-05-09 06:25:13.797 8 INFO neutron.db.ovn_revision_numbers_db [None req-a931d444-0674-45f1-b4b4-75d49f71608b 537e7c5488fa420586da779e46c5a29f 9821a454b8994ff78073a10b11330a3d - - default default] Successfully bumped revision number for resource 216560ee-de43-47b7-b912-b8180fc37e1d (type: security_groups) to 1
2026-05-09 06:25:13.816 7 WARNING neutron.scheduler.dhcp_agent_scheduler [None req-5c81eacd-b99b-44fb-bdb2-853286ce630a d97f45bd43744005b01af0d71be51806 fefd08a90e2a4e93be6f4c427e406d26 - - default default] No more DHCP agents
2026-05-09 06:25:13.817 7 WARNING neutron.api.rpc.agentnotifiers.dhcp_rpc_agent_api [None req-5c81eacd-b99b-44fb-bdb2-853286ce630a d97f45bd43744005b01af0d71be51806 fefd08a90e2a4e93be6f4c427e406d26 - - default default] Unable to schedule network a9736c92-34b7-45cd-a087-5bd3233cdc5c: no agents available; will retry on subsequent port and subnet creation events.
2026-05-09 06:25:13.823 8 INFO neutron.db.ovn_revision_numbers_db [None req-a931d444-0674-45f1-b4b4-75d49f71608b 537e7c5488fa420586da779e46c5a29f 9821a454b8994ff78073a10b11330a3d - - default default] Successfully bumped revision number for resource 8b4dcf8a-6511-4a7e-bbee-6719e3f0507c (type: security_group_rules) to 0
2026-05-09 06:25:13.835 8 INFO neutron.db.ovn_revision_numbers_db [None req-a931d444-0674-45f1-b4b4-75d49f71608b 537e7c5488fa420586da779e46c5a29f 9821a454b8994ff78073a10b11330a3d - - default default] Successfully bumped revision number for resource a4afb935-56e1-468d-9f3b-8e4f423b211b (type: security_group_rules) to 0
2026-05-09 06:25:13.858 8 INFO neutron.db.ovn_revision_numbers_db [None req-a931d444-0674-45f1-b4b4-75d49f71608b 537e7c5488fa420586da779e46c5a29f 9821a454b8994ff78073a10b11330a3d - - default default] Successfully bumped revision number for resource ae9567c5-9bd1-489f-8a27-c20e20ebef5c (type: security_group_rules) to 0
2026-05-09 06:25:13.874 8 INFO neutron.db.ovn_revision_numbers_db [None req-a931d444-0674-45f1-b4b4-75d49f71608b 537e7c5488fa420586da779e46c5a29f 9821a454b8994ff78073a10b11330a3d - - default default] Successfully bumped revision number for resource f08b0385-9049-4f8a-aba3-ea26eb9f1b50 (type: security_group_rules) to 0
2026-05-09 06:25:13.909 8 INFO neutron.plugins.ml2.drivers.ovn.mech_driver.mech_driver [None req-acf114c8-17ba-41c3-8949-05b26141bcaf - - - - - -] OVN reports status down for port: c85a781e-538d-4ece-97d8-9d119594bcb9
2026-05-09 06:25:13.936 7 INFO neutron.db.ovn_revision_numbers_db [None req-5c81eacd-b99b-44fb-bdb2-853286ce630a d97f45bd43744005b01af0d71be51806 fefd08a90e2a4e93be6f4c427e406d26 - - default default] Successfully bumped revision number for resource c85a781e-538d-4ece-97d8-9d119594bcb9 (type: ports) to 1 [pid: 8|app: 0|req: 863/1798] 10.0.0.247 () {32 vars in 774 bytes} [Sat May 9 06:25:13 2026] GET /v2.0/security-groups?tenant_id=b25c70afa4e14e2c98d452ebfc2899be&name=default => generated 2925 bytes in 329 msecs (HTTP/1.1 200) 4 headers in 158 bytes (1 switches on core 0) [pid: 7|app: 0|req: 936/1799] 10.0.0.247 () {34 vars in 665 bytes} [Sat May 9 06:25:13 2026] POST /v2.0/ports => generated 964 bytes in 457 msecs (HTTP/1.1 201) 4 headers in 162 bytes (1 switches on core 0) /var/lib/openstack/lib/python3.12/site-packages/pycadf/identifier.py:70: UserWarning: Invalid uuid: neutron. To ensure interoperability, identifiers should be a valid uuid. warnings.warn(('Invalid uuid: %s. To ensure interoperability, ' [pid: 8|app: 0|req: 864/1800] 10.0.0.70 () {34 vars in 1119 bytes} [Sat May 9 06:25:13 2026] GET /v2.0/security-groups?id=8746f0a2-e10a-4301-a11c-2d098c40dd89&id=1a83ce46-2396-4d69-b082-7db65071bdbe&fields=id&fields=name => generated 206 bytes in 56 msecs (HTTP/1.1 200) 4 headers in 157 bytes (1 switches on core 0) [pid: 7|app: 0|req: 937/1801] 10.0.0.247 () {32 vars in 740 bytes} [Sat May 9 06:25:13 2026] DELETE /v2.0/security-groups/e44ad6a2-1cf7-414d-a09e-3f7f3fe2912b => generated 0 bytes in 253 msecs (HTTP/1.1 204) 2 headers in 112 bytes (1 switches on core 0) [pid: 8|app: 0|req: 865/1802] 10.0.0.247 () {32 vars in 740 bytes} [Sat May 9 06:25:14 2026] DELETE /v2.0/security-groups/216560ee-de43-47b7-b912-b8180fc37e1d => generated 0 bytes in 243 msecs (HTTP/1.1 204) 2 headers in 112 bytes (1 switches on core 0)
2026-05-09 06:25:14.558 8 INFO neutron.db.ovn_revision_numbers_db [None req-95d236c4-a38b-418e-ac2b-e0717daf3774 537e7c5488fa420586da779e46c5a29f 9821a454b8994ff78073a10b11330a3d - - default default] Successfully bumped revision number for resource 91bad4cc-d1e3-4137-a49e-faaa078ae73e (type: security_groups) to 1
2026-05-09 06:25:14.564 7 WARNING neutron.plugins.ml2.drivers.ovn.mech_driver.ovsdb.ovn_client [None req-ec52caca-0b8e-4438-9421-11f22155036f - - - - - -] No port found with ID 307ba6fa-7635-4f2d-a7ac-b01d780dc30a: RuntimeError: No port found with ID 307ba6fa-7635-4f2d-a7ac-b01d780dc30a
2026-05-09 06:25:14.564 7 INFO neutron.plugins.ml2.drivers.ovn.mech_driver.mech_driver [None req-ec52caca-0b8e-4438-9421-11f22155036f - - - - - -] OVN reports status up for port: 5596803c-f196-44ec-90ba-61b1514b0748
2026-05-09 06:25:14.580 8 INFO neutron.db.ovn_revision_numbers_db [None req-95d236c4-a38b-418e-ac2b-e0717daf3774 537e7c5488fa420586da779e46c5a29f 9821a454b8994ff78073a10b11330a3d - - default default] Successfully bumped revision number for resource 45e5c74b-182b-4c43-93da-83c6c0028b96 (type: security_group_rules) to 0
2026-05-09 06:25:14.594 8 INFO neutron.db.ovn_revision_numbers_db [None req-95d236c4-a38b-418e-ac2b-e0717daf3774 537e7c5488fa420586da779e46c5a29f 9821a454b8994ff78073a10b11330a3d - - default default] Successfully bumped revision number for resource 774df033-0411-4131-9e77-0f3ef315886b (type: security_group_rules) to 0
2026-05-09 06:25:14.608 8 INFO neutron.db.ovn_revision_numbers_db [None req-95d236c4-a38b-418e-ac2b-e0717daf3774 537e7c5488fa420586da779e46c5a29f 9821a454b8994ff78073a10b11330a3d - - default default] Successfully bumped revision number for resource d07b2d82-d979-41c6-8f4b-c3d3c9959d89 (type: security_group_rules) to 0
2026-05-09 06:25:14.624 8 INFO neutron.db.ovn_revision_numbers_db [None req-95d236c4-a38b-418e-ac2b-e0717daf3774 537e7c5488fa420586da779e46c5a29f 9821a454b8994ff78073a10b11330a3d - - default default] Successfully bumped revision number for resource e9da2dc1-6d35-4c9d-ba0f-6fc0969d3abd (type: security_group_rules) to 0
2026-05-09 06:25:14.641 7 INFO neutron.plugins.ml2.plugin [None req-ec52caca-0b8e-4438-9421-11f22155036f - - - - - -] Attempt 1 to provision port 5596803c-f196-44ec-90ba-61b1514b0748 [pid: 8|app: 0|req: 866/1803] 10.0.0.247 () {32 vars in 774 bytes} [Sat May 9 06:25:14 2026] GET /v2.0/security-groups?tenant_id=49c1c822d81b4b5c8fa7b3afc9ef0ef5&name=default => generated 2925 bytes in 256 msecs (HTTP/1.1 200) 4 headers in 158 bytes (1 switches on core 0)
2026-05-09 06:25:14.774 8 INFO neutron.plugins.ml2.drivers.ovn.mech_driver.mech_driver [None req-acf114c8-17ba-41c3-8949-05b26141bcaf - - - - - -] OVN reports status up for port: c85a781e-538d-4ece-97d8-9d119594bcb9
2026-05-09 06:25:14.815 8 INFO neutron.plugins.ml2.plugin [None req-acf114c8-17ba-41c3-8949-05b26141bcaf - - - - - -] Attempt 1 to provision port c85a781e-538d-4ece-97d8-9d119594bcb9
2026-05-09 06:25:14.897 7 INFO neutron.db.ovn_revision_numbers_db [None req-877d22d2-0594-44ad-9cb4-a0aca3349011 d97f45bd43744005b01af0d71be51806 fefd08a90e2a4e93be6f4c427e406d26 - - default default] Successfully bumped revision number for resource c85a781e-538d-4ece-97d8-9d119594bcb9 (type: ports) to 2
2026-05-09 06:25:14.905 7 INFO neutron.notifiers.nova [-] Nova event matching ['req-4c75e979-c7fa-4b40-8a95-798009755a58'] response: {'server_uuid': '5377a6be-a7d9-4a9e-854d-819b47aac179', 'name': 'network-vif-plugged', 'status': 'completed', 'tag': '5596803c-f196-44ec-90ba-61b1514b0748', 'code': 200} [pid: 8|app: 0|req: 867/1804] 10.0.0.247 () {32 vars in 740 bytes} [Sat May 9 06:25:14 2026] DELETE /v2.0/security-groups/91bad4cc-d1e3-4137-a49e-faaa078ae73e => generated 0 bytes in 356 msecs (HTTP/1.1 204) 2 headers in 112 bytes (1 switches on core 0)
2026-05-09 06:25:15.240 7 INFO neutron.db.ovn_revision_numbers_db [None req-ec52caca-0b8e-4438-9421-11f22155036f - - - - - -] Successfully bumped revision number for resource 5596803c-f196-44ec-90ba-61b1514b0748 (type: ports) to 5
2026-05-09 06:25:15.282 8 INFO neutron.db.ovn_revision_numbers_db [None req-acf114c8-17ba-41c3-8949-05b26141bcaf - - - - - -] Successfully bumped revision number for resource c85a781e-538d-4ece-97d8-9d119594bcb9 (type: ports) to 3 [pid: 8|app: 0|req: 868/1805] 10.0.0.70 () {34 vars in 989 bytes} [Sat May 9 06:25:15 2026] GET /v2.0/ports?device_id=5377a6be-a7d9-4a9e-854d-819b47aac179 => generated 1010 bytes in 195 msecs (HTTP/1.1 200) 4 headers in 158 bytes (1 switches on core 0) [pid: 8|app: 0|req: 869/1806] 10.0.0.70 () {34 vars in 1119 bytes} [Sat May 9 06:25:15 2026] GET /v2.0/security-groups?id=8746f0a2-e10a-4301-a11c-2d098c40dd89&id=1a83ce46-2396-4d69-b082-7db65071bdbe&fields=id&fields=name => generated 206 bytes in 73 msecs (HTTP/1.1 200) 4 headers in 157 bytes (1 switches on core 0)
2026-05-09 06:25:15.490 7 INFO neutron.plugins.ml2.drivers.ovn.mech_driver.mech_driver [None req-5fe247d4-bc34-4871-91dc-488db24e3d7d - - - - - -] OVN reports status down for port: 6284bd23-a7c1-4c1d-8264-ffda3c46105a
2026-05-09 06:25:15.954 7 WARNING neutron.scheduler.dhcp_agent_scheduler [None req-877d22d2-0594-44ad-9cb4-a0aca3349011 d97f45bd43744005b01af0d71be51806 fefd08a90e2a4e93be6f4c427e406d26 - - default default] No more DHCP agents
2026-05-09 06:25:15.958 7 WARNING neutron.api.rpc.agentnotifiers.dhcp_rpc_agent_api [None req-877d22d2-0594-44ad-9cb4-a0aca3349011 d97f45bd43744005b01af0d71be51806 fefd08a90e2a4e93be6f4c427e406d26 - - default default] Unable to schedule network a9736c92-34b7-45cd-a087-5bd3233cdc5c: no agents available; will retry on subsequent port and subnet creation events. /var/lib/openstack/lib/python3.12/site-packages/pycadf/identifier.py:70: UserWarning: Invalid uuid: neutron. To ensure interoperability, identifiers should be a valid uuid. warnings.warn(('Invalid uuid: %s. To ensure interoperability, '
2026-05-09 06:25:16.169 7 INFO neutron.db.ovn_revision_numbers_db [None req-877d22d2-0594-44ad-9cb4-a0aca3349011 d97f45bd43744005b01af0d71be51806 fefd08a90e2a4e93be6f4c427e406d26 - - default default] Successfully bumped revision number for resource c85a781e-538d-4ece-97d8-9d119594bcb9 (type: router_ports) to 3 [pid: 7|app: 0|req: 938/1807] 10.0.0.247 () {34 vars in 783 bytes} [Sat May 9 06:25:14 2026] PUT /v2.0/routers/0dc018dc-8c23-4c6c-898b-778721bb529f/add_router_interface => generated 309 bytes in 1959 msecs (HTTP/1.1 200) 4 headers in 157 bytes (1 switches on core 0) /var/lib/openstack/lib/python3.12/site-packages/pycadf/identifier.py:70: UserWarning: Invalid uuid: neutron. To ensure interoperability, identifiers should be a valid uuid. warnings.warn(('Invalid uuid: %s. To ensure interoperability, ' [pid: 7|app: 0|req: 939/1808] 10.0.0.247 () {32 vars in 717 bytes} [Sat May 9 06:25:16 2026] GET /v2.0/ports/c85a781e-538d-4ece-97d8-9d119594bcb9 => generated 1026 bytes in 37 msecs (HTTP/1.1 200) 4 headers in 158 bytes (1 switches on core 0)
2026-05-09 06:25:16.334 8 INFO neutron.db.ovn_revision_numbers_db [None req-4fe17c9e-a37d-4558-b8b3-049a9932702a 537e7c5488fa420586da779e46c5a29f 9821a454b8994ff78073a10b11330a3d - - default default] Successfully bumped revision number for resource 0af4e8ed-9c08-4169-8a39-a7e9f9c7d217 (type: security_groups) to 1
2026-05-09 06:25:16.347 8 INFO neutron.db.ovn_revision_numbers_db [None req-4fe17c9e-a37d-4558-b8b3-049a9932702a 537e7c5488fa420586da779e46c5a29f 9821a454b8994ff78073a10b11330a3d - - default default] Successfully bumped revision number for resource 326e39f7-322b-4031-9bd5-3f24a7126897 (type: security_group_rules) to 0
2026-05-09 06:25:16.364 8 INFO neutron.db.ovn_revision_numbers_db [None req-4fe17c9e-a37d-4558-b8b3-049a9932702a 537e7c5488fa420586da779e46c5a29f 9821a454b8994ff78073a10b11330a3d - - default default] Successfully bumped revision number for resource 7ec49bfc-f304-4691-9bf0-c404c211cabc (type: security_group_rules) to 0
2026-05-09 06:25:16.379 8 INFO neutron.db.ovn_revision_numbers_db [None req-4fe17c9e-a37d-4558-b8b3-049a9932702a 537e7c5488fa420586da779e46c5a29f 9821a454b8994ff78073a10b11330a3d - - default default] Successfully bumped revision number for resource 993f0caa-4db9-48d9-9bcd-3374bb063bd0 (type: security_group_rules) to 0
2026-05-09 06:25:16.391 8 INFO neutron.db.ovn_revision_numbers_db [None req-4fe17c9e-a37d-4558-b8b3-049a9932702a 537e7c5488fa420586da779e46c5a29f 9821a454b8994ff78073a10b11330a3d - - default default] Successfully bumped revision number for resource e4b4852b-38e6-4b6b-906a-3b5d78c64025 (type: security_group_rules) to 0
2026-05-09 06:25:16.474 8 INFO neutron.db.segments_db [None req-4fe17c9e-a37d-4558-b8b3-049a9932702a 537e7c5488fa420586da779e46c5a29f 9821a454b8994ff78073a10b11330a3d - - default default] Added segment a113f293-4822-4305-9a85-7ced3b3a6f00 of type geneve for network 22a4add6-060a-4058-b0e8-70e451caee06
2026-05-09 06:25:16.592 8 INFO neutron.db.ovn_revision_numbers_db [None req-4fe17c9e-a37d-4558-b8b3-049a9932702a 537e7c5488fa420586da779e46c5a29f 9821a454b8994ff78073a10b11330a3d - - default default] Successfully bumped revision number for resource 22a4add6-060a-4058-b0e8-70e451caee06 (type: networks) to 1
2026-05-09 06:25:16.609 7 INFO neutron_taas.services.taas.taas_plugin [None req-49d57dc3-553d-43fd-978c-482e6d08a973 d97f45bd43744005b01af0d71be51806 fefd08a90e2a4e93be6f4c427e406d26 - - default default] TaaS: Handle Delete Port: c85a781e-538d-4ece-97d8-9d119594bcb9
2026-05-09 06:25:16.616 7 INFO neutron_taas.services.taas.tap_mirror_plugin [None req-49d57dc3-553d-43fd-978c-482e6d08a973 d97f45bd43744005b01af0d71be51806 fefd08a90e2a4e93be6f4c427e406d26 - - default default] Tap Mirror: Handle Delete Port: c85a781e-538d-4ece-97d8-9d119594bcb9
2026-05-09 06:25:16.782 8 WARNING neutron.scheduler.dhcp_agent_scheduler [None req-4fe17c9e-a37d-4558-b8b3-049a9932702a 537e7c5488fa420586da779e46c5a29f 9821a454b8994ff78073a10b11330a3d - - default default] No more DHCP agents
2026-05-09 06:25:16.783 8 WARNING neutron.api.rpc.agentnotifiers.dhcp_rpc_agent_api [None req-4fe17c9e-a37d-4558-b8b3-049a9932702a 537e7c5488fa420586da779e46c5a29f 9821a454b8994ff78073a10b11330a3d - - default default] Unable to schedule network 22a4add6-060a-4058-b0e8-70e451caee06: no agents available; will retry on subsequent port and subnet creation events.
2026-05-09 06:25:16.864 8 INFO neutron.db.ovn_revision_numbers_db [None req-4fe17c9e-a37d-4558-b8b3-049a9932702a 537e7c5488fa420586da779e46c5a29f 9821a454b8994ff78073a10b11330a3d - - default default] Successfully bumped revision number for resource bbe1ca62-fb1e-4072-9483-55f00c818468 (type: ports) to 1 [pid: 8|app: 0|req: 870/1809] 10.0.0.247 () {34 vars in 671 bytes} [Sat May 9 06:25:15 2026] POST /v2.0/networks => generated 781 bytes in 978 msecs (HTTP/1.1 201) 4 headers in 162 bytes (1 switches on core 0) [pid: 8|app: 0|req: 871/1810] 10.0.0.70 () {34 vars in 989 bytes} [Sat May 9 06:25:16 2026] GET /v2.0/ports?device_id=5377a6be-a7d9-4a9e-854d-819b47aac179 => generated 1010 bytes in 40 msecs (HTTP/1.1 200) 4 headers in 158 bytes (1 switches on core 0)
2026-05-09 06:25:16.962 7 INFO neutron.notifiers.nova [-] Nova event matching ['req-0ffb07a6-7db3-4348-907e-487efcc94da2'] response: {'server_uuid': '5377a6be-a7d9-4a9e-854d-819b47aac179', 'name': 'network-vif-plugged', 'status': 'completed', 'tag': '5596803c-f196-44ec-90ba-61b1514b0748', 'code': 200} [pid: 7|app: 0|req: 940/1811] 10.0.0.247 () {34 vars in 789 bytes} [Sat May 9 06:25:16 2026] PUT /v2.0/routers/0dc018dc-8c23-4c6c-898b-778721bb529f/remove_router_interface => generated 309 bytes in 740 msecs (HTTP/1.1 200) 4 headers in 157 bytes (1 switches on core 0) /var/lib/openstack/lib/python3.12/site-packages/pycadf/identifier.py:70: UserWarning: Invalid uuid: neutron. To ensure interoperability, identifiers should be a valid uuid. warnings.warn(('Invalid uuid: %s. To ensure interoperability, ' [pid: 7|app: 0|req: 941/1812] 10.0.0.70 () {34 vars in 1119 bytes} [Sat May 9 06:25:16 2026] GET /v2.0/security-groups?id=8746f0a2-e10a-4301-a11c-2d098c40dd89&id=1a83ce46-2396-4d69-b082-7db65071bdbe&fields=id&fields=name => generated 206 bytes in 45 msecs (HTTP/1.1 200) 4 headers in 157 bytes (1 switches on core 0)
2026-05-09 06:25:17.075 7 INFO neutron.api.v2.resource [None req-58bee3f0-5967-4363-b26e-1fe49e30837d d97f45bd43744005b01af0d71be51806 fefd08a90e2a4e93be6f4c427e406d26 - - default default] remove_router_interface failed (client error): The resource could not be found. [pid: 7|app: 0|req: 942/1813] 10.0.0.247 () {34 vars in 789 bytes} [Sat May 9 06:25:17 2026] PUT /v2.0/routers/0dc018dc-8c23-4c6c-898b-778721bb529f/remove_router_interface => generated 197 bytes in 64 msecs (HTTP/1.1 404) 4 headers in 164 bytes (1 switches on core 0)
2026-05-09 06:25:17.089 8 WARNING neutron.scheduler.dhcp_agent_scheduler [None req-12dd23df-e5bf-4659-8ad2-34a7f1bb4f9e 537e7c5488fa420586da779e46c5a29f 9821a454b8994ff78073a10b11330a3d - - default default] No more DHCP agents
2026-05-09 06:25:17.091 8 WARNING neutron.api.rpc.agentnotifiers.dhcp_rpc_agent_api [None req-12dd23df-e5bf-4659-8ad2-34a7f1bb4f9e 537e7c5488fa420586da779e46c5a29f 9821a454b8994ff78073a10b11330a3d - - default default] Unable to schedule network 22a4add6-060a-4058-b0e8-70e451caee06: no agents available; will retry on subsequent port and subnet creation events. [pid: 7|app: 0|req: 943/1814] 10.0.0.70 () {34 vars in 989 bytes} [Sat May 9 06:25:17 2026] GET /v2.0/ports?device_id=5377a6be-a7d9-4a9e-854d-819b47aac179 => generated 1010 bytes in 43 msecs (HTTP/1.1 200) 4 headers in 158 bytes (1 switches on core 0) [pid: 7|app: 0|req: 944/1815] 10.0.0.247 () {32 vars in 736 bytes} [Sat May 9 06:25:17 2026] GET /v2.0/ports?device_id=0dc018dc-8c23-4c6c-898b-778721bb529f => generated 12 bytes in 19 msecs (HTTP/1.1 200) 4 headers in 156 bytes (1 switches on core 0)
2026-05-09 06:25:17.565 8 INFO neutron.db.ovn_revision_numbers_db [None req-1e430f0d-c11f-458d-8140-03114f622ead - - - - - -] Successfully bumped revision number for resource bbe1ca62-fb1e-4072-9483-55f00c818468 (type: ports) to 2
2026-05-09 06:25:17.633 8 INFO neutron.db.ovn_revision_numbers_db [None req-1e430f0d-c11f-458d-8140-03114f622ead - - - - - -] Successfully bumped revision number for resource 8a623043-4d90-4cbb-816d-01617782f4aa (type: subnets) to 0 [pid: 8|app: 0|req: 872/1816] 10.0.0.247 () {34 vars in 669 bytes} [Sat May 9 06:25:16 2026] POST /v2.0/subnets => generated 688 bytes in 731 msecs (HTTP/1.1 201) 4 headers in 162 bytes (1 switches on core 0)
2026-05-09 06:25:17.727 7 INFO neutron.db.ovn_revision_numbers_db [None req-7d68efd7-7a64-40e2-9df4-88987f726d32 e2622c0cd32847b1bd9034dd2f0f84f9 e40f73bed4f348d7807aaa7cd848ba85 - - default default] Successfully bumped revision number for resource 7699824a-e249-41e5-aee9-ed49ce2a1500 (type: floatingips) to 1 [pid: 8|app: 0|req: 873/1817] 10.0.0.247 () {32 vars in 724 bytes} [Sat May 9 06:25:17 2026] DELETE /v2.0/routers/0dc018dc-8c23-4c6c-898b-778721bb529f => generated 0 bytes in 216 msecs (HTTP/1.1 204) 2 headers in 112 bytes (1 switches on core 0)
2026-05-09 06:25:17.884 7 INFO neutron.db.ovn_revision_numbers_db [None req-7d68efd7-7a64-40e2-9df4-88987f726d32 e2622c0cd32847b1bd9034dd2f0f84f9 e40f73bed4f348d7807aaa7cd848ba85 - - default default] Successfully bumped revision number for resource 7699824a-e249-41e5-aee9-ed49ce2a1500 (type: floatingips) to 2
2026-05-09 06:25:17.885 7 INFO neutron.db.l3_db [None req-7d68efd7-7a64-40e2-9df4-88987f726d32 e2622c0cd32847b1bd9034dd2f0f84f9 e40f73bed4f348d7807aaa7cd848ba85 - - default default] Floating IP 7699824a-e249-41e5-aee9-ed49ce2a1500 associated. External IP: 10.96.250.211, port: 5596803c-f196-44ec-90ba-61b1514b0748. [pid: 7|app: 0|req: 945/1818] 10.0.0.247 () {34 vars in 749 bytes} [Sat May 9 06:25:17 2026] PUT /v2.0/floatingips/7699824a-e249-41e5-aee9-ed49ce2a1500 => generated 855 bytes in 781 msecs (HTTP/1.1 200) 4 headers in 157 bytes (1 switches on core 0) /var/lib/openstack/lib/python3.12/site-packages/pycadf/identifier.py:70: UserWarning: Invalid uuid: neutron. To ensure interoperability, identifiers should be a valid uuid. warnings.warn(('Invalid uuid: %s. To ensure interoperability, ' [pid: 7|app: 0|req: 946/1819] 10.0.0.247 () {32 vars in 724 bytes} [Sat May 9 06:25:17 2026] DELETE /v2.0/subnets/413e6ec6-2399-431c-940b-0521198e7705 => generated 0 bytes in 192 msecs (HTTP/1.1 204) 3 headers in 131 bytes (1 switches on core 0)
2026-05-09 06:25:18.251 7 INFO neutron_taas.services.taas.taas_plugin [None req-ef774f62-bb93-46d2-b439-f72baebc7ebb d97f45bd43744005b01af0d71be51806 fefd08a90e2a4e93be6f4c427e406d26 - - default default] TaaS: Handle Delete Port: 6284bd23-a7c1-4c1d-8264-ffda3c46105a
2026-05-09 06:25:18.254 7 INFO neutron_taas.services.taas.tap_mirror_plugin [None req-ef774f62-bb93-46d2-b439-f72baebc7ebb d97f45bd43744005b01af0d71be51806 fefd08a90e2a4e93be6f4c427e406d26 - - default default] Tap Mirror: Handle Delete Port: 6284bd23-a7c1-4c1d-8264-ffda3c46105a
2026-05-09 06:25:18.443 7 INFO neutron.services.segments.plugin [-] Segment efc37466-442e-46e3-bae7-614bde7d1884 resource provider aggregate not found
2026-05-09 06:25:18.448 7 INFO neutron.services.segments.plugin [-] Segment efc37466-442e-46e3-bae7-614bde7d1884 resource provider aggregate not found
2026-05-09 06:25:18.467 7 INFO neutron.services.segments.plugin [-] Segment efc37466-442e-46e3-bae7-614bde7d1884 resource provider not found; error: Placement Client Error (4xx): {"errors": [{"status": 404, "title": "Not Found", "detail": "The resource could not be found.\n\n No resource provider with uuid efc37466-442e-46e3-bae7-614bde7d1884 found for delete ", "request_id": "req-11f3317b-a519-4ad5-9711-a28b80f1d100"}]}
2026-05-09 06:25:18.471 7 INFO neutron.services.segments.plugin [-] Segment efc37466-442e-46e3-bae7-614bde7d1884 resource provider not found; error: Placement Client Error (4xx): {"errors": [{"status": 404, "title": "Not Found", "detail": "The resource could not be found.\n\n No resource provider with uuid efc37466-442e-46e3-bae7-614bde7d1884 found for delete ", "request_id": "req-b3744bad-50d8-4be9-afa2-4be8de8ffe48"}]} [pid: 7|app: 0|req: 947/1820] 10.0.0.247 () {32 vars in 726 bytes} [Sat May 9 06:25:18 2026] DELETE /v2.0/networks/a9736c92-34b7-45cd-a087-5bd3233cdc5c => generated 0 bytes in 385 msecs (HTTP/1.1 204) 3 headers in 131 bytes (1 switches on core 0) [pid: 7|app: 0|req: 948/1821] 10.0.0.3 () {28 vars in 597 bytes} [Sat May 9 06:25:18 2026] GET /v2.0/security-groups => generated 37223 bytes in 245 msecs (HTTP/1.1 200) 4 headers in 159 bytes (1 switches on core 0)
2026-05-09 06:25:18.846 7 INFO neutron.db.segments_db [None req-2113af02-9a71-45de-9354-324f52c50c5c d97f45bd43744005b01af0d71be51806 fefd08a90e2a4e93be6f4c427e406d26 - - default default] Added segment a910b5f9-6214-4e39-a882-f8029a22c39c of type geneve for network 9abaf15e-eeec-4e7b-8eb7-7c171429708c
2026-05-09 06:25:18.972 7 INFO neutron.db.ovn_revision_numbers_db [None req-2113af02-9a71-45de-9354-324f52c50c5c d97f45bd43744005b01af0d71be51806 fefd08a90e2a4e93be6f4c427e406d26 - - default default] Successfully bumped revision number for resource 9abaf15e-eeec-4e7b-8eb7-7c171429708c (type: networks) to 1
2026-05-09 06:25:19.018 8 WARNING neutron.scheduler.dhcp_agent_scheduler [None req-a68ea9fa-5c94-4d65-a987-78101cca8529 537e7c5488fa420586da779e46c5a29f 9821a454b8994ff78073a10b11330a3d - - default default] No more DHCP agents
2026-05-09 06:25:19.020 8 WARNING neutron.api.rpc.agentnotifiers.dhcp_rpc_agent_api [None req-a68ea9fa-5c94-4d65-a987-78101cca8529 537e7c5488fa420586da779e46c5a29f 9821a454b8994ff78073a10b11330a3d - - default default] Unable to schedule network b49c7b1c-c018-4108-b950-be16a2825b27: no agents available; will retry on subsequent port and subnet creation events.
2026-05-09 06:25:19.020 7 INFO neutron.notifiers.nova [-] Nova event matching ['req-53899d88-b5f6-4be6-be17-10b714e6b7ca'] response: {'name': 'network-changed', 'server_uuid': '5377a6be-a7d9-4a9e-854d-819b47aac179', 'tag': '5596803c-f196-44ec-90ba-61b1514b0748', 'status': 'completed', 'code': 200}
2026-05-09 06:25:19.128 7 INFO neutron.plugins.ml2.drivers.ovn.mech_driver.mech_driver [None req-5fe247d4-bc34-4871-91dc-488db24e3d7d - - - - - -] OVN reports status down for port: a7f4e52c-5d87-4852-b47c-5a1488e588a8
2026-05-09 06:25:19.163 8 INFO neutron.db.ovn_revision_numbers_db [None req-a68ea9fa-5c94-4d65-a987-78101cca8529 537e7c5488fa420586da779e46c5a29f 9821a454b8994ff78073a10b11330a3d - - default default] Successfully bumped revision number for resource a7f4e52c-5d87-4852-b47c-5a1488e588a8 (type: ports) to 1
2026-05-09 06:25:19.213 7 WARNING neutron.scheduler.dhcp_agent_scheduler [None req-2113af02-9a71-45de-9354-324f52c50c5c d97f45bd43744005b01af0d71be51806 fefd08a90e2a4e93be6f4c427e406d26 - - default default] No more DHCP agents
2026-05-09 06:25:19.219 7 WARNING neutron.api.rpc.agentnotifiers.dhcp_rpc_agent_api [None req-2113af02-9a71-45de-9354-324f52c50c5c d97f45bd43744005b01af0d71be51806 fefd08a90e2a4e93be6f4c427e406d26 - - default default] Unable to schedule network 9abaf15e-eeec-4e7b-8eb7-7c171429708c: no agents available; will retry on subsequent port and subnet creation events.
2026-05-09 06:25:19.282 7 INFO neutron.plugins.ml2.drivers.ovn.mech_driver.mech_driver [None req-5fe247d4-bc34-4871-91dc-488db24e3d7d - - - - - -] OVN reports status down for port: a69ec974-d64c-4149-97cf-04e35e23e208
2026-05-09 06:25:19.344 7 INFO neutron.db.ovn_revision_numbers_db [None req-2113af02-9a71-45de-9354-324f52c50c5c d97f45bd43744005b01af0d71be51806 fefd08a90e2a4e93be6f4c427e406d26 - - default default] Successfully bumped revision number for resource a69ec974-d64c-4149-97cf-04e35e23e208 (type: ports) to 1 [pid: 7|app: 0|req: 949/1822] 10.0.0.247 () {34 vars in 670 bytes} [Sat May 9 06:25:18 2026] POST /v2.0/networks => generated 672 bytes in 659 msecs (HTTP/1.1 201) 4 headers in 162 bytes (1 switches on core 0) [pid: 7|app: 0|req: 950/1823] 10.0.0.3 () {28 vars in 579 bytes} [Sat May 9 06:25:19 2026] GET /v2.0/agents => generated 1214 bytes in 30 msecs (HTTP/1.1 200) 4 headers in 158 bytes (1 switches on core 0)
2026-05-09 06:25:19.605 7 INFO neutron.db.ovn_revision_numbers_db [None req-5f6e94b4-3848-41f8-b536-86f124657046 d5f404a6ae7f48728ec769745f52249e 7ef2df3e9c9d4dfdbef84e92900fb312 - - default default] Successfully bumped revision number for resource ed406d8a-f833-49fb-91a7-78f4fbfbaf11 (type: routers) to 1 [pid: 7|app: 0|req: 951/1824] 10.0.0.247 () {34 vars in 668 bytes} [Sat May 9 06:25:19 2026] POST /v2.0/routers => generated 570 bytes in 186 msecs (HTTP/1.1 201) 4 headers in 162 bytes (1 switches on core 0)
2026-05-09 06:25:19.828 8 INFO neutron.plugins.ml2.drivers.ovn.mech_driver.ovsdb.commands [None req-c1545675-3608-460a-8d63-42577aff9a13 - - - - - -] Schedule LRP lrp-a7f4e52c-5d87-4852-b47c-5a1488e588a8 on gateway ca9fd2f8-6b82-4871-bb66-0a54e2153937 with priority 1
2026-05-09 06:25:19.829 7 WARNING neutron.scheduler.dhcp_agent_scheduler [None req-b2aa4dcc-6fb8-46bf-bfdc-4e49bcf24c45 d97f45bd43744005b01af0d71be51806 fefd08a90e2a4e93be6f4c427e406d26 - - default default] No more DHCP agents
2026-05-09 06:25:19.831 7 WARNING neutron.api.rpc.agentnotifiers.dhcp_rpc_agent_api [None req-b2aa4dcc-6fb8-46bf-bfdc-4e49bcf24c45 d97f45bd43744005b01af0d71be51806 fefd08a90e2a4e93be6f4c427e406d26 - - default default] Unable to schedule network 9abaf15e-eeec-4e7b-8eb7-7c171429708c: no agents available; will retry on subsequent port and subnet creation events.
2026-05-09 06:25:19.850 7 INFO neutron.plugins.ml2.drivers.ovn.mech_driver.mech_driver [None req-5fe247d4-bc34-4871-91dc-488db24e3d7d - - - - - -] OVN reports status up for port: a7f4e52c-5d87-4852-b47c-5a1488e588a8
2026-05-09 06:25:19.859 8 INFO neutron.plugins.ml2.drivers.ovn.mech_driver.ovsdb.ovsdb_monitor [None req-6f882e56-faee-4519-bfe5-40a665829853 - - - - - -] Router 159497f9-447e-4c5d-87c1-db2ab50a8ed8 is bound to host instance
2026-05-09 06:25:19.892 7 INFO neutron.plugins.ml2.plugin [None req-5fe247d4-bc34-4871-91dc-488db24e3d7d - - - - - -] Attempt 1 to provision port a7f4e52c-5d87-4852-b47c-5a1488e588a8
2026-05-09 06:25:19.907 7 INFO neutron.db.ovn_revision_numbers_db [None req-b2aa4dcc-6fb8-46bf-bfdc-4e49bcf24c45 d97f45bd43744005b01af0d71be51806 fefd08a90e2a4e93be6f4c427e406d26 - - default default] Successfully bumped revision number for resource 27270370-ecd4-470b-9e2a-cb30d2f5cddb (type: subnets) to 0
2026-05-09 06:25:19.914 8 INFO neutron.db.ovn_revision_numbers_db [None req-a68ea9fa-5c94-4d65-a987-78101cca8529 537e7c5488fa420586da779e46c5a29f 9821a454b8994ff78073a10b11330a3d - - default default] Successfully bumped revision number for resource a7f4e52c-5d87-4852-b47c-5a1488e588a8 (type: router_ports) to 1 [pid: 7|app: 0|req: 952/1825] 10.0.0.247 () {34 vars in 669 bytes} [Sat May 9 06:25:19 2026] POST /v2.0/subnets => generated 646 bytes in 313 msecs (HTTP/1.1 201) 4 headers in 162 bytes (1 switches on core 0)
2026-05-09 06:25:20.039 8 INFO neutron.db.ovn_revision_numbers_db [None req-a68ea9fa-5c94-4d65-a987-78101cca8529 537e7c5488fa420586da779e46c5a29f 9821a454b8994ff78073a10b11330a3d - - default default] Successfully bumped revision number for resource 159497f9-447e-4c5d-87c1-db2ab50a8ed8 (type: routers) to 2 [pid: 8|app: 0|req: 874/1826] 10.0.0.247 () {34 vars in 669 bytes} [Sat May 9 06:25:17 2026] POST /v2.0/routers => generated 966 bytes in 2188 msecs (HTTP/1.1 201) 4 headers in 162 bytes (1 switches on core 0) [pid: 7|app: 0|req: 953/1827] 10.0.0.3 () {28 vars in 583 bytes} [Sat May 9 06:25:19 2026] GET /v2.0/networks => generated 5458 bytes in 127 msecs (HTTP/1.1 200) 4 headers in 158 bytes (1 switches on core 0) [pid: 8|app: 0|req: 875/1828] 199.204.45.23 () {34 vars in 1079 bytes} [Sat May 9 06:25:20 2026] GET /v2.0/ports?tenant_id=e40f73bed4f348d7807aaa7cd848ba85&device_id=5377a6be-a7d9-4a9e-854d-819b47aac179 => generated 1248 bytes in 60 msecs (HTTP/1.1 200) 4 headers in 158 bytes (1 switches on core 0)
2026-05-09 06:25:20.181 7 INFO neutron.db.ovn_revision_numbers_db [None req-96690088-74a9-4468-ba79-18aa94682464 d5f404a6ae7f48728ec769745f52249e 7ef2df3e9c9d4dfdbef84e92900fb312 - - default default] Successfully bumped revision number for resource c5b9ea9b-f942-467e-a9f5-9c52ccef69b6 (type: routers) to 1 [pid: 7|app: 0|req: 954/1829] 10.0.0.247 () {34 vars in 668 bytes} [Sat May 9 06:25:20 2026] POST /v2.0/routers => generated 570 bytes in 129 msecs (HTTP/1.1 201) 4 headers in 162 bytes (1 switches on core 0) [pid: 7|app: 0|req: 955/1830] 10.0.0.3 () {28 vars in 581 bytes} [Sat May 9 06:25:20 2026] GET /v2.0/subnets => generated 3995 bytes in 44 msecs (HTTP/1.1 200) 4 headers in 158 bytes (1 switches on core 0)
2026-05-09 06:25:20.344 8 INFO neutron.db.ovn_revision_numbers_db [None req-e9e8cc38-0fe4-46cd-85d4-7f52beabf6d3 d97f45bd43744005b01af0d71be51806 fefd08a90e2a4e93be6f4c427e406d26 - - default default] Successfully bumped revision number for resource 899e8c20-4f6d-4738-9908-10f3319a42f4 (type: routers) to 1 [pid: 8|app: 0|req: 876/1831] 10.0.0.247 () {34 vars in 669 bytes} [Sat May 9 06:25:20 2026] POST /v2.0/routers => generated 607 bytes in 255 msecs (HTTP/1.1 201) 4 headers in 162 bytes (1 switches on core 0) [pid: 8|app: 0|req: 877/1832] 199.204.45.23 () {34 vars in 985 bytes} [Sat May 9 06:25:20 2026] GET /v2.0/networks?id=ab682e30-6c7a-4b55-b062-6c52ea023af4 => generated 810 bytes in 94 msecs (HTTP/1.1 200) 4 headers in 157 bytes (1 switches on core 0)
2026-05-09 06:25:20.687 7 WARNING neutron.scheduler.dhcp_agent_scheduler [None req-9ba93066-7827-4cd2-9ba5-de6124b4d109 537e7c5488fa420586da779e46c5a29f 9821a454b8994ff78073a10b11330a3d - - default default] No more DHCP agents
2026-05-09 06:25:20.691 7 WARNING neutron.api.rpc.agentnotifiers.dhcp_rpc_agent_api [None req-9ba93066-7827-4cd2-9ba5-de6124b4d109 537e7c5488fa420586da779e46c5a29f 9821a454b8994ff78073a10b11330a3d - - default default] Unable to schedule network 22a4add6-060a-4058-b0e8-70e451caee06: no agents available; will retry on subsequent port and subnet creation events.
2026-05-09 06:25:20.757 8 INFO neutron.db.ovn_revision_numbers_db [None req-946a65cd-69cb-49bf-89ad-c5c96fccb1b8 d5f404a6ae7f48728ec769745f52249e 7ef2df3e9c9d4dfdbef84e92900fb312 - - default default] Successfully bumped revision number for resource ab003645-b8b0-4b15-b98c-900ded330a97 (type: routers) to 1 [pid: 8|app: 0|req: 878/1833] 10.0.0.247 () {34 vars in 668 bytes} [Sat May 9 06:25:20 2026] POST /v2.0/routers => generated 570 bytes in 319 msecs (HTTP/1.1 201) 4 headers in 162 bytes (1 switches on core 0) [pid: 8|app: 0|req: 879/1834] 10.0.0.3 () {28 vars in 589 bytes} [Sat May 9 06:25:20 2026] GET /v2.0/subnetpools => generated 19 bytes in 33 msecs (HTTP/1.1 200) 4 headers in 156 bytes (1 switches on core 0)
2026-05-09 06:25:20.860 7 INFO neutron.db.ovn_revision_numbers_db [None req-9ba93066-7827-4cd2-9ba5-de6124b4d109 537e7c5488fa420586da779e46c5a29f 9821a454b8994ff78073a10b11330a3d - - default default] Successfully bumped revision number for resource 0dbb2447-05be-4ee0-ad1e-d79ba59e5a89 (type: ports) to 1
2026-05-09 06:25:21.130 8 WARNING neutron.plugins.ml2.drivers.ovn.mech_driver.ovsdb.ovn_client [None req-fafb6014-2a2c-4463-9f88-b2e81c988730 - - - - - -] No port found with ID c85a781e-538d-4ece-97d8-9d119594bcb9: RuntimeError: No port found with ID c85a781e-538d-4ece-97d8-9d119594bcb9
2026-05-09 06:25:21.150 8 INFO neutron.plugins.ml2.drivers.ovn.mech_driver.mech_driver [None req-fafb6014-2a2c-4463-9f88-b2e81c988730 - - - - - -] OVN reports status down for port: bbe1ca62-fb1e-4072-9483-55f00c818468
2026-05-09 06:25:21.466 7 WARNING neutron.scheduler.dhcp_agent_scheduler [None req-9ba93066-7827-4cd2-9ba5-de6124b4d109 537e7c5488fa420586da779e46c5a29f 9821a454b8994ff78073a10b11330a3d - - default default] No more DHCP agents
2026-05-09 06:25:21.467 7 WARNING neutron.api.rpc.agentnotifiers.dhcp_rpc_agent_api [None req-9ba93066-7827-4cd2-9ba5-de6124b4d109 537e7c5488fa420586da779e46c5a29f 9821a454b8994ff78073a10b11330a3d - - default default] Unable to schedule network 22a4add6-060a-4058-b0e8-70e451caee06: no agents available; will retry on subsequent port and subnet creation events.
2026-05-09 06:25:21.656 8 INFO neutron.db.ovn_revision_numbers_db [None req-db1fb064-ae6d-4a20-a74f-92e2b45b9a5d - - - - - -] Successfully bumped revision number for resource a7f4e52c-5d87-4852-b47c-5a1488e588a8 (type: ports) to 4
2026-05-09 06:25:21.659 8 WARNING neutron.scheduler.dhcp_agent_scheduler [None req-fde780d6-9a67-4491-b7a7-3beb4f98e08e d97f45bd43744005b01af0d71be51806 fefd08a90e2a4e93be6f4c427e406d26 - - default default] No more DHCP agents
2026-05-09 06:25:21.662 8 WARNING neutron.api.rpc.agentnotifiers.dhcp_rpc_agent_api [None req-fde780d6-9a67-4491-b7a7-3beb4f98e08e d97f45bd43744005b01af0d71be51806 fefd08a90e2a4e93be6f4c427e406d26 - - default default] Unable to schedule network 9abaf15e-eeec-4e7b-8eb7-7c171429708c: no agents available; will retry on subsequent port and subnet creation events.
2026-05-09 06:25:21.883 8 INFO neutron.db.ovn_revision_numbers_db [None req-fde780d6-9a67-4491-b7a7-3beb4f98e08e d97f45bd43744005b01af0d71be51806 fefd08a90e2a4e93be6f4c427e406d26 - - default default] Successfully bumped revision number for resource 8d492255-9823-4b55-84f1-7d3529ec5902 (type: ports) to 1
2026-05-09 06:25:22.021 7 INFO neutron.db.ovn_revision_numbers_db [None req-9ba93066-7827-4cd2-9ba5-de6124b4d109 537e7c5488fa420586da779e46c5a29f 9821a454b8994ff78073a10b11330a3d - - default default] Successfully bumped revision number for resource 0dbb2447-05be-4ee0-ad1e-d79ba59e5a89 (type: router_ports) to 1 [pid: 7|app: 0|req: 956/1835] 10.0.0.247 () {34 vars in 783 bytes} [Sat May 9 06:25:20 2026] PUT /v2.0/routers/159497f9-447e-4c5d-87c1-db2ab50a8ed8/add_router_interface => generated 309 bytes in 1781 msecs (HTTP/1.1 200) 4 headers in 157 bytes (1 switches on core 0) [pid: 7|app: 0|req: 959/1838] 199.204.45.23 () {34 vars in 1057 bytes} [Sat May 9 06:25:22 2026] GET /v2.0/floatingips?fixed_ip_address=10.100.0.7&port_id=5596803c-f196-44ec-90ba-61b1514b0748 => generated 860 bytes in 49 msecs (HTTP/1.1 200) 4 headers in 157 bytes (1 switches on core 0)
2026-05-09 06:25:22.185 7 INFO neutron.db.ovn_revision_numbers_db [None req-e29d62f0-7392-44cc-8f6c-4a786a365294 d5f404a6ae7f48728ec769745f52249e 7ef2df3e9c9d4dfdbef84e92900fb312 - - default default] Successfully bumped revision number for resource d16c7dc6-148a-4eb8-a6d9-ebacb7c067f4 (type: routers) to 1 [pid: 7|app: 0|req: 960/1839] 10.0.0.247 () {34 vars in 668 bytes} [Sat May 9 06:25:22 2026] POST /v2.0/routers => generated 570 bytes in 121 msecs (HTTP/1.1 201) 4 headers in 162 bytes (1 switches on core 0) [pid: 7|app: 0|req: 961/1840] 10.0.0.3 () {28 vars in 617 bytes} [Sat May 9 06:25:22 2026] GET /v2.0/network-ip-availabilities => generated 2971 bytes in 12 msecs (HTTP/1.1 200) 4 headers in 158 bytes (1 switches on core 0) [pid: 7|app: 0|req: 962/1841] 199.204.45.23 () {34 vars in 983 bytes} [Sat May 9 06:25:22 2026] GET /v2.0/subnets?id=eb7a1c48-fa9c-4c11-8baf-f230c1a3cedc => generated 691 bytes in 26 msecs (HTTP/1.1 200) 4 headers in 157 bytes (1 switches on core 0)
2026-05-09 06:25:22.365 8 INFO neutron.db.ovn_revision_numbers_db [None req-db1fb064-ae6d-4a20-a74f-92e2b45b9a5d - - - - - -] Successfully bumped revision number for resource a7f4e52c-5d87-4852-b47c-5a1488e588a8 (type: ports) to 5
2026-05-09 06:25:22.366 7 INFO neutron.db.ovn_revision_numbers_db [None req-42ee9c71-91cd-40f2-822e-06e960158cc9 d5f404a6ae7f48728ec769745f52249e 7ef2df3e9c9d4dfdbef84e92900fb312 - - default default] Successfully bumped revision number for resource 06ad2d3c-4e7e-49b3-bd62-fed805ecce7e (type: routers) to 1 [pid: 7|app: 0|req: 963/1842] 10.0.0.247 () {34 vars in 668 bytes} [Sat May 9 06:25:22 2026] POST /v2.0/routers => generated 570 bytes in 151 msecs (HTTP/1.1 201) 4 headers in 162 bytes (1 switches on core 0)
2026-05-09 06:25:22.426 7 INFO neutron.plugins.ml2.drivers.ovn.mech_driver.mech_driver [None req-5fe247d4-bc34-4871-91dc-488db24e3d7d - - - - - -] OVN reports status down for port: 0dbb2447-05be-4ee0-ad1e-d79ba59e5a89 [pid: 7|app: 0|req: 964/1843] 10.0.0.3 () {28 vars in 589 bytes} [Sat May 9 06:25:22 2026] GET /v2.0/floatingips => generated 860 bytes in 68 msecs (HTTP/1.1 200) 4 headers in 157 bytes (1 switches on core 0) [pid: 7|app: 0|req: 965/1844] 199.204.45.23 () {34 vars in 1051 bytes} [Sat May 9 06:25:22 2026] GET /v2.0/ports?network_id=ab682e30-6c7a-4b55-b062-6c52ea023af4&device_owner=network%3Adhcp => generated 12 bytes in 39 msecs (HTTP/1.1 200) 4 headers in 156 bytes (1 switches on core 0)
2026-05-09 06:25:22.579 7 WARNING neutron.plugins.ml2.drivers.ovn.mech_driver.ovsdb.ovn_client [None req-5fe247d4-bc34-4871-91dc-488db24e3d7d - - - - - -] Logical_Switch_Port 0dbb2447-05be-4ee0-ad1e-d79ba59e5a89 host information not removed, the port state is up
2026-05-09 06:25:22.579 7 INFO neutron.plugins.ml2.drivers.ovn.mech_driver.mech_driver [None req-5fe247d4-bc34-4871-91dc-488db24e3d7d - - - - - -] OVN reports status up for port: 0dbb2447-05be-4ee0-ad1e-d79ba59e5a89
2026-05-09 06:25:22.598 7 INFO neutron.plugins.ml2.plugin [None req-5fe247d4-bc34-4871-91dc-488db24e3d7d - - - - - -] Attempt 1 to provision port 0dbb2447-05be-4ee0-ad1e-d79ba59e5a89 [pid: 7|app: 0|req: 966/1845] 10.0.0.247 () {34 vars in 751 bytes} [Sat May 9 06:25:22 2026] PUT /v2.0/routers/ed406d8a-f833-49fb-91a7-78f4fbfbaf11/tags => generated 17 bytes in 182 msecs (HTTP/1.1 200) 4 headers in 156 bytes (1 switches on core 0)
2026-05-09 06:25:22.825 8 WARNING neutron.scheduler.dhcp_agent_scheduler [None req-fde780d6-9a67-4491-b7a7-3beb4f98e08e d97f45bd43744005b01af0d71be51806 fefd08a90e2a4e93be6f4c427e406d26 - - default default] No more DHCP agents
