2026-06-09 10:58:46.279 8 INFO neutron.db.ovn_revision_numbers_db [None req-cbf31b4d-48d5-4d9f-bbed-93d1e12185c2 b79f2745d87f4eac84f8be1ac0835d4c 0da3a96be2214bb79b5ae94528945bf3 - - default default] Successfully bumped revision number for resource 93c26ea2-c448-4fe7-be44-ca2cabd45bb2 (type: ports) to 1 [pid: 7|app: 0|req: 1349/2638] 10.0.0.108 () {32 vars in 722 bytes} [Tue Jun 9 10:58:46 2026] DELETE /v2.0/trunks/cf5ce9b7-b3c3-4836-9d04-20e8d4da3976 => generated 0 bytes in 70 msecs (HTTP/1.1 204) 2 headers in 112 bytes (1 switches on core 0) [pid: 8|app: 0|req: 1290/2639] 10.0.0.108 () {34 vars in 670 bytes} [Tue Jun 9 10:58:45 2026] POST /v2.0/networks => generated 656 bytes in 582 msecs (HTTP/1.1 201) 4 headers in 162 bytes (1 switches on core 0) [pid: 8|app: 0|req: 1291/2640] 10.0.0.108 () {32 vars in 719 bytes} [Tue Jun 9 10:58:46 2026] GET /v2.0/trunks/3e56b8bb-72a0-4993-8dca-d34858c14177 => generated 409 bytes in 13 msecs (HTTP/1.1 200) 4 headers in 157 bytes (1 switches on core 0)
2026-06-09 10:58:46.577 8 WARNING neutron.scheduler.dhcp_agent_scheduler [None req-437c4be0-1433-4bb4-8dbb-0e2c52c10b10 b79f2745d87f4eac84f8be1ac0835d4c 0da3a96be2214bb79b5ae94528945bf3 - - default default] No more DHCP agents
2026-06-09 10:58:46.579 8 WARNING neutron.api.rpc.agentnotifiers.dhcp_rpc_agent_api [None req-437c4be0-1433-4bb4-8dbb-0e2c52c10b10 b79f2745d87f4eac84f8be1ac0835d4c 0da3a96be2214bb79b5ae94528945bf3 - - default default] Unable to schedule network 271bad02-2dc0-4ecd-883b-4b9307680d8a: no agents available; will retry on subsequent port and subnet creation events.
2026-06-09 10:58:46.668 7 INFO neutron.db.ovn_revision_numbers_db [None req-7f1a94ae-e5f3-4fbd-8330-f46bf2b96bf9 c71dd76a62274695a706dd6a077ee0be 2aac9c02688749c8a4895e3e2d91a36d - - default default] Successfully bumped revision number for resource e9b4105c-5a94-4a81-bfab-04eedf4917a3 (type: routers) to 2 [pid: 7|app: 0|req: 1350/2641] 10.0.0.108 () {34 vars in 742 bytes} [Tue Jun 9 10:58:46 2026] PUT /v2.0/routers/e9b4105c-5a94-4a81-bfab-04eedf4917a3 => generated 589 bytes in 333 msecs (HTTP/1.1 200) 4 headers in 157 bytes (1 switches on core 0) [pid: 7|app: 0|req: 1351/2642] 10.0.0.108 () {32 vars in 717 bytes} [Tue Jun 9 10:58:46 2026] GET /v2.0/ports/c27589b0-1b56-4db9-84ca-985ced0bff43 => generated 826 bytes in 92 msecs (HTTP/1.1 200) 4 headers in 157 bytes (1 switches on core 0) [pid: 7|app: 0|req: 1352/2643] 10.0.0.108 () {32 vars in 736 bytes} [Tue Jun 9 10:58:46 2026] GET /v2.0/ports?device_id=e9b4105c-5a94-4a81-bfab-04eedf4917a3 => generated 12 bytes in 19 msecs (HTTP/1.1 200) 4 headers in 156 bytes (1 switches on core 0) [pid: 7|app: 0|req: 1353/2644] 10.0.0.108 () {32 vars in 722 bytes} [Tue Jun 9 10:58:46 2026] DELETE /v2.0/trunks/3e56b8bb-72a0-4993-8dca-d34858c14177 => generated 0 bytes in 74 msecs (HTTP/1.1 204) 2 headers in 112 bytes (1 switches on core 0) [pid: 7|app: 0|req: 1354/2645] 10.0.0.108 () {32 vars in 724 bytes} [Tue Jun 9 10:58:46 2026] DELETE /v2.0/routers/e9b4105c-5a94-4a81-bfab-04eedf4917a3 => generated 0 bytes in 249 msecs (HTTP/1.1 204) 2 headers in 112 bytes (1 switches on core 0)
2026-06-09 10:58:47.119 8 INFO neutron.db.ovn_revision_numbers_db [None req-7cf4ef6d-bb42-47f9-830b-1f0c51c61e83 - - - - - -] Successfully bumped revision number for resource 93c26ea2-c448-4fe7-be44-ca2cabd45bb2 (type: ports) to 2
2026-06-09 10:58:47.169 8 INFO neutron.db.ovn_revision_numbers_db [None req-7cf4ef6d-bb42-47f9-830b-1f0c51c61e83 - - - - - -] Successfully bumped revision number for resource 3c7491ec-8a6d-4ae5-a775-cff3def9a975 (type: subnets) to 0 [pid: 8|app: 0|req: 1292/2646] 10.0.0.108 () {34 vars in 669 bytes} [Tue Jun 9 10:58:46 2026] POST /v2.0/subnets => generated 656 bytes in 835 msecs (HTTP/1.1 201) 4 headers in 162 bytes (1 switches on core 0) [pid: 8|app: 0|req: 1293/2647] 10.0.0.108 () {32 vars in 721 bytes} [Tue Jun 9 10:58:47 2026] GET /v2.0/routers/8792fb6a-7978-49df-9507-fae58c8cda45 => generated 598 bytes in 37 msecs (HTTP/1.1 200) 4 headers in 157 bytes (1 switches on core 0)
2026-06-09 10:58:47.257 7 INFO neutron_taas.services.taas.taas_plugin [None req-bd07ed4a-959a-4b66-9412-a15d53f9da0c dec65abd8bab44ab985479ede27c5e2a 8cbe21b7df2344769e4d0f4690d3a9c5 - - default default] TaaS: Handle Delete Port: 11a4b481-dc24-4f9e-89ca-a702ba0abbdb
2026-06-09 10:58:47.260 7 INFO neutron_taas.services.taas.tap_mirror_plugin [None req-bd07ed4a-959a-4b66-9412-a15d53f9da0c dec65abd8bab44ab985479ede27c5e2a 8cbe21b7df2344769e4d0f4690d3a9c5 - - default default] Tap Mirror: Handle Delete Port: 11a4b481-dc24-4f9e-89ca-a702ba0abbdb [pid: 7|app: 0|req: 1355/2648] 10.0.0.108 () {32 vars in 720 bytes} [Tue Jun 9 10:58:47 2026] DELETE /v2.0/ports/11a4b481-dc24-4f9e-89ca-a702ba0abbdb => generated 0 bytes in 270 msecs (HTTP/1.1 204) 3 headers in 131 bytes (1 switches on core 0)
2026-06-09 10:58:47.475 8 WARNING neutron.scheduler.dhcp_agent_scheduler [None req-fadb9a75-9d22-4e66-bbbc-88bb0684394c b79f2745d87f4eac84f8be1ac0835d4c 0da3a96be2214bb79b5ae94528945bf3 - - default default] No more DHCP agents
2026-06-09 10:58:47.477 8 WARNING neutron.api.rpc.agentnotifiers.dhcp_rpc_agent_api [None req-fadb9a75-9d22-4e66-bbbc-88bb0684394c b79f2745d87f4eac84f8be1ac0835d4c 0da3a96be2214bb79b5ae94528945bf3 - - default default] Unable to schedule network 271bad02-2dc0-4ecd-883b-4b9307680d8a: no agents available; will retry on subsequent port and subnet creation events.
2026-06-09 10:58:47.514 8 INFO neutron.db.ovn_revision_numbers_db [None req-fadb9a75-9d22-4e66-bbbc-88bb0684394c b79f2745d87f4eac84f8be1ac0835d4c 0da3a96be2214bb79b5ae94528945bf3 - - default default] Successfully bumped revision number for resource 221721f5-27e1-4fdd-add8-a7d5cf8d363e (type: subnets) to 0 [pid: 8|app: 0|req: 1294/2649] 10.0.0.108 () {34 vars in 669 bytes} [Tue Jun 9 10:58:47 2026] POST /v2.0/subnets => generated 729 bytes in 310 msecs (HTTP/1.1 201) 4 headers in 162 bytes (1 switches on core 0)
2026-06-09 10:58:47.719 8 INFO neutron_taas.services.taas.taas_plugin [None req-8acfd464-1005-4993-a9d0-aabe0995221e dec65abd8bab44ab985479ede27c5e2a 8cbe21b7df2344769e4d0f4690d3a9c5 - - default default] TaaS: Handle Delete Port: 4291b73a-988d-40fd-acaf-be89635484e4
2026-06-09 10:58:47.723 8 INFO neutron_taas.services.taas.tap_mirror_plugin [None req-8acfd464-1005-4993-a9d0-aabe0995221e dec65abd8bab44ab985479ede27c5e2a 8cbe21b7df2344769e4d0f4690d3a9c5 - - default default] Tap Mirror: Handle Delete Port: 4291b73a-988d-40fd-acaf-be89635484e4
2026-06-09 10:58:47.785 7 INFO neutron.db.ovn_revision_numbers_db [None req-443b7036-670c-4d3d-aaa4-6e3d1c4cd375 c71dd76a62274695a706dd6a077ee0be 2aac9c02688749c8a4895e3e2d91a36d - - default default] Successfully bumped revision number for resource 8792fb6a-7978-49df-9507-fae58c8cda45 (type: routers) to 2 [pid: 7|app: 0|req: 1356/2650] 10.0.0.108 () {34 vars in 742 bytes} [Tue Jun 9 10:58:47 2026] PUT /v2.0/routers/8792fb6a-7978-49df-9507-fae58c8cda45 => generated 598 bytes in 411 msecs (HTTP/1.1 200) 4 headers in 157 bytes (1 switches on core 0) [pid: 8|app: 0|req: 1295/2651] 10.0.0.108 () {32 vars in 720 bytes} [Tue Jun 9 10:58:47 2026] DELETE /v2.0/ports/4291b73a-988d-40fd-acaf-be89635484e4 => generated 0 bytes in 304 msecs (HTTP/1.1 204) 3 headers in 131 bytes (1 switches on core 0) [pid: 8|app: 0|req: 1296/2652] 10.0.0.108 () {32 vars in 736 bytes} [Tue Jun 9 10:58:47 2026] GET /v2.0/ports?device_id=8792fb6a-7978-49df-9507-fae58c8cda45 => generated 12 bytes in 24 msecs (HTTP/1.1 200) 4 headers in 156 bytes (1 switches on core 0)
2026-06-09 10:58:48.008 8 INFO neutron_taas.services.taas.taas_plugin [None req-c1989a05-dae6-4426-89e1-9811aaacf04f dec65abd8bab44ab985479ede27c5e2a 8cbe21b7df2344769e4d0f4690d3a9c5 - - default default] TaaS: Handle Delete Port: 734ed94c-f2a2-4afd-a18e-5fe4fbe22f70
2026-06-09 10:58:48.011 8 INFO neutron_taas.services.taas.tap_mirror_plugin [None req-c1989a05-dae6-4426-89e1-9811aaacf04f dec65abd8bab44ab985479ede27c5e2a 8cbe21b7df2344769e4d0f4690d3a9c5 - - default default] Tap Mirror: Handle Delete Port: 734ed94c-f2a2-4afd-a18e-5fe4fbe22f70 [pid: 8|app: 0|req: 1297/2653] 10.0.0.108 () {32 vars in 720 bytes} [Tue Jun 9 10:58:47 2026] DELETE /v2.0/ports/734ed94c-f2a2-4afd-a18e-5fe4fbe22f70 => generated 0 bytes in 238 msecs (HTTP/1.1 204) 3 headers in 131 bytes (1 switches on core 0)
2026-06-09 10:58:48.280 7 WARNING neutron.scheduler.dhcp_agent_scheduler [None req-898e1884-5d7a-4791-b3e9-dbed3200e774 b79f2745d87f4eac84f8be1ac0835d4c 0da3a96be2214bb79b5ae94528945bf3 - - default default] No more DHCP agents
2026-06-09 10:58:48.282 7 WARNING neutron.api.rpc.agentnotifiers.dhcp_rpc_agent_api [None req-898e1884-5d7a-4791-b3e9-dbed3200e774 b79f2745d87f4eac84f8be1ac0835d4c 0da3a96be2214bb79b5ae94528945bf3 - - default default] Unable to schedule network a33a526f-d37a-4731-8c86-c3f19ca83d31: no agents available; will retry on subsequent port and subnet creation events. [pid: 8|app: 0|req: 1298/2654] 10.0.0.108 () {32 vars in 724 bytes} [Tue Jun 9 10:58:48 2026] DELETE /v2.0/routers/8792fb6a-7978-49df-9507-fae58c8cda45 => generated 0 bytes in 206 msecs (HTTP/1.1 204) 2 headers in 112 bytes (1 switches on core 0)
2026-06-09 10:58:48.384 7 INFO neutron.plugins.ml2.drivers.ovn.mech_driver.mech_driver [None req-cc6e6bdd-a3d0-4ca4-bb79-059cd09b754a - - - - - -] OVN reports status down for port: e587b48a-f901-4c2e-96a0-a5078e2e745f
2026-06-09 10:58:48.440 7 INFO neutron.db.ovn_revision_numbers_db [None req-898e1884-5d7a-4791-b3e9-dbed3200e774 b79f2745d87f4eac84f8be1ac0835d4c 0da3a96be2214bb79b5ae94528945bf3 - - default default] Successfully bumped revision number for resource e587b48a-f901-4c2e-96a0-a5078e2e745f (type: ports) to 1
2026-06-09 10:58:48.501 8 INFO neutron_taas.services.taas.taas_plugin [None req-9104d63c-0ea5-4e66-a219-ec9f6b1fbc9a dec65abd8bab44ab985479ede27c5e2a 8cbe21b7df2344769e4d0f4690d3a9c5 - - default default] TaaS: Handle Delete Port: c03802b3-574e-4475-8f73-431d293b4ee6
2026-06-09 10:58:48.504 8 INFO neutron_taas.services.taas.tap_mirror_plugin [None req-9104d63c-0ea5-4e66-a219-ec9f6b1fbc9a dec65abd8bab44ab985479ede27c5e2a 8cbe21b7df2344769e4d0f4690d3a9c5 - - default default] Tap Mirror: Handle Delete Port: c03802b3-574e-4475-8f73-431d293b4ee6 [pid: 8|app: 0|req: 1299/2655] 10.0.0.108 () {32 vars in 720 bytes} [Tue Jun 9 10:58:48 2026] DELETE /v2.0/ports/c03802b3-574e-4475-8f73-431d293b4ee6 => generated 0 bytes in 303 msecs (HTTP/1.1 204) 3 headers in 131 bytes (1 switches on core 0) [pid: 8|app: 0|req: 1300/2656] 10.0.0.108 () {32 vars in 721 bytes} [Tue Jun 9 10:58:48 2026] GET /v2.0/routers/93029f44-9608-45a4-ad65-3741c43a5365 => generated 583 bytes in 58 msecs (HTTP/1.1 200) 4 headers in 157 bytes (1 switches on core 0)
2026-06-09 10:58:48.836 8 INFO neutron_taas.services.taas.taas_plugin [None req-a4959eaf-15aa-4dff-a335-a4f39004142d dec65abd8bab44ab985479ede27c5e2a 8cbe21b7df2344769e4d0f4690d3a9c5 - - default default] TaaS: Handle Delete Port: c27589b0-1b56-4db9-84ca-985ced0bff43
2026-06-09 10:58:48.839 8 INFO neutron_taas.services.taas.tap_mirror_plugin [None req-a4959eaf-15aa-4dff-a335-a4f39004142d dec65abd8bab44ab985479ede27c5e2a 8cbe21b7df2344769e4d0f4690d3a9c5 - - default default] Tap Mirror: Handle Delete Port: c27589b0-1b56-4db9-84ca-985ced0bff43 [pid: 8|app: 0|req: 1301/2657] 10.0.0.108 () {32 vars in 720 bytes} [Tue Jun 9 10:58:48 2026] DELETE /v2.0/ports/c27589b0-1b56-4db9-84ca-985ced0bff43 => generated 0 bytes in 260 msecs (HTTP/1.1 204) 3 headers in 131 bytes (1 switches on core 0)
2026-06-09 10:58:49.167 7 INFO neutron.plugins.ml2.drivers.ovn.mech_driver.ovsdb.commands [None req-84bb4c48-ea50-4da5-85a8-a5341d86745b - - - - - -] Schedule LRP lrp-e587b48a-f901-4c2e-96a0-a5078e2e745f on gateway 9fa7729b-540d-41b9-bedc-785845da747d with priority 1
2026-06-09 10:58:49.179 7 INFO neutron.plugins.ml2.drivers.ovn.mech_driver.mech_driver [None req-cc6e6bdd-a3d0-4ca4-bb79-059cd09b754a - - - - - -] OVN reports status up for port: e587b48a-f901-4c2e-96a0-a5078e2e745f
2026-06-09 10:58:49.193 8 INFO neutron.plugins.ml2.drivers.ovn.mech_driver.ovsdb.ovsdb_monitor [None req-4a4b3df3-dc7b-4a02-8033-135aa3a5fe0b - - - - - -] Router 98fa56c3-54fe-4460-b180-100ad1d2b792 is bound to host instance
2026-06-09 10:58:49.220 7 INFO neutron.plugins.ml2.plugin [None req-cc6e6bdd-a3d0-4ca4-bb79-059cd09b754a - - - - - -] Attempt 1 to provision port e587b48a-f901-4c2e-96a0-a5078e2e745f
2026-06-09 10:58:49.264 7 INFO neutron.db.ovn_revision_numbers_db [None req-898e1884-5d7a-4791-b3e9-dbed3200e774 b79f2745d87f4eac84f8be1ac0835d4c 0da3a96be2214bb79b5ae94528945bf3 - - default default] Successfully bumped revision number for resource e587b48a-f901-4c2e-96a0-a5078e2e745f (type: router_ports) to 1
2026-06-09 10:58:49.390 7 INFO neutron.db.ovn_revision_numbers_db [None req-898e1884-5d7a-4791-b3e9-dbed3200e774 b79f2745d87f4eac84f8be1ac0835d4c 0da3a96be2214bb79b5ae94528945bf3 - - default default] Successfully bumped revision number for resource 98fa56c3-54fe-4460-b180-100ad1d2b792 (type: routers) to 2
2026-06-09 10:58:49.411 8 INFO neutron.db.ovn_revision_numbers_db [None req-c3ea69d3-905f-47ad-bdf7-5acb0316fb12 c71dd76a62274695a706dd6a077ee0be 2aac9c02688749c8a4895e3e2d91a36d - - default default] Successfully bumped revision number for resource 93029f44-9608-45a4-ad65-3741c43a5365 (type: routers) to 2 [pid: 7|app: 0|req: 1357/2658] 10.0.0.108 () {34 vars in 669 bytes} [Tue Jun 9 10:58:47 2026] POST /v2.0/routers => generated 945 bytes in 1619 msecs (HTTP/1.1 201) 4 headers in 162 bytes (1 switches on core 0) [pid: 8|app: 0|req: 1302/2659] 10.0.0.108 () {34 vars in 742 bytes} [Tue Jun 9 10:58:48 2026] PUT /v2.0/routers/93029f44-9608-45a4-ad65-3741c43a5365 => generated 583 bytes in 483 msecs (HTTP/1.1 200) 4 headers in 157 bytes (1 switches on core 0)
2026-06-09 10:58:49.533 7 INFO neutron_taas.services.taas.taas_plugin [None req-80616ef2-dacb-4380-a783-3ee123dd2fa1 dec65abd8bab44ab985479ede27c5e2a 8cbe21b7df2344769e4d0f4690d3a9c5 - - default default] TaaS: Handle Delete Port: 4d48433d-e3d6-4025-b6f8-5efb27b41398
2026-06-09 10:58:49.536 7 INFO neutron_taas.services.taas.tap_mirror_plugin [None req-80616ef2-dacb-4380-a783-3ee123dd2fa1 dec65abd8bab44ab985479ede27c5e2a 8cbe21b7df2344769e4d0f4690d3a9c5 - - default default] Tap Mirror: Handle Delete Port: 4d48433d-e3d6-4025-b6f8-5efb27b41398
2026-06-09 10:58:49.852 7 INFO neutron.services.segments.plugin [-] Segment 0f252138-1f53-45a6-90cc-886f85962259 resource provider aggregate not found
2026-06-09 10:58:49.855 7 INFO neutron.services.segments.plugin [-] Segment 0f252138-1f53-45a6-90cc-886f85962259 resource provider aggregate not found
2026-06-09 10:58:49.875 7 INFO neutron.services.segments.plugin [-] Segment 0f252138-1f53-45a6-90cc-886f85962259 resource provider not found; error: Placement Client Error (4xx): {"errors": [{"status": 404, "title": "Not Found", "detail": "The resource could not be found.\n\n No resource provider with uuid 0f252138-1f53-45a6-90cc-886f85962259 found for delete ", "request_id": "req-0557e7a7-0ea4-4808-9021-2b4e0293603b"}]}
2026-06-09 10:58:49.877 7 INFO neutron.services.segments.plugin [-] Segment 0f252138-1f53-45a6-90cc-886f85962259 resource provider not found; error: Placement Client Error (4xx): {"errors": [{"status": 404, "title": "Not Found", "detail": "The resource could not be found.\n\n No resource provider with uuid 0f252138-1f53-45a6-90cc-886f85962259 found for delete ", "request_id": "req-39a33633-d602-44f5-9b80-29edaefb65ca"}]} [pid: 7|app: 0|req: 1358/2660] 10.0.0.108 () {32 vars in 726 bytes} [Tue Jun 9 10:58:49 2026] DELETE /v2.0/networks/f56276d5-f867-47e9-b838-c991fff34166 => generated 0 bytes in 490 msecs (HTTP/1.1 204) 3 headers in 131 bytes (1 switches on core 0) [pid: 7|app: 0|req: 1359/2661] 10.0.0.108 () {32 vars in 736 bytes} [Tue Jun 9 10:58:49 2026] GET /v2.0/ports?device_id=93029f44-9608-45a4-ad65-3741c43a5365 => generated 12 bytes in 20 msecs (HTTP/1.1 200) 4 headers in 156 bytes (1 switches on core 0)
2026-06-09 10:58:50.052 7 INFO neutron_taas.services.taas.taas_plugin [None req-2dea3104-cb9d-47fa-be16-681a4ea31260 dec65abd8bab44ab985479ede27c5e2a 8cbe21b7df2344769e4d0f4690d3a9c5 - - default default] TaaS: Handle Delete Port: fcac33c1-02fb-438f-a84c-22fc362fe03b
2026-06-09 10:58:50.055 7 INFO neutron_taas.services.taas.tap_mirror_plugin [None req-2dea3104-cb9d-47fa-be16-681a4ea31260 dec65abd8bab44ab985479ede27c5e2a 8cbe21b7df2344769e4d0f4690d3a9c5 - - default default] Tap Mirror: Handle Delete Port: fcac33c1-02fb-438f-a84c-22fc362fe03b [pid: 7|app: 0|req: 1360/2662] 10.0.0.108 () {32 vars in 726 bytes} [Tue Jun 9 10:58:49 2026] DELETE /v2.0/networks/9a88a549-2c69-4dfd-9806-e6317114d57c => generated 0 bytes in 348 msecs (HTTP/1.1 204) 3 headers in 131 bytes (1 switches on core 0)
2026-06-09 10:58:50.484 8 WARNING neutron.scheduler.dhcp_agent_scheduler [None req-7f359e43-58cd-4fe5-8acc-2588d69e48c8 b79f2745d87f4eac84f8be1ac0835d4c 0da3a96be2214bb79b5ae94528945bf3 - - default default] No more DHCP agents
2026-06-09 10:58:50.487 8 WARNING neutron.api.rpc.agentnotifiers.dhcp_rpc_agent_api [None req-7f359e43-58cd-4fe5-8acc-2588d69e48c8 b79f2745d87f4eac84f8be1ac0835d4c 0da3a96be2214bb79b5ae94528945bf3 - - default default] Unable to schedule network d20af496-19d8-414c-a1f7-a358279863b1: no agents available; will retry on subsequent port and subnet creation events. [pid: 7|app: 0|req: 1361/2663] 10.0.0.108 () {32 vars in 724 bytes} [Tue Jun 9 10:58:50 2026] DELETE /v2.0/routers/93029f44-9608-45a4-ad65-3741c43a5365 => generated 0 bytes in 291 msecs (HTTP/1.1 204) 2 headers in 112 bytes (1 switches on core 0)
2026-06-09 10:58:50.679 8 INFO neutron.plugins.ml2.drivers.ovn.mech_driver.mech_driver [None req-425f4ba1-0c47-4d30-8a6c-97ed0d89c867 - - - - - -] OVN reports status down for port: 8bf7785c-f951-4b19-8e08-3cb65769e326
2026-06-09 10:58:50.735 7 INFO neutron_taas.services.taas.taas_plugin [None req-cac8d2f6-6b3e-4446-ae36-50a8a511a2b5 dec65abd8bab44ab985479ede27c5e2a 8cbe21b7df2344769e4d0f4690d3a9c5 - - default default] TaaS: Handle Delete Port: 64304893-429e-4c65-99eb-553bfa816fe7
2026-06-09 10:58:50.738 7 INFO neutron_taas.services.taas.tap_mirror_plugin [None req-cac8d2f6-6b3e-4446-ae36-50a8a511a2b5 dec65abd8bab44ab985479ede27c5e2a 8cbe21b7df2344769e4d0f4690d3a9c5 - - default default] Tap Mirror: Handle Delete Port: 64304893-429e-4c65-99eb-553bfa816fe7
2026-06-09 10:58:50.766 8 INFO neutron.db.ovn_revision_numbers_db [None req-7f359e43-58cd-4fe5-8acc-2588d69e48c8 b79f2745d87f4eac84f8be1ac0835d4c 0da3a96be2214bb79b5ae94528945bf3 - - default default] Successfully bumped revision number for resource 8bf7785c-f951-4b19-8e08-3cb65769e326 (type: ports) to 1 [pid: 7|app: 0|req: 1362/2664] 10.0.0.108 () {32 vars in 726 bytes} [Tue Jun 9 10:58:50 2026] DELETE /v2.0/networks/4641152f-eb3e-4214-88e7-583988be9b8b => generated 0 bytes in 396 msecs (HTTP/1.1 204) 3 headers in 131 bytes (1 switches on core 0) [pid: 7|app: 0|req: 1363/2665] 10.0.0.108 () {32 vars in 721 bytes} [Tue Jun 9 10:58:50 2026] GET /v2.0/routers/c8bde30e-6b59-4055-ad81-f46e045152a0 => generated 576 bytes in 42 msecs (HTTP/1.1 200) 4 headers in 157 bytes (1 switches on core 0)
2026-06-09 10:58:51.061 8 INFO neutron.db.ovn_revision_numbers_db [None req-1566a2c8-e03c-454c-be6e-a48563a46ee5 - - - - - -] Successfully bumped revision number for resource e587b48a-f901-4c2e-96a0-a5078e2e745f (type: ports) to 4
2026-06-09 10:58:51.155 7 INFO neutron_taas.services.taas.taas_plugin [None req-f8a0d4e9-57bc-4bc8-afc5-a75b3fa4c1ef dec65abd8bab44ab985479ede27c5e2a 8cbe21b7df2344769e4d0f4690d3a9c5 - - default default] TaaS: Handle Delete Port: cf296366-68be-4c15-a6b8-0070ad9967ce
2026-06-09 10:58:51.158 7 INFO neutron_taas.services.taas.tap_mirror_plugin [None req-f8a0d4e9-57bc-4bc8-afc5-a75b3fa4c1ef dec65abd8bab44ab985479ede27c5e2a 8cbe21b7df2344769e4d0f4690d3a9c5 - - default default] Tap Mirror: Handle Delete Port: cf296366-68be-4c15-a6b8-0070ad9967ce [pid: 7|app: 0|req: 1364/2666] 10.0.0.108 () {32 vars in 726 bytes} [Tue Jun 9 10:58:51 2026] DELETE /v2.0/networks/f1029be7-ab1d-40db-a604-b20d24169797 => generated 0 bytes in 363 msecs (HTTP/1.1 204) 3 headers in 131 bytes (1 switches on core 0) [pid: 7|app: 0|req: 1365/2667] 10.0.0.108 () {34 vars in 742 bytes} [Tue Jun 9 10:58:51 2026] PUT /v2.0/routers/c8bde30e-6b59-4055-ad81-f46e045152a0 => generated 576 bytes in 325 msecs (HTTP/1.1 200) 4 headers in 157 bytes (1 switches on core 0)
2026-06-09 10:58:51.776 8 INFO neutron.db.ovn_revision_numbers_db [None req-1566a2c8-e03c-454c-be6e-a48563a46ee5 - - - - - -] Successfully bumped revision number for resource e587b48a-f901-4c2e-96a0-a5078e2e745f (type: ports) to 5
2026-06-09 10:58:51.874 7 INFO neutron_taas.services.taas.taas_plugin [None req-6a63e663-31a1-4f30-94f1-854483c87002 dec65abd8bab44ab985479ede27c5e2a 8cbe21b7df2344769e4d0f4690d3a9c5 - - default default] TaaS: Handle Delete Port: becf4226-2241-4df1-af2d-042823b07503
2026-06-09 10:58:51.877 7 INFO neutron_taas.services.taas.tap_mirror_plugin [None req-6a63e663-31a1-4f30-94f1-854483c87002 dec65abd8bab44ab985479ede27c5e2a 8cbe21b7df2344769e4d0f4690d3a9c5 - - default default] Tap Mirror: Handle Delete Port: becf4226-2241-4df1-af2d-042823b07503
2026-06-09 10:58:51.909 7 INFO neutron.services.segments.plugin [-] Segment f5c21e9c-10a3-4aa6-9af5-84600c1ee5a9 resource provider aggregate not found
2026-06-09 10:58:51.913 7 INFO neutron.services.segments.plugin [-] Segment f5c21e9c-10a3-4aa6-9af5-84600c1ee5a9 resource provider aggregate not found
2026-06-09 10:58:51.942 7 INFO neutron.services.segments.plugin [-] Segment f5c21e9c-10a3-4aa6-9af5-84600c1ee5a9 resource provider not found; error: Placement Client Error (4xx): {"errors": [{"status": 404, "title": "Not Found", "detail": "The resource could not be found.\n\n No resource provider with uuid f5c21e9c-10a3-4aa6-9af5-84600c1ee5a9 found for delete ", "request_id": "req-0151bc1e-752c-4cd1-ba5a-d3b427a6d0be"}]}
2026-06-09 10:58:51.956 7 INFO neutron.services.segments.plugin [-] Segment f5c21e9c-10a3-4aa6-9af5-84600c1ee5a9 resource provider not found; error: Placement Client Error (4xx): {"errors": [{"status": 404, "title": "Not Found", "detail": "The resource could not be found.\n\n No resource provider with uuid f5c21e9c-10a3-4aa6-9af5-84600c1ee5a9 found for delete ", "request_id": "req-189ff54f-d227-4cfd-a3b5-4dc8d1e6f648"}]}
2026-06-09 10:58:51.987 7 INFO neutron.services.segments.plugin [-] Segment 778da2bb-acb2-4112-bae1-f694e1e00aa5 resource provider aggregate not found
2026-06-09 10:58:51.995 7 INFO neutron.services.segments.plugin [-] Segment 778da2bb-acb2-4112-bae1-f694e1e00aa5 resource provider aggregate not found
2026-06-09 10:58:52.007 7 INFO neutron.services.segments.plugin [-] Segment 778da2bb-acb2-4112-bae1-f694e1e00aa5 resource provider not found; error: Placement Client Error (4xx): {"errors": [{"status": 404, "title": "Not Found", "detail": "The resource could not be found.\n\n No resource provider with uuid 778da2bb-acb2-4112-bae1-f694e1e00aa5 found for delete ", "request_id": "req-abc52e61-44c1-4588-b853-4de5d74f3fa7"}]}
2026-06-09 10:58:52.016 7 INFO neutron.services.segments.plugin [-] Segment 778da2bb-acb2-4112-bae1-f694e1e00aa5 resource provider not found; error: Placement Client Error (4xx): {"errors": [{"status": 404, "title": "Not Found", "detail": "The resource could not be found.\n\n No resource provider with uuid 778da2bb-acb2-4112-bae1-f694e1e00aa5 found for delete ", "request_id": "req-b1de3462-3bfb-46e2-8708-8a485ebe5846"}]}
2026-06-09 10:58:52.028 7 INFO neutron.services.segments.plugin [-] Segment 9c69c6bb-4cdf-4df9-95ec-a5d0d273203f resource provider aggregate not found
2026-06-09 10:58:52.042 7 INFO neutron.services.segments.plugin [-] Segment 9c69c6bb-4cdf-4df9-95ec-a5d0d273203f resource provider aggregate not found
2026-06-09 10:58:52.048 7 INFO neutron.services.segments.plugin [-] Segment 9c69c6bb-4cdf-4df9-95ec-a5d0d273203f resource provider not found; error: Placement Client Error (4xx): {"errors": [{"status": 404, "title": "Not Found", "detail": "The resource could not be found.\n\n No resource provider with uuid 9c69c6bb-4cdf-4df9-95ec-a5d0d273203f found for delete ", "request_id": "req-47cdc366-5a01-4183-99f0-f302612517f6"}]}
2026-06-09 10:58:52.062 7 INFO neutron.services.segments.plugin [-] Segment 9c69c6bb-4cdf-4df9-95ec-a5d0d273203f resource provider not found; error: Placement Client Error (4xx): {"errors": [{"status": 404, "title": "Not Found", "detail": "The resource could not be found.\n\n No resource provider with uuid 9c69c6bb-4cdf-4df9-95ec-a5d0d273203f found for delete ", "request_id": "req-50ea8f48-5021-4a89-a5c2-64830c587111"}]}
2026-06-09 10:58:52.122 8 INFO neutron.plugins.ml2.drivers.ovn.mech_driver.mech_driver [None req-425f4ba1-0c47-4d30-8a6c-97ed0d89c867 - - - - - -] OVN reports status up for port: 8bf7785c-f951-4b19-8e08-3cb65769e326
2026-06-09 10:58:52.147 8 INFO neutron.plugins.ml2.plugin [None req-425f4ba1-0c47-4d30-8a6c-97ed0d89c867 - - - - - -] Attempt 1 to provision port 8bf7785c-f951-4b19-8e08-3cb65769e326 [pid: 7|app: 0|req: 1366/2668] 10.0.0.108 () {32 vars in 726 bytes} [Tue Jun 9 10:58:51 2026] DELETE /v2.0/networks/6cf079d9-41dc-4e3b-a5d1-c0e851878cc9 => generated 0 bytes in 532 msecs (HTTP/1.1 204) 3 headers in 131 bytes (1 switches on core 0) [pid: 7|app: 0|req: 1367/2669] 10.0.0.108 () {32 vars in 736 bytes} [Tue Jun 9 10:58:52 2026] GET /v2.0/ports?device_id=c8bde30e-6b59-4055-ad81-f46e045152a0 => generated 12 bytes in 20 msecs (HTTP/1.1 200) 4 headers in 156 bytes (1 switches on core 0)
2026-06-09 10:58:52.302 8 WARNING neutron.scheduler.dhcp_agent_scheduler [None req-7f359e43-58cd-4fe5-8acc-2588d69e48c8 b79f2745d87f4eac84f8be1ac0835d4c 0da3a96be2214bb79b5ae94528945bf3 - - default default] No more DHCP agents
2026-06-09 10:58:52.306 8 WARNING neutron.api.rpc.agentnotifiers.dhcp_rpc_agent_api [None req-7f359e43-58cd-4fe5-8acc-2588d69e48c8 b79f2745d87f4eac84f8be1ac0835d4c 0da3a96be2214bb79b5ae94528945bf3 - - default default] Unable to schedule network d20af496-19d8-414c-a1f7-a358279863b1: no agents available; will retry on subsequent port and subnet creation events. [pid: 7|app: 0|req: 1368/2670] 10.0.0.108 () {32 vars in 724 bytes} [Tue Jun 9 10:58:52 2026] DELETE /v2.0/routers/c8bde30e-6b59-4055-ad81-f46e045152a0 => generated 0 bytes in 207 msecs (HTTP/1.1 204) 2 headers in 112 bytes (1 switches on core 0)
2026-06-09 10:58:52.944 8 INFO neutron.db.ovn_revision_numbers_db [None req-425f4ba1-0c47-4d30-8a6c-97ed0d89c867 - - - - - -] Successfully bumped revision number for resource 8bf7785c-f951-4b19-8e08-3cb65769e326 (type: ports) to 2
2026-06-09 10:58:53.170 8 INFO neutron.db.ovn_revision_numbers_db [None req-7f359e43-58cd-4fe5-8acc-2588d69e48c8 b79f2745d87f4eac84f8be1ac0835d4c 0da3a96be2214bb79b5ae94528945bf3 - - default default] Successfully bumped revision number for resource 8bf7785c-f951-4b19-8e08-3cb65769e326 (type: router_ports) to 1 [pid: 8|app: 0|req: 1303/2671] 10.0.0.108 () {34 vars in 783 bytes} [Tue Jun 9 10:58:49 2026] PUT /v2.0/routers/98fa56c3-54fe-4460-b180-100ad1d2b792/add_router_interface => generated 309 bytes in 3750 msecs (HTTP/1.1 200) 4 headers in 157 bytes (1 switches on core 0)
2026-06-09 10:58:53.473 7 INFO neutron.db.ovn_revision_numbers_db [None req-60ff7111-b256-4620-8ccf-99a5ae394c8c 36711f0b35fc490d816d238f0c8a9fb0 623bf3d896a74546b9051bf6c4524600 - - default default] Successfully bumped revision number for resource 41abed06-c541-4f04-8f1f-cfbdb6f62de3 (type: security_groups) to 1
2026-06-09 10:58:53.491 7 INFO neutron.db.ovn_revision_numbers_db [None req-60ff7111-b256-4620-8ccf-99a5ae394c8c 36711f0b35fc490d816d238f0c8a9fb0 623bf3d896a74546b9051bf6c4524600 - - default default] Successfully bumped revision number for resource 46d57700-327a-4edb-8922-d55fc57f2360 (type: security_group_rules) to 0
2026-06-09 10:58:53.507 7 INFO neutron.db.ovn_revision_numbers_db [None req-60ff7111-b256-4620-8ccf-99a5ae394c8c 36711f0b35fc490d816d238f0c8a9fb0 623bf3d896a74546b9051bf6c4524600 - - default default] Successfully bumped revision number for resource 8d96edaf-4086-4667-b3e4-5d466744135d (type: security_group_rules) to 0
2026-06-09 10:58:53.529 7 INFO neutron.db.ovn_revision_numbers_db [None req-60ff7111-b256-4620-8ccf-99a5ae394c8c 36711f0b35fc490d816d238f0c8a9fb0 623bf3d896a74546b9051bf6c4524600 - - default default] Successfully bumped revision number for resource b99a53a7-8496-4d77-855f-ee5c8edc369c (type: security_group_rules) to 0
2026-06-09 10:58:53.545 7 INFO neutron.db.ovn_revision_numbers_db [None req-60ff7111-b256-4620-8ccf-99a5ae394c8c 36711f0b35fc490d816d238f0c8a9fb0 623bf3d896a74546b9051bf6c4524600 - - default default] Successfully bumped revision number for resource d50380f9-4e78-46ac-92e0-a70f308a7295 (type: security_group_rules) to 0 [pid: 7|app: 0|req: 1369/2672] 10.0.0.108 () {32 vars in 774 bytes} [Tue Jun 9 10:58:53 2026] GET /v2.0/security-groups?tenant_id=b9e9f83d633641dcbe5ed4a387285b27&name=default => generated 2925 bytes in 438 msecs (HTTP/1.1 200) 4 headers in 158 bytes (1 switches on core 0)
2026-06-09 10:58:53.821 7 INFO neutron.db.ovn_revision_numbers_db [None req-75ee9bf1-c1a0-4763-9428-237a00855593 36711f0b35fc490d816d238f0c8a9fb0 623bf3d896a74546b9051bf6c4524600 - - default default] Successfully bumped revision number for resource 1cb68efb-ec69-4c55-966a-57cc98eafb14 (type: security_groups) to 1
2026-06-09 10:58:53.832 7 INFO neutron.db.ovn_revision_numbers_db [None req-75ee9bf1-c1a0-4763-9428-237a00855593 36711f0b35fc490d816d238f0c8a9fb0 623bf3d896a74546b9051bf6c4524600 - - default default] Successfully bumped revision number for resource 2ee17840-a33e-4533-8177-638688e4dbbc (type: security_group_rules) to 0
2026-06-09 10:58:53.847 7 INFO neutron.db.ovn_revision_numbers_db [None req-75ee9bf1-c1a0-4763-9428-237a00855593 36711f0b35fc490d816d238f0c8a9fb0 623bf3d896a74546b9051bf6c4524600 - - default default] Successfully bumped revision number for resource 41221770-d2d1-4e56-aae9-4aef40b713aa (type: security_group_rules) to 0
2026-06-09 10:58:53.862 7 INFO neutron.db.ovn_revision_numbers_db [None req-75ee9bf1-c1a0-4763-9428-237a00855593 36711f0b35fc490d816d238f0c8a9fb0 623bf3d896a74546b9051bf6c4524600 - - default default] Successfully bumped revision number for resource af3f96fa-f05e-4324-bfb7-658172156c53 (type: security_group_rules) to 0
2026-06-09 10:58:53.877 7 INFO neutron.db.ovn_revision_numbers_db [None req-75ee9bf1-c1a0-4763-9428-237a00855593 36711f0b35fc490d816d238f0c8a9fb0 623bf3d896a74546b9051bf6c4524600 - - default default] Successfully bumped revision number for resource e1d65104-62f5-42c3-baf6-b048c36dccc6 (type: security_group_rules) to 0
2026-06-09 10:58:53.880 8 WARNING neutron.scheduler.dhcp_agent_scheduler [None req-bd75b19f-1420-4660-8a24-e936d98229f9 b79f2745d87f4eac84f8be1ac0835d4c 0da3a96be2214bb79b5ae94528945bf3 - - default default] No more DHCP agents
2026-06-09 10:58:53.881 8 WARNING neutron.api.rpc.agentnotifiers.dhcp_rpc_agent_api [None req-bd75b19f-1420-4660-8a24-e936d98229f9 b79f2745d87f4eac84f8be1ac0835d4c 0da3a96be2214bb79b5ae94528945bf3 - - default default] Unable to schedule network 60f893ca-f4ff-4300-bbf8-87ed1ea85310: no agents available; will retry on subsequent port and subnet creation events. [pid: 7|app: 0|req: 1370/2673] 10.0.0.108 () {32 vars in 774 bytes} [Tue Jun 9 10:58:53 2026] GET /v2.0/security-groups?tenant_id=226e56ca64ea4ac2835a270db59741db&name=default => generated 2925 bytes in 324 msecs (HTTP/1.1 200) 4 headers in 158 bytes (1 switches on core 0)
2026-06-09 10:58:54.053 8 INFO neutron.db.ovn_revision_numbers_db [None req-bd75b19f-1420-4660-8a24-e936d98229f9 b79f2745d87f4eac84f8be1ac0835d4c 0da3a96be2214bb79b5ae94528945bf3 - - default default] Successfully bumped revision number for resource 6aeb22fc-73c1-4d46-afc1-6ff6f7e17ca0 (type: ports) to 1
2026-06-09 10:58:54.067 7 INFO neutron.services.segments.plugin [-] Segment fd4f5d6a-eab1-4450-9724-81eadc98ede2 resource provider aggregate not found
2026-06-09 10:58:54.087 7 INFO neutron.services.segments.plugin [-] Segment fd4f5d6a-eab1-4450-9724-81eadc98ede2 resource provider aggregate not found
2026-06-09 10:58:54.090 7 INFO neutron.services.segments.plugin [-] Segment fd4f5d6a-eab1-4450-9724-81eadc98ede2 resource provider not found; error: Placement Client Error (4xx): {"errors": [{"status": 404, "title": "Not Found", "detail": "The resource could not be found.\n\n No resource provider with uuid fd4f5d6a-eab1-4450-9724-81eadc98ede2 found for delete ", "request_id": "req-06ba2279-88d3-4989-b3a5-c4b77383dae2"}]}
2026-06-09 10:58:54.109 7 INFO neutron.services.segments.plugin [-] Segment fd4f5d6a-eab1-4450-9724-81eadc98ede2 resource provider not found; error: Placement Client Error (4xx): {"errors": [{"status": 404, "title": "Not Found", "detail": "The resource could not be found.\n\n No resource provider with uuid fd4f5d6a-eab1-4450-9724-81eadc98ede2 found for delete ", "request_id": "req-407cac08-591d-4d06-95cf-3e1e55e67288"}]} [pid: 7|app: 0|req: 1371/2674] 10.0.0.108 () {32 vars in 740 bytes} [Tue Jun 9 10:58:53 2026] DELETE /v2.0/security-groups/41abed06-c541-4f04-8f1f-cfbdb6f62de3 => generated 0 bytes in 299 msecs (HTTP/1.1 204) 2 headers in 112 bytes (1 switches on core 0) [pid: 7|app: 0|req: 1372/2675] 10.0.0.108 () {32 vars in 740 bytes} [Tue Jun 9 10:58:54 2026] DELETE /v2.0/security-groups/1cb68efb-ec69-4c55-966a-57cc98eafb14 => generated 0 bytes in 240 msecs (HTTP/1.1 204) 2 headers in 112 bytes (1 switches on core 0)
2026-06-09 10:58:54.638 7 INFO neutron.db.ovn_revision_numbers_db [None req-1a12563c-b4e8-4c89-b9a5-dc6d3eba5166 36711f0b35fc490d816d238f0c8a9fb0 623bf3d896a74546b9051bf6c4524600 - - default default] Successfully bumped revision number for resource f22cb605-cff2-498a-8b67-7b55d1a8e1bd (type: security_groups) to 1
2026-06-09 10:58:54.660 7 INFO neutron.db.ovn_revision_numbers_db [None req-1a12563c-b4e8-4c89-b9a5-dc6d3eba5166 36711f0b35fc490d816d238f0c8a9fb0 623bf3d896a74546b9051bf6c4524600 - - default default] Successfully bumped revision number for resource 097ad6dd-18be-43d8-8f47-b0f9c97dc549 (type: security_group_rules) to 0
2026-06-09 10:58:54.678 7 INFO neutron.db.ovn_revision_numbers_db [None req-1a12563c-b4e8-4c89-b9a5-dc6d3eba5166 36711f0b35fc490d816d238f0c8a9fb0 623bf3d896a74546b9051bf6c4524600 - - default default] Successfully bumped revision number for resource c5b0881f-411e-48ad-b324-4c804a3d48b8 (type: security_group_rules) to 0
2026-06-09 10:58:54.697 7 INFO neutron.db.ovn_revision_numbers_db [None req-1a12563c-b4e8-4c89-b9a5-dc6d3eba5166 36711f0b35fc490d816d238f0c8a9fb0 623bf3d896a74546b9051bf6c4524600 - - default default] Successfully bumped revision number for resource d7d728db-0bcf-428b-a201-34efc36949cf (type: security_group_rules) to 0
2026-06-09 10:58:54.711 7 INFO neutron.db.ovn_revision_numbers_db [None req-1a12563c-b4e8-4c89-b9a5-dc6d3eba5166 36711f0b35fc490d816d238f0c8a9fb0 623bf3d896a74546b9051bf6c4524600 - - default default] Successfully bumped revision number for resource efb06e2a-2ec6-4a58-8582-fc1b44cf75e4 (type: security_group_rules) to 0 [pid: 7|app: 0|req: 1373/2676] 10.0.0.108 () {32 vars in 774 bytes} [Tue Jun 9 10:58:54 2026] GET /v2.0/security-groups?tenant_id=c68953cd8af34484954a933d3be324c8&name=default => generated 2925 bytes in 304 msecs (HTTP/1.1 200) 4 headers in 158 bytes (1 switches on core 0)
2026-06-09 10:58:54.930 7 INFO neutron.db.ovn_revision_numbers_db [None req-552d3a87-0a3e-4698-a156-029237e8aaaa 36711f0b35fc490d816d238f0c8a9fb0 623bf3d896a74546b9051bf6c4524600 - - default default] Successfully bumped revision number for resource f2bf7c16-96c0-4d5f-a17a-3076383e387e (type: security_groups) to 1
2026-06-09 10:58:54.985 7 INFO neutron.db.ovn_revision_numbers_db [None req-552d3a87-0a3e-4698-a156-029237e8aaaa 36711f0b35fc490d816d238f0c8a9fb0 623bf3d896a74546b9051bf6c4524600 - - default default] Successfully bumped revision number for resource 3703a401-91f7-4c90-b7ba-577355f1d328 (type: security_group_rules) to 0
2026-06-09 10:58:55.010 7 INFO neutron.db.ovn_revision_numbers_db [None req-552d3a87-0a3e-4698-a156-029237e8aaaa 36711f0b35fc490d816d238f0c8a9fb0 623bf3d896a74546b9051bf6c4524600 - - default default] Successfully bumped revision number for resource 5b1f1607-4c08-4e23-9336-9c41d75c558a (type: security_group_rules) to 0
2026-06-09 10:58:55.023 8 WARNING neutron.scheduler.dhcp_agent_scheduler [None req-bd75b19f-1420-4660-8a24-e936d98229f9 b79f2745d87f4eac84f8be1ac0835d4c 0da3a96be2214bb79b5ae94528945bf3 - - default default] No more DHCP agents
2026-06-09 10:58:55.024 7 INFO neutron.db.ovn_revision_numbers_db [None req-552d3a87-0a3e-4698-a156-029237e8aaaa 36711f0b35fc490d816d238f0c8a9fb0 623bf3d896a74546b9051bf6c4524600 - - default default] Successfully bumped revision number for resource 83596afb-e636-4e67-93e5-ebd3e8f61e70 (type: security_group_rules) to 0
2026-06-09 10:58:55.025 8 WARNING neutron.api.rpc.agentnotifiers.dhcp_rpc_agent_api [None req-bd75b19f-1420-4660-8a24-e936d98229f9 b79f2745d87f4eac84f8be1ac0835d4c 0da3a96be2214bb79b5ae94528945bf3 - - default default] Unable to schedule network 60f893ca-f4ff-4300-bbf8-87ed1ea85310: no agents available; will retry on subsequent port and subnet creation events.
2026-06-09 10:58:55.041 7 INFO neutron.db.ovn_revision_numbers_db [None req-552d3a87-0a3e-4698-a156-029237e8aaaa 36711f0b35fc490d816d238f0c8a9fb0 623bf3d896a74546b9051bf6c4524600 - - default default] Successfully bumped revision number for resource 85e9c9df-63d8-4a55-be80-b38b9f653f0f (type: security_group_rules) to 0 [pid: 7|app: 0|req: 1374/2677] 10.0.0.108 () {32 vars in 774 bytes} [Tue Jun 9 10:58:54 2026] GET /v2.0/security-groups?tenant_id=2aac9c02688749c8a4895e3e2d91a36d&name=default => generated 2925 bytes in 328 msecs (HTTP/1.1 200) 4 headers in 158 bytes (1 switches on core 0) [pid: 7|app: 0|req: 1375/2678] 10.0.0.108 () {32 vars in 740 bytes} [Tue Jun 9 10:58:55 2026] DELETE /v2.0/security-groups/f22cb605-cff2-498a-8b67-7b55d1a8e1bd => generated 0 bytes in 267 msecs (HTTP/1.1 204) 2 headers in 112 bytes (1 switches on core 0)
2026-06-09 10:58:55.535 8 INFO neutron.db.ovn_revision_numbers_db [None req-bd75b19f-1420-4660-8a24-e936d98229f9 b79f2745d87f4eac84f8be1ac0835d4c 0da3a96be2214bb79b5ae94528945bf3 - - default default] Successfully bumped revision number for resource 6aeb22fc-73c1-4d46-afc1-6ff6f7e17ca0 (type: router_ports) to 1 [pid: 8|app: 0|req: 1304/2679] 10.0.0.108 () {34 vars in 783 bytes} [Tue Jun 9 10:58:53 2026] PUT /v2.0/routers/98fa56c3-54fe-4460-b180-100ad1d2b792/add_router_interface => generated 309 bytes in 2361 msecs (HTTP/1.1 200) 4 headers in 157 bytes (1 switches on core 0) [pid: 7|app: 0|req: 1376/2680] 10.0.0.108 () {32 vars in 740 bytes} [Tue Jun 9 10:58:55 2026] DELETE /v2.0/security-groups/f2bf7c16-96c0-4d5f-a17a-3076383e387e => generated 0 bytes in 342 msecs (HTTP/1.1 204) 2 headers in 112 bytes (1 switches on core 0) [pid: 7|app: 0|req: 1377/2681] 10.0.0.108 () {32 vars in 774 bytes} [Tue Jun 9 10:58:55 2026] GET /v2.0/security-groups?tenant_id=8cbe21b7df2344769e4d0f4690d3a9c5&name=default => generated 2925 bytes in 28 msecs (HTTP/1.1 200) 4 headers in 158 bytes (1 switches on core 0) [pid: 7|app: 0|req: 1378/2682] 10.0.0.108 () {32 vars in 740 bytes} [Tue Jun 9 10:58:55 2026] DELETE /v2.0/security-groups/e35ece9d-109a-4692-8620-76801aae6a90 => generated 0 bytes in 265 msecs (HTTP/1.1 204) 2 headers in 112 bytes (1 switches on core 0)
2026-06-09 10:58:56.140 7 INFO neutron.db.ovn_revision_numbers_db [None req-7b9c75ca-e5a3-484d-83ea-307456d7f063 36711f0b35fc490d816d238f0c8a9fb0 623bf3d896a74546b9051bf6c4524600 - - default default] Successfully bumped revision number for resource c39993c3-cfaa-4ae4-a7d7-42907cf13256 (type: security_groups) to 1
2026-06-09 10:58:56.154 7 INFO neutron.db.ovn_revision_numbers_db [None req-7b9c75ca-e5a3-484d-83ea-307456d7f063 36711f0b35fc490d816d238f0c8a9fb0 623bf3d896a74546b9051bf6c4524600 - - default default] Successfully bumped revision number for resource 5162a2f2-6d19-4b23-a14b-cce330f88ff5 (type: security_group_rules) to 0
2026-06-09 10:58:56.177 7 INFO neutron.db.ovn_revision_numbers_db [None req-7b9c75ca-e5a3-484d-83ea-307456d7f063 36711f0b35fc490d816d238f0c8a9fb0 623bf3d896a74546b9051bf6c4524600 - - default default] Successfully bumped revision number for resource ab59559a-cee4-4f5f-8fcb-38585fe7cca9 (type: security_group_rules) to 0
2026-06-09 10:58:56.189 7 INFO neutron.db.ovn_revision_numbers_db [None req-7b9c75ca-e5a3-484d-83ea-307456d7f063 36711f0b35fc490d816d238f0c8a9fb0 623bf3d896a74546b9051bf6c4524600 - - default default] Successfully bumped revision number for resource b2743b27-3c15-4ac1-84ac-5fd13194e61f (type: security_group_rules) to 0
2026-06-09 10:58:56.201 7 INFO neutron.db.ovn_revision_numbers_db [None req-7b9c75ca-e5a3-484d-83ea-307456d7f063 36711f0b35fc490d816d238f0c8a9fb0 623bf3d896a74546b9051bf6c4524600 - - default default] Successfully bumped revision number for resource bd0f2a10-3d08-40d7-a35b-eb20a32b8a27 (type: security_group_rules) to 0 [pid: 7|app: 0|req: 1381/2685] 10.0.0.108 () {32 vars in 774 bytes} [Tue Jun 9 10:58:56 2026] GET /v2.0/security-groups?tenant_id=af6b214b0623489bab65358cfe85ba6b&name=default => generated 2925 bytes in 253 msecs (HTTP/1.1 200) 4 headers in 158 bytes (1 switches on core 0)
2026-06-09 10:58:56.323 8 WARNING neutron.scheduler.dhcp_agent_scheduler [None req-40e387a8-201e-4ff1-a470-84d478b7e335 b79f2745d87f4eac84f8be1ac0835d4c 0da3a96be2214bb79b5ae94528945bf3 - - default default] No more DHCP agents
2026-06-09 10:58:56.325 8 WARNING neutron.api.rpc.agentnotifiers.dhcp_rpc_agent_api [None req-40e387a8-201e-4ff1-a470-84d478b7e335 b79f2745d87f4eac84f8be1ac0835d4c 0da3a96be2214bb79b5ae94528945bf3 - - default default] Unable to schedule network 271bad02-2dc0-4ecd-883b-4b9307680d8a: no agents available; will retry on subsequent port and subnet creation events.
2026-06-09 10:58:56.513 8 INFO neutron.db.ovn_revision_numbers_db [None req-40e387a8-201e-4ff1-a470-84d478b7e335 b79f2745d87f4eac84f8be1ac0835d4c 0da3a96be2214bb79b5ae94528945bf3 - - default default] Successfully bumped revision number for resource cc4664d1-324c-419f-9266-1683fe9c4224 (type: ports) to 1 [pid: 7|app: 0|req: 1382/2686] 10.0.0.108 () {32 vars in 740 bytes} [Tue Jun 9 10:58:56 2026] DELETE /v2.0/security-groups/c39993c3-cfaa-4ae4-a7d7-42907cf13256 => generated 0 bytes in 311 msecs (HTTP/1.1 204) 2 headers in 112 bytes (1 switches on core 0)
2026-06-09 10:58:57.441 8 WARNING neutron.scheduler.dhcp_agent_scheduler [None req-40e387a8-201e-4ff1-a470-84d478b7e335 b79f2745d87f4eac84f8be1ac0835d4c 0da3a96be2214bb79b5ae94528945bf3 - - default default] No more DHCP agents
2026-06-09 10:58:57.443 8 WARNING neutron.api.rpc.agentnotifiers.dhcp_rpc_agent_api [None req-40e387a8-201e-4ff1-a470-84d478b7e335 b79f2745d87f4eac84f8be1ac0835d4c 0da3a96be2214bb79b5ae94528945bf3 - - default default] Unable to schedule network 271bad02-2dc0-4ecd-883b-4b9307680d8a: no agents available; will retry on subsequent port and subnet creation events.
2026-06-09 10:58:57.926 8 INFO neutron.db.ovn_revision_numbers_db [None req-40e387a8-201e-4ff1-a470-84d478b7e335 b79f2745d87f4eac84f8be1ac0835d4c 0da3a96be2214bb79b5ae94528945bf3 - - default default] Successfully bumped revision number for resource cc4664d1-324c-419f-9266-1683fe9c4224 (type: router_ports) to 1 [pid: 8|app: 0|req: 1305/2687] 10.0.0.108 () {34 vars in 783 bytes} [Tue Jun 9 10:58:55 2026] PUT /v2.0/routers/98fa56c3-54fe-4460-b180-100ad1d2b792/add_router_interface => generated 309 bytes in 2385 msecs (HTTP/1.1 200) 4 headers in 157 bytes (1 switches on core 0)
2026-06-09 10:58:58.061 8 WARNING neutron.plugins.ml2.drivers.ovn.mech_driver.ovsdb.ovn_client [None req-524be1b1-5b5d-4361-816f-b2da338dd0c1 - - - - - -] No hosting information found for port 8bf7785c-f951-4b19-8e08-3cb65769e326: RuntimeError: No hosting information found for port 8bf7785c-f951-4b19-8e08-3cb65769e326
2026-06-09 10:58:58.117 7 INFO neutron.db.ovn_revision_numbers_db [None req-426b7304-b54e-4d33-841f-ccb1d02c11a7 b79f2745d87f4eac84f8be1ac0835d4c 0da3a96be2214bb79b5ae94528945bf3 - - default default] Successfully bumped revision number for resource 06c0f288-bd93-4cd5-8c7b-d4357704ebbf (type: security_groups) to 1
2026-06-09 10:58:58.135 7 INFO neutron.db.ovn_revision_numbers_db [None req-426b7304-b54e-4d33-841f-ccb1d02c11a7 b79f2745d87f4eac84f8be1ac0835d4c 0da3a96be2214bb79b5ae94528945bf3 - - default default] Successfully bumped revision number for resource 2bf14d64-cf07-48e7-a6c9-4645bd8ea792 (type: security_group_rules) to 0
2026-06-09 10:58:58.151 7 INFO neutron.db.ovn_revision_numbers_db [None req-426b7304-b54e-4d33-841f-ccb1d02c11a7 b79f2745d87f4eac84f8be1ac0835d4c 0da3a96be2214bb79b5ae94528945bf3 - - default default] Successfully bumped revision number for resource c2e3ce75-eea0-4ce3-acae-f92da7640463 (type: security_group_rules) to 0
2026-06-09 10:58:58.166 8 INFO neutron.db.ovn_revision_numbers_db [None req-524be1b1-5b5d-4361-816f-b2da338dd0c1 - - - - - -] Successfully bumped revision number for resource 8bf7785c-f951-4b19-8e08-3cb65769e326 (type: router_ports) to 2
2026-06-09 10:58:58.167 8 INFO neutron.plugins.ml2.drivers.ovn.mech_driver.mech_driver [None req-524be1b1-5b5d-4361-816f-b2da338dd0c1 - - - - - -] OVN reports status down for port: 6aeb22fc-73c1-4d46-afc1-6ff6f7e17ca0 [pid: 7|app: 0|req: 1383/2688] 10.0.0.108 () {34 vars in 684 bytes} [Tue Jun 9 10:58:57 2026] POST /v2.0/security-groups => generated 1628 bytes in 222 msecs (HTTP/1.1 201) 4 headers in 163 bytes (1 switches on core 0)
2026-06-09 10:58:58.267 8 WARNING neutron.plugins.ml2.drivers.ovn.mech_driver.ovsdb.ovn_client [None req-524be1b1-5b5d-4361-816f-b2da338dd0c1 - - - - - -] Logical_Switch_Port %s host information not removed, the port state is up
2026-06-09 10:58:58.268 8 INFO neutron.plugins.ml2.drivers.ovn.mech_driver.mech_driver [None req-524be1b1-5b5d-4361-816f-b2da338dd0c1 - - - - - -] OVN reports status up for port: 6aeb22fc-73c1-4d46-afc1-6ff6f7e17ca0
2026-06-09 10:58:58.289 8 INFO neutron.plugins.ml2.plugin [None req-524be1b1-5b5d-4361-816f-b2da338dd0c1 - - - - - -] Attempt 1 to provision port 6aeb22fc-73c1-4d46-afc1-6ff6f7e17ca0
2026-06-09 10:58:58.503 8 INFO neutron.db.ovn_revision_numbers_db [None req-832f957d-ecf8-462f-b999-01396136993a b79f2745d87f4eac84f8be1ac0835d4c 0da3a96be2214bb79b5ae94528945bf3 - - default default] Successfully bumped revision number for resource 66b47582-5fac-44fc-bf71-e3398c5c1696 (type: security_group_rules) to 0 [pid: 8|app: 0|req: 1306/2689] 10.0.0.108 () {34 vars in 695 bytes} [Tue Jun 9 10:58:58 2026] POST /v2.0/security-group-rules => generated 597 bytes in 431 msecs (HTTP/1.1 201) 4 headers in 162 bytes (1 switches on core 0)
2026-06-09 10:58:58.925 7 INFO neutron.db.ovn_revision_numbers_db [None req-2e20d268-14c3-46f7-ab3c-433eb827e79a b79f2745d87f4eac84f8be1ac0835d4c 0da3a96be2214bb79b5ae94528945bf3 - - default default] Successfully bumped revision number for resource 4c6ab7f6-68a3-4007-b42a-c250423f80de (type: security_group_rules) to 0 [pid: 7|app: 0|req: 1384/2690] 10.0.0.108 () {34 vars in 695 bytes} [Tue Jun 9 10:58:58 2026] POST /v2.0/security-group-rules => generated 597 bytes in 348 msecs (HTTP/1.1 201) 4 headers in 162 bytes (1 switches on core 0)
2026-06-09 10:58:59.087 8 INFO neutron.db.ovn_revision_numbers_db [None req-524be1b1-5b5d-4361-816f-b2da338dd0c1 - - - - - -] Successfully bumped revision number for resource 6aeb22fc-73c1-4d46-afc1-6ff6f7e17ca0 (type: ports) to 2
2026-06-09 10:58:59.310 8 INFO neutron.db.ovn_revision_numbers_db [None req-7e4fa1f4-1848-4446-b1f2-55a6b58eaf29 b79f2745d87f4eac84f8be1ac0835d4c 0da3a96be2214bb79b5ae94528945bf3 - - default default] Successfully bumped revision number for resource bdf0e27b-bd21-4eeb-bbe6-a64c4d21ea60 (type: security_group_rules) to 0 [pid: 8|app: 0|req: 1307/2691] 10.0.0.108 () {34 vars in 695 bytes} [Tue Jun 9 10:58:59 2026] POST /v2.0/security-group-rules => generated 599 bytes in 349 msecs (HTTP/1.1 201) 4 headers in 162 bytes (1 switches on core 0)
2026-06-09 10:58:59.524 7 INFO neutron.db.ovn_revision_numbers_db [None req-8adc8b64-d1e1-4f6b-ac5f-547355e58753 b79f2745d87f4eac84f8be1ac0835d4c 0da3a96be2214bb79b5ae94528945bf3 - - default default] Successfully bumped revision number for resource 4ad7532e-2a5e-4ec4-8618-d521de4d7d4b (type: security_group_rules) to 0 [pid: 7|app: 0|req: 1385/2692] 10.0.0.108 () {34 vars in 695 bytes} [Tue Jun 9 10:58:59 2026] POST /v2.0/security-group-rules => generated 601 bytes in 213 msecs (HTTP/1.1 201) 4 headers in 162 bytes (1 switches on core 0)
2026-06-09 10:58:59.796 8 INFO neutron.db.ovn_revision_numbers_db [None req-cab8d2d8-e2be-4553-97e4-6a97c5345990 b79f2745d87f4eac84f8be1ac0835d4c 0da3a96be2214bb79b5ae94528945bf3 - - default default] Successfully bumped revision number for resource a1e77cda-cd7b-40d4-9e1f-e025b4abc753 (type: security_group_rules) to 0 [pid: 8|app: 0|req: 1308/2693] 10.0.0.108 () {34 vars in 695 bytes} [Tue Jun 9 10:58:59 2026] POST /v2.0/security-group-rules => generated 601 bytes in 260 msecs (HTTP/1.1 201) 4 headers in 162 bytes (1 switches on core 0)
2026-06-09 10:59:00.034 8 INFO neutron.db.ovn_revision_numbers_db [None req-2aa14475-7010-4f3a-b053-bd8f4d879c3d b79f2745d87f4eac84f8be1ac0835d4c 0da3a96be2214bb79b5ae94528945bf3 - - default default] Successfully bumped revision number for resource 80e21466-57fd-4cd7-bf2e-fc399259f7c4 (type: security_group_rules) to 0 [pid: 8|app: 0|req: 1309/2694] 10.0.0.108 () {34 vars in 695 bytes} [Tue Jun 9 10:58:59 2026] POST /v2.0/security-group-rules => generated 597 bytes in 272 msecs (HTTP/1.1 201) 4 headers in 162 bytes (1 switches on core 0)
