2026-06-09 10:55:42.238 7 INFO neutron.services.segments.plugin [-] Segment 20350ce2-a893-4ea2-b1b5-811cdb4cdb06 resource provider not found; error: Placement Client Error (4xx): {"errors": [{"status": 404, "title": "Not Found", "detail": "The resource could not be found.\n\n No resource provider with uuid 20350ce2-a893-4ea2-b1b5-811cdb4cdb06 found for delete ", "request_id": "req-8ded429f-0abe-4165-a4d7-d8490d6d859e"}]}
2026-06-09 10:55:42.243 7 INFO neutron.services.segments.plugin [-] Segment 20350ce2-a893-4ea2-b1b5-811cdb4cdb06 resource provider not found; error: Placement Client Error (4xx): {"errors": [{"status": 404, "title": "Not Found", "detail": "The resource could not be found.\n\n No resource provider with uuid 20350ce2-a893-4ea2-b1b5-811cdb4cdb06 found for delete ", "request_id": "req-6d88c827-9418-491e-b911-c2a6f5323a78"}]} [pid: 7|app: 0|req: 807/1529] 10.0.0.108 () {32 vars in 726 bytes} [Tue Jun 9 10:55:41 2026] DELETE /v2.0/networks/74d79d43-cd1a-43e4-a57b-490127295df5 => generated 0 bytes in 422 msecs (HTTP/1.1 204) 3 headers in 131 bytes (1 switches on core 0) [pid: 8|app: 0|req: 723/1530] 10.0.0.108 () {32 vars in 774 bytes} [Tue Jun 9 10:55:42 2026] GET /v2.0/security-groups?tenant_id=cd7fa6d13ce947b087646da4b3573b73&name=default => generated 2925 bytes in 178 msecs (HTTP/1.1 200) 4 headers in 158 bytes (1 switches on core 0) [pid: 7|app: 0|req: 808/1531] 10.0.0.108 () {32 vars in 740 bytes} [Tue Jun 9 10:55:42 2026] DELETE /v2.0/security-groups/4daaeafa-a05c-4ba3-b3da-de4649497e2f => generated 0 bytes in 231 msecs (HTTP/1.1 204) 2 headers in 112 bytes (1 switches on core 0)
2026-06-09 10:55:43.260 8 INFO neutron.db.ovn_revision_numbers_db [None req-267c7ed9-2bc8-4f08-ae16-101e2cad32af 2b0646083bf8440e97626c155740a960 0baaeacecc6a4db1802cd922c79381cb - - default default] Successfully bumped revision number for resource d7fa2073-265c-474c-ad51-6b36498119c3 (type: security_groups) to 1
2026-06-09 10:55:43.279 8 INFO neutron.db.ovn_revision_numbers_db [None req-267c7ed9-2bc8-4f08-ae16-101e2cad32af 2b0646083bf8440e97626c155740a960 0baaeacecc6a4db1802cd922c79381cb - - default default] Successfully bumped revision number for resource 2db162a0-1a98-470d-bc28-d0b2d8cda55f (type: security_group_rules) to 0
2026-06-09 10:55:43.296 8 INFO neutron.db.ovn_revision_numbers_db [None req-267c7ed9-2bc8-4f08-ae16-101e2cad32af 2b0646083bf8440e97626c155740a960 0baaeacecc6a4db1802cd922c79381cb - - default default] Successfully bumped revision number for resource 77f139cc-05ab-4c65-8c1e-96fc14ee48e7 (type: security_group_rules) to 0
2026-06-09 10:55:43.311 8 INFO neutron.db.ovn_revision_numbers_db [None req-267c7ed9-2bc8-4f08-ae16-101e2cad32af 2b0646083bf8440e97626c155740a960 0baaeacecc6a4db1802cd922c79381cb - - default default] Successfully bumped revision number for resource aa59ee12-573b-4418-a67c-7141b36c6beb (type: security_group_rules) to 0
2026-06-09 10:55:43.329 8 INFO neutron.db.ovn_revision_numbers_db [None req-267c7ed9-2bc8-4f08-ae16-101e2cad32af 2b0646083bf8440e97626c155740a960 0baaeacecc6a4db1802cd922c79381cb - - default default] Successfully bumped revision number for resource e8f37c27-c6fa-4145-aa1e-651af5bdd8bd (type: security_group_rules) to 0
2026-06-09 10:55:43.431 8 INFO neutron.db.segments_db [None req-267c7ed9-2bc8-4f08-ae16-101e2cad32af 2b0646083bf8440e97626c155740a960 0baaeacecc6a4db1802cd922c79381cb - - default default] Added segment b9169ded-ce9e-494c-83e6-19ab7ef23554 of type geneve for network c5b05c46-f68a-4a29-9b30-8c42fbae94ca
2026-06-09 10:55:43.583 8 INFO neutron.db.ovn_revision_numbers_db [None req-267c7ed9-2bc8-4f08-ae16-101e2cad32af 2b0646083bf8440e97626c155740a960 0baaeacecc6a4db1802cd922c79381cb - - default default] Successfully bumped revision number for resource c5b05c46-f68a-4a29-9b30-8c42fbae94ca (type: networks) to 1
2026-06-09 10:55:43.797 8 WARNING neutron.scheduler.dhcp_agent_scheduler [None req-267c7ed9-2bc8-4f08-ae16-101e2cad32af 2b0646083bf8440e97626c155740a960 0baaeacecc6a4db1802cd922c79381cb - - default default] No more DHCP agents
2026-06-09 10:55:43.799 8 WARNING neutron.api.rpc.agentnotifiers.dhcp_rpc_agent_api [None req-267c7ed9-2bc8-4f08-ae16-101e2cad32af 2b0646083bf8440e97626c155740a960 0baaeacecc6a4db1802cd922c79381cb - - default default] Unable to schedule network c5b05c46-f68a-4a29-9b30-8c42fbae94ca: no agents available; will retry on subsequent port and subnet creation events.
2026-06-09 10:55:43.848 8 INFO neutron.plugins.ml2.drivers.ovn.mech_driver.mech_driver [None req-af4d367d-2a73-48b7-ae0f-10ca2cf440cd - - - - - -] OVN reports status down for port: 1655f3d4-779a-4869-b255-407311d1f026
2026-06-09 10:55:43.930 8 INFO neutron.db.ovn_revision_numbers_db [None req-267c7ed9-2bc8-4f08-ae16-101e2cad32af 2b0646083bf8440e97626c155740a960 0baaeacecc6a4db1802cd922c79381cb - - default default] Successfully bumped revision number for resource 1655f3d4-779a-4869-b255-407311d1f026 (type: ports) to 1 [pid: 8|app: 0|req: 724/1532] 10.0.0.108 () {34 vars in 670 bytes} [Tue Jun 9 10:55:43 2026] POST /v2.0/networks => generated 663 bytes in 929 msecs (HTTP/1.1 201) 4 headers in 162 bytes (1 switches on core 0)
2026-06-09 10:55:44.243 7 WARNING neutron.scheduler.dhcp_agent_scheduler [None req-a8957e2b-a837-4e08-84ea-36d1696ca161 2b0646083bf8440e97626c155740a960 0baaeacecc6a4db1802cd922c79381cb - - default default] No more DHCP agents
2026-06-09 10:55:44.244 7 WARNING neutron.api.rpc.agentnotifiers.dhcp_rpc_agent_api [None req-a8957e2b-a837-4e08-84ea-36d1696ca161 2b0646083bf8440e97626c155740a960 0baaeacecc6a4db1802cd922c79381cb - - default default] Unable to schedule network c5b05c46-f68a-4a29-9b30-8c42fbae94ca: no agents available; will retry on subsequent port and subnet creation events.
2026-06-09 10:55:44.782 7 INFO neutron.db.ovn_revision_numbers_db [None req-2c75ad05-3aba-4110-bdd5-05694f97f420 - - - - - -] Successfully bumped revision number for resource 1655f3d4-779a-4869-b255-407311d1f026 (type: ports) to 2
2026-06-09 10:55:44.819 7 INFO neutron.db.ovn_revision_numbers_db [None req-2c75ad05-3aba-4110-bdd5-05694f97f420 - - - - - -] Successfully bumped revision number for resource 74332e25-f8ae-42ce-99ce-524303b9bdb6 (type: subnets) to 0 [pid: 7|app: 0|req: 809/1533] 10.0.0.108 () {34 vars in 669 bytes} [Tue Jun 9 10:55:44 2026] POST /v2.0/subnets => generated 641 bytes in 826 msecs (HTTP/1.1 201) 4 headers in 162 bytes (1 switches on core 0)
2026-06-09 10:55:44.936 8 INFO neutron.db.segments_db [None req-cb8756fe-001f-40eb-ad28-7facbcf5f00b 2b0646083bf8440e97626c155740a960 0baaeacecc6a4db1802cd922c79381cb - - default default] Added segment 7b322ff7-5e2e-420e-956c-f0d87ded3651 of type geneve for network ee240b28-9275-4199-993f-585253c13019
2026-06-09 10:55:45.074 8 INFO neutron.db.ovn_revision_numbers_db [None req-cb8756fe-001f-40eb-ad28-7facbcf5f00b 2b0646083bf8440e97626c155740a960 0baaeacecc6a4db1802cd922c79381cb - - default default] Successfully bumped revision number for resource ee240b28-9275-4199-993f-585253c13019 (type: networks) to 1
2026-06-09 10:55:45.267 8 WARNING neutron.scheduler.dhcp_agent_scheduler [None req-cb8756fe-001f-40eb-ad28-7facbcf5f00b 2b0646083bf8440e97626c155740a960 0baaeacecc6a4db1802cd922c79381cb - - default default] No more DHCP agents
2026-06-09 10:55:45.269 8 WARNING neutron.api.rpc.agentnotifiers.dhcp_rpc_agent_api [None req-cb8756fe-001f-40eb-ad28-7facbcf5f00b 2b0646083bf8440e97626c155740a960 0baaeacecc6a4db1802cd922c79381cb - - default default] Unable to schedule network ee240b28-9275-4199-993f-585253c13019: no agents available; will retry on subsequent port and subnet creation events.
2026-06-09 10:55:45.319 8 INFO neutron.plugins.ml2.drivers.ovn.mech_driver.mech_driver [None req-af4d367d-2a73-48b7-ae0f-10ca2cf440cd - - - - - -] OVN reports status down for port: 3841b135-69d7-49ad-bd51-9df6fe99601f
2026-06-09 10:55:45.377 8 INFO neutron.db.ovn_revision_numbers_db [None req-cb8756fe-001f-40eb-ad28-7facbcf5f00b 2b0646083bf8440e97626c155740a960 0baaeacecc6a4db1802cd922c79381cb - - default default] Successfully bumped revision number for resource 3841b135-69d7-49ad-bd51-9df6fe99601f (type: ports) to 1 [pid: 8|app: 0|req: 725/1534] 10.0.0.108 () {34 vars in 670 bytes} [Tue Jun 9 10:55:44 2026] POST /v2.0/networks => generated 663 bytes in 573 msecs (HTTP/1.1 201) 4 headers in 162 bytes (1 switches on core 0)
2026-06-09 10:55:45.578 8 INFO neutron.db.ovn_revision_numbers_db [None req-608c42fd-e77b-401c-91b4-fe128b9043b6 2b0646083bf8440e97626c155740a960 0baaeacecc6a4db1802cd922c79381cb - - default default] Successfully bumped revision number for resource ee240b28-9275-4199-993f-585253c13019 (type: networks) to 2 [pid: 8|app: 0|req: 726/1535] 10.0.0.108 () {34 vars in 743 bytes} [Tue Jun 9 10:55:45 2026] PUT /v2.0/networks/ee240b28-9275-4199-993f-585253c13019 => generated 636 bytes in 165 msecs (HTTP/1.1 200) 4 headers in 157 bytes (1 switches on core 0)
2026-06-09 10:55:45.736 7 INFO neutron.db.ovn_revision_numbers_db [None req-6716944c-bc9b-42cc-89dd-9b460ece14c0 a78a8e880b7247c09a2a85dbedcbc625 49015124ab4a4cceb3c3687df13811a4 - - default default] Successfully bumped revision number for resource f63e80a6-1cf5-49bc-924d-ce4857ff235e (type: security_groups) to 1
2026-06-09 10:55:45.753 7 INFO neutron.db.ovn_revision_numbers_db [None req-6716944c-bc9b-42cc-89dd-9b460ece14c0 a78a8e880b7247c09a2a85dbedcbc625 49015124ab4a4cceb3c3687df13811a4 - - default default] Successfully bumped revision number for resource 000fcc6a-07ed-4af1-baa4-10a7bc919901 (type: security_group_rules) to 0
2026-06-09 10:55:45.765 7 INFO neutron.db.ovn_revision_numbers_db [None req-6716944c-bc9b-42cc-89dd-9b460ece14c0 a78a8e880b7247c09a2a85dbedcbc625 49015124ab4a4cceb3c3687df13811a4 - - default default] Successfully bumped revision number for resource 1835213b-245d-4782-885d-efef190256f8 (type: security_group_rules) to 0
2026-06-09 10:55:45.779 7 INFO neutron.db.ovn_revision_numbers_db [None req-6716944c-bc9b-42cc-89dd-9b460ece14c0 a78a8e880b7247c09a2a85dbedcbc625 49015124ab4a4cceb3c3687df13811a4 - - default default] Successfully bumped revision number for resource 2614c77f-eac2-4329-80d1-350c1d229720 (type: security_group_rules) to 0
2026-06-09 10:55:45.793 7 INFO neutron.db.ovn_revision_numbers_db [None req-6716944c-bc9b-42cc-89dd-9b460ece14c0 a78a8e880b7247c09a2a85dbedcbc625 49015124ab4a4cceb3c3687df13811a4 - - default default] Successfully bumped revision number for resource 32d8954c-c894-49cb-9b69-4df67b2728cd (type: security_group_rules) to 0
2026-06-09 10:55:45.803 8 WARNING neutron.scheduler.dhcp_agent_scheduler [None req-687fbcc5-9b01-4c2a-ab2a-86f8eb0354cf 2b0646083bf8440e97626c155740a960 0baaeacecc6a4db1802cd922c79381cb - - default default] No more DHCP agents
2026-06-09 10:55:45.804 8 WARNING neutron.api.rpc.agentnotifiers.dhcp_rpc_agent_api [None req-687fbcc5-9b01-4c2a-ab2a-86f8eb0354cf 2b0646083bf8440e97626c155740a960 0baaeacecc6a4db1802cd922c79381cb - - default default] Unable to schedule network ee240b28-9275-4199-993f-585253c13019: no agents available; will retry on subsequent port and subnet creation events.
2026-06-09 10:55:45.884 7 INFO neutron.db.segments_db [None req-6716944c-bc9b-42cc-89dd-9b460ece14c0 a78a8e880b7247c09a2a85dbedcbc625 49015124ab4a4cceb3c3687df13811a4 - - default default] Added segment 89e6d10d-fdfd-4e21-8942-3cf0605a17ea of type geneve for network 122cfefb-f31e-4bd0-bfad-942480c575b5
2026-06-09 10:55:46.010 7 INFO neutron.db.ovn_revision_numbers_db [None req-6716944c-bc9b-42cc-89dd-9b460ece14c0 a78a8e880b7247c09a2a85dbedcbc625 49015124ab4a4cceb3c3687df13811a4 - - default default] Successfully bumped revision number for resource 122cfefb-f31e-4bd0-bfad-942480c575b5 (type: networks) to 1
2026-06-09 10:55:46.207 7 WARNING neutron.scheduler.dhcp_agent_scheduler [None req-6716944c-bc9b-42cc-89dd-9b460ece14c0 a78a8e880b7247c09a2a85dbedcbc625 49015124ab4a4cceb3c3687df13811a4 - - default default] No more DHCP agents
2026-06-09 10:55:46.208 7 WARNING neutron.api.rpc.agentnotifiers.dhcp_rpc_agent_api [None req-6716944c-bc9b-42cc-89dd-9b460ece14c0 a78a8e880b7247c09a2a85dbedcbc625 49015124ab4a4cceb3c3687df13811a4 - - default default] Unable to schedule network 122cfefb-f31e-4bd0-bfad-942480c575b5: no agents available; will retry on subsequent port and subnet creation events.
2026-06-09 10:55:46.267 8 INFO neutron.plugins.ml2.drivers.ovn.mech_driver.mech_driver [None req-af4d367d-2a73-48b7-ae0f-10ca2cf440cd - - - - - -] OVN reports status down for port: 3a2fa346-f17b-4573-aa7c-796c6a9cbedf
2026-06-09 10:55:46.306 7 INFO neutron.db.ovn_revision_numbers_db [None req-6716944c-bc9b-42cc-89dd-9b460ece14c0 a78a8e880b7247c09a2a85dbedcbc625 49015124ab4a4cceb3c3687df13811a4 - - default default] Successfully bumped revision number for resource 3a2fa346-f17b-4573-aa7c-796c6a9cbedf (type: ports) to 1
2026-06-09 10:55:46.327 8 INFO neutron.db.ovn_revision_numbers_db [None req-0fa99032-fe83-4151-8fbd-089048fc48a0 - - - - - -] Successfully bumped revision number for resource 3841b135-69d7-49ad-bd51-9df6fe99601f (type: ports) to 2 [pid: 7|app: 0|req: 810/1536] 10.0.0.108 () {34 vars in 670 bytes} [Tue Jun 9 10:55:45 2026] POST /v2.0/networks => generated 664 bytes in 1015 msecs (HTTP/1.1 201) 4 headers in 162 bytes (1 switches on core 0) [pid: 7|app: 0|req: 811/1537] 10.0.0.91 () {34 vars in 989 bytes} [Tue Jun 9 10:55:46 2026] GET /v2.0/ports?device_id=f405bb6a-4570-497d-98c1-c8b240c3478f => generated 1209 bytes in 45 msecs (HTTP/1.1 200) 4 headers in 158 bytes (1 switches on core 0)
2026-06-09 10:55:46.384 8 INFO neutron.db.ovn_revision_numbers_db [None req-0fa99032-fe83-4151-8fbd-089048fc48a0 - - - - - -] Successfully bumped revision number for resource 14d43388-1d04-4384-93ce-16d10ad49b09 (type: subnets) to 0 [pid: 8|app: 0|req: 727/1538] 10.0.0.108 () {34 vars in 669 bytes} [Tue Jun 9 10:55:45 2026] POST /v2.0/subnets => generated 626 bytes in 813 msecs (HTTP/1.1 201) 4 headers in 162 bytes (1 switches on core 0) [pid: 8|app: 0|req: 728/1539] 10.0.0.91 () {34 vars in 1039 bytes} [Tue Jun 9 10:55:46 2026] GET /v2.0/security-groups?id=f7ed225c-4ab4-4ab4-9afa-d2cd777f0296&fields=id&fields=name => generated 114 bytes in 37 msecs (HTTP/1.1 200) 4 headers in 157 bytes (1 switches on core 0)
2026-06-09 10:55:46.614 7 WARNING neutron.scheduler.dhcp_agent_scheduler [None req-14796c6f-61e7-4ea9-98bf-fb2693b9db92 a78a8e880b7247c09a2a85dbedcbc625 49015124ab4a4cceb3c3687df13811a4 - - default default] No more DHCP agents
2026-06-09 10:55:46.616 7 WARNING neutron.api.rpc.agentnotifiers.dhcp_rpc_agent_api [None req-14796c6f-61e7-4ea9-98bf-fb2693b9db92 a78a8e880b7247c09a2a85dbedcbc625 49015124ab4a4cceb3c3687df13811a4 - - default default] Unable to schedule network 122cfefb-f31e-4bd0-bfad-942480c575b5: no agents available; will retry on subsequent port and subnet creation events.
2026-06-09 10:55:46.670 7 INFO neutron.plugins.ml2.drivers.ovn.mech_driver.mech_driver [None req-e6f586ed-ea65-4a8b-8645-f0a16b61533c - - - - - -] OVN reports status down for port: cd42736d-c572-40fe-9316-85e7a09b82ff
2026-06-09 10:55:46.747 8 INFO neutron.db.ovn_revision_numbers_db [None req-aa8da33c-499c-4f88-ab2c-08f3ebe0e113 2b0646083bf8440e97626c155740a960 0baaeacecc6a4db1802cd922c79381cb - - default default] Successfully bumped revision number for resource 14d43388-1d04-4384-93ce-16d10ad49b09 (type: subnets) to 1
2026-06-09 10:55:46.751 7 INFO neutron.db.ovn_revision_numbers_db [None req-14796c6f-61e7-4ea9-98bf-fb2693b9db92 a78a8e880b7247c09a2a85dbedcbc625 49015124ab4a4cceb3c3687df13811a4 - - default default] Successfully bumped revision number for resource cd42736d-c572-40fe-9316-85e7a09b82ff (type: ports) to 1 [pid: 8|app: 0|req: 729/1540] 10.0.0.108 () {34 vars in 741 bytes} [Tue Jun 9 10:55:46 2026] PUT /v2.0/subnets/14d43388-1d04-4384-93ce-16d10ad49b09 => generated 636 bytes in 309 msecs (HTTP/1.1 200) 4 headers in 157 bytes (1 switches on core 0) [pid: 7|app: 0|req: 812/1541] 10.0.0.108 () {34 vars in 665 bytes} [Tue Jun 9 10:55:46 2026] POST /v2.0/ports => generated 774 bytes in 456 msecs (HTTP/1.1 201) 4 headers in 162 bytes (1 switches on core 0) /var/lib/openstack/lib/python3.12/site-packages/pycadf/identifier.py:70: UserWarning: Invalid uuid: neutron. To ensure interoperability, identifiers should be a valid uuid. warnings.warn(('Invalid uuid: %s. To ensure interoperability, '
2026-06-09 10:55:46.929 8 INFO neutron_taas.services.taas.taas_plugin [None req-04509008-68c0-4184-b218-895ed4bd0ea7 2b0646083bf8440e97626c155740a960 0baaeacecc6a4db1802cd922c79381cb - - default default] TaaS: Handle Delete Port: 3841b135-69d7-49ad-bd51-9df6fe99601f
2026-06-09 10:55:46.933 7 INFO neutron.db.segments_db [None req-9dd76bab-ea2c-40b4-a913-9e699daa687c a78a8e880b7247c09a2a85dbedcbc625 49015124ab4a4cceb3c3687df13811a4 - - default default] Added segment bdf617bf-0791-4752-a917-99060f3572aa of type geneve for network 078bb5c8-def5-46c8-ac94-e1f528a839c6
2026-06-09 10:55:46.933 8 INFO neutron_taas.services.taas.tap_mirror_plugin [None req-04509008-68c0-4184-b218-895ed4bd0ea7 2b0646083bf8440e97626c155740a960 0baaeacecc6a4db1802cd922c79381cb - - default default] Tap Mirror: Handle Delete Port: 3841b135-69d7-49ad-bd51-9df6fe99601f
2026-06-09 10:55:47.087 7 INFO neutron.db.ovn_revision_numbers_db [None req-9dd76bab-ea2c-40b4-a913-9e699daa687c a78a8e880b7247c09a2a85dbedcbc625 49015124ab4a4cceb3c3687df13811a4 - - default default] Successfully bumped revision number for resource 078bb5c8-def5-46c8-ac94-e1f528a839c6 (type: networks) to 1
2026-06-09 10:55:47.335 8 INFO neutron.services.segments.plugin [-] Segment 7b322ff7-5e2e-420e-956c-f0d87ded3651 resource provider aggregate not found
2026-06-09 10:55:47.341 8 INFO neutron.services.segments.plugin [-] Segment 7b322ff7-5e2e-420e-956c-f0d87ded3651 resource provider aggregate not found
2026-06-09 10:55:47.342 7 WARNING neutron.scheduler.dhcp_agent_scheduler [None req-9dd76bab-ea2c-40b4-a913-9e699daa687c a78a8e880b7247c09a2a85dbedcbc625 49015124ab4a4cceb3c3687df13811a4 - - default default] No more DHCP agents
2026-06-09 10:55:47.344 7 WARNING neutron.api.rpc.agentnotifiers.dhcp_rpc_agent_api [None req-9dd76bab-ea2c-40b4-a913-9e699daa687c a78a8e880b7247c09a2a85dbedcbc625 49015124ab4a4cceb3c3687df13811a4 - - default default] Unable to schedule network 078bb5c8-def5-46c8-ac94-e1f528a839c6: no agents available; will retry on subsequent port and subnet creation events.
2026-06-09 10:55:47.362 8 INFO neutron.services.segments.plugin [-] Segment 7b322ff7-5e2e-420e-956c-f0d87ded3651 resource provider not found; error: Placement Client Error (4xx): {"errors": [{"status": 404, "title": "Not Found", "detail": "The resource could not be found.\n\n No resource provider with uuid 7b322ff7-5e2e-420e-956c-f0d87ded3651 found for delete ", "request_id": "req-a4e1381d-948c-4091-90ee-2032714a9f5e"}]}
2026-06-09 10:55:47.366 8 INFO neutron.services.segments.plugin [-] Segment 7b322ff7-5e2e-420e-956c-f0d87ded3651 resource provider not found; error: Placement Client Error (4xx): {"errors": [{"status": 404, "title": "Not Found", "detail": "The resource could not be found.\n\n No resource provider with uuid 7b322ff7-5e2e-420e-956c-f0d87ded3651 found for delete ", "request_id": "req-a730b5dc-18cc-4fe2-8829-571564039333"}]} [pid: 8|app: 0|req: 730/1542] 10.0.0.108 () {32 vars in 726 bytes} [Tue Jun 9 10:55:46 2026] DELETE /v2.0/networks/ee240b28-9275-4199-993f-585253c13019 => generated 0 bytes in 635 msecs (HTTP/1.1 204) 3 headers in 131 bytes (1 switches on core 0)
2026-06-09 10:55:47.415 8 INFO neutron.plugins.ml2.drivers.ovn.mech_driver.mech_driver [None req-af4d367d-2a73-48b7-ae0f-10ca2cf440cd - - - - - -] OVN reports status down for port: 0645eb08-a463-4155-b6ad-d0c863bba60d
2026-06-09 10:55:47.443 7 INFO neutron.db.ovn_revision_numbers_db [None req-9dd76bab-ea2c-40b4-a913-9e699daa687c a78a8e880b7247c09a2a85dbedcbc625 49015124ab4a4cceb3c3687df13811a4 - - default default] Successfully bumped revision number for resource 0645eb08-a463-4155-b6ad-d0c863bba60d (type: ports) to 1 [pid: 7|app: 0|req: 813/1543] 10.0.0.108 () {34 vars in 670 bytes} [Tue Jun 9 10:55:46 2026] POST /v2.0/networks => generated 651 bytes in 635 msecs (HTTP/1.1 201) 4 headers in 162 bytes (1 switches on core 0)
2026-06-09 10:55:47.485 7 INFO neutron.pecan_wsgi.hooks.translation [None req-caa98c7b-b8a6-4f77-89b0-38fb95d758d5 2b0646083bf8440e97626c155740a960 0baaeacecc6a4db1802cd922c79381cb - - default default] DELETE failed (client error): The resource could not be found. [pid: 7|app: 0|req: 814/1544] 10.0.0.108 () {32 vars in 726 bytes} [Tue Jun 9 10:55:47 2026] DELETE /v2.0/networks/ee240b28-9275-4199-993f-585253c13019 => generated 138 bytes in 16 msecs (HTTP/1.1 404) 4 headers in 164 bytes (1 switches on core 0)
2026-06-09 10:55:47.740 7 WARNING neutron.scheduler.dhcp_agent_scheduler [None req-6683e953-0b2d-46e2-8316-78209d25db2a a78a8e880b7247c09a2a85dbedcbc625 49015124ab4a4cceb3c3687df13811a4 - - default default] No more DHCP agents
2026-06-09 10:55:47.741 7 WARNING neutron.api.rpc.agentnotifiers.dhcp_rpc_agent_api [None req-6683e953-0b2d-46e2-8316-78209d25db2a a78a8e880b7247c09a2a85dbedcbc625 49015124ab4a4cceb3c3687df13811a4 - - default default] Unable to schedule network 078bb5c8-def5-46c8-ac94-e1f528a839c6: no agents available; will retry on subsequent port and subnet creation events.
2026-06-09 10:55:47.754 8 INFO neutron.db.ovn_revision_numbers_db [None req-5a15d8ed-790b-4deb-b702-09ac691dccee 36711f0b35fc490d816d238f0c8a9fb0 623bf3d896a74546b9051bf6c4524600 - - default default] Successfully bumped revision number for resource 34927623-2e5a-4523-8848-e764c891b1fc (type: security_groups) to 1
2026-06-09 10:55:47.772 8 INFO neutron.db.ovn_revision_numbers_db [None req-5a15d8ed-790b-4deb-b702-09ac691dccee 36711f0b35fc490d816d238f0c8a9fb0 623bf3d896a74546b9051bf6c4524600 - - default default] Successfully bumped revision number for resource 5274683b-b893-4f66-9a9c-f96312e48d98 (type: security_group_rules) to 0
2026-06-09 10:55:47.788 8 INFO neutron.db.ovn_revision_numbers_db [None req-5a15d8ed-790b-4deb-b702-09ac691dccee 36711f0b35fc490d816d238f0c8a9fb0 623bf3d896a74546b9051bf6c4524600 - - default default] Successfully bumped revision number for resource 8c701a07-ca1e-4644-9c6e-789d2c8e7cb7 (type: security_group_rules) to 0
2026-06-09 10:55:47.801 8 INFO neutron.db.ovn_revision_numbers_db [None req-5a15d8ed-790b-4deb-b702-09ac691dccee 36711f0b35fc490d816d238f0c8a9fb0 623bf3d896a74546b9051bf6c4524600 - - default default] Successfully bumped revision number for resource 95d2c7de-8d4c-4b45-9831-541dfa4805ab (type: security_group_rules) to 0
2026-06-09 10:55:47.815 8 INFO neutron.db.ovn_revision_numbers_db [None req-5a15d8ed-790b-4deb-b702-09ac691dccee 36711f0b35fc490d816d238f0c8a9fb0 623bf3d896a74546b9051bf6c4524600 - - default default] Successfully bumped revision number for resource b0df245f-8ccc-4b30-9c4c-01c56d43fe86 (type: security_group_rules) to 0 [pid: 8|app: 0|req: 731/1545] 10.0.0.108 () {32 vars in 774 bytes} [Tue Jun 9 10:55:47 2026] GET /v2.0/security-groups?tenant_id=f89fd5d65271496196ac873c702bccb1&name=default => generated 2925 bytes in 465 msecs (HTTP/1.1 200) 4 headers in 158 bytes (1 switches on core 0) [pid: 8|app: 0|req: 732/1546] 10.0.0.108 () {32 vars in 694 bytes} [Tue Jun 9 10:55:47 2026] GET /v2.0/networks?router%3Aexternal=True => generated 689 bytes in 52 msecs (HTTP/1.1 200) 4 headers in 157 bytes (1 switches on core 0) [pid: 8|app: 0|req: 733/1547] 10.0.0.108 () {32 vars in 740 bytes} [Tue Jun 9 10:55:47 2026] DELETE /v2.0/security-groups/34927623-2e5a-4523-8848-e764c891b1fc => generated 0 bytes in 242 msecs (HTTP/1.1 204) 2 headers in 112 bytes (1 switches on core 0)
2026-06-09 10:55:48.175 7 INFO neutron.db.ovn_revision_numbers_db [None req-354a24b6-dcab-4c51-af36-f476c74e29c2 - - - - - -] Successfully bumped revision number for resource 0645eb08-a463-4155-b6ad-d0c863bba60d (type: ports) to 2 [pid: 8|app: 0|req: 734/1548] 10.0.0.108 () {32 vars in 742 bytes} [Tue Jun 9 10:55:48 2026] GET /v2.0/subnets?network_id=a33a526f-d37a-4731-8c86-c3f19ca83d31 => generated 649 bytes in 32 msecs (HTTP/1.1 200) 4 headers in 157 bytes (1 switches on core 0) [pid: 8|app: 0|req: 735/1549] 10.0.0.108 () {32 vars in 653 bytes} [Tue Jun 9 10:55:48 2026] GET /v2.0/extensions => generated 20541 bytes in 7 msecs (HTTP/1.1 200) 4 headers in 159 bytes (1 switches on core 0)
2026-06-09 10:55:48.208 7 INFO neutron.db.ovn_revision_numbers_db [None req-354a24b6-dcab-4c51-af36-f476c74e29c2 - - - - - -] Successfully bumped revision number for resource 2b6193ad-a181-4868-92a3-8ec831fa03d4 (type: subnets) to 0 [pid: 7|app: 0|req: 815/1550] 10.0.0.108 () {34 vars in 669 bytes} [Tue Jun 9 10:55:47 2026] POST /v2.0/subnets => generated 626 bytes in 740 msecs (HTTP/1.1 201) 4 headers in 162 bytes (1 switches on core 0) [pid: 8|app: 0|req: 736/1551] 10.0.0.108 () {32 vars in 649 bytes} [Tue Jun 9 10:55:48 2026] GET /v2.0/networks => generated 1385 bytes in 50 msecs (HTTP/1.1 200) 4 headers in 158 bytes (1 switches on core 0)
2026-06-09 10:55:48.523 8 INFO neutron.db.ovn_revision_numbers_db [None req-91459c35-b646-474f-95d4-ab36340e5e45 36711f0b35fc490d816d238f0c8a9fb0 623bf3d896a74546b9051bf6c4524600 - - default default] Successfully bumped revision number for resource e5d8dc90-0f5d-47a0-af75-942ea9e47432 (type: security_groups) to 1
2026-06-09 10:55:48.554 8 INFO neutron.db.ovn_revision_numbers_db [None req-91459c35-b646-474f-95d4-ab36340e5e45 36711f0b35fc490d816d238f0c8a9fb0 623bf3d896a74546b9051bf6c4524600 - - default default] Successfully bumped revision number for resource 409820c3-e30f-47e7-9552-d16e547c1815 (type: security_group_rules) to 0
2026-06-09 10:55:48.587 8 INFO neutron.db.ovn_revision_numbers_db [None req-91459c35-b646-474f-95d4-ab36340e5e45 36711f0b35fc490d816d238f0c8a9fb0 623bf3d896a74546b9051bf6c4524600 - - default default] Successfully bumped revision number for resource 53c99299-144b-40a4-8648-7f7a5a8b3942 (type: security_group_rules) to 0
2026-06-09 10:55:48.610 7 WARNING neutron.scheduler.dhcp_agent_scheduler [None req-150aecb7-9ae5-42a4-b271-70c00798ed5f a78a8e880b7247c09a2a85dbedcbc625 49015124ab4a4cceb3c3687df13811a4 - - default default] No more DHCP agents
2026-06-09 10:55:48.612 7 WARNING neutron.api.rpc.agentnotifiers.dhcp_rpc_agent_api [None req-150aecb7-9ae5-42a4-b271-70c00798ed5f a78a8e880b7247c09a2a85dbedcbc625 49015124ab4a4cceb3c3687df13811a4 - - default default] Unable to schedule network 078bb5c8-def5-46c8-ac94-e1f528a839c6: no agents available; will retry on subsequent port and subnet creation events.
2026-06-09 10:55:48.736 8 INFO neutron.plugins.ml2.drivers.ovn.mech_driver.mech_driver [None req-af4d367d-2a73-48b7-ae0f-10ca2cf440cd - - - - - -] OVN reports status down for port: e508ad45-7b09-44f7-a3c2-898733c8c5f8
2026-06-09 10:55:48.776 8 INFO neutron.db.ovn_revision_numbers_db [None req-91459c35-b646-474f-95d4-ab36340e5e45 36711f0b35fc490d816d238f0c8a9fb0 623bf3d896a74546b9051bf6c4524600 - - default default] Successfully bumped revision number for resource 57e24f19-996d-4156-b215-bf5d0f1777f2 (type: security_group_rules) to 0
2026-06-09 10:55:48.798 7 INFO neutron.db.ovn_revision_numbers_db [None req-150aecb7-9ae5-42a4-b271-70c00798ed5f a78a8e880b7247c09a2a85dbedcbc625 49015124ab4a4cceb3c3687df13811a4 - - default default] Successfully bumped revision number for resource e508ad45-7b09-44f7-a3c2-898733c8c5f8 (type: ports) to 1
2026-06-09 10:55:48.810 8 INFO neutron.db.ovn_revision_numbers_db [None req-91459c35-b646-474f-95d4-ab36340e5e45 36711f0b35fc490d816d238f0c8a9fb0 623bf3d896a74546b9051bf6c4524600 - - default default] Successfully bumped revision number for resource c5009104-e989-4a35-b99d-8abcde64a600 (type: security_group_rules) to 0 [pid: 7|app: 0|req: 816/1552] 10.0.0.108 () {34 vars in 665 bytes} [Tue Jun 9 10:55:48 2026] POST /v2.0/ports => generated 949 bytes in 617 msecs (HTTP/1.1 201) 4 headers in 162 bytes (1 switches on core 0) /var/lib/openstack/lib/python3.12/site-packages/pycadf/identifier.py:70: UserWarning: Invalid uuid: neutron. To ensure interoperability, identifiers should be a valid uuid. warnings.warn(('Invalid uuid: %s. To ensure interoperability, ' [pid: 8|app: 0|req: 737/1553] 10.0.0.108 () {32 vars in 774 bytes} [Tue Jun 9 10:55:48 2026] GET /v2.0/security-groups?tenant_id=d7a719c399f34ce289830e8400d47f4f&name=default => generated 2925 bytes in 613 msecs (HTTP/1.1 200) 4 headers in 158 bytes (1 switches on core 0) [pid: 7|app: 0|req: 817/1554] 10.0.0.108 () {32 vars in 647 bytes} [Tue Jun 9 10:55:48 2026] GET /v2.0/subnets => generated 1280 bytes in 38 msecs (HTTP/1.1 200) 4 headers in 158 bytes (1 switches on core 0)
2026-06-09 10:55:49.054 8 INFO neutron_taas.services.taas.taas_plugin [None req-a69f46fb-5bc6-4ab5-83e4-e5348b53b3aa a78a8e880b7247c09a2a85dbedcbc625 49015124ab4a4cceb3c3687df13811a4 - - default default] TaaS: Handle Delete Port: e508ad45-7b09-44f7-a3c2-898733c8c5f8
2026-06-09 10:55:49.057 8 INFO neutron_taas.services.taas.tap_mirror_plugin [None req-a69f46fb-5bc6-4ab5-83e4-e5348b53b3aa a78a8e880b7247c09a2a85dbedcbc625 49015124ab4a4cceb3c3687df13811a4 - - default default] Tap Mirror: Handle Delete Port: e508ad45-7b09-44f7-a3c2-898733c8c5f8 [pid: 7|app: 0|req: 818/1555] 10.0.0.108 () {32 vars in 740 bytes} [Tue Jun 9 10:55:48 2026] DELETE /v2.0/security-groups/e5d8dc90-0f5d-47a0-af75-942ea9e47432 => generated 0 bytes in 313 msecs (HTTP/1.1 204) 2 headers in 112 bytes (1 switches on core 0) [pid: 8|app: 0|req: 738/1556] 10.0.0.108 () {32 vars in 720 bytes} [Tue Jun 9 10:55:48 2026] DELETE /v2.0/ports/e508ad45-7b09-44f7-a3c2-898733c8c5f8 => generated 0 bytes in 379 msecs (HTTP/1.1 204) 3 headers in 131 bytes (1 switches on core 0)
2026-06-09 10:55:49.279 8 INFO neutron.pecan_wsgi.hooks.translation [None req-e69474c2-923d-4880-994f-b684402d88fb a78a8e880b7247c09a2a85dbedcbc625 49015124ab4a4cceb3c3687df13811a4 - - default default] DELETE failed (client error): The resource could not be found. [pid: 8|app: 0|req: 739/1557] 10.0.0.108 () {32 vars in 720 bytes} [Tue Jun 9 10:55:49 2026] DELETE /v2.0/ports/e508ad45-7b09-44f7-a3c2-898733c8c5f8 => generated 132 bytes in 23 msecs (HTTP/1.1 404) 4 headers in 164 bytes (1 switches on core 0) [pid: 7|app: 0|req: 819/1558] 10.0.0.108 () {32 vars in 723 bytes} [Tue Jun 9 10:55:49 2026] GET /v2.0/networks/c5b05c46-f68a-4a29-9b30-8c42fbae94ca => generated 707 bytes in 88 msecs (HTTP/1.1 200) 4 headers in 157 bytes (1 switches on core 0)
2026-06-09 10:55:49.312 8 INFO neutron.pecan_wsgi.hooks.translation [None req-c00ea3b2-750c-4e6d-b7bf-e6d98b5d20bd a78a8e880b7247c09a2a85dbedcbc625 49015124ab4a4cceb3c3687df13811a4 - - default default] GET failed (client error): The resource could not be found. [pid: 8|app: 0|req: 740/1559] 10.0.0.108 () {32 vars in 717 bytes} [Tue Jun 9 10:55:49 2026] GET /v2.0/ports/e508ad45-7b09-44f7-a3c2-898733c8c5f8 => generated 132 bytes in 23 msecs (HTTP/1.1 404) 4 headers in 164 bytes (1 switches on core 0) [pid: 7|app: 0|req: 820/1560] 10.0.0.108 () {32 vars in 721 bytes} [Tue Jun 9 10:55:49 2026] GET /v2.0/subnets/74332e25-f8ae-42ce-99ce-524303b9bdb6 => generated 641 bytes in 34 msecs (HTTP/1.1 200) 4 headers in 157 bytes (1 switches on core 0)
2026-06-09 10:55:49.356 7 INFO neutron.pecan_wsgi.hooks.translation [None req-13a464b8-1db2-4744-a8c4-d201449eddc7 2b0646083bf8440e97626c155740a960 0baaeacecc6a4db1802cd922c79381cb - - default default] DELETE failed (client error): The resource could not be found. [pid: 7|app: 0|req: 821/1561] 10.0.0.108 () {32 vars in 724 bytes} [Tue Jun 9 10:55:49 2026] DELETE /v2.0/subnets/14d43388-1d04-4384-93ce-16d10ad49b09 => generated 136 bytes in 21 msecs (HTTP/1.1 404) 4 headers in 164 bytes (1 switches on core 0)
2026-06-09 10:55:49.378 7 INFO neutron.pecan_wsgi.hooks.translation [None req-b32218ea-91ef-4fc0-9322-c973d407d718 2b0646083bf8440e97626c155740a960 0baaeacecc6a4db1802cd922c79381cb - - default default] DELETE failed (client error): The resource could not be found. [pid: 7|app: 0|req: 822/1562] 10.0.0.108 () {32 vars in 726 bytes} [Tue Jun 9 10:55:49 2026] DELETE /v2.0/networks/ee240b28-9275-4199-993f-585253c13019 => generated 138 bytes in 17 msecs (HTTP/1.1 404) 4 headers in 164 bytes (1 switches on core 0) [pid: 8|app: 0|req: 741/1563] 10.0.0.108 () {32 vars in 724 bytes} [Tue Jun 9 10:55:49 2026] DELETE /v2.0/subnets/2b6193ad-a181-4868-92a3-8ec831fa03d4 => generated 0 bytes in 182 msecs (HTTP/1.1 204) 3 headers in 131 bytes (1 switches on core 0) [pid: 7|app: 0|req: 823/1564] 10.0.0.108 () {32 vars in 724 bytes} [Tue Jun 9 10:55:49 2026] DELETE /v2.0/subnets/74332e25-f8ae-42ce-99ce-524303b9bdb6 => generated 0 bytes in 213 msecs (HTTP/1.1 204) 3 headers in 131 bytes (1 switches on core 0)
2026-06-09 10:55:49.652 8 INFO neutron_taas.services.taas.taas_plugin [None req-71c7eba6-4474-4303-985c-f23a681df47a a78a8e880b7247c09a2a85dbedcbc625 49015124ab4a4cceb3c3687df13811a4 - - default default] TaaS: Handle Delete Port: 0645eb08-a463-4155-b6ad-d0c863bba60d
2026-06-09 10:55:49.655 8 INFO neutron_taas.services.taas.tap_mirror_plugin [None req-71c7eba6-4474-4303-985c-f23a681df47a a78a8e880b7247c09a2a85dbedcbc625 49015124ab4a4cceb3c3687df13811a4 - - default default] Tap Mirror: Handle Delete Port: 0645eb08-a463-4155-b6ad-d0c863bba60d
2026-06-09 10:55:49.755 7 INFO neutron_taas.services.taas.taas_plugin [None req-a17d5d18-ac38-48a8-9620-d0b2c22428ac 2b0646083bf8440e97626c155740a960 0baaeacecc6a4db1802cd922c79381cb - - default default] TaaS: Handle Delete Port: 1655f3d4-779a-4869-b255-407311d1f026
2026-06-09 10:55:49.758 7 INFO neutron_taas.services.taas.tap_mirror_plugin [None req-a17d5d18-ac38-48a8-9620-d0b2c22428ac 2b0646083bf8440e97626c155740a960 0baaeacecc6a4db1802cd922c79381cb - - default default] Tap Mirror: Handle Delete Port: 1655f3d4-779a-4869-b255-407311d1f026
2026-06-09 10:55:49.886 8 INFO neutron.services.segments.plugin [-] Segment bdf617bf-0791-4752-a917-99060f3572aa resource provider aggregate not found
2026-06-09 10:55:49.890 8 INFO neutron.services.segments.plugin [-] Segment bdf617bf-0791-4752-a917-99060f3572aa resource provider aggregate not found
2026-06-09 10:55:49.906 8 INFO neutron.services.segments.plugin [-] Segment bdf617bf-0791-4752-a917-99060f3572aa resource provider not found; error: Placement Client Error (4xx): {"errors": [{"status": 404, "title": "Not Found", "detail": "The resource could not be found.\n\n No resource provider with uuid bdf617bf-0791-4752-a917-99060f3572aa found for delete ", "request_id": "req-8d77c31a-37fc-4cc2-bed1-a19c88715607"}]}
2026-06-09 10:55:49.916 8 INFO neutron.services.segments.plugin [-] Segment bdf617bf-0791-4752-a917-99060f3572aa resource provider not found; error: Placement Client Error (4xx): {"errors": [{"status": 404, "title": "Not Found", "detail": "The resource could not be found.\n\n No resource provider with uuid bdf617bf-0791-4752-a917-99060f3572aa found for delete ", "request_id": "req-fc8c7293-b313-4aa9-b852-a3d0b6915f9f"}]} [pid: 8|app: 0|req: 742/1565] 10.0.0.108 () {32 vars in 726 bytes} [Tue Jun 9 10:55:49 2026] DELETE /v2.0/networks/078bb5c8-def5-46c8-ac94-e1f528a839c6 => generated 0 bytes in 427 msecs (HTTP/1.1 204) 3 headers in 131 bytes (1 switches on core 0)
2026-06-09 10:55:49.978 7 INFO neutron.services.segments.plugin [-] Segment b9169ded-ce9e-494c-83e6-19ab7ef23554 resource provider aggregate not found
2026-06-09 10:55:49.982 7 INFO neutron.services.segments.plugin [-] Segment b9169ded-ce9e-494c-83e6-19ab7ef23554 resource provider aggregate not found
2026-06-09 10:55:49.998 7 INFO neutron.services.segments.plugin [-] Segment b9169ded-ce9e-494c-83e6-19ab7ef23554 resource provider not found; error: Placement Client Error (4xx): {"errors": [{"status": 404, "title": "Not Found", "detail": "The resource could not be found.\n\n No resource provider with uuid b9169ded-ce9e-494c-83e6-19ab7ef23554 found for delete ", "request_id": "req-7bbf1c84-50d4-4c42-8777-7052e32ac6e1"}]}
2026-06-09 10:55:50.003 7 INFO neutron.services.segments.plugin [-] Segment b9169ded-ce9e-494c-83e6-19ab7ef23554 resource provider not found; error: Placement Client Error (4xx): {"errors": [{"status": 404, "title": "Not Found", "detail": "The resource could not be found.\n\n No resource provider with uuid b9169ded-ce9e-494c-83e6-19ab7ef23554 found for delete ", "request_id": "req-8afe487f-41aa-4642-87c8-1221d866b8d0"}]} [pid: 7|app: 0|req: 824/1566] 10.0.0.108 () {32 vars in 726 bytes} [Tue Jun 9 10:55:49 2026] DELETE /v2.0/networks/c5b05c46-f68a-4a29-9b30-8c42fbae94ca => generated 0 bytes in 430 msecs (HTTP/1.1 204) 3 headers in 131 bytes (1 switches on core 0)
2026-06-09 10:55:50.042 8 INFO neutron.db.segments_db [None req-5bea6408-01d9-4d3b-b713-2e668eadba3f a78a8e880b7247c09a2a85dbedcbc625 49015124ab4a4cceb3c3687df13811a4 - - default default] Added segment 61f9a48c-ee33-449b-8cb8-d04f33b4d0b6 of type geneve for network 7d8103c5-d2fe-4711-b046-edb1a68ed507
2026-06-09 10:55:50.167 8 INFO neutron.db.ovn_revision_numbers_db [None req-5bea6408-01d9-4d3b-b713-2e668eadba3f a78a8e880b7247c09a2a85dbedcbc625 49015124ab4a4cceb3c3687df13811a4 - - default default] Successfully bumped revision number for resource 7d8103c5-d2fe-4711-b046-edb1a68ed507 (type: networks) to 1
2026-06-09 10:55:50.350 8 WARNING neutron.scheduler.dhcp_agent_scheduler [None req-5bea6408-01d9-4d3b-b713-2e668eadba3f a78a8e880b7247c09a2a85dbedcbc625 49015124ab4a4cceb3c3687df13811a4 - - default default] No more DHCP agents
2026-06-09 10:55:50.351 8 WARNING neutron.api.rpc.agentnotifiers.dhcp_rpc_agent_api [None req-5bea6408-01d9-4d3b-b713-2e668eadba3f a78a8e880b7247c09a2a85dbedcbc625 49015124ab4a4cceb3c3687df13811a4 - - default default] Unable to schedule network 7d8103c5-d2fe-4711-b046-edb1a68ed507: no agents available; will retry on subsequent port and subnet creation events.
2026-06-09 10:55:50.397 7 INFO neutron.plugins.ml2.drivers.ovn.mech_driver.mech_driver [None req-e6f586ed-ea65-4a8b-8645-f0a16b61533c - - - - - -] OVN reports status down for port: 1d5a2c3d-edb2-4307-9667-a9af5ac0d19b
2026-06-09 10:55:50.432 8 INFO neutron.db.ovn_revision_numbers_db [None req-5bea6408-01d9-4d3b-b713-2e668eadba3f a78a8e880b7247c09a2a85dbedcbc625 49015124ab4a4cceb3c3687df13811a4 - - default default] Successfully bumped revision number for resource 1d5a2c3d-edb2-4307-9667-a9af5ac0d19b (type: ports) to 1 [pid: 8|app: 0|req: 743/1567] 10.0.0.108 () {34 vars in 670 bytes} [Tue Jun 9 10:55:49 2026] POST /v2.0/networks => generated 651 bytes in 526 msecs (HTTP/1.1 201) 4 headers in 162 bytes (1 switches on core 0)
2026-06-09 10:55:50.736 7 WARNING neutron.scheduler.dhcp_agent_scheduler [None req-6d5ed9cc-f89d-483d-bf12-559439178646 a78a8e880b7247c09a2a85dbedcbc625 49015124ab4a4cceb3c3687df13811a4 - - default default] No more DHCP agents
2026-06-09 10:55:50.738 7 WARNING neutron.api.rpc.agentnotifiers.dhcp_rpc_agent_api [None req-6d5ed9cc-f89d-483d-bf12-559439178646 a78a8e880b7247c09a2a85dbedcbc625 49015124ab4a4cceb3c3687df13811a4 - - default default] Unable to schedule network 7d8103c5-d2fe-4711-b046-edb1a68ed507: no agents available; will retry on subsequent port and subnet creation events. [pid: 8|app: 0|req: 744/1568] 10.0.0.108 () {32 vars in 774 bytes} [Tue Jun 9 10:55:50 2026] GET /v2.0/security-groups?tenant_id=0baaeacecc6a4db1802cd922c79381cb&name=default => generated 2925 bytes in 280 msecs (HTTP/1.1 200) 4 headers in 158 bytes (1 switches on core 0) [pid: 8|app: 0|req: 745/1569] 10.0.0.108 () {32 vars in 740 bytes} [Tue Jun 9 10:55:50 2026] DELETE /v2.0/security-groups/d7fa2073-265c-474c-ad51-6b36498119c3 => generated 0 bytes in 236 msecs (HTTP/1.1 204) 2 headers in 112 bytes (1 switches on core 0)
2026-06-09 10:55:51.236 7 INFO neutron.db.ovn_revision_numbers_db [None req-f47effef-5187-4096-bee6-85c5ae7cdf64 - - - - - -] Successfully bumped revision number for resource 1d5a2c3d-edb2-4307-9667-a9af5ac0d19b (type: ports) to 2
2026-06-09 10:55:51.281 7 INFO neutron.db.ovn_revision_numbers_db [None req-f47effef-5187-4096-bee6-85c5ae7cdf64 - - - - - -] Successfully bumped revision number for resource 4bce81b2-2d26-4a5c-b738-4d2443162166 (type: subnets) to 0 [pid: 7|app: 0|req: 825/1570] 10.0.0.108 () {34 vars in 669 bytes} [Tue Jun 9 10:55:50 2026] POST /v2.0/subnets => generated 626 bytes in 830 msecs (HTTP/1.1 201) 4 headers in 162 bytes (1 switches on core 0)
2026-06-09 10:55:51.630 8 WARNING neutron.scheduler.dhcp_agent_scheduler [None req-c06ba60a-8151-4be5-9112-eb5956e418ff a78a8e880b7247c09a2a85dbedcbc625 49015124ab4a4cceb3c3687df13811a4 - - default default] No more DHCP agents
2026-06-09 10:55:51.632 8 WARNING neutron.api.rpc.agentnotifiers.dhcp_rpc_agent_api [None req-c06ba60a-8151-4be5-9112-eb5956e418ff a78a8e880b7247c09a2a85dbedcbc625 49015124ab4a4cceb3c3687df13811a4 - - default default] Unable to schedule network 7d8103c5-d2fe-4711-b046-edb1a68ed507: no agents available; will retry on subsequent port and subnet creation events.
2026-06-09 10:55:51.795 7 INFO neutron.plugins.ml2.drivers.ovn.mech_driver.mech_driver [None req-e6f586ed-ea65-4a8b-8645-f0a16b61533c - - - - - -] OVN reports status down for port: 10ee5927-450e-46b3-992a-e0d6500d13a5
2026-06-09 10:55:51.835 8 INFO neutron.db.ovn_revision_numbers_db [None req-c06ba60a-8151-4be5-9112-eb5956e418ff a78a8e880b7247c09a2a85dbedcbc625 49015124ab4a4cceb3c3687df13811a4 - - default default] Successfully bumped revision number for resource 10ee5927-450e-46b3-992a-e0d6500d13a5 (type: ports) to 1 [pid: 8|app: 0|req: 746/1571] 10.0.0.108 () {34 vars in 665 bytes} [Tue Jun 9 10:55:51 2026] POST /v2.0/ports => generated 914 bytes in 605 msecs (HTTP/1.1 201) 4 headers in 162 bytes (1 switches on core 0)
2026-06-09 10:55:52.044 7 INFO neutron_taas.services.taas.taas_plugin [None req-e7906f29-9e82-4c0b-a590-0ea764844dd8 a78a8e880b7247c09a2a85dbedcbc625 49015124ab4a4cceb3c3687df13811a4 - - default default] TaaS: Handle Delete Port: 10ee5927-450e-46b3-992a-e0d6500d13a5
2026-06-09 10:55:52.047 7 INFO neutron_taas.services.taas.tap_mirror_plugin [None req-e7906f29-9e82-4c0b-a590-0ea764844dd8 a78a8e880b7247c09a2a85dbedcbc625 49015124ab4a4cceb3c3687df13811a4 - - default default] Tap Mirror: Handle Delete Port: 10ee5927-450e-46b3-992a-e0d6500d13a5 [pid: 7|app: 0|req: 826/1572] 10.0.0.108 () {32 vars in 720 bytes} [Tue Jun 9 10:55:51 2026] DELETE /v2.0/ports/10ee5927-450e-46b3-992a-e0d6500d13a5 => generated 0 bytes in 389 msecs (HTTP/1.1 204) 3 headers in 131 bytes (1 switches on core 0)
2026-06-09 10:55:52.329 8 INFO neutron.pecan_wsgi.hooks.translation [None req-ebce19b6-ad8e-45c8-bd26-5a4969a2d4e3 a78a8e880b7247c09a2a85dbedcbc625 49015124ab4a4cceb3c3687df13811a4 - - default default] GET failed (client error): The resource could not be found. [pid: 8|app: 0|req: 747/1573] 10.0.0.108 () {32 vars in 717 bytes} [Tue Jun 9 10:55:52 2026] GET /v2.0/ports/10ee5927-450e-46b3-992a-e0d6500d13a5 => generated 132 bytes in 21 msecs (HTTP/1.1 404) 4 headers in 164 bytes (1 switches on core 0) [pid: 7|app: 0|req: 827/1574] 10.0.0.108 () {32 vars in 724 bytes} [Tue Jun 9 10:55:52 2026] DELETE /v2.0/subnets/4bce81b2-2d26-4a5c-b738-4d2443162166 => generated 0 bytes in 267 msecs (HTTP/1.1 204) 3 headers in 131 bytes (1 switches on core 0)
2026-06-09 10:55:52.765 8 INFO neutron_taas.services.taas.taas_plugin [None req-9e2b9630-11bd-4b02-b52a-d2cd8896596d a78a8e880b7247c09a2a85dbedcbc625 49015124ab4a4cceb3c3687df13811a4 - - default default] TaaS: Handle Delete Port: 1d5a2c3d-edb2-4307-9667-a9af5ac0d19b
2026-06-09 10:55:52.769 8 INFO neutron_taas.services.taas.tap_mirror_plugin [None req-9e2b9630-11bd-4b02-b52a-d2cd8896596d a78a8e880b7247c09a2a85dbedcbc625 49015124ab4a4cceb3c3687df13811a4 - - default default] Tap Mirror: Handle Delete Port: 1d5a2c3d-edb2-4307-9667-a9af5ac0d19b
2026-06-09 10:55:52.967 8 INFO neutron.services.segments.plugin [-] Segment 61f9a48c-ee33-449b-8cb8-d04f33b4d0b6 resource provider aggregate not found
2026-06-09 10:55:52.974 8 INFO neutron.services.segments.plugin [-] Segment 61f9a48c-ee33-449b-8cb8-d04f33b4d0b6 resource provider aggregate not found
2026-06-09 10:55:52.988 8 INFO neutron.services.segments.plugin [-] Segment 61f9a48c-ee33-449b-8cb8-d04f33b4d0b6 resource provider not found; error: Placement Client Error (4xx): {"errors": [{"status": 404, "title": "Not Found", "detail": "The resource could not be found.\n\n No resource provider with uuid 61f9a48c-ee33-449b-8cb8-d04f33b4d0b6 found for delete ", "request_id": "req-2626cc58-092f-4b8c-855c-55367eeb317e"}]}
2026-06-09 10:55:53.002 8 INFO neutron.services.segments.plugin [-] Segment 61f9a48c-ee33-449b-8cb8-d04f33b4d0b6 resource provider not found; error: Placement Client Error (4xx): {"errors": [{"status": 404, "title": "Not Found", "detail": "The resource could not be found.\n\n No resource provider with uuid 61f9a48c-ee33-449b-8cb8-d04f33b4d0b6 found for delete ", "request_id": "req-e635d9e2-6518-4561-8b57-5b4077d18c24"}]} [pid: 8|app: 0|req: 748/1575] 10.0.0.108 () {32 vars in 726 bytes} [Tue Jun 9 10:55:52 2026] DELETE /v2.0/networks/7d8103c5-d2fe-4711-b046-edb1a68ed507 => generated 0 bytes in 408 msecs (HTTP/1.1 204) 3 headers in 131 bytes (1 switches on core 0)
2026-06-09 10:55:53.280 7 WARNING neutron.scheduler.dhcp_agent_scheduler [None req-730ec38f-5781-40d9-8246-aafda0705b2f a78a8e880b7247c09a2a85dbedcbc625 49015124ab4a4cceb3c3687df13811a4 - - default default] No more DHCP agents
2026-06-09 10:55:53.282 7 WARNING neutron.api.rpc.agentnotifiers.dhcp_rpc_agent_api [None req-730ec38f-5781-40d9-8246-aafda0705b2f a78a8e880b7247c09a2a85dbedcbc625 49015124ab4a4cceb3c3687df13811a4 - - default default] Unable to schedule network 122cfefb-f31e-4bd0-bfad-942480c575b5: no agents available; will retry on subsequent port and subnet creation events.
2026-06-09 10:55:53.350 7 INFO neutron.plugins.ml2.drivers.ovn.mech_driver.mech_driver [None req-e6f586ed-ea65-4a8b-8645-f0a16b61533c - - - - - -] OVN reports status down for port: 0dfa27af-fcba-4430-ab13-dbca7512aeb4
2026-06-09 10:55:53.429 7 INFO neutron.db.ovn_revision_numbers_db [None req-730ec38f-5781-40d9-8246-aafda0705b2f a78a8e880b7247c09a2a85dbedcbc625 49015124ab4a4cceb3c3687df13811a4 - - default default] Successfully bumped revision number for resource 0dfa27af-fcba-4430-ab13-dbca7512aeb4 (type: ports) to 1 [pid: 7|app: 0|req: 828/1576] 10.0.0.108 () {34 vars in 665 bytes} [Tue Jun 9 10:55:53 2026] POST /v2.0/ports => generated 775 bytes in 499 msecs (HTTP/1.1 201) 4 headers in 162 bytes (1 switches on core 0) /var/lib/openstack/lib/python3.12/site-packages/pycadf/identifier.py:70: UserWarning: Invalid uuid: neutron. To ensure interoperability, identifiers should be a valid uuid. warnings.warn(('Invalid uuid: %s. To ensure interoperability, '
2026-06-09 10:55:53.625 8 INFO neutron.db.ovn_revision_numbers_db [None req-833fe518-bf20-4760-818b-c581d3526197 2d643cd384a64b72b61e54dfdd10a897 593f6b5b0c6a45daa1c74678c25730a7 - - default default] Successfully bumped revision number for resource 442c7e45-6446-48cb-8639-cd768eb25d0f (type: security_groups) to 1
2026-06-09 10:55:53.646 8 INFO neutron.db.ovn_revision_numbers_db [None req-833fe518-bf20-4760-818b-c581d3526197 2d643cd384a64b72b61e54dfdd10a897 593f6b5b0c6a45daa1c74678c25730a7 - - default default] Successfully bumped revision number for resource 59c0f670-047e-4fcb-80df-e35dd1340f5d (type: security_group_rules) to 0
2026-06-09 10:55:53.679 8 INFO neutron.db.ovn_revision_numbers_db [None req-833fe518-bf20-4760-818b-c581d3526197 2d643cd384a64b72b61e54dfdd10a897 593f6b5b0c6a45daa1c74678c25730a7 - - default default] Successfully bumped revision number for resource 9844dd2c-115b-4cab-a980-08bef37ec35d (type: security_group_rules) to 0
2026-06-09 10:55:53.701 8 INFO neutron.db.ovn_revision_numbers_db [None req-833fe518-bf20-4760-818b-c581d3526197 2d643cd384a64b72b61e54dfdd10a897 593f6b5b0c6a45daa1c74678c25730a7 - - default default] Successfully bumped revision number for resource ba72bed4-ba40-4865-9a98-edef66e288d1 (type: security_group_rules) to 0
2026-06-09 10:55:53.718 8 INFO neutron.db.ovn_revision_numbers_db [None req-833fe518-bf20-4760-818b-c581d3526197 2d643cd384a64b72b61e54dfdd10a897 593f6b5b0c6a45daa1c74678c25730a7 - - default default] Successfully bumped revision number for resource d3bc0525-4752-42f9-b4cd-36246f381992 (type: security_group_rules) to 0
2026-06-09 10:55:53.892 7 INFO neutron.plugins.ml2.drivers.ovn.mech_driver.mech_driver [None req-e6f586ed-ea65-4a8b-8645-f0a16b61533c - - - - - -] OVN reports status down for port: 0dfa27af-fcba-4430-ab13-dbca7512aeb4
2026-06-09 10:55:53.940 7 INFO neutron.db.ovn_revision_numbers_db [None req-7846c2d8-2a2f-493c-89c2-2d132de89a99 a78a8e880b7247c09a2a85dbedcbc625 49015124ab4a4cceb3c3687df13811a4 - - default default] Successfully bumped revision number for resource 0dfa27af-fcba-4430-ab13-dbca7512aeb4 (type: ports) to 2 [pid: 7|app: 0|req: 829/1577] 10.0.0.108 () {34 vars in 737 bytes} [Tue Jun 9 10:55:53 2026] PUT /v2.0/ports/0dfa27af-fcba-4430-ab13-dbca7512aeb4 => generated 752 bytes in 433 msecs (HTTP/1.1 200) 4 headers in 157 bytes (1 switches on core 0) /var/lib/openstack/lib/python3.12/site-packages/pycadf/identifier.py:70: UserWarning: Invalid uuid: neutron. To ensure interoperability, identifiers should be a valid uuid. warnings.warn(('Invalid uuid: %s. To ensure interoperability, ' [pid: 7|app: 0|req: 830/1578] 10.0.0.47 () {34 vars in 989 bytes} [Tue Jun 9 10:55:53 2026] GET /v2.0/ports?device_id=f405bb6a-4570-497d-98c1-c8b240c3478f => generated 971 bytes in 134 msecs (HTTP/1.1 200) 4 headers in 157 bytes (1 switches on core 0)
2026-06-09 10:55:54.268 7 INFO neutron_taas.services.taas.taas_plugin [None req-becc645c-2fef-40f2-a4f8-259cd2bafc72 a78a8e880b7247c09a2a85dbedcbc625 49015124ab4a4cceb3c3687df13811a4 - - default default] TaaS: Handle Delete Port: 0dfa27af-fcba-4430-ab13-dbca7512aeb4
