May 09 01:34:54.652578 np0000172845 devstack@neutron-api.service[103429]: DEBUG neutron_lib.callbacks.manager [None req-80bec7d4-095f-4a4d-8b57-8b9519d2578b None None] Subscribe: > router_interface after_create 55550000, False {{(pid=103429) subscribe /opt/stack/data/venv/lib/python3.12/site-packages/neutron_lib/callbacks/manager.py:52}}
May 09 01:34:54.652634 np0000172845 devstack@neutron-api.service[103429]: DEBUG neutron_lib.callbacks.manager [None req-80bec7d4-095f-4a4d-8b57-8b9519d2578b None None] Subscribe: > floatingip after_create 55550000, False {{(pid=103429) subscribe /opt/stack/data/venv/lib/python3.12/site-packages/neutron_lib/callbacks/manager.py:52}}
May 09 01:34:54.652787 np0000172845 devstack@neutron-api.service[103429]: DEBUG neutron_lib.callbacks.manager [None req-80bec7d4-095f-4a4d-8b57-8b9519d2578b None None] Subscribe: > floatingip precommit_create 55550000, False {{(pid=103429) subscribe /opt/stack/data/venv/lib/python3.12/site-packages/neutron_lib/callbacks/manager.py:52}}
May 09 01:34:54.652860 np0000172845 devstack@neutron-api.service[103429]: DEBUG neutron_lib.callbacks.manager [None req-80bec7d4-095f-4a4d-8b57-8b9519d2578b None None] Subscribe: > floatingip precommit_update 55550000, False {{(pid=103429) subscribe /opt/stack/data/venv/lib/python3.12/site-packages/neutron_lib/callbacks/manager.py:52}}
May 09 01:34:54.652951 np0000172845 devstack@neutron-api.service[103429]: DEBUG neutron_lib.callbacks.manager [None req-80bec7d4-095f-4a4d-8b57-8b9519d2578b None None] Subscribe: > floatingip after_delete 55550000, False {{(pid=103429) subscribe /opt/stack/data/venv/lib/python3.12/site-packages/neutron_lib/callbacks/manager.py:52}}
May 09 01:34:54.653073 np0000172845 devstack@neutron-api.service[103429]: DEBUG neutron_lib.callbacks.manager [None req-80bec7d4-095f-4a4d-8b57-8b9519d2578b None None] Subscribe: > floatingip after_status_update 55550000, False {{(pid=103429) subscribe /opt/stack/data/venv/lib/python3.12/site-packages/neutron_lib/callbacks/manager.py:52}}
May 09 01:34:54.653130 np0000172845 devstack@neutron-api.service[103429]: DEBUG neutron_lib.callbacks.manager [None req-80bec7d4-095f-4a4d-8b57-8b9519d2578b None None] Subscribe: > floatingip after_update 55550000, False {{(pid=103429) subscribe /opt/stack/data/venv/lib/python3.12/site-packages/neutron_lib/callbacks/manager.py:52}}
May 09 01:34:54.653313 np0000172845 devstack@neutron-api.service[103429]: DEBUG neutron_lib.callbacks.manager [None req-80bec7d4-095f-4a4d-8b57-8b9519d2578b None None] Subscribe: > port_forwarding after_create 55550000, False {{(pid=103429) subscribe /opt/stack/data/venv/lib/python3.12/site-packages/neutron_lib/callbacks/manager.py:52}}
May 09 01:34:54.653348 np0000172845 devstack@neutron-api.service[103429]: DEBUG neutron_lib.callbacks.manager [None req-80bec7d4-095f-4a4d-8b57-8b9519d2578b None None] Subscribe: > router_interface after_delete 55550000, False {{(pid=103429) subscribe /opt/stack/data/venv/lib/python3.12/site-packages/neutron_lib/callbacks/manager.py:52}}
May 09 01:34:54.653440 np0000172845 devstack@neutron-api.service[103429]: DEBUG neutron_lib.callbacks.manager [None req-80bec7d4-095f-4a4d-8b57-8b9519d2578b None None] Subscribe: > router after_create 55550000, False {{(pid=103429) subscribe /opt/stack/data/venv/lib/python3.12/site-packages/neutron_lib/callbacks/manager.py:52}}
May 09 01:34:54.653540 np0000172845 devstack@neutron-api.service[103429]: DEBUG neutron_lib.callbacks.manager [None req-80bec7d4-095f-4a4d-8b57-8b9519d2578b None None] Subscribe: > router precommit_create 55550000, False {{(pid=103429) subscribe /opt/stack/data/venv/lib/python3.12/site-packages/neutron_lib/callbacks/manager.py:52}}
May 09 01:34:54.653731 np0000172845 devstack@neutron-api.service[103429]: DEBUG neutron_lib.callbacks.manager [None req-80bec7d4-095f-4a4d-8b57-8b9519d2578b None None] Subscribe: > router after_delete 55550000, False {{(pid=103429) subscribe /opt/stack/data/venv/lib/python3.12/site-packages/neutron_lib/callbacks/manager.py:52}}
May 09 01:34:54.653731 np0000172845 devstack@neutron-api.service[103429]: DEBUG neutron_lib.callbacks.manager [None req-80bec7d4-095f-4a4d-8b57-8b9519d2578b None None] Subscribe: > router after_update 55550000, False {{(pid=103429) subscribe /opt/stack/data/venv/lib/python3.12/site-packages/neutron_lib/callbacks/manager.py:52}}
May 09 01:34:54.653822 np0000172845 devstack@neutron-api.service[103428]: DEBUG neutron.plugins.ml2.plugin [None req-423a7c95-3be1-4303-9ba4-08b347cb5424 None None] neutron.plugins.ml2.plugin.Ml2Plugin method _start_rpc_notifiers called with arguments () {} {{(pid=103428) wrapper /opt/stack/data/venv/lib/python3.12/site-packages/oslo_log/helpers.py:77}}
May 09 01:34:54.653912 np0000172845 devstack@neutron-api.service[103429]: DEBUG neutron.services.service_base [None req-80bec7d4-095f-4a4d-8b57-8b9519d2578b None None] Loaded 'neutron.services.ovn_l3.service_providers.ovn.OvnDriver' provider for service L3_ROUTER_NAT {{(pid=103429) load_drivers /opt/stack/neutron/neutron/services/service_base.py:49}}
May 09 01:34:54.653970 np0000172845 devstack@neutron-api.service[103429]: DEBUG neutron_lib.callbacks.manager [None req-80bec7d4-095f-4a4d-8b57-8b9519d2578b None None] Subscribe: > process after_init 55550001, True {{(pid=103429) subscribe /opt/stack/data/venv/lib/python3.12/site-packages/neutron_lib/callbacks/manager.py:52}}
May 09 01:34:54.654075 np0000172845 devstack@neutron-api.service[103429]: DEBUG neutron.manager [None req-80bec7d4-095f-4a4d-8b57-8b9519d2578b None None] Successfully loaded L3_ROUTER_NAT plugin. Description: L3 Router Service Plugin for basic L3 forwarding using OVN {{(pid=103429) _create_and_add_service_plugin /opt/stack/neutron/neutron/manager.py:239}}
May 09 01:34:54.654267 np0000172845 devstack@neutron-api.service[103428]: DEBUG neutron_lib.callbacks.manager [None req-423a7c95-3be1-4303-9ba4-08b347cb5424 None None] Subscribe: > port after_create 55550000, False {{(pid=103428) subscribe /opt/stack/data/venv/lib/python3.12/site-packages/neutron_lib/callbacks/manager.py:52}}
May 09 01:34:54.654394 np0000172845 devstack@neutron-api.service[103429]: INFO neutron.manager [None req-80bec7d4-095f-4a4d-8b57-8b9519d2578b None None] Loading Plugin: auto_allocate
May 09 01:34:54.654518 np0000172845 devstack@neutron-api.service[103428]: DEBUG neutron_lib.callbacks.manager [None req-423a7c95-3be1-4303-9ba4-08b347cb5424 None None] Subscribe: > port after_update 55550000, False {{(pid=103428) subscribe /opt/stack/data/venv/lib/python3.12/site-packages/neutron_lib/callbacks/manager.py:52}}
May 09 01:34:54.654518 np0000172845 devstack@neutron-api.service[103428]: DEBUG neutron_lib.callbacks.manager [None req-423a7c95-3be1-4303-9ba4-08b347cb5424 None None] Subscribe: > port after_delete 55550000, False {{(pid=103428) subscribe /opt/stack/data/venv/lib/python3.12/site-packages/neutron_lib/callbacks/manager.py:52}}
May 09 01:34:54.654518 np0000172845 devstack@neutron-api.service[103428]: DEBUG neutron_lib.callbacks.manager [None req-423a7c95-3be1-4303-9ba4-08b347cb5424 None None] Subscribe: > subnet after_create 55550000, False {{(pid=103428) subscribe /opt/stack/data/venv/lib/python3.12/site-packages/neutron_lib/callbacks/manager.py:52}}
May 09 01:34:54.654518 np0000172845 devstack@neutron-api.service[103428]: DEBUG neutron_lib.callbacks.manager [None req-423a7c95-3be1-4303-9ba4-08b347cb5424 None None] Subscribe: > subnet after_update 55550000, False {{(pid=103428) subscribe /opt/stack/data/venv/lib/python3.12/site-packages/neutron_lib/callbacks/manager.py:52}}
May 09 01:34:54.654699 np0000172845 devstack@neutron-api.service[103428]: DEBUG neutron_lib.callbacks.manager [None req-423a7c95-3be1-4303-9ba4-08b347cb5424 None None] Subscribe: > subnet after_delete 55550000, False {{(pid=103428) subscribe /opt/stack/data/venv/lib/python3.12/site-packages/neutron_lib/callbacks/manager.py:52}}
May 09 01:34:54.654699 np0000172845 devstack@neutron-api.service[103428]: DEBUG neutron_lib.callbacks.manager [None req-423a7c95-3be1-4303-9ba4-08b347cb5424 None None] Subscribe: > network after_create 55550000, False {{(pid=103428) subscribe /opt/stack/data/venv/lib/python3.12/site-packages/neutron_lib/callbacks/manager.py:52}}
May 09 01:34:54.654825 np0000172845 devstack@neutron-api.service[103428]: DEBUG neutron_lib.callbacks.manager [None req-423a7c95-3be1-4303-9ba4-08b347cb5424 None None] Subscribe: > network after_update 55550000, False {{(pid=103428) subscribe /opt/stack/data/venv/lib/python3.12/site-packages/neutron_lib/callbacks/manager.py:52}}
May 09 01:34:54.654902 np0000172845 devstack@neutron-api.service[103428]: DEBUG neutron_lib.callbacks.manager [None req-423a7c95-3be1-4303-9ba4-08b347cb5424 None None] Subscribe: > network after_delete 55550000, False {{(pid=103428) subscribe /opt/stack/data/venv/lib/python3.12/site-packages/neutron_lib/callbacks/manager.py:52}}
May 09 01:34:54.655251 np0000172845 devstack@neutron-api.service[103428]: DEBUG neutron_lib.callbacks.manager [None req-423a7c95-3be1-4303-9ba4-08b347cb5424 None None] Subscribe: > security_group after_create 55550000, False {{(pid=103428) subscribe /opt/stack/data/venv/lib/python3.12/site-packages/neutron_lib/callbacks/manager.py:52}}
May 09 01:34:54.655311 np0000172845 devstack@neutron-api.service[103429]: DEBUG neutron_lib.callbacks.manager [None req-80bec7d4-095f-4a4d-8b57-8b9519d2578b None None] Subscribe: network precommit_update 55550000, False {{(pid=103429) subscribe /opt/stack/data/venv/lib/python3.12/site-packages/neutron_lib/callbacks/manager.py:52}}
May 09 01:34:54.655360 np0000172845 devstack@neutron-api.service[103428]: DEBUG neutron_lib.callbacks.manager [None req-423a7c95-3be1-4303-9ba4-08b347cb5424 None None] Subscribe: > security_group after_update 55550000, False {{(pid=103428) subscribe /opt/stack/data/venv/lib/python3.12/site-packages/neutron_lib/callbacks/manager.py:52}}
May 09 01:34:54.655391 np0000172845 devstack@neutron-api.service[103429]: DEBUG neutron_lib.callbacks.manager [None req-80bec7d4-095f-4a4d-8b57-8b9519d2578b None None] Subscribe: network precommit_create 55550000, False {{(pid=103429) subscribe /opt/stack/data/venv/lib/python3.12/site-packages/neutron_lib/callbacks/manager.py:52}}
May 09 01:34:54.655446 np0000172845 devstack@neutron-api.service[103428]: DEBUG neutron_lib.callbacks.manager [None req-423a7c95-3be1-4303-9ba4-08b347cb5424 None None] Subscribe: > security_group after_delete 55550000, False {{(pid=103428) subscribe /opt/stack/data/venv/lib/python3.12/site-packages/neutron_lib/callbacks/manager.py:52}}
May 09 01:34:54.655446 np0000172845 devstack@neutron-api.service[103428]: DEBUG neutron_lib.callbacks.manager [None req-423a7c95-3be1-4303-9ba4-08b347cb5424 None None] Subscribe: > security_group_rule after_create 55550000, False {{(pid=103428) subscribe /opt/stack/data/venv/lib/python3.12/site-packages/neutron_lib/callbacks/manager.py:52}}
May 09 01:34:54.655524 np0000172845 devstack@neutron-api.service[103429]: DEBUG neutron.manager [None req-80bec7d4-095f-4a4d-8b57-8b9519d2578b None None] Successfully loaded auto-allocated-topology plugin. Description: Auto Allocated Topology - aka get me a network. {{(pid=103429) _create_and_add_service_plugin /opt/stack/neutron/neutron/manager.py:239}}
May 09 01:34:54.655577 np0000172845 devstack@neutron-api.service[103428]: DEBUG neutron_lib.callbacks.manager [None req-423a7c95-3be1-4303-9ba4-08b347cb5424 None None] Subscribe: > security_group_rule after_update 55550000, False {{(pid=103428) subscribe /opt/stack/data/venv/lib/python3.12/site-packages/neutron_lib/callbacks/manager.py:52}}
May 09 01:34:54.655602 np0000172845 devstack@neutron-api.service[103429]: INFO neutron.manager [None req-80bec7d4-095f-4a4d-8b57-8b9519d2578b None None] Loading Plugin: tag
May 09 01:34:54.655648 np0000172845 devstack@neutron-api.service[103428]: DEBUG neutron_lib.callbacks.manager [None req-423a7c95-3be1-4303-9ba4-08b347cb5424 None None] Subscribe: > security_group_rule after_delete 55550000, False {{(pid=103428) subscribe /opt/stack/data/venv/lib/python3.12/site-packages/neutron_lib/callbacks/manager.py:52}}
May 09 01:34:54.655648 np0000172845 devstack@neutron-api.service[103428]: DEBUG neutron_lib.callbacks.manager [None req-423a7c95-3be1-4303-9ba4-08b347cb5424 None None] Subscribe: > address_group after_create 55550000, False {{(pid=103428) subscribe /opt/stack/data/venv/lib/python3.12/site-packages/neutron_lib/callbacks/manager.py:52}}
May 09 01:34:54.655727 np0000172845 devstack@neutron-api.service[103428]: DEBUG neutron_lib.callbacks.manager [None req-423a7c95-3be1-4303-9ba4-08b347cb5424 None None] Subscribe: > address_group after_update 55550000, False {{(pid=103428) subscribe /opt/stack/data/venv/lib/python3.12/site-packages/neutron_lib/callbacks/manager.py:52}}
May 09 01:34:54.655827 np0000172845 devstack@neutron-api.service[103428]: DEBUG neutron_lib.callbacks.manager [None req-423a7c95-3be1-4303-9ba4-08b347cb5424 None None] Subscribe: > address_group after_delete 55550000, False {{(pid=103428) subscribe /opt/stack/data/venv/lib/python3.12/site-packages/neutron_lib/callbacks/manager.py:52}}
May 09 01:34:54.656075 np0000172845 devstack@neutron-api.service[103428]: DEBUG neutron.plugins.ml2.ovo_rpc [None req-423a7c95-3be1-4303-9ba4-08b347cb5424 None None] ML2 OVO RPC backend initialized. {{(pid=103428) __init__ /opt/stack/neutron/neutron/plugins/ml2/ovo_rpc.py:117}}
May 09 01:34:54.656787 np0000172845 devstack@neutron-api.service[103428]: INFO neutron.quota [None req-423a7c95-3be1-4303-9ba4-08b347cb5424 None None] Loaded quota_driver: .
May 09 01:34:54.656787 np0000172845 devstack@neutron-api.service[103428]: INFO neutron.plugins.ml2.plugin [None req-423a7c95-3be1-4303-9ba4-08b347cb5424 None None] Modular L2 Plugin initialization complete
May 09 01:34:54.657025 np0000172845 devstack@neutron-api.service[103428]: DEBUG neutron.manager [None req-423a7c95-3be1-4303-9ba4-08b347cb5424 None None] Loading services supported by the core plugin {{(pid=103428) _load_services_from_core_plugin /opt/stack/neutron/neutron/manager.py:170}}
May 09 01:34:54.657025 np0000172845 devstack@neutron-api.service[103428]: INFO neutron.plugins.ml2.managers [None req-423a7c95-3be1-4303-9ba4-08b347cb5424 None None] Got port-security extension from driver 'port_security'
May 09 01:34:54.657344 np0000172845 devstack@neutron-api.service[103428]: DEBUG neutron.manager [None req-423a7c95-3be1-4303-9ba4-08b347cb5424 None None] Loading service plugins: ['ovn-router', 'auto_allocate', 'tag', 'timestamp', 'network_ip_availability', 'flavors', 'revisions'] {{(pid=103428) _load_service_plugins /opt/stack/neutron/neutron/manager.py:195}}
May 09 01:34:54.657483 np0000172845 devstack@neutron-api.service[103428]: INFO neutron.manager [None req-423a7c95-3be1-4303-9ba4-08b347cb5424 None None] Loading Plugin: ovn-router
May 09 01:34:54.658038 np0000172845 devstack@neutron-api.service[103429]: DEBUG neutron.manager [None req-80bec7d4-095f-4a4d-8b57-8b9519d2578b None None] Successfully loaded TAG plugin. Description: Tag support {{(pid=103429) _create_and_add_service_plugin /opt/stack/neutron/neutron/manager.py:239}}
May 09 01:34:54.658144 np0000172845 devstack@neutron-api.service[103429]: INFO neutron.manager [None req-80bec7d4-095f-4a4d-8b57-8b9519d2578b None None] Loading Plugin: timestamp
May 09 01:34:54.659353 np0000172845 devstack@neutron-api.service[103429]: DEBUG neutron.manager [None req-80bec7d4-095f-4a4d-8b57-8b9519d2578b None None] Successfully loaded timestamp plugin. Description: Adds timestamps to Neutron resources with standard attributes {{(pid=103429) _create_and_add_service_plugin /opt/stack/neutron/neutron/manager.py:239}}
May 09 01:34:54.659442 np0000172845 devstack@neutron-api.service[103429]: INFO neutron.manager [None req-80bec7d4-095f-4a4d-8b57-8b9519d2578b None None] Loading Plugin: network_ip_availability
May 09 01:34:54.660840 np0000172845 devstack@neutron-api.service[103429]: DEBUG neutron.manager [None req-80bec7d4-095f-4a4d-8b57-8b9519d2578b None None] Successfully loaded network-ip-availability plugin. Description: Provides IP availability data for each network and subnet. {{(pid=103429) _create_and_add_service_plugin /opt/stack/neutron/neutron/manager.py:239}}
May 09 01:34:54.660931 np0000172845 devstack@neutron-api.service[103429]: INFO neutron.manager [None req-80bec7d4-095f-4a4d-8b57-8b9519d2578b None None] Loading Plugin: flavors
May 09 01:34:54.662127 np0000172845 devstack@neutron-api.service[103429]: DEBUG neutron.manager [None req-80bec7d4-095f-4a4d-8b57-8b9519d2578b None None] Successfully loaded FLAVORS plugin. Description: Neutron Flavors and Service Profiles manager plugin {{(pid=103429) _create_and_add_service_plugin /opt/stack/neutron/neutron/manager.py:239}}
May 09 01:34:54.662241 np0000172845 devstack@neutron-api.service[103429]: INFO neutron.manager [None req-80bec7d4-095f-4a4d-8b57-8b9519d2578b None None] Loading Plugin: revisions
May 09 01:34:54.663171 np0000172845 devstack@neutron-api.service[103429]: DEBUG neutron.manager [None req-80bec7d4-095f-4a4d-8b57-8b9519d2578b None None] Successfully loaded revision_plugin plugin. Description: Adds revision numbers to resources. {{(pid=103429) _create_and_add_service_plugin /opt/stack/neutron/neutron/manager.py:239}}
May 09 01:34:54.663339 np0000172845 devstack@neutron-api.service[103429]: DEBUG oslo_concurrency.lockutils [None req-80bec7d4-095f-4a4d-8b57-8b9519d2578b None None] Lock "manager" "released" by "neutron.manager.NeutronManager._create_instance" :: held 6.451s {{(pid=103429) inner /opt/stack/data/venv/lib/python3.12/site-packages/oslo_concurrency/lockutils.py:538}}
May 09 01:34:54.663527 np0000172845 devstack@neutron-api.service[103429]: DEBUG neutron.api.extensions [None req-80bec7d4-095f-4a4d-8b57-8b9519d2578b None None] get_extension_paths = OrderedDict({'/opt/stack/neutron/neutron/extensions': 1}) {{(pid=103429) get_extensions_path /opt/stack/neutron/neutron/api/extensions.py:640}}
May 09 01:34:54.663641 np0000172845 devstack@neutron-api.service[103429]: INFO neutron.api.extensions [None req-80bec7d4-095f-4a4d-8b57-8b9519d2578b None None] Initializing extension manager.
May 09 01:34:54.663898 np0000172845 devstack@neutron-api.service[103429]: DEBUG neutron.api.extensions [None req-80bec7d4-095f-4a4d-8b57-8b9519d2578b None None] Loading extension file: __init__.py {{(pid=103429) _load_all_extensions_from_path /opt/stack/neutron/neutron/api/extensions.py:449}}
May 09 01:34:54.663968 np0000172845 devstack@neutron-api.service[103429]: DEBUG neutron.api.extensions [None req-80bec7d4-095f-4a4d-8b57-8b9519d2578b None None] Loading extension file: __pycache__ {{(pid=103429) _load_all_extensions_from_path /opt/stack/neutron/neutron/api/extensions.py:449}}
May 09 01:34:54.664072 np0000172845 devstack@neutron-api.service[103429]: DEBUG neutron.api.extensions [None req-80bec7d4-095f-4a4d-8b57-8b9519d2578b None None] Loading extension file: address_group.py {{(pid=103429) _load_all_extensions_from_path /opt/stack/neutron/neutron/api/extensions.py:449}}
May 09 01:34:54.664391 np0000172845 devstack@neutron-api.service[103429]: DEBUG neutron.api.extensions [None req-80bec7d4-095f-4a4d-8b57-8b9519d2578b None None] Ext name="Address group" alias="address-group" description="Support address group" updated="2020-07-15T10:00:00-00:00" {{(pid=103429) _check_extension /opt/stack/neutron/neutron/api/extensions.py:415}}
May 09 01:34:54.664620 np0000172845 devstack@neutron-api.service[103429]: INFO neutron.api.extensions [None req-80bec7d4-095f-4a4d-8b57-8b9519d2578b None None] Loaded extension: address-group
May 09 01:34:54.664713 np0000172845 devstack@neutron-api.service[103429]: DEBUG neutron.api.extensions [None req-80bec7d4-095f-4a4d-8b57-8b9519d2578b None None] Loading extension file: address_scope.py {{(pid=103429) _load_all_extensions_from_path /opt/stack/neutron/neutron/api/extensions.py:449}}
May 09 01:34:54.665000 np0000172845 devstack@neutron-api.service[103429]: DEBUG neutron.api.extensions [None req-80bec7d4-095f-4a4d-8b57-8b9519d2578b None None] Ext name="Address scope" alias="address-scope" description="Address scopes extension." updated="2015-07-26T10:00:00-00:00" {{(pid=103429) _check_extension /opt/stack/neutron/neutron/api/extensions.py:415}}
May 09 01:34:54.665225 np0000172845 devstack@neutron-api.service[103429]: INFO neutron.api.extensions [None req-80bec7d4-095f-4a4d-8b57-8b9519d2578b None None] Loaded extension: address-scope
May 09 01:34:54.665292 np0000172845 devstack@neutron-api.service[103429]: DEBUG neutron.api.extensions [None req-80bec7d4-095f-4a4d-8b57-8b9519d2578b None None] Loading extension file: admin_state_down_before_update.py {{(pid=103429) _load_all_extensions_from_path /opt/stack/neutron/neutron/api/extensions.py:449}}
May 09 01:34:54.665557 np0000172845 devstack@neutron-api.service[103429]: DEBUG neutron.api.extensions [None req-80bec7d4-095f-4a4d-8b57-8b9519d2578b None None] Ext name="Enforce Router's Admin State Down Before Update Extension" alias="router-admin-state-down-before-update" description="Ensure that the admin state of a router is DOWN (admin_state_up=False) before updating the distributed attribute" updated="2019-07-02T15:56:00" {{(pid=103429) _check_extension /opt/stack/neutron/neutron/api/extensions.py:415}}
May 09 01:34:54.666022 np0000172845 devstack@neutron-api.service[103429]: INFO neutron.api.extensions [None req-80bec7d4-095f-4a4d-8b57-8b9519d2578b None None] Extension router-admin-state-down-before-update not supported by any of loaded plugins
May 09 01:34:54.666022 np0000172845 devstack@neutron-api.service[103429]: DEBUG neutron.api.extensions [None req-80bec7d4-095f-4a4d-8b57-8b9519d2578b None None] Loading extension file: agent.py {{(pid=103429) _load_all_extensions_from_path /opt/stack/neutron/neutron/api/extensions.py:449}}
May 09 01:34:54.666105 np0000172845 devstack@neutron-api.service[103429]: DEBUG neutron.api.extensions [None req-80bec7d4-095f-4a4d-8b57-8b9519d2578b None None] Ext name="agent" alias="agent" description="The agent management extension." updated="2013-02-03T10:00:00-00:00" {{(pid=103429) _check_extension /opt/stack/neutron/neutron/api/extensions.py:415}}
May 09 01:34:54.666303 np0000172845 devstack@neutron-api.service[103429]: INFO neutron.api.extensions [None req-80bec7d4-095f-4a4d-8b57-8b9519d2578b None None] Loaded extension: agent
May 09 01:34:54.666387 np0000172845 devstack@neutron-api.service[103429]: DEBUG neutron.api.extensions [None req-80bec7d4-095f-4a4d-8b57-8b9519d2578b None None] Loading extension file: agent_resources_synced.py {{(pid=103429) _load_all_extensions_from_path /opt/stack/neutron/neutron/api/extensions.py:449}}
May 09 01:34:54.666644 np0000172845 devstack@neutron-api.service[103429]: DEBUG neutron.api.extensions [None req-80bec7d4-095f-4a4d-8b57-8b9519d2578b None None] Ext name="Agent's Resource View Synced to Placement" alias="agent-resources-synced" description="Stores success/failure of last sync to Placement" updated="2018-12-19T00:00:00-00:00" {{(pid=103429) _check_extension /opt/stack/neutron/neutron/api/extensions.py:415}}
May 09 01:34:54.666793 np0000172845 devstack@neutron-api.service[103429]: INFO neutron.api.extensions [None req-80bec7d4-095f-4a4d-8b57-8b9519d2578b None None] Extension agent-resources-synced not supported by any of loaded plugins
May 09 01:34:54.666874 np0000172845 devstack@neutron-api.service[103429]: DEBUG neutron.api.extensions [None req-80bec7d4-095f-4a4d-8b57-8b9519d2578b None None] Loading extension file: agent_sort_key.py {{(pid=103429) _load_all_extensions_from_path /opt/stack/neutron/neutron/api/extensions.py:449}}
May 09 01:34:54.667117 np0000172845 devstack@neutron-api.service[103429]: DEBUG neutron.api.extensions [None req-80bec7d4-095f-4a4d-8b57-8b9519d2578b None None] Ext name="Agents Sort Key" alias="agent_sort_key" description="Enabling the keyword sort_key for sorting in agents." updated="2013-02-03T10:00:00-00:00" {{(pid=103429) _check_extension /opt/stack/neutron/neutron/api/extensions.py:415}}
May 09 01:34:54.667417 np0000172845 devstack@neutron-api.service[103429]: INFO neutron.api.extensions [None req-80bec7d4-095f-4a4d-8b57-8b9519d2578b None None] Extension agent_sort_key not supported by any of loaded plugins
May 09 01:34:54.667417 np0000172845 devstack@neutron-api.service[103429]: DEBUG neutron.api.extensions [None req-80bec7d4-095f-4a4d-8b57-8b9519d2578b None None] Loading extension file: allowedaddresspairs.py {{(pid=103429) _load_all_extensions_from_path /opt/stack/neutron/neutron/api/extensions.py:449}}
May 09 01:34:54.668010 np0000172845 devstack@neutron-api.service[103429]: DEBUG neutron.api.extensions [None req-80bec7d4-095f-4a4d-8b57-8b9519d2578b None None] Ext name="Allowed Address Pairs" alias="allowed-address-pairs" description="Provides allowed address pairs" updated="2013-07-23T10:00:00-00:00" {{(pid=103429) _check_extension /opt/stack/neutron/neutron/api/extensions.py:415}}
May 09 01:34:54.668226 np0000172845 devstack@neutron-api.service[103429]: INFO neutron.api.extensions [None req-80bec7d4-095f-4a4d-8b57-8b9519d2578b None None] Loaded extension: allowed-address-pairs
May 09 01:34:54.668295 np0000172845 devstack@neutron-api.service[103429]: DEBUG neutron.api.extensions [None req-80bec7d4-095f-4a4d-8b57-8b9519d2578b None None] Loading extension file: auto_allocated_topology.py {{(pid=103429) _load_all_extensions_from_path /opt/stack/neutron/neutron/api/extensions.py:449}}
May 09 01:34:54.668356 np0000172845 devstack@neutron-api.service[103426]: INFO neutron.plugins.ml2.drivers.type_vlan [None req-1dd7bbb6-eb8e-4212-9e58-ff15a191bcdb None None] VlanTypeDriver initialization complete
May 09 01:34:54.668666 np0000172845 devstack@neutron-api.service[103426]: INFO neutron.plugins.ml2.managers [None req-1dd7bbb6-eb8e-4212-9e58-ff15a191bcdb None None] Initializing extension driver 'port_security'
May 09 01:34:54.668691 np0000172845 devstack@neutron-api.service[103429]: DEBUG neutron.api.extensions [None req-80bec7d4-095f-4a4d-8b57-8b9519d2578b None None] Ext name="Auto Allocated Topology Services" alias="auto-allocated-topology" description="Auto Allocated Topology Services." updated="2016-01-01T00:00:00-00:00" {{(pid=103429) _check_extension /opt/stack/neutron/neutron/api/extensions.py:415}}
May 09 01:34:54.668717 np0000172845 devstack@neutron-api.service[103426]: INFO neutron.plugins.ml2.extensions.port_security [None req-1dd7bbb6-eb8e-4212-9e58-ff15a191bcdb None None] PortSecurityExtensionDriver initialization complete
May 09 01:34:54.668771 np0000172845 devstack@neutron-api.service[103428]: DEBUG neutron_lib.callbacks.manager [None req-423a7c95-3be1-4303-9ba4-08b347cb5424 None None] Subscribe: > router before_delete 55550000, False {{(pid=103428) subscribe /opt/stack/data/venv/lib/python3.12/site-packages/neutron_lib/callbacks/manager.py:52}}
May 09 01:34:54.669147 np0000172845 devstack@neutron-api.service[103426]: INFO neutron.plugins.ml2.managers [None req-1dd7bbb6-eb8e-4212-9e58-ff15a191bcdb None None] Initializing extension driver 'qos'
May 09 01:34:54.669364 np0000172845 devstack@neutron-api.service[103429]: INFO neutron.api.extensions [None req-80bec7d4-095f-4a4d-8b57-8b9519d2578b None None] Loaded extension: auto-allocated-topology
May 09 01:34:54.669515 np0000172845 devstack@neutron-api.service[103428]: DEBUG neutron_lib.callbacks.manager [None req-423a7c95-3be1-4303-9ba4-08b347cb5424 None None] Subscribe: port after_update 55550000, False {{(pid=103428) subscribe /opt/stack/data/venv/lib/python3.12/site-packages/neutron_lib/callbacks/manager.py:52}}
May 09 01:34:54.669590 np0000172845 devstack@neutron-api.service[103429]: DEBUG neutron.api.extensions [None req-80bec7d4-095f-4a4d-8b57-8b9519d2578b None None] Loading extension file: availability_zone.py {{(pid=103429) _load_all_extensions_from_path /opt/stack/neutron/neutron/api/extensions.py:449}}
May 09 01:34:54.669755 np0000172845 devstack@neutron-api.service[103426]: DEBUG neutron.plugins.ml2.extensions.qos [None req-1dd7bbb6-eb8e-4212-9e58-ff15a191bcdb None None] QosExtensionDriver initialization complete {{(pid=103426) initialize /opt/stack/neutron/neutron/plugins/ml2/extensions/qos.py:31}}
May 09 01:34:54.669907 np0000172845 devstack@neutron-api.service[103428]: DEBUG neutron_lib.callbacks.manager [None req-423a7c95-3be1-4303-9ba4-08b347cb5424 None None] Subscribe: port after_delete 55550000, False {{(pid=103428) subscribe /opt/stack/data/venv/lib/python3.12/site-packages/neutron_lib/callbacks/manager.py:52}}
May 09 01:34:54.670075 np0000172845 devstack@neutron-api.service[103426]: INFO neutron.plugins.ml2.managers [None req-1dd7bbb6-eb8e-4212-9e58-ff15a191bcdb None None] Initializing mechanism driver 'ovn'
May 09 01:34:54.670196 np0000172845 devstack@neutron-api.service[103428]: DEBUG neutron_lib.callbacks.manager [None req-423a7c95-3be1-4303-9ba4-08b347cb5424 None None] Subscribe: subnet after_update 55550000, False {{(pid=103428) subscribe /opt/stack/data/venv/lib/python3.12/site-packages/neutron_lib/callbacks/manager.py:52}}
May 09 01:34:54.670267 np0000172845 devstack@neutron-api.service[103429]: DEBUG neutron.api.extensions [None req-80bec7d4-095f-4a4d-8b57-8b9519d2578b None None] Ext name="Availability Zone" alias="availability_zone" description="The availability zone extension." updated="2015-01-01T10:00:00-00:00" {{(pid=103429) _check_extension /opt/stack/neutron/neutron/api/extensions.py:415}}
May 09 01:34:54.670325 np0000172845 devstack@neutron-api.service[103426]: INFO neutron.plugins.ml2.drivers.ovn.mech_driver.mech_driver [None req-1dd7bbb6-eb8e-4212-9e58-ff15a191bcdb None None] Starting OVNMechanismDriver
May 09 01:34:54.670354 np0000172845 devstack@neutron-api.service[103428]: DEBUG neutron_lib.callbacks.manager [None req-423a7c95-3be1-4303-9ba4-08b347cb5424 None None] Subscribe: subnetpool_address_scope after_update 55550000, False {{(pid=103428) subscribe /opt/stack/data/venv/lib/python3.12/site-packages/neutron_lib/callbacks/manager.py:52}}
May 09 01:34:54.670422 np0000172845 devstack@neutron-api.service[103429]: INFO neutron.api.extensions [None req-80bec7d4-095f-4a4d-8b57-8b9519d2578b None None] Loaded extension: availability_zone
May 09 01:34:54.670478 np0000172845 devstack@neutron-api.service[103428]: DEBUG neutron_lib.callbacks.manager [None req-423a7c95-3be1-4303-9ba4-08b347cb5424 None None] Subscribe: port before_update 55550000, False {{(pid=103428) subscribe /opt/stack/data/venv/lib/python3.12/site-packages/neutron_lib/callbacks/manager.py:52}}
May 09 01:34:54.670506 np0000172845 devstack@neutron-api.service[103429]: DEBUG neutron.api.extensions [None req-80bec7d4-095f-4a4d-8b57-8b9519d2578b None None] Loading extension file: availability_zone_filter.py {{(pid=103429) _load_all_extensions_from_path /opt/stack/neutron/neutron/api/extensions.py:449}}
May 09 01:34:54.670562 np0000172845 devstack@neutron-api.service[103428]: DEBUG neutron_lib.callbacks.manager [None req-423a7c95-3be1-4303-9ba4-08b347cb5424 None None] Subscribe: port after_update 55550000, False {{(pid=103428) subscribe /opt/stack/data/venv/lib/python3.12/site-packages/neutron_lib/callbacks/manager.py:52}}
May 09 01:34:54.670562 np0000172845 devstack@neutron-api.service[103428]: DEBUG neutron_lib.callbacks.manager [None req-423a7c95-3be1-4303-9ba4-08b347cb5424 None None] Subscribe: > port precommit_delete 55550000, False {{(pid=103428) subscribe /opt/stack/data/venv/lib/python3.12/site-packages/neutron_lib/callbacks/manager.py:52}}
May 09 01:34:54.670562 np0000172845 devstack@neutron-api.service[103428]: DEBUG neutron_lib.callbacks.manager [None req-423a7c95-3be1-4303-9ba4-08b347cb5424 None None] Subscribe: port before_update 55550000, False {{(pid=103428) subscribe /opt/stack/data/venv/lib/python3.12/site-packages/neutron_lib/callbacks/manager.py:52}}
May 09 01:34:54.670651 np0000172845 devstack@neutron-api.service[103429]: DEBUG neutron.api.extensions [None req-80bec7d4-095f-4a4d-8b57-8b9519d2578b None None] Ext name="Availability Zone Filter Extension" alias="availability_zone_filter" description="Add filter parameters to AvailabilityZone resource" updated="2018-06-22T10:00:00-00:00" {{(pid=103429) _check_extension /opt/stack/neutron/neutron/api/extensions.py:415}}
May 09 01:34:54.670735 np0000172845 devstack@neutron-api.service[103428]: DEBUG neutron_lib.callbacks.manager [None req-423a7c95-3be1-4303-9ba4-08b347cb5424 None None] Subscribe: port before_delete 55550000, False {{(pid=103428) subscribe /opt/stack/data/venv/lib/python3.12/site-packages/neutron_lib/callbacks/manager.py:52}}
May 09 01:34:54.670799 np0000172845 devstack@neutron-api.service[103429]: INFO neutron.api.extensions [None req-80bec7d4-095f-4a4d-8b57-8b9519d2578b None None] Extension availability_zone_filter not supported by any of loaded plugins
May 09 01:34:54.670834 np0000172845 devstack@neutron-api.service[103428]: DEBUG neutron_lib.callbacks.manager [None req-423a7c95-3be1-4303-9ba4-08b347cb5424 None None] Subscribe: > router precommit_create 55550000, False {{(pid=103428) subscribe /opt/stack/data/venv/lib/python3.12/site-packages/neutron_lib/callbacks/manager.py:52}}
May 09 01:34:54.670896 np0000172845 devstack@neutron-api.service[103429]: DEBUG neutron.api.extensions [None req-80bec7d4-095f-4a4d-8b57-8b9519d2578b None None] Loading extension file: data_plane_status.py {{(pid=103429) _load_all_extensions_from_path /opt/stack/neutron/neutron/api/extensions.py:449}}
May 09 01:34:54.670952 np0000172845 devstack@neutron-api.service[103428]: DEBUG neutron_lib.callbacks.manager [None req-423a7c95-3be1-4303-9ba4-08b347cb5424 None None] Subscribe: > router precommit_create 55550000, False {{(pid=103428) subscribe /opt/stack/data/venv/lib/python3.12/site-packages/neutron_lib/callbacks/manager.py:52}}
May 09 01:34:54.670952 np0000172845 devstack@neutron-api.service[103428]: DEBUG neutron_lib.callbacks.manager [None req-423a7c95-3be1-4303-9ba4-08b347cb5424 None None] Subscribe: > router precommit_update 55550000, False {{(pid=103428) subscribe /opt/stack/data/venv/lib/python3.12/site-packages/neutron_lib/callbacks/manager.py:52}}
May 09 01:34:54.671014 np0000172845 devstack@neutron-api.service[103429]: DEBUG neutron.api.extensions [None req-80bec7d4-095f-4a4d-8b57-8b9519d2578b None None] Ext name="Port data plane status extension" alias="data-plane-status" description="Expose status of underlying data plane" updated="2017-01-24T10:00:00-00:00" {{(pid=103429) _check_extension /opt/stack/neutron/neutron/api/extensions.py:415}}
May 09 01:34:54.671079 np0000172845 devstack@neutron-api.service[103428]: DEBUG neutron_lib.callbacks.manager [None req-423a7c95-3be1-4303-9ba4-08b347cb5424 None None] Subscribe: subnet after_update 55550000, False {{(pid=103428) subscribe /opt/stack/data/venv/lib/python3.12/site-packages/neutron_lib/callbacks/manager.py:52}}
May 09 01:34:54.671139 np0000172845 devstack@neutron-api.service[103429]: INFO neutron.api.extensions [None req-80bec7d4-095f-4a4d-8b57-8b9519d2578b None None] Extension data-plane-status not supported by any of loaded plugins
May 09 01:34:54.671139 np0000172845 devstack@neutron-api.service[103429]: DEBUG neutron.api.extensions [None req-80bec7d4-095f-4a4d-8b57-8b9519d2578b None None] Loading extension file: default_subnetpools.py {{(pid=103429) _load_all_extensions_from_path /opt/stack/neutron/neutron/api/extensions.py:449}}
May 09 01:34:54.671139 np0000172845 devstack@neutron-api.service[103429]: DEBUG neutron.api.extensions [None req-80bec7d4-095f-4a4d-8b57-8b9519d2578b None None] Ext name="Default Subnetpools" alias="default-subnetpools" description="Provides ability to mark and use a subnetpool as the default." updated="2016-02-18T18:00:00-00:00" {{(pid=103429) _check_extension /opt/stack/neutron/neutron/api/extensions.py:415}}
May 09 01:34:54.671139 np0000172845 devstack@neutron-api.service[103429]: INFO neutron.api.extensions [None req-80bec7d4-095f-4a4d-8b57-8b9519d2578b None None] Loaded extension: default-subnetpools
May 09 01:34:54.671375 np0000172845 devstack@neutron-api.service[103428]: DEBUG neutron.quota.resource_registry [None req-423a7c95-3be1-4303-9ba4-08b347cb5424 None None] Tracking information for resource: router configured {{(pid=103428) set_tracked_resource /opt/stack/neutron/neutron/quota/resource_registry.py:203}}
May 09 01:34:54.671465 np0000172845 devstack@neutron-api.service[103429]: DEBUG neutron.api.extensions [None req-80bec7d4-095f-4a4d-8b57-8b9519d2578b None None] Loading extension file: dhcpagentscheduler.py {{(pid=103429) _load_all_extensions_from_path /opt/stack/neutron/neutron/api/extensions.py:449}}
May 09 01:34:54.671498 np0000172845 devstack@neutron-api.service[103428]: DEBUG neutron.quota.resource_registry [None req-423a7c95-3be1-4303-9ba4-08b347cb5424 None None] Tracking information for resource: floatingip configured {{(pid=103428) set_tracked_resource /opt/stack/neutron/neutron/quota/resource_registry.py:203}}
May 09 01:34:54.671498 np0000172845 devstack@neutron-api.service[103428]: INFO neutron.services.ovn_l3.plugin [None req-423a7c95-3be1-4303-9ba4-08b347cb5424 None None] Starting OVNL3RouterPlugin
May 09 01:34:54.671584 np0000172845 devstack@neutron-api.service[103429]: DEBUG neutron.api.extensions [None req-80bec7d4-095f-4a4d-8b57-8b9519d2578b None None] Ext name="DHCP Agent Scheduler" alias="dhcp_agent_scheduler" description="Schedule networks among dhcp agents" updated="2013-02-07T10:00:00-00:00" {{(pid=103429) _check_extension /opt/stack/neutron/neutron/api/extensions.py:415}}
May 09 01:34:54.671649 np0000172845 devstack@neutron-api.service[103428]: DEBUG neutron_lib.callbacks.manager [None req-423a7c95-3be1-4303-9ba4-08b347cb5424 None None] Subscribe: > port_forwarding_plugin after_init 55550000, False {{(pid=103428) subscribe /opt/stack/data/venv/lib/python3.12/site-packages/neutron_lib/callbacks/manager.py:52}}
May 09 01:34:54.671708 np0000172845 devstack@neutron-api.service[103426]: DEBUG neutron_lib.callbacks.manager [None req-1dd7bbb6-eb8e-4212-9e58-ff15a191bcdb None None] Subscribe: > process before_spawn 55550000, False {{(pid=103426) subscribe /opt/stack/data/venv/lib/python3.12/site-packages/neutron_lib/callbacks/manager.py:52}}
May 09 01:34:54.671738 np0000172845 devstack@neutron-api.service[103429]: INFO neutron.api.extensions [None req-80bec7d4-095f-4a4d-8b57-8b9519d2578b None None] Loaded extension: dhcp_agent_scheduler
May 09 01:34:54.671821 np0000172845 devstack@neutron-api.service[103426]: DEBUG neutron_lib.callbacks.manager [None req-1dd7bbb6-eb8e-4212-9e58-ff15a191bcdb None None] Subscribe: > process after_init 55550000, True {{(pid=103426) subscribe /opt/stack/data/venv/lib/python3.12/site-packages/neutron_lib/callbacks/manager.py:52}}
May 09 01:34:54.671883 np0000172845 devstack@neutron-api.service[103429]: DEBUG neutron.api.extensions [None req-80bec7d4-095f-4a4d-8b57-8b9519d2578b None None] Loading extension file: dns.py {{(pid=103429) _load_all_extensions_from_path /opt/stack/neutron/neutron/api/extensions.py:449}}
May 09 01:34:54.671947 np0000172845 devstack@neutron-api.service[103428]: DEBUG neutron_lib.callbacks.manager [None req-423a7c95-3be1-4303-9ba4-08b347cb5424 None None] Subscribe: > router before_create 55550100, False {{(pid=103428) subscribe /opt/stack/data/venv/lib/python3.12/site-packages/neutron_lib/callbacks/manager.py:52}}
May 09 01:34:54.671947 np0000172845 devstack@neutron-api.service[103428]: DEBUG neutron_lib.callbacks.manager [None req-423a7c95-3be1-4303-9ba4-08b347cb5424 None None] Subscribe: > router precommit_delete 55550100, False {{(pid=103428) subscribe /opt/stack/data/venv/lib/python3.12/site-packages/neutron_lib/callbacks/manager.py:52}}
May 09 01:34:54.671999 np0000172845 devstack@neutron-api.service[103426]: DEBUG neutron_lib.callbacks.manager [None req-1dd7bbb6-eb8e-4212-9e58-ff15a191bcdb None None] Subscribe: > segment after_create 55550000, False {{(pid=103426) subscribe /opt/stack/data/venv/lib/python3.12/site-packages/neutron_lib/callbacks/manager.py:52}}
May 09 01:34:54.672086 np0000172845 devstack@neutron-api.service[103429]: DEBUG neutron.api.extensions [None req-80bec7d4-095f-4a4d-8b57-8b9519d2578b None None] Ext name="DNS Integration" alias="dns-integration" description="Provides integration with DNS." updated="2015-08-15T18:00:00-00:00" {{(pid=103429) _check_extension /opt/stack/neutron/neutron/api/extensions.py:415}}
May 09 01:34:54.672116 np0000172845 devstack@neutron-api.service[103428]: DEBUG neutron_lib.callbacks.manager [None req-423a7c95-3be1-4303-9ba4-08b347cb5424 None None] Subscribe: > router precommit_create 55550100, False {{(pid=103428) subscribe /opt/stack/data/venv/lib/python3.12/site-packages/neutron_lib/callbacks/manager.py:52}}
May 09 01:34:54.672116 np0000172845 devstack@neutron-api.service[103428]: DEBUG neutron_lib.callbacks.manager [None req-423a7c95-3be1-4303-9ba4-08b347cb5424 None None] Subscribe: > router precommit_update 55550100, False {{(pid=103428) subscribe /opt/stack/data/venv/lib/python3.12/site-packages/neutron_lib/callbacks/manager.py:52}}
May 09 01:34:54.672425 np0000172845 devstack@neutron-api.service[103426]: DEBUG neutron_lib.callbacks.manager [None req-1dd7bbb6-eb8e-4212-9e58-ff15a191bcdb None None] Subscribe: > segment after_create 55550000, False {{(pid=103426) subscribe /opt/stack/data/venv/lib/python3.12/site-packages/neutron_lib/callbacks/manager.py:52}}
May 09 01:34:54.672642 np0000172845 devstack@neutron-api.service[103429]: INFO neutron.api.extensions [None req-80bec7d4-095f-4a4d-8b57-8b9519d2578b None None] Loaded extension: dns-integration
May 09 01:34:54.672642 np0000172845 devstack@neutron-api.service[103429]: DEBUG neutron.api.extensions [None req-80bec7d4-095f-4a4d-8b57-8b9519d2578b None None] Loading extension file: dns_domain_ports.py {{(pid=103429) _load_all_extensions_from_path /opt/stack/neutron/neutron/api/extensions.py:449}}
May 09 01:34:54.672902 np0000172845 devstack@neutron-api.service[103426]: DEBUG neutron_lib.callbacks.manager [None req-1dd7bbb6-eb8e-4212-9e58-ff15a191bcdb None None] Subscribe: > segment after_delete 55550000, False {{(pid=103426) subscribe /opt/stack/data/venv/lib/python3.12/site-packages/neutron_lib/callbacks/manager.py:52}}
May 09 01:34:54.672902 np0000172845 devstack@neutron-api.service[103426]: DEBUG neutron_lib.callbacks.manager [None req-1dd7bbb6-eb8e-4212-9e58-ff15a191bcdb None None] Subscribe: > allowed_address_pair before_create 55550000, False {{(pid=103426) subscribe /opt/stack/data/venv/lib/python3.12/site-packages/neutron_lib/callbacks/manager.py:52}}
May 09 01:34:54.673207 np0000172845 devstack@neutron-api.service[103429]: DEBUG neutron.api.extensions [None req-80bec7d4-095f-4a4d-8b57-8b9519d2578b None None] Ext name="dns_domain for ports" alias="dns-domain-ports" description="Allows the DNS domain to be specified for a network port." updated="2017-04-24T10:00:00-00:00" {{(pid=103429) _check_extension /opt/stack/neutron/neutron/api/extensions.py:415}}
May 09 01:34:54.673435 np0000172845 devstack@neutron-api.service[103426]: DEBUG neutron_lib.callbacks.manager [None req-1dd7bbb6-eb8e-4212-9e58-ff15a191bcdb None None] Subscribe: > security_group precommit_create 55550000, False {{(pid=103426) subscribe /opt/stack/data/venv/lib/python3.12/site-packages/neutron_lib/callbacks/manager.py:52}}
May 09 01:34:54.673626 np0000172845 devstack@neutron-api.service[103429]: INFO neutron.api.extensions [None req-80bec7d4-095f-4a4d-8b57-8b9519d2578b None None] Loaded extension: dns-domain-ports
May 09 01:34:54.673626 np0000172845 devstack@neutron-api.service[103429]: DEBUG neutron.api.extensions [None req-80bec7d4-095f-4a4d-8b57-8b9519d2578b None None] Loading extension file: dns_integration_domain_keywords.py {{(pid=103429) _load_all_extensions_from_path /opt/stack/neutron/neutron/api/extensions.py:449}}
May 09 01:34:54.673860 np0000172845 devstack@neutron-api.service[103426]: DEBUG neutron_lib.callbacks.manager [None req-1dd7bbb6-eb8e-4212-9e58-ff15a191bcdb None None] Subscribe: > security_group after_update 55550000, False {{(pid=103426) subscribe /opt/stack/data/venv/lib/python3.12/site-packages/neutron_lib/callbacks/manager.py:52}}
May 09 01:34:54.673860 np0000172845 devstack@neutron-api.service[103426]: DEBUG neutron_lib.callbacks.manager [None req-1dd7bbb6-eb8e-4212-9e58-ff15a191bcdb None None] Subscribe: > security_group after_create 55550000, False {{(pid=103426) subscribe /opt/stack/data/venv/lib/python3.12/site-packages/neutron_lib/callbacks/manager.py:52}}
May 09 01:34:54.674107 np0000172845 devstack@neutron-api.service[103429]: DEBUG neutron.api.extensions [None req-80bec7d4-095f-4a4d-8b57-8b9519d2578b None None] Ext name="DNS domain names with keywords allowed" alias="dns-integration-domain-keywords" description="Allows to use keywords like , , and as DNS domain name" updated="2020-06-15T18:00:00-00:00" {{(pid=103429) _check_extension /opt/stack/neutron/neutron/api/extensions.py:415}}
May 09 01:34:54.674449 np0000172845 devstack@neutron-api.service[103426]: DEBUG neutron_lib.callbacks.manager [None req-1dd7bbb6-eb8e-4212-9e58-ff15a191bcdb None None] Subscribe: > security_group precommit_delete 55550000, False {{(pid=103426) subscribe /opt/stack/data/venv/lib/python3.12/site-packages/neutron_lib/callbacks/manager.py:52}}
May 09 01:34:54.674677 np0000172845 devstack@neutron-api.service[103429]: INFO neutron.api.extensions [None req-80bec7d4-095f-4a4d-8b57-8b9519d2578b None None] Loaded extension: dns-integration-domain-keywords
May 09 01:34:54.674861 np0000172845 devstack@neutron-api.service[103426]: DEBUG neutron_lib.callbacks.manager [None req-1dd7bbb6-eb8e-4212-9e58-ff15a191bcdb None None] Subscribe: > security_group after_delete 55550000, False {{(pid=103426) subscribe /opt/stack/data/venv/lib/python3.12/site-packages/neutron_lib/callbacks/manager.py:52}}
May 09 01:34:54.674969 np0000172845 devstack@neutron-api.service[103429]: DEBUG neutron.api.extensions [None req-80bec7d4-095f-4a4d-8b57-8b9519d2578b None None] Loading extension file: dvr.py {{(pid=103429) _load_all_extensions_from_path /opt/stack/neutron/neutron/api/extensions.py:449}}
May 09 01:34:54.675118 np0000172845 devstack@neutron-api.service[103426]: DEBUG neutron_lib.callbacks.manager [None req-1dd7bbb6-eb8e-4212-9e58-ff15a191bcdb None None] Subscribe: > security_group_rule precommit_create 55550000, False {{(pid=103426) subscribe /opt/stack/data/venv/lib/python3.12/site-packages/neutron_lib/callbacks/manager.py:52}}
May 09 01:34:54.675118 np0000172845 devstack@neutron-api.service[103426]: DEBUG neutron_lib.callbacks.manager [None req-1dd7bbb6-eb8e-4212-9e58-ff15a191bcdb None None] Subscribe: > security_group_rule after_create 55550000, False {{(pid=103426) subscribe /opt/stack/data/venv/lib/python3.12/site-packages/neutron_lib/callbacks/manager.py:52}}
May 09 01:34:54.675334 np0000172845 devstack@neutron-api.service[103429]: DEBUG neutron.api.extensions [None req-80bec7d4-095f-4a4d-8b57-8b9519d2578b None None] Ext name="Distributed Virtual Router" alias="dvr" description="Enables configuration of Distributed Virtual Routers." updated="2014-06-1T10:00:00-00:00" {{(pid=103429) _check_extension /opt/stack/neutron/neutron/api/extensions.py:415}}
May 09 01:34:54.675385 np0000172845 devstack@neutron-api.service[103426]: DEBUG neutron_lib.callbacks.manager [None req-1dd7bbb6-eb8e-4212-9e58-ff15a191bcdb None None] Subscribe: > security_group_rule before_delete 55550000, False {{(pid=103426) subscribe /opt/stack/data/venv/lib/python3.12/site-packages/neutron_lib/callbacks/manager.py:52}}
May 09 01:34:54.675445 np0000172845 devstack@neutron-api.service[103429]: INFO neutron.api.extensions [None req-80bec7d4-095f-4a4d-8b57-8b9519d2578b None None] Extension dvr not supported by any of loaded plugins
May 09 01:34:54.675445 np0000172845 devstack@neutron-api.service[103429]: DEBUG neutron.api.extensions [None req-80bec7d4-095f-4a4d-8b57-8b9519d2578b None None] Loading extension file: ecmp_routes.py {{(pid=103429) _load_all_extensions_from_path /opt/stack/neutron/neutron/api/extensions.py:449}}
May 09 01:34:54.675492 np0000172845 devstack@neutron-api.service[103426]: DEBUG neutron_lib.callbacks.manager [None req-1dd7bbb6-eb8e-4212-9e58-ff15a191bcdb None None] Subscribe: > address_group after_create 55550000, False {{(pid=103426) subscribe /opt/stack/data/venv/lib/python3.12/site-packages/neutron_lib/callbacks/manager.py:52}}
May 09 01:34:54.675492 np0000172845 devstack@neutron-api.service[103426]: DEBUG neutron_lib.callbacks.manager [None req-1dd7bbb6-eb8e-4212-9e58-ff15a191bcdb None None] Subscribe: > address_group after_update 55550000, False {{(pid=103426) subscribe /opt/stack/data/venv/lib/python3.12/site-packages/neutron_lib/callbacks/manager.py:52}}
May 09 01:34:54.675587 np0000172845 devstack@neutron-api.service[103429]: DEBUG neutron.api.extensions [None req-80bec7d4-095f-4a4d-8b57-8b9519d2578b None None] Ext name="Equal Cost Multipath Routing" alias="ecmp_routes" description="Allows traffic to reach thesame destination via multiple different links " updated="2020-11-26T18:00:00-00:00" {{(pid=103429) _check_extension /opt/stack/neutron/neutron/api/extensions.py:415}}
May 09 01:34:54.675620 np0000172845 devstack@neutron-api.service[103426]: DEBUG neutron_lib.callbacks.manager [None req-1dd7bbb6-eb8e-4212-9e58-ff15a191bcdb None None] Subscribe: > address_group after_delete 55550000, False {{(pid=103426) subscribe /opt/stack/data/venv/lib/python3.12/site-packages/neutron_lib/callbacks/manager.py:52}}
May 09 01:34:54.675649 np0000172845 devstack@neutron-api.service[103429]: INFO neutron.api.extensions [None req-80bec7d4-095f-4a4d-8b57-8b9519d2578b None None] Extension ecmp_routes not supported by any of loaded plugins
