May 09 01:34:54.821224 np0000172845 devstack@neutron-api.service[103428]: DEBUG neutron_lib.callbacks.manager [None req-423a7c95-3be1-4303-9ba4-08b347cb5424 None None] Publish callbacks ['neutron.plugins.ml2.drivers.ovn.mech_driver.mech_driver.OVNMechanismDriver.pre_fork_initialize-209439'] for process (None), before_spawn {{(pid=103428) _notify_loop /opt/stack/data/venv/lib/python3.12/site-packages/neutron_lib/callbacks/manager.py:184}}
May 09 01:34:54.821257 np0000172845 devstack@neutron-api.service[103429]: DEBUG oslo_concurrency.lockutils [None req-80bec7d4-095f-4a4d-8b57-8b9519d2578b None None] Acquiring lock "singleton_lock" {{(pid=103429) lock /opt/stack/data/venv/lib/python3.12/site-packages/oslo_concurrency/lockutils.py:390}}
May 09 01:34:54.821329 np0000172845 devstack@neutron-api.service[103429]: DEBUG oslo_concurrency.lockutils [None req-80bec7d4-095f-4a4d-8b57-8b9519d2578b None None] Acquired lock "singleton_lock" {{(pid=103429) lock /opt/stack/data/venv/lib/python3.12/site-packages/oslo_concurrency/lockutils.py:393}}
May 09 01:34:54.821518 np0000172845 devstack@neutron-api.service[103429]: DEBUG oslo_concurrency.lockutils [None req-80bec7d4-095f-4a4d-8b57-8b9519d2578b None None] Releasing lock "singleton_lock" {{(pid=103429) lock /opt/stack/data/venv/lib/python3.12/site-packages/oslo_concurrency/lockutils.py:413}}
May 09 01:34:54.821590 np0000172845 devstack@neutron-api.service[103428]: DEBUG oslo_concurrency.processutils [None req-423a7c95-3be1-4303-9ba4-08b347cb5424 None None] Running cmd (subprocess): ovsdb-client transact ssl:199.204.45.38:6641 --timeout 180 -p /opt/stack/data/CA/int-ca/private/devstack-cert.key -c /opt/stack/data/CA/int-ca/devstack-cert.crt -C /opt/stack/data/CA/int-ca/ca-chain.pem ["OVN_Northbound", {"op": "wait", "timeout": 0, "table": "Port_Group", "where": [["name", "==", "neutron_pg_drop"]], "until": "==", "rows": []}, {"op": "insert", "table": "ACL", "row": {"action": "drop", "direction": "to-lport", "match": "outport == @neutron_pg_drop && ip", "priority": 1001}, "uuid-name": "droptoport"}, {"op": "insert", "table": "ACL", "row": {"action": "drop", "direction": "from-lport", "match": "inport == @neutron_pg_drop && ip", "priority": 1001}, "uuid-name": "dropfromport"}, {"op": "insert", "table": "Port_Group", "row": {"name": "neutron_pg_drop", "acls": ["set", [["named-uuid", "droptoport"], ["named-uuid", "dropfromport"]]]}}] {{(pid=103428) execute /opt/stack/data/venv/lib/python3.12/site-packages/oslo_concurrency/processutils.py:440}}
May 09 01:34:54.821650 np0000172845 devstack@neutron-api.service[103426]: INFO neutron.quota.resource_registry [None req-1dd7bbb6-eb8e-4212-9e58-ff15a191bcdb None None] Creating instance of CountableResource for resource:rbac_policy
May 09 01:34:54.822168 np0000172845 devstack@neutron-api.service[103426]: INFO neutron.quota.resource_registry [None req-1dd7bbb6-eb8e-4212-9e58-ff15a191bcdb None None] Creating instance of TrackedResource for resource:security_group
May 09 01:34:54.822566 np0000172845 devstack@neutron-api.service[103426]: INFO neutron.quota.resource_registry [None req-1dd7bbb6-eb8e-4212-9e58-ff15a191bcdb None None] Creating instance of TrackedResource for resource:security_group_rule
May 09 01:34:54.823011 np0000172845 devstack@neutron-api.service[103429]: DEBUG neutron.plugins.ml2.drivers.ovn.mech_driver.mech_driver [None req-80bec7d4-095f-4a4d-8b57-8b9519d2578b None None] Hash Ring setup using WSGI start time 2026-05-09 01:34:46+00:00 {{(pid=103429) _init_hash_ring /opt/stack/neutron/neutron/plugins/ml2/drivers/ovn/mech_driver/mech_driver.py:402}}
May 09 01:34:54.823145 np0000172845 devstack@neutron-api.service[103426]: DEBUG neutron.api.v2.resource_helper [None req-1dd7bbb6-eb8e-4212-9e58-ff15a191bcdb None None] Service CORE assigned prefix: {{(pid=103426) build_resource_info /opt/stack/neutron/neutron/api/v2/resource_helper.py:77}}
May 09 01:34:54.823290 np0000172845 devstack@neutron-api.service[103426]: INFO neutron.quota.resource_registry [None req-1dd7bbb6-eb8e-4212-9e58-ff15a191bcdb None None] Creating instance of TrackedResource for resource:subnetpool
May 09 01:34:54.823479 np0000172845 devstack@neutron-api.service[103426]: WARNING neutron.quota.resource_registry [None req-1dd7bbb6-eb8e-4212-9e58-ff15a191bcdb None None] subnetpool is already registered
May 09 01:34:54.825662 np0000172845 devstack@neutron-api.service[103426]: DEBUG neutron.api.v2.resource_helper [None req-1dd7bbb6-eb8e-4212-9e58-ff15a191bcdb None None] Service L3_ROUTER_NAT assigned prefix: {{(pid=103426) build_resource_info /opt/stack/neutron/neutron/api/v2/resource_helper.py:77}}
May 09 01:34:54.826005 np0000172845 devstack@neutron-api.service[103426]: DEBUG neutron.api.v2.resource_helper [None req-1dd7bbb6-eb8e-4212-9e58-ff15a191bcdb None None] Service FLAVORS assigned prefix: {{(pid=103426) build_resource_info /opt/stack/neutron/neutron/api/v2/resource_helper.py:77}}
May 09 01:34:54.827626 np0000172845 devstack@neutron-api.service[103426]: DEBUG neutron.api.v2.resource_helper [None req-1dd7bbb6-eb8e-4212-9e58-ff15a191bcdb None None] Service L3_ROUTER_NAT assigned prefix: {{(pid=103426) build_resource_info /opt/stack/neutron/neutron/api/v2/resource_helper.py:77}}
May 09 01:34:54.827626 np0000172845 devstack@neutron-api.service[103426]: DEBUG neutron.api.v2.resource_helper [None req-1dd7bbb6-eb8e-4212-9e58-ff15a191bcdb None None] Service L3_ROUTER_NAT assigned prefix: {{(pid=103426) build_resource_info /opt/stack/neutron/neutron/api/v2/resource_helper.py:77}}
May 09 01:34:54.827626 np0000172845 devstack@neutron-api.service[103426]: INFO neutron.quota.resource_registry [None req-1dd7bbb6-eb8e-4212-9e58-ff15a191bcdb None None] Creating instance of TrackedResource for resource:router
May 09 01:34:54.827877 np0000172845 devstack@neutron-api.service[103426]: WARNING neutron.quota.resource_registry [None req-1dd7bbb6-eb8e-4212-9e58-ff15a191bcdb None None] router is already registered
May 09 01:34:54.828019 np0000172845 devstack@neutron-api.service[103429]: INFO neutron.db.ovn_hash_ring_db [None req-80bec7d4-095f-4a4d-8b57-8b9519d2578b None None] Nodes from host "np0000172845" and group "mechanism_driver" removed from the Hash Ring created at 2026-05-09 01:34:46+00:00
May 09 01:34:54.828249 np0000172845 devstack@neutron-api.service[103426]: INFO neutron.quota.resource_registry [None req-1dd7bbb6-eb8e-4212-9e58-ff15a191bcdb None None] Creating instance of TrackedResource for resource:floatingip
May 09 01:34:54.828343 np0000172845 devstack@neutron-api.service[103426]: WARNING neutron.quota.resource_registry [None req-1dd7bbb6-eb8e-4212-9e58-ff15a191bcdb None None] floatingip is already registered
May 09 01:34:54.829312 np0000172845 devstack@neutron-api.service[103426]: INFO neutron.quota.resource_registry [None req-1dd7bbb6-eb8e-4212-9e58-ff15a191bcdb None None] Creating instance of CountableResource for resource:rbac_policy
May 09 01:34:54.829417 np0000172845 devstack@neutron-api.service[103426]: WARNING neutron.quota.resource_registry [None req-1dd7bbb6-eb8e-4212-9e58-ff15a191bcdb None None] rbac_policy is already registered
May 09 01:34:54.829943 np0000172845 devstack@neutron-api.service[103426]: INFO neutron.quota.resource_registry [None req-1dd7bbb6-eb8e-4212-9e58-ff15a191bcdb None None] Creating instance of TrackedResource for resource:security_group
May 09 01:34:54.830084 np0000172845 devstack@neutron-api.service[103426]: WARNING neutron.quota.resource_registry [None req-1dd7bbb6-eb8e-4212-9e58-ff15a191bcdb None None] security_group is already registered
May 09 01:34:54.830259 np0000172845 devstack@neutron-api.service[103429]: INFO neutron.db.ovn_hash_ring_db [None req-80bec7d4-095f-4a4d-8b57-8b9519d2578b None None] Node 85acebace3cc53c7a276403b65cd73c4 from host "np0000172845" and group "mechanism_driver" added to the Hash Ring
May 09 01:34:54.830539 np0000172845 devstack@neutron-api.service[103426]: INFO neutron.quota.resource_registry [None req-1dd7bbb6-eb8e-4212-9e58-ff15a191bcdb None None] Creating instance of TrackedResource for resource:security_group_rule
May 09 01:34:54.830634 np0000172845 devstack@neutron-api.service[103426]: WARNING neutron.quota.resource_registry [None req-1dd7bbb6-eb8e-4212-9e58-ff15a191bcdb None None] security_group_rule is already registered
May 09 01:34:54.831112 np0000172845 devstack@neutron-api.service[103426]: DEBUG neutron.api.v2.resource_helper [None req-1dd7bbb6-eb8e-4212-9e58-ff15a191bcdb None None] Service CORE assigned prefix: {{(pid=103426) build_resource_info /opt/stack/neutron/neutron/api/v2/resource_helper.py:77}}
May 09 01:34:54.831251 np0000172845 devstack@neutron-api.service[103426]: INFO neutron.quota.resource_registry [None req-1dd7bbb6-eb8e-4212-9e58-ff15a191bcdb None None] Creating instance of TrackedResource for resource:subnetpool
May 09 01:34:54.831527 np0000172845 devstack@neutron-api.service[103426]: WARNING neutron.quota.resource_registry [None req-1dd7bbb6-eb8e-4212-9e58-ff15a191bcdb None None] subnetpool is already registered
May 09 01:34:54.832737 np0000172845 devstack@neutron-api.service[103429]: DEBUG neutron.plugins.ml2.drivers.ovn.mech_driver.mech_driver [None req-80bec7d4-095f-4a4d-8b57-8b9519d2578b None None] Hash Ring setup, this worker has detected 2 OVN hash ring registers in the database {{(pid=103429) _init_hash_ring /opt/stack/neutron/neutron/plugins/ml2/drivers/ovn/mech_driver/mech_driver.py:412}}
May 09 01:34:54.833237 np0000172845 devstack@neutron-api.service[103426]: DEBUG neutron.api.extensions [None req-1dd7bbb6-eb8e-4212-9e58-ff15a191bcdb None None] Extended resource: extensions {{(pid=103426) __init__ /opt/stack/neutron/neutron/api/extensions.py:156}}
May 09 01:34:54.833910 np0000172845 devstack@neutron-api.service[103426]: DEBUG neutron.api.extensions [None req-1dd7bbb6-eb8e-4212-9e58-ff15a191bcdb None None] Extended resource: address-groups {{(pid=103426) __init__ /opt/stack/neutron/neutron/api/extensions.py:156}}
May 09 01:34:54.834682 np0000172845 devstack@neutron-api.service[103426]: DEBUG neutron.api.extensions [None req-1dd7bbb6-eb8e-4212-9e58-ff15a191bcdb None None] Extended resource: address-scopes {{(pid=103426) __init__ /opt/stack/neutron/neutron/api/extensions.py:156}}
May 09 01:34:54.835228 np0000172845 devstack@neutron-api.service[103426]: DEBUG neutron.api.extensions [None req-1dd7bbb6-eb8e-4212-9e58-ff15a191bcdb None None] Extended resource: agents {{(pid=103426) __init__ /opt/stack/neutron/neutron/api/extensions.py:156}}
May 09 01:34:54.836003 np0000172845 devstack@neutron-api.service[103426]: DEBUG neutron.api.extensions [None req-1dd7bbb6-eb8e-4212-9e58-ff15a191bcdb None None] Extended resource: auto-allocated-topology {{(pid=103426) __init__ /opt/stack/neutron/neutron/api/extensions.py:156}}
May 09 01:34:54.836470 np0000172845 devstack@neutron-api.service[103426]: DEBUG neutron.api.extensions [None req-1dd7bbb6-eb8e-4212-9e58-ff15a191bcdb None None] Extended resource: availability_zones {{(pid=103426) __init__ /opt/stack/neutron/neutron/api/extensions.py:156}}
May 09 01:34:54.837055 np0000172845 devstack@neutron-api.service[103426]: DEBUG neutron.api.extensions [None req-1dd7bbb6-eb8e-4212-9e58-ff15a191bcdb None None] Extended resource: dhcp-networks {{(pid=103426) __init__ /opt/stack/neutron/neutron/api/extensions.py:156}}
May 09 01:34:54.837760 np0000172845 devstack@neutron-api.service[103426]: DEBUG neutron.api.extensions [None req-1dd7bbb6-eb8e-4212-9e58-ff15a191bcdb None None] Extended resource: dhcp-agents {{(pid=103426) __init__ /opt/stack/neutron/neutron/api/extensions.py:156}}
May 09 01:34:54.838479 np0000172845 devstack@neutron-api.service[103426]: DEBUG neutron.api.extensions [None req-1dd7bbb6-eb8e-4212-9e58-ff15a191bcdb None None] Extended resource: routers {{(pid=103426) __init__ /opt/stack/neutron/neutron/api/extensions.py:156}}
May 09 01:34:54.839793 np0000172845 devstack@neutron-api.service[103426]: DEBUG neutron.api.extensions [None req-1dd7bbb6-eb8e-4212-9e58-ff15a191bcdb None None] Extended resource: flavors {{(pid=103426) __init__ /opt/stack/neutron/neutron/api/extensions.py:156}}
May 09 01:34:54.840291 np0000172845 devstack@neutron-api.service[103429]: DEBUG neutron.plugins.ml2.drivers.ovn.mech_driver.ovsdb.maintenance [None req-80bec7d4-095f-4a4d-8b57-8b9519d2578b None None] Periodic task found: HashRingHealthCheckPeriodics.touch_hash_ring_node {{(pid=103429) add_periodics /opt/stack/neutron/neutron/plugins/ml2/drivers/ovn/mech_driver/ovsdb/maintenance.py:148}}
May 09 01:34:54.840431 np0000172845 devstack@neutron-api.service[103426]: DEBUG neutron.api.extensions [None req-1dd7bbb6-eb8e-4212-9e58-ff15a191bcdb None None] Extended resource: service_profiles {{(pid=103426) __init__ /opt/stack/neutron/neutron/api/extensions.py:156}}
May 09 01:34:54.840977 np0000172845 devstack@neutron-api.service[103426]: DEBUG neutron.api.extensions [None req-1dd7bbb6-eb8e-4212-9e58-ff15a191bcdb None None] Extended resource: next_providers {{(pid=103426) __init__ /opt/stack/neutron/neutron/api/extensions.py:156}}
May 09 01:34:54.841721 np0000172845 devstack@neutron-api.service[103426]: DEBUG neutron.api.extensions [None req-1dd7bbb6-eb8e-4212-9e58-ff15a191bcdb None None] Extended resource: service_profiles {{(pid=103426) __init__ /opt/stack/neutron/neutron/api/extensions.py:156}}
May 09 01:34:54.842502 np0000172845 devstack@neutron-api.service[103426]: DEBUG neutron.api.extensions [None req-1dd7bbb6-eb8e-4212-9e58-ff15a191bcdb None None] Extended resource: floatingip-pools {{(pid=103426) __init__ /opt/stack/neutron/neutron/api/extensions.py:156}}
May 09 01:34:54.842554 np0000172845 devstack@neutron-api.service[103429]: INFO neutron.plugins.ml2.drivers.ovn.mech_driver.mech_driver [None req-80bec7d4-095f-4a4d-8b57-8b9519d2578b None None] Hash Ring probing thread for node 85acebace3cc53c7a276403b65cd73c4 has started
May 09 01:34:54.842994 np0000172845 devstack@neutron-api.service[103429]: INFO neutron.plugins.ml2.drivers.ovn.mech_driver.ovsdb.impl_idl_ovn [None req-80bec7d4-095f-4a4d-8b57-8b9519d2578b None None] Getting OvsdbNbOvnIdl for WorkerService with retry
May 09 01:34:54.843042 np0000172845 devstack@neutron-api.service[103426]: DEBUG neutron.api.extensions [None req-1dd7bbb6-eb8e-4212-9e58-ff15a191bcdb None None] Extended resource: routers {{(pid=103426) __init__ /opt/stack/neutron/neutron/api/extensions.py:156}}
May 09 01:34:54.844042 np0000172845 devstack@neutron-api.service[103426]: DEBUG neutron.api.extensions [None req-1dd7bbb6-eb8e-4212-9e58-ff15a191bcdb None None] Extended resource: floatingips {{(pid=103426) __init__ /opt/stack/neutron/neutron/api/extensions.py:156}}
May 09 01:34:54.844695 np0000172845 devstack@neutron-api.service[103426]: DEBUG neutron.api.extensions [None req-1dd7bbb6-eb8e-4212-9e58-ff15a191bcdb None None] Extended resource: network-ip-availabilities {{(pid=103426) __init__ /opt/stack/neutron/neutron/api/extensions.py:156}}
May 09 01:34:54.845307 np0000172845 devstack@neutron-api.service[103426]: DEBUG neutron.api.extensions [None req-1dd7bbb6-eb8e-4212-9e58-ff15a191bcdb None None] Extended resource: network-ip-availabilities {{(pid=103426) __init__ /opt/stack/neutron/neutron/api/extensions.py:156}}
May 09 01:34:54.846324 np0000172845 devstack@neutron-api.service[103426]: DEBUG neutron.api.extensions [None req-1dd7bbb6-eb8e-4212-9e58-ff15a191bcdb None None] Extended resource: bindings {{(pid=103426) __init__ /opt/stack/neutron/neutron/api/extensions.py:156}}
May 09 01:34:54.846783 np0000172845 devstack@neutron-api.service[103426]: DEBUG neutron.api.extensions [None req-1dd7bbb6-eb8e-4212-9e58-ff15a191bcdb None None] Extended resource: quotas {{(pid=103426) __init__ /opt/stack/neutron/neutron/api/extensions.py:156}}
May 09 01:34:54.847641 np0000172845 devstack@neutron-api.service[103426]: DEBUG neutron.api.extensions [None req-1dd7bbb6-eb8e-4212-9e58-ff15a191bcdb None None] Extended resource: quotas {{(pid=103426) __init__ /opt/stack/neutron/neutron/api/extensions.py:156}}
May 09 01:34:54.848385 np0000172845 devstack@neutron-api.service[103426]: DEBUG neutron.api.extensions [None req-1dd7bbb6-eb8e-4212-9e58-ff15a191bcdb None None] Extended resource: rbac-policies {{(pid=103426) __init__ /opt/stack/neutron/neutron/api/extensions.py:156}}
May 09 01:34:54.848935 np0000172845 devstack@neutron-api.service[103426]: DEBUG neutron.api.extensions [None req-1dd7bbb6-eb8e-4212-9e58-ff15a191bcdb None None] Extended resource: default-security-group-rules {{(pid=103426) __init__ /opt/stack/neutron/neutron/api/extensions.py:156}}
May 09 01:34:54.849519 np0000172845 devstack@neutron-api.service[103426]: DEBUG neutron.api.extensions [None req-1dd7bbb6-eb8e-4212-9e58-ff15a191bcdb None None] Extended resource: security-groups {{(pid=103426) __init__ /opt/stack/neutron/neutron/api/extensions.py:156}}
May 09 01:34:54.850076 np0000172845 devstack@neutron-api.service[103426]: DEBUG neutron.api.extensions [None req-1dd7bbb6-eb8e-4212-9e58-ff15a191bcdb None None] Extended resource: security-group-rules {{(pid=103426) __init__ /opt/stack/neutron/neutron/api/extensions.py:156}}
May 09 01:34:54.850734 np0000172845 devstack@neutron-api.service[103426]: DEBUG neutron.api.extensions [None req-1dd7bbb6-eb8e-4212-9e58-ff15a191bcdb None None] Extended resource: service-providers {{(pid=103426) __init__ /opt/stack/neutron/neutron/api/extensions.py:156}}
May 09 01:34:54.851217 np0000172845 devstack@neutron-api.service[103426]: DEBUG neutron.api.extensions [None req-1dd7bbb6-eb8e-4212-9e58-ff15a191bcdb None None] Extended resource: subnetpools {{(pid=103426) __init__ /opt/stack/neutron/neutron/api/extensions.py:156}}
May 09 01:34:54.851932 np0000172845 devstack@neutron-api.service[103426]: DEBUG neutron.api.extensions [None req-1dd7bbb6-eb8e-4212-9e58-ff15a191bcdb None None] Extended resource: tags {{(pid=103426) __init__ /opt/stack/neutron/neutron/api/extensions.py:156}}
May 09 01:34:54.852805 np0000172845 devstack@neutron-api.service[103426]: DEBUG neutron.api.extensions [None req-1dd7bbb6-eb8e-4212-9e58-ff15a191bcdb None None] Extended resource: tags {{(pid=103426) __init__ /opt/stack/neutron/neutron/api/extensions.py:156}}
May 09 01:34:54.853576 np0000172845 devstack@neutron-api.service[103426]: DEBUG neutron.api.extensions [None req-1dd7bbb6-eb8e-4212-9e58-ff15a191bcdb None None] Extended resource: tags {{(pid=103426) __init__ /opt/stack/neutron/neutron/api/extensions.py:156}}
May 09 01:34:54.854321 np0000172845 devstack@neutron-api.service[103428]: DEBUG oslo_concurrency.processutils [None req-423a7c95-3be1-4303-9ba4-08b347cb5424 None None] CMD "ovsdb-client transact ssl:199.204.45.38:6641 --timeout 180 -p /opt/stack/data/CA/int-ca/private/devstack-cert.key -c /opt/stack/data/CA/int-ca/devstack-cert.crt -C /opt/stack/data/CA/int-ca/ca-chain.pem ["OVN_Northbound", {"op": "wait", "timeout": 0, "table": "Port_Group", "where": [["name", "==", "neutron_pg_drop"]], "until": "==", "rows": []}, {"op": "insert", "table": "ACL", "row": {"action": "drop", "direction": "to-lport", "match": "outport == @neutron_pg_drop && ip", "priority": 1001}, "uuid-name": "droptoport"}, {"op": "insert", "table": "ACL", "row": {"action": "drop", "direction": "from-lport", "match": "inport == @neutron_pg_drop && ip", "priority": 1001}, "uuid-name": "dropfromport"}, {"op": "insert", "table": "Port_Group", "row": {"name": "neutron_pg_drop", "acls": ["set", [["named-uuid", "droptoport"], ["named-uuid", "dropfromport"]]]}}]" returned: 0 in 0.032s {{(pid=103428) execute /opt/stack/data/venv/lib/python3.12/site-packages/oslo_concurrency/processutils.py:468}}
May 09 01:34:54.854588 np0000172845 devstack@neutron-api.service[103426]: DEBUG neutron.api.extensions [None req-1dd7bbb6-eb8e-4212-9e58-ff15a191bcdb None None] Extended resource: tags {{(pid=103426) __init__ /opt/stack/neutron/neutron/api/extensions.py:156}}
May 09 01:34:54.855087 np0000172845 devstack@neutron-api.service[103428]: DEBUG neutron_lib.callbacks.manager [None req-423a7c95-3be1-4303-9ba4-08b347cb5424 None None] Publish callbacks ['neutron.plugins.ml2.drivers.ovn.mech_driver.mech_driver.OVNMechanismDriver.post_fork_initialize-209527', 'neutron.services.ovn_l3.plugin.OVNL3RouterPlugin._post_fork_initialize-5443'] for process (None), after_init {{(pid=103428) _notify_loop /opt/stack/data/venv/lib/python3.12/site-packages/neutron_lib/callbacks/manager.py:184}}
May 09 01:34:54.855369 np0000172845 devstack@neutron-api.service[103426]: DEBUG neutron.api.extensions [None req-1dd7bbb6-eb8e-4212-9e58-ff15a191bcdb None None] Extended resource: tags {{(pid=103426) __init__ /opt/stack/neutron/neutron/api/extensions.py:156}}
May 09 01:34:54.855727 np0000172845 devstack@neutron-api.service[103428]: DEBUG oslo_concurrency.lockutils [None req-423a7c95-3be1-4303-9ba4-08b347cb5424 None None] Acquiring lock "singleton_lock" {{(pid=103428) lock /opt/stack/data/venv/lib/python3.12/site-packages/oslo_concurrency/lockutils.py:390}}
May 09 01:34:54.855893 np0000172845 devstack@neutron-api.service[103428]: DEBUG oslo_concurrency.lockutils [None req-423a7c95-3be1-4303-9ba4-08b347cb5424 None None] Acquired lock "singleton_lock" {{(pid=103428) lock /opt/stack/data/venv/lib/python3.12/site-packages/oslo_concurrency/lockutils.py:393}}
May 09 01:34:54.856169 np0000172845 devstack@neutron-api.service[103426]: DEBUG neutron.api.extensions [None req-1dd7bbb6-eb8e-4212-9e58-ff15a191bcdb None None] Extended resource: tags {{(pid=103426) __init__ /opt/stack/neutron/neutron/api/extensions.py:156}}
May 09 01:34:54.856336 np0000172845 devstack@neutron-api.service[103428]: DEBUG oslo_concurrency.lockutils [None req-423a7c95-3be1-4303-9ba4-08b347cb5424 None None] Releasing lock "singleton_lock" {{(pid=103428) lock /opt/stack/data/venv/lib/python3.12/site-packages/oslo_concurrency/lockutils.py:413}}
May 09 01:34:54.856917 np0000172845 devstack@neutron-api.service[103426]: DEBUG neutron.api.extensions [None req-1dd7bbb6-eb8e-4212-9e58-ff15a191bcdb None None] Extended resource: tags {{(pid=103426) __init__ /opt/stack/neutron/neutron/api/extensions.py:156}}
May 09 01:34:54.857790 np0000172845 devstack@neutron-api.service[103426]: DEBUG neutron.api.extensions [None req-1dd7bbb6-eb8e-4212-9e58-ff15a191bcdb None None] Extended resource: tags {{(pid=103426) __init__ /opt/stack/neutron/neutron/api/extensions.py:156}}
May 09 01:34:54.858657 np0000172845 devstack@neutron-api.service[103426]: DEBUG neutron.api.extensions [None req-1dd7bbb6-eb8e-4212-9e58-ff15a191bcdb None None] Extended resource: tags {{(pid=103426) __init__ /opt/stack/neutron/neutron/api/extensions.py:156}}
May 09 01:34:54.859591 np0000172845 devstack@neutron-api.service[103428]: DEBUG neutron.plugins.ml2.drivers.ovn.mech_driver.mech_driver [None req-423a7c95-3be1-4303-9ba4-08b347cb5424 None None] Hash Ring setup using WSGI start time 2026-05-09 01:34:46+00:00 {{(pid=103428) _init_hash_ring /opt/stack/neutron/neutron/plugins/ml2/drivers/ovn/mech_driver/mech_driver.py:402}}
May 09 01:34:54.860483 np0000172845 devstack@neutron-api.service[103426]: DEBUG neutron.api.extensions [None req-1dd7bbb6-eb8e-4212-9e58-ff15a191bcdb None None] Extended resource: tags {{(pid=103426) __init__ /opt/stack/neutron/neutron/api/extensions.py:156}}
May 09 01:34:55.028639 np0000172845 devstack@neutron-api.service[103426]: WARNING keystonemiddleware.auth_token [None req-1dd7bbb6-eb8e-4212-9e58-ff15a191bcdb None None] AuthToken middleware is set with keystone_authtoken.service_token_roles_required set to False. This is backwards compatible but deprecated behaviour. Please set this to True.
May 09 01:34:55.034595 np0000172845 devstack@neutron-api.service[103426]: DEBUG neutron_lib.callbacks.manager [None req-1dd7bbb6-eb8e-4212-9e58-ff15a191bcdb None None] Publish callbacks ['neutron.plugins.ml2.drivers.ovn.mech_driver.mech_driver.OVNMechanismDriver.pre_fork_initialize-201394'] for process (None), before_spawn {{(pid=103426) _notify_loop /opt/stack/data/venv/lib/python3.12/site-packages/neutron_lib/callbacks/manager.py:184}}
May 09 01:34:55.035016 np0000172845 devstack@neutron-api.service[103426]: DEBUG oslo_concurrency.processutils [None req-1dd7bbb6-eb8e-4212-9e58-ff15a191bcdb None None] Running cmd (subprocess): ovsdb-client transact ssl:199.204.45.38:6641 --timeout 180 -p /opt/stack/data/CA/int-ca/private/devstack-cert.key -c /opt/stack/data/CA/int-ca/devstack-cert.crt -C /opt/stack/data/CA/int-ca/ca-chain.pem ["OVN_Northbound", {"op": "wait", "timeout": 0, "table": "Port_Group", "where": [["name", "==", "neutron_pg_drop"]], "until": "==", "rows": []}, {"op": "insert", "table": "ACL", "row": {"action": "drop", "direction": "to-lport", "match": "outport == @neutron_pg_drop && ip", "priority": 1001}, "uuid-name": "droptoport"}, {"op": "insert", "table": "ACL", "row": {"action": "drop", "direction": "from-lport", "match": "inport == @neutron_pg_drop && ip", "priority": 1001}, "uuid-name": "dropfromport"}, {"op": "insert", "table": "Port_Group", "row": {"name": "neutron_pg_drop", "acls": ["set", [["named-uuid", "droptoport"], ["named-uuid", "dropfromport"]]]}}] {{(pid=103426) execute /opt/stack/data/venv/lib/python3.12/site-packages/oslo_concurrency/processutils.py:440}}
May 09 01:34:55.035531 np0000172845 devstack@neutron-api.service[103429]: DEBUG ovsdbapp.backend.ovs_idl [None req-80bec7d4-095f-4a4d-8b57-8b9519d2578b None None] Created lookup_table index Logical_Switch.name {{(pid=103429) autocreate_indices /opt/stack/data/venv/lib/python3.12/site-packages/ovsdbapp/backend/ovs_idl/__init__.py:87}}
May 09 01:34:55.035625 np0000172845 devstack@neutron-api.service[103429]: DEBUG ovsdbapp.backend.ovs_idl [None req-80bec7d4-095f-4a4d-8b57-8b9519d2578b None None] Created lookup_table index Logical_Router.name {{(pid=103429) autocreate_indices /opt/stack/data/venv/lib/python3.12/site-packages/ovsdbapp/backend/ovs_idl/__init__.py:87}}
May 09 01:34:55.035769 np0000172845 devstack@neutron-api.service[103429]: DEBUG ovsdbapp.backend.ovs_idl [None req-80bec7d4-095f-4a4d-8b57-8b9519d2578b None None] Created lookup_table index Load_Balancer.name {{(pid=103429) autocreate_indices /opt/stack/data/venv/lib/python3.12/site-packages/ovsdbapp/backend/ovs_idl/__init__.py:87}}
May 09 01:34:55.036067 np0000172845 devstack@neutron-api.service[103429]: DEBUG ovsdbapp.backend.ovs_idl [None req-80bec7d4-095f-4a4d-8b57-8b9519d2578b None None] Created schema index Copp.name {{(pid=103429) autocreate_indices /opt/stack/data/venv/lib/python3.12/site-packages/ovsdbapp/backend/ovs_idl/__init__.py:106}}
May 09 01:34:55.036067 np0000172845 devstack@neutron-api.service[103429]: DEBUG ovsdbapp.backend.ovs_idl [None req-80bec7d4-095f-4a4d-8b57-8b9519d2578b None None] Created schema index Meter.name {{(pid=103429) autocreate_indices /opt/stack/data/venv/lib/python3.12/site-packages/ovsdbapp/backend/ovs_idl/__init__.py:106}}
May 09 01:34:55.036067 np0000172845 devstack@neutron-api.service[103429]: DEBUG ovsdbapp.backend.ovs_idl [None req-80bec7d4-095f-4a4d-8b57-8b9519d2578b None None] Created schema index Load_Balancer_Group.name {{(pid=103429) autocreate_indices /opt/stack/data/venv/lib/python3.12/site-packages/ovsdbapp/backend/ovs_idl/__init__.py:106}}
May 09 01:34:55.036293 np0000172845 devstack@neutron-api.service[103429]: DEBUG ovsdbapp.backend.ovs_idl [None req-80bec7d4-095f-4a4d-8b57-8b9519d2578b None None] Created schema index HA_Chassis_Group.name {{(pid=103429) autocreate_indices /opt/stack/data/venv/lib/python3.12/site-packages/ovsdbapp/backend/ovs_idl/__init__.py:106}}
May 09 01:34:55.036293 np0000172845 devstack@neutron-api.service[103429]: DEBUG ovsdbapp.backend.ovs_idl [None req-80bec7d4-095f-4a4d-8b57-8b9519d2578b None None] Created schema index Address_Set.name {{(pid=103429) autocreate_indices /opt/stack/data/venv/lib/python3.12/site-packages/ovsdbapp/backend/ovs_idl/__init__.py:106}}
May 09 01:34:55.036404 np0000172845 devstack@neutron-api.service[103429]: DEBUG ovsdbapp.backend.ovs_idl [None req-80bec7d4-095f-4a4d-8b57-8b9519d2578b None None] Created schema index Connection.target {{(pid=103429) autocreate_indices /opt/stack/data/venv/lib/python3.12/site-packages/ovsdbapp/backend/ovs_idl/__init__.py:106}}
May 09 01:34:55.036404 np0000172845 devstack@neutron-api.service[103429]: DEBUG ovsdbapp.backend.ovs_idl [None req-80bec7d4-095f-4a4d-8b57-8b9519d2578b None None] Created schema index Gateway_Chassis.name {{(pid=103429) autocreate_indices /opt/stack/data/venv/lib/python3.12/site-packages/ovsdbapp/backend/ovs_idl/__init__.py:106}}
May 09 01:34:55.036558 np0000172845 devstack@neutron-api.service[103429]: DEBUG ovsdbapp.backend.ovs_idl [None req-80bec7d4-095f-4a4d-8b57-8b9519d2578b None None] Created schema index Mirror.name {{(pid=103429) autocreate_indices /opt/stack/data/venv/lib/python3.12/site-packages/ovsdbapp/backend/ovs_idl/__init__.py:106}}
May 09 01:34:55.036618 np0000172845 devstack@neutron-api.service[103429]: DEBUG ovsdbapp.backend.ovs_idl [None req-80bec7d4-095f-4a4d-8b57-8b9519d2578b None None] Created schema index Chassis_Template_Var.chassis {{(pid=103429) autocreate_indices /opt/stack/data/venv/lib/python3.12/site-packages/ovsdbapp/backend/ovs_idl/__init__.py:106}}
May 09 01:34:55.036676 np0000172845 devstack@neutron-api.service[103429]: DEBUG ovsdbapp.backend.ovs_idl [None req-80bec7d4-095f-4a4d-8b57-8b9519d2578b None None] Created schema index Logical_Router_Port.name {{(pid=103429) autocreate_indices /opt/stack/data/venv/lib/python3.12/site-packages/ovsdbapp/backend/ovs_idl/__init__.py:106}}
May 09 01:34:55.036774 np0000172845 devstack@neutron-api.service[103429]: DEBUG ovsdbapp.backend.ovs_idl [None req-80bec7d4-095f-4a4d-8b57-8b9519d2578b None None] Created schema index Port_Group.name {{(pid=103429) autocreate_indices /opt/stack/data/venv/lib/python3.12/site-packages/ovsdbapp/backend/ovs_idl/__init__.py:106}}
May 09 01:34:55.036846 np0000172845 devstack@neutron-api.service[103429]: DEBUG ovsdbapp.backend.ovs_idl [None req-80bec7d4-095f-4a4d-8b57-8b9519d2578b None None] Created schema index Logical_Switch_Port.name {{(pid=103429) autocreate_indices /opt/stack/data/venv/lib/python3.12/site-packages/ovsdbapp/backend/ovs_idl/__init__.py:106}}
May 09 01:34:55.040053 np0000172845 devstack@neutron-api.service[103429]: INFO ovsdbapp.backend.ovs_idl.vlog [None req-80bec7d4-095f-4a4d-8b57-8b9519d2578b None None] ssl:199.204.45.38:6641: connecting...
May 09 01:34:55.044469 np0000172845 devstack@neutron-api.service[103429]: INFO ovsdbapp.backend.ovs_idl.vlog [None req-80bec7d4-095f-4a4d-8b57-8b9519d2578b None None] ssl:199.204.45.38:6641: connected
May 09 01:34:55.045216 np0000172845 devstack@neutron-api.service[103428]: INFO neutron.db.ovn_hash_ring_db [None req-423a7c95-3be1-4303-9ba4-08b347cb5424 None None] Nodes from host "np0000172845" and group "mechanism_driver" removed from the Hash Ring created at 2026-05-09 01:34:46+00:00
May 09 01:34:55.047595 np0000172845 devstack@neutron-api.service[103428]: INFO neutron.db.ovn_hash_ring_db [None req-423a7c95-3be1-4303-9ba4-08b347cb5424 None None] Node a68a0ab6f295541ea2b132d71faca43d from host "np0000172845" and group "mechanism_driver" added to the Hash Ring
May 09 01:34:55.050527 np0000172845 devstack@neutron-api.service[103428]: DEBUG neutron.plugins.ml2.drivers.ovn.mech_driver.mech_driver [None req-423a7c95-3be1-4303-9ba4-08b347cb5424 None None] Hash Ring setup, this worker has detected 3 OVN hash ring registers in the database {{(pid=103428) _init_hash_ring /opt/stack/neutron/neutron/plugins/ml2/drivers/ovn/mech_driver/mech_driver.py:412}}
May 09 01:34:55.060759 np0000172845 devstack@neutron-api.service[103428]: DEBUG neutron.plugins.ml2.drivers.ovn.mech_driver.ovsdb.maintenance [None req-423a7c95-3be1-4303-9ba4-08b347cb5424 None None] Periodic task found: HashRingHealthCheckPeriodics.touch_hash_ring_node {{(pid=103428) add_periodics /opt/stack/neutron/neutron/plugins/ml2/drivers/ovn/mech_driver/ovsdb/maintenance.py:148}}
May 09 01:34:55.062069 np0000172845 devstack@neutron-api.service[103428]: INFO neutron.plugins.ml2.drivers.ovn.mech_driver.mech_driver [None req-423a7c95-3be1-4303-9ba4-08b347cb5424 None None] Hash Ring probing thread for node a68a0ab6f295541ea2b132d71faca43d has started
May 09 01:34:55.063049 np0000172845 devstack@neutron-api.service[103428]: INFO neutron.plugins.ml2.drivers.ovn.mech_driver.ovsdb.impl_idl_ovn [None req-423a7c95-3be1-4303-9ba4-08b347cb5424 None None] Getting OvsdbNbOvnIdl for WorkerService with retry
May 09 01:34:55.072735 np0000172845 devstack@neutron-api.service[103426]: DEBUG oslo_concurrency.processutils [None req-1dd7bbb6-eb8e-4212-9e58-ff15a191bcdb None None] CMD "ovsdb-client transact ssl:199.204.45.38:6641 --timeout 180 -p /opt/stack/data/CA/int-ca/private/devstack-cert.key -c /opt/stack/data/CA/int-ca/devstack-cert.crt -C /opt/stack/data/CA/int-ca/ca-chain.pem ["OVN_Northbound", {"op": "wait", "timeout": 0, "table": "Port_Group", "where": [["name", "==", "neutron_pg_drop"]], "until": "==", "rows": []}, {"op": "insert", "table": "ACL", "row": {"action": "drop", "direction": "to-lport", "match": "outport == @neutron_pg_drop && ip", "priority": 1001}, "uuid-name": "droptoport"}, {"op": "insert", "table": "ACL", "row": {"action": "drop", "direction": "from-lport", "match": "inport == @neutron_pg_drop && ip", "priority": 1001}, "uuid-name": "dropfromport"}, {"op": "insert", "table": "Port_Group", "row": {"name": "neutron_pg_drop", "acls": ["set", [["named-uuid", "droptoport"], ["named-uuid", "dropfromport"]]]}}]" returned: 0 in 0.037s {{(pid=103426) execute /opt/stack/data/venv/lib/python3.12/site-packages/oslo_concurrency/processutils.py:468}}
May 09 01:34:55.073379 np0000172845 devstack@neutron-api.service[103426]: DEBUG neutron_lib.callbacks.manager [None req-1dd7bbb6-eb8e-4212-9e58-ff15a191bcdb None None] Publish callbacks ['neutron.plugins.ml2.drivers.ovn.mech_driver.mech_driver.OVNMechanismDriver.post_fork_initialize-201354', 'neutron.services.ovn_l3.plugin.OVNL3RouterPlugin._post_fork_initialize-8602'] for process (None), after_init {{(pid=103426) _notify_loop /opt/stack/data/venv/lib/python3.12/site-packages/neutron_lib/callbacks/manager.py:184}}
May 09 01:34:55.073832 np0000172845 devstack@neutron-api.service[103426]: DEBUG oslo_concurrency.lockutils [None req-1dd7bbb6-eb8e-4212-9e58-ff15a191bcdb None None] Acquiring lock "singleton_lock" {{(pid=103426) lock /opt/stack/data/venv/lib/python3.12/site-packages/oslo_concurrency/lockutils.py:390}}
May 09 01:34:55.073968 np0000172845 devstack@neutron-api.service[103426]: DEBUG oslo_concurrency.lockutils [None req-1dd7bbb6-eb8e-4212-9e58-ff15a191bcdb None None] Acquired lock "singleton_lock" {{(pid=103426) lock /opt/stack/data/venv/lib/python3.12/site-packages/oslo_concurrency/lockutils.py:393}}
May 09 01:34:55.074400 np0000172845 devstack@neutron-api.service[103426]: DEBUG oslo_concurrency.lockutils [None req-1dd7bbb6-eb8e-4212-9e58-ff15a191bcdb None None] Releasing lock "singleton_lock" {{(pid=103426) lock /opt/stack/data/venv/lib/python3.12/site-packages/oslo_concurrency/lockutils.py:413}}
May 09 01:34:55.077101 np0000172845 devstack@neutron-api.service[103426]: DEBUG neutron.plugins.ml2.drivers.ovn.mech_driver.mech_driver [None req-1dd7bbb6-eb8e-4212-9e58-ff15a191bcdb None None] Hash Ring setup using WSGI start time 2026-05-09 01:34:46+00:00 {{(pid=103426) _init_hash_ring /opt/stack/neutron/neutron/plugins/ml2/drivers/ovn/mech_driver/mech_driver.py:402}}
May 09 01:34:55.077295 np0000172845 devstack@neutron-api.service[103429]: DEBUG neutron.common.ovn.hash_ring_manager [None req-80bec7d4-095f-4a4d-8b57-8b9519d2578b None None] Disallow caching, nodes 3<4 {{(pid=103429) _wait_startup_before_caching /opt/stack/neutron/neutron/common/ovn/hash_ring_manager.py:72}}
May 09 01:34:55.084344 np0000172845 devstack@neutron-api.service[103426]: INFO neutron.db.ovn_hash_ring_db [None req-1dd7bbb6-eb8e-4212-9e58-ff15a191bcdb None None] Nodes from host "np0000172845" and group "mechanism_driver" removed from the Hash Ring created at 2026-05-09 01:34:46+00:00
May 09 01:34:55.084497 np0000172845 devstack@neutron-api.service[103429]: DEBUG neutron.common.ovn.hash_ring_manager [None req-80bec7d4-095f-4a4d-8b57-8b9519d2578b None None] Hash Ring loaded. 3 active nodes. 0 offline nodes {{(pid=103429) _load_hash_ring /opt/stack/neutron/neutron/common/ovn/hash_ring_manager.py:102}}
May 09 01:34:55.086870 np0000172845 devstack@neutron-api.service[103426]: INFO neutron.db.ovn_hash_ring_db [None req-1dd7bbb6-eb8e-4212-9e58-ff15a191bcdb None None] Node 2d8d1320e0fd565c91be9390881c574f from host "np0000172845" and group "mechanism_driver" added to the Hash Ring
May 09 01:34:55.089773 np0000172845 devstack@neutron-api.service[103426]: DEBUG neutron.plugins.ml2.drivers.ovn.mech_driver.mech_driver [None req-1dd7bbb6-eb8e-4212-9e58-ff15a191bcdb None None] Hash Ring setup, this worker has detected 4 OVN hash ring registers in the database {{(pid=103426) _init_hash_ring /opt/stack/neutron/neutron/plugins/ml2/drivers/ovn/mech_driver/mech_driver.py:412}}
May 09 01:34:55.091610 np0000172845 devstack@neutron-api.service[103429]: DEBUG neutron.common.ovn.hash_ring_manager [None req-80bec7d4-095f-4a4d-8b57-8b9519d2578b None None] Hash Ring loaded. 3 active nodes. 0 offline nodes {{(pid=103429) _load_hash_ring /opt/stack/neutron/neutron/common/ovn/hash_ring_manager.py:102}}
May 09 01:34:55.095673 np0000172845 devstack@neutron-api.service[103426]: DEBUG neutron.plugins.ml2.drivers.ovn.mech_driver.ovsdb.maintenance [None req-1dd7bbb6-eb8e-4212-9e58-ff15a191bcdb None None] Periodic task found: HashRingHealthCheckPeriodics.touch_hash_ring_node {{(pid=103426) add_periodics /opt/stack/neutron/neutron/plugins/ml2/drivers/ovn/mech_driver/ovsdb/maintenance.py:148}}
May 09 01:34:55.097170 np0000172845 devstack@neutron-api.service[103426]: INFO neutron.plugins.ml2.drivers.ovn.mech_driver.mech_driver [None req-1dd7bbb6-eb8e-4212-9e58-ff15a191bcdb None None] Hash Ring probing thread for node 2d8d1320e0fd565c91be9390881c574f has started
May 09 01:34:55.097504 np0000172845 devstack@neutron-api.service[103426]: INFO neutron.plugins.ml2.drivers.ovn.mech_driver.ovsdb.impl_idl_ovn [None req-1dd7bbb6-eb8e-4212-9e58-ff15a191bcdb None None] Getting OvsdbNbOvnIdl for WorkerService with retry
May 09 01:34:55.097917 np0000172845 devstack@neutron-api.service[103429]: DEBUG neutron.common.ovn.hash_ring_manager [None req-80bec7d4-095f-4a4d-8b57-8b9519d2578b None None] Hash Ring loaded. 4 active nodes. 0 offline nodes {{(pid=103429) _load_hash_ring /opt/stack/neutron/neutron/common/ovn/hash_ring_manager.py:102}}
May 09 01:34:55.099671 np0000172845 devstack@neutron-api.service[103429]: DEBUG neutron.common.ovn.hash_ring_manager [None req-80bec7d4-095f-4a4d-8b57-8b9519d2578b None None] Allow caching, nodes 4>=4 {{(pid=103429) _wait_startup_before_caching /opt/stack/neutron/neutron/common/ovn/hash_ring_manager.py:65}}
May 09 01:34:55.099918 np0000172845 devstack@neutron-api.service[103429]: DEBUG neutron.plugins.ml2.drivers.ovn.mech_driver.ovsdb.ovsdb_monitor [None req-80bec7d4-095f-4a4d-8b57-8b9519d2578b None None] Hash Ring: Node 85acebace3cc53c7a276403b65cd73c4 (host: np0000172845) handling event "create" for row 8bb33f0d-61b3-4e9f-929b-81684c9e0457 (table: SSL) {{(pid=103429) notify /opt/stack/neutron/neutron/plugins/ml2/drivers/ovn/mech_driver/ovsdb/ovsdb_monitor.py:942}}
May 09 01:34:55.100722 np0000172845 devstack@neutron-api.service[103429]: INFO neutron.plugins.ml2.drivers.ovn.mech_driver.ovsdb.impl_idl_ovn [None req-80bec7d4-095f-4a4d-8b57-8b9519d2578b None None] Getting OvsdbSbOvnIdl for WorkerService with retry
May 09 01:34:55.112702 np0000172845 devstack@neutron-api.service[103428]: DEBUG ovsdbapp.backend.ovs_idl [None req-423a7c95-3be1-4303-9ba4-08b347cb5424 None None] Created lookup_table index Logical_Switch.name {{(pid=103428) autocreate_indices /opt/stack/data/venv/lib/python3.12/site-packages/ovsdbapp/backend/ovs_idl/__init__.py:87}}
May 09 01:34:55.112831 np0000172845 devstack@neutron-api.service[103428]: DEBUG ovsdbapp.backend.ovs_idl [None req-423a7c95-3be1-4303-9ba4-08b347cb5424 None None] Created lookup_table index Logical_Router.name {{(pid=103428) autocreate_indices /opt/stack/data/venv/lib/python3.12/site-packages/ovsdbapp/backend/ovs_idl/__init__.py:87}}
May 09 01:34:55.112949 np0000172845 devstack@neutron-api.service[103428]: DEBUG ovsdbapp.backend.ovs_idl [None req-423a7c95-3be1-4303-9ba4-08b347cb5424 None None] Created lookup_table index Load_Balancer.name {{(pid=103428) autocreate_indices /opt/stack/data/venv/lib/python3.12/site-packages/ovsdbapp/backend/ovs_idl/__init__.py:87}}
May 09 01:34:55.113043 np0000172845 devstack@neutron-api.service[103428]: DEBUG ovsdbapp.backend.ovs_idl [None req-423a7c95-3be1-4303-9ba4-08b347cb5424 None None] Created schema index Copp.name {{(pid=103428) autocreate_indices /opt/stack/data/venv/lib/python3.12/site-packages/ovsdbapp/backend/ovs_idl/__init__.py:106}}
May 09 01:34:55.113308 np0000172845 devstack@neutron-api.service[103428]: DEBUG ovsdbapp.backend.ovs_idl [None req-423a7c95-3be1-4303-9ba4-08b347cb5424 None None] Created schema index Meter.name {{(pid=103428) autocreate_indices /opt/stack/data/venv/lib/python3.12/site-packages/ovsdbapp/backend/ovs_idl/__init__.py:106}}
May 09 01:34:55.113308 np0000172845 devstack@neutron-api.service[103428]: DEBUG ovsdbapp.backend.ovs_idl [None req-423a7c95-3be1-4303-9ba4-08b347cb5424 None None] Created schema index Load_Balancer_Group.name {{(pid=103428) autocreate_indices /opt/stack/data/venv/lib/python3.12/site-packages/ovsdbapp/backend/ovs_idl/__init__.py:106}}
May 09 01:34:55.113308 np0000172845 devstack@neutron-api.service[103428]: DEBUG ovsdbapp.backend.ovs_idl [None req-423a7c95-3be1-4303-9ba4-08b347cb5424 None None] Created schema index HA_Chassis_Group.name {{(pid=103428) autocreate_indices /opt/stack/data/venv/lib/python3.12/site-packages/ovsdbapp/backend/ovs_idl/__init__.py:106}}
May 09 01:34:55.113479 np0000172845 devstack@neutron-api.service[103428]: DEBUG ovsdbapp.backend.ovs_idl [None req-423a7c95-3be1-4303-9ba4-08b347cb5424 None None] Created schema index Address_Set.name {{(pid=103428) autocreate_indices /opt/stack/data/venv/lib/python3.12/site-packages/ovsdbapp/backend/ovs_idl/__init__.py:106}}
May 09 01:34:55.113479 np0000172845 devstack@neutron-api.service[103428]: DEBUG ovsdbapp.backend.ovs_idl [None req-423a7c95-3be1-4303-9ba4-08b347cb5424 None None] Created schema index Connection.target {{(pid=103428) autocreate_indices /opt/stack/data/venv/lib/python3.12/site-packages/ovsdbapp/backend/ovs_idl/__init__.py:106}}
May 09 01:34:55.113619 np0000172845 devstack@neutron-api.service[103428]: DEBUG ovsdbapp.backend.ovs_idl [None req-423a7c95-3be1-4303-9ba4-08b347cb5424 None None] Created schema index Gateway_Chassis.name {{(pid=103428) autocreate_indices /opt/stack/data/venv/lib/python3.12/site-packages/ovsdbapp/backend/ovs_idl/__init__.py:106}}
May 09 01:34:55.113619 np0000172845 devstack@neutron-api.service[103428]: DEBUG ovsdbapp.backend.ovs_idl [None req-423a7c95-3be1-4303-9ba4-08b347cb5424 None None] Created schema index Mirror.name {{(pid=103428) autocreate_indices /opt/stack/data/venv/lib/python3.12/site-packages/ovsdbapp/backend/ovs_idl/__init__.py:106}}
May 09 01:34:55.113809 np0000172845 devstack@neutron-api.service[103428]: DEBUG ovsdbapp.backend.ovs_idl [None req-423a7c95-3be1-4303-9ba4-08b347cb5424 None None] Created schema index Chassis_Template_Var.chassis {{(pid=103428) autocreate_indices /opt/stack/data/venv/lib/python3.12/site-packages/ovsdbapp/backend/ovs_idl/__init__.py:106}}
May 09 01:34:55.113809 np0000172845 devstack@neutron-api.service[103428]: DEBUG ovsdbapp.backend.ovs_idl [None req-423a7c95-3be1-4303-9ba4-08b347cb5424 None None] Created schema index Logical_Router_Port.name {{(pid=103428) autocreate_indices /opt/stack/data/venv/lib/python3.12/site-packages/ovsdbapp/backend/ovs_idl/__init__.py:106}}
May 09 01:34:55.113944 np0000172845 devstack@neutron-api.service[103428]: DEBUG ovsdbapp.backend.ovs_idl [None req-423a7c95-3be1-4303-9ba4-08b347cb5424 None None] Created schema index Port_Group.name {{(pid=103428) autocreate_indices /opt/stack/data/venv/lib/python3.12/site-packages/ovsdbapp/backend/ovs_idl/__init__.py:106}}
May 09 01:34:55.113987 np0000172845 devstack@neutron-api.service[103428]: DEBUG ovsdbapp.backend.ovs_idl [None req-423a7c95-3be1-4303-9ba4-08b347cb5424 None None] Created schema index Logical_Switch_Port.name {{(pid=103428) autocreate_indices /opt/stack/data/venv/lib/python3.12/site-packages/ovsdbapp/backend/ovs_idl/__init__.py:106}}
May 09 01:34:55.116235 np0000172845 devstack@neutron-api.service[103428]: INFO ovsdbapp.backend.ovs_idl.vlog [None req-423a7c95-3be1-4303-9ba4-08b347cb5424 None None] ssl:199.204.45.38:6641: connecting...
May 09 01:34:55.122810 np0000172845 devstack@neutron-api.service[103428]: INFO ovsdbapp.backend.ovs_idl.vlog [None req-423a7c95-3be1-4303-9ba4-08b347cb5424 None None] ssl:199.204.45.38:6641: connected
May 09 01:34:55.130830 np0000172845 devstack@neutron-api.service[103429]: DEBUG ovsdbapp.backend.ovs_idl [None req-80bec7d4-095f-4a4d-8b57-8b9519d2578b None None] Created lookup_table index Chassis.name {{(pid=103429) autocreate_indices /opt/stack/data/venv/lib/python3.12/site-packages/ovsdbapp/backend/ovs_idl/__init__.py:87}}
May 09 01:34:55.130949 np0000172845 devstack@neutron-api.service[103429]: DEBUG ovsdbapp.backend.ovs_idl [None req-80bec7d4-095f-4a4d-8b57-8b9519d2578b None None] Created lookup_table index Port_Binding.logical_port {{(pid=103429) autocreate_indices /opt/stack/data/venv/lib/python3.12/site-packages/ovsdbapp/backend/ovs_idl/__init__.py:87}}
May 09 01:34:55.131028 np0000172845 devstack@neutron-api.service[103429]: DEBUG ovsdbapp.backend.ovs_idl [None req-80bec7d4-095f-4a4d-8b57-8b9519d2578b None None] Created schema index Chassis_Private.name {{(pid=103429) autocreate_indices /opt/stack/data/venv/lib/python3.12/site-packages/ovsdbapp/backend/ovs_idl/__init__.py:106}}
May 09 01:34:55.131130 np0000172845 devstack@neutron-api.service[103429]: DEBUG ovsdbapp.backend.ovs_idl [None req-80bec7d4-095f-4a4d-8b57-8b9519d2578b None None] Created schema index Datapath_Binding.tunnel_key {{(pid=103429) autocreate_indices /opt/stack/data/venv/lib/python3.12/site-packages/ovsdbapp/backend/ovs_idl/__init__.py:106}}
May 09 01:34:55.132952 np0000172845 devstack@neutron-api.service[103429]: INFO ovsdbapp.backend.ovs_idl.vlog [None req-80bec7d4-095f-4a4d-8b57-8b9519d2578b None None] ssl:199.204.45.38:6642: connecting...
May 09 01:34:55.137987 np0000172845 devstack@neutron-api.service[103429]: INFO ovsdbapp.backend.ovs_idl.vlog [None req-80bec7d4-095f-4a4d-8b57-8b9519d2578b None None] ssl:199.204.45.38:6642: connected
May 09 01:34:55.144715 np0000172845 devstack@neutron-api.service[103426]: DEBUG ovsdbapp.backend.ovs_idl [None req-1dd7bbb6-eb8e-4212-9e58-ff15a191bcdb None None] Created lookup_table index Logical_Switch.name {{(pid=103426) autocreate_indices /opt/stack/data/venv/lib/python3.12/site-packages/ovsdbapp/backend/ovs_idl/__init__.py:87}}
May 09 01:34:55.144855 np0000172845 devstack@neutron-api.service[103426]: DEBUG ovsdbapp.backend.ovs_idl [None req-1dd7bbb6-eb8e-4212-9e58-ff15a191bcdb None None] Created lookup_table index Logical_Router.name {{(pid=103426) autocreate_indices /opt/stack/data/venv/lib/python3.12/site-packages/ovsdbapp/backend/ovs_idl/__init__.py:87}}
May 09 01:34:55.144983 np0000172845 devstack@neutron-api.service[103426]: DEBUG ovsdbapp.backend.ovs_idl [None req-1dd7bbb6-eb8e-4212-9e58-ff15a191bcdb None None] Created lookup_table index Load_Balancer.name {{(pid=103426) autocreate_indices /opt/stack/data/venv/lib/python3.12/site-packages/ovsdbapp/backend/ovs_idl/__init__.py:87}}
May 09 01:34:55.145108 np0000172845 devstack@neutron-api.service[103426]: DEBUG ovsdbapp.backend.ovs_idl [None req-1dd7bbb6-eb8e-4212-9e58-ff15a191bcdb None None] Created schema index Copp.name {{(pid=103426) autocreate_indices /opt/stack/data/venv/lib/python3.12/site-packages/ovsdbapp/backend/ovs_idl/__init__.py:106}}
May 09 01:34:55.145238 np0000172845 devstack@neutron-api.service[103426]: DEBUG ovsdbapp.backend.ovs_idl [None req-1dd7bbb6-eb8e-4212-9e58-ff15a191bcdb None None] Created schema index Meter.name {{(pid=103426) autocreate_indices /opt/stack/data/venv/lib/python3.12/site-packages/ovsdbapp/backend/ovs_idl/__init__.py:106}}
May 09 01:34:55.145351 np0000172845 devstack@neutron-api.service[103426]: DEBUG ovsdbapp.backend.ovs_idl [None req-1dd7bbb6-eb8e-4212-9e58-ff15a191bcdb None None] Created schema index Load_Balancer_Group.name {{(pid=103426) autocreate_indices /opt/stack/data/venv/lib/python3.12/site-packages/ovsdbapp/backend/ovs_idl/__init__.py:106}}
May 09 01:34:55.145453 np0000172845 devstack@neutron-api.service[103426]: DEBUG ovsdbapp.backend.ovs_idl [None req-1dd7bbb6-eb8e-4212-9e58-ff15a191bcdb None None] Created schema index HA_Chassis_Group.name {{(pid=103426) autocreate_indices /opt/stack/data/venv/lib/python3.12/site-packages/ovsdbapp/backend/ovs_idl/__init__.py:106}}
May 09 01:34:55.145564 np0000172845 devstack@neutron-api.service[103426]: DEBUG ovsdbapp.backend.ovs_idl [None req-1dd7bbb6-eb8e-4212-9e58-ff15a191bcdb None None] Created schema index Address_Set.name {{(pid=103426) autocreate_indices /opt/stack/data/venv/lib/python3.12/site-packages/ovsdbapp/backend/ovs_idl/__init__.py:106}}
May 09 01:34:55.145674 np0000172845 devstack@neutron-api.service[103426]: DEBUG ovsdbapp.backend.ovs_idl [None req-1dd7bbb6-eb8e-4212-9e58-ff15a191bcdb None None] Created schema index Connection.target {{(pid=103426) autocreate_indices /opt/stack/data/venv/lib/python3.12/site-packages/ovsdbapp/backend/ovs_idl/__init__.py:106}}
May 09 01:34:55.145792 np0000172845 devstack@neutron-api.service[103426]: DEBUG ovsdbapp.backend.ovs_idl [None req-1dd7bbb6-eb8e-4212-9e58-ff15a191bcdb None None] Created schema index Gateway_Chassis.name {{(pid=103426) autocreate_indices /opt/stack/data/venv/lib/python3.12/site-packages/ovsdbapp/backend/ovs_idl/__init__.py:106}}
