Jun 09 04:04:38.867379 np0000179098 systemd[1]: Starting devstack@n-api-meta.service - Devstack devstack@n-api-meta.service...
Jun 09 04:04:38.880659 np0000179098 devstack@n-api-meta.service[108772]: [uWSGI] getting INI configuration from /etc/nova/nova-metadata-uwsgi.ini
Jun 09 04:04:38.885271 np0000179098 devstack@n-api-meta.service[108772]: *** Starting uWSGI 2.0.24-debian (64bit) on [Tue Jun 9 04:04:38 2026] ***
Jun 09 04:04:38.885271 np0000179098 devstack@n-api-meta.service[108772]: compiled with version: 13.2.0 on 17 April 2024 16:23:48
Jun 09 04:04:38.885271 np0000179098 devstack@n-api-meta.service[108772]: os: Linux-6.8.0-124-generic #124-Ubuntu SMP PREEMPT_DYNAMIC Tue May 26 13:00:45 UTC 2026
Jun 09 04:04:38.885271 np0000179098 devstack@n-api-meta.service[108772]: nodename: np0000179098
Jun 09 04:04:38.885271 np0000179098 devstack@n-api-meta.service[108772]: machine: x86_64
Jun 09 04:04:38.885271 np0000179098 devstack@n-api-meta.service[108772]: clock source: unix
Jun 09 04:04:38.885271 np0000179098 devstack@n-api-meta.service[108772]: pcre jit disabled
Jun 09 04:04:38.885271 np0000179098 devstack@n-api-meta.service[108772]: detected number of CPU cores: 16
Jun 09 04:04:38.885271 np0000179098 devstack@n-api-meta.service[108772]: current working directory: /
Jun 09 04:04:38.885271 np0000179098 devstack@n-api-meta.service[108772]: detected binary path: /usr/bin/uwsgi-core
Jun 09 04:04:38.885271 np0000179098 devstack@n-api-meta.service[108772]: your processes number limit is 256917
Jun 09 04:04:38.885271 np0000179098 devstack@n-api-meta.service[108772]: your memory page size is 4096 bytes
Jun 09 04:04:38.885271 np0000179098 devstack@n-api-meta.service[108772]: detected max file descriptor number: 2048
Jun 09 04:04:38.885271 np0000179098 devstack@n-api-meta.service[108772]: lock engine: pthread robust mutexes
Jun 09 04:04:38.885987 np0000179098 devstack@n-api-meta.service[108772]: thunder lock: enabled
Jun 09 04:04:38.886221 np0000179098 devstack@n-api-meta.service[108772]: uWSGI http bound on 0.0.0.0:8775 fd 5
Jun 09 04:04:38.886221 np0000179098 devstack@n-api-meta.service[108772]: uwsgi socket 0 bound to TCP address 127.0.0.1:42819 (port auto-assigned) fd 4
Jun 09 04:04:38.886221 np0000179098 devstack@n-api-meta.service[108772]: Python version: 3.12.3 (main, Mar 23 2026, 19:04:32) [GCC 13.3.0]
Jun 09 04:04:38.886221 np0000179098 devstack@n-api-meta.service[108772]: PEP 405 virtualenv detected: /opt/stack/data/venv
Jun 09 04:04:38.886221 np0000179098 devstack@n-api-meta.service[108772]: Set PythonHome to /opt/stack/data/venv
Jun 09 04:04:38.922440 np0000179098 devstack@n-api-meta.service[108772]: Python main interpreter initialized at 0x7719190a3668
Jun 09 04:04:38.922440 np0000179098 devstack@n-api-meta.service[108772]: python threads support enabled
Jun 09 04:04:38.922440 np0000179098 devstack@n-api-meta.service[108772]: your server socket listen backlog is limited to 100 connections
Jun 09 04:04:38.922440 np0000179098 devstack@n-api-meta.service[108772]: your mercy for graceful operations on workers is 80 seconds
Jun 09 04:04:38.922967 np0000179098 devstack@n-api-meta.service[108772]: mapped 671795 bytes (656 KB) for 4 cores
Jun 09 04:04:38.923081 np0000179098 devstack@n-api-meta.service[108772]: *** Operational MODE: preforking ***
Jun 09 04:04:38.923250 np0000179098 devstack@n-api-meta.service[108772]: *** uWSGI is running in multiple interpreter mode ***
Jun 09 04:04:38.923250 np0000179098 devstack@n-api-meta.service[108772]: spawned uWSGI master process (pid: 108772)
Jun 09 04:04:38.923376 np0000179098 systemd[1]: Started devstack@n-api-meta.service - Devstack devstack@n-api-meta.service.
Jun 09 04:04:38.923822 np0000179098 devstack@n-api-meta.service[108772]: spawned uWSGI worker 1 (pid: 108773, cores: 1)
Jun 09 04:04:38.924310 np0000179098 devstack@n-api-meta.service[108772]: spawned uWSGI worker 2 (pid: 108774, cores: 1)
Jun 09 04:04:38.924766 np0000179098 devstack@n-api-meta.service[108772]: spawned uWSGI worker 3 (pid: 108775, cores: 1)
Jun 09 04:04:38.925283 np0000179098 devstack@n-api-meta.service[108772]: spawned uWSGI worker 4 (pid: 108776, cores: 1)
Jun 09 04:04:38.925723 np0000179098 devstack@n-api-meta.service[108772]: spawned uWSGI http 1 (pid: 108777)
Jun 09 04:04:38.925723 np0000179098 devstack@n-api-meta.service[108772]: running "unix_signal:15 gracefully_kill_them_all" (master-start)...
Jun 09 04:04:40.513734 np0000179098 devstack@n-api-meta.service[108776]: INFO dbcounter [None req-e4e437b4-442f-48f8-afb4-d14af0c32b0b None None] Registered counter for database nova_api
Jun 09 04:04:40.521377 np0000179098 devstack@n-api-meta.service[108774]: INFO dbcounter [None req-09005f68-6336-40b8-a3d9-dea7ee1d7882 None None] Registered counter for database nova_api
Jun 09 04:04:40.564199 np0000179098 devstack@n-api-meta.service[108776]: DEBUG oslo_db.sqlalchemy.engines [None req-e4e437b4-442f-48f8-afb4-d14af0c32b0b None None] MySQL server mode set to STRICT_TRANS_TABLES,STRICT_ALL_TABLES,NO_ZERO_IN_DATE,NO_ZERO_DATE,ERROR_FOR_DIVISION_BY_ZERO,TRADITIONAL,NO_ENGINE_SUBSTITUTION {{(pid=108776) _check_effective_sql_mode /opt/stack/data/venv/lib/python3.12/site-packages/oslo_db/sqlalchemy/engines.py:325}}
Jun 09 04:04:40.573746 np0000179098 devstack@n-api-meta.service[108774]: DEBUG oslo_db.sqlalchemy.engines [None req-09005f68-6336-40b8-a3d9-dea7ee1d7882 None None] MySQL server mode set to STRICT_TRANS_TABLES,STRICT_ALL_TABLES,NO_ZERO_IN_DATE,NO_ZERO_DATE,ERROR_FOR_DIVISION_BY_ZERO,TRADITIONAL,NO_ENGINE_SUBSTITUTION {{(pid=108774) _check_effective_sql_mode /opt/stack/data/venv/lib/python3.12/site-packages/oslo_db/sqlalchemy/engines.py:325}}
Jun 09 04:04:40.585668 np0000179098 devstack@n-api-meta.service[108773]: INFO dbcounter [None req-1231b250-1d89-4523-a6bb-330df5a66183 None None] Registered counter for database nova_api
Jun 09 04:04:40.595470 np0000179098 devstack@n-api-meta.service[108775]: INFO dbcounter [None req-03f10d1a-16f9-41a3-a120-7cd25ea5fb4a None None] Registered counter for database nova_api
Jun 09 04:04:40.597071 np0000179098 devstack@n-api-meta.service[108776]: DEBUG dbcounter [-] [108776] Writer thread running {{(pid=108776) stat_writer /opt/stack/data/venv/lib/python3.12/site-packages/dbcounter.py:102}}
Jun 09 04:04:40.599621 np0000179098 devstack@n-api-meta.service[108776]: DEBUG nova.context [None req-e4e437b4-442f-48f8-afb4-d14af0c32b0b None None] Found 2 cells: 00000000-0000-0000-0000-000000000000(cell0),f8ae3f2d-5dac-4c69-96d0-a3385f2a6d3d(cell1) {{(pid=108776) load_cells /opt/stack/nova/nova/context.py:509}}
Jun 09 04:04:40.599831 np0000179098 devstack@n-api-meta.service[108776]: INFO nova.utils [None req-e4e437b4-442f-48f8-afb4-d14af0c32b0b None None] The cell worker thread pool MainProcess.cell_worker is initialized
Jun 09 04:04:40.601551 np0000179098 devstack@n-api-meta.service[108776]: DEBUG oslo_concurrency.lockutils [None req-e4e437b4-442f-48f8-afb4-d14af0c32b0b None None] Acquiring lock "00000000-0000-0000-0000-000000000000" by "nova.context.set_target_cell..get_or_set_cached_cell_and_set_connections" {{(pid=108776) inner /opt/stack/data/venv/lib/python3.12/site-packages/oslo_concurrency/lockutils.py:511}}
Jun 09 04:04:40.601708 np0000179098 devstack@n-api-meta.service[108776]: DEBUG oslo_concurrency.lockutils [None req-e4e437b4-442f-48f8-afb4-d14af0c32b0b None None] Lock "00000000-0000-0000-0000-000000000000" acquired by "nova.context.set_target_cell..get_or_set_cached_cell_and_set_connections" :: waited 0.000s {{(pid=108776) inner /opt/stack/data/venv/lib/python3.12/site-packages/oslo_concurrency/lockutils.py:524}}
Jun 09 04:04:40.602076 np0000179098 devstack@n-api-meta.service[108776]: DEBUG oslo_concurrency.lockutils [None req-e4e437b4-442f-48f8-afb4-d14af0c32b0b None None] Lock "00000000-0000-0000-0000-000000000000" "released" by "nova.context.set_target_cell..get_or_set_cached_cell_and_set_connections" :: held 0.000s {{(pid=108776) inner /opt/stack/data/venv/lib/python3.12/site-packages/oslo_concurrency/lockutils.py:543}}
Jun 09 04:04:40.602734 np0000179098 devstack@n-api-meta.service[108776]: DEBUG oslo_concurrency.lockutils [None req-e4e437b4-442f-48f8-afb4-d14af0c32b0b None None] Acquiring lock "f8ae3f2d-5dac-4c69-96d0-a3385f2a6d3d" by "nova.context.set_target_cell..get_or_set_cached_cell_and_set_connections" {{(pid=108776) inner /opt/stack/data/venv/lib/python3.12/site-packages/oslo_concurrency/lockutils.py:511}}
Jun 09 04:04:40.602892 np0000179098 devstack@n-api-meta.service[108776]: DEBUG oslo_concurrency.lockutils [None req-e4e437b4-442f-48f8-afb4-d14af0c32b0b None None] Lock "f8ae3f2d-5dac-4c69-96d0-a3385f2a6d3d" acquired by "nova.context.set_target_cell..get_or_set_cached_cell_and_set_connections" :: waited 0.000s {{(pid=108776) inner /opt/stack/data/venv/lib/python3.12/site-packages/oslo_concurrency/lockutils.py:524}}
Jun 09 04:04:40.603717 np0000179098 devstack@n-api-meta.service[108776]: DEBUG oslo_concurrency.lockutils [None req-e4e437b4-442f-48f8-afb4-d14af0c32b0b None None] Lock "f8ae3f2d-5dac-4c69-96d0-a3385f2a6d3d" "released" by "nova.context.set_target_cell..get_or_set_cached_cell_and_set_connections" :: held 0.001s {{(pid=108776) inner /opt/stack/data/venv/lib/python3.12/site-packages/oslo_concurrency/lockutils.py:543}}
Jun 09 04:04:40.606196 np0000179098 devstack@n-api-meta.service[108776]: INFO dbcounter [None req-e4e437b4-442f-48f8-afb4-d14af0c32b0b None None] Registered counter for database nova_cell0
Jun 09 04:04:40.606717 np0000179098 devstack@n-api-meta.service[108774]: DEBUG dbcounter [-] [108774] Writer thread running {{(pid=108774) stat_writer /opt/stack/data/venv/lib/python3.12/site-packages/dbcounter.py:102}}
Jun 09 04:04:40.608949 np0000179098 devstack@n-api-meta.service[108774]: DEBUG nova.context [None req-09005f68-6336-40b8-a3d9-dea7ee1d7882 None None] Found 2 cells: 00000000-0000-0000-0000-000000000000(cell0),f8ae3f2d-5dac-4c69-96d0-a3385f2a6d3d(cell1) {{(pid=108774) load_cells /opt/stack/nova/nova/context.py:509}}
Jun 09 04:04:40.609165 np0000179098 devstack@n-api-meta.service[108774]: INFO nova.utils [None req-09005f68-6336-40b8-a3d9-dea7ee1d7882 None None] The cell worker thread pool MainProcess.cell_worker is initialized
Jun 09 04:04:40.611241 np0000179098 devstack@n-api-meta.service[108774]: DEBUG oslo_concurrency.lockutils [None req-09005f68-6336-40b8-a3d9-dea7ee1d7882 None None] Acquiring lock "00000000-0000-0000-0000-000000000000" by "nova.context.set_target_cell..get_or_set_cached_cell_and_set_connections" {{(pid=108774) inner /opt/stack/data/venv/lib/python3.12/site-packages/oslo_concurrency/lockutils.py:511}}
Jun 09 04:04:40.611241 np0000179098 devstack@n-api-meta.service[108774]: DEBUG oslo_concurrency.lockutils [None req-09005f68-6336-40b8-a3d9-dea7ee1d7882 None None] Lock "00000000-0000-0000-0000-000000000000" acquired by "nova.context.set_target_cell..get_or_set_cached_cell_and_set_connections" :: waited 0.000s {{(pid=108774) inner /opt/stack/data/venv/lib/python3.12/site-packages/oslo_concurrency/lockutils.py:524}}
Jun 09 04:04:40.611409 np0000179098 devstack@n-api-meta.service[108774]: DEBUG oslo_concurrency.lockutils [None req-09005f68-6336-40b8-a3d9-dea7ee1d7882 None None] Lock "00000000-0000-0000-0000-000000000000" "released" by "nova.context.set_target_cell..get_or_set_cached_cell_and_set_connections" :: held 0.000s {{(pid=108774) inner /opt/stack/data/venv/lib/python3.12/site-packages/oslo_concurrency/lockutils.py:543}}
Jun 09 04:04:40.611840 np0000179098 devstack@n-api-meta.service[108776]: INFO dbcounter [None req-e4e437b4-442f-48f8-afb4-d14af0c32b0b None None] Registered counter for database nova_cell1
Jun 09 04:04:40.612171 np0000179098 devstack@n-api-meta.service[108774]: DEBUG oslo_concurrency.lockutils [None req-09005f68-6336-40b8-a3d9-dea7ee1d7882 None None] Acquiring lock "f8ae3f2d-5dac-4c69-96d0-a3385f2a6d3d" by "nova.context.set_target_cell..get_or_set_cached_cell_and_set_connections" {{(pid=108774) inner /opt/stack/data/venv/lib/python3.12/site-packages/oslo_concurrency/lockutils.py:511}}
Jun 09 04:04:40.612284 np0000179098 devstack@n-api-meta.service[108774]: DEBUG oslo_concurrency.lockutils [None req-09005f68-6336-40b8-a3d9-dea7ee1d7882 None None] Lock "f8ae3f2d-5dac-4c69-96d0-a3385f2a6d3d" acquired by "nova.context.set_target_cell..get_or_set_cached_cell_and_set_connections" :: waited 0.000s {{(pid=108774) inner /opt/stack/data/venv/lib/python3.12/site-packages/oslo_concurrency/lockutils.py:524}}
Jun 09 04:04:40.613161 np0000179098 devstack@n-api-meta.service[108774]: DEBUG oslo_concurrency.lockutils [None req-09005f68-6336-40b8-a3d9-dea7ee1d7882 None None] Lock "f8ae3f2d-5dac-4c69-96d0-a3385f2a6d3d" "released" by "nova.context.set_target_cell..get_or_set_cached_cell_and_set_connections" :: held 0.001s {{(pid=108774) inner /opt/stack/data/venv/lib/python3.12/site-packages/oslo_concurrency/lockutils.py:543}}
Jun 09 04:04:40.616366 np0000179098 devstack@n-api-meta.service[108774]: INFO dbcounter [None req-09005f68-6336-40b8-a3d9-dea7ee1d7882 None None] Registered counter for database nova_cell0
Jun 09 04:04:40.620892 np0000179098 devstack@n-api-meta.service[108774]: INFO dbcounter [None req-09005f68-6336-40b8-a3d9-dea7ee1d7882 None None] Registered counter for database nova_cell1
Jun 09 04:04:40.635725 np0000179098 devstack@n-api-meta.service[108773]: DEBUG oslo_db.sqlalchemy.engines [None req-1231b250-1d89-4523-a6bb-330df5a66183 None None] MySQL server mode set to STRICT_TRANS_TABLES,STRICT_ALL_TABLES,NO_ZERO_IN_DATE,NO_ZERO_DATE,ERROR_FOR_DIVISION_BY_ZERO,TRADITIONAL,NO_ENGINE_SUBSTITUTION {{(pid=108773) _check_effective_sql_mode /opt/stack/data/venv/lib/python3.12/site-packages/oslo_db/sqlalchemy/engines.py:325}}
Jun 09 04:04:40.660214 np0000179098 devstack@n-api-meta.service[108775]: DEBUG oslo_db.sqlalchemy.engines [None req-03f10d1a-16f9-41a3-a120-7cd25ea5fb4a None None] MySQL server mode set to STRICT_TRANS_TABLES,STRICT_ALL_TABLES,NO_ZERO_IN_DATE,NO_ZERO_DATE,ERROR_FOR_DIVISION_BY_ZERO,TRADITIONAL,NO_ENGINE_SUBSTITUTION {{(pid=108775) _check_effective_sql_mode /opt/stack/data/venv/lib/python3.12/site-packages/oslo_db/sqlalchemy/engines.py:325}}
Jun 09 04:04:40.669883 np0000179098 devstack@n-api-meta.service[108773]: DEBUG dbcounter [-] [108773] Writer thread running {{(pid=108773) stat_writer /opt/stack/data/venv/lib/python3.12/site-packages/dbcounter.py:102}}
Jun 09 04:04:40.672057 np0000179098 devstack@n-api-meta.service[108773]: DEBUG nova.context [None req-1231b250-1d89-4523-a6bb-330df5a66183 None None] Found 2 cells: 00000000-0000-0000-0000-000000000000(cell0),f8ae3f2d-5dac-4c69-96d0-a3385f2a6d3d(cell1) {{(pid=108773) load_cells /opt/stack/nova/nova/context.py:509}}
Jun 09 04:04:40.672270 np0000179098 devstack@n-api-meta.service[108773]: INFO nova.utils [None req-1231b250-1d89-4523-a6bb-330df5a66183 None None] The cell worker thread pool MainProcess.cell_worker is initialized
Jun 09 04:04:40.674038 np0000179098 devstack@n-api-meta.service[108773]: DEBUG oslo_concurrency.lockutils [None req-1231b250-1d89-4523-a6bb-330df5a66183 None None] Acquiring lock "00000000-0000-0000-0000-000000000000" by "nova.context.set_target_cell..get_or_set_cached_cell_and_set_connections" {{(pid=108773) inner /opt/stack/data/venv/lib/python3.12/site-packages/oslo_concurrency/lockutils.py:511}}
Jun 09 04:04:40.674207 np0000179098 devstack@n-api-meta.service[108773]: DEBUG oslo_concurrency.lockutils [None req-1231b250-1d89-4523-a6bb-330df5a66183 None None] Lock "00000000-0000-0000-0000-000000000000" acquired by "nova.context.set_target_cell..get_or_set_cached_cell_and_set_connections" :: waited 0.000s {{(pid=108773) inner /opt/stack/data/venv/lib/python3.12/site-packages/oslo_concurrency/lockutils.py:524}}
Jun 09 04:04:40.674576 np0000179098 devstack@n-api-meta.service[108773]: DEBUG oslo_concurrency.lockutils [None req-1231b250-1d89-4523-a6bb-330df5a66183 None None] Lock "00000000-0000-0000-0000-000000000000" "released" by "nova.context.set_target_cell..get_or_set_cached_cell_and_set_connections" :: held 0.000s {{(pid=108773) inner /opt/stack/data/venv/lib/python3.12/site-packages/oslo_concurrency/lockutils.py:543}}
Jun 09 04:04:40.675279 np0000179098 devstack@n-api-meta.service[108773]: DEBUG oslo_concurrency.lockutils [None req-1231b250-1d89-4523-a6bb-330df5a66183 None None] Acquiring lock "f8ae3f2d-5dac-4c69-96d0-a3385f2a6d3d" by "nova.context.set_target_cell..get_or_set_cached_cell_and_set_connections" {{(pid=108773) inner /opt/stack/data/venv/lib/python3.12/site-packages/oslo_concurrency/lockutils.py:511}}
Jun 09 04:04:40.675420 np0000179098 devstack@n-api-meta.service[108773]: DEBUG oslo_concurrency.lockutils [None req-1231b250-1d89-4523-a6bb-330df5a66183 None None] Lock "f8ae3f2d-5dac-4c69-96d0-a3385f2a6d3d" acquired by "nova.context.set_target_cell..get_or_set_cached_cell_and_set_connections" :: waited 0.000s {{(pid=108773) inner /opt/stack/data/venv/lib/python3.12/site-packages/oslo_concurrency/lockutils.py:524}}
Jun 09 04:04:40.676250 np0000179098 devstack@n-api-meta.service[108773]: DEBUG oslo_concurrency.lockutils [None req-1231b250-1d89-4523-a6bb-330df5a66183 None None] Lock "f8ae3f2d-5dac-4c69-96d0-a3385f2a6d3d" "released" by "nova.context.set_target_cell..get_or_set_cached_cell_and_set_connections" :: held 0.001s {{(pid=108773) inner /opt/stack/data/venv/lib/python3.12/site-packages/oslo_concurrency/lockutils.py:543}}
Jun 09 04:04:40.676885 np0000179098 devstack@n-api-meta.service[108774]: DEBUG oslo_db.sqlalchemy.engines [None req-09005f68-6336-40b8-a3d9-dea7ee1d7882 None None] MySQL server mode set to STRICT_TRANS_TABLES,STRICT_ALL_TABLES,NO_ZERO_IN_DATE,NO_ZERO_DATE,ERROR_FOR_DIVISION_BY_ZERO,TRADITIONAL,NO_ENGINE_SUBSTITUTION {{(pid=108774) _check_effective_sql_mode /opt/stack/data/venv/lib/python3.12/site-packages/oslo_db/sqlalchemy/engines.py:325}}
Jun 09 04:04:40.679361 np0000179098 devstack@n-api-meta.service[108773]: INFO dbcounter [None req-1231b250-1d89-4523-a6bb-330df5a66183 None None] Registered counter for database nova_cell0
Jun 09 04:04:40.681450 np0000179098 devstack@n-api-meta.service[108774]: DEBUG oslo_db.sqlalchemy.engines [None req-09005f68-6336-40b8-a3d9-dea7ee1d7882 None None] MySQL server mode set to STRICT_TRANS_TABLES,STRICT_ALL_TABLES,NO_ZERO_IN_DATE,NO_ZERO_DATE,ERROR_FOR_DIVISION_BY_ZERO,TRADITIONAL,NO_ENGINE_SUBSTITUTION {{(pid=108774) _check_effective_sql_mode /opt/stack/data/venv/lib/python3.12/site-packages/oslo_db/sqlalchemy/engines.py:325}}
Jun 09 04:04:40.684886 np0000179098 devstack@n-api-meta.service[108773]: INFO dbcounter [None req-1231b250-1d89-4523-a6bb-330df5a66183 None None] Registered counter for database nova_cell1
Jun 09 04:04:40.694302 np0000179098 devstack@n-api-meta.service[108775]: DEBUG dbcounter [-] [108775] Writer thread running {{(pid=108775) stat_writer /opt/stack/data/venv/lib/python3.12/site-packages/dbcounter.py:102}}
Jun 09 04:04:40.698942 np0000179098 devstack@n-api-meta.service[108775]: DEBUG nova.context [None req-03f10d1a-16f9-41a3-a120-7cd25ea5fb4a None None] Found 2 cells: 00000000-0000-0000-0000-000000000000(cell0),f8ae3f2d-5dac-4c69-96d0-a3385f2a6d3d(cell1) {{(pid=108775) load_cells /opt/stack/nova/nova/context.py:509}}
Jun 09 04:04:40.699155 np0000179098 devstack@n-api-meta.service[108775]: INFO nova.utils [None req-03f10d1a-16f9-41a3-a120-7cd25ea5fb4a None None] The cell worker thread pool MainProcess.cell_worker is initialized
Jun 09 04:04:40.700918 np0000179098 devstack@n-api-meta.service[108775]: DEBUG oslo_concurrency.lockutils [None req-03f10d1a-16f9-41a3-a120-7cd25ea5fb4a None None] Acquiring lock "00000000-0000-0000-0000-000000000000" by "nova.context.set_target_cell..get_or_set_cached_cell_and_set_connections" {{(pid=108775) inner /opt/stack/data/venv/lib/python3.12/site-packages/oslo_concurrency/lockutils.py:511}}
Jun 09 04:04:40.701079 np0000179098 devstack@n-api-meta.service[108775]: DEBUG oslo_concurrency.lockutils [None req-03f10d1a-16f9-41a3-a120-7cd25ea5fb4a None None] Lock "00000000-0000-0000-0000-000000000000" acquired by "nova.context.set_target_cell..get_or_set_cached_cell_and_set_connections" :: waited 0.000s {{(pid=108775) inner /opt/stack/data/venv/lib/python3.12/site-packages/oslo_concurrency/lockutils.py:524}}
Jun 09 04:04:40.701499 np0000179098 devstack@n-api-meta.service[108775]: DEBUG oslo_concurrency.lockutils [None req-03f10d1a-16f9-41a3-a120-7cd25ea5fb4a None None] Lock "00000000-0000-0000-0000-000000000000" "released" by "nova.context.set_target_cell..get_or_set_cached_cell_and_set_connections" :: held 0.000s {{(pid=108775) inner /opt/stack/data/venv/lib/python3.12/site-packages/oslo_concurrency/lockutils.py:543}}
Jun 09 04:04:40.702326 np0000179098 devstack@n-api-meta.service[108775]: DEBUG oslo_concurrency.lockutils [None req-03f10d1a-16f9-41a3-a120-7cd25ea5fb4a None None] Acquiring lock "f8ae3f2d-5dac-4c69-96d0-a3385f2a6d3d" by "nova.context.set_target_cell..get_or_set_cached_cell_and_set_connections" {{(pid=108775) inner /opt/stack/data/venv/lib/python3.12/site-packages/oslo_concurrency/lockutils.py:511}}
Jun 09 04:04:40.702513 np0000179098 devstack@n-api-meta.service[108775]: DEBUG oslo_concurrency.lockutils [None req-03f10d1a-16f9-41a3-a120-7cd25ea5fb4a None None] Lock "f8ae3f2d-5dac-4c69-96d0-a3385f2a6d3d" acquired by "nova.context.set_target_cell..get_or_set_cached_cell_and_set_connections" :: waited 0.000s {{(pid=108775) inner /opt/stack/data/venv/lib/python3.12/site-packages/oslo_concurrency/lockutils.py:524}}
Jun 09 04:04:40.702685 np0000179098 devstack@n-api-meta.service[108776]: DEBUG oslo_db.sqlalchemy.engines [None req-e4e437b4-442f-48f8-afb4-d14af0c32b0b None None] MySQL server mode set to STRICT_TRANS_TABLES,STRICT_ALL_TABLES,NO_ZERO_IN_DATE,NO_ZERO_DATE,ERROR_FOR_DIVISION_BY_ZERO,TRADITIONAL,NO_ENGINE_SUBSTITUTION {{(pid=108776) _check_effective_sql_mode /opt/stack/data/venv/lib/python3.12/site-packages/oslo_db/sqlalchemy/engines.py:325}}
Jun 09 04:04:40.703665 np0000179098 devstack@n-api-meta.service[108775]: DEBUG oslo_concurrency.lockutils [None req-03f10d1a-16f9-41a3-a120-7cd25ea5fb4a None None] Lock "f8ae3f2d-5dac-4c69-96d0-a3385f2a6d3d" "released" by "nova.context.set_target_cell..get_or_set_cached_cell_and_set_connections" :: held 0.001s {{(pid=108775) inner /opt/stack/data/venv/lib/python3.12/site-packages/oslo_concurrency/lockutils.py:543}}
Jun 09 04:04:40.707619 np0000179098 devstack@n-api-meta.service[108775]: INFO dbcounter [None req-03f10d1a-16f9-41a3-a120-7cd25ea5fb4a None None] Registered counter for database nova_cell0
Jun 09 04:04:40.708584 np0000179098 devstack@n-api-meta.service[108776]: DEBUG oslo_db.sqlalchemy.engines [None req-e4e437b4-442f-48f8-afb4-d14af0c32b0b None None] MySQL server mode set to STRICT_TRANS_TABLES,STRICT_ALL_TABLES,NO_ZERO_IN_DATE,NO_ZERO_DATE,ERROR_FOR_DIVISION_BY_ZERO,TRADITIONAL,NO_ENGINE_SUBSTITUTION {{(pid=108776) _check_effective_sql_mode /opt/stack/data/venv/lib/python3.12/site-packages/oslo_db/sqlalchemy/engines.py:325}}
Jun 09 04:04:40.712668 np0000179098 devstack@n-api-meta.service[108775]: INFO dbcounter [None req-03f10d1a-16f9-41a3-a120-7cd25ea5fb4a None None] Registered counter for database nova_cell1
Jun 09 04:04:40.754121 np0000179098 devstack@n-api-meta.service[108773]: DEBUG oslo_db.sqlalchemy.engines [None req-1231b250-1d89-4523-a6bb-330df5a66183 None None] MySQL server mode set to STRICT_TRANS_TABLES,STRICT_ALL_TABLES,NO_ZERO_IN_DATE,NO_ZERO_DATE,ERROR_FOR_DIVISION_BY_ZERO,TRADITIONAL,NO_ENGINE_SUBSTITUTION {{(pid=108773) _check_effective_sql_mode /opt/stack/data/venv/lib/python3.12/site-packages/oslo_db/sqlalchemy/engines.py:325}}
Jun 09 04:04:40.759218 np0000179098 devstack@n-api-meta.service[108773]: DEBUG oslo_db.sqlalchemy.engines [None req-1231b250-1d89-4523-a6bb-330df5a66183 None None] MySQL server mode set to STRICT_TRANS_TABLES,STRICT_ALL_TABLES,NO_ZERO_IN_DATE,NO_ZERO_DATE,ERROR_FOR_DIVISION_BY_ZERO,TRADITIONAL,NO_ENGINE_SUBSTITUTION {{(pid=108773) _check_effective_sql_mode /opt/stack/data/venv/lib/python3.12/site-packages/oslo_db/sqlalchemy/engines.py:325}}
Jun 09 04:04:40.763676 np0000179098 devstack@n-api-meta.service[108774]: DEBUG dbcounter [-] [108774] Writer thread running {{(pid=108774) stat_writer /opt/stack/data/venv/lib/python3.12/site-packages/dbcounter.py:102}}
Jun 09 04:04:40.770984 np0000179098 devstack@n-api-meta.service[108775]: DEBUG oslo_db.sqlalchemy.engines [None req-03f10d1a-16f9-41a3-a120-7cd25ea5fb4a None None] MySQL server mode set to STRICT_TRANS_TABLES,STRICT_ALL_TABLES,NO_ZERO_IN_DATE,NO_ZERO_DATE,ERROR_FOR_DIVISION_BY_ZERO,TRADITIONAL,NO_ENGINE_SUBSTITUTION {{(pid=108775) _check_effective_sql_mode /opt/stack/data/venv/lib/python3.12/site-packages/oslo_db/sqlalchemy/engines.py:325}}
Jun 09 04:04:40.771954 np0000179098 devstack@n-api-meta.service[108774]: DEBUG dbcounter [-] [108774] Writer thread running {{(pid=108774) stat_writer /opt/stack/data/venv/lib/python3.12/site-packages/dbcounter.py:102}}
Jun 09 04:04:40.777555 np0000179098 devstack@n-api-meta.service[108774]: INFO dbcounter [None req-09005f68-6336-40b8-a3d9-dea7ee1d7882 None None] Registered counter for database nova_cell0
Jun 09 04:04:40.801418 np0000179098 devstack@n-api-meta.service[108776]: DEBUG dbcounter [-] [108776] Writer thread running {{(pid=108776) stat_writer /opt/stack/data/venv/lib/python3.12/site-packages/dbcounter.py:102}}
Jun 09 04:04:40.807950 np0000179098 devstack@n-api-meta.service[108776]: DEBUG dbcounter [-] [108776] Writer thread running {{(pid=108776) stat_writer /opt/stack/data/venv/lib/python3.12/site-packages/dbcounter.py:102}}
Jun 09 04:04:40.812966 np0000179098 devstack@n-api-meta.service[108776]: INFO dbcounter [None req-e4e437b4-442f-48f8-afb4-d14af0c32b0b None None] Registered counter for database nova_cell0
Jun 09 04:04:40.820955 np0000179098 devstack@n-api-meta.service[108774]: DEBUG oslo_db.sqlalchemy.engines [None req-09005f68-6336-40b8-a3d9-dea7ee1d7882 None None] MySQL server mode set to STRICT_TRANS_TABLES,STRICT_ALL_TABLES,NO_ZERO_IN_DATE,NO_ZERO_DATE,ERROR_FOR_DIVISION_BY_ZERO,TRADITIONAL,NO_ENGINE_SUBSTITUTION {{(pid=108774) _check_effective_sql_mode /opt/stack/data/venv/lib/python3.12/site-packages/oslo_db/sqlalchemy/engines.py:325}}
Jun 09 04:04:40.829109 np0000179098 devstack@n-api-meta.service[108774]: DEBUG dbcounter [-] [108774] Writer thread running {{(pid=108774) stat_writer /opt/stack/data/venv/lib/python3.12/site-packages/dbcounter.py:102}}
Jun 09 04:04:40.844706 np0000179098 devstack@n-api-meta.service[108775]: DEBUG oslo_db.sqlalchemy.engines [None req-03f10d1a-16f9-41a3-a120-7cd25ea5fb4a None None] MySQL server mode set to STRICT_TRANS_TABLES,STRICT_ALL_TABLES,NO_ZERO_IN_DATE,NO_ZERO_DATE,ERROR_FOR_DIVISION_BY_ZERO,TRADITIONAL,NO_ENGINE_SUBSTITUTION {{(pid=108775) _check_effective_sql_mode /opt/stack/data/venv/lib/python3.12/site-packages/oslo_db/sqlalchemy/engines.py:325}}
Jun 09 04:04:40.847600 np0000179098 devstack@n-api-meta.service[108773]: DEBUG dbcounter [-] [108773] Writer thread running {{(pid=108773) stat_writer /opt/stack/data/venv/lib/python3.12/site-packages/dbcounter.py:102}}
Jun 09 04:04:40.853333 np0000179098 devstack@n-api-meta.service[108773]: DEBUG dbcounter [-] [108773] Writer thread running {{(pid=108773) stat_writer /opt/stack/data/venv/lib/python3.12/site-packages/dbcounter.py:102}}
Jun 09 04:04:40.859340 np0000179098 devstack@n-api-meta.service[108773]: INFO dbcounter [None req-1231b250-1d89-4523-a6bb-330df5a66183 None None] Registered counter for database nova_cell0
Jun 09 04:04:40.868089 np0000179098 devstack@n-api-meta.service[108776]: DEBUG oslo_db.sqlalchemy.engines [None req-e4e437b4-442f-48f8-afb4-d14af0c32b0b None None] MySQL server mode set to STRICT_TRANS_TABLES,STRICT_ALL_TABLES,NO_ZERO_IN_DATE,NO_ZERO_DATE,ERROR_FOR_DIVISION_BY_ZERO,TRADITIONAL,NO_ENGINE_SUBSTITUTION {{(pid=108776) _check_effective_sql_mode /opt/stack/data/venv/lib/python3.12/site-packages/oslo_db/sqlalchemy/engines.py:325}}
Jun 09 04:04:40.870511 np0000179098 devstack@n-api-meta.service[108775]: DEBUG dbcounter [-] [108775] Writer thread running {{(pid=108775) stat_writer /opt/stack/data/venv/lib/python3.12/site-packages/dbcounter.py:102}}
Jun 09 04:04:40.871690 np0000179098 devstack@n-api-meta.service[108774]: WARNING nova.api.metadata.handler [None req-09005f68-6336-40b8-a3d9-dea7ee1d7882 None None] metadata_proxy_shared_secret is not configured, the metadata information returned by the proxy cannot be trusted
Jun 09 04:04:40.874065 np0000179098 devstack@n-api-meta.service[108774]: DEBUG nova.api.openstack.wsgi_app [None req-09005f68-6336-40b8-a3d9-dea7ee1d7882 None None] ******************************************************************************** {{(pid=108774) log_opt_values /opt/stack/data/venv/lib/python3.12/site-packages/oslo_config/cfg.py:3229}}
Jun 09 04:04:40.874181 np0000179098 devstack@n-api-meta.service[108774]: DEBUG nova.api.openstack.wsgi_app [None req-09005f68-6336-40b8-a3d9-dea7ee1d7882 None None] Configuration options gathered from: {{(pid=108774) log_opt_values /opt/stack/data/venv/lib/python3.12/site-packages/oslo_config/cfg.py:3230}}
Jun 09 04:04:40.874291 np0000179098 devstack@n-api-meta.service[108774]: DEBUG nova.api.openstack.wsgi_app [None req-09005f68-6336-40b8-a3d9-dea7ee1d7882 None None] command line args: [] {{(pid=108774) log_opt_values /opt/stack/data/venv/lib/python3.12/site-packages/oslo_config/cfg.py:3231}}
Jun 09 04:04:40.874444 np0000179098 devstack@n-api-meta.service[108774]: DEBUG nova.api.openstack.wsgi_app [None req-09005f68-6336-40b8-a3d9-dea7ee1d7882 None None] config files: ['/etc/nova/api-paste.ini', '/etc/nova/nova.conf'] {{(pid=108774) log_opt_values /opt/stack/data/venv/lib/python3.12/site-packages/oslo_config/cfg.py:3232}}
Jun 09 04:04:40.874541 np0000179098 devstack@n-api-meta.service[108774]: DEBUG nova.api.openstack.wsgi_app [None req-09005f68-6336-40b8-a3d9-dea7ee1d7882 None None] ================================================================================ {{(pid=108774) log_opt_values /opt/stack/data/venv/lib/python3.12/site-packages/oslo_config/cfg.py:3237}}
Jun 09 04:04:40.874721 np0000179098 devstack@n-api-meta.service[108774]: DEBUG nova.api.openstack.wsgi_app [None req-09005f68-6336-40b8-a3d9-dea7ee1d7882 None None] allow_resize_to_same_host = True {{(pid=108774) log_opt_values /opt/stack/data/venv/lib/python3.12/site-packages/oslo_config/cfg.py:3245}}
Jun 09 04:04:40.874939 np0000179098 devstack@n-api-meta.service[108774]: DEBUG nova.api.openstack.wsgi_app [None req-09005f68-6336-40b8-a3d9-dea7ee1d7882 None None] arq_binding_timeout = 300 {{(pid=108774) log_opt_values /opt/stack/data/venv/lib/python3.12/site-packages/oslo_config/cfg.py:3245}}
Jun 09 04:04:40.875076 np0000179098 devstack@n-api-meta.service[108774]: DEBUG nova.api.openstack.wsgi_app [None req-09005f68-6336-40b8-a3d9-dea7ee1d7882 None None] block_device_allocate_retries = 60 {{(pid=108774) log_opt_values /opt/stack/data/venv/lib/python3.12/site-packages/oslo_config/cfg.py:3245}}
Jun 09 04:04:40.875204 np0000179098 devstack@n-api-meta.service[108774]: DEBUG nova.api.openstack.wsgi_app [None req-09005f68-6336-40b8-a3d9-dea7ee1d7882 None None] block_device_allocate_retries_interval = 3 {{(pid=108774) log_opt_values /opt/stack/data/venv/lib/python3.12/site-packages/oslo_config/cfg.py:3245}}
Jun 09 04:04:40.875332 np0000179098 devstack@n-api-meta.service[108774]: DEBUG nova.api.openstack.wsgi_app [None req-09005f68-6336-40b8-a3d9-dea7ee1d7882 None None] cell_worker_thread_pool_size = 5 {{(pid=108774) log_opt_values /opt/stack/data/venv/lib/python3.12/site-packages/oslo_config/cfg.py:3245}}
Jun 09 04:04:40.875467 np0000179098 devstack@n-api-meta.service[108774]: DEBUG nova.api.openstack.wsgi_app [None req-09005f68-6336-40b8-a3d9-dea7ee1d7882 None None] cert = self.pem {{(pid=108774) log_opt_values /opt/stack/data/venv/lib/python3.12/site-packages/oslo_config/cfg.py:3245}}
Jun 09 04:04:40.875601 np0000179098 devstack@n-api-meta.service[108774]: DEBUG nova.api.openstack.wsgi_app [None req-09005f68-6336-40b8-a3d9-dea7ee1d7882 None None] compute_driver = libvirt.LibvirtDriver {{(pid=108774) log_opt_values /opt/stack/data/venv/lib/python3.12/site-packages/oslo_config/cfg.py:3245}}
Jun 09 04:04:40.875742 np0000179098 devstack@n-api-meta.service[108774]: DEBUG nova.api.openstack.wsgi_app [None req-09005f68-6336-40b8-a3d9-dea7ee1d7882 None None] compute_monitors = [] {{(pid=108774) log_opt_values /opt/stack/data/venv/lib/python3.12/site-packages/oslo_config/cfg.py:3245}}
Jun 09 04:04:40.875899 np0000179098 devstack@n-api-meta.service[108774]: DEBUG nova.api.openstack.wsgi_app [None req-09005f68-6336-40b8-a3d9-dea7ee1d7882 None None] config_dir = [] {{(pid=108774) log_opt_values /opt/stack/data/venv/lib/python3.12/site-packages/oslo_config/cfg.py:3245}}
Jun 09 04:04:40.876031 np0000179098 devstack@n-api-meta.service[108774]: DEBUG nova.api.openstack.wsgi_app [None req-09005f68-6336-40b8-a3d9-dea7ee1d7882 None None] config_drive_format = iso9660 {{(pid=108774) log_opt_values /opt/stack/data/venv/lib/python3.12/site-packages/oslo_config/cfg.py:3245}}
Jun 09 04:04:40.876136 np0000179098 devstack@n-api-meta.service[108774]: DEBUG nova.api.openstack.wsgi_app [None req-09005f68-6336-40b8-a3d9-dea7ee1d7882 None None] config_file = ['/etc/nova/api-paste.ini', '/etc/nova/nova.conf'] {{(pid=108774) log_opt_values /opt/stack/data/venv/lib/python3.12/site-packages/oslo_config/cfg.py:3245}}
Jun 09 04:04:40.876227 np0000179098 devstack@n-api-meta.service[108775]: DEBUG dbcounter [-] [108775] Writer thread running {{(pid=108775) stat_writer /opt/stack/data/venv/lib/python3.12/site-packages/dbcounter.py:102}}
Jun 09 04:04:40.876270 np0000179098 devstack@n-api-meta.service[108774]: DEBUG nova.api.openstack.wsgi_app [None req-09005f68-6336-40b8-a3d9-dea7ee1d7882 None None] config_source = [] {{(pid=108774) log_opt_values /opt/stack/data/venv/lib/python3.12/site-packages/oslo_config/cfg.py:3245}}
Jun 09 04:04:40.876396 np0000179098 devstack@n-api-meta.service[108774]: DEBUG nova.api.openstack.wsgi_app [None req-09005f68-6336-40b8-a3d9-dea7ee1d7882 None None] console_host = np0000179098 {{(pid=108774) log_opt_values /opt/stack/data/venv/lib/python3.12/site-packages/oslo_config/cfg.py:3245}}
Jun 09 04:04:40.876543 np0000179098 devstack@n-api-meta.service[108774]: DEBUG nova.api.openstack.wsgi_app [None req-09005f68-6336-40b8-a3d9-dea7ee1d7882 None None] control_exchange = nova {{(pid=108774) log_opt_values /opt/stack/data/venv/lib/python3.12/site-packages/oslo_config/cfg.py:3245}}
Jun 09 04:04:40.876669 np0000179098 devstack@n-api-meta.service[108774]: DEBUG nova.api.openstack.wsgi_app [None req-09005f68-6336-40b8-a3d9-dea7ee1d7882 None None] cpu_allocation_ratio = None {{(pid=108774) log_opt_values /opt/stack/data/venv/lib/python3.12/site-packages/oslo_config/cfg.py:3245}}
Jun 09 04:04:40.876797 np0000179098 devstack@n-api-meta.service[108774]: DEBUG nova.api.openstack.wsgi_app [None req-09005f68-6336-40b8-a3d9-dea7ee1d7882 None None] daemon = False {{(pid=108774) log_opt_values /opt/stack/data/venv/lib/python3.12/site-packages/oslo_config/cfg.py:3245}}
Jun 09 04:04:40.876948 np0000179098 devstack@n-api-meta.service[108774]: DEBUG nova.api.openstack.wsgi_app [None req-09005f68-6336-40b8-a3d9-dea7ee1d7882 None None] debug = True {{(pid=108774) log_opt_values /opt/stack/data/venv/lib/python3.12/site-packages/oslo_config/cfg.py:3245}}
Jun 09 04:04:40.877080 np0000179098 devstack@n-api-meta.service[108774]: DEBUG nova.api.openstack.wsgi_app [None req-09005f68-6336-40b8-a3d9-dea7ee1d7882 None None] default_access_ip_network_name = None {{(pid=108774) log_opt_values /opt/stack/data/venv/lib/python3.12/site-packages/oslo_config/cfg.py:3245}}
Jun 09 04:04:40.877213 np0000179098 devstack@n-api-meta.service[108774]: DEBUG nova.api.openstack.wsgi_app [None req-09005f68-6336-40b8-a3d9-dea7ee1d7882 None None] default_availability_zone = nova {{(pid=108774) log_opt_values /opt/stack/data/venv/lib/python3.12/site-packages/oslo_config/cfg.py:3245}}
Jun 09 04:04:40.877343 np0000179098 devstack@n-api-meta.service[108774]: DEBUG nova.api.openstack.wsgi_app [None req-09005f68-6336-40b8-a3d9-dea7ee1d7882 None None] default_ephemeral_format = ext4 {{(pid=108774) log_opt_values /opt/stack/data/venv/lib/python3.12/site-packages/oslo_config/cfg.py:3245}}
Jun 09 04:04:40.877465 np0000179098 devstack@n-api-meta.service[108776]: DEBUG dbcounter [-] [108776] Writer thread running {{(pid=108776) stat_writer /opt/stack/data/venv/lib/python3.12/site-packages/dbcounter.py:102}}
Jun 09 04:04:40.877515 np0000179098 devstack@n-api-meta.service[108774]: DEBUG nova.api.openstack.wsgi_app [None req-09005f68-6336-40b8-a3d9-dea7ee1d7882 None None] default_green_pool_size = 1000 {{(pid=108774) log_opt_values /opt/stack/data/venv/lib/python3.12/site-packages/oslo_config/cfg.py:3245}}
Jun 09 04:04:40.878084 np0000179098 devstack@n-api-meta.service[108774]: DEBUG nova.api.openstack.wsgi_app [None req-09005f68-6336-40b8-a3d9-dea7ee1d7882 None None] default_log_levels = ['amqp=WARN', 'boto=WARN', 'sqlalchemy=WARN', 'suds=INFO', 'oslo.messaging=INFO', 'oslo_messaging=INFO', 'iso8601=WARN', 'requests.packages.urllib3.connectionpool=WARN', 'urllib3.connectionpool=WARN', 'websocket=WARN', 'requests.packages.urllib3.util.retry=WARN', 'urllib3.util.retry=WARN', 'keystonemiddleware=WARN', 'routes.middleware=WARN', 'stevedore=WARN', 'taskflow=WARN', 'keystoneauth=WARN', 'oslo.cache=INFO', 'oslo_policy=INFO', 'dogpile.core.dogpile=INFO', 'glanceclient=WARN', 'oslo.privsep.daemon=INFO'] {{(pid=108774) log_opt_values /opt/stack/data/venv/lib/python3.12/site-packages/oslo_config/cfg.py:3245}}
Jun 09 04:04:40.878084 np0000179098 devstack@n-api-meta.service[108774]: DEBUG nova.api.openstack.wsgi_app [None req-09005f68-6336-40b8-a3d9-dea7ee1d7882 None None] default_schedule_zone = None {{(pid=108774) log_opt_values /opt/stack/data/venv/lib/python3.12/site-packages/oslo_config/cfg.py:3245}}
Jun 09 04:04:40.878084 np0000179098 devstack@n-api-meta.service[108774]: DEBUG nova.api.openstack.wsgi_app [None req-09005f68-6336-40b8-a3d9-dea7ee1d7882 None None] default_thread_pool_size = 10 {{(pid=108774) log_opt_values /opt/stack/data/venv/lib/python3.12/site-packages/oslo_config/cfg.py:3245}}
Jun 09 04:04:40.878084 np0000179098 devstack@n-api-meta.service[108774]: DEBUG nova.api.openstack.wsgi_app [None req-09005f68-6336-40b8-a3d9-dea7ee1d7882 None None] disk_allocation_ratio = None {{(pid=108774) log_opt_values /opt/stack/data/venv/lib/python3.12/site-packages/oslo_config/cfg.py:3245}}
Jun 09 04:04:40.878297 np0000179098 devstack@n-api-meta.service[108774]: DEBUG nova.api.openstack.wsgi_app [None req-09005f68-6336-40b8-a3d9-dea7ee1d7882 None None] enable_new_services = True {{(pid=108774) log_opt_values /opt/stack/data/venv/lib/python3.12/site-packages/oslo_config/cfg.py:3245}}
Jun 09 04:04:40.878297 np0000179098 devstack@n-api-meta.service[108774]: DEBUG nova.api.openstack.wsgi_app [None req-09005f68-6336-40b8-a3d9-dea7ee1d7882 None None] flat_injected = False {{(pid=108774) log_opt_values /opt/stack/data/venv/lib/python3.12/site-packages/oslo_config/cfg.py:3245}}
Jun 09 04:04:40.878431 np0000179098 devstack@n-api-meta.service[108774]: DEBUG nova.api.openstack.wsgi_app [None req-09005f68-6336-40b8-a3d9-dea7ee1d7882 None None] force_config_drive = False {{(pid=108774) log_opt_values /opt/stack/data/venv/lib/python3.12/site-packages/oslo_config/cfg.py:3245}}
Jun 09 04:04:40.878552 np0000179098 devstack@n-api-meta.service[108774]: DEBUG nova.api.openstack.wsgi_app [None req-09005f68-6336-40b8-a3d9-dea7ee1d7882 None None] force_raw_images = True {{(pid=108774) log_opt_values /opt/stack/data/venv/lib/python3.12/site-packages/oslo_config/cfg.py:3245}}
Jun 09 04:04:40.878688 np0000179098 devstack@n-api-meta.service[108774]: DEBUG nova.api.openstack.wsgi_app [None req-09005f68-6336-40b8-a3d9-dea7ee1d7882 None None] graceful_shutdown_timeout = 5 {{(pid=108774) log_opt_values /opt/stack/data/venv/lib/python3.12/site-packages/oslo_config/cfg.py:3245}}
Jun 09 04:04:40.878814 np0000179098 devstack@n-api-meta.service[108774]: DEBUG nova.api.openstack.wsgi_app [None req-09005f68-6336-40b8-a3d9-dea7ee1d7882 None None] heal_instance_info_cache_interval = -1 {{(pid=108774) log_opt_values /opt/stack/data/venv/lib/python3.12/site-packages/oslo_config/cfg.py:3245}}
Jun 09 04:04:40.879030 np0000179098 devstack@n-api-meta.service[108774]: DEBUG nova.api.openstack.wsgi_app [None req-09005f68-6336-40b8-a3d9-dea7ee1d7882 None None] host = np0000179098 {{(pid=108774) log_opt_values /opt/stack/data/venv/lib/python3.12/site-packages/oslo_config/cfg.py:3245}}
Jun 09 04:04:40.879211 np0000179098 devstack@n-api-meta.service[108774]: DEBUG nova.api.openstack.wsgi_app [None req-09005f68-6336-40b8-a3d9-dea7ee1d7882 None None] initial_cpu_allocation_ratio = 4.0 {{(pid=108774) log_opt_values /opt/stack/data/venv/lib/python3.12/site-packages/oslo_config/cfg.py:3245}}
Jun 09 04:04:40.879289 np0000179098 devstack@n-api-meta.service[108774]: DEBUG nova.api.openstack.wsgi_app [None req-09005f68-6336-40b8-a3d9-dea7ee1d7882 None None] initial_disk_allocation_ratio = 1.0 {{(pid=108774) log_opt_values /opt/stack/data/venv/lib/python3.12/site-packages/oslo_config/cfg.py:3245}}
Jun 09 04:04:40.879416 np0000179098 devstack@n-api-meta.service[108774]: DEBUG nova.api.openstack.wsgi_app [None req-09005f68-6336-40b8-a3d9-dea7ee1d7882 None None] initial_ram_allocation_ratio = 1.0 {{(pid=108774) log_opt_values /opt/stack/data/venv/lib/python3.12/site-packages/oslo_config/cfg.py:3245}}
Jun 09 04:04:40.879586 np0000179098 devstack@n-api-meta.service[108774]: DEBUG nova.api.openstack.wsgi_app [None req-09005f68-6336-40b8-a3d9-dea7ee1d7882 None None] injected_network_template = /opt/stack/nova/nova/virt/interfaces.template {{(pid=108774) log_opt_values /opt/stack/data/venv/lib/python3.12/site-packages/oslo_config/cfg.py:3245}}
Jun 09 04:04:40.879713 np0000179098 devstack@n-api-meta.service[108774]: DEBUG nova.api.openstack.wsgi_app [None req-09005f68-6336-40b8-a3d9-dea7ee1d7882 None None] instance_build_timeout = 0 {{(pid=108774) log_opt_values /opt/stack/data/venv/lib/python3.12/site-packages/oslo_config/cfg.py:3245}}
Jun 09 04:04:40.879842 np0000179098 devstack@n-api-meta.service[108774]: DEBUG nova.api.openstack.wsgi_app [None req-09005f68-6336-40b8-a3d9-dea7ee1d7882 None None] instance_delete_interval = 300 {{(pid=108774) log_opt_values /opt/stack/data/venv/lib/python3.12/site-packages/oslo_config/cfg.py:3245}}
Jun 09 04:04:40.879994 np0000179098 devstack@n-api-meta.service[108774]: DEBUG nova.api.openstack.wsgi_app [None req-09005f68-6336-40b8-a3d9-dea7ee1d7882 None None] instance_format = [instance: %(uuid)s] {{(pid=108774) log_opt_values /opt/stack/data/venv/lib/python3.12/site-packages/oslo_config/cfg.py:3245}}
Jun 09 04:04:40.880127 np0000179098 devstack@n-api-meta.service[108774]: DEBUG nova.api.openstack.wsgi_app [None req-09005f68-6336-40b8-a3d9-dea7ee1d7882 None None] instance_name_template = instance-%08x {{(pid=108774) log_opt_values /opt/stack/data/venv/lib/python3.12/site-packages/oslo_config/cfg.py:3245}}
Jun 09 04:04:40.880254 np0000179098 devstack@n-api-meta.service[108774]: DEBUG nova.api.openstack.wsgi_app [None req-09005f68-6336-40b8-a3d9-dea7ee1d7882 None None] instance_usage_audit = False {{(pid=108774) log_opt_values /opt/stack/data/venv/lib/python3.12/site-packages/oslo_config/cfg.py:3245}}
Jun 09 04:04:40.880390 np0000179098 devstack@n-api-meta.service[108774]: DEBUG nova.api.openstack.wsgi_app [None req-09005f68-6336-40b8-a3d9-dea7ee1d7882 None None] instance_usage_audit_period = month {{(pid=108774) log_opt_values /opt/stack/data/venv/lib/python3.12/site-packages/oslo_config/cfg.py:3245}}
Jun 09 04:04:40.880538 np0000179098 devstack@n-api-meta.service[108774]: DEBUG nova.api.openstack.wsgi_app [None req-09005f68-6336-40b8-a3d9-dea7ee1d7882 None None] instance_uuid_format = [instance: %(uuid)s] {{(pid=108774) log_opt_values /opt/stack/data/venv/lib/python3.12/site-packages/oslo_config/cfg.py:3245}}
Jun 09 04:04:40.880668 np0000179098 devstack@n-api-meta.service[108774]: DEBUG nova.api.openstack.wsgi_app [None req-09005f68-6336-40b8-a3d9-dea7ee1d7882 None None] instances_path = /opt/stack/data/nova/instances {{(pid=108774) log_opt_values /opt/stack/data/venv/lib/python3.12/site-packages/oslo_config/cfg.py:3245}}
Jun 09 04:04:40.880799 np0000179098 devstack@n-api-meta.service[108774]: DEBUG nova.api.openstack.wsgi_app [None req-09005f68-6336-40b8-a3d9-dea7ee1d7882 None None] internal_service_availability_zone = internal {{(pid=108774) log_opt_values /opt/stack/data/venv/lib/python3.12/site-packages/oslo_config/cfg.py:3245}}
Jun 09 04:04:40.880942 np0000179098 devstack@n-api-meta.service[108774]: DEBUG nova.api.openstack.wsgi_app [None req-09005f68-6336-40b8-a3d9-dea7ee1d7882 None None] key = None {{(pid=108774) log_opt_values /opt/stack/data/venv/lib/python3.12/site-packages/oslo_config/cfg.py:3245}}
Jun 09 04:04:40.881068 np0000179098 devstack@n-api-meta.service[108774]: DEBUG nova.api.openstack.wsgi_app [None req-09005f68-6336-40b8-a3d9-dea7ee1d7882 None None] live_migration_retry_count = 30 {{(pid=108774) log_opt_values /opt/stack/data/venv/lib/python3.12/site-packages/oslo_config/cfg.py:3245}}
Jun 09 04:04:40.881201 np0000179098 devstack@n-api-meta.service[108774]: DEBUG nova.api.openstack.wsgi_app [None req-09005f68-6336-40b8-a3d9-dea7ee1d7882 None None] log_color = False {{(pid=108774) log_opt_values /opt/stack/data/venv/lib/python3.12/site-packages/oslo_config/cfg.py:3245}}
Jun 09 04:04:40.881331 np0000179098 devstack@n-api-meta.service[108774]: DEBUG nova.api.openstack.wsgi_app [None req-09005f68-6336-40b8-a3d9-dea7ee1d7882 None None] log_config_append = None {{(pid=108774) log_opt_values /opt/stack/data/venv/lib/python3.12/site-packages/oslo_config/cfg.py:3245}}
Jun 09 04:04:40.881464 np0000179098 devstack@n-api-meta.service[108774]: DEBUG nova.api.openstack.wsgi_app [None req-09005f68-6336-40b8-a3d9-dea7ee1d7882 None None] log_date_format = %Y-%m-%d %H:%M:%S {{(pid=108774) log_opt_values /opt/stack/data/venv/lib/python3.12/site-packages/oslo_config/cfg.py:3245}}
Jun 09 04:04:40.881590 np0000179098 devstack@n-api-meta.service[108774]: DEBUG nova.api.openstack.wsgi_app [None req-09005f68-6336-40b8-a3d9-dea7ee1d7882 None None] log_dir = None {{(pid=108774) log_opt_values /opt/stack/data/venv/lib/python3.12/site-packages/oslo_config/cfg.py:3245}}
Jun 09 04:04:40.881715 np0000179098 devstack@n-api-meta.service[108774]: DEBUG nova.api.openstack.wsgi_app [None req-09005f68-6336-40b8-a3d9-dea7ee1d7882 None None] log_file = None {{(pid=108774) log_opt_values /opt/stack/data/venv/lib/python3.12/site-packages/oslo_config/cfg.py:3245}}
Jun 09 04:04:40.881815 np0000179098 devstack@n-api-meta.service[108774]: DEBUG nova.api.openstack.wsgi_app [None req-09005f68-6336-40b8-a3d9-dea7ee1d7882 None None] log_options = True {{(pid=108774) log_opt_values /opt/stack/data/venv/lib/python3.12/site-packages/oslo_config/cfg.py:3245}}
Jun 09 04:04:40.881959 np0000179098 devstack@n-api-meta.service[108774]: DEBUG nova.api.openstack.wsgi_app [None req-09005f68-6336-40b8-a3d9-dea7ee1d7882 None None] log_rotate_interval = 1 {{(pid=108774) log_opt_values /opt/stack/data/venv/lib/python3.12/site-packages/oslo_config/cfg.py:3245}}
Jun 09 04:04:40.882050 np0000179098 devstack@n-api-meta.service[108775]: INFO dbcounter [None req-03f10d1a-16f9-41a3-a120-7cd25ea5fb4a None None] Registered counter for database nova_cell0
Jun 09 04:04:40.882107 np0000179098 devstack@n-api-meta.service[108774]: DEBUG nova.api.openstack.wsgi_app [None req-09005f68-6336-40b8-a3d9-dea7ee1d7882 None None] log_rotate_interval_type = days {{(pid=108774) log_opt_values /opt/stack/data/venv/lib/python3.12/site-packages/oslo_config/cfg.py:3245}}
Jun 09 04:04:40.882223 np0000179098 devstack@n-api-meta.service[108774]: DEBUG nova.api.openstack.wsgi_app [None req-09005f68-6336-40b8-a3d9-dea7ee1d7882 None None] log_rotation_type = none {{(pid=108774) log_opt_values /opt/stack/data/venv/lib/python3.12/site-packages/oslo_config/cfg.py:3245}}
Jun 09 04:04:40.882328 np0000179098 devstack@n-api-meta.service[108774]: DEBUG nova.api.openstack.wsgi_app [None req-09005f68-6336-40b8-a3d9-dea7ee1d7882 None None] logging_context_format_string = %(color)s%(levelname)s %(name)s [%(global_request_id)s %(request_id)s %(project_name)s %(user_name)s%(color)s] %(instance)s%(color)s%(message)s {{(pid=108774) log_opt_values /opt/stack/data/venv/lib/python3.12/site-packages/oslo_config/cfg.py:3245}}
Jun 09 04:04:40.882428 np0000179098 devstack@n-api-meta.service[108774]: DEBUG nova.api.openstack.wsgi_app [None req-09005f68-6336-40b8-a3d9-dea7ee1d7882 None None] logging_debug_format_suffix = {{(pid=%(process)d) %(funcName)s %(pathname)s:%(lineno)d}} {{(pid=108774) log_opt_values /opt/stack/data/venv/lib/python3.12/site-packages/oslo_config/cfg.py:3245}}
Jun 09 04:04:40.882567 np0000179098 devstack@n-api-meta.service[108774]: DEBUG nova.api.openstack.wsgi_app [None req-09005f68-6336-40b8-a3d9-dea7ee1d7882 None None] logging_default_format_string = %(color)s%(levelname)s %(name)s [-%(color)s] %(instance)s%(color)s%(message)s {{(pid=108774) log_opt_values /opt/stack/data/venv/lib/python3.12/site-packages/oslo_config/cfg.py:3245}}
Jun 09 04:04:40.882698 np0000179098 devstack@n-api-meta.service[108774]: DEBUG nova.api.openstack.wsgi_app [None req-09005f68-6336-40b8-a3d9-dea7ee1d7882 None None] logging_exception_prefix = ERROR %(name)s %(instance)s {{(pid=108774) log_opt_values /opt/stack/data/venv/lib/python3.12/site-packages/oslo_config/cfg.py:3245}}
Jun 09 04:04:40.882797 np0000179098 devstack@n-api-meta.service[108774]: DEBUG nova.api.openstack.wsgi_app [None req-09005f68-6336-40b8-a3d9-dea7ee1d7882 None None] logging_user_identity_format = %(user)s %(project)s %(domain)s %(system_scope)s %(user_domain)s %(project_domain)s {{(pid=108774) log_opt_values /opt/stack/data/venv/lib/python3.12/site-packages/oslo_config/cfg.py:3245}}
