2026-05-26 09:30:53.107 8 INFO neutron.db.segments_db [None req-fd9e7a24-97ae-4dec-a275-94a6f5f4ca71 ecd3ed8a132243008d66adf23bd999df d4fd996103d840549741508c45ad35ac - - default default] Added segment 4be512fa-eef0-43ac-b893-9c658e019ed2 of type geneve for network a6577861-5d10-4b08-b09c-3c34b746de4b
2026-05-26 09:30:53.180 7 INFO neutron.plugins.ml2.drivers.ovn.mech_driver.mech_driver [None req-3a790fd8-2cdc-49e5-b3c0-1435655bf79e - - - - - -] OVN reports status down for port: a887c8bf-57eb-4ebe-84fb-a6f825b60b83
2026-05-26 09:30:53.211 8 INFO neutron.db.ovn_revision_numbers_db [None req-fd9e7a24-97ae-4dec-a275-94a6f5f4ca71 ecd3ed8a132243008d66adf23bd999df d4fd996103d840549741508c45ad35ac - - default default] Successfully bumped revision number for resource a6577861-5d10-4b08-b09c-3c34b746de4b (type: networks) to 1
2026-05-26 09:30:53.380 8 WARNING neutron.scheduler.dhcp_agent_scheduler [None req-fd9e7a24-97ae-4dec-a275-94a6f5f4ca71 ecd3ed8a132243008d66adf23bd999df d4fd996103d840549741508c45ad35ac - - default default] No more DHCP agents
2026-05-26 09:30:53.381 8 WARNING neutron.api.rpc.agentnotifiers.dhcp_rpc_agent_api [None req-fd9e7a24-97ae-4dec-a275-94a6f5f4ca71 ecd3ed8a132243008d66adf23bd999df d4fd996103d840549741508c45ad35ac - - default default] Unable to schedule network a6577861-5d10-4b08-b09c-3c34b746de4b: no agents available; will retry on subsequent port and subnet creation events.
2026-05-26 09:30:53.468 8 INFO neutron.db.ovn_revision_numbers_db [None req-fd9e7a24-97ae-4dec-a275-94a6f5f4ca71 ecd3ed8a132243008d66adf23bd999df d4fd996103d840549741508c45ad35ac - - default default] Successfully bumped revision number for resource 0ef56334-b498-4b20-bdd0-9e37664a5c9c (type: ports) to 1 [pid: 8|app: 0|req: 1083/2106] 10.0.0.174 () {34 vars in 670 bytes} [Tue May 26 09:30:52 2026] POST /v2.0/networks => generated 748 bytes in 707 msecs (HTTP/1.1 201) 4 headers in 162 bytes (1 switches on core 0) [pid: 8|app: 0|req: 1084/2107] 10.0.0.174 () {32 vars in 663 bytes} [Tue May 26 09:30:53 2026] GET /v2.0/security-groups => generated 4530 bytes in 29 msecs (HTTP/1.1 200) 4 headers in 158 bytes (1 switches on core 0)
2026-05-26 09:30:53.636 8 INFO neutron.db.segments_db [None req-9d8ed1f3-9e03-4b33-a699-f81fbf074a09 d05141fc3b674eea8719373478f8959d bd01ad345fc346a39e370b15b8fe0fba - - default default] Added segment 4d62a2ec-7fb7-4679-824a-18a6af412d60 of type geneve for network 5b877ee6-61f5-4349-98fd-c6c9a0bf756f
2026-05-26 09:30:53.750 8 INFO neutron.db.ovn_revision_numbers_db [None req-9d8ed1f3-9e03-4b33-a699-f81fbf074a09 d05141fc3b674eea8719373478f8959d bd01ad345fc346a39e370b15b8fe0fba - - default default] Successfully bumped revision number for resource 5b877ee6-61f5-4349-98fd-c6c9a0bf756f (type: networks) to 1
2026-05-26 09:30:53.752 7 INFO neutron.plugins.ml2.drivers.ovn.mech_driver.mech_driver [None req-3a790fd8-2cdc-49e5-b3c0-1435655bf79e - - - - - -] OVN reports status up for port: a887c8bf-57eb-4ebe-84fb-a6f825b60b83
2026-05-26 09:30:53.775 7 INFO neutron.plugins.ml2.plugin [None req-3a790fd8-2cdc-49e5-b3c0-1435655bf79e - - - - - -] Attempt 1 to provision port a887c8bf-57eb-4ebe-84fb-a6f825b60b83
2026-05-26 09:30:53.898 8 WARNING neutron.scheduler.dhcp_agent_scheduler [None req-9d8ed1f3-9e03-4b33-a699-f81fbf074a09 d05141fc3b674eea8719373478f8959d bd01ad345fc346a39e370b15b8fe0fba - - default default] No more DHCP agents
2026-05-26 09:30:53.900 8 WARNING neutron.api.rpc.agentnotifiers.dhcp_rpc_agent_api [None req-9d8ed1f3-9e03-4b33-a699-f81fbf074a09 d05141fc3b674eea8719373478f8959d bd01ad345fc346a39e370b15b8fe0fba - - default default] Unable to schedule network 5b877ee6-61f5-4349-98fd-c6c9a0bf756f: no agents available; will retry on subsequent port and subnet creation events.
2026-05-26 09:30:53.932 7 WARNING neutron.scheduler.dhcp_agent_scheduler [None req-b46725c3-5211-463e-aeaf-e11aaf462d08 - - - - - -] No more DHCP agents
2026-05-26 09:30:53.945 7 WARNING neutron.api.rpc.agentnotifiers.dhcp_rpc_agent_api [None req-b46725c3-5211-463e-aeaf-e11aaf462d08 - - - - - -] Unable to schedule network 9549b209-1fd7-40ea-b558-d581caeb0573: no agents available; will retry on subsequent port and subnet creation events.
2026-05-26 09:30:53.971 8 INFO neutron.db.ovn_revision_numbers_db [None req-9d8ed1f3-9e03-4b33-a699-f81fbf074a09 d05141fc3b674eea8719373478f8959d bd01ad345fc346a39e370b15b8fe0fba - - default default] Successfully bumped revision number for resource ccbce685-8700-4994-951b-009bd3831b1b (type: ports) to 1 [pid: 8|app: 0|req: 1085/2108] 10.0.0.174 () {34 vars in 670 bytes} [Tue May 26 09:30:53 2026] POST /v2.0/networks => generated 651 bytes in 478 msecs (HTTP/1.1 201) 4 headers in 162 bytes (1 switches on core 0)
2026-05-26 09:30:54.136 8 WARNING neutron.scheduler.dhcp_agent_scheduler [None req-74239db7-d20b-4d4b-b4aa-30f00cdf2a8e ecd3ed8a132243008d66adf23bd999df d4fd996103d840549741508c45ad35ac - - default default] No more DHCP agents
2026-05-26 09:30:54.137 8 WARNING neutron.api.rpc.agentnotifiers.dhcp_rpc_agent_api [None req-74239db7-d20b-4d4b-b4aa-30f00cdf2a8e ecd3ed8a132243008d66adf23bd999df d4fd996103d840549741508c45ad35ac - - default default] Unable to schedule network a6577861-5d10-4b08-b09c-3c34b746de4b: no agents available; will retry on subsequent port and subnet creation events.
2026-05-26 09:30:54.461 7 INFO neutron.db.ovn_revision_numbers_db [None req-3a790fd8-2cdc-49e5-b3c0-1435655bf79e - - - - - -] Successfully bumped revision number for resource a887c8bf-57eb-4ebe-84fb-a6f825b60b83 (type: ports) to 2
2026-05-26 09:30:54.609 8 INFO neutron.db.ovn_revision_numbers_db [None req-95ea0027-f230-4b64-a4f8-d7447acc7f5c - - - - - -] Successfully bumped revision number for resource 0ef56334-b498-4b20-bdd0-9e37664a5c9c (type: ports) to 2
2026-05-26 09:30:54.638 8 INFO neutron.db.ovn_revision_numbers_db [None req-95ea0027-f230-4b64-a4f8-d7447acc7f5c - - - - - -] Successfully bumped revision number for resource 251b94fb-f0d9-4cf2-9a36-7e70ea78e51c (type: subnets) to 0 [pid: 8|app: 0|req: 1086/2109] 10.0.0.174 () {34 vars in 669 bytes} [Tue May 26 09:30:54 2026] POST /v2.0/subnets => generated 644 bytes in 653 msecs (HTTP/1.1 201) 4 headers in 162 bytes (1 switches on core 0)
2026-05-26 09:30:54.756 8 WARNING neutron.plugins.ml2.drivers.ovn.mech_driver.ovsdb.ovn_client [None req-e4a40921-f358-4497-8a73-b772769ab3f8 - - - - - -] No hosting information found for port d988e8f4-0678-462a-8458-4771084a0313: RuntimeError: No hosting information found for port d988e8f4-0678-462a-8458-4771084a0313
2026-05-26 09:30:54.789 7 INFO neutron.db.ovn_revision_numbers_db [None req-b46725c3-5211-463e-aeaf-e11aaf462d08 - - - - - -] Successfully bumped revision number for resource a887c8bf-57eb-4ebe-84fb-a6f825b60b83 (type: router_ports) to 1
2026-05-26 09:30:54.798 8 INFO neutron.db.ovn_revision_numbers_db [None req-46ce462a-f3f7-4c50-88fa-7fa69e978bc2 beefdd0c2d94420190fb880048199905 90e77ad73c6344d8a5675eb0f67c8910 - - default default] Successfully bumped revision number for resource 2fa243be-c3ae-4c95-b9dc-834c47e146c6 (type: security_groups) to 2 [pid: 8|app: 0|req: 1087/2110] 10.0.0.174 () {34 vars in 758 bytes} [Tue May 26 09:30:54 2026] PUT /v2.0/security-groups/2fa243be-c3ae-4c95-b9dc-834c47e146c6 => generated 1662 bytes in 209 msecs (HTTP/1.1 200) 4 headers in 158 bytes (1 switches on core 0)
2026-05-26 09:30:54.882 8 INFO neutron.db.ovn_revision_numbers_db [None req-e4a40921-f358-4497-8a73-b772769ab3f8 - - - - - -] Successfully bumped revision number for resource d988e8f4-0678-462a-8458-4771084a0313 (type: router_ports) to 2
2026-05-26 09:30:54.963 8 INFO neutron.plugins.ml2.drivers.ovn.mech_driver.mech_driver [None req-e4a40921-f358-4497-8a73-b772769ab3f8 - - - - - -] OVN reports status down for port: eacd6310-b1f6-463b-8200-2a57243edac2
2026-05-26 09:30:55.042 7 WARNING neutron.scheduler.dhcp_agent_scheduler [None req-b46725c3-5211-463e-aeaf-e11aaf462d08 - - - - - -] No more DHCP agents
2026-05-26 09:30:55.044 7 WARNING neutron.api.rpc.agentnotifiers.dhcp_rpc_agent_api [None req-b46725c3-5211-463e-aeaf-e11aaf462d08 - - - - - -] Unable to schedule network 9549b209-1fd7-40ea-b558-d581caeb0573: no agents available; will retry on subsequent port and subnet creation events.
2026-05-26 09:30:55.066 8 INFO neutron.plugins.ml2.drivers.ovn.mech_driver.mech_driver [None req-e4a40921-f358-4497-8a73-b772769ab3f8 - - - - - -] OVN reports status down for port: 0ef56334-b498-4b20-bdd0-9e37664a5c9c
2026-05-26 09:30:55.195 8 INFO neutron.plugins.ml2.drivers.ovn.mech_driver.mech_driver [None req-e4a40921-f358-4497-8a73-b772769ab3f8 - - - - - -] OVN reports status down for port: ccbce685-8700-4994-951b-009bd3831b1b
2026-05-26 09:30:55.206 7 INFO neutron.db.ovn_revision_numbers_db [None req-b46725c3-5211-463e-aeaf-e11aaf462d08 - - - - - -] Successfully bumped revision number for resource c0abbed9-653a-47ff-a819-7a3eddc7d670 (type: ports) to 1
2026-05-26 09:30:55.211 8 WARNING neutron.scheduler.dhcp_agent_scheduler [None req-2397f33e-d798-42f4-9a15-f55c64ec532a d05141fc3b674eea8719373478f8959d bd01ad345fc346a39e370b15b8fe0fba - - default default] No more DHCP agents
2026-05-26 09:30:55.215 8 WARNING neutron.api.rpc.agentnotifiers.dhcp_rpc_agent_api [None req-2397f33e-d798-42f4-9a15-f55c64ec532a d05141fc3b674eea8719373478f8959d bd01ad345fc346a39e370b15b8fe0fba - - default default] Unable to schedule network 5b877ee6-61f5-4349-98fd-c6c9a0bf756f: no agents available; will retry on subsequent port and subnet creation events.
2026-05-26 09:30:55.495 7 INFO neutron.db.ovn_revision_numbers_db [None req-b46725c3-5211-463e-aeaf-e11aaf462d08 - - - - - -] Successfully bumped revision number for resource c0abbed9-653a-47ff-a819-7a3eddc7d670 (type: ports) to 3 [pid: 7|app: 0|req: 1024/2111] 10.0.0.174 () {34 vars in 685 bytes} [Tue May 26 09:30:49 2026] POST /v2.0/vpn/vpnservices => generated 457 bytes in 5899 msecs (HTTP/1.1 201) 4 headers in 162 bytes (1 switches on core 0)
2026-05-26 09:30:55.739 7 WARNING neutron.api.v2.base [None req-6b138546-d397-43d0-8341-e8937745b487 ecd3ed8a132243008d66adf23bd999df d4fd996103d840549741508c45ad35ac - - default default] An exception happened while processing the request body. The exception message is [Invalid input for target_tenant. Reason: 'None' is not a valid string.].: webob.exc.HTTPBadRequest: Invalid input for target_tenant. Reason: 'None' is not a valid string.
2026-05-26 09:30:55.739 7 INFO neutron.api.v2.resource [None req-6b138546-d397-43d0-8341-e8937745b487 ecd3ed8a132243008d66adf23bd999df d4fd996103d840549741508c45ad35ac - - default default] create failed (client error): Invalid input for target_tenant. Reason: 'None' is not a valid string. [pid: 7|app: 0|req: 1025/2112] 10.0.0.174 () {34 vars in 681 bytes} [Tue May 26 09:30:55 2026] POST /v2.0/rbac-policies => generated 143 bytes in 5 msecs (HTTP/1.1 400) 4 headers in 166 bytes (1 switches on core 0) [pid: 7|app: 0|req: 1026/2113] 10.0.0.174 () {32 vars in 737 bytes} [Tue May 26 09:30:55 2026] GET /v2.0/security-groups/2fa243be-c3ae-4c95-b9dc-834c47e146c6 => generated 1662 bytes in 19 msecs (HTTP/1.1 200) 4 headers in 158 bytes (1 switches on core 0)
2026-05-26 09:30:55.759 8 INFO neutron.db.ovn_revision_numbers_db [None req-46e7ba10-1cb0-4eba-bde7-a720c8203f0b - - - - - -] Successfully bumped revision number for resource ccbce685-8700-4994-951b-009bd3831b1b (type: ports) to 2
2026-05-26 09:30:55.794 8 INFO neutron.db.ovn_revision_numbers_db [None req-46e7ba10-1cb0-4eba-bde7-a720c8203f0b - - - - - -] Successfully bumped revision number for resource 4e873210-317d-471b-987d-30ed5ef62ef7 (type: subnets) to 0 [pid: 8|app: 0|req: 1088/2114] 10.0.0.174 () {34 vars in 669 bytes} [Tue May 26 09:30:54 2026] POST /v2.0/subnets => generated 629 bytes in 944 msecs (HTTP/1.1 201) 4 headers in 162 bytes (1 switches on core 0) [pid: 8|app: 0|req: 1089/2115] 10.0.0.174 () {32 vars in 663 bytes} [Tue May 26 09:30:55 2026] GET /v2.0/vpn/vpnservices => generated 1314 bytes in 11 msecs (HTTP/1.1 200) 4 headers in 158 bytes (1 switches on core 0)
2026-05-26 09:30:55.903 7 INFO neutron_taas.services.taas.taas_plugin [None req-ca53aabf-d7c7-4f20-8bd2-274ffbc2689f ecd3ed8a132243008d66adf23bd999df d4fd996103d840549741508c45ad35ac - - default default] TaaS: Handle Delete Port: 0ef56334-b498-4b20-bdd0-9e37664a5c9c
2026-05-26 09:30:55.905 7 INFO neutron_taas.services.taas.tap_mirror_plugin [None req-ca53aabf-d7c7-4f20-8bd2-274ffbc2689f ecd3ed8a132243008d66adf23bd999df d4fd996103d840549741508c45ad35ac - - default default] Tap Mirror: Handle Delete Port: 0ef56334-b498-4b20-bdd0-9e37664a5c9c [pid: 8|app: 0|req: 1090/2116] 10.0.0.174 () {32 vars in 740 bytes} [Tue May 26 09:30:55 2026] DELETE /v2.0/security-groups/2fa243be-c3ae-4c95-b9dc-834c47e146c6 => generated 0 bytes in 115 msecs (HTTP/1.1 204) 2 headers in 112 bytes (1 switches on core 0)
2026-05-26 09:30:56.049 8 INFO neutron.db.segments_db [None req-9cbe9d00-cf74-4839-9efd-6de7833846f7 d05141fc3b674eea8719373478f8959d bd01ad345fc346a39e370b15b8fe0fba - - default default] Added segment df97a7c8-33c2-418b-b7df-6e693196218f of type geneve for network 77223407-5e7a-45a8-8617-080526a09568
2026-05-26 09:30:56.164 8 INFO neutron.db.ovn_revision_numbers_db [None req-9cbe9d00-cf74-4839-9efd-6de7833846f7 d05141fc3b674eea8719373478f8959d bd01ad345fc346a39e370b15b8fe0fba - - default default] Successfully bumped revision number for resource 77223407-5e7a-45a8-8617-080526a09568 (type: networks) to 1
2026-05-26 09:30:56.214 7 INFO neutron.services.segments.plugin [-] Segment 4be512fa-eef0-43ac-b893-9c658e019ed2 resource provider aggregate not found
2026-05-26 09:30:56.221 7 INFO neutron.services.segments.plugin [-] Segment 4be512fa-eef0-43ac-b893-9c658e019ed2 resource provider aggregate not found
2026-05-26 09:30:56.234 7 INFO neutron.services.segments.plugin [-] Segment 4be512fa-eef0-43ac-b893-9c658e019ed2 resource provider not found; error: Placement Client Error (4xx): {"errors": [{"status": 404, "title": "Not Found", "detail": "The resource could not be found.\n\n No resource provider with uuid 4be512fa-eef0-43ac-b893-9c658e019ed2 found for delete ", "request_id": "req-f738cce5-5c29-4e2c-a0d4-ace7c2e7ffa4"}]}
2026-05-26 09:30:56.241 7 INFO neutron.services.segments.plugin [-] Segment 4be512fa-eef0-43ac-b893-9c658e019ed2 resource provider not found; error: Placement Client Error (4xx): {"errors": [{"status": 404, "title": "Not Found", "detail": "The resource could not be found.\n\n No resource provider with uuid 4be512fa-eef0-43ac-b893-9c658e019ed2 found for delete ", "request_id": "req-b339ad48-8c01-44af-a29a-f19416f5339d"}]} [pid: 7|app: 0|req: 1027/2117] 10.0.0.174 () {32 vars in 726 bytes} [Tue May 26 09:30:55 2026] DELETE /v2.0/networks/a6577861-5d10-4b08-b09c-3c34b746de4b => generated 0 bytes in 520 msecs (HTTP/1.1 204) 3 headers in 131 bytes (1 switches on core 0)
2026-05-26 09:30:56.362 8 WARNING neutron.scheduler.dhcp_agent_scheduler [None req-9cbe9d00-cf74-4839-9efd-6de7833846f7 d05141fc3b674eea8719373478f8959d bd01ad345fc346a39e370b15b8fe0fba - - default default] No more DHCP agents
2026-05-26 09:30:56.367 8 WARNING neutron.api.rpc.agentnotifiers.dhcp_rpc_agent_api [None req-9cbe9d00-cf74-4839-9efd-6de7833846f7 d05141fc3b674eea8719373478f8959d bd01ad345fc346a39e370b15b8fe0fba - - default default] Unable to schedule network 77223407-5e7a-45a8-8617-080526a09568: no agents available; will retry on subsequent port and subnet creation events.
2026-05-26 09:30:56.452 8 INFO neutron.db.ovn_revision_numbers_db [None req-9cbe9d00-cf74-4839-9efd-6de7833846f7 d05141fc3b674eea8719373478f8959d bd01ad345fc346a39e370b15b8fe0fba - - default default] Successfully bumped revision number for resource 65c8b4be-3c1b-4091-b1c5-3d24e7107e2d (type: ports) to 1 [pid: 8|app: 0|req: 1091/2118] 10.0.0.174 () {34 vars in 670 bytes} [Tue May 26 09:30:55 2026] POST /v2.0/networks => generated 651 bytes in 562 msecs (HTTP/1.1 201) 4 headers in 162 bytes (1 switches on core 0) [pid: 8|app: 0|req: 1094/2121] 10.0.0.174 () {32 vars in 663 bytes} [Tue May 26 09:30:56 2026] GET /v2.0/security-groups => generated 2925 bytes in 30 msecs (HTTP/1.1 200) 4 headers in 158 bytes (1 switches on core 0)
2026-05-26 09:30:56.605 7 INFO neutron_taas.services.taas.taas_plugin [None req-6ab84061-8f96-4d88-a5ad-946e3caa3cd8 a68095e1b34c444db6552ec215b0c7b5 8dc23ed543964f80af53e36eb4bfe26a - - default default] TaaS: Handle Delete Port: eacd6310-b1f6-463b-8200-2a57243edac2
2026-05-26 09:30:56.607 7 INFO neutron_taas.services.taas.tap_mirror_plugin [None req-6ab84061-8f96-4d88-a5ad-946e3caa3cd8 a68095e1b34c444db6552ec215b0c7b5 8dc23ed543964f80af53e36eb4bfe26a - - default default] Tap Mirror: Handle Delete Port: eacd6310-b1f6-463b-8200-2a57243edac2
2026-05-26 09:30:56.622 8 INFO neutron.db.segments_db [None req-71084e37-496e-4a05-8ecc-f7120c51a22b ecd3ed8a132243008d66adf23bd999df d4fd996103d840549741508c45ad35ac - - default default] Added segment 36290441-55ae-479a-8a3f-919ed0f6d793 of type geneve for network 8d1d5abe-197c-4e80-b303-9c849413b5d7
2026-05-26 09:30:56.729 8 INFO neutron.db.ovn_revision_numbers_db [None req-71084e37-496e-4a05-8ecc-f7120c51a22b ecd3ed8a132243008d66adf23bd999df d4fd996103d840549741508c45ad35ac - - default default] Successfully bumped revision number for resource 8d1d5abe-197c-4e80-b303-9c849413b5d7 (type: networks) to 1
2026-05-26 09:30:56.850 7 INFO neutron_taas.services.taas.taas_plugin [None req-10be5559-e270-41b4-8a20-47ef23d97e5e - - - - - -] TaaS: Handle Delete Port: c0abbed9-653a-47ff-a819-7a3eddc7d670
2026-05-26 09:30:56.853 7 INFO neutron_taas.services.taas.tap_mirror_plugin [None req-10be5559-e270-41b4-8a20-47ef23d97e5e - - - - - -] Tap Mirror: Handle Delete Port: c0abbed9-653a-47ff-a819-7a3eddc7d670
2026-05-26 09:30:56.904 8 WARNING neutron.scheduler.dhcp_agent_scheduler [None req-71084e37-496e-4a05-8ecc-f7120c51a22b ecd3ed8a132243008d66adf23bd999df d4fd996103d840549741508c45ad35ac - - default default] No more DHCP agents
2026-05-26 09:30:56.907 8 WARNING neutron.api.rpc.agentnotifiers.dhcp_rpc_agent_api [None req-71084e37-496e-4a05-8ecc-f7120c51a22b ecd3ed8a132243008d66adf23bd999df d4fd996103d840549741508c45ad35ac - - default default] Unable to schedule network 8d1d5abe-197c-4e80-b303-9c849413b5d7: no agents available; will retry on subsequent port and subnet creation events.
2026-05-26 09:30:56.988 8 INFO neutron.db.ovn_revision_numbers_db [None req-71084e37-496e-4a05-8ecc-f7120c51a22b ecd3ed8a132243008d66adf23bd999df d4fd996103d840549741508c45ad35ac - - default default] Successfully bumped revision number for resource eb17f04f-8055-472d-9acf-f70f790713c4 (type: ports) to 1 [pid: 8|app: 0|req: 1095/2122] 10.0.0.174 () {34 vars in 670 bytes} [Tue May 26 09:30:56 2026] POST /v2.0/networks => generated 748 bytes in 478 msecs (HTTP/1.1 201) 4 headers in 162 bytes (1 switches on core 0)
2026-05-26 09:30:57.197 8 WARNING neutron.scheduler.dhcp_agent_scheduler [None req-8b63230e-0a8d-485b-b7e1-df018edb5149 d05141fc3b674eea8719373478f8959d bd01ad345fc346a39e370b15b8fe0fba - - default default] No more DHCP agents
2026-05-26 09:30:57.199 8 WARNING neutron.api.rpc.agentnotifiers.dhcp_rpc_agent_api [None req-8b63230e-0a8d-485b-b7e1-df018edb5149 d05141fc3b674eea8719373478f8959d bd01ad345fc346a39e370b15b8fe0fba - - default default] Unable to schedule network 77223407-5e7a-45a8-8617-080526a09568: no agents available; will retry on subsequent port and subnet creation events.
2026-05-26 09:30:57.335 7 INFO neutron_taas.services.taas.taas_plugin [None req-438591a7-367a-4439-9953-0b9c2cc16a5d - - - - - -] TaaS: Handle Delete Port: a887c8bf-57eb-4ebe-84fb-a6f825b60b83
2026-05-26 09:30:57.338 7 INFO neutron_taas.services.taas.tap_mirror_plugin [None req-438591a7-367a-4439-9953-0b9c2cc16a5d - - - - - -] Tap Mirror: Handle Delete Port: a887c8bf-57eb-4ebe-84fb-a6f825b60b83
2026-05-26 09:30:57.632 8 INFO neutron.db.ovn_revision_numbers_db [None req-c57515c5-d2c0-446b-ad3f-e879ef0be68b - - - - - -] Successfully bumped revision number for resource 65c8b4be-3c1b-4091-b1c5-3d24e7107e2d (type: ports) to 2
2026-05-26 09:30:57.657 8 INFO neutron.db.ovn_revision_numbers_db [None req-c57515c5-d2c0-446b-ad3f-e879ef0be68b - - - - - -] Successfully bumped revision number for resource a2c8f6b3-fa70-4ac3-9a05-eaa84227784d (type: subnets) to 0 [pid: 8|app: 0|req: 1096/2123] 10.0.0.174 () {34 vars in 669 bytes} [Tue May 26 09:30:57 2026] POST /v2.0/subnets => generated 629 bytes in 656 msecs (HTTP/1.1 201) 4 headers in 162 bytes (1 switches on core 0)
2026-05-26 09:30:57.684 8 INFO neutron.api.v2.resource [None req-07365320-46e7-464a-b8c6-2bcff65b3ed3 beefdd0c2d94420190fb880048199905 90e77ad73c6344d8a5675eb0f67c8910 - - default default] delete failed (client error): The resource could not be found. [pid: 8|app: 0|req: 1097/2124] 10.0.0.174 () {32 vars in 740 bytes} [Tue May 26 09:30:57 2026] DELETE /v2.0/security-groups/2fa243be-c3ae-4c95-b9dc-834c47e146c6 => generated 146 bytes in 11 msecs (HTTP/1.1 404) 4 headers in 164 bytes (1 switches on core 0)
2026-05-26 09:30:57.817 8 WARNING neutron.scheduler.dhcp_agent_scheduler [None req-4846f0a9-a6fd-4409-a79e-1d22c066a31d ecd3ed8a132243008d66adf23bd999df d4fd996103d840549741508c45ad35ac - - default default] No more DHCP agents
2026-05-26 09:30:57.818 8 WARNING neutron.api.rpc.agentnotifiers.dhcp_rpc_agent_api [None req-4846f0a9-a6fd-4409-a79e-1d22c066a31d ecd3ed8a132243008d66adf23bd999df d4fd996103d840549741508c45ad35ac - - default default] Unable to schedule network 8d1d5abe-197c-4e80-b303-9c849413b5d7: no agents available; will retry on subsequent port and subnet creation events.
2026-05-26 09:30:58.170 7 INFO neutron_taas.services.taas.taas_plugin [None req-438591a7-367a-4439-9953-0b9c2cc16a5d - - - - - -] TaaS: Handle Delete Port: 8b9ecb65-ece6-42e4-bea2-9fca47cd06b4
2026-05-26 09:30:58.174 7 INFO neutron_taas.services.taas.tap_mirror_plugin [None req-438591a7-367a-4439-9953-0b9c2cc16a5d - - - - - -] Tap Mirror: Handle Delete Port: 8b9ecb65-ece6-42e4-bea2-9fca47cd06b4
2026-05-26 09:30:58.260 8 INFO neutron.db.ovn_revision_numbers_db [None req-a9cdfc4c-aef7-4ec4-b2e4-fd2abbd828dc - - - - - -] Successfully bumped revision number for resource eb17f04f-8055-472d-9acf-f70f790713c4 (type: ports) to 2
2026-05-26 09:30:58.297 8 INFO neutron.db.ovn_revision_numbers_db [None req-a9cdfc4c-aef7-4ec4-b2e4-fd2abbd828dc - - - - - -] Successfully bumped revision number for resource 8c078df6-16b6-4341-9f8a-d09591b8b719 (type: subnets) to 0 [pid: 8|app: 0|req: 1098/2125] 10.0.0.174 () {34 vars in 669 bytes} [Tue May 26 09:30:57 2026] POST /v2.0/subnets => generated 647 bytes in 630 msecs (HTTP/1.1 201) 4 headers in 162 bytes (1 switches on core 0)
2026-05-26 09:30:58.367 7 INFO neutron.services.segments.plugin [-] Segment 0ebc35ea-51e6-49e7-97d9-9a423d8b8cfb resource provider aggregate not found
2026-05-26 09:30:58.372 7 INFO neutron.services.segments.plugin [-] Segment 0ebc35ea-51e6-49e7-97d9-9a423d8b8cfb resource provider aggregate not found
2026-05-26 09:30:58.394 7 INFO neutron.services.segments.plugin [-] Segment 0ebc35ea-51e6-49e7-97d9-9a423d8b8cfb resource provider not found; error: Placement Client Error (4xx): {"errors": [{"status": 404, "title": "Not Found", "detail": "The resource could not be found.\n\n No resource provider with uuid 0ebc35ea-51e6-49e7-97d9-9a423d8b8cfb found for delete ", "request_id": "req-0401c8e9-7b5d-4474-8b63-ae7c7ad64215"}]}
2026-05-26 09:30:58.395 7 INFO neutron.services.segments.plugin [-] Segment 0ebc35ea-51e6-49e7-97d9-9a423d8b8cfb resource provider not found; error: Placement Client Error (4xx): {"errors": [{"status": 404, "title": "Not Found", "detail": "The resource could not be found.\n\n No resource provider with uuid 0ebc35ea-51e6-49e7-97d9-9a423d8b8cfb found for delete ", "request_id": "req-be88dd2e-b93a-43b5-b9b7-afc21af6126b"}]}
2026-05-26 09:30:58.404 8 INFO neutron.db.segments_db [None req-c2053cf4-f797-45cb-961f-a9625b5d3bbd d05141fc3b674eea8719373478f8959d bd01ad345fc346a39e370b15b8fe0fba - - default default] Added segment 5592b9f4-c32f-4d4e-96d8-922c6d8c7ce6 of type geneve for network 46f6d13c-65e3-4c17-a368-70f8e8175ca0 [pid: 7|app: 0|req: 1028/2126] 10.0.0.174 () {32 vars in 740 bytes} [Tue May 26 09:30:56 2026] DELETE /v2.0/vpn/vpnservices/d73f21ca-c6bc-4bc4-927c-283b5cf95f8a => generated 0 bytes in 2142 msecs (HTTP/1.1 204) 2 headers in 112 bytes (1 switches on core 0) /var/lib/openstack/lib/python3.12/site-packages/pycadf/identifier.py:70: UserWarning: Invalid uuid: neutron. To ensure interoperability, identifiers should be a valid uuid. warnings.warn(('Invalid uuid: %s. To ensure interoperability, '
2026-05-26 09:30:58.523 8 INFO neutron.db.ovn_revision_numbers_db [None req-c2053cf4-f797-45cb-961f-a9625b5d3bbd d05141fc3b674eea8719373478f8959d bd01ad345fc346a39e370b15b8fe0fba - - default default] Successfully bumped revision number for resource 46f6d13c-65e3-4c17-a368-70f8e8175ca0 (type: networks) to 1
2026-05-26 09:30:58.555 7 INFO neutron.db.ovn_revision_numbers_db [None req-8e46df3d-c952-41a5-9584-5866792915df beefdd0c2d94420190fb880048199905 90e77ad73c6344d8a5675eb0f67c8910 - - default default] Successfully bumped revision number for resource 80899c5b-ff27-4cc0-8604-eb1388a67e43 (type: security_groups) to 1
2026-05-26 09:30:58.565 7 INFO neutron.db.ovn_revision_numbers_db [None req-8e46df3d-c952-41a5-9584-5866792915df beefdd0c2d94420190fb880048199905 90e77ad73c6344d8a5675eb0f67c8910 - - default default] Successfully bumped revision number for resource 1e05805c-78db-4991-8fc3-1fa74ca9a733 (type: security_group_rules) to 0
2026-05-26 09:30:58.578 7 INFO neutron.db.ovn_revision_numbers_db [None req-8e46df3d-c952-41a5-9584-5866792915df beefdd0c2d94420190fb880048199905 90e77ad73c6344d8a5675eb0f67c8910 - - default default] Successfully bumped revision number for resource c5bb7481-6d7f-4896-870f-006e98a397fb (type: security_group_rules) to 0 [pid: 7|app: 0|req: 1029/2127] 10.0.0.174 () {34 vars in 684 bytes} [Tue May 26 09:30:58 2026] POST /v2.0/security-groups => generated 1624 bytes in 193 msecs (HTTP/1.1 201) 4 headers in 163 bytes (1 switches on core 0)
2026-05-26 09:30:58.623 7 WARNING neutron.api.v2.base [None req-c5f34d73-61b0-4bbd-9010-8d8f90a7e27c ecd3ed8a132243008d66adf23bd999df d4fd996103d840549741508c45ad35ac - - default default] An exception happened while processing the request body. The exception message is [Invalid input for target_tenant. Reason: '1234123412341234123412341234123412341234123412341234123412341234123412341234123412341234123412341234123412341234123412341234123412341234123412341234123412341234123412341234123412341234123412341234123412341234123412341234123412341234123412341234123412341234123412341234123412341234123412341234123412341234123412341234123412341234123412341234123412341234123412341234123412341234123412341234123412341234' exceeds maximum length of 255.].: webob.exc.HTTPBadRequest: Invalid input for target_tenant. Reason: '1234123412341234123412341234123412341234123412341234123412341234123412341234123412341234123412341234123412341234123412341234123412341234123412341234123412341234123412341234123412341234123412341234123412341234123412341234123412341234123412341234123412341234123412341234123412341234123412341234123412341234123412341234123412341234123412341234123412341234123412341234123412341234123412341234123412341234' exceeds maximum length of 255.
2026-05-26 09:30:58.623 7 INFO neutron.api.v2.resource [None req-c5f34d73-61b0-4bbd-9010-8d8f90a7e27c ecd3ed8a132243008d66adf23bd999df d4fd996103d840549741508c45ad35ac - - default default] create failed (client error): Invalid input for target_tenant. Reason: '1234123412341234123412341234123412341234123412341234123412341234123412341234123412341234123412341234123412341234123412341234123412341234123412341234123412341234123412341234123412341234123412341234123412341234123412341234123412341234123412341234123412341234123412341234123412341234123412341234123412341234123412341234123412341234123412341234123412341234123412341234123412341234123412341234123412341234' exceeds maximum length of 255. [pid: 7|app: 0|req: 1030/2128] 10.0.0.174 () {34 vars in 681 bytes} [Tue May 26 09:30:58 2026] POST /v2.0/rbac-policies => generated 547 bytes in 8 msecs (HTTP/1.1 400) 4 headers in 166 bytes (1 switches on core 0) [pid: 7|app: 0|req: 1031/2129] 10.0.0.174 () {34 vars in 693 bytes} [Tue May 26 09:30:58 2026] POST /v2.0/vpn/endpoint-groups => generated 302 bytes in 58 msecs (HTTP/1.1 201) 4 headers in 162 bytes (1 switches on core 0)
2026-05-26 09:30:58.699 8 WARNING neutron.scheduler.dhcp_agent_scheduler [None req-c2053cf4-f797-45cb-961f-a9625b5d3bbd d05141fc3b674eea8719373478f8959d bd01ad345fc346a39e370b15b8fe0fba - - default default] No more DHCP agents
2026-05-26 09:30:58.700 8 WARNING neutron.api.rpc.agentnotifiers.dhcp_rpc_agent_api [None req-c2053cf4-f797-45cb-961f-a9625b5d3bbd d05141fc3b674eea8719373478f8959d bd01ad345fc346a39e370b15b8fe0fba - - default default] Unable to schedule network 46f6d13c-65e3-4c17-a368-70f8e8175ca0: no agents available; will retry on subsequent port and subnet creation events.
2026-05-26 09:30:58.745 8 INFO neutron.plugins.ml2.drivers.ovn.mech_driver.mech_driver [None req-e4a40921-f358-4497-8a73-b772769ab3f8 - - - - - -] OVN reports status down for port: d2a3d106-276f-486f-ae23-297cd2efee5c
2026-05-26 09:30:58.816 8 INFO neutron.db.ovn_revision_numbers_db [None req-c2053cf4-f797-45cb-961f-a9625b5d3bbd d05141fc3b674eea8719373478f8959d bd01ad345fc346a39e370b15b8fe0fba - - default default] Successfully bumped revision number for resource d2a3d106-276f-486f-ae23-297cd2efee5c (type: ports) to 1
2026-05-26 09:30:58.844 7 INFO neutron.db.ovn_revision_numbers_db [None req-2433d356-abc1-4b8e-8009-35d733eee9cf beefdd0c2d94420190fb880048199905 90e77ad73c6344d8a5675eb0f67c8910 - - default default] Successfully bumped revision number for resource 457ed459-ba4c-4169-961f-14569f517ad1 (type: security_group_rules) to 0 [pid: 8|app: 0|req: 1099/2130] 10.0.0.174 () {34 vars in 670 bytes} [Tue May 26 09:30:58 2026] POST /v2.0/networks => generated 651 bytes in 547 msecs (HTTP/1.1 201) 4 headers in 162 bytes (1 switches on core 0) [pid: 7|app: 0|req: 1032/2131] 10.0.0.174 () {34 vars in 695 bytes} [Tue May 26 09:30:58 2026] POST /v2.0/security-group-rules => generated 601 bytes in 198 msecs (HTTP/1.1 201) 4 headers in 162 bytes (1 switches on core 0) [pid: 7|app: 0|req: 1033/2132] 10.0.0.174 () {34 vars in 693 bytes} [Tue May 26 09:30:58 2026] POST /v2.0/vpn/endpoint-groups => generated 294 bytes in 38 msecs (HTTP/1.1 201) 4 headers in 162 bytes (1 switches on core 0)
2026-05-26 09:30:59.007 8 INFO neutron_taas.services.taas.taas_plugin [None req-4581fcd2-571f-4861-aeb8-8897c68ea236 ecd3ed8a132243008d66adf23bd999df d4fd996103d840549741508c45ad35ac - - default default] TaaS: Handle Delete Port: eb17f04f-8055-472d-9acf-f70f790713c4
2026-05-26 09:30:59.011 8 INFO neutron_taas.services.taas.tap_mirror_plugin [None req-4581fcd2-571f-4861-aeb8-8897c68ea236 ecd3ed8a132243008d66adf23bd999df d4fd996103d840549741508c45ad35ac - - default default] Tap Mirror: Handle Delete Port: eb17f04f-8055-472d-9acf-f70f790713c4
2026-05-26 09:30:59.100 7 WARNING neutron.scheduler.dhcp_agent_scheduler [None req-98908247-ff81-489f-91f8-e990bd3e3f7b d05141fc3b674eea8719373478f8959d bd01ad345fc346a39e370b15b8fe0fba - - default default] No more DHCP agents
2026-05-26 09:30:59.101 7 WARNING neutron.api.rpc.agentnotifiers.dhcp_rpc_agent_api [None req-98908247-ff81-489f-91f8-e990bd3e3f7b d05141fc3b674eea8719373478f8959d bd01ad345fc346a39e370b15b8fe0fba - - default default] Unable to schedule network 46f6d13c-65e3-4c17-a368-70f8e8175ca0: no agents available; will retry on subsequent port and subnet creation events.
2026-05-26 09:30:59.355 8 INFO neutron.services.segments.plugin [-] Segment 36290441-55ae-479a-8a3f-919ed0f6d793 resource provider aggregate not found
2026-05-26 09:30:59.365 8 INFO neutron.services.segments.plugin [-] Segment 36290441-55ae-479a-8a3f-919ed0f6d793 resource provider aggregate not found
2026-05-26 09:30:59.376 8 INFO neutron.services.segments.plugin [-] Segment 36290441-55ae-479a-8a3f-919ed0f6d793 resource provider not found; error: Placement Client Error (4xx): {"errors": [{"status": 404, "title": "Not Found", "detail": "The resource could not be found.\n\n No resource provider with uuid 36290441-55ae-479a-8a3f-919ed0f6d793 found for delete ", "request_id": "req-24c691fc-035c-4832-8959-63c09bd160e6"}]}
2026-05-26 09:30:59.382 8 INFO neutron.services.segments.plugin [-] Segment 36290441-55ae-479a-8a3f-919ed0f6d793 resource provider not found; error: Placement Client Error (4xx): {"errors": [{"status": 404, "title": "Not Found", "detail": "The resource could not be found.\n\n No resource provider with uuid 36290441-55ae-479a-8a3f-919ed0f6d793 found for delete ", "request_id": "req-54558e13-41e9-4e9c-9745-6b5787fb3c86"}]} [pid: 8|app: 0|req: 1100/2133] 10.0.0.174 () {32 vars in 726 bytes} [Tue May 26 09:30:58 2026] DELETE /v2.0/networks/8d1d5abe-197c-4e80-b303-9c849413b5d7 => generated 0 bytes in 548 msecs (HTTP/1.1 204) 3 headers in 131 bytes (1 switches on core 0) [pid: 8|app: 0|req: 1101/2134] 10.0.0.174 () {32 vars in 747 bytes} [Tue May 26 09:30:59 2026] GET /v2.0/security-group-rules/457ed459-ba4c-4169-961f-14569f517ad1 => generated 601 bytes in 30 msecs (HTTP/1.1 200) 4 headers in 157 bytes (1 switches on core 0)
2026-05-26 09:30:59.448 8 WARNING neutron.api.v2.base [None req-0d27c7ed-0150-4863-82cd-1a02766aea9b 2d79e038210743de8f64c9675e65904d b86aa60e43c845839391506054671f28 - - default default] An exception happened while processing the request body. The exception message is [Unrecognized attribute(s) 'peer_cidr'].: webob.exc.HTTPBadRequest: Unrecognized attribute(s) 'peer_cidr'
2026-05-26 09:30:59.449 8 INFO neutron.api.v2.resource [None req-0d27c7ed-0150-4863-82cd-1a02766aea9b 2d79e038210743de8f64c9675e65904d b86aa60e43c845839391506054671f28 - - default default] create failed (client error): Unrecognized attribute(s) 'peer_cidr' [pid: 8|app: 0|req: 1102/2135] 10.0.0.174 () {34 vars in 707 bytes} [Tue May 26 09:30:59 2026] POST /v2.0/vpn/ipsec-site-connections => generated 110 bytes in 7 msecs (HTTP/1.1 400) 4 headers in 166 bytes (1 switches on core 0)
2026-05-26 09:30:59.540 8 INFO neutron.db.segments_db [None req-1b83210d-9540-42c9-b55d-e78546d3da0d ecd3ed8a132243008d66adf23bd999df d4fd996103d840549741508c45ad35ac - - default default] Added segment 7a5b7200-b226-4ebb-8aef-3c9d88d1e47e of type geneve for network 59315aa2-00a9-4550-8774-1a6e5b99a383
2026-05-26 09:30:59.565 7 INFO neutron.db.ovn_revision_numbers_db [None req-cd3f4e7b-6e93-4920-b51b-b80fcfeeca39 - - - - - -] Successfully bumped revision number for resource d2a3d106-276f-486f-ae23-297cd2efee5c (type: ports) to 2
2026-05-26 09:30:59.599 7 INFO neutron.db.ovn_revision_numbers_db [None req-cd3f4e7b-6e93-4920-b51b-b80fcfeeca39 - - - - - -] Successfully bumped revision number for resource 71456434-b927-46ba-91ba-3e756f289af8 (type: subnets) to 0 [pid: 7|app: 0|req: 1034/2136] 10.0.0.174 () {34 vars in 669 bytes} [Tue May 26 09:30:58 2026] POST /v2.0/subnets => generated 629 bytes in 700 msecs (HTTP/1.1 201) 4 headers in 162 bytes (1 switches on core 0)
2026-05-26 09:30:59.638 8 INFO neutron.db.ovn_revision_numbers_db [None req-1b83210d-9540-42c9-b55d-e78546d3da0d ecd3ed8a132243008d66adf23bd999df d4fd996103d840549741508c45ad35ac - - default default] Successfully bumped revision number for resource 59315aa2-00a9-4550-8774-1a6e5b99a383 (type: networks) to 1 [pid: 7|app: 0|req: 1035/2137] 10.0.0.174 () {32 vars in 673 bytes} [Tue May 26 09:30:59 2026] GET /v2.0/security-group-rules => generated 4138 bytes in 67 msecs (HTTP/1.1 200) 4 headers in 158 bytes (1 switches on core 0) [pid: 7|app: 0|req: 1036/2138] 10.0.0.174 () {32 vars in 671 bytes} [Tue May 26 09:30:59 2026] GET /v2.0/vpn/endpoint-groups => generated 1193 bytes in 9 msecs (HTTP/1.1 200) 4 headers in 158 bytes (1 switches on core 0)
2026-05-26 09:30:59.775 7 INFO neutron.db.segments_db [None req-f12327d1-45d6-44f2-ae94-cf550a587139 d05141fc3b674eea8719373478f8959d bd01ad345fc346a39e370b15b8fe0fba - - default default] Added segment f307e454-d8a6-43ea-992b-a45731fa7d00 of type geneve for network 609cd7d7-8878-4707-9fa3-6ce32cb8e78c
2026-05-26 09:30:59.810 8 WARNING neutron.scheduler.dhcp_agent_scheduler [None req-1b83210d-9540-42c9-b55d-e78546d3da0d ecd3ed8a132243008d66adf23bd999df d4fd996103d840549741508c45ad35ac - - default default] No more DHCP agents
2026-05-26 09:30:59.812 8 WARNING neutron.api.rpc.agentnotifiers.dhcp_rpc_agent_api [None req-1b83210d-9540-42c9-b55d-e78546d3da0d ecd3ed8a132243008d66adf23bd999df d4fd996103d840549741508c45ad35ac - - default default] Unable to schedule network 59315aa2-00a9-4550-8774-1a6e5b99a383: no agents available; will retry on subsequent port and subnet creation events.
2026-05-26 09:30:59.893 8 INFO neutron.db.ovn_revision_numbers_db [None req-1b83210d-9540-42c9-b55d-e78546d3da0d ecd3ed8a132243008d66adf23bd999df d4fd996103d840549741508c45ad35ac - - default default] Successfully bumped revision number for resource 5000f379-7787-4804-a1e5-ee9e4364d557 (type: ports) to 1
2026-05-26 09:30:59.894 7 INFO neutron.db.ovn_revision_numbers_db [None req-f12327d1-45d6-44f2-ae94-cf550a587139 d05141fc3b674eea8719373478f8959d bd01ad345fc346a39e370b15b8fe0fba - - default default] Successfully bumped revision number for resource 609cd7d7-8878-4707-9fa3-6ce32cb8e78c (type: networks) to 1 [pid: 8|app: 0|req: 1103/2139] 10.0.0.174 () {34 vars in 670 bytes} [Tue May 26 09:30:59 2026] POST /v2.0/networks => generated 749 bytes in 464 msecs (HTTP/1.1 201) 4 headers in 162 bytes (1 switches on core 0)
2026-05-26 09:30:59.999 7 WARNING neutron.plugins.ml2.drivers.ovn.mech_driver.ovsdb.ovn_client [None req-6f9d5509-26b7-4635-918d-862e003cb8ca - - - - - -] No port found with ID a887c8bf-57eb-4ebe-84fb-a6f825b60b83: RuntimeError: No port found with ID a887c8bf-57eb-4ebe-84fb-a6f825b60b83
2026-05-26 09:31:00.012 7 INFO neutron.plugins.ml2.drivers.ovn.mech_driver.mech_driver [None req-6f9d5509-26b7-4635-918d-862e003cb8ca - - - - - -] OVN reports status down for port: c0abbed9-653a-47ff-a819-7a3eddc7d670
2026-05-26 09:31:00.031 7 INFO neutron.plugins.ml2.drivers.ovn.mech_driver.mech_driver [None req-6f9d5509-26b7-4635-918d-862e003cb8ca - - - - - -] OVN reports status down for port: 65c8b4be-3c1b-4091-b1c5-3d24e7107e2d [pid: 8|app: 0|req: 1104/2140] 10.0.0.174 () {32 vars in 750 bytes} [Tue May 26 09:30:59 2026] DELETE /v2.0/security-group-rules/457ed459-ba4c-4169-961f-14569f517ad1 => generated 0 bytes in 129 msecs (HTTP/1.1 204) 2 headers in 112 bytes (1 switches on core 0) [pid: 8|app: 0|req: 1105/2141] 10.0.0.174 () {32 vars in 748 bytes} [Tue May 26 09:31:00 2026] DELETE /v2.0/vpn/endpoint-groups/ed76fd5b-4df3-4e40-87ce-881e049b5e20 => generated 0 bytes in 28 msecs (HTTP/1.1 204) 2 headers in 112 bytes (1 switches on core 0)
2026-05-26 09:31:00.128 7 WARNING neutron.scheduler.dhcp_agent_scheduler [None req-f12327d1-45d6-44f2-ae94-cf550a587139 d05141fc3b674eea8719373478f8959d bd01ad345fc346a39e370b15b8fe0fba - - default default] No more DHCP agents
2026-05-26 09:31:00.132 7 WARNING neutron.api.rpc.agentnotifiers.dhcp_rpc_agent_api [None req-f12327d1-45d6-44f2-ae94-cf550a587139 d05141fc3b674eea8719373478f8959d bd01ad345fc346a39e370b15b8fe0fba - - default default] Unable to schedule network 609cd7d7-8878-4707-9fa3-6ce32cb8e78c: no agents available; will retry on subsequent port and subnet creation events.
2026-05-26 09:31:00.148 7 INFO neutron.plugins.ml2.drivers.ovn.mech_driver.mech_driver [None req-6f9d5509-26b7-4635-918d-862e003cb8ca - - - - - -] OVN reports status down for port: eb17f04f-8055-472d-9acf-f70f790713c4
2026-05-26 09:31:00.162 7 INFO neutron.plugins.ml2.drivers.ovn.mech_driver.mech_driver [None req-6f9d5509-26b7-4635-918d-862e003cb8ca - - - - - -] OVN reports status down for port: 5000f379-7787-4804-a1e5-ee9e4364d557
2026-05-26 09:31:00.220 8 INFO neutron.plugins.ml2.drivers.ovn.mech_driver.mech_driver [None req-e4a40921-f358-4497-8a73-b772769ab3f8 - - - - - -] OVN reports status down for port: bb5caaa6-b206-419a-9ecd-cafa724c45ba
2026-05-26 09:31:00.261 8 WARNING neutron.scheduler.dhcp_agent_scheduler [None req-c6fba701-da18-45c1-aaf0-35bf97ae34c2 ecd3ed8a132243008d66adf23bd999df d4fd996103d840549741508c45ad35ac - - default default] No more DHCP agents
2026-05-26 09:31:00.268 8 WARNING neutron.api.rpc.agentnotifiers.dhcp_rpc_agent_api [None req-c6fba701-da18-45c1-aaf0-35bf97ae34c2 ecd3ed8a132243008d66adf23bd999df d4fd996103d840549741508c45ad35ac - - default default] Unable to schedule network 59315aa2-00a9-4550-8774-1a6e5b99a383: no agents available; will retry on subsequent port and subnet creation events.
2026-05-26 09:31:00.270 7 INFO neutron.db.ovn_revision_numbers_db [None req-f12327d1-45d6-44f2-ae94-cf550a587139 d05141fc3b674eea8719373478f8959d bd01ad345fc346a39e370b15b8fe0fba - - default default] Successfully bumped revision number for resource bb5caaa6-b206-419a-9ecd-cafa724c45ba (type: ports) to 1 [pid: 7|app: 0|req: 1037/2142] 10.0.0.174 () {34 vars in 670 bytes} [Tue May 26 09:30:59 2026] POST /v2.0/networks => generated 651 bytes in 612 msecs (HTTP/1.1 201) 4 headers in 162 bytes (1 switches on core 0) [pid: 7|app: 0|req: 1038/2143] 10.0.0.174 () {32 vars in 673 bytes} [Tue May 26 09:31:00 2026] GET /v2.0/security-group-rules => generated 3560 bytes in 54 msecs (HTTP/1.1 200) 4 headers in 158 bytes (1 switches on core 0) [pid: 7|app: 0|req: 1039/2144] 10.0.0.174 () {32 vars in 671 bytes} [Tue May 26 09:31:00 2026] GET /v2.0/vpn/endpoint-groups => generated 917 bytes in 28 msecs (HTTP/1.1 200) 4 headers in 157 bytes (1 switches on core 0)
2026-05-26 09:31:00.566 7 WARNING neutron.scheduler.dhcp_agent_scheduler [None req-ed304321-50c4-4208-955a-f4fe10e5225f d05141fc3b674eea8719373478f8959d bd01ad345fc346a39e370b15b8fe0fba - - default default] No more DHCP agents
2026-05-26 09:31:00.567 7 WARNING neutron.api.rpc.agentnotifiers.dhcp_rpc_agent_api [None req-ed304321-50c4-4208-955a-f4fe10e5225f d05141fc3b674eea8719373478f8959d bd01ad345fc346a39e370b15b8fe0fba - - default default] Unable to schedule network 609cd7d7-8878-4707-9fa3-6ce32cb8e78c: no agents available; will retry on subsequent port and subnet creation events.
2026-05-26 09:31:00.758 8 INFO neutron.db.ovn_revision_numbers_db [None req-a814eb14-bd36-49b6-af37-5b0ab2eaa3c4 - - - - - -] Successfully bumped revision number for resource 5000f379-7787-4804-a1e5-ee9e4364d557 (type: ports) to 2
2026-05-26 09:31:00.791 8 INFO neutron.db.ovn_revision_numbers_db [None req-a814eb14-bd36-49b6-af37-5b0ab2eaa3c4 - - - - - -] Successfully bumped revision number for resource c2ce6173-cd9e-4dbc-a114-1dda6c9d99a9 (type: subnets) to 0 [pid: 8|app: 0|req: 1106/2145] 10.0.0.174 () {34 vars in 669 bytes} [Tue May 26 09:31:00 2026] POST /v2.0/subnets => generated 647 bytes in 734 msecs (HTTP/1.1 201) 4 headers in 162 bytes (1 switches on core 0)
2026-05-26 09:31:00.907 8 INFO neutron.db.ovn_revision_numbers_db [None req-d760599a-6cda-41c4-a999-1f0fdec26b75 beefdd0c2d94420190fb880048199905 90e77ad73c6344d8a5675eb0f67c8910 - - default default] Successfully bumped revision number for resource fea83f3e-fbeb-4d9e-8091-94328f6cb6ef (type: security_group_rules) to 0 [pid: 8|app: 0|req: 1107/2146] 10.0.0.174 () {34 vars in 695 bytes} [Tue May 26 09:31:00 2026] POST /v2.0/security-group-rules => generated 601 bytes in 130 msecs (HTTP/1.1 201) 4 headers in 162 bytes (1 switches on core 0) [pid: 8|app: 0|req: 1108/2147] 10.0.0.174 () {32 vars in 671 bytes} [Tue May 26 09:31:00 2026] GET /v2.0/vpn/endpoint-groups => generated 917 bytes in 12 msecs (HTTP/1.1 200) 4 headers in 157 bytes (1 switches on core 0)
2026-05-26 09:31:01.023 7 INFO neutron.db.ovn_revision_numbers_db [None req-6228ebf8-81b8-4493-a65d-3f55209a0979 - - - - - -] Successfully bumped revision number for resource bb5caaa6-b206-419a-9ecd-cafa724c45ba (type: ports) to 2
2026-05-26 09:31:01.058 7 INFO neutron.db.ovn_revision_numbers_db [None req-6228ebf8-81b8-4493-a65d-3f55209a0979 - - - - - -] Successfully bumped revision number for resource b21b9918-5f1c-4a3e-96ec-b51b64a9a9e8 (type: subnets) to 0 [pid: 7|app: 0|req: 1040/2148] 10.0.0.174 () {34 vars in 669 bytes} [Tue May 26 09:31:00 2026] POST /v2.0/subnets => generated 629 bytes in 683 msecs (HTTP/1.1 201) 4 headers in 162 bytes (1 switches on core 0) [pid: 7|app: 0|req: 1041/2149] 10.0.0.174 () {32 vars in 747 bytes} [Tue May 26 09:31:01 2026] GET /v2.0/security-group-rules/fea83f3e-fbeb-4d9e-8091-94328f6cb6ef => generated 601 bytes in 17 msecs (HTTP/1.1 200) 4 headers in 157 bytes (1 switches on core 0) [pid: 7|app: 0|req: 1042/2150] 10.0.0.174 () {32 vars in 748 bytes} [Tue May 26 09:31:01 2026] DELETE /v2.0/vpn/endpoint-groups/9e9d4b64-6fc3-4db5-b6e1-74901142b78b => generated 0 bytes in 37 msecs (HTTP/1.1 204) 2 headers in 112 bytes (1 switches on core 0) [pid: 7|app: 0|req: 1043/2151] 10.0.0.174 () {34 vars in 751 bytes} [Tue May 26 09:31:01 2026] PUT /v2.0/subnets/4b8250e4-49bf-41c0-99b6-9c6c2f0c9cb9/tags => generated 17 bytes in 55 msecs (HTTP/1.1 200) 4 headers in 156 bytes (1 switches on core 0) [pid: 8|app: 0|req: 1109/2152] 10.0.0.174 () {34 vars in 681 bytes} [Tue May 26 09:31:00 2026] POST /v2.0/rbac-policies => generated 324 bytes in 253 msecs (HTTP/1.1 201) 4 headers in 162 bytes (1 switches on core 0) [pid: 8|app: 0|req: 1110/2153] 10.0.0.174 () {32 vars in 671 bytes} [Tue May 26 09:31:01 2026] GET /v2.0/vpn/endpoint-groups => generated 633 bytes in 10 msecs (HTTP/1.1 200) 4 headers in 157 bytes (1 switches on core 0) [pid: 7|app: 0|req: 1044/2154] 10.0.0.174 () {32 vars in 673 bytes} [Tue May 26 09:31:01 2026] GET /v2.0/security-group-rules => generated 4138 bytes in 57 msecs (HTTP/1.1 200) 4 headers in 158 bytes (1 switches on core 0) [pid: 8|app: 0|req: 1111/2155] 10.0.0.174 () {34 vars in 751 bytes} [Tue May 26 09:31:01 2026] PUT /v2.0/subnets/4e873210-317d-471b-987d-30ed5ef62ef7/tags => generated 25 bytes in 48 msecs (HTTP/1.1 200) 4 headers in 156 bytes (1 switches on core 0) [pid: 7|app: 0|req: 1045/2156] 10.0.0.174 () {34 vars in 693 bytes} [Tue May 26 09:31:01 2026] POST /v2.0/vpn/endpoint-groups => generated 302 bytes in 55 msecs (HTTP/1.1 201) 4 headers in 162 bytes (1 switches on core 0) [pid: 7|app: 0|req: 1046/2157] 10.0.0.174 () {34 vars in 751 bytes} [Tue May 26 09:31:01 2026] PUT /v2.0/subnets/a2c8f6b3-fa70-4ac3-9a05-eaa84227784d/tags => generated 34 bytes in 54 msecs (HTTP/1.1 200) 4 headers in 156 bytes (1 switches on core 0) [pid: 8|app: 0|req: 1112/2158] 10.0.0.174 () {32 vars in 750 bytes} [Tue May 26 09:31:01 2026] DELETE /v2.0/security-group-rules/fea83f3e-fbeb-4d9e-8091-94328f6cb6ef => generated 0 bytes in 96 msecs (HTTP/1.1 204) 2 headers in 112 bytes (1 switches on core 0) [pid: 7|app: 0|req: 1047/2159] 10.0.0.174 () {34 vars in 693 bytes} [Tue May 26 09:31:01 2026] POST /v2.0/vpn/endpoint-groups => generated 294 bytes in 47 msecs (HTTP/1.1 201) 4 headers in 162 bytes (1 switches on core 0) [pid: 8|app: 0|req: 1113/2160] 10.0.0.174 () {34 vars in 751 bytes} [Tue May 26 09:31:01 2026] PUT /v2.0/subnets/71456434-b927-46ba-91ba-3e756f289af8/tags => generated 19 bytes in 46 msecs (HTTP/1.1 200) 4 headers in 156 bytes (1 switches on core 0)
2026-05-26 09:31:01.454 8 INFO neutron.api.v2.resource [None req-ed6b18e7-70ff-45bd-b025-c095ad012b80 2d79e038210743de8f64c9675e65904d b86aa60e43c845839391506054671f28 - - default default] create failed (client error): The server could not comply with the request since it is either malformed or otherwise incorrect. [pid: 8|app: 0|req: 1114/2161] 10.0.0.174 () {34 vars in 707 bytes} [Tue May 26 09:31:01 2026] POST /v2.0/vpn/ipsec-site-connections => generated 170 bytes in 45 msecs (HTTP/1.1 400) 4 headers in 166 bytes (1 switches on core 0) [pid: 7|app: 0|req: 1048/2162] 10.0.0.174 () {32 vars in 673 bytes} [Tue May 26 09:31:01 2026] GET /v2.0/security-group-rules => generated 3560 bytes in 56 msecs (HTTP/1.1 200) 4 headers in 158 bytes (1 switches on core 0) [pid: 7|app: 0|req: 1049/2163] 10.0.0.174 () {32 vars in 671 bytes} [Tue May 26 09:31:01 2026] GET /v2.0/vpn/endpoint-groups => generated 1193 bytes in 20 msecs (HTTP/1.1 200) 4 headers in 158 bytes (1 switches on core 0) [pid: 8|app: 0|req: 1115/2164] 10.0.0.174 () {32 vars in 664 bytes} [Tue May 26 09:31:01 2026] GET /v2.0/subnets?tags=red => generated 1904 bytes in 52 msecs (HTTP/1.1 200) 4 headers in 158 bytes (1 switches on core 0) [pid: 8|app: 0|req: 1116/2165] 10.0.0.174 () {32 vars in 748 bytes} [Tue May 26 09:31:01 2026] DELETE /v2.0/vpn/endpoint-groups/a92bfd81-56b5-4833-9515-1d986b2dfc2d => generated 0 bytes in 19 msecs (HTTP/1.1 204) 2 headers in 112 bytes (1 switches on core 0) [pid: 8|app: 0|req: 1117/2166] 10.0.0.174 () {32 vars in 678 bytes} [Tue May 26 09:31:01 2026] GET /v2.0/subnets?tags=red%2Cblue => generated 1283 bytes in 41 msecs (HTTP/1.1 200) 4 headers in 158 bytes (1 switches on core 0) [pid: 8|app: 0|req: 1118/2167] 10.0.0.174 () {32 vars in 671 bytes} [Tue May 26 09:31:01 2026] GET /v2.0/vpn/endpoint-groups => generated 917 bytes in 8 msecs (HTTP/1.1 200) 4 headers in 157 bytes (1 switches on core 0)
